181.212.43.89 - - [03/Nov/2021:16:55:40 -0300] "GET /cormun/servlet/trlicencias HTTP/1.1" 200 14178
181.162.152.164 - - [03/Nov/2021:16:55:44 -0300] "POST /cormun/servlet/hlogin?e2f0570215793de70b3569fd46ccf045,gx-no-cache=1635968643178 HTTP/1.1" 200 90
181.162.152.164 - - [03/Nov/2021:16:55:44 -0300] "GET /cormun/servlet/hpexe_link HTTP/1.1" 200 953
181.162.152.164 - - [03/Nov/2021:16:55:44 -0300] "GET /cormun/static/gxcfg.js?201991422392958 HTTP/1.1" 200 953
181.162.152.164 - - [03/Nov/2021:16:55:44 -0300] "GET /cormun/static/hpexe_link.js?201991422392963 HTTP/1.1" 200 625
181.162.152.164 - - [03/Nov/2021:16:55:44 -0300] "GET /cormun/servlet/hhome HTTP/1.1" 200 4361
181.162.152.164 - - [03/Nov/2021:16:55:44 -0300] "GET /cormun/static/PXToolsJavascripts/pexe_cookies.js HTTP/1.1" 200 792
181.162.152.164 - - [03/Nov/2021:16:55:44 -0300] "GET /cormun/static/SmoothNavMenu/resources/ddsmoothmenu-v.css?1112540 HTTP/1.1" 200 1188
181.162.152.164 - - [03/Nov/2021:16:55:44 -0300] "GET /cormun/static/PXToolsJavascripts/pexe_griddivfix.js HTTP/1.1" 200 6644
181.162.152.164 - - [03/Nov/2021:16:55:44 -0300] "GET /cormun/static/PXToolsJavascripts/pexe_grid.js HTTP/1.1" 200 7559
181.162.152.164 - - [03/Nov/2021:16:55:44 -0300] "GET /cormun/static/PXToolsJavascripts/pexe_oav.js HTTP/1.1" 200 645
181.162.152.164 - - [03/Nov/2021:16:55:44 -0300] "GET /cormun/static/PXToolsJavascripts/pexe_menus.js HTTP/1.1" 200 1286
181.162.152.164 - - [03/Nov/2021:16:55:44 -0300] "GET /cormun/static/PXToolsJavascripts/pexe_link.js HTTP/1.1" 200 5671
181.162.152.164 - - [03/Nov/2021:16:55:44 -0300] "GET /cormun/static/PXToolsJavascripts/pexe_picture.js HTTP/1.1" 200 689
181.162.152.164 - - [03/Nov/2021:16:55:44 -0300] "GET /cormun/static/PXToolsJavascripts/pexe_menudivfix.js HTTP/1.1" 200 333
181.162.152.164 - - [03/Nov/2021:16:55:44 -0300] "GET /cormun/static/PXToolsJavascripts/pexe_oavdivfix.js HTTP/1.1" 200 639
181.162.152.164 - - [03/Nov/2021:16:55:44 -0300] "GET /cormun/static/PXToolsJavascripts/pexe_scrolldiv.js HTTP/1.1" 200 4138
181.212.43.89 - - [03/Nov/2021:16:55:44 -0300] "GET /cormun/servlet/trpermisosgoce? HTTP/1.1" 200 11021
181.162.152.164 - - [03/Nov/2021:16:55:44 -0300] "GET /cormun/static/hhome.js?20201215495544 HTTP/1.1" 200 777
181.162.152.164 - - [03/Nov/2021:16:55:44 -0300] "GET /cormun/static/gxui/gxui-all.js HTTP/1.1" 200 107772
181.162.152.164 - - [03/Nov/2021:16:55:44 -0300] "GET /cormun/static/hpexe_messagepopupcomponent.js?2020121447232 HTTP/1.1" 200 605
181.162.152.164 - - [03/Nov/2021:16:55:44 -0300] "GET /cormun/static/hpexe_messagegenexuscomponent.js?2020121447173 HTTP/1.1" 200 587
181.162.152.164 - - [03/Nov/2021:16:55:44 -0300] "GET /cormun/static/hpexe_scripts.js?20201214471411 HTTP/1.1" 200 1544
181.162.152.164 - - [03/Nov/2021:16:55:44 -0300] "GET /cormun/static/cmcontrolpreferences.js?20199141926336 HTTP/1.1" 200 1375
181.162.152.164 - - [03/Nov/2021:16:55:44 -0300] "GET /cormun/static/hwchdr01.js?20201214473739 HTTP/1.1" 200 996
181.162.152.164 - - [03/Nov/2021:16:55:44 -0300] "GET /cormun/static/SmoothNavMenu/resources/ddsmoothmenu.js HTTP/1.1" 200 12712
181.162.152.164 - - [03/Nov/2021:16:55:44 -0300] "GET /cormun/static/SmoothNavMenu/resources/SmoothNavMenuRender.js HTTP/1.1" 200 5951
181.162.152.164 - - [03/Nov/2021:16:55:44 -0300] "GET /cormun/static/Shared/ext/locale/ext-lang-en.js HTTP/1.1" 200 10940
181.162.152.164 - - [03/Nov/2021:16:55:44 -0300] "GET /cormun/static/scaMessage/js/jquery.pnotify.min.js HTTP/1.1" 200 13038
181.162.152.164 - - [03/Nov/2021:16:55:44 -0300] "GET /cormun/static/hmpwkw03.js?20201215501896 HTTP/1.1" 200 3973
181.162.152.164 - - [03/Nov/2021:16:55:44 -0300] "GET /cormun/static/Shared/jquery/jquery-1.4.2.min.js HTTP/1.1" 200 72174
181.162.152.164 - - [03/Nov/2021:16:55:45 -0300] "GET /cormun/static/Shared/ext/ext-all.js HTTP/1.1" 200 1289687
181.162.152.164 - - [03/Nov/2021:16:55:45 -0300] "GET /cormun/static/Resources/Logo2019_Small.png HTTP/1.1" 200 10855
181.162.152.164 - - [03/Nov/2021:16:55:45 -0300] "GET /cormun/static/Resources/PXToolsDataTitle.png HTTP/1.1" 200 1173
181.162.152.164 - - [03/Nov/2021:16:55:45 -0300] "GET /cormun/static/Shared/jquery/jquery-1.10.2.min.js HTTP/1.1" 200 273199
181.162.152.164 - - [03/Nov/2021:16:55:45 -0300] "GET /cormun/static/SmoothNavMenu/resources/images/down.gif HTTP/1.1" 200 854
181.162.152.164 - - [03/Nov/2021:16:55:45 -0300] "GET /cormun/static/SmoothNavMenu/resources/images/right.gif HTTP/1.1" 200 860
181.162.152.164 - - [03/Nov/2021:16:55:45 -0300] "GET /cormun/servlet/hhome HTTP/1.1" 200 4357
181.212.43.89 - - [03/Nov/2021:16:55:45 -0300] "GET /cormun/servlet/trpermisosgoce? HTTP/1.1" 200 11021
181.162.152.164 - - [03/Nov/2021:16:55:48 -0300] "GET /cormun/servlet/trbonoreemplazo? HTTP/1.1" 500 10
181.212.43.89 - - [03/Nov/2021:16:55:49 -0300] "GET /cormun/servlet/permisogoce?INS,0,,, HTTP/1.1" 200 6854
181.212.43.89 - - [03/Nov/2021:16:55:50 -0300] "GET /cormun/servlet/permisogoce?INS,0,,, HTTP/1.1" 200 6854
181.162.152.164 - - [03/Nov/2021:16:55:54 -0300] "GET /cormun/servlet/trsolicitudot? HTTP/1.1" 200 7584
181.162.152.164 - - [03/Nov/2021:16:55:54 -0300] "GET /cormun/static/gxcfg.js?201991910464971 HTTP/1.1" 200 953
181.162.152.164 - - [03/Nov/2021:16:55:54 -0300] "GET /cormun/static/calendar-system.css?75620 HTTP/1.1" 200 5572
181.162.152.164 - - [03/Nov/2021:16:55:54 -0300] "GET /cormun/static/gxui/gxui-all.css?110300 HTTP/1.1" 200 2179
181.162.152.164 - - [03/Nov/2021:16:55:54 -0300] "GET /cormun/static/calendar-setup.js?85251 HTTP/1.1" 200 2588
181.162.152.164 - - [03/Nov/2021:16:55:54 -0300] "GET /cormun/static/calendar-es.js?85251 HTTP/1.1" 200 1901
181.162.152.164 - - [03/Nov/2021:16:55:54 -0300] "GET /cormun/static/trsolicitudot.js?201991910465845 HTTP/1.1" 200 54041
181.162.152.164 - - [03/Nov/2021:16:55:54 -0300] "GET /cormun/static/Resources/PXTools/calendar.png HTTP/1.1" 200 1306
181.162.152.164 - - [03/Nov/2021:16:55:54 -0300] "GET /cormun/static/Resources/PXToolsDataSearch.png HTTP/1.1" 200 435
181.162.152.164 - - [03/Nov/2021:16:55:54 -0300] "GET /cormun/static/Resources/PXToolsGridFirstDisabled.gif HTTP/1.1" 200 100
181.162.152.164 - - [03/Nov/2021:16:55:54 -0300] "GET /cormun/static/Resources/PXToolsGridPreviousDisabled.gif HTTP/1.1" 200 90
181.162.152.164 - - [03/Nov/2021:16:55:54 -0300] "GET /cormun/static/Resources/PXToolsGridPage.gif HTTP/1.1" 200 725
181.162.152.164 - - [03/Nov/2021:16:55:54 -0300] "GET /cormun/static/Resources/PXToolsAddAllAction.png HTTP/1.1" 200 495
181.162.152.164 - - [03/Nov/2021:16:55:54 -0300] "GET /cormun/static/Shared/ext/resources/css/ext-all.css?205870 HTTP/1.1" 200 416045
181.162.152.164 - - [03/Nov/2021:16:55:54 -0300] "GET /cormun/static/Resources/asc.gif HTTP/1.1" 200 67
181.162.152.164 - - [03/Nov/2021:16:55:54 -0300] "GET /cormun/static/Resources/desc.gif HTTP/1.1" 200 65
181.162.152.164 - - [03/Nov/2021:16:55:55 -0300] "GET /cormun/static/Shared/ext/resources/themes/images/default/panel/bg-headersPanel.png HTTP/1.1" 200 255
181.162.152.164 - - [03/Nov/2021:16:55:55 -0300] "GET /cormun/servlet/trsolicitudot? HTTP/1.1" 200 7582
181.162.152.164 - - [03/Nov/2021:16:55:55 -0300] "GET /cormun/static/Shared/ext/resources/themes/images/default/tools/tool-sprites.gif HTTP/1.1" 200 5434
181.162.152.164 - - [03/Nov/2021:16:55:57 -0300] "GET /cormun/static/menuarrow.gif HTTP/1.1" 404 1015
181.162.152.164 - - [03/Nov/2021:16:56:03 -0300] "POST /cormun/servlet/trsolicitudot?e2f0570215793de70b3569fd46ccf045,,gx-no-cache=1635968662172 HTTP/1.1" 200 7086
181.212.43.89 - - [03/Nov/2021:16:56:03 -0300] "GET /cormun/servlet/permisogoce?2f18d8a84c2304ab13de1e477c904f1fa946318111b5d2942d234a1360fdb43022cea23d9551e7e1b00b130c791dd076f1e601b45d1c071b71cb5021e288a1ca,gx-no-cache=1635968662528 HTTP/1.1" 200 75
181.162.152.164 - - [03/Nov/2021:16:56:03 -0300] "GET /cormun//static/Resources/PXToolsActionView.png HTTP/1.1" 200 398
181.162.152.164 - - [03/Nov/2021:16:56:03 -0300] "GET /cormun//static/Resources/PXToolsRemoveAllAction.png HTTP/1.1" 200 487
181.162.152.164 - - [03/Nov/2021:16:56:03 -0300] "GET /cormun//static/Resources/PXToolsGridDelete.png HTTP/1.1" 200 538
181.162.152.164 - - [03/Nov/2021:16:56:03 -0300] "GET /cormun//static/Resources/PXTools/ActionInsert.png HTTP/1.1" 200 1482
181.162.152.164 - - [03/Nov/2021:16:56:03 -0300] "GET /cormun//static/Resources/PXToolsGridUpdate.png HTTP/1.1" 200 470
181.212.43.89 - - [03/Nov/2021:16:56:06 -0300] "GET /cormun/static/menuarrow.gif HTTP/1.1" 404 1015
181.212.43.89 - - [03/Nov/2021:16:56:16 -0300] "GET /cormun/servlet/permisogoce?2f18d8a84c2304ab13de1e477c904f1ffc85e7c18d4e95a4dadcf305f61770ccbcb75250f3c20117d5bd26908a948285b05284989a8f22362710ae4570c17a7d,gx-no-cache=1635968675241 HTTP/1.1" 200 46
181.162.152.164 - - [03/Nov/2021:16:56:19 -0300] "GET /cormun/servlet/trbonoreemplazo? HTTP/1.1" 500 10
181.212.43.89 - - [03/Nov/2021:16:56:38 -0300] "GET /cormun/servlet/permisogoce?INS,0,,, HTTP/1.1" 200 6843
181.212.43.89 - - [03/Nov/2021:16:56:41 -0300] "GET /cormun/servlet/permisogoce?INS,0,,, HTTP/1.1" 200 6853
181.212.43.89 - - [03/Nov/2021:16:56:46 -0300] "GET /cormun/servlet/permisogoce?2f18d8a84c2304ab13de1e477c904f1fa946318111b5d2942d234a1360fdb43022cea23d9551e7e1b00b130c791dd076f1e601b45d1c071b71cb5021e288a1ca,gx-no-cache=1635968706041 HTTP/1.1" 200 75
181.212.43.89 - - [03/Nov/2021:16:56:49 -0300] "GET /cormun/static/menuarrow.gif HTTP/1.1" 404 1015
181.212.43.89 - - [03/Nov/2021:16:56:55 -0300] "GET /cormun/servlet/permisogoce?2f18d8a84c2304ab13de1e477c904f1ffc85e7c18d4e95a4dadcf305f61770ccbcb75250f3c20117d5bd26908a948285b05284989a8f22362710ae4570c17a7d,gx-no-cache=1635968714702 HTTP/1.1" 200 46
181.212.43.89 - - [03/Nov/2021:16:56:59 -0300] "POST /cormun/servlet/permisogoce?444a6a6f82db9e3851cf409506ee27ca,INS,0,,,,gx-no-cache=1635968717797 HTTP/1.1" 200 93
192.168.10.96 - - [03/Nov/2021:16:56:59 -0300] "GET /cormun/servlet/vesolicitudgral?2021,17690,, HTTP/1.1" 200 8336
181.212.43.89 - - [03/Nov/2021:16:56:59 -0300] "GET /cormun/servlet/hpexe_return? HTTP/1.1" 200 1012
192.168.10.96 - - [03/Nov/2021:16:56:59 -0300] "GET /cormun/pexe_scrolldiv.js HTTP/1.1" 404 1009
192.168.10.96 - - [03/Nov/2021:16:56:59 -0300] "GET /cormun/servlet/vesolicitudgral?2021,17690,, HTTP/1.1" 200 8336
181.212.43.89 - - [03/Nov/2021:16:56:59 -0300] "GET /cormun/servlet/trpermisosgoce HTTP/1.1" 200 11305
181.212.43.89 - - [03/Nov/2021:16:57:00 -0300] "GET /cormun/servlet/trpermisosgoce HTTP/1.1" 200 11301
181.212.43.89 - - [03/Nov/2021:16:57:04 -0300] "GET /cormun/servlet/apermisogoceprn?10669260,P,20211103164237,PU HTTP/1.1" 200 1675
192.168.10.96 - - [03/Nov/2021:16:57:17 -0300] "POST /cormun/servlet/vesolicitudgral?495dc79ee461cca7cdad8b4017b17510,2021,17690,,,gx-no-cache=1635968596165 HTTP/1.1" 200 11982
192.168.10.96 - - [03/Nov/2021:16:57:17 -0300] "GET /cormun/static/Shared/jqueryui/images/ui-bg_highlight-soft_100_c6c2c8_1x100.png HTTP/1.1" 404 1117
192.168.10.96 - - [03/Nov/2021:16:57:17 -0300] "GET /cormun/static/Shared/jqueryui/images/ui-icons_82798d_256x240.png HTTP/1.1" 404 1089
192.168.10.96 - - [03/Nov/2021:16:57:17 -0300] "GET /cormun/static/Shared/jqueryui/images/ui-icons_8d78a5_256x240.png HTTP/1.1" 404 1089
192.168.10.96 - - [03/Nov/2021:16:57:17 -0300] "GET /cormun/static/Shared/jqueryui/images/ui-bg_flat_55_fafafa_40x100.png HTTP/1.1" 404 1097
192.168.10.96 - - [03/Nov/2021:16:57:17 -0300] "POST /cormun/servlet/vesolicitudgral?495dc79ee461cca7cdad8b4017b17510,2021,17690,,,gx-no-cache=1635968596357 HTTP/1.1" 200 11915
192.168.10.96 - - [03/Nov/2021:16:57:19 -0300] "GET /cormun/servlet/trautorizarot? HTTP/1.1" 200 9533
192.168.10.96 - - [03/Nov/2021:16:57:19 -0300] "GET /cormun/servlet/trautorizarot? HTTP/1.1" 200 9528
192.168.10.96 - - [03/Nov/2021:16:57:22 -0300] "GET /cormun/servlet/trsolicitudgral? HTTP/1.1" 200 22069
192.168.10.96 - - [03/Nov/2021:16:57:23 -0300] "GET /cormun/servlet/trsolicitudgral? HTTP/1.1" 200 22068
181.212.43.89 - - [03/Nov/2021:16:57:23 -0300] "GET /cormun/servlet/trpermisosadjuntos?10669260,20211103164237,P, HTTP/1.1" 200 6312
181.212.43.89 - - [03/Nov/2021:16:57:24 -0300] "GET /cormun/servlet/trpermisosadjuntos?10669260,20211103164237,P, HTTP/1.1" 200 6313
181.212.43.89 - - [03/Nov/2021:16:57:26 -0300] "GET /cormun/servlet/permisosadjuntos?INS,10669260,P,20211103164237,, HTTP/1.1" 200 5631
181.212.43.89 - - [03/Nov/2021:16:57:26 -0300] "GET /cormun/static/gxcfg.js?20201215134212 HTTP/1.1" 200 953
181.212.43.89 - - [03/Nov/2021:16:57:26 -0300] "GET /cormun/static/permisosadjuntos.js?20201215134285 HTTP/1.1" 200 8724
181.212.43.89 - - [03/Nov/2021:16:57:26 -0300] "GET /cormun/static/about:blank HTTP/1.1" 404 1011
181.212.43.89 - - [03/Nov/2021:16:57:26 -0300] "GET /cormun/servlet/permisosadjuntos?INS,10669260,P,20211103164237,, HTTP/1.1" 200 5621
192.168.10.96 - - [03/Nov/2021:16:57:28 -0300] "POST /cormun/servlet/trsolicitudgral?495dc79ee461cca7cdad8b4017b17510,,gx-no-cache=1635968606706 HTTP/1.1" 200 18752
192.168.10.96 - - [03/Nov/2021:16:57:28 -0300] "GET /cormun/static/Shared/jqueryui/images/ui-icons_82798d_256x240.png HTTP/1.1" 404 1089
192.168.10.96 - - [03/Nov/2021:16:57:28 -0300] "GET /cormun/static/Shared/jqueryui/images/ui-bg_highlight-soft_100_c6c2c8_1x100.png HTTP/1.1" 404 1117
192.168.10.96 - - [03/Nov/2021:16:57:28 -0300] "GET /cormun/static/Shared/jqueryui/images/ui-icons_8d78a5_256x240.png HTTP/1.1" 404 1089
192.168.10.96 - - [03/Nov/2021:16:57:28 -0300] "GET /cormun/static/Shared/jqueryui/images/ui-bg_flat_55_fafafa_40x100.png HTTP/1.1" 404 1097
66.249.85.97 - - [03/Nov/2021:16:57:35 -0300] "GET /cormun/static/Resources/Logo2019_Grande.png HTTP/1.1" 200 31733
181.212.43.89 - - [03/Nov/2021:16:57:40 -0300] "POST /cormun/servlet/permisosadjuntos?444a6a6f82db9e3851cf409506ee27ca,INS,10669260,P,20211103164237,, HTTP/1.1" 200 116
181.212.43.89 - - [03/Nov/2021:16:57:40 -0300] "GET /cormun/servlet/hpexe_return? HTTP/1.1" 200 1042
192.168.10.96 - - [03/Nov/2021:16:57:40 -0300] "GET /cormun/servlet/trautorizarot? HTTP/1.1" 200 9830
181.212.43.89 - - [03/Nov/2021:16:57:40 -0300] "GET /cormun/servlet/trpermisosadjuntos?10669260,20211103164237,P, HTTP/1.1" 200 6793
192.168.10.96 - - [03/Nov/2021:16:57:40 -0300] "GET /cormun/servlet/trautorizarot? HTTP/1.1" 200 9830
181.212.43.89 - - [03/Nov/2021:16:57:40 -0300] "GET /cormun/servlet/trpermisosadjuntos?10669260,20211103164237,P, HTTP/1.1" 200 6789
192.168.10.96 - - [03/Nov/2021:16:57:42 -0300] "POST /cormun/servlet/trautorizarot?495dc79ee461cca7cdad8b4017b17510,,gx-no-cache=1635968621420 HTTP/1.1" 200 5335
181.212.43.89 - - [03/Nov/2021:16:57:51 -0300] "POST /cormun/servlet/trpermisosadjuntos?444a6a6f82db9e3851cf409506ee27ca,10669260,20211103164237,P,,gx-no-cache=1635968770658 HTTP/1.1" 200 90
181.212.43.89 - - [03/Nov/2021:16:57:51 -0300] "GET /cormun/servlet/hpexe_link HTTP/1.1" 200 987
181.212.43.89 - - [03/Nov/2021:16:57:51 -0300] "GET /cormun/servlet/trpermisosgoce HTTP/1.1" 200 11303
181.212.43.89 - - [03/Nov/2021:16:57:52 -0300] "GET /cormun/servlet/trpermisosgoce HTTP/1.1" 200 11300
181.212.43.89 - - [03/Nov/2021:16:57:55 -0300] "POST /cormun/servlet/trpermisosgoce?444a6a6f82db9e3851cf409506ee27ca,gx-no-cache=1635968774652 HTTP/1.1" 200 8557
181.212.43.89 - - [03/Nov/2021:16:57:55 -0300] "GET /cormun/static/Shared/jqueryui/images/ui-bg_highlight-soft_100_c6c2c8_1x100.png HTTP/1.1" 404 1117
181.212.43.89 - - [03/Nov/2021:16:57:55 -0300] "GET /cormun/static/Shared/jqueryui/images/ui-icons_82798d_256x240.png HTTP/1.1" 404 1089
181.212.43.89 - - [03/Nov/2021:16:57:55 -0300] "GET /cormun/static/Shared/jqueryui/images/ui-bg_flat_55_fafafa_40x100.png HTTP/1.1" 404 1097
181.212.43.89 - - [03/Nov/2021:16:57:55 -0300] "GET /cormun/static/Shared/jqueryui/images/ui-icons_8d78a5_256x240.png HTTP/1.1" 404 1089
181.212.43.89 - - [03/Nov/2021:16:58:00 -0300] "GET /cormun/servlet/permisogoce?INS,0,,, HTTP/1.1" 200 6854
181.212.43.89 - - [03/Nov/2021:16:58:00 -0300] "GET /cormun/servlet/permisogoce?INS,0,,, HTTP/1.1" 200 6854
181.212.43.89 - - [03/Nov/2021:16:58:06 -0300] "GET /cormun/servlet/permisogoce?2f18d8a84c2304ab13de1e477c904f1f587078884a05e67fef02efd4ca23019a22cea23d9551e7e1b00b130c791dd076f1e601b45d1c071b71cb5021e288a1ca,gx-no-cache=1635968785339 HTTP/1.1" 200 74
181.212.43.89 - - [03/Nov/2021:16:58:09 -0300] "GET /cormun/static/menuarrow.gif HTTP/1.1" 404 1015
181.212.43.89 - - [03/Nov/2021:16:58:20 -0300] "GET /cormun/servlet/permisogoce?2f18d8a84c2304ab13de1e477c904f1f13a961f45acc4e6d1125b8087d892d52adcaae8ecca49f79fb0db9ed6debc3e1b05284989a8f22362710ae4570c17a7d,gx-no-cache=1635968799925 HTTP/1.1" 200 46
181.212.43.89 - - [03/Nov/2021:16:58:24 -0300] "POST /cormun/servlet/permisogoce?444a6a6f82db9e3851cf409506ee27ca,INS,0,,,,gx-no-cache=1635968803039 HTTP/1.1" 200 93
181.212.43.89 - - [03/Nov/2021:16:58:24 -0300] "GET /cormun/servlet/hpexe_return? HTTP/1.1" 200 1035
181.212.43.89 - - [03/Nov/2021:16:58:24 -0300] "GET /cormun/servlet/trpermisosgoce?gx-no-cache=1635968774652 HTTP/1.1" 200 11599
181.212.43.89 - - [03/Nov/2021:16:58:25 -0300] "GET /cormun/servlet/trpermisosgoce?gx-no-cache=1635968774652 HTTP/1.1" 200 11622
181.212.43.89 - - [03/Nov/2021:16:58:29 -0300] "GET /cormun/servlet/apermisogoceprn?13946275,P,20211103164359,PU HTTP/1.1" 200 1670
181.212.43.89 - - [03/Nov/2021:16:58:39 -0300] "GET /cormun/servlet/trpermisosadjuntos?13946275,20211103164359,P, HTTP/1.1" 200 6334
181.212.43.89 - - [03/Nov/2021:16:58:39 -0300] "GET /cormun/servlet/trpermisosadjuntos?13946275,20211103164359,P, HTTP/1.1" 200 6312
181.212.43.89 - - [03/Nov/2021:16:58:41 -0300] "GET /cormun/servlet/permisosadjuntos?INS,13946275,P,20211103164359,, HTTP/1.1" 200 5632
181.212.43.89 - - [03/Nov/2021:16:58:41 -0300] "GET /cormun/static/about:blank HTTP/1.1" 404 1011
181.212.43.89 - - [03/Nov/2021:16:58:41 -0300] "GET /cormun/servlet/permisosadjuntos?INS,13946275,P,20211103164359,, HTTP/1.1" 200 5622
181.212.43.89 - - [03/Nov/2021:16:58:53 -0300] "POST /cormun/servlet/permisosadjuntos?444a6a6f82db9e3851cf409506ee27ca,INS,13946275,P,20211103164359,, HTTP/1.1" 200 116
181.212.43.89 - - [03/Nov/2021:16:58:53 -0300] "GET /cormun/servlet/hpexe_return? HTTP/1.1" 200 1042
181.212.43.89 - - [03/Nov/2021:16:58:54 -0300] "GET /cormun/servlet/trpermisosadjuntos?13946275,20211103164359,P, HTTP/1.1" 200 6784
181.212.43.89 - - [03/Nov/2021:16:58:54 -0300] "GET /cormun/servlet/trpermisosadjuntos?13946275,20211103164359,P, HTTP/1.1" 200 6782
181.212.43.89 - - [03/Nov/2021:16:58:57 -0300] "POST /cormun/servlet/trpermisosadjuntos?444a6a6f82db9e3851cf409506ee27ca,13946275,20211103164359,P,,gx-no-cache=1635968836039 HTTP/1.1" 200 90
181.212.43.89 - - [03/Nov/2021:16:58:57 -0300] "GET /cormun/servlet/hpexe_link HTTP/1.1" 200 1009
181.212.43.89 - - [03/Nov/2021:16:58:57 -0300] "GET /cormun/servlet/trpermisosgoce?gx-no-cache=1635968774652 HTTP/1.1" 200 11605
181.212.43.89 - - [03/Nov/2021:16:58:58 -0300] "GET /cormun/servlet/trpermisosgoce?gx-no-cache=1635968774652 HTTP/1.1" 200 11622
181.212.43.89 - - [03/Nov/2021:16:59:01 -0300] "POST /cormun/servlet/trpermisosgoce?444a6a6f82db9e3851cf409506ee27ca,gx-no-cache=1635968774652,gx-no-cache=1635968840075 HTTP/1.1" 200 8775
181.212.43.89 - - [03/Nov/2021:16:59:01 -0300] "GET /cormun/static/Shared/jqueryui/images/ui-icons_82798d_256x240.png HTTP/1.1" 404 1089
181.212.43.89 - - [03/Nov/2021:16:59:01 -0300] "GET /cormun/static/Shared/jqueryui/images/ui-bg_highlight-soft_100_c6c2c8_1x100.png HTTP/1.1" 404 1117
181.212.43.89 - - [03/Nov/2021:16:59:01 -0300] "GET /cormun/static/Shared/jqueryui/images/ui-bg_flat_55_fafafa_40x100.png HTTP/1.1" 404 1097
181.212.43.89 - - [03/Nov/2021:16:59:01 -0300] "GET /cormun/static/Shared/jqueryui/images/ui-icons_8d78a5_256x240.png HTTP/1.1" 404 1089
181.212.43.89 - - [03/Nov/2021:16:59:12 -0300] "GET /cormun/servlet/permisogoce?INS,0,,, HTTP/1.1" 200 6876
181.212.43.89 - - [03/Nov/2021:16:59:12 -0300] "GET /cormun/servlet/permisogoce?INS,0,,, HTTP/1.1" 200 6853
181.212.43.89 - - [03/Nov/2021:16:59:17 -0300] "GET /cormun/servlet/permisogoce?2f18d8a84c2304ab13de1e477c904f1f90ebca071642ec08f8417ffee7c080a6d396134519882792a82f8b73756b8ff6374910dadd9a80cf542ac0220f8413e3,gx-no-cache=1635968856657 HTTP/1.1" 200 79
181.212.43.89 - - [03/Nov/2021:16:59:20 -0300] "GET /cormun/static/menuarrow.gif HTTP/1.1" 404 1015
181.212.43.89 - - [03/Nov/2021:16:59:30 -0300] "GET /cormun/servlet/permisogoce?2f18d8a84c2304ab13de1e477c904f1f5721f7d0530b2e4c9075fe7d8b7297c05f92477af90d6420d70d91d5bcb7722e4d974d46d1adeefb347edbfea9fde3dd,gx-no-cache=1635968869367 HTTP/1.1" 200 46
181.212.43.89 - - [03/Nov/2021:16:59:35 -0300] "POST /cormun/servlet/permisogoce?444a6a6f82db9e3851cf409506ee27ca,INS,0,,,,gx-no-cache=1635968873983 HTTP/1.1" 200 93
181.212.43.89 - - [03/Nov/2021:16:59:35 -0300] "GET /cormun/servlet/hpexe_return? HTTP/1.1" 200 1035
181.212.43.89 - - [03/Nov/2021:16:59:35 -0300] "GET /cormun/servlet/trpermisosgoce?gx-no-cache=1635968774652 HTTP/1.1" 200 11809
181.212.43.89 - - [03/Nov/2021:16:59:36 -0300] "GET /cormun/servlet/trpermisosgoce?gx-no-cache=1635968774652 HTTP/1.1" 200 11827
181.212.43.89 - - [03/Nov/2021:16:59:39 -0300] "GET /cormun/servlet/apermisogoceprn?8303952,P,20211103164511,PU HTTP/1.1" 200 1671
181.212.43.89 - - [03/Nov/2021:16:59:50 -0300] "GET /cormun/servlet/trpermisosadjuntos?8303952,20211103164511,P, HTTP/1.1" 200 6333
181.212.43.89 - - [03/Nov/2021:16:59:51 -0300] "GET /cormun/servlet/trpermisosadjuntos?8303952,20211103164511,P, HTTP/1.1" 200 6311
181.212.43.89 - - [03/Nov/2021:16:59:57 -0300] "GET /cormun/servlet/permisosadjuntos?INS,8303952,P,20211103164511,, HTTP/1.1" 200 5628
181.212.43.89 - - [03/Nov/2021:16:59:57 -0300] "GET /cormun/static/about:blank HTTP/1.1" 404 1011
181.212.43.89 - - [03/Nov/2021:16:59:57 -0300] "GET /cormun/servlet/permisosadjuntos?INS,8303952,P,20211103164511,, HTTP/1.1" 200 5618
181.212.43.89 - - [03/Nov/2021:17:00:08 -0300] "POST /cormun/servlet/permisosadjuntos?444a6a6f82db9e3851cf409506ee27ca,INS,8303952,P,20211103164511,, HTTP/1.1" 200 116
181.212.43.89 - - [03/Nov/2021:17:00:08 -0300] "GET /cormun/servlet/hpexe_return? HTTP/1.1" 200 1041
181.212.43.89 - - [03/Nov/2021:17:00:09 -0300] "GET /cormun/servlet/trpermisosadjuntos?8303952,20211103164511,P, HTTP/1.1" 200 6797
181.212.43.89 - - [03/Nov/2021:17:00:09 -0300] "GET /cormun/servlet/trpermisosadjuntos?8303952,20211103164511,P, HTTP/1.1" 200 6792
181.212.43.89 - - [03/Nov/2021:17:00:12 -0300] "POST /cormun/servlet/trpermisosadjuntos?444a6a6f82db9e3851cf409506ee27ca,8303952,20211103164511,P,,gx-no-cache=1635968911473 HTTP/1.1" 200 90
181.212.43.89 - - [03/Nov/2021:17:00:12 -0300] "GET /cormun/servlet/hpexe_link HTTP/1.1" 200 1008
181.212.43.89 - - [03/Nov/2021:17:00:12 -0300] "GET /cormun/servlet/trpermisosgoce?gx-no-cache=1635968774652 HTTP/1.1" 200 11798
181.212.43.89 - - [03/Nov/2021:17:00:13 -0300] "GET /cormun/servlet/trpermisosgoce?gx-no-cache=1635968774652 HTTP/1.1" 200 11826
181.212.43.89 - - [03/Nov/2021:17:00:20 -0300] "POST /cormun/servlet/trpermisosgoce?444a6a6f82db9e3851cf409506ee27ca,gx-no-cache=1635968774652,gx-no-cache=1635968919521 HTTP/1.1" 200 9028
181.212.43.89 - - [03/Nov/2021:17:00:20 -0300] "GET /cormun/static/Shared/jqueryui/images/ui-icons_82798d_256x240.png HTTP/1.1" 404 1089
181.212.43.89 - - [03/Nov/2021:17:00:20 -0300] "GET /cormun/static/Shared/jqueryui/images/ui-bg_highlight-soft_100_c6c2c8_1x100.png HTTP/1.1" 404 1117
181.212.43.89 - - [03/Nov/2021:17:00:20 -0300] "GET /cormun/static/Shared/jqueryui/images/ui-bg_flat_55_fafafa_40x100.png HTTP/1.1" 404 1097
181.212.43.89 - - [03/Nov/2021:17:00:20 -0300] "GET /cormun/static/Shared/jqueryui/images/ui-icons_8d78a5_256x240.png HTTP/1.1" 404 1089
182.253.188.178 - - [03/Nov/2021:17:00:36 -0300] "GET / HTTP/1.1" 200 11217
181.212.43.89 - - [03/Nov/2021:17:01:02 -0300] "GET /cormun/servlet/permisogoce?INS,0,,, HTTP/1.1" 200 6876
181.212.43.89 - - [03/Nov/2021:17:01:03 -0300] "GET /cormun/servlet/permisogoce?INS,0,,, HTTP/1.1" 200 6855
181.212.43.89 - - [03/Nov/2021:17:01:07 -0300] "GET /cormun/servlet/permisogoce?2f18d8a84c2304ab13de1e477c904f1f90ebca071642ec08f8417ffee7c080a6d396134519882792a82f8b73756b8ff6374910dadd9a80cf542ac0220f8413e3,gx-no-cache=1635968966947 HTTP/1.1" 200 81
200.60.27.131 - - [03/Nov/2021:17:01:09 -0300] "GET /manager/html HTTP/1.1" 401 2474
181.212.43.89 - - [03/Nov/2021:17:01:10 -0300] "GET /cormun/static/menuarrow.gif HTTP/1.1" 404 1015
205.185.121.173 - - [03/Nov/2021:17:02:38 -0300] "GET /manager/html HTTP/1.1" 401 2474
200.60.27.131 - - [03/Nov/2021:17:02:54 -0300] "GET /manager/html HTTP/1.1" 401 2474
181.212.43.89 - - [03/Nov/2021:17:03:16 -0300] "GET /cormun/servlet/permisogoce?INS,0,,, HTTP/1.1" 200 6854
181.212.43.89 - - [03/Nov/2021:17:03:17 -0300] "GET /cormun/servlet/permisogoce?INS,0,,, HTTP/1.1" 200 6854
200.60.27.131 - - [03/Nov/2021:17:05:16 -0300] "GET /manager/html HTTP/1.1" 401 2474
181.212.43.89 - - [03/Nov/2021:17:05:22 -0300] "GET /cormun/servlet/permisogoce?INS,0,,, HTTP/1.1" 200 6843
181.212.43.89 - - [03/Nov/2021:17:05:23 -0300] "GET /cormun/servlet/permisogoce?INS,0,,, HTTP/1.1" 200 6854
181.212.43.89 - - [03/Nov/2021:17:05:29 -0300] "GET /cormun/servlet/permisogoce?2f18d8a84c2304ab13de1e477c904f1f5d9546198658b21e233616fbbd3a688ad396134519882792a82f8b73756b8ff6374910dadd9a80cf542ac0220f8413e3,gx-no-cache=1635969228420 HTTP/1.1" 200 226
181.212.43.89 - - [03/Nov/2021:17:05:29 -0300] "GET /cormun/static/Shared/jqueryui/images/ui-bg_highlight-soft_100_c6c2c8_1x100.png HTTP/1.1" 404 1117
181.212.43.89 - - [03/Nov/2021:17:05:29 -0300] "GET /cormun/static/Shared/jqueryui/images/ui-bg_flat_55_994d53_40x100.png HTTP/1.1" 404 1097
181.212.43.89 - - [03/Nov/2021:17:05:29 -0300] "GET /cormun/static/Shared/jqueryui/images/ui-icons_82798d_256x240.png HTTP/1.1" 404 1089
181.212.43.89 - - [03/Nov/2021:17:05:29 -0300] "GET /cormun/static/Shared/jqueryui/images/ui-icons_ebccce_256x240.png HTTP/1.1" 404 1089
181.212.43.89 - - [03/Nov/2021:17:05:51 -0300] "GET /cormun/servlet/permisogoce?INS,0,,, HTTP/1.1" 200 6853
181.212.43.89 - - [03/Nov/2021:17:05:53 -0300] "GET /cormun/servlet/permisogoce?INS,0,,, HTTP/1.1" 200 6854
181.212.43.89 - - [03/Nov/2021:17:06:07 -0300] "POST /cormun/servlet/permisogoce?444a6a6f82db9e3851cf409506ee27ca,INS,0,,,,gx-no-cache=1635969266480 HTTP/1.1" 200 4518
181.212.43.89 - - [03/Nov/2021:17:06:07 -0300] "GET /cormun/static/Shared/jqueryui/images/ui-bg_highlight-soft_100_c6c2c8_1x100.png HTTP/1.1" 404 1117
181.212.43.89 - - [03/Nov/2021:17:06:07 -0300] "GET /cormun/static/Shared/jqueryui/images/ui-bg_flat_55_994d53_40x100.png HTTP/1.1" 404 1097
181.212.43.89 - - [03/Nov/2021:17:06:07 -0300] "GET /cormun/static/Shared/jqueryui/images/ui-icons_82798d_256x240.png HTTP/1.1" 404 1089
181.212.43.89 - - [03/Nov/2021:17:06:07 -0300] "GET /cormun/static/Shared/jqueryui/images/ui-icons_ebccce_256x240.png HTTP/1.1" 404 1089
181.212.43.89 - - [03/Nov/2021:17:06:10 -0300] "GET /cormun/servlet/permisogoce?2f18d8a84c2304ab13de1e477c904f1f90ebca071642ec08f8417ffee7c080a6ce5903580827bab043bf4d5d6cd6cfe4668e2c28ebb093768c6bd98c25ec176c08f008fe0927b7fd7bd66c8be269bfa611e371b6a140ecc2161c6ad4fec95362a2d87f5dec2fa9ddaea8862d997c4e1308f008fe0927b7fd7bd66c8be269bfa611e371b6a140ecc2161c6ad4fec95362668e2c28ebb093768c6bd98c25ec176c522517876c748d0f8203b0ade1896e37d370f68eb7f00a9f15d133920be16f057a9d1d53feda754a5cb10c73069d4f452192ff4aaf032cf41d7618af0e7b0a53,gx-no-cache=1635969269974 HTTP/1.1" 200 81
181.212.43.89 - - [03/Nov/2021:17:06:10 -0300] "GET /cormun/static/menuarrow.gif HTTP/1.1" 404 1015
181.212.43.89 - - [03/Nov/2021:17:06:20 -0300] "GET /cormun/servlet/permisogoce?2f18d8a84c2304ab13de1e477c904f1f5721f7d0530b2e4c9075fe7d8b7297c05d1425291036aaf11c2689869e6974232adeb775a1dcbf6f7333d42adf5ac32e,gx-no-cache=1635969279611 HTTP/1.1" 200 48
181.212.43.89 - - [03/Nov/2021:17:06:40 -0300] "GET /cormun/servlet/permisogoce?INS,0,,, HTTP/1.1" 200 6854
181.212.43.89 - - [03/Nov/2021:17:06:41 -0300] "GET /cormun/servlet/permisogoce?INS,0,,, HTTP/1.1" 200 6853
181.212.43.89 - - [03/Nov/2021:17:06:50 -0300] "GET /cormun/servlet/permisogoce?2f18d8a84c2304ab13de1e477c904f1f90ebca071642ec08f8417ffee7c080a6d396134519882792a82f8b73756b8ff6374910dadd9a80cf542ac0220f8413e3,gx-no-cache=1635969309722 HTTP/1.1" 200 81
181.212.43.89 - - [03/Nov/2021:17:06:53 -0300] "GET /cormun/static/menuarrow.gif HTTP/1.1" 404 1015
181.212.43.89 - - [03/Nov/2021:17:07:02 -0300] "GET /cormun/servlet/permisogoce?2f18d8a84c2304ab13de1e477c904f1f5721f7d0530b2e4c9075fe7d8b7297c082ec246a22928b21b552afb61d30b6b3a5a5d07a3a0637ece9236b4e6e2518cc,gx-no-cache=1635969321811 HTTP/1.1" 200 48
181.212.43.89 - - [03/Nov/2021:17:07:07 -0300] "POST /cormun/servlet/permisogoce?444a6a6f82db9e3851cf409506ee27ca,INS,0,,,,gx-no-cache=1635969324631 HTTP/1.1" 200 93
181.212.43.89 - - [03/Nov/2021:17:07:07 -0300] "GET /cormun/servlet/hpexe_return? HTTP/1.1" 200 1035
181.212.43.89 - - [03/Nov/2021:17:07:07 -0300] "GET /cormun/servlet/trpermisosgoce?gx-no-cache=1635968774652 HTTP/1.1" 200 12007
181.212.43.89 - - [03/Nov/2021:17:07:08 -0300] "GET /cormun/servlet/trpermisosgoce?gx-no-cache=1635968774652 HTTP/1.1" 200 12018
181.212.43.89 - - [03/Nov/2021:17:07:16 -0300] "GET /cormun/servlet/apermisogoceprn?8303952,P,20211103165239,PU HTTP/1.1" 200 1673
181.212.43.89 - - [03/Nov/2021:17:07:28 -0300] "GET /cormun/servlet/trpermisosadjuntos?8303952,20211103165239,P, HTTP/1.1" 200 6334
181.212.43.89 - - [03/Nov/2021:17:07:29 -0300] "GET /cormun/servlet/trpermisosadjuntos?8303952,20211103165239,P, HTTP/1.1" 200 6313
181.212.43.89 - - [03/Nov/2021:17:07:31 -0300] "GET /cormun/servlet/permisosadjuntos?INS,8303952,P,20211103165239,, HTTP/1.1" 200 5630
181.212.43.89 - - [03/Nov/2021:17:07:31 -0300] "GET /cormun/static/about:blank HTTP/1.1" 404 1011
181.212.43.89 - - [03/Nov/2021:17:07:31 -0300] "GET /cormun/servlet/permisosadjuntos?INS,8303952,P,20211103165239,, HTTP/1.1" 200 5619
200.60.27.131 - - [03/Nov/2021:17:07:44 -0300] "GET /manager/html HTTP/1.1" 401 2474
181.212.43.89 - - [03/Nov/2021:17:07:52 -0300] "POST /cormun/servlet/permisosadjuntos?444a6a6f82db9e3851cf409506ee27ca,INS,8303952,P,20211103165239,, HTTP/1.1" 200 116
181.212.43.89 - - [03/Nov/2021:17:07:52 -0300] "GET /cormun/servlet/hpexe_return? HTTP/1.1" 200 1040
181.212.43.89 - - [03/Nov/2021:17:07:52 -0300] "GET /cormun/servlet/trpermisosadjuntos?8303952,20211103165239,P, HTTP/1.1" 200 6786
181.212.43.89 - - [03/Nov/2021:17:07:53 -0300] "GET /cormun/servlet/trpermisosadjuntos?8303952,20211103165239,P, HTTP/1.1" 200 6783
181.212.43.89 - - [03/Nov/2021:17:08:04 -0300] "GET /cormun/servlet/trpermisosadjuntos?8303952,20211103165239,P, HTTP/1.1" 200 6783
181.212.43.89 - - [03/Nov/2021:17:08:05 -0300] "GET /cormun/servlet/trpermisosadjuntos?8303952,20211103165239,P, HTTP/1.1" 200 6784
181.212.43.89 - - [03/Nov/2021:17:08:08 -0300] "POST /cormun/servlet/trpermisosadjuntos?444a6a6f82db9e3851cf409506ee27ca,8303952,20211103165239,P,,gx-no-cache=1635969387454 HTTP/1.1" 200 90
181.212.43.89 - - [03/Nov/2021:17:08:08 -0300] "GET /cormun/servlet/hpexe_link HTTP/1.1" 200 1008
181.212.43.89 - - [03/Nov/2021:17:08:08 -0300] "GET /cormun/servlet/trpermisosgoce?gx-no-cache=1635968774652 HTTP/1.1" 200 12000
181.212.43.89 - - [03/Nov/2021:17:08:09 -0300] "GET /cormun/servlet/trpermisosgoce?gx-no-cache=1635968774652 HTTP/1.1" 200 12018
181.212.43.89 - - [03/Nov/2021:17:08:12 -0300] "POST /cormun/servlet/trpermisosgoce?444a6a6f82db9e3851cf409506ee27ca,gx-no-cache=1635968774652,gx-no-cache=1635969391659 HTTP/1.1" 200 9199
192.168.10.96 - - [03/Nov/2021:17:08:13 -0300] "GET /cormun/servlet/trsolicitudgral? HTTP/1.1" 200 21609
192.168.10.96 - - [03/Nov/2021:17:08:14 -0300] "GET /cormun/servlet/trsolicitudgral? HTTP/1.1" 200 21609
192.168.10.96 - - [03/Nov/2021:17:08:18 -0300] "POST /cormun/servlet/trsolicitudgral?495dc79ee461cca7cdad8b4017b17510,,gx-no-cache=1635969256903 HTTP/1.1" 200 26658
192.168.10.96 - - [03/Nov/2021:17:08:34 -0300] "POST /cormun/servlet/trsolicitudgral?495dc79ee461cca7cdad8b4017b17510,,gx-no-cache=1635969273744 HTTP/1.1" 200 6690
192.168.10.96 - - [03/Nov/2021:17:09:24 -0300] "POST /cormun/servlet/trsolicitudgral?495dc79ee461cca7cdad8b4017b17510,,gx-no-cache=1635969323418 HTTP/1.1" 200 7851
181.212.43.89 - - [03/Nov/2021:17:09:36 -0300] "GET /cormun/servlet/permisogoce?INS,0,,, HTTP/1.1" 200 6876
181.212.43.89 - - [03/Nov/2021:17:09:37 -0300] "GET /cormun/servlet/permisogoce?INS,0,,, HTTP/1.1" 200 6854
181.212.43.89 - - [03/Nov/2021:17:09:42 -0300] "GET /cormun/servlet/permisogoce?2f18d8a84c2304ab13de1e477c904f1f49725e0629bf0e83bed5f85ea44c7734d396134519882792a82f8b73756b8ff6374910dadd9a80cf542ac0220f8413e3,gx-no-cache=1635969481962 HTTP/1.1" 200 77
200.60.27.131 - - [03/Nov/2021:17:10:08 -0300] "GET /manager/html HTTP/1.1" 401 2474
181.212.43.89 - - [03/Nov/2021:17:10:15 -0300] "GET /cormun/servlet/permisogoce?INS,0,,, HTTP/1.1" 200 6854
181.212.43.89 - - [03/Nov/2021:17:10:17 -0300] "GET /cormun/servlet/permisogoce?INS,0,,, HTTP/1.1" 200 6854
181.212.43.89 - - [03/Nov/2021:17:10:24 -0300] "GET /cormun/servlet/permisogoce?2f18d8a84c2304ab13de1e477c904f1f49725e0629bf0e83bed5f85ea44c7734d396134519882792a82f8b73756b8ff6374910dadd9a80cf542ac0220f8413e3,gx-no-cache=1635969523147 HTTP/1.1" 200 77
181.212.43.89 - - [03/Nov/2021:17:10:27 -0300] "GET /cormun/static/menuarrow.gif HTTP/1.1" 404 1015
181.212.43.89 - - [03/Nov/2021:17:10:33 -0300] "GET /cormun/servlet/permisogoce?2f18d8a84c2304ab13de1e477c904f1fbf80ac5bd6a94b0f4ee16417768068667e585664df2bc31c31c403b3d1a5c65ca5a5d07a3a0637ece9236b4e6e2518cc,gx-no-cache=1635969532970 HTTP/1.1" 200 46
181.212.43.89 - - [03/Nov/2021:17:10:37 -0300] "POST /cormun/servlet/permisogoce?444a6a6f82db9e3851cf409506ee27ca,INS,0,,,,gx-no-cache=1635969536020 HTTP/1.1" 200 93
181.212.43.89 - - [03/Nov/2021:17:10:37 -0300] "GET /cormun/servlet/hpexe_return? HTTP/1.1" 200 1035
181.212.43.89 - - [03/Nov/2021:17:10:37 -0300] "GET /cormun/servlet/trpermisosgoce?gx-no-cache=1635968774652 HTTP/1.1" 200 12271
181.212.43.89 - - [03/Nov/2021:17:10:38 -0300] "GET /cormun/servlet/trpermisosgoce?gx-no-cache=1635968774652 HTTP/1.1" 200 12273
181.212.43.89 - - [03/Nov/2021:17:10:41 -0300] "GET /cormun/servlet/apermisogoceprn?7837249,P,20211103165614,PU HTTP/1.1" 200 1668
181.212.43.89 - - [03/Nov/2021:17:10:52 -0300] "GET /cormun/servlet/trpermisosadjuntos?7837249,20211103165614,P, HTTP/1.1" 200 6336
181.212.43.89 - - [03/Nov/2021:17:10:53 -0300] "GET /cormun/servlet/trpermisosadjuntos?7837249,20211103165614,P, HTTP/1.1" 200 6315
181.212.43.89 - - [03/Nov/2021:17:10:56 -0300] "GET /cormun/servlet/permisosadjuntos?INS,7837249,P,20211103165614,, HTTP/1.1" 200 5628
181.212.43.89 - - [03/Nov/2021:17:10:56 -0300] "GET /cormun/static/about:blank HTTP/1.1" 404 1011
190.171.141.90 - - [03/Nov/2021:17:10:56 -0300] "POST /cormun/servlet/hlogin?41a56bbc49b3929a12b6755f4c0ffe91,gx-no-cache=1635969554808 HTTP/1.1" 440 972
181.212.43.89 - - [03/Nov/2021:17:10:56 -0300] "GET /cormun/servlet/permisosadjuntos?INS,7837249,P,20211103165614,, HTTP/1.1" 200 5618
190.171.141.90 - - [03/Nov/2021:17:10:58 -0300] "GET /cormun/servlet/hlogin HTTP/1.1" 200 1738
190.171.141.90 - - [03/Nov/2021:17:11:03 -0300] "POST /cormun/servlet/hlogin?a0ce4a2d5bdd165e21c09551055f62dc,gx-no-cache=1635969561981 HTTP/1.1" 200 442
190.171.141.90 - - [03/Nov/2021:17:11:10 -0300] "POST /cormun/servlet/hlogin?a0ce4a2d5bdd165e21c09551055f62dc,gx-no-cache=1635969568390 HTTP/1.1" 200 90
190.171.141.90 - - [03/Nov/2021:17:11:10 -0300] "GET /cormun/servlet/hpexe_link HTTP/1.1" 200 952
181.212.43.89 - - [03/Nov/2021:17:11:10 -0300] "POST /cormun/servlet/permisosadjuntos?444a6a6f82db9e3851cf409506ee27ca,INS,7837249,P,20211103165614,, HTTP/1.1" 200 116
190.171.141.90 - - [03/Nov/2021:17:11:10 -0300] "GET /cormun/servlet/hhome HTTP/1.1" 200 3973
181.212.43.89 - - [03/Nov/2021:17:11:10 -0300] "GET /cormun/servlet/hpexe_return? HTTP/1.1" 200 1041
181.212.43.89 - - [03/Nov/2021:17:11:10 -0300] "GET /cormun/servlet/trpermisosadjuntos?7837249,20211103165614,P, HTTP/1.1" 200 6794
190.171.141.90 - - [03/Nov/2021:17:11:11 -0300] "GET /cormun/servlet/hhome HTTP/1.1" 200 3969
181.212.43.89 - - [03/Nov/2021:17:11:11 -0300] "GET /cormun/servlet/trpermisosadjuntos?7837249,20211103165614,P, HTTP/1.1" 200 6789
181.212.43.89 - - [03/Nov/2021:17:11:13 -0300] "POST /cormun/servlet/trpermisosadjuntos?444a6a6f82db9e3851cf409506ee27ca,7837249,20211103165614,P,,gx-no-cache=1635969572838 HTTP/1.1" 200 90
181.212.43.89 - - [03/Nov/2021:17:11:13 -0300] "GET /cormun/servlet/hpexe_link HTTP/1.1" 200 1009
181.212.43.89 - - [03/Nov/2021:17:11:14 -0300] "GET /cormun/servlet/trpermisosgoce?gx-no-cache=1635968774652 HTTP/1.1" 200 12253
190.171.141.90 - - [03/Nov/2021:17:11:14 -0300] "GET /cormun/servlet/trlicencias? HTTP/1.1" 200 16627
181.212.43.89 - - [03/Nov/2021:17:11:15 -0300] "GET /cormun/servlet/trpermisosgoce?gx-no-cache=1635968774652 HTTP/1.1" 200 12288
190.171.141.90 - - [03/Nov/2021:17:11:15 -0300] "GET /cormun/servlet/trlicencias? HTTP/1.1" 200 16621
181.212.43.89 - - [03/Nov/2021:17:11:17 -0300] "POST /cormun/servlet/trpermisosgoce?444a6a6f82db9e3851cf409506ee27ca,gx-no-cache=1635968774652,gx-no-cache=1635969576259 HTTP/1.1" 200 9422
181.212.43.89 - - [03/Nov/2021:17:11:17 -0300] "GET /cormun/static/Shared/jqueryui/images/ui-bg_highlight-soft_100_c6c2c8_1x100.png HTTP/1.1" 404 1117
181.212.43.89 - - [03/Nov/2021:17:11:17 -0300] "GET /cormun/static/Shared/jqueryui/images/ui-icons_82798d_256x240.png HTTP/1.1" 404 1089
181.212.43.89 - - [03/Nov/2021:17:11:17 -0300] "GET /cormun/static/Shared/jqueryui/images/ui-bg_flat_55_fafafa_40x100.png HTTP/1.1" 404 1097
181.212.43.89 - - [03/Nov/2021:17:11:17 -0300] "GET /cormun/static/Shared/jqueryui/images/ui-icons_8d78a5_256x240.png HTTP/1.1" 404 1089
181.212.43.89 - - [03/Nov/2021:17:11:26 -0300] "GET /cormun/servlet/permisogoce?INS,0,,, HTTP/1.1" 200 6876
181.212.43.89 - - [03/Nov/2021:17:11:27 -0300] "GET /cormun/servlet/permisogoce?INS,0,,, HTTP/1.1" 200 6854
205.185.121.173 - - [03/Nov/2021:17:11:27 -0300] "GET /manager/html HTTP/1.1" 401 2474
181.212.43.89 - - [03/Nov/2021:17:11:32 -0300] "GET /cormun/servlet/permisogoce?2f18d8a84c2304ab13de1e477c904f1f1d5f4155cee4a550928b1264d5eb9fc622cea23d9551e7e1b00b130c791dd076f1e601b45d1c071b71cb5021e288a1ca,gx-no-cache=1635969591346 HTTP/1.1" 200 80
181.212.43.89 - - [03/Nov/2021:17:11:37 -0300] "GET /cormun/static/menuarrow.gif HTTP/1.1" 404 1015
190.171.141.90 - - [03/Nov/2021:17:11:41 -0300] "GET /cormun/static/menuarrow.gif HTTP/1.1" 404 1015
181.212.43.89 - - [03/Nov/2021:17:11:42 -0300] "GET /cormun/servlet/permisogoce?2f18d8a84c2304ab13de1e477c904f1fdd9aee9e6a0da1bafc605a72bf2be688182fed9dc6090ec461d8a6e3d4c3191fb05284989a8f22362710ae4570c17a7d,gx-no-cache=1635969601158 HTTP/1.1" 200 46
190.171.141.90 - - [03/Nov/2021:17:11:50 -0300] "POST /cormun/servlet/trlicencias?a0ce4a2d5bdd165e21c09551055f62dc,,gx-no-cache=1635969608460 HTTP/1.1" 200 5931
181.212.43.89 - - [03/Nov/2021:17:11:52 -0300] "POST /cormun/servlet/permisogoce?444a6a6f82db9e3851cf409506ee27ca,INS,0,,,,gx-no-cache=1635969611611 HTTP/1.1" 200 93
181.212.43.89 - - [03/Nov/2021:17:11:52 -0300] "GET /cormun/servlet/hpexe_return? HTTP/1.1" 200 1035
181.212.43.89 - - [03/Nov/2021:17:11:53 -0300] "GET /cormun/servlet/trpermisosgoce?gx-no-cache=1635968774652 HTTP/1.1" 200 12524
181.212.43.89 - - [03/Nov/2021:17:11:53 -0300] "GET /cormun/servlet/trpermisosgoce?gx-no-cache=1635968774652 HTTP/1.1" 200 12540
181.212.43.89 - - [03/Nov/2021:17:11:57 -0300] "GET /cormun/servlet/apermisogoceprn?15465221,P,20211103165725,PU HTTP/1.1" 200 1669
181.212.43.89 - - [03/Nov/2021:17:12:04 -0300] "GET /cormun/servlet/trpermisosadjuntos?15465221,20211103165725,P, HTTP/1.1" 200 6337
181.212.43.89 - - [03/Nov/2021:17:12:05 -0300] "GET /cormun/servlet/trpermisosadjuntos?15465221,20211103165725,P, HTTP/1.1" 200 6316
181.212.43.89 - - [03/Nov/2021:17:12:07 -0300] "GET /cormun/servlet/permisosadjuntos?INS,15465221,P,20211103165725,, HTTP/1.1" 200 5635
181.212.43.89 - - [03/Nov/2021:17:12:07 -0300] "GET /cormun/static/about:blank HTTP/1.1" 404 1011
181.212.43.89 - - [03/Nov/2021:17:12:08 -0300] "GET /cormun/servlet/permisosadjuntos?INS,15465221,P,20211103165725,, HTTP/1.1" 200 5625
181.212.43.89 - - [03/Nov/2021:17:12:18 -0300] "POST /cormun/servlet/permisosadjuntos?444a6a6f82db9e3851cf409506ee27ca,INS,15465221,P,20211103165725,, HTTP/1.1" 200 116
181.212.43.89 - - [03/Nov/2021:17:12:18 -0300] "GET /cormun/servlet/hpexe_return? HTTP/1.1" 200 1042
181.212.43.89 - - [03/Nov/2021:17:12:19 -0300] "GET /cormun/servlet/trpermisosadjuntos?15465221,20211103165725,P, HTTP/1.1" 200 6794
181.212.43.89 - - [03/Nov/2021:17:12:19 -0300] "GET /cormun/servlet/trpermisosadjuntos?15465221,20211103165725,P, HTTP/1.1" 200 6790
181.212.43.89 - - [03/Nov/2021:17:12:22 -0300] "POST /cormun/servlet/trpermisosadjuntos?444a6a6f82db9e3851cf409506ee27ca,15465221,20211103165725,P,,gx-no-cache=1635969641430 HTTP/1.1" 200 90
181.212.43.89 - - [03/Nov/2021:17:12:22 -0300] "GET /cormun/servlet/hpexe_link HTTP/1.1" 200 1009
181.212.43.89 - - [03/Nov/2021:17:12:22 -0300] "GET /cormun/servlet/trpermisosgoce?gx-no-cache=1635968774652 HTTP/1.1" 200 12519
181.212.43.89 - - [03/Nov/2021:17:12:23 -0300] "GET /cormun/servlet/trpermisosgoce?gx-no-cache=1635968774652 HTTP/1.1" 200 12529
181.212.43.89 - - [03/Nov/2021:17:12:26 -0300] "POST /cormun/servlet/trpermisosgoce?444a6a6f82db9e3851cf409506ee27ca,gx-no-cache=1635968774652,gx-no-cache=1635969645771 HTTP/1.1" 200 9684
200.60.27.131 - - [03/Nov/2021:17:12:33 -0300] "GET /manager/html HTTP/1.1" 401 2474
190.171.141.90 - - [03/Nov/2021:17:12:41 -0300] "GET /cormun/servlet/licenciaspermisos?DSP,15430732,L,20211102000000, HTTP/1.1" 200 7068
190.171.141.90 - - [03/Nov/2021:17:12:42 -0300] "GET /cormun/servlet/licenciaspermisos?DSP,15430732,L,20211102000000, HTTP/1.1" 200 7069
190.171.141.82 - - [03/Nov/2021:17:12:47 -0300] "GET /cormun/servlet/hlogin HTTP/1.1" 200 1741
190.171.141.90 - - [03/Nov/2021:17:12:48 -0300] "GET /cormun/servlet/trlicencias? HTTP/1.1" 200 8559
190.171.141.90 - - [03/Nov/2021:17:12:49 -0300] "GET /cormun/servlet/trlicencias? HTTP/1.1" 200 8556
190.171.141.90 - - [03/Nov/2021:17:14:03 -0300] "POST /cormun/servlet/trlicencias?a0ce4a2d5bdd165e21c09551055f62dc,,gx-no-cache=1635969741432 HTTP/1.1" 200 18545
190.171.141.90 - - [03/Nov/2021:17:14:36 -0300] "GET /cormun/servlet/licenciaspermisos?DSP,10045824,L,20211026000000, HTTP/1.1" 200 7072
190.171.141.90 - - [03/Nov/2021:17:14:37 -0300] "GET /cormun/servlet/licenciaspermisos?DSP,10045824,L,20211026000000, HTTP/1.1" 200 7072
200.60.27.131 - - [03/Nov/2021:17:14:55 -0300] "GET /manager/html HTTP/1.1" 401 2474
192.168.10.96 - - [03/Nov/2021:17:17:11 -0300] "GET /cormun/servlet/trsolicitudgral? HTTP/1.1" 200 10845
192.168.10.96 - - [03/Nov/2021:17:17:11 -0300] "GET /cormun/servlet/trsolicitudgral? HTTP/1.1" 200 10845
192.168.10.96 - - [03/Nov/2021:17:17:14 -0300] "POST /cormun/servlet/trsolicitudgral?495dc79ee461cca7cdad8b4017b17510,,gx-no-cache=1635969792573 HTTP/1.1" 200 26652
200.60.27.131 - - [03/Nov/2021:17:17:19 -0300] "GET /manager/html HTTP/1.1" 401 2474
192.168.10.96 - - [03/Nov/2021:17:17:37 -0300] "POST /cormun/servlet/trsolicitudgral?495dc79ee461cca7cdad8b4017b17510,,gx-no-cache=1635969815832 HTTP/1.1" 200 26656
192.168.10.96 - - [03/Nov/2021:17:17:39 -0300] "GET /cormun/servlet/trautorizarot? HTTP/1.1" 200 8103
192.168.10.96 - - [03/Nov/2021:17:17:40 -0300] "GET /cormun/servlet/trautorizarot? HTTP/1.1" 200 8102
192.168.10.96 - - [03/Nov/2021:17:17:49 -0300] "POST /cormun/servlet/trautorizarot?495dc79ee461cca7cdad8b4017b17510,,gx-no-cache=1635969828431 HTTP/1.1" 200 5154
192.168.10.96 - - [03/Nov/2021:17:17:52 -0300] "GET /cormun/servlet/trsolicitudgral? HTTP/1.1" 200 28926
192.168.10.96 - - [03/Nov/2021:17:17:53 -0300] "GET /cormun/servlet/trsolicitudgral? HTTP/1.1" 200 28926
192.168.10.96 - - [03/Nov/2021:17:17:58 -0300] "POST /cormun/servlet/trsolicitudgral?495dc79ee461cca7cdad8b4017b17510,,gx-no-cache=1635969837105 HTTP/1.1" 200 26660
192.168.10.96 - - [03/Nov/2021:17:18:00 -0300] "GET /cormun/servlet/trautorizarot? HTTP/1.1" 200 8103
192.168.10.96 - - [03/Nov/2021:17:18:00 -0300] "GET /cormun/servlet/trautorizarot? HTTP/1.1" 200 8102
192.168.10.96 - - [03/Nov/2021:17:18:05 -0300] "POST /cormun/servlet/trautorizarot?495dc79ee461cca7cdad8b4017b17510,,gx-no-cache=1635969844305 HTTP/1.1" 200 5154
192.168.10.96 - - [03/Nov/2021:17:18:44 -0300] "POST /cormun/servlet/trautorizarot?495dc79ee461cca7cdad8b4017b17510,,gx-no-cache=1635969883322 HTTP/1.1" 200 5157
192.168.10.96 - - [03/Nov/2021:17:18:48 -0300] "GET /cormun/servlet/trsolicitudgral? HTTP/1.1" 200 28926
192.168.10.96 - - [03/Nov/2021:17:18:49 -0300] "GET /cormun/servlet/trsolicitudgral? HTTP/1.1" 200 28926
192.168.10.96 - - [03/Nov/2021:17:18:55 -0300] "POST /cormun/servlet/trsolicitudgral?495dc79ee461cca7cdad8b4017b17510,,gx-no-cache=1635969893480 HTTP/1.1" 200 26659
192.168.10.96 - - [03/Nov/2021:17:19:00 -0300] "GET /cormun/servlet/trsolicitudgral? HTTP/1.1" 200 28926
192.168.10.96 - - [03/Nov/2021:17:19:01 -0300] "GET /cormun/servlet/trsolicitudgral? HTTP/1.1" 200 28926
192.168.10.96 - - [03/Nov/2021:17:19:09 -0300] "GET /cormun/servlet/vesolicitudgral?2021,17650,, HTTP/1.1" 200 8369
192.168.10.96 - - [03/Nov/2021:17:19:09 -0300] "GET /cormun/pexe_scrolldiv.js HTTP/1.1" 404 1009
192.168.10.96 - - [03/Nov/2021:17:19:09 -0300] "GET /cormun/pexe_scrolldiv.js HTTP/1.1" 404 1009
192.168.10.96 - - [03/Nov/2021:17:19:10 -0300] "GET /cormun/servlet/vesolicitudgral?2021,17650,, HTTP/1.1" 200 8368
200.60.27.131 - - [03/Nov/2021:17:19:41 -0300] "GET /manager/html HTTP/1.1" 401 2474
205.185.121.173 - - [03/Nov/2021:17:20:08 -0300] "GET /manager/html HTTP/1.1" 401 2474
192.168.10.96 - - [03/Nov/2021:17:20:21 -0300] "GET /cormun/servlet/trsolicitudgral? HTTP/1.1" 200 28927
192.168.10.96 - - [03/Nov/2021:17:20:22 -0300] "GET /cormun/servlet/trsolicitudgral? HTTP/1.1" 200 28926
192.168.10.96 - - [03/Nov/2021:17:20:27 -0300] "GET /cormun/servlet/vesolicitudgral?2021,17651,, HTTP/1.1" 200 8323
192.168.10.96 - - [03/Nov/2021:17:20:27 -0300] "GET /cormun/pexe_scrolldiv.js HTTP/1.1" 404 1009
192.168.10.96 - - [03/Nov/2021:17:20:27 -0300] "GET /cormun/servlet/vesolicitudgral?2021,17651,, HTTP/1.1" 200 8322
190.171.142.10 - - [03/Nov/2021:17:20:46 -0300] "GET /cormun/servlet/hlogin HTTP/1.1" 200 1726
190.171.142.10 - - [03/Nov/2021:17:20:47 -0300] "GET /cormun/servlet/hlogin HTTP/1.1" 200 1737
192.168.10.96 - - [03/Nov/2021:17:20:56 -0300] "POST /cormun/servlet/vesolicitudgral?495dc79ee461cca7cdad8b4017b17510,2021,17651,,,gx-no-cache=1635970015188 HTTP/1.1" 200 90
192.168.10.96 - - [03/Nov/2021:17:20:56 -0300] "GET /cormun/servlet/hpexe_link HTTP/1.1" 200 971
192.168.10.96 - - [03/Nov/2021:17:20:57 -0300] "GET /cormun/servlet/trsolicitudgral HTTP/1.1" 200 28928
192.168.10.96 - - [03/Nov/2021:17:20:58 -0300] "GET /cormun/servlet/trsolicitudgral HTTP/1.1" 200 28926
190.171.142.10 - - [03/Nov/2021:17:21:00 -0300] "POST /cormun/servlet/hlogin?d67b75122bba1cf3ead9acba3155d61b,gx-no-cache=1635970158841 HTTP/1.1" 200 90
190.171.142.10 - - [03/Nov/2021:17:21:00 -0300] "GET /cormun/servlet/hpexe_link HTTP/1.1" 200 954
190.171.142.10 - - [03/Nov/2021:17:21:01 -0300] "GET /cormun/servlet/hhome HTTP/1.1" 200 4223
190.171.142.10 - - [03/Nov/2021:17:21:03 -0300] "GET /cormun/servlet/hhome HTTP/1.1" 200 4219
192.168.10.96 - - [03/Nov/2021:17:21:06 -0300] "GET /cormun/servlet/vesolicitudgral?2021,17652,, HTTP/1.1" 200 8328
192.168.10.96 - - [03/Nov/2021:17:21:06 -0300] "GET /cormun/pexe_scrolldiv.js HTTP/1.1" 404 1009
192.168.10.96 - - [03/Nov/2021:17:21:06 -0300] "GET /cormun/servlet/vesolicitudgral?2021,17652,, HTTP/1.1" 200 8327
200.60.27.131 - - [03/Nov/2021:17:22:07 -0300] "GET /manager/html HTTP/1.1" 401 2474
192.168.10.96 - - [03/Nov/2021:17:23:30 -0300] "GET /cormun/servlet/trsolicitudgral? HTTP/1.1" 200 28927
192.168.10.96 - - [03/Nov/2021:17:23:31 -0300] "GET /cormun/servlet/trsolicitudgral? HTTP/1.1" 200 28926
192.168.10.96 - - [03/Nov/2021:17:23:39 -0300] "GET /cormun/servlet/vesolicitudgral?2021,17654,, HTTP/1.1" 200 8339
192.168.10.96 - - [03/Nov/2021:17:23:40 -0300] "GET /cormun/pexe_scrolldiv.js HTTP/1.1" 404 1009
192.168.10.96 - - [03/Nov/2021:17:23:40 -0300] "GET /cormun/pexe_scrolldiv.js HTTP/1.1" 404 1009
192.168.10.96 - - [03/Nov/2021:17:23:40 -0300] "GET /cormun/servlet/vesolicitudgral?2021,17654,, HTTP/1.1" 200 8338
200.60.27.131 - - [03/Nov/2021:17:24:24 -0300] "GET /manager/html HTTP/1.1" 401 2474
190.171.143.82 - - [03/Nov/2021:17:25:52 -0300] "GET /cormun/servlet/hlogin HTTP/1.1" 200 1728
190.171.143.82 - - [03/Nov/2021:17:25:53 -0300] "GET /cormun/servlet/hlogin HTTP/1.1" 200 1739
190.171.143.82 - - [03/Nov/2021:17:25:54 -0300] "GET /favicon.ico HTTP/1.1" 200 21630
190.171.143.82 - - [03/Nov/2021:17:26:08 -0300] "POST /cormun/servlet/hlogin?96076fb1a3ec0d6cad44010cc8c3797f,gx-no-cache=1635970467044 HTTP/1.1" 200 90
190.171.143.82 - - [03/Nov/2021:17:26:08 -0300] "GET /cormun/servlet/hpexe_link HTTP/1.1" 200 953
190.171.143.82 - - [03/Nov/2021:17:26:09 -0300] "GET /cormun/servlet/hhome HTTP/1.1" 200 4353
190.171.143.82 - - [03/Nov/2021:17:26:10 -0300] "GET /cormun/servlet/hhome HTTP/1.1" 200 4350
200.60.27.131 - - [03/Nov/2021:17:26:43 -0300] "GET /manager/html HTTP/1.1" 401 2474
190.171.142.10 - - [03/Nov/2021:17:27:00 -0300] "GET /cormun/servlet/trlicencias? HTTP/1.1" 200 11111
190.171.142.10 - - [03/Nov/2021:17:27:02 -0300] "GET /cormun/servlet/trlicencias? HTTP/1.1" 200 11112
190.171.142.10 - - [03/Nov/2021:17:27:05 -0300] "POST /cormun/servlet/trlicencias?d67b75122bba1cf3ead9acba3155d61b,,gx-no-cache=1635970523371 HTTP/1.1" 200 8718
190.171.141.90 - - [03/Nov/2021:17:28:21 -0300] "GET /cormun/servlet/hlogin HTTP/1.1" 200 1727
190.171.141.90 - - [03/Nov/2021:17:28:27 -0300] "POST /cormun/servlet/hlogin?a0ce4a2d5bdd165e21c09551055f62dc,gx-no-cache=1635970605130 HTTP/1.1" 200 90
