190.171.141.82 - - [03/Nov/2021:13:21:53 -0300] "GET /cormun/servlet/permisogoce?3a432c3d85377ab3436deb92cd73facd741a25188b9256e8e6b237bf55afb4bfbe82d552bbf8ee69b8e0cff186d236fa832b51a73bbb9669dcc56ccf6c580762,gx-no-cache=1635955813081 HTTP/1.1" 200 46
200.54.107.2 - - [03/Nov/2021:13:22:08 -0300] "GET /cormun/servlet/permisogoce?INS,0,,, HTTP/1.1" 200 7247
200.54.107.2 - - [03/Nov/2021:13:22:09 -0300] "GET /cormun/servlet/permisogoce?INS,0,,, HTTP/1.1" 200 7247
190.171.141.82 - - [03/Nov/2021:13:22:13 -0300] "POST /cormun/servlet/permisogoce?db7021ab0bee8cf423bac1bcd087c26e,INS,0,,,,gx-no-cache=1635955832657 HTTP/1.1" 200 93
190.171.141.82 - - [03/Nov/2021:13:22:14 -0300] "GET /cormun/servlet/hpexe_return? HTTP/1.1" 200 1008
190.171.141.82 - - [03/Nov/2021:13:22:14 -0300] "GET /cormun/servlet/trpermisosgoce HTTP/1.1" 200 12554
190.171.141.82 - - [03/Nov/2021:13:22:16 -0300] "GET /cormun/servlet/trpermisosgoce HTTP/1.1" 200 12549
190.171.141.106 - - [03/Nov/2021:13:22:20 -0300] "POST /cormun/servlet/solicitudot?ad89313ab47fcf8fa9d8a30981a0e1ed,INS,0,0,false,,gx-no-cache=1635955869660 HTTP/1.1" 200 93
190.171.141.82 - - [03/Nov/2021:13:22:20 -0300] "GET /cormun/servlet/permisogoce?INS,0,,, HTTP/1.1" 200 6812
190.171.141.106 - - [03/Nov/2021:13:22:21 -0300] "GET /cormun/servlet/hpexe_return? HTTP/1.1" 200 1005
190.171.141.106 - - [03/Nov/2021:13:22:21 -0300] "GET /cormun/static/gxcfg.js?201991422392976 HTTP/1.1" 200 953
190.171.141.106 - - [03/Nov/2021:13:22:21 -0300] "GET /cormun/static/hpexe_return.js?201991422392984 HTTP/1.1" 200 1633
190.171.141.106 - - [03/Nov/2021:13:22:21 -0300] "GET /cormun/servlet/trsolicitudot HTTP/1.1" 200 8861
190.171.141.106 - - [03/Nov/2021:13:22:21 -0300] "GET /cormun//static/Resources/PXToolsActionView.png HTTP/1.1" 200 398
190.171.141.106 - - [03/Nov/2021:13:22:21 -0300] "GET /cormun//static/Resources/PXToolsGridUpdate.png HTTP/1.1" 200 470
190.171.141.106 - - [03/Nov/2021:13:22:21 -0300] "GET /cormun//static/Resources/PXToolsGridDelete.png HTTP/1.1" 200 538
190.171.141.106 - - [03/Nov/2021:13:22:21 -0300] "GET /cormun//static/Resources/PXToolsRemoveAllAction.png HTTP/1.1" 200 487
190.171.141.106 - - [03/Nov/2021:13:22:21 -0300] "GET /cormun/servlet/trsolicitudot HTTP/1.1" 200 8857
190.171.141.82 - - [03/Nov/2021:13:22:22 -0300] "GET /cormun/servlet/permisogoce?INS,0,,, HTTP/1.1" 200 6812
200.54.107.2 - - [03/Nov/2021:13:22:32 -0300] "GET /cormun/servlet/permisogoce?03fd7f1cf94b3b035ee55d251bdbc04d347cc5d6ca5c88131d2bfaf911dc690bcb157c596d104a3d0d157fc3b4eacfb16308d90eb718d0ff107823e0955408a0,gx-no-cache=1635955851409 HTTP/1.1" 200 76
200.54.107.2 - - [03/Nov/2021:13:22:32 -0300] "GET /cormun/static/menuarrow.gif HTTP/1.1" 404 1015
205.185.121.173 - - [03/Nov/2021:13:22:33 -0300] "GET /manager/html HTTP/1.1" 401 2474
190.171.141.82 - - [03/Nov/2021:13:22:39 -0300] "GET /cormun/servlet/permisogoce?3a432c3d85377ab3436deb92cd73facd19ca61da0c429c5e5342ddb7a22a01403c91fe73698434a0511851f38ef838b42ce1a9c426303c82f8ce5697a273bffb,gx-no-cache=1635955858157 HTTP/1.1" 200 80
190.171.141.106 - - [03/Nov/2021:13:22:47 -0300] "GET /cormun/servlet/solicitudot?INS,0,0,false, HTTP/1.1" 200 15852
190.171.141.106 - - [03/Nov/2021:13:22:47 -0300] "GET /cormun/servlet/solicitudot?INS,0,0,false, HTTP/1.1" 200 15859
190.171.141.82 - - [03/Nov/2021:13:22:58 -0300] "GET /cormun/servlet/permisogoce?3a432c3d85377ab3436deb92cd73facd2143e756189453c5b05cd769e2179dfc7f8e9cc55f19f2a7436b692cc68d593a832b51a73bbb9669dcc56ccf6c580762,gx-no-cache=1635955877385 HTTP/1.1" 200 46
200.54.107.2 - - [03/Nov/2021:13:23:10 -0300] "GET /cormun/servlet/permisogoce?03fd7f1cf94b3b035ee55d251bdbc04d92678e8addff0a67ea0a2aad8030c4a288df4489d1d028a8724eb16653bebf1b6326dc752377cd7e8646632c44adc33f,gx-no-cache=1635955888920 HTTP/1.1" 200 45
200.54.107.2 - - [03/Nov/2021:13:23:20 -0300] "POST /cormun/servlet/permisogoce?a9d11fc05fe1c3914b036555115854f0,INS,0,,,,gx-no-cache=1635955899132 HTTP/1.1" 200 93
200.54.107.2 - - [03/Nov/2021:13:23:20 -0300] "GET /cormun/servlet/hpexe_return? HTTP/1.1" 200 1012
200.54.107.2 - - [03/Nov/2021:13:23:21 -0300] "GET /cormun/servlet/trpermisosgoce HTTP/1.1" 200 10990
200.54.107.2 - - [03/Nov/2021:13:23:21 -0300] "GET /cormun/servlet/trpermisosgoce HTTP/1.1" 200 10989
200.54.107.2 - - [03/Nov/2021:13:23:26 -0300] "GET /cormun/servlet/apermisogoceprn?10392568,P,20211103130807,PU HTTP/1.1" 200 1654
190.171.141.82 - - [03/Nov/2021:13:24:08 -0300] "POST /cormun/servlet/permisogoce?db7021ab0bee8cf423bac1bcd087c26e,INS,0,,,,gx-no-cache=1635955947475 HTTP/1.1" 200 93
190.171.141.82 - - [03/Nov/2021:13:24:08 -0300] "GET /cormun/servlet/hpexe_return? HTTP/1.1" 200 1008
190.171.141.82 - - [03/Nov/2021:13:24:09 -0300] "GET /cormun/servlet/trpermisosgoce HTTP/1.1" 200 12809
190.171.141.82 - - [03/Nov/2021:13:24:11 -0300] "GET /cormun/servlet/trpermisosgoce HTTP/1.1" 200 12773
190.171.141.82 - - [03/Nov/2021:13:24:14 -0300] "GET /cormun/servlet/permisogoce?INS,0,,, HTTP/1.1" 200 6811
190.171.141.82 - - [03/Nov/2021:13:24:15 -0300] "GET /cormun/servlet/permisogoce?INS,0,,, HTTP/1.1" 200 6811
190.171.141.82 - - [03/Nov/2021:13:24:40 -0300] "GET /cormun/servlet/permisogoce?3a432c3d85377ab3436deb92cd73facd996c43a3763bb073d65a88e4edc1e72d3c91fe73698434a0511851f38ef838b42ce1a9c426303c82f8ce5697a273bffb,gx-no-cache=1635955979656 HTTP/1.1" 200 80
190.171.141.82 - - [03/Nov/2021:13:24:53 -0300] "GET /cormun/servlet/permisogoce?3a432c3d85377ab3436deb92cd73facd8d5f3738ab8cb6b53fa50d2574fb94d9d2fe72bd74f0a34a71950ed425fadd53832b51a73bbb9669dcc56ccf6c580762,gx-no-cache=1635955992532 HTTP/1.1" 200 46
190.171.141.106 - - [03/Nov/2021:13:25:00 -0300] "GET /cormun/servlet/hhome HTTP/1.1" 200 3316
190.171.141.106 - - [03/Nov/2021:13:25:01 -0300] "GET /cormun/servlet/hhome HTTP/1.1" 200 3326
190.171.141.106 - - [03/Nov/2021:13:25:01 -0300] "GET /cormun/servlet/hlogin HTTP/1.1" 200 1741
190.171.141.106 - - [03/Nov/2021:13:25:05 -0300] "POST /cormun/servlet/hlogin?560e57e80a8484aa91d1d2626ffaf965,gx-no-cache=1635956034778 HTTP/1.1" 200 90
190.171.141.106 - - [03/Nov/2021:13:25:05 -0300] "GET /cormun/servlet/hpexe_link HTTP/1.1" 200 954
190.171.141.106 - - [03/Nov/2021:13:25:06 -0300] "GET /cormun/servlet/hhome HTTP/1.1" 200 4230
190.171.141.106 - - [03/Nov/2021:13:25:06 -0300] "GET /cormun/servlet/hhome HTTP/1.1" 200 4226
190.171.141.106 - - [03/Nov/2021:13:25:10 -0300] "GET /cormun/servlet/trsolicitudot? HTTP/1.1" 200 8865
190.171.141.106 - - [03/Nov/2021:13:25:11 -0300] "GET /cormun/servlet/trsolicitudot? HTTP/1.1" 200 8863
190.171.141.106 - - [03/Nov/2021:13:25:36 -0300] "GET /cormun/servlet/solicitudot?INS,0,0,false, HTTP/1.1" 200 15852
190.171.141.106 - - [03/Nov/2021:13:25:37 -0300] "GET /cormun/servlet/solicitudot?INS,0,0,false, HTTP/1.1" 200 15860
66.249.70.115 - - [03/Nov/2021:13:25:53 -0300] "GET /robots.txt HTTP/1.1" 404 981
66.249.70.115 - - [03/Nov/2021:13:25:53 -0300] "GET /cormun/servlet/hlogin HTTP/1.1" 200 1725
190.171.141.106 - - [03/Nov/2021:13:25:58 -0300] "POST /cormun/servlet/solicitudot?gx-no-cache=1635956088046 HTTP/1.1" 200 3890
190.171.141.106 - - [03/Nov/2021:13:25:59 -0300] "POST /cormun/servlet/solicitudot?560e57e80a8484aa91d1d2626ffaf965,INS,0,0,false,,gx-no-cache=1635956088193 HTTP/1.1" 200 12663
190.171.141.114 - - [03/Nov/2021:13:26:47 -0300] "GET /cormun/servlet/trvisualizadoreventos? HTTP/1.1" 200 6538
190.171.141.114 - - [03/Nov/2021:13:26:49 -0300] "GET /cormun/servlet/trvisualizadoreventos? HTTP/1.1" 200 6549
190.171.141.106 - - [03/Nov/2021:13:26:59 -0300] "GET /cormun/servlet/solicitudot?1fb02c839b98f09aab4a6a85a052debf07f9a7436ddcb1447f00b373788d08d99a9deff582226b586c7b64c3b59bf089,gx-no-cache=1635956148565 HTTP/1.1" 200 30
190.171.141.114 - - [03/Nov/2021:13:27:01 -0300] "GET /cormun/servlet/hlogin HTTP/1.1" 200 1747
190.171.141.82 - - [03/Nov/2021:13:27:08 -0300] "GET /cormun/servlet/permisogoce?3a432c3d85377ab3436deb92cd73facd819daa8d5fce9f1f3a3924cb6dfe4d51e28539f11c132bae6c9b8666cdccc4f1fcc0ac51fb181aca59228f628a663ace1c8d8741363d70b6d85d3c977ea4962958d5fc51d4b4ab6a4f6a1d3f632bcc79c93971e4b3b42e71917e86fe54c8bbdf,gx-no-cache=1635956127484 HTTP/1.1" 200 87
190.171.141.82 - - [03/Nov/2021:13:27:17 -0300] "GET /cormun/servlet/permisogoce?3a432c3d85377ab3436deb92cd73facd878eff4ffd7446fd14096d94964f370fa9360c2a36c34dc87ed9d9f35149ea95b8676d2593d1c2b90718486661f998cc,gx-no-cache=1635956136821 HTTP/1.1" 200 46
190.171.149.90 - - [03/Nov/2021:13:27:32 -0300] "GET /cormun/servlet/trlicencias? HTTP/1.1" 200 9515
190.171.149.90 - - [03/Nov/2021:13:27:32 -0300] "GET /cormun/static/gxcfg.js?2020121613995 HTTP/1.1" 200 953
190.171.141.82 - - [03/Nov/2021:13:27:44 -0300] "POST /cormun/servlet/permisogoce?db7021ab0bee8cf423bac1bcd087c26e,INS,0,,,,gx-no-cache=1635956163582 HTTP/1.1" 200 93
190.171.141.82 - - [03/Nov/2021:13:27:44 -0300] "GET /cormun/servlet/hpexe_return? HTTP/1.1" 200 1008
190.171.141.82 - - [03/Nov/2021:13:27:45 -0300] "GET /cormun/servlet/trpermisosgoce HTTP/1.1" 200 13012
190.171.141.82 - - [03/Nov/2021:13:27:47 -0300] "GET /cormun/servlet/trpermisosgoce HTTP/1.1" 200 13007
190.171.141.82 - - [03/Nov/2021:13:27:54 -0300] "GET /cormun/servlet/permisogoce?INS,0,,, HTTP/1.1" 200 6811
190.171.141.82 - - [03/Nov/2021:13:27:56 -0300] "GET /cormun/servlet/permisogoce?INS,0,,, HTTP/1.1" 200 6811
190.171.141.106 - - [03/Nov/2021:13:28:07 -0300] "GET /cormun/servlet/solicitudot?1fb02c839b98f09aab4a6a85a052debf303977f2c5ca4c369ac024c286f0a4c70288054f2a8737a300501a4f8fa3fa2a705a7aa26b7cacc6584c1a1eab63244f,gx-no-cache=1635956216898 HTTP/1.1" 200 30
190.171.141.106 - - [03/Nov/2021:13:28:07 -0300] "GET /cormun/servlet/solicitudot?1fb02c839b98f09aab4a6a85a052debfa69fa100b03724480fc49ea71c16befb,gx-no-cache=1635956216987 HTTP/1.1" 200 53
190.171.141.114 - - [03/Nov/2021:13:28:14 -0300] "GET /cormun/servlet/trbonoreemplazo? HTTP/1.1" 500 10
190.171.141.106 - - [03/Nov/2021:13:28:15 -0300] "POST /cormun/servlet/solicitudot?560e57e80a8484aa91d1d2626ffaf965,INS,0,0,false,,gx-no-cache=1635956224116 HTTP/1.1" 200 13034
190.171.141.106 - - [03/Nov/2021:13:28:15 -0300] "GET /cormun/static/Shared/jqueryui/images/ui-bg_highlight-soft_100_c6c2c8_1x100.png HTTP/1.1" 404 1117
190.171.141.106 - - [03/Nov/2021:13:28:15 -0300] "GET /cormun/static/Shared/jqueryui/images/ui-icons_82798d_256x240.png HTTP/1.1" 404 1089
190.171.141.106 - - [03/Nov/2021:13:28:15 -0300] "GET /cormun/static/Shared/jqueryui/images/ui-bg_flat_55_994d53_40x100.png HTTP/1.1" 404 1097
190.171.141.106 - - [03/Nov/2021:13:28:15 -0300] "GET /cormun/static/Shared/jqueryui/images/ui-icons_ebccce_256x240.png HTTP/1.1" 404 1089
190.171.141.114 - - [03/Nov/2021:13:28:28 -0300] "GET /cormun/servlet/tratrazos? HTTP/1.1" 200 6196
190.171.141.114 - - [03/Nov/2021:13:28:31 -0300] "GET /cormun/servlet/tratrazos? HTTP/1.1" 200 6188
190.171.141.114 - - [03/Nov/2021:13:28:31 -0300] "GET /cormun/servlet/hlogin HTTP/1.1" 200 1740
190.171.141.106 - - [03/Nov/2021:13:30:43 -0300] "GET /cormun/servlet/hhome HTTP/1.1" 200 3316
190.171.141.106 - - [03/Nov/2021:13:30:43 -0300] "GET /cormun/servlet/hhome HTTP/1.1" 200 3326
190.171.141.106 - - [03/Nov/2021:13:30:44 -0300] "GET /cormun/servlet/hlogin HTTP/1.1" 200 1738
190.171.141.106 - - [03/Nov/2021:13:30:48 -0300] "POST /cormun/servlet/hlogin?1b6ade4cc920e0839705202134eb3388,gx-no-cache=1635956377194 HTTP/1.1" 200 90
190.171.141.106 - - [03/Nov/2021:13:30:48 -0300] "GET /cormun/servlet/hpexe_link HTTP/1.1" 200 952
190.171.141.106 - - [03/Nov/2021:13:30:48 -0300] "GET /cormun/servlet/hhome HTTP/1.1" 200 4228
190.171.141.106 - - [03/Nov/2021:13:30:48 -0300] "GET /cormun/servlet/hhome HTTP/1.1" 200 4224
190.171.141.106 - - [03/Nov/2021:13:30:52 -0300] "GET /cormun/servlet/trsolicitudot? HTTP/1.1" 200 8864
190.171.141.106 - - [03/Nov/2021:13:30:52 -0300] "GET /cormun/servlet/trsolicitudot? HTTP/1.1" 200 8862
190.171.141.106 - - [03/Nov/2021:13:30:56 -0300] "GET /cormun/servlet/solicitudot?INS,0,0,false, HTTP/1.1" 200 15855
190.171.141.106 - - [03/Nov/2021:13:30:57 -0300] "GET /cormun/servlet/solicitudot?INS,0,0,false, HTTP/1.1" 200 15862
190.171.141.106 - - [03/Nov/2021:13:31:13 -0300] "POST /cormun/servlet/solicitudot?gx-no-cache=1635956402553 HTTP/1.1" 200 3890
190.171.141.106 - - [03/Nov/2021:13:31:13 -0300] "POST /cormun/servlet/solicitudot?1b6ade4cc920e0839705202134eb3388,INS,0,0,false,,gx-no-cache=1635956402693 HTTP/1.1" 200 12663
190.171.141.106 - - [03/Nov/2021:13:31:19 -0300] "GET /cormun/servlet/solicitudot?10a6c5fa072b8540d8c2edc0bddaca535fa6407f9fec350d06bd5f035549346267ead41d4fd857f5bb0a6e4ec34a4834,gx-no-cache=1635956408243 HTTP/1.1" 200 30
190.171.141.106 - - [03/Nov/2021:13:31:56 -0300] "POST /cormun/servlet/solicitudot?1b6ade4cc920e0839705202134eb3388,INS,0,0,false,,gx-no-cache=1635956445612 HTTP/1.1" 200 13019
190.171.141.106 - - [03/Nov/2021:13:31:56 -0300] "GET /cormun/static/Shared/jqueryui/images/ui-bg_highlight-soft_100_c6c2c8_1x100.png HTTP/1.1" 404 1117
190.171.141.106 - - [03/Nov/2021:13:31:56 -0300] "GET /cormun/static/Shared/jqueryui/images/ui-icons_82798d_256x240.png HTTP/1.1" 404 1089
190.171.141.106 - - [03/Nov/2021:13:31:56 -0300] "GET /cormun/static/Shared/jqueryui/images/ui-bg_flat_55_994d53_40x100.png HTTP/1.1" 404 1097
190.171.141.106 - - [03/Nov/2021:13:31:56 -0300] "GET /cormun/static/Shared/jqueryui/images/ui-icons_ebccce_256x240.png HTTP/1.1" 404 1089
190.171.141.106 - - [03/Nov/2021:13:32:00 -0300] "POST /cormun/servlet/solicitudot?1b6ade4cc920e0839705202134eb3388,INS,0,0,false,,gx-no-cache=1635956449507 HTTP/1.1" 200 13069
205.185.121.173 - - [03/Nov/2021:13:32:18 -0300] "GET /manager/html HTTP/1.1" 401 2474
190.171.141.82 - - [03/Nov/2021:13:32:30 -0300] "GET /cormun/servlet/permisogoce?3a432c3d85377ab3436deb92cd73facdd129b65ef75172674163cfaf248739f4ba3ee5410035f865de90716884bff5c03e0716450050063d73ec04c614932ee3,gx-no-cache=1635956449397 HTTP/1.1" 200 75
190.171.141.82 - - [03/Nov/2021:13:32:43 -0300] "GET /cormun/servlet/permisogoce?3a432c3d85377ab3436deb92cd73facd315b4e3704186b89ef6f5ccae33b3165b818ff680c5f6aae2a8702b7a8a8bfd799f875f81fb5f39beb0a0038e4af4f7c,gx-no-cache=1635956462146 HTTP/1.1" 200 45
190.171.141.82 - - [03/Nov/2021:13:32:49 -0300] "POST /cormun/servlet/permisogoce?db7021ab0bee8cf423bac1bcd087c26e,INS,0,,,,gx-no-cache=1635956468281 HTTP/1.1" 200 93
190.171.141.82 - - [03/Nov/2021:13:32:49 -0300] "GET /cormun/servlet/hpexe_return? HTTP/1.1" 200 1008
190.171.141.82 - - [03/Nov/2021:13:32:50 -0300] "GET /cormun/servlet/trpermisosgoce HTTP/1.1" 200 13235
190.171.141.82 - - [03/Nov/2021:13:32:51 -0300] "GET /cormun/servlet/trpermisosgoce HTTP/1.1" 200 13230
190.171.141.82 - - [03/Nov/2021:13:32:54 -0300] "POST /cormun/servlet/trpermisosgoce?db7021ab0bee8cf423bac1bcd087c26e,gx-no-cache=1635956473730 HTTP/1.1" 200 10328
190.171.141.106 - - [03/Nov/2021:13:32:55 -0300] "GET /cormun/servlet/solicitudot?10a6c5fa072b8540d8c2edc0bddaca534d2f0f8d28805060eec6d47b87ba218fdc2312b698821d27e537d7043564eb782ed0d2651aa29c2a401b15983b964564,gx-no-cache=1635956504935 HTTP/1.1" 200 30
190.171.141.106 - - [03/Nov/2021:13:32:55 -0300] "GET /cormun/servlet/solicitudot?10a6c5fa072b8540d8c2edc0bddaca53645c6d63c673596950ab2096003950938e072dd6e2db73356b8a0337a368e40698908b8126087f7f4a6479220bacfb8357ad110ef10b3e464de1d86cff193b4fc564ae3aeb24b0ab831bfddf966a268b6e05153616fa77a65c89c573a16f253a,gx-no-cache=1635956504979 HTTP/1.1" 200 53
190.171.141.82 - - [03/Nov/2021:13:33:00 -0300] "GET /cormun/servlet/apermisogoceprn?8175791,P,20211103131353,PU HTTP/1.1" 200 1659
190.171.141.106 - - [03/Nov/2021:13:34:04 -0300] "POST /cormun/servlet/solicitudot?gx-no-cache=1635956573812 HTTP/1.1" 200 240
190.171.141.106 - - [03/Nov/2021:13:34:04 -0300] "GET /cormun/servlet/solicitudot?10a6c5fa072b8540d8c2edc0bddaca5370f0072bdcbba07e090bd944126cf4b7552e4243a9bbe746c4db645241f5c85633c1c6ff8f71e034c8b6fce64db20ce2d3fb3131bfa0979a6a09a5095f908d6c6ffc5f04ec7a43b4bda65f184ff97241fa94a394e4ea7531b627f0aa4f3d1a9bed6713f5259e8726bf56a67d002f35caaba9d70e1fdc9a41a28c7e06d00335ab7aa3532adabc067864a480f86c780f9b94dc0e29f05c095ab9d49a1e27b00b75422e3aaf7a3056f166e02d1c3f49e37b510adce633bb75f1f566665be80b7a0fb98e2e9f3094985de362e5a0a52994db49b3db00d87ac859efa71cf3fd5fe3a5ae815d24c8d391def553117b67a2f15aec609267f66f893f62e5109916bb82c55bc36b3053b99ecddb88f644ffd2e0a8d708914165ad448cbbcd026e9352af8e404037839ecc5214fa0ddf792ea24a49b844ec9032e1bdf6b234e849f947f608a80190c9381f09fe9c6a572c26747ab96614791e510fb290e667b2b2902242ecf546f290c3353aea8293c3b632deaef4,gx-no-cache=1635956573890 HTTP/1.1" 200 30
190.171.141.106 - - [03/Nov/2021:13:34:10 -0300] "POST /cormun/servlet/solicitudot?gx-no-cache=1635956579242 HTTP/1.1" 200 30
190.171.141.106 - - [03/Nov/2021:13:34:18 -0300] "POST /cormun/servlet/solicitudot?gx-no-cache=1635956587989 HTTP/1.1" 200 1440
190.171.141.106 - - [03/Nov/2021:13:34:18 -0300] "POST /cormun/servlet/solicitudot?gx-no-cache=1635956588040 HTTP/1.1" 200 38
190.171.141.106 - - [03/Nov/2021:13:34:18 -0300] "GET /cormun/servlet/solicitudot?10a6c5fa072b8540d8c2edc0bddaca538613867577ef9f643b982f3ae3b46e003bf9cf6cad8d3139d9a5f9f166db1230650e482b755b6c76de4171ab58e4755694cdf774532486e973da8a2ae5d9e6438b16ca42096ea530b8b15c079edc363baf9824f6ab3a718cd1b14cf7abb50d8e,gx-no-cache=1635956588070 HTTP/1.1" 200 110
190.171.141.106 - - [03/Nov/2021:13:34:18 -0300] "POST /cormun/servlet/solicitudot?gx-no-cache=1635956588103 HTTP/1.1" 200 110
186.103.156.166 - - [03/Nov/2021:13:34:26 -0300] "GET /cormun/servlet/hlogin HTTP/1.1" 200 1729
190.171.141.106 - - [03/Nov/2021:13:34:35 -0300] "GET /cormun/servlet/solicitudot?10a6c5fa072b8540d8c2edc0bddaca53f9d405cb0daced13ccfba6b3797791880072cc20035b4f8c3fca1529e6901c480702379997827f3514d34608c840a12d7202da2a2dc07246db634b873664539885779e760335e4933f5aa00ae4e3536be1692711b02de81b2b4ba1267192980bf43829ff546991a4169418d596a65538a808fde29db40cd72b6176361da410ff89eb177c53a041ce92488dd8875082b5,gx-no-cache=1635956605011 HTTP/1.1" 200 29
190.171.141.106 - - [03/Nov/2021:13:34:53 -0300] "GET /cormun/servlet/solicitudot?10a6c5fa072b8540d8c2edc0bddaca53ab0d7295bab6f7acc8ad764d3e4789db8b6f7af33603333fcd78090e9e3a65fc,gx-no-cache=1635956623078 HTTP/1.1" 200 30
186.103.156.166 - - [03/Nov/2021:13:34:57 -0300] "POST /cormun/servlet/hlogin?388857fdbdf42fc7bd4cc2e8f8e1d979,gx-no-cache=1635956597299 HTTP/1.1" 200 90
186.103.156.166 - - [03/Nov/2021:13:34:57 -0300] "GET /cormun/servlet/hpexe_link HTTP/1.1" 200 954
186.103.156.166 - - [03/Nov/2021:13:34:57 -0300] "GET /cormun/servlet/hhome HTTP/1.1" 200 3855
186.103.156.166 - - [03/Nov/2021:13:34:57 -0300] "GET /cormun/static/gxcfg.js?20201215495537 HTTP/1.1" 200 953
186.103.156.166 - - [03/Nov/2021:13:34:57 -0300] "GET /cormun/static/hhome.js?20201215495544 HTTP/1.1" 200 777
186.103.156.166 - - [03/Nov/2021:13:34:58 -0300] "GET /cormun/servlet/hhome HTTP/1.1" 200 3851
186.103.156.166 - - [03/Nov/2021:13:35:05 -0300] "GET /cormun/servlet/trlicencias? HTTP/1.1" 200 10974
186.103.156.166 - - [03/Nov/2021:13:35:06 -0300] "GET /cormun/servlet/trlicencias? HTTP/1.1" 200 10972
186.103.156.166 - - [03/Nov/2021:13:35:12 -0300] "GET /cormun/servlet/licenciaspermisos?INS,0,,, HTTP/1.1" 200 7467
186.103.156.166 - - [03/Nov/2021:13:35:12 -0300] "GET /cormun/static/gxcfg.js?202012153173 HTTP/1.1" 200 953
186.103.156.166 - - [03/Nov/2021:13:35:12 -0300] "GET /cormun/static/Resources/prompt.gif HTTP/1.1" 200 902
186.103.156.166 - - [03/Nov/2021:13:35:12 -0300] "GET /cormun/static/licenciaspermisos.js?2020121532136 HTTP/1.1" 200 38824
186.103.156.166 - - [03/Nov/2021:13:35:12 -0300] "GET /cormun/servlet/licenciaspermisos?INS,0,,, HTTP/1.1" 200 7466
190.171.141.106 - - [03/Nov/2021:13:35:16 -0300] "POST /cormun/servlet/solicitudot?gx-no-cache=1635956645374 HTTP/1.1" 200 30
186.103.156.166 - - [03/Nov/2021:13:35:32 -0300] "GET /cormun/servlet/licenciaspermisos?90fa9469042bd4c9718b5ceefca9531300cd50e365b04981d84480bb53066b2bd91e55d9f4c3bbe25cec1cd59b4ebac31049a743d799638e1b202cd692a14477,gx-no-cache=1635956632201 HTTP/1.1" 200 103
186.103.156.166 - - [03/Nov/2021:13:35:32 -0300] "POST /cormun/servlet/licenciaspermisos?388857fdbdf42fc7bd4cc2e8f8e1d979,INS,0,,,,gx-no-cache=1635956632256 HTTP/1.1" 200 4842
190.171.141.106 - - [03/Nov/2021:13:36:13 -0300] "POST /cormun/servlet/solicitudot?1b6ade4cc920e0839705202134eb3388,INS,0,0,false,,gx-no-cache=1635956702406 HTTP/1.1" 200 93
190.171.141.106 - - [03/Nov/2021:13:36:13 -0300] "GET /cormun/servlet/hpexe_return? HTTP/1.1" 200 1011
190.171.141.106 - - [03/Nov/2021:13:36:14 -0300] "GET /cormun/servlet/trsolicitudot HTTP/1.1" 200 9306
190.171.141.106 - - [03/Nov/2021:13:36:14 -0300] "GET /cormun/servlet/trsolicitudot HTTP/1.1" 200 9302
190.171.141.106 - - [03/Nov/2021:13:36:40 -0300] "POST /cormun/servlet/trsolicitudot?1b6ade4cc920e0839705202134eb3388,gx-no-cache=1635956729372 HTTP/1.1" 200 6094
190.171.141.106 - - [03/Nov/2021:13:36:40 -0300] "GET /cormun/static/Shared/jqueryui/images/ui-bg_flat_55_fafafa_40x100.png HTTP/1.1" 404 1097
190.171.141.106 - - [03/Nov/2021:13:36:40 -0300] "GET /cormun/static/Shared/jqueryui/images/ui-icons_8d78a5_256x240.png HTTP/1.1" 404 1089
190.171.141.106 - - [03/Nov/2021:13:36:40 -0300] "POST /cormun/servlet/trsolicitudot?1b6ade4cc920e0839705202134eb3388,gx-no-cache=1635956729588 HTTP/1.1" 200 6038
190.171.141.106 - - [03/Nov/2021:13:37:11 -0300] "POST /cormun/servlet/trsolicitudot?1b6ade4cc920e0839705202134eb3388,gx-no-cache=1635956760442 HTTP/1.1" 200 4867
190.171.141.106 - - [03/Nov/2021:13:37:11 -0300] "POST /cormun/servlet/trsolicitudot?1b6ade4cc920e0839705202134eb3388,gx-no-cache=1635956760658 HTTP/1.1" 200 4620
205.185.121.173 - - [03/Nov/2021:13:41:41 -0300] "GET /manager/html HTTP/1.1" 401 2474
186.103.156.166 - - [03/Nov/2021:13:42:33 -0300] "GET /cormun/static/menuarrow.gif HTTP/1.1" 404 1015
190.171.141.82 - - [03/Nov/2021:13:45:31 -0300] "GET /cormun/servlet/apermisogoceprn?18040959,P,20211103130304,PU HTTP/1.1" 200 1660
190.171.141.82 - - [03/Nov/2021:13:45:46 -0300] "GET /cormun/servlet/apermisogoceprn?13947570,P,20211103130438,PU HTTP/1.1" 200 1662
190.171.141.82 - - [03/Nov/2021:13:46:03 -0300] "GET /cormun/servlet/apermisogoceprn?10264506,P,20211103130621,PU HTTP/1.1" 200 1653
190.171.141.82 - - [03/Nov/2021:13:46:19 -0300] "GET /cormun/servlet/apermisogoceprn?10001701,P,20211103130727,PU HTTP/1.1" 200 1665
190.171.141.82 - - [03/Nov/2021:13:46:37 -0300] "GET /cormun/servlet/apermisogoceprn?16141244,P,20211103130819,PU HTTP/1.1" 200 1656
190.171.141.82 - - [03/Nov/2021:13:46:59 -0300] "GET /cormun/servlet/apermisogoceprn?13346140,P,20211103131013,PU HTTP/1.1" 200 1671
186.103.156.166 - - [03/Nov/2021:13:48:10 -0300] "GET /cormun/servlet/licenciaspermisos?90fa9469042bd4c9718b5ceefca953131de5b3cfe2cc06df796d15fd0c6b4467f41cbee82820fe94d15061d8548ec8ecb11c50effab96d2af945aeb49ba41416e9f7ab35012c08274bdbbb38100afa0fcef7e3fe013b3afdd5475b6946ac20da35af0d5b5f9aa9392295d0e5437bb06d3c4881bce260113d14144a4d386d8d6050b9ba66d2a015cc7cb87beb2c1bd49c4e9b0c8cbd3328468634147fa71c9990a11e49d07d40cbc2bb41ceece2fe08d7e6e51826515f83267da2d8eef49315b92a3407b328c08b40780cd8876c3525acb2ccf6d83f58517b88960d0463fc00da,gx-no-cache=1635957389941 HTTP/1.1" 200 30
186.103.156.166 - - [03/Nov/2021:13:48:10 -0300] "GET /cormun/servlet/licenciaspermisos?90fa9469042bd4c9718b5ceefca953134f49312b3cd4755e07e05e2e0e74903116e26b95ed9598febede6012594aa5c6c83266e478c9e672c05fcb91e4b80c26c07c26141a29662d995ac834dca846f3f78e6a62ae6c85fd1be825cf54afcff9d0772a277f9eca8e340c0f93b84581c901444dcc9f2dc6d7686a6d41b092d430e2e0a5c7ef0488c6b009896963d6cf59cdf0e6e95d597df335f0a4f487158c0e60aed03b32b8bf81c7d0c08ad0608676edaf386a6ae3d88395845c5e6a8cdb15b3d12c2dfa93ac0add1b5aff87bb627600f9f8c1a288455de97740b790ea1bb1,gx-no-cache=1635957390009 HTTP/1.1" 200 29
186.103.156.166 - - [03/Nov/2021:13:48:10 -0300] "POST /cormun/servlet/licenciaspermisos?388857fdbdf42fc7bd4cc2e8f8e1d979,INS,0,,,,gx-no-cache=1635957390045 HTTP/1.1" 200 93
186.103.156.166 - - [03/Nov/2021:13:48:10 -0300] "GET /cormun/servlet/hpexe_return? HTTP/1.1" 200 1014
186.103.156.166 - - [03/Nov/2021:13:48:10 -0300] "GET /cormun/static/gxcfg.js?201991422392976 HTTP/1.1" 200 953
186.103.156.166 - - [03/Nov/2021:13:48:10 -0300] "GET /cormun/static/hpexe_return.js?201991422392984 HTTP/1.1" 200 1633
186.103.156.166 - - [03/Nov/2021:13:48:11 -0300] "GET /cormun/servlet/trlicencias HTTP/1.1" 200 11578
186.103.156.166 - - [03/Nov/2021:13:48:11 -0300] "GET /cormun//static/Resources/PXToolsGridUpdate.png HTTP/1.1" 200 470
186.103.156.166 - - [03/Nov/2021:13:48:11 -0300] "GET /cormun//static/Resources/PXToolsGridDelete.png HTTP/1.1" 200 538
186.103.156.166 - - [03/Nov/2021:13:48:11 -0300] "GET /cormun/servlet/trlicencias HTTP/1.1" 200 11573
186.103.156.166 - - [03/Nov/2021:13:48:28 -0300] "GET /cormun/servlet/alicenciaprn?14333462,L,20211103000000,PU HTTP/1.1" 200 1554
186.103.156.166 - - [03/Nov/2021:13:49:04 -0300] "GET /cormun/servlet/trlicenciaspermisosadjuntos?14333462,20211103000000,L, HTTP/1.1" 200 6216
186.103.156.166 - - [03/Nov/2021:13:49:04 -0300] "GET /cormun/static/gxui/gxui-all.css?110300 HTTP/1.1" 200 2179
186.103.156.166 - - [03/Nov/2021:13:49:04 -0300] "GET /cormun/static/gxcfg.js?201991422445549 HTTP/1.1" 200 953
186.103.156.166 - - [03/Nov/2021:13:49:04 -0300] "GET /cormun/static/calendar-system.css?75620 HTTP/1.1" 200 5572
186.103.156.166 - - [03/Nov/2021:13:49:04 -0300] "GET /cormun/static/trlicenciaspermisosadjuntos.js?20199142244593 HTTP/1.1" 200 21036
186.103.156.166 - - [03/Nov/2021:13:49:04 -0300] "GET /cormun/static/Shared/ext/resources/css/ext-all.css?205870 HTTP/1.1" 200 416045
186.103.156.166 - - [03/Nov/2021:13:49:05 -0300] "GET /cormun/servlet/trlicenciaspermisosadjuntos?14333462,20211103000000,L, HTTP/1.1" 200 6217
186.103.156.166 - - [03/Nov/2021:13:49:10 -0300] "GET /cormun/servlet/licenciaspermisosadjuntos?INS,14333462,L,20211103000000,, HTTP/1.1" 200 5506
186.103.156.166 - - [03/Nov/2021:13:49:10 -0300] "GET /cormun/static/gxcfg.js?20201215114875 HTTP/1.1" 200 953
186.103.156.166 - - [03/Nov/2021:13:49:10 -0300] "GET /cormun/static/licenciaspermisosadjuntos.js?20201215114932 HTTP/1.1" 200 8760
186.103.156.166 - - [03/Nov/2021:13:49:10 -0300] "GET /cormun/static/about:blank HTTP/1.1" 404 1011
186.103.156.166 - - [03/Nov/2021:13:49:10 -0300] "GET /cormun/servlet/licenciaspermisosadjuntos?INS,14333462,L,20211103000000,, HTTP/1.1" 200 5495
205.185.121.173 - - [03/Nov/2021:13:50:54 -0300] "GET /manager/html HTTP/1.1" 401 2474
186.103.156.166 - - [03/Nov/2021:13:56:00 -0300] "POST /cormun/servlet/licenciaspermisosadjuntos?388857fdbdf42fc7bd4cc2e8f8e1d979,INS,14333462,L,20211103000000,, HTTP/1.1" 200 116
186.103.156.166 - - [03/Nov/2021:13:56:00 -0300] "GET /cormun/servlet/hpexe_return? HTTP/1.1" 200 1045
186.103.156.166 - - [03/Nov/2021:13:56:00 -0300] "GET /cormun/servlet/trlicenciaspermisosadjuntos?14333462,20211103000000,L, HTTP/1.1" 200 6693
186.103.156.166 - - [03/Nov/2021:13:56:00 -0300] "GET /cormun/servlet/trlicenciaspermisosadjuntos?14333462,20211103000000,L, HTTP/1.1" 200 6692
186.103.156.166 - - [03/Nov/2021:13:56:05 -0300] "POST /cormun/servlet/trlicenciaspermisosadjuntos?388857fdbdf42fc7bd4cc2e8f8e1d979,14333462,20211103000000,L,,gx-no-cache=1635957864735 HTTP/1.1" 200 90
186.103.156.166 - - [03/Nov/2021:13:56:05 -0300] "GET /cormun/servlet/hpexe_link HTTP/1.1" 200 988
186.103.156.166 - - [03/Nov/2021:13:56:05 -0300] "GET /cormun/servlet/trlicencias HTTP/1.1" 200 11575
186.103.156.166 - - [03/Nov/2021:13:56:05 -0300] "GET /cormun/servlet/trlicencias HTTP/1.1" 200 11573
186.103.156.166 - - [03/Nov/2021:13:56:15 -0300] "POST /cormun/servlet/trlicencias?388857fdbdf42fc7bd4cc2e8f8e1d979,gx-no-cache=1635957874339 HTTP/1.1" 200 9042
186.103.156.166 - - [03/Nov/2021:13:56:16 -0300] "GET /cormun/static/Shared/jqueryui/images/ui-bg_highlight-soft_100_c6c2c8_1x100.png HTTP/1.1" 404 1117
186.103.156.166 - - [03/Nov/2021:13:56:16 -0300] "GET /cormun/static/Shared/jqueryui/images/ui-icons_82798d_256x240.png HTTP/1.1" 404 1089
186.103.156.166 - - [03/Nov/2021:13:56:16 -0300] "GET /cormun/static/Shared/jqueryui/images/ui-icons_8d78a5_256x240.png HTTP/1.1" 404 1089
186.103.156.166 - - [03/Nov/2021:13:56:16 -0300] "GET /cormun/static/Shared/jqueryui/images/ui-bg_flat_55_fafafa_40x100.png HTTP/1.1" 404 1097
205.185.121.173 - - [03/Nov/2021:14:01:13 -0300] "GET /manager/html HTTP/1.1" 401 2474
190.171.153.50 - - [03/Nov/2021:14:01:15 -0300] "GET /cormun/servlet/hlogin HTTP/1.1" 200 1729
190.171.153.50 - - [03/Nov/2021:14:01:19 -0300] "POST /cormun/servlet/hlogin?58a6b4f94ee67abfae695fbb1d26b998,gx-no-cache=1635958178363 HTTP/1.1" 200 90
190.171.153.50 - - [03/Nov/2021:14:01:19 -0300] "GET /cormun/servlet/hpexe_link HTTP/1.1" 200 954
190.171.153.50 - - [03/Nov/2021:14:01:19 -0300] "GET /cormun/servlet/hhome HTTP/1.1" 200 4217
190.171.153.50 - - [03/Nov/2021:14:01:20 -0300] "GET /cormun/servlet/hhome HTTP/1.1" 200 4213
190.171.153.50 - - [03/Nov/2021:14:01:27 -0300] "GET /cormun/servlet/trlicencias? HTTP/1.1" 200 9421
190.171.153.50 - - [03/Nov/2021:14:01:28 -0300] "GET /cormun/servlet/trlicencias? HTTP/1.1" 200 9416
186.103.156.166 - - [03/Nov/2021:14:09:27 -0300] "POST /cormun/servlet/trlicencias?388857fdbdf42fc7bd4cc2e8f8e1d979,gx-no-cache=1635958667035 HTTP/1.1" 200 9001
186.103.159.189 - - [03/Nov/2021:14:12:02 -0300] "GET /cormun/servlet/hlogin HTTP/1.1" 200 1745
186.103.156.166 - - [03/Nov/2021:14:12:21 -0300] "GET /cormun/static/Shared/jqueryui/images/ui-bg_highlight-soft_100_eae6ea_1x100.png HTTP/1.1" 404 1117
205.185.121.173 - - [03/Nov/2021:14:12:54 -0300] "GET /manager/html HTTP/1.1" 401 2474
186.103.156.166 - - [03/Nov/2021:14:12:55 -0300] "GET /cormun/servlet/hlogin HTTP/1.1" 200 1744
190.171.141.82 - - [03/Nov/2021:14:14:10 -0300] "GET /cormun/servlet/trsolicitudot? HTTP/1.1" 200 7176
190.171.141.82 - - [03/Nov/2021:14:14:12 -0300] "GET /cormun/servlet/trsolicitudot? HTTP/1.1" 200 7175
190.171.141.82 - - [03/Nov/2021:14:14:16 -0300] "GET /cormun/servlet/solicitudot?INS,0,0,false, HTTP/1.1" 200 15580
190.171.141.82 - - [03/Nov/2021:14:14:19 -0300] "GET /cormun/servlet/solicitudot?INS,0,0,false, HTTP/1.1" 200 15587
190.171.141.82 - - [03/Nov/2021:14:14:46 -0300] "POST /cormun/servlet/solicitudot?gx-no-cache=1635958985326 HTTP/1.1" 200 3901
190.171.141.82 - - [03/Nov/2021:14:14:46 -0300] "POST /cormun/servlet/solicitudot?db7021ab0bee8cf423bac1bcd087c26e,INS,0,0,false,,gx-no-cache=1635958985728 HTTP/1.1" 200 12429
190.171.141.82 - - [03/Nov/2021:14:15:53 -0300] "GET /cormun/servlet/solicitudot?682495791bfcf898110d79a002257227061693e7daf7713381627772a249d22cab17ea66058624e6a8a3b47537403983,gx-no-cache=1635959052300 HTTP/1.1" 200 30
190.171.141.82 - - [03/Nov/2021:14:17:00 -0300] "GET /cormun/servlet/prbanco?,MD,,gxPopupLevel%3D0%3B HTTP/1.1" 200 6506
190.171.141.82 - - [03/Nov/2021:14:17:05 -0300] "GET /cormun/servlet/solicitudot?682495791bfcf898110d79a002257227ce020ee8aba8b500d42cc0e065099a3cda4307fc56ff34435f6431779867df827dd44e432892fd855ef3c965b93fb25d,gx-no-cache=1635959124824 HTTP/1.1" 200 30
190.171.141.82 - - [03/Nov/2021:14:17:08 -0300] "GET /cormun/servlet/solicitudot?682495791bfcf898110d79a002257227abee12e2d385d78be26626af2f5a6ce9,gx-no-cache=1635959127288 HTTP/1.1" 200 53
190.171.141.82 - - [03/Nov/2021:14:17:36 -0300] "POST /cormun/servlet/solicitudot?gx-no-cache=1635959155203 HTTP/1.1" 200 297
190.171.141.82 - - [03/Nov/2021:14:17:36 -0300] "GET /cormun/servlet/solicitudot?682495791bfcf898110d79a002257227e8172d7ebf78e83a2f503586745df28448298009a83a39eba07e0392bdf74dae4e2f2003c8574d8de9d22c8674de5b7ec085f3816f2cea65682ed0cdd3f5b2cb32164382725d225559c764e10da92f39905ac4e40a3cde6eb5f16e6bb8cc02192c8d0f465d2341e7494a5a13c033aad441325305cca3918c7aac95772da4dd3e5109cb1514225c610153dfa9765b96ccd653f3c24b08d27f85a41fc88f3fc34e314e6c9cafbc3c31b300a194a564db022a37b4c6e1939630f6359af45b6eb87d6986554422b1d07c710bd4717b2e65d45ff9366c9704bf0d0d839a1f44ff543cf773ebb0901188cf770a2e7eae8dfdc78a570c18054ce435ba7c87faf39348b268b49d8def37e465387f061bb206e36a9229ca1d16c0de66bcabbc19fd1db4f9ce6b7b20eaa0b16713d5034097d380b7d1bedbe562ae02e9d2cc8d37dd080a149d17fd02c094c40d5f8924d7cc83d21758d68fd005f22c45c68b1c65116975089068df6b753a1528f3dec1ce1e7ebdc5c93971e4b3b42e71917e86fe54c8bbdf,gx-no-cache=1635959155421 HTTP/1.1" 200 30
190.171.141.82 - - [03/Nov/2021:14:18:07 -0300] "POST /cormun/servlet/solicitudot?gx-no-cache=1635959186242 HTTP/1.1" 200 30
190.171.141.82 - - [03/Nov/2021:14:18:37 -0300] "POST /cormun/servlet/solicitudot?gx-no-cache=1635959216741 HTTP/1.1" 200 1440
190.171.141.82 - - [03/Nov/2021:14:18:41 -0300] "GET /cormun/servlet/prlicenciaspermisos?13718092,L,,MD,,gxPopupLevel%3D0%3B HTTP/1.1" 200 6134
190.171.141.82 - - [03/Nov/2021:14:18:41 -0300] "GET /cormun/static/gxcfg.js?2020121559567 HTTP/1.1" 200 953
190.171.141.82 - - [03/Nov/2021:14:18:41 -0300] "GET /cormun/static/prlicenciaspermisos.js?2020121559821 HTTP/1.1" 200 13379
190.171.141.82 - - [03/Nov/2021:14:19:14 -0300] "POST /cormun/servlet/solicitudot?gx-no-cache=1635959253691 HTTP/1.1" 200 40
190.171.141.82 - - [03/Nov/2021:14:19:14 -0300] "GET /cormun/servlet/solicitudot?682495791bfcf898110d79a0022572279eab57e1fed93ed77aa5ea312d3a86c67e9c638415b91cce00bf6ac86c1c65e5923b5287597a717966fd0aaf12eac4698a964d00a1bc7fe8c175fa5c9f71a1ee08968f7bdb09fca32fbf9bfda1b8ce53d8435ff9488ef9aeff334c4f9f20deff,gx-no-cache=1635959253929 HTTP/1.1" 200 110
190.171.141.82 - - [03/Nov/2021:14:19:15 -0300] "POST /cormun/servlet/solicitudot?gx-no-cache=1635959254098 HTTP/1.1" 200 97
190.171.141.82 - - [03/Nov/2021:14:19:20 -0300] "GET /cormun/servlet/solicitudot?682495791bfcf898110d79a002257227df1ab08c1849604bff16c653bc840ba9285ec7691a19e68cdc6bb40891d92237d4523e25f75808e9aeb1b3507b112cd6716c8bf926c1e20a27e5b300b94ef9c7b798dd44b83ebff045afc1ac108050f3feb4db5046b4df8fe05689e580e3c1cd,gx-no-cache=1635959259248 HTTP/1.1" 200 29
190.171.141.82 - - [03/Nov/2021:14:19:29 -0300] "GET /cormun/servlet/solicitudot?682495791bfcf898110d79a0022572275aa7395420fd14adac92357939a5458462594a1538286f6a6e3064eb7215930c,gx-no-cache=1635959268865 HTTP/1.1" 200 30
190.171.141.82 - - [03/Nov/2021:14:19:29 -0300] "POST /cormun/servlet/solicitudot?gx-no-cache=1635959268923 HTTP/1.1" 200 34
190.171.141.82 - - [03/Nov/2021:14:20:05 -0300] "POST /cormun/servlet/solicitudot?db7021ab0bee8cf423bac1bcd087c26e,INS,0,0,false,,gx-no-cache=1635959304225 HTTP/1.1" 200 93
190.171.141.82 - - [03/Nov/2021:14:20:05 -0300] "GET /cormun/servlet/hpexe_return? HTTP/1.1" 200 1007
190.171.141.82 - - [03/Nov/2021:14:20:06 -0300] "GET /cormun/servlet/trsolicitudot HTTP/1.1" 200 8604
190.171.141.82 - - [03/Nov/2021:14:20:08 -0300] "GET /cormun/servlet/trsolicitudot HTTP/1.1" 200 8598
190.171.141.82 - - [03/Nov/2021:14:20:13 -0300] "GET /cormun/servlet/trlicencias? HTTP/1.1" 200 13125
190.171.141.82 - - [03/Nov/2021:14:20:15 -0300] "GET /cormun/servlet/trlicencias? HTTP/1.1" 200 13124
190.171.141.82 - - [03/Nov/2021:14:20:17 -0300] "POST /cormun/servlet/trlicencias?db7021ab0bee8cf423bac1bcd087c26e,,gx-no-cache=1635959316861 HTTP/1.1" 200 10945
190.171.141.82 - - [03/Nov/2021:14:20:31 -0300] "GET /cormun/servlet/trsolicitudot? HTTP/1.1" 200 8598
190.171.141.82 - - [03/Nov/2021:14:20:33 -0300] "GET /cormun/servlet/trsolicitudot? HTTP/1.1" 200 8598
190.171.141.82 - - [03/Nov/2021:14:20:36 -0300] "GET /cormun/servlet/vesolicitudot?2021,17748,, HTTP/1.1" 200 8306
190.171.141.82 - - [03/Nov/2021:14:20:37 -0300] "GET /cormun/pexe_scrolldiv.js HTTP/1.1" 404 1009
190.171.141.82 - - [03/Nov/2021:14:20:38 -0300] "GET /cormun/servlet/vesolicitudot?2021,17748,, HTTP/1.1" 200 8306
190.171.141.82 - - [03/Nov/2021:14:20:43 -0300] "GET /cormun/servlet/vesolicitudot?2021,17748,,SolicitudOTAdjuntos HTTP/1.1" 200 7342
190.171.141.82 - - [03/Nov/2021:14:20:44 -0300] "GET /cormun/pexe_scrolldiv.js HTTP/1.1" 404 1009
190.171.141.82 - - [03/Nov/2021:14:20:44 -0300] "GET /cormun/servlet/vesolicitudot?2021,17748,,SolicitudOTAdjuntos HTTP/1.1" 200 7342
190.171.141.82 - - [03/Nov/2021:14:20:46 -0300] "POST /cormun/servlet/acontrolpreferencessavestate?None,CD-06,true HTTP/1.1" 200 35
190.171.141.82 - - [03/Nov/2021:14:20:48 -0300] "GET /cormun/servlet/solicitudotadjuntos?INS,2021,17748,,1, HTTP/1.1" 200 6014
190.171.141.82 - - [03/Nov/2021:14:20:49 -0300] "GET /cormun/static/about:blank HTTP/1.1" 404 1011
190.171.141.82 - - [03/Nov/2021:14:20:50 -0300] "GET /cormun/servlet/solicitudotadjuntos?INS,2021,17748,,1, HTTP/1.1" 200 6006
190.171.141.82 - - [03/Nov/2021:14:20:51 -0300] "GET /cormun/servlet/solicitudotadjuntos?682495791bfcf898110d79a002257227fa0307a6d4562d6cbe77a6188277feba1f7f6bad8d97b7fc5921112b9068faf0,gx-no-cache=1635959350163 HTTP/1.1" 200 30
190.171.141.82 - - [03/Nov/2021:14:20:51 -0300] "POST /cormun/servlet/solicitudotadjuntos?db7021ab0bee8cf423bac1bcd087c26e,INS,2021,17748,,1,,gx-no-cache=1635959350282 HTTP/1.1" 200 3880
205.185.121.173 - - [03/Nov/2021:14:23:02 -0300] "GET /manager/html HTTP/1.1" 401 2474
190.171.141.82 - - [03/Nov/2021:14:26:47 -0300] "POST /cormun/servlet/solicitudotadjuntos?gx-no-cache=1635959706569 HTTP/1.1" 200 26
190.171.141.82 - - [03/Nov/2021:14:26:55 -0300] "GET /cormun/servlet/solicitudotadjuntos?682495791bfcf898110d79a002257227dc21d4b41d330f3bd07d122fac2ebf68,gx-no-cache=1635959714337 HTTP/1.1" 200 30
190.171.141.82 - - [03/Nov/2021:14:26:55 -0300] "GET /cormun/servlet/solicitudotadjuntos?682495791bfcf898110d79a002257227dc21d4b41d330f3bd07d122fac2ebf68,gx-no-cache=1635959714382 HTTP/1.1" 200 30
190.171.141.82 - - [03/Nov/2021:14:26:55 -0300] "POST /cormun/servlet/solicitudotadjuntos?db7021ab0bee8cf423bac1bcd087c26e,INS,2021,17748,,1, HTTP/1.1" 200 116
190.171.141.82 - - [03/Nov/2021:14:26:55 -0300] "GET /cormun/servlet/hpexe_return? HTTP/1.1" 200 1032
190.171.141.82 - - [03/Nov/2021:14:26:56 -0300] "GET /cormun/servlet/vesolicitudot?2021,17748,,SolicitudOTAdjuntos HTTP/1.1" 200 10071
190.171.141.82 - - [03/Nov/2021:14:26:56 -0300] "GET /cormun/pexe_scrolldiv.js HTTP/1.1" 404 1009
190.171.141.82 - - [03/Nov/2021:14:26:58 -0300] "GET /cormun/servlet/vesolicitudot?2021,17748,,SolicitudOTAdjuntos HTTP/1.1" 200 10067
190.171.141.82 - - [03/Nov/2021:14:26:59 -0300] "POST /cormun/servlet/acontrolpreferencessavestate?None,CD-06,true HTTP/1.1" 200 35
190.171.141.82 - - [03/Nov/2021:14:27:00 -0300] "GET /cormun/servlet/solicitudotadjuntos?INS,2021,17748,,1, HTTP/1.1" 200 6014
190.171.141.82 - - [03/Nov/2021:14:27:00 -0300] "GET /cormun/static/about:blank HTTP/1.1" 404 1011
190.171.141.82 - - [03/Nov/2021:14:27:01 -0300] "GET /cormun/servlet/solicitudotadjuntos?INS,2021,17748,,1, HTTP/1.1" 200 6006
190.171.141.82 - - [03/Nov/2021:14:27:02 -0300] "GET /cormun/servlet/solicitudotadjuntos?682495791bfcf898110d79a002257227fa0307a6d4562d6cbe77a6188277feba1f7f6bad8d97b7fc5921112b9068faf0,gx-no-cache=1635959721167 HTTP/1.1" 200 30
190.171.141.82 - - [03/Nov/2021:14:27:02 -0300] "POST /cormun/servlet/solicitudotadjuntos?db7021ab0bee8cf423bac1bcd087c26e,INS,2021,17748,,1,,gx-no-cache=1635959721217 HTTP/1.1" 200 3880
190.171.141.82 - - [03/Nov/2021:14:27:09 -0300] "POST /cormun/servlet/solicitudotadjuntos?gx-no-cache=1635959728153 HTTP/1.1" 200 26
190.171.141.82 - - [03/Nov/2021:14:27:17 -0300] "GET /cormun/servlet/solicitudotadjuntos?682495791bfcf898110d79a002257227dc21d4b41d330f3bd07d122fac2ebf68,gx-no-cache=1635959736087 HTTP/1.1" 200 30
190.171.141.82 - - [03/Nov/2021:14:27:17 -0300] "GET /cormun/servlet/solicitudotadjuntos?682495791bfcf898110d79a002257227dc21d4b41d330f3bd07d122fac2ebf68,gx-no-cache=1635959736250 HTTP/1.1" 200 30
190.171.141.82 - - [03/Nov/2021:14:27:18 -0300] "POST /cormun/servlet/solicitudotadjuntos?db7021ab0bee8cf423bac1bcd087c26e,INS,2021,17748,,1, HTTP/1.1" 200 116
190.171.141.82 - - [03/Nov/2021:14:27:18 -0300] "GET /cormun/servlet/hpexe_return? HTTP/1.1" 200 1032
190.171.141.82 - - [03/Nov/2021:14:27:19 -0300] "GET /cormun/servlet/vesolicitudot?2021,17748,,SolicitudOTAdjuntos HTTP/1.1" 200 10298
190.171.141.82 - - [03/Nov/2021:14:27:19 -0300] "GET /cormun/pexe_scrolldiv.js HTTP/1.1" 404 1009
190.171.141.82 - - [03/Nov/2021:14:27:20 -0300] "GET /cormun/servlet/vesolicitudot?2021,17748,,SolicitudOTAdjuntos HTTP/1.1" 200 10295
190.171.141.82 - - [03/Nov/2021:14:27:21 -0300] "POST /cormun/servlet/acontrolpreferencessavestate?None,CD-06,true HTTP/1.1" 200 35
190.171.141.82 - - [03/Nov/2021:14:27:22 -0300] "GET /cormun/servlet/solicitudotadjuntos?INS,2021,17748,,1, HTTP/1.1" 200 6014
190.171.141.82 - - [03/Nov/2021:14:27:22 -0300] "GET /cormun/static/about:blank HTTP/1.1" 404 1011
190.171.141.82 - - [03/Nov/2021:14:27:23 -0300] "GET /cormun/servlet/solicitudotadjuntos?INS,2021,17748,,1, HTTP/1.1" 200 6006
190.171.141.82 - - [03/Nov/2021:14:27:23 -0300] "GET /cormun/servlet/solicitudotadjuntos?682495791bfcf898110d79a002257227fa0307a6d4562d6cbe77a6188277feba1f7f6bad8d97b7fc5921112b9068faf0,gx-no-cache=1635959743114 HTTP/1.1" 200 30
190.171.141.82 - - [03/Nov/2021:14:27:24 -0300] "POST /cormun/servlet/solicitudotadjuntos?db7021ab0bee8cf423bac1bcd087c26e,INS,2021,17748,,1,,gx-no-cache=1635959743155 HTTP/1.1" 200 3880
190.171.141.82 - - [03/Nov/2021:14:27:29 -0300] "POST /cormun/servlet/solicitudotadjuntos?gx-no-cache=1635959748401 HTTP/1.1" 200 26
190.171.141.82 - - [03/Nov/2021:14:27:37 -0300] "GET /cormun/servlet/solicitudotadjuntos?682495791bfcf898110d79a002257227dc21d4b41d330f3bd07d122fac2ebf68,gx-no-cache=1635959757005 HTTP/1.1" 200 30
190.171.141.82 - - [03/Nov/2021:14:27:37 -0300] "GET /cormun/servlet/solicitudotadjuntos?682495791bfcf898110d79a002257227dc21d4b41d330f3bd07d122fac2ebf68,gx-no-cache=1635959757083 HTTP/1.1" 200 30
190.171.141.82 - - [03/Nov/2021:14:27:38 -0300] "POST /cormun/servlet/solicitudotadjuntos?db7021ab0bee8cf423bac1bcd087c26e,INS,2021,17748,,1, HTTP/1.1" 200 116
190.171.141.82 - - [03/Nov/2021:14:27:38 -0300] "GET /cormun/servlet/hpexe_return? HTTP/1.1" 200 1032
190.171.141.82 - - [03/Nov/2021:14:27:38 -0300] "GET /cormun/servlet/vesolicitudot?2021,17748,,SolicitudOTAdjuntos HTTP/1.1" 200 10542
190.171.141.82 - - [03/Nov/2021:14:27:39 -0300] "GET /cormun/pexe_scrolldiv.js HTTP/1.1" 404 1009
190.171.141.82 - - [03/Nov/2021:14:27:40 -0300] "GET /cormun/servlet/vesolicitudot?2021,17748,,SolicitudOTAdjuntos HTTP/1.1" 200 10538
190.171.141.82 - - [03/Nov/2021:14:27:41 -0300] "POST /cormun/servlet/acontrolpreferencessavestate?None,CD-06,true HTTP/1.1" 200 35
190.171.141.82 - - [03/Nov/2021:14:27:42 -0300] "GET /cormun/servlet/solicitudotadjuntos?INS,2021,17748,,1, HTTP/1.1" 200 6014
190.171.141.82 - - [03/Nov/2021:14:27:42 -0300] "GET /cormun/static/about:blank HTTP/1.1" 404 1011
190.171.141.82 - - [03/Nov/2021:14:27:43 -0300] "GET /cormun/servlet/solicitudotadjuntos?INS,2021,17748,,1, HTTP/1.1" 200 6006
190.171.141.82 - - [03/Nov/2021:14:27:43 -0300] "GET /cormun/servlet/solicitudotadjuntos?682495791bfcf898110d79a002257227fa0307a6d4562d6cbe77a6188277feba1f7f6bad8d97b7fc5921112b9068faf0,gx-no-cache=1635959762677 HTTP/1.1" 200 30
190.171.141.82 - - [03/Nov/2021:14:27:43 -0300] "POST /cormun/servlet/solicitudotadjuntos?db7021ab0bee8cf423bac1bcd087c26e,INS,2021,17748,,1,,gx-no-cache=1635959762718 HTTP/1.1" 200 3880
190.171.141.82 - - [03/Nov/2021:14:27:47 -0300] "POST /cormun/servlet/solicitudotadjuntos?gx-no-cache=1635959766218 HTTP/1.1" 200 26
190.171.141.82 - - [03/Nov/2021:14:27:58 -0300] "GET /cormun/servlet/solicitudotadjuntos?682495791bfcf898110d79a002257227dc21d4b41d330f3bd07d122fac2ebf68,gx-no-cache=1635959777860 HTTP/1.1" 200 30
190.171.141.82 - - [03/Nov/2021:14:27:58 -0300] "GET /cormun/servlet/solicitudotadjuntos?682495791bfcf898110d79a002257227dc21d4b41d330f3bd07d122fac2ebf68,gx-no-cache=1635959777927 HTTP/1.1" 200 30
190.171.141.82 - - [03/Nov/2021:14:27:59 -0300] "POST /cormun/servlet/solicitudotadjuntos?db7021ab0bee8cf423bac1bcd087c26e,INS,2021,17748,,1, HTTP/1.1" 200 116
190.171.141.82 - - [03/Nov/2021:14:27:59 -0300] "GET /cormun/servlet/hpexe_return? HTTP/1.1" 200 1032
190.171.141.82 - - [03/Nov/2021:14:28:00 -0300] "GET /cormun/servlet/vesolicitudot?2021,17748,,SolicitudOTAdjuntos HTTP/1.1" 200 10792
190.171.141.82 - - [03/Nov/2021:14:28:00 -0300] "GET /cormun/pexe_scrolldiv.js HTTP/1.1" 404 1009
190.171.141.82 - - [03/Nov/2021:14:28:01 -0300] "GET /cormun/servlet/vesolicitudot?2021,17748,,SolicitudOTAdjuntos HTTP/1.1" 200 10798
190.171.141.82 - - [03/Nov/2021:14:28:02 -0300] "POST /cormun/servlet/acontrolpreferencessavestate?None,CD-06,true HTTP/1.1" 200 35
190.171.141.82 - - [03/Nov/2021:14:28:03 -0300] "GET /cormun/servlet/solicitudotadjuntos?INS,2021,17748,,1, HTTP/1.1" 200 6014
190.171.141.82 - - [03/Nov/2021:14:28:04 -0300] "GET /cormun/static/about:blank HTTP/1.1" 404 1011
190.171.141.82 - - [03/Nov/2021:14:28:04 -0300] "GET /cormun/servlet/solicitudotadjuntos?INS,2021,17748,,1, HTTP/1.1" 200 6006
190.171.141.82 - - [03/Nov/2021:14:28:05 -0300] "GET /cormun/servlet/solicitudotadjuntos?682495791bfcf898110d79a002257227fa0307a6d4562d6cbe77a6188277feba1f7f6bad8d97b7fc5921112b9068faf0,gx-no-cache=1635959784545 HTTP/1.1" 200 30
190.171.141.82 - - [03/Nov/2021:14:28:05 -0300] "POST /cormun/servlet/solicitudotadjuntos?db7021ab0bee8cf423bac1bcd087c26e,INS,2021,17748,,1,,gx-no-cache=1635959784598 HTTP/1.1" 200 3880
190.171.141.82 - - [03/Nov/2021:14:28:09 -0300] "POST /cormun/servlet/solicitudotadjuntos?gx-no-cache=1635959788278 HTTP/1.1" 200 26
190.171.141.82 - - [03/Nov/2021:14:28:19 -0300] "GET /cormun/servlet/solicitudotadjuntos?682495791bfcf898110d79a002257227dc21d4b41d330f3bd07d122fac2ebf68,gx-no-cache=1635959798406 HTTP/1.1" 200 30
190.171.141.82 - - [03/Nov/2021:14:28:19 -0300] "GET /cormun/servlet/solicitudotadjuntos?682495791bfcf898110d79a002257227dc21d4b41d330f3bd07d122fac2ebf68,gx-no-cache=1635959798517 HTTP/1.1" 200 30
190.171.141.82 - - [03/Nov/2021:14:28:19 -0300] "POST /cormun/servlet/solicitudotadjuntos?db7021ab0bee8cf423bac1bcd087c26e,INS,2021,17748,,1, HTTP/1.1" 200 116
190.171.141.82 - - [03/Nov/2021:14:28:19 -0300] "GET /cormun/servlet/hpexe_return? HTTP/1.1" 200 1032
190.171.141.82 - - [03/Nov/2021:14:28:20 -0300] "GET /cormun/servlet/vesolicitudot?2021,17748,,SolicitudOTAdjuntos HTTP/1.1" 200 11054
190.171.141.82 - - [03/Nov/2021:14:28:20 -0300] "GET /cormun/pexe_scrolldiv.js HTTP/1.1" 404 1009
190.171.141.82 - - [03/Nov/2021:14:28:21 -0300] "GET /cormun/servlet/vesolicitudot?2021,17748,,SolicitudOTAdjuntos HTTP/1.1" 200 11060
190.171.141.82 - - [03/Nov/2021:14:28:22 -0300] "POST /cormun/servlet/acontrolpreferencessavestate?None,CD-06,true HTTP/1.1" 200 35
190.171.141.82 - - [03/Nov/2021:14:28:32 -0300] "GET /cormun/servlet/trpermisosgoce? HTTP/1.1" 200 13241
190.171.154.42 - - [03/Nov/2021:14:28:33 -0300] "GET /cormun/servlet/trlicencias? HTTP/1.1" 200 7225
190.171.141.82 - - [03/Nov/2021:14:28:33 -0300] "GET /cormun/servlet/trpermisosgoce? HTTP/1.1" 200 13224
190.171.154.42 - - [03/Nov/2021:14:28:36 -0300] "GET /cormun/servlet/hlogin HTTP/1.1" 200 1746
190.171.154.42 - - [03/Nov/2021:14:28:36 -0300] "GET /cormun/servlet/trlicencias? HTTP/1.1" 200 7225
190.171.154.42 - - [03/Nov/2021:14:28:37 -0300] "GET /favicon.ico HTTP/1.1" 200 21630
205.185.121.173 - - [03/Nov/2021:14:33:32 -0300] "GET /manager/html HTTP/1.1" 401 2474
190.171.142.10 - - [03/Nov/2021:14:39:37 -0300] "GET /cormun/servlet/hlogin HTTP/1.1" 200 1731
190.171.142.10 - - [03/Nov/2021:14:39:37 -0300] "GET /cormun/servlet/hlogin HTTP/1.1" 200 1742
190.171.142.10 - - [03/Nov/2021:14:39:56 -0300] "POST /cormun/servlet/hlogin?4ee3175e07135e1ac34a5f3dd6a7449d,gx-no-cache=1635960494519 HTTP/1.1" 200 452
190.171.142.10 - - [03/Nov/2021:14:40:19 -0300] "POST /cormun/servlet/hlogin?4ee3175e07135e1ac34a5f3dd6a7449d,gx-no-cache=1635960517513 HTTP/1.1" 200 447
190.171.142.10 - - [03/Nov/2021:14:40:28 -0300] "POST /cormun/servlet/hlogin?4ee3175e07135e1ac34a5f3dd6a7449d,gx-no-cache=1635960526708 HTTP/1.1" 200 90
190.171.142.10 - - [03/Nov/2021:14:40:28 -0300] "GET /cormun/servlet/hpexe_link HTTP/1.1" 200 958
190.171.142.10 - - [03/Nov/2021:14:40:29 -0300] "GET /cormun/servlet/hhome HTTP/1.1" 200 3987
190.171.142.10 - - [03/Nov/2021:14:40:30 -0300] "GET /cormun/servlet/hhome HTTP/1.1" 200 3983
190.171.142.10 - - [03/Nov/2021:14:40:39 -0300] "GET /cormun/servlet/trbonoreemplazo? HTTP/1.1" 500 10
190.171.142.10 - - [03/Nov/2021:14:40:41 -0300] "GET /cormun/servlet/trbonoreemplazo? HTTP/1.1" 500 10
190.171.142.10 - - [03/Nov/2021:14:40:43 -0300] "GET /cormun/servlet/hhome HTTP/1.1" 200 3987
190.171.142.10 - - [03/Nov/2021:14:40:44 -0300] "GET /cormun/servlet/hhome HTTP/1.1" 200 3983
190.171.142.10 - - [03/Nov/2021:14:40:50 -0300] "GET /cormun/servlet/trcontratoobservacion? HTTP/1.1" 200 6659
190.171.142.10 - - [03/Nov/2021:14:40:50 -0300] "GET /cormun/static/gxcfg.js?2020121604219 HTTP/1.1" 200 953
190.171.142.10 - - [03/Nov/2021:14:40:50 -0300] "GET /cormun/static/trcontratoobservacion.js?2020121604638 HTTP/1.1" 200 25148
190.171.142.10 - - [03/Nov/2021:14:40:51 -0300] "GET /cormun/servlet/trcontratoobservacion? HTTP/1.1" 200 6659
190.171.142.10 - - [03/Nov/2021:14:41:29 -0300] "GET /cormun/servlet/trlicencias? HTTP/1.1" 200 10569
190.171.142.10 - - [03/Nov/2021:14:41:30 -0300] "GET /cormun/servlet/trlicencias? HTTP/1.1" 200 10568
190.171.142.10 - - [03/Nov/2021:14:41:42 -0300] "GET /cormun/static/menuarrow.gif HTTP/1.1" 404 1015
190.171.142.10 - - [03/Nov/2021:14:41:56 -0300] "POST /cormun/servlet/trlicencias?4ee3175e07135e1ac34a5f3dd6a7449d,,gx-no-cache=1635960614922 HTTP/1.1" 200 4174
205.185.121.173 - - [03/Nov/2021:14:43:59 -0300] "GET /manager/html HTTP/1.1" 401 2474
190.171.142.10 - - [03/Nov/2021:14:44:24 -0300] "POST /cormun/servlet/trlicencias?4ee3175e07135e1ac34a5f3dd6a7449d,,gx-no-cache=1635960762219 HTTP/1.1" 200 4179
190.171.142.10 - - [03/Nov/2021:14:44:26 -0300] "POST /cormun/servlet/trlicencias?4ee3175e07135e1ac34a5f3dd6a7449d,,gx-no-cache=1635960764429 HTTP/1.1" 200 4179
190.171.142.10 - - [03/Nov/2021:14:45:02 -0300] "POST /cormun/servlet/trlicencias?4ee3175e07135e1ac34a5f3dd6a7449d,,gx-no-cache=1635960800208 HTTP/1.1" 200 4184
