186.67.172.234 - - [02/Nov/2021:15:22:12 -0300] "GET /cormun/static/Resources/PXToolsActionExcel.png HTTP/1.1" 200 727
186.67.172.234 - - [02/Nov/2021:15:22:12 -0300] "GET /cormun/static/Resources/PXToolsAddAllAction.png HTTP/1.1" 200 495
186.67.172.234 - - [02/Nov/2021:15:22:12 -0300] "GET /cormun//static/Resources/PXToolsActionDisabled.gif HTTP/1.1" 200 53
186.67.172.234 - - [02/Nov/2021:15:22:12 -0300] "GET /cormun//static/Resources/PXToolsGridDisplay.png HTTP/1.1" 200 525
186.67.172.234 - - [02/Nov/2021:15:22:12 -0300] "GET /cormun/static/Resources/desc.gif HTTP/1.1" 200 65
186.67.172.234 - - [02/Nov/2021:15:22:12 -0300] "GET /cormun//static/Resources/PXTools/ActionInsert.png HTTP/1.1" 200 1482
186.67.172.234 - - [02/Nov/2021:15:22:12 -0300] "GET /cormun/static/Resources/asc.gif HTTP/1.1" 200 67
186.67.172.234 - - [02/Nov/2021:15:22:12 -0300] "GET /cormun//static/Resources/PXToolsActionPrint.png HTTP/1.1" 200 404
186.67.172.234 - - [02/Nov/2021:15:22:12 -0300] "GET /cormun//static/Resources/PXToolsHeaderHelp.png HTTP/1.1" 200 1333
186.67.172.234 - - [02/Nov/2021:15:22:12 -0300] "GET /cormun//static/Resources/PXToolsHeaderFavorites.png HTTP/1.1" 200 1414
186.67.172.234 - - [02/Nov/2021:15:22:13 -0300] "GET /cormun/static/Shared/ext/resources/themes/images/default/tools/tool-sprites.gif HTTP/1.1" 200 5434
186.67.172.234 - - [02/Nov/2021:15:22:13 -0300] "GET /cormun/static/Shared/ext/resources/themes/images/default/panel/bg-headersPanel.png HTTP/1.1" 200 255
186.67.172.234 - - [02/Nov/2021:15:22:13 -0300] "GET /cormun/servlet/trlicencias? HTTP/1.1" 200 17675
91.241.19.106 - - [02/Nov/2021:15:23:05 -0300] "/*àCookie: mstshash=Administr " 400 -
192.168.10.96 - - [02/Nov/2021:15:28:07 -0300] "GET /cormun/servlet/trsolicitudgral? HTTP/1.1" 500 10
192.168.10.96 - - [02/Nov/2021:15:28:13 -0300] "GET /cormun/servlet/hlogin HTTP/1.1" 200 1728
192.168.10.96 - - [02/Nov/2021:15:28:23 -0300] "POST /cormun/servlet/hlogin?50ac3e4a6979deffe2fab6e4c9e8bdfe,gx-no-cache=1635876862557 HTTP/1.1" 200 90
192.168.10.96 - - [02/Nov/2021:15:28:23 -0300] "GET /cormun/servlet/hpexe_link HTTP/1.1" 200 955
192.168.10.96 - - [02/Nov/2021:15:28:23 -0300] "GET /cormun/servlet/hhome HTTP/1.1" 200 3768
192.168.10.96 - - [02/Nov/2021:15:28:23 -0300] "GET /cormun/servlet/hhome HTTP/1.1" 200 3765
192.168.10.96 - - [02/Nov/2021:15:28:28 -0300] "GET /cormun/servlet/trsolicitudgral? HTTP/1.1" 200 25841
192.168.10.96 - - [02/Nov/2021:15:28:29 -0300] "GET /cormun/servlet/trsolicitudgral? HTTP/1.1" 200 25839
190.171.143.90 - - [02/Nov/2021:15:30:15 -0300] "GET /cormun/servlet/hlogin HTTP/1.1" 200 1731
190.171.143.90 - - [02/Nov/2021:15:30:26 -0300] "POST /cormun/servlet/hlogin?2c825706e68c82d3f6f9676f899eb397,gx-no-cache=1635877130635 HTTP/1.1" 200 90
190.171.143.90 - - [02/Nov/2021:15:30:26 -0300] "GET /cormun/servlet/hpexe_link HTTP/1.1" 200 956
190.171.143.90 - - [02/Nov/2021:15:30:26 -0300] "GET /cormun/servlet/hhome HTTP/1.1" 200 4309
190.171.143.90 - - [02/Nov/2021:15:30:26 -0300] "GET /cormun/servlet/hhome HTTP/1.1" 200 4305
190.171.143.90 - - [02/Nov/2021:15:30:31 -0300] "GET /cormun/servlet/trsolicitudot? HTTP/1.1" 200 7531
190.171.143.90 - - [02/Nov/2021:15:30:31 -0300] "GET /cormun/static/gxui/gxui-all.css?110300 HTTP/1.1" 200 2179
190.171.143.90 - - [02/Nov/2021:15:30:32 -0300] "GET /cormun/static/calendar-system.css?75620 HTTP/1.1" 200 5572
190.171.143.90 - - [02/Nov/2021:15:30:32 -0300] "GET /cormun/static/gxcfg.js?201991910464971 HTTP/1.1" 200 953
190.171.143.90 - - [02/Nov/2021:15:30:32 -0300] "GET /cormun/static/trsolicitudot.js?201991910465845 HTTP/1.1" 200 54041
190.171.143.90 - - [02/Nov/2021:15:30:32 -0300] "GET /cormun/static/Shared/ext/resources/css/ext-all.css?205870 HTTP/1.1" 200 416045
190.171.143.90 - - [02/Nov/2021:15:30:32 -0300] "GET /cormun/servlet/trsolicitudot? HTTP/1.1" 200 7529
190.171.141.114 - - [02/Nov/2021:15:31:19 -0300] "GET /cormun/servlet/trpermisosgoce? HTTP/1.1" 200 6036
190.171.141.114 - - [02/Nov/2021:15:31:21 -0300] "GET /cormun/servlet/trpermisosgoce? HTTP/1.1" 200 6030
190.171.141.114 - - [02/Nov/2021:15:31:21 -0300] "GET /cormun/servlet/hlogin HTTP/1.1" 200 1752
190.171.141.114 - - [02/Nov/2021:15:31:22 -0300] "GET /cormun/servlet/trpermisosgoce? HTTP/1.1" 200 6030
190.171.141.114 - - [02/Nov/2021:15:31:37 -0300] "POST /cormun/servlet/hlogin?78bcc5de6f17af9cfc82b9af499b0371,gx-no-cache=1635877208416 HTTP/1.1" 200 90
190.171.141.114 - - [02/Nov/2021:15:31:37 -0300] "GET /cormun/servlet/hpexe_link HTTP/1.1" 200 965
190.171.141.114 - - [02/Nov/2021:15:31:37 -0300] "GET /cormun/servlet/trpermisosgoce HTTP/1.1" 200 11108
190.171.141.114 - - [02/Nov/2021:15:31:39 -0300] "GET /cormun/servlet/trpermisosgoce HTTP/1.1" 200 11113
190.171.143.90 - - [02/Nov/2021:15:31:48 -0300] "POST /cormun/servlet/trsolicitudot?2c825706e68c82d3f6f9676f899eb397,,gx-no-cache=1635877212373 HTTP/1.1" 200 4659
190.171.143.90 - - [02/Nov/2021:15:31:52 -0300] "POST /cormun/servlet/trsolicitudot?2c825706e68c82d3f6f9676f899eb397,,gx-no-cache=1635877216164 HTTP/1.1" 200 4659
190.171.143.90 - - [02/Nov/2021:15:32:19 -0300] "POST /cormun/servlet/trsolicitudot?2c825706e68c82d3f6f9676f899eb397,,gx-no-cache=1635877243042 HTTP/1.1" 200 4660
190.171.143.90 - - [02/Nov/2021:15:32:31 -0300] "GET /cormun/servlet/solicitudot?INS,0,0,false, HTTP/1.1" 200 15927
190.171.143.90 - - [02/Nov/2021:15:32:31 -0300] "GET /cormun/static/gxcfg.js?20203414241232 HTTP/1.1" 200 953
190.171.143.90 - - [02/Nov/2021:15:32:31 -0300] "GET /cormun/static/Resources/prompt.gif HTTP/1.1" 200 902
190.171.143.90 - - [02/Nov/2021:15:32:31 -0300] "GET /cormun/static/solicitudot.js?20203414242792 HTTP/1.1" 200 74114
190.171.143.90 - - [02/Nov/2021:15:32:32 -0300] "GET /cormun/servlet/solicitudot?INS,0,0,false, HTTP/1.1" 200 15935
190.171.143.90 - - [02/Nov/2021:15:33:17 -0300] "POST /cormun/servlet/solicitudot?gx-no-cache=1635877301792 HTTP/1.1" 200 3902
190.171.143.90 - - [02/Nov/2021:15:33:18 -0300] "POST /cormun/servlet/solicitudot?2c825706e68c82d3f6f9676f899eb397,INS,0,0,false,,gx-no-cache=1635877301964 HTTP/1.1" 200 12690
190.171.143.90 - - [02/Nov/2021:15:33:27 -0300] "GET /cormun/servlet/solicitudot?ad888711a7b59d75ab9bdd91d2a9774f7960ac44eb1aafa5470c0213d0e9b92ee50ecb589ad4f20468a55b24b121023c,gx-no-cache=1635877311519 HTTP/1.1" 200 30
190.171.144.234 - - [02/Nov/2021:15:33:57 -0300] "GET /cormun/servlet/hlogin HTTP/1.1" 200 1731
190.171.153.50 - - [02/Nov/2021:15:34:07 -0300] "GET /cormun/servlet/hlogin HTTP/1.1" 200 1725
190.171.153.50 - - [02/Nov/2021:15:34:07 -0300] "GET /favicon.ico HTTP/1.1" 200 21630
190.171.153.50 - - [02/Nov/2021:15:34:10 -0300] "POST /cormun/servlet/hlogin?fc20965e9a9e277de589db2746e6ab14,gx-no-cache=1635877349928 HTTP/1.1" 200 90
190.171.153.50 - - [02/Nov/2021:15:34:10 -0300] "GET /cormun/servlet/hpexe_link HTTP/1.1" 200 951
190.171.153.50 - - [02/Nov/2021:15:34:11 -0300] "GET /cormun/servlet/hhome HTTP/1.1" 200 4213
190.171.144.234 - - [02/Nov/2021:15:34:11 -0300] "POST /cormun/servlet/hlogin?ee7e0ceeb54d6243928e890d8ac03ce2,gx-no-cache=1635877351141 HTTP/1.1" 200 90
190.171.144.234 - - [02/Nov/2021:15:34:11 -0300] "GET /cormun/servlet/hpexe_link HTTP/1.1" 200 957
190.171.153.50 - - [02/Nov/2021:15:34:11 -0300] "GET /cormun/servlet/hhome HTTP/1.1" 200 4209
190.171.144.234 - - [02/Nov/2021:15:34:12 -0300] "GET /cormun/servlet/hhome HTTP/1.1" 200 3992
190.171.144.234 - - [02/Nov/2021:15:34:12 -0300] "GET /cormun/servlet/hhome HTTP/1.1" 200 3988
190.171.153.50 - - [02/Nov/2021:15:34:14 -0300] "GET /cormun/servlet/trlicencias? HTTP/1.1" 200 9387
190.171.153.50 - - [02/Nov/2021:15:34:15 -0300] "GET /cormun/servlet/trlicencias? HTTP/1.1" 200 9384
190.171.144.234 - - [02/Nov/2021:15:34:17 -0300] "GET /cormun/servlet/trpermisosgoce? HTTP/1.1" 200 10022
190.171.144.234 - - [02/Nov/2021:15:34:17 -0300] "GET /cormun/servlet/trpermisosgoce? HTTP/1.1" 200 10020
190.171.143.90 - - [02/Nov/2021:15:34:32 -0300] "GET /cormun/servlet/solicitudot?ad888711a7b59d75ab9bdd91d2a9774f933993b4ab95b04cb1906b5824819500861cdddbea4f1b1bec457128e7c2a3a15bf06b8648ece2fafe9e3408213c5436638723266d65fbdc662210b704da9dfb,gx-no-cache=1635877376732 HTTP/1.1" 200 30
190.171.143.90 - - [02/Nov/2021:15:34:35 -0300] "GET /cormun/static/Resources/resize.gif HTTP/1.1" 200 77
190.171.143.90 - - [02/Nov/2021:15:34:35 -0300] "GET /cormun/static/Resources/PXTools/ClosePrompt.png HTTP/1.1" 200 1036
190.171.143.90 - - [02/Nov/2021:15:34:35 -0300] "GET /cormun/servlet/prbanco?,MD,,gxPopupLevel%3D0%3B HTTP/1.1" 200 6597
190.171.143.90 - - [02/Nov/2021:15:34:35 -0300] "GET /cormun/static/gxcfg.js?20201216131581 HTTP/1.1" 200 953
190.171.143.90 - - [02/Nov/2021:15:34:35 -0300] "GET /cormun/static/prbanco.js?20201216132311 HTTP/1.1" 200 10693
190.171.143.90 - - [02/Nov/2021:15:34:35 -0300] "GET /cormun/static/menusearch.js?20201214473581 HTTP/1.1" 200 1424
190.171.143.90 - - [02/Nov/2021:15:34:35 -0300] "GET /cormun/static/hmpwkw011.js?20201215495555 HTTP/1.1" 200 1968
190.171.143.90 - - [02/Nov/2021:15:34:35 -0300] "GET /cormun/static/Resources/PXToolsMenuSearch.png HTTP/1.1" 200 336
190.171.143.90 - - [02/Nov/2021:15:34:35 -0300] "GET /cormun/static/Resources/PXToolsMenuSearchCancel.png HTTP/1.1" 200 306
190.171.142.18 - - [02/Nov/2021:15:35:05 -0300] "GET /cormun/servlet/hlogin HTTP/1.1" 200 1724
190.171.142.18 - - [02/Nov/2021:15:35:07 -0300] "GET /cormun/servlet/hlogin HTTP/1.1" 200 1735
190.171.142.18 - - [02/Nov/2021:15:35:07 -0300] "GET /favicon.ico HTTP/1.1" 200 21630
190.171.143.90 - - [02/Nov/2021:15:35:09 -0300] "GET /cormun/servlet/solicitudot?ad888711a7b59d75ab9bdd91d2a9774ff9b8cf24b23f488553b7051c01fe3508,gx-no-cache=1635877413142 HTTP/1.1" 200 70
200.54.107.2 - - [02/Nov/2021:15:35:29 -0300] "GET /cormun/servlet/hlogin HTTP/1.1" 200 1729
205.185.121.173 - - [02/Nov/2021:15:35:39 -0300] "GET /manager/html HTTP/1.1" 401 2474
200.54.107.2 - - [02/Nov/2021:15:35:39 -0300] "POST /cormun/servlet/hlogin?493a847fea9fed50fc76276d46337699,gx-no-cache=1635877437585 HTTP/1.1" 200 90
200.54.107.2 - - [02/Nov/2021:15:35:39 -0300] "GET /cormun/servlet/hpexe_link HTTP/1.1" 200 954
200.54.107.2 - - [02/Nov/2021:15:35:39 -0300] "GET /cormun/servlet/hhome HTTP/1.1" 200 4353
200.54.107.2 - - [02/Nov/2021:15:35:40 -0300] "GET /cormun/servlet/hhome HTTP/1.1" 200 4349
186.103.157.42 - - [02/Nov/2021:15:35:43 -0300] "POST /cormun/servlet/hlogin?fd4393e724a49bd97cbf69e000d89331,gx-no-cache=1635877442626 HTTP/1.1" 200 90
186.103.157.42 - - [02/Nov/2021:15:35:43 -0300] "GET /cormun/servlet/hpexe_link HTTP/1.1" 200 950
186.103.157.42 - - [02/Nov/2021:15:35:43 -0300] "GET /cormun/servlet/hhome HTTP/1.1" 200 4358
200.54.107.2 - - [02/Nov/2021:15:35:44 -0300] "GET /cormun/servlet/trpermisosgoce? HTTP/1.1" 200 10554
186.103.157.42 - - [02/Nov/2021:15:35:44 -0300] "GET /cormun/servlet/hhome HTTP/1.1" 200 4354
200.54.107.2 - - [02/Nov/2021:15:35:44 -0300] "GET /cormun/servlet/trpermisosgoce? HTTP/1.1" 200 10552
200.54.107.2 - - [02/Nov/2021:15:35:47 -0300] "GET /cormun/servlet/permisogoce?INS,0,,, HTTP/1.1" 200 7248
200.54.107.2 - - [02/Nov/2021:15:35:47 -0300] "GET /cormun/servlet/permisogoce?INS,0,,, HTTP/1.1" 200 7248
190.171.143.90 - - [02/Nov/2021:15:35:49 -0300] "POST /cormun/servlet/solicitudot?gx-no-cache=1635877453275 HTTP/1.1" 200 240
190.171.143.90 - - [02/Nov/2021:15:35:49 -0300] "GET /cormun/servlet/solicitudot?ad888711a7b59d75ab9bdd91d2a9774f765e0d172936395f57aad265a6b9d6918947f57a23b766553ad00d0f1ab49d5cb31c7b41f7317d56caf9a917d8d63e2e815d370e699729f28bc4398d1418a307d6fb4dcbc1ce90ecdc256e9d4558fa8609de0b9e6f136ca06f0feb8e029a484c5723e3e7fc3a2a1942a303dbedcc73f9d53187ce4cbc021a4316912fac7b49f5d811c83d3dcdd3206000d58b85aa4b8a178a1fddc3e9e3dbde22a37ae342607ce8f1f380b863d08f710be53a0d6940af045425fcdf31d8b9c2998a6b3d8787b6268371f81d420a8af2d3471a7150adcfa1ef78b38889260e43bd812ca52e6648b7e73dede7f9b492b6e25ea2f460ec78da276659ff754a27115b7624347295e7b66e5d6d82bcd60189473669f21a73edc3f3848d4ce0b94495965ebfdb980ec2a50d7c4507e1f4b781a7c57891075a7e3783fb78cc04489acd4c0679bc311c728f8fed95e1db3e5872152eec73b059bb540d62cd153c6ad61b103d8a9109978caffbb9e15a8b81ce738e9e286431992c,gx-no-cache=1635877453339 HTTP/1.1" 200 30
190.171.143.90 - - [02/Nov/2021:15:35:49 -0300] "POST /cormun/servlet/solicitudot?gx-no-cache=1635877453364 HTTP/1.1" 200 30
190.171.143.90 - - [02/Nov/2021:15:35:49 -0300] "POST /cormun/servlet/solicitudot?gx-no-cache=1635877453393 HTTP/1.1" 200 1440
190.171.143.90 - - [02/Nov/2021:15:35:49 -0300] "POST /cormun/servlet/solicitudot?gx-no-cache=1635877453435 HTTP/1.1" 200 38
190.171.143.90 - - [02/Nov/2021:15:35:49 -0300] "GET /cormun/servlet/solicitudot?ad888711a7b59d75ab9bdd91d2a9774ff1ab372de2435cbb928e360d1a786e5a7196d4cf3ff2a607143bdab39ec9b59aac0ef5d5dedbe5c8b853e84af2f0c0f75805f2cff4767d8bbfc470f7b73e05e98b36e0de24679646bd2ed0f6542c5a4f789d1eeb46897212d8885fb55ba5a552,gx-no-cache=1635877453456 HTTP/1.1" 200 110
186.103.157.42 - - [02/Nov/2021:15:35:49 -0300] "GET /cormun/servlet/trlicencias? HTTP/1.1" 200 12940
200.54.107.2 - - [02/Nov/2021:15:35:57 -0300] "GET /cormun/servlet/permisogoce?f94fdf4a1a8132caaefcac3d626a554cdc79ffaea974e0cc9d6b7c27ef5926a0ac3aa193a28fc29461d35282c74f7319bedd54db588d20551cb4792af8174ac8,gx-no-cache=1635877455482 HTTP/1.1" 200 87
200.54.107.2 - - [02/Nov/2021:15:35:57 -0300] "GET /cormun/static/menuarrow.gif HTTP/1.1" 404 1015
200.54.107.2 - - [02/Nov/2021:15:36:03 -0300] "GET /cormun/servlet/permisogoce?f94fdf4a1a8132caaefcac3d626a554ce9689778304678344f921764822642d3764a684b26677936afe97d195c36338a032641f3a02d43fa72928562b7cb09a0,gx-no-cache=1635877461792 HTTP/1.1" 200 47
200.54.107.2 - - [02/Nov/2021:15:36:05 -0300] "POST /cormun/servlet/permisogoce?493a847fea9fed50fc76276d46337699,INS,0,,,,gx-no-cache=1635877463963 HTTP/1.1" 200 93
200.54.107.2 - - [02/Nov/2021:15:36:06 -0300] "GET /cormun/servlet/hpexe_return? HTTP/1.1" 200 1012
200.54.107.2 - - [02/Nov/2021:15:36:06 -0300] "GET /cormun/servlet/trpermisosgoce HTTP/1.1" 200 10758
200.54.107.2 - - [02/Nov/2021:15:36:06 -0300] "GET /cormun/servlet/trpermisosgoce HTTP/1.1" 200 10778
190.171.142.18 - - [02/Nov/2021:15:36:09 -0300] "GET /cormun/servlet/trlicencias? HTTP/1.1" 200 12925
200.54.107.2 - - [02/Nov/2021:15:36:10 -0300] "GET /cormun/servlet/apermisogoceprn?19262713,P,20211102152146,PU HTTP/1.1" 200 1668
190.171.143.90 - - [02/Nov/2021:15:37:28 -0300] "POST /cormun/servlet/solicitudot?gx-no-cache=1635877552533 HTTP/1.1" 200 240
190.171.143.90 - - [02/Nov/2021:15:37:28 -0300] "GET /cormun/servlet/solicitudot?ad888711a7b59d75ab9bdd91d2a9774f765e0d172936395f57aad265a6b9d6918947f57a23b766553ad00d0f1ab49d5cb31c7b41f7317d56caf9a917d8d63e2e815d370e699729f28bc4398d1418a307d6fb4dcbc1ce90ecdc256e9d4558fa8609de0b9e6f136ca06f0feb8e029a484c5723e3e7fc3a2a1942a303dbedcc73f9d53187ce4cbc021a4316912fac7b49f5d811c83d3dcdd3206000d58b85aa4b8a178a1fddc3e9e3dbde22a37ae342607ce8f1f380b863d08f710be53a0d6940af045425fcdf31d8b9c2998a6b3d8787b6268371f81d420a8af2d3471a7150adcfa1ef78b38889260e43bd812ca52e6648b7e73dede7f9b492b6e25ea2f460ec78da276659ff754a27115b7624347295e7b66e5d6d82bcd60189473669f21a73edc3f3848d4ce0b94495965ebfdb980ec2a50d7c4507e1f4b781a7c57891075a7e3783fb78cc04489acd4c0679bc311c728f8fed95e1db3e5872152eec73b059bb540d62cd153c6ad61b103d8a9109978c1319b5871efc82a9acb0fd1ef60eb18c,gx-no-cache=1635877552572 HTTP/1.1" 200 30
190.171.143.90 - - [02/Nov/2021:15:37:31 -0300] "POST /cormun/servlet/solicitudot?gx-no-cache=1635877556018 HTTP/1.1" 200 30
190.171.144.234 - - [02/Nov/2021:15:37:47 -0300] "GET /cormun/servlet/hlogin HTTP/1.1" 200 1731
190.171.144.234 - - [02/Nov/2021:15:37:57 -0300] "POST /cormun/servlet/hlogin?ee7e0ceeb54d6243928e890d8ac03ce2,gx-no-cache=1635877577523 HTTP/1.1" 200 90
190.171.144.234 - - [02/Nov/2021:15:37:57 -0300] "GET /cormun/servlet/hpexe_link HTTP/1.1" 200 964
190.171.144.234 - - [02/Nov/2021:15:37:57 -0300] "GET /cormun/servlet/trpermisosgoce HTTP/1.1" 200 10021
190.171.144.234 - - [02/Nov/2021:15:37:58 -0300] "GET /cormun/servlet/trpermisosgoce HTTP/1.1" 200 10020
190.171.144.234 - - [02/Nov/2021:15:38:07 -0300] "GET /cormun/servlet/permisogoce?INS,0,,, HTTP/1.1" 200 6855
190.171.144.234 - - [02/Nov/2021:15:38:07 -0300] "GET /cormun/static/gxcfg.js?20201215124560 HTTP/1.1" 200 953
190.171.144.234 - - [02/Nov/2021:15:38:08 -0300] "GET /cormun/static/permisogoce.js?20201215124939 HTTP/1.1" 200 27919
190.171.144.234 - - [02/Nov/2021:15:38:08 -0300] "GET /cormun/servlet/permisogoce?INS,0,,, HTTP/1.1" 200 6855
190.171.143.90 - - [02/Nov/2021:15:38:13 -0300] "POST /cormun/servlet/solicitudot?gx-no-cache=1635877597863 HTTP/1.1" 200 1440
190.171.143.90 - - [02/Nov/2021:15:38:17 -0300] "GET /cormun/static/menuarrow.gif HTTP/1.1" 404 1015
190.171.143.90 - - [02/Nov/2021:15:38:42 -0300] "POST /cormun/servlet/solicitudot?gx-no-cache=1635877626177 HTTP/1.1" 200 40
190.171.143.90 - - [02/Nov/2021:15:38:42 -0300] "GET /cormun/servlet/solicitudot?ad888711a7b59d75ab9bdd91d2a9774ff1ab372de2435cbb928e360d1a786e5a7196d4cf3ff2a607143bdab39ec9b59aac0ef5d5dedbe5c8b853e84af2f0c0f75805f2cff4767d8bbfc470f7b73e05e98b36e0de24679646bd2ed0f6542c5a4f789d1eeb46897212d8885fb55ba5a552,gx-no-cache=1635877626214 HTTP/1.1" 200 110
190.171.143.90 - - [02/Nov/2021:15:38:42 -0300] "POST /cormun/servlet/solicitudot?gx-no-cache=1635877626238 HTTP/1.1" 200 97
190.171.143.90 - - [02/Nov/2021:15:38:47 -0300] "GET /cormun/servlet/solicitudot?ad888711a7b59d75ab9bdd91d2a9774ffefe96e746fff3e0695f06b0196917688adee82b6b4c36cff3a59338f0c842c1de92f050144215f613f02f9b852333aebf648c0a500565fab68b5815090165981866b74d227afa4e29835432596e1ec8787d2b4760418ce4583638fbb47ef6b4b2c7056fc3c3df4826a35896ceb6ded9058682ac66a2fc1d053cb49b886782e7468790a1804ad7d9889d2c8cb1565362,gx-no-cache=1635877631498 HTTP/1.1" 200 29
190.171.143.90 - - [02/Nov/2021:15:39:05 -0300] "GET /cormun/servlet/solicitudot?ad888711a7b59d75ab9bdd91d2a9774f178b8ac1b769bbf4234ed6db3aa91d6be07c3c1758ad2b8a8a0e8812f9587c5e,gx-no-cache=1635877649441 HTTP/1.1" 200 30
190.171.143.90 - - [02/Nov/2021:15:39:05 -0300] "POST /cormun/servlet/solicitudot?gx-no-cache=1635877649562 HTTP/1.1" 200 34
190.171.149.74 - - [02/Nov/2021:15:39:19 -0300] "GET /cormun/servlet/hlogin HTTP/1.1" 200 1730
190.171.149.74 - - [02/Nov/2021:15:39:19 -0300] "GET /favicon.ico HTTP/1.1" 200 21630
186.67.172.234 - - [02/Nov/2021:15:39:22 -0300] "GET /cormun/servlet/trlicencias? HTTP/1.1" 200 7210
186.67.172.234 - - [02/Nov/2021:15:39:22 -0300] "GET /cormun/servlet/hlogin HTTP/1.1" 200 1745
186.67.172.234 - - [02/Nov/2021:15:39:22 -0300] "GET /cormun/servlet/trlicencias? HTTP/1.1" 200 7221
190.171.149.74 - - [02/Nov/2021:15:39:25 -0300] "POST /cormun/servlet/hlogin?cde6cbb57e257e2c1de9824b180f85a9,gx-no-cache=1635881301480 HTTP/1.1" 200 90
190.171.149.74 - - [02/Nov/2021:15:39:25 -0300] "GET /cormun/servlet/hpexe_link HTTP/1.1" 200 956
190.171.149.74 - - [02/Nov/2021:15:39:25 -0300] "GET /cormun/servlet/hhome HTTP/1.1" 200 3983
190.171.141.90 - - [02/Nov/2021:15:39:25 -0300] "GET /cormun/servlet/hlogin HTTP/1.1" 200 1727
190.171.149.74 - - [02/Nov/2021:15:39:26 -0300] "GET /cormun/servlet/hhome HTTP/1.1" 200 3979
190.171.149.74 - - [02/Nov/2021:15:39:28 -0300] "GET /cormun/servlet/trpermisosgoce? HTTP/1.1" 200 13691
190.171.149.74 - - [02/Nov/2021:15:39:29 -0300] "GET /cormun/servlet/trpermisosgoce? HTTP/1.1" 200 13688
190.171.141.90 - - [02/Nov/2021:15:39:31 -0300] "POST /cormun/servlet/hlogin?7d8d149f13979d75ede8415c768bb3a9,gx-no-cache=1635877674144 HTTP/1.1" 200 425
190.171.149.74 - - [02/Nov/2021:15:39:32 -0300] "GET /cormun/servlet/permisogoce?INS,0,,, HTTP/1.1" 200 6847
190.171.149.74 - - [02/Nov/2021:15:39:32 -0300] "GET /cormun/servlet/permisogoce?INS,0,,, HTTP/1.1" 200 6846
190.171.149.74 - - [02/Nov/2021:15:39:44 -0300] "GET /cormun/servlet/permisogoce?898ab25ebbf7d5ace3eff16bdcea5a801354d21557c785299c18fe20bd5b6fc3718ccbad33ad8a0095ab3ae7ccdd23a8011a32bf6819605d4da0891eec45b694,gx-no-cache=1635881320560 HTTP/1.1" 200 88
190.171.149.74 - - [02/Nov/2021:15:39:47 -0300] "GET /cormun/static/menuarrow.gif HTTP/1.1" 404 1015
190.171.141.90 - - [02/Nov/2021:15:39:48 -0300] "POST /cormun/servlet/hlogin?7d8d149f13979d75ede8415c768bb3a9,gx-no-cache=1635877690832 HTTP/1.1" 200 90
190.171.141.90 - - [02/Nov/2021:15:39:48 -0300] "GET /cormun/servlet/hpexe_link HTTP/1.1" 200 953
190.171.141.90 - - [02/Nov/2021:15:39:48 -0300] "GET /cormun/servlet/hhome HTTP/1.1" 200 3976
190.171.141.90 - - [02/Nov/2021:15:39:49 -0300] "GET /cormun/servlet/hhome HTTP/1.1" 200 3973
190.171.141.90 - - [02/Nov/2021:15:39:52 -0300] "GET /cormun/servlet/trsolicitudot? HTTP/1.1" 200 7201
190.171.141.90 - - [02/Nov/2021:15:39:52 -0300] "GET /cormun/servlet/trsolicitudot? HTTP/1.1" 200 7200
190.171.149.74 - - [02/Nov/2021:15:39:55 -0300] "GET /cormun/servlet/permisogoce?898ab25ebbf7d5ace3eff16bdcea5a80c739c50b44b830ba56a3f884a9a769f286e8e867b5870f039c74b00bdb5ee2b23c9884a12940b64a2a9dfebd19a52866,gx-no-cache=1635881331469 HTTP/1.1" 200 47
190.171.141.90 - - [02/Nov/2021:15:39:56 -0300] "POST /cormun/servlet/trsolicitudot?7d8d149f13979d75ede8415c768bb3a9,,gx-no-cache=1635877698444 HTTP/1.1" 200 12250
190.171.141.90 - - [02/Nov/2021:15:39:59 -0300] "GET /cormun/static/menuarrow.gif HTTP/1.1" 404 1015
190.171.149.74 - - [02/Nov/2021:15:40:06 -0300] "POST /cormun/servlet/permisogoce?cde6cbb57e257e2c1de9824b180f85a9,INS,0,,,,gx-no-cache=1635881342921 HTTP/1.1" 200 93
190.171.149.74 - - [02/Nov/2021:15:40:06 -0300] "GET /cormun/servlet/hpexe_return? HTTP/1.1" 200 1014
190.171.149.74 - - [02/Nov/2021:15:40:07 -0300] "GET /cormun/servlet/trpermisosgoce HTTP/1.1" 200 13913
190.171.149.74 - - [02/Nov/2021:15:40:07 -0300] "GET /cormun/servlet/trpermisosgoce HTTP/1.1" 200 13908
190.171.149.74 - - [02/Nov/2021:15:40:11 -0300] "GET /cormun/servlet/apermisogoceprn?9014931,P,20211102152531,PU HTTP/1.1" 200 1651
190.171.142.50 - - [02/Nov/2021:15:40:53 -0300] "GET /cormun/servlet/hlogin HTTP/1.1" 200 1727
190.171.141.90 - - [02/Nov/2021:15:40:56 -0300] "POST /cormun/servlet/trsolicitudot?7d8d149f13979d75ede8415c768bb3a9,,gx-no-cache=1635877758587 HTTP/1.1" 200 4355
190.171.142.50 - - [02/Nov/2021:15:41:01 -0300] "POST /cormun/servlet/hlogin?1299400a523b743373030a85f2069c6a,gx-no-cache=1635876750872 HTTP/1.1" 200 90
190.171.142.50 - - [02/Nov/2021:15:41:01 -0300] "GET /cormun/servlet/hpexe_link HTTP/1.1" 200 953
190.171.142.50 - - [02/Nov/2021:15:41:01 -0300] "GET /cormun/servlet/hhome HTTP/1.1" 200 3945
190.171.142.50 - - [02/Nov/2021:15:41:01 -0300] "GET /cormun/servlet/hhome HTTP/1.1" 200 3941
190.171.142.50 - - [02/Nov/2021:15:41:03 -0300] "GET /cormun/servlet/trpermisosgoce? HTTP/1.1" 200 12259
190.171.142.50 - - [02/Nov/2021:15:41:04 -0300] "GET /cormun/servlet/trpermisosgoce? HTTP/1.1" 200 12256
190.171.142.50 - - [02/Nov/2021:15:41:09 -0300] "GET /cormun/servlet/permisogoce?INS,0,,, HTTP/1.1" 200 6806
190.171.142.50 - - [02/Nov/2021:15:41:09 -0300] "GET /cormun/servlet/permisogoce?INS,0,,, HTTP/1.1" 200 6806
190.171.142.50 - - [02/Nov/2021:15:41:33 -0300] "GET /cormun/servlet/permisogoce?59e6557351c8c08b61cb4e9f7296691867b89f2451f70ea58f22a903bd99c60ee2e7fcf660ac99180618f44811ebdd1624c67b360094cc161ed8b0408ca82512,gx-no-cache=1635876782883 HTTP/1.1" 200 79
190.171.142.50 - - [02/Nov/2021:15:41:33 -0300] "GET /cormun/static/menuarrow.gif HTTP/1.1" 404 1015
190.171.142.50 - - [02/Nov/2021:15:41:41 -0300] "GET /cormun/servlet/permisogoce?59e6557351c8c08b61cb4e9f72966918cbefc7d13cd23d16391cfab4e794f425b38bb472b599de85927641a975cf0f9d612320f0f197f270f20af1a6e9034452,gx-no-cache=1635876790895 HTTP/1.1" 200 46
190.171.142.50 - - [02/Nov/2021:15:41:43 -0300] "POST /cormun/servlet/permisogoce?1299400a523b743373030a85f2069c6a,INS,0,,,,gx-no-cache=1635876793410 HTTP/1.1" 200 93
190.171.142.50 - - [02/Nov/2021:15:41:43 -0300] "GET /cormun/servlet/hpexe_return? HTTP/1.1" 200 1012
190.171.142.50 - - [02/Nov/2021:15:41:44 -0300] "GET /cormun/servlet/trpermisosgoce HTTP/1.1" 200 12495
190.171.142.50 - - [02/Nov/2021:15:41:44 -0300] "GET /cormun/servlet/trpermisosgoce HTTP/1.1" 200 12492
190.171.144.234 - - [02/Nov/2021:15:41:44 -0300] "GET /cormun/servlet/permisogoce?03920c180ff065df7638bdbd116c171e136271f8d7baaabafaa86d4440f5ce3b8c6d815212c0aec04ab2fe7a99b7ae8189c62e682105f2c3a74c86b530672751,gx-no-cache=1635877804421 HTTP/1.1" 200 71
190.171.144.234 - - [02/Nov/2021:15:41:44 -0300] "GET /cormun/static/menuarrow.gif HTTP/1.1" 404 1015
190.171.142.50 - - [02/Nov/2021:15:41:47 -0300] "GET /cormun/servlet/apermisogoceprn?20661469,P,20211102152708,PU HTTP/1.1" 200 1657
190.171.144.234 - - [02/Nov/2021:15:41:54 -0300] "GET /cormun/servlet/permisogoce?03920c180ff065df7638bdbd116c171e3d742b3f84758340e119d0751e1c35e918d56535eb8e05956b531b709e06bb991cc16ca7b16f89b8361f90ffe79d311d,gx-no-cache=1635877814003 HTTP/1.1" 200 45
192.168.10.96 - - [02/Nov/2021:15:45:00 -0300] "GET /cormun/servlet/trsolicitudgral? HTTP/1.1" 200 25839
192.168.10.96 - - [02/Nov/2021:15:45:01 -0300] "GET /cormun/servlet/trsolicitudgral? HTTP/1.1" 200 25839
192.168.10.96 - - [02/Nov/2021:15:45:14 -0300] "POST /cormun/servlet/trsolicitudgral?50ac3e4a6979deffe2fab6e4c9e8bdfe,,gx-no-cache=1635877873239 HTTP/1.1" 200 23094
192.168.10.96 - - [02/Nov/2021:15:45:27 -0300] "POST /cormun/servlet/trsolicitudgral?50ac3e4a6979deffe2fab6e4c9e8bdfe,,gx-no-cache=1635877886464 HTTP/1.1" 200 5255
192.168.10.96 - - [02/Nov/2021:15:45:30 -0300] "POST /cormun/servlet/trsolicitudgral?50ac3e4a6979deffe2fab6e4c9e8bdfe,,gx-no-cache=1635877889261 HTTP/1.1" 200 5253
192.168.10.96 - - [02/Nov/2021:15:45:33 -0300] "POST /cormun/servlet/trsolicitudgral?50ac3e4a6979deffe2fab6e4c9e8bdfe,,gx-no-cache=1635877893044 HTTP/1.1" 200 5254
192.168.10.96 - - [02/Nov/2021:15:45:37 -0300] "POST /cormun/servlet/trsolicitudgral?50ac3e4a6979deffe2fab6e4c9e8bdfe,,gx-no-cache=1635877896140 HTTP/1.1" 200 5253
192.168.10.96 - - [02/Nov/2021:15:45:37 -0300] "POST /cormun/servlet/trsolicitudgral?50ac3e4a6979deffe2fab6e4c9e8bdfe,,gx-no-cache=1635877896306 HTTP/1.1" 200 5253
192.168.10.96 - - [02/Nov/2021:15:45:37 -0300] "POST /cormun/servlet/trsolicitudgral?50ac3e4a6979deffe2fab6e4c9e8bdfe,,gx-no-cache=1635877896481 HTTP/1.1" 200 5253
192.168.10.96 - - [02/Nov/2021:15:45:37 -0300] "POST /cormun/servlet/trsolicitudgral?50ac3e4a6979deffe2fab6e4c9e8bdfe,,gx-no-cache=1635877896641 HTTP/1.1" 200 5253
192.168.10.96 - - [02/Nov/2021:15:45:37 -0300] "POST /cormun/servlet/trsolicitudgral?50ac3e4a6979deffe2fab6e4c9e8bdfe,,gx-no-cache=1635877896793 HTTP/1.1" 200 5253
192.168.10.96 - - [02/Nov/2021:15:45:37 -0300] "POST /cormun/servlet/trsolicitudgral?50ac3e4a6979deffe2fab6e4c9e8bdfe,,gx-no-cache=1635877896956 HTTP/1.1" 200 5252
192.168.10.96 - - [02/Nov/2021:15:45:37 -0300] "POST /cormun/servlet/trsolicitudgral?50ac3e4a6979deffe2fab6e4c9e8bdfe,,gx-no-cache=1635877897121 HTTP/1.1" 200 5252
192.168.10.96 - - [02/Nov/2021:15:45:40 -0300] "POST /cormun/servlet/trsolicitudgral?50ac3e4a6979deffe2fab6e4c9e8bdfe,,gx-no-cache=1635877899138 HTTP/1.1" 200 5253
192.168.10.96 - - [02/Nov/2021:15:45:40 -0300] "POST /cormun/servlet/trsolicitudgral?50ac3e4a6979deffe2fab6e4c9e8bdfe,,gx-no-cache=1635877899313 HTTP/1.1" 200 5253
192.168.10.96 - - [02/Nov/2021:15:45:40 -0300] "POST /cormun/servlet/trsolicitudgral?50ac3e4a6979deffe2fab6e4c9e8bdfe,,gx-no-cache=1635877899538 HTTP/1.1" 200 5253
192.168.10.96 - - [02/Nov/2021:15:45:40 -0300] "POST /cormun/servlet/trsolicitudgral?50ac3e4a6979deffe2fab6e4c9e8bdfe,,gx-no-cache=1635877899811 HTTP/1.1" 200 5253
192.168.10.96 - - [02/Nov/2021:15:45:40 -0300] "POST /cormun/servlet/trsolicitudgral?50ac3e4a6979deffe2fab6e4c9e8bdfe,,gx-no-cache=1635877900082 HTTP/1.1" 200 5253
190.171.143.90 - - [02/Nov/2021:15:45:41 -0300] "POST /cormun/servlet/solicitudot?gx-no-cache=1635878045412 HTTP/1.1" 200 240
190.171.143.90 - - [02/Nov/2021:15:45:41 -0300] "GET /cormun/servlet/solicitudot?ad888711a7b59d75ab9bdd91d2a9774f765e0d172936395f57aad265a6b9d6918947f57a23b766553ad00d0f1ab49d5cb31c7b41f7317d56caf9a917d8d63e2e815d370e699729f28bc4398d1418a307d6fb4dcbc1ce90ecdc256e9d4558fa8609de0b9e6f136ca06f0feb8e029a484c5723e3e7fc3a2a1942a303dbedcc73f9d53187ce4cbc021a4316912fac7b49f5d811c83d3dcdd3206000d58b85aa4b8a178a1fddc3e9e3dbde22a37ae342607ce8f1f380b863d08f710be53a0d6940af045425fcdf31d8b9c2998a6b3d8787b6268371f81d420a8af2d3471a7150adcfa1ef78b38889260e43bd812ca52e6648b7e73dede7f9b492b6e25ea2f460ec78da276659ff754a27115b7624347295e7b66e5d6d82bcd60189473669f21a73edc3f3848d4ce0b94495965ebfdb980ec2a50d7c4507e1f4b781a7c57891075a7e3783fb78cc04489acd4c0679bc311c728f8fed95e1db3e5872152eec73b059bb540d62cd153c6ad61b103d8a9109978c1319b5871efc82a9acb0fd1ef60eb18c,gx-no-cache=1635878045466 HTTP/1.1" 200 30
190.171.143.90 - - [02/Nov/2021:15:45:41 -0300] "POST /cormun/servlet/solicitudot?gx-no-cache=1635878045489 HTTP/1.1" 200 30
190.171.143.90 - - [02/Nov/2021:15:45:41 -0300] "POST /cormun/servlet/solicitudot?gx-no-cache=1635878045517 HTTP/1.1" 200 1440
190.171.143.90 - - [02/Nov/2021:15:45:41 -0300] "POST /cormun/servlet/solicitudot?gx-no-cache=1635878045593 HTTP/1.1" 200 40
190.171.143.90 - - [02/Nov/2021:15:45:41 -0300] "GET /cormun/servlet/solicitudot?ad888711a7b59d75ab9bdd91d2a9774ff1ab372de2435cbb928e360d1a786e5a7196d4cf3ff2a607143bdab39ec9b59aac0ef5d5dedbe5c8b853e84af2f0c0f75805f2cff4767d8bbfc470f7b73e05e98b36e0de24679646bd2ed0f6542c5a4f789d1eeb46897212d8885fb55ba5a552,gx-no-cache=1635878045617 HTTP/1.1" 200 110
190.171.143.90 - - [02/Nov/2021:15:45:41 -0300] "POST /cormun/servlet/solicitudot?gx-no-cache=1635878045642 HTTP/1.1" 200 97
190.171.143.90 - - [02/Nov/2021:15:45:41 -0300] "GET /cormun/servlet/solicitudot?ad888711a7b59d75ab9bdd91d2a9774f178b8ac1b769bbf4234ed6db3aa91d6be07c3c1758ad2b8a8a0e8812f9587c5e,gx-no-cache=1635878045679 HTTP/1.1" 200 30
190.171.143.90 - - [02/Nov/2021:15:45:41 -0300] "POST /cormun/servlet/solicitudot?gx-no-cache=1635878045704 HTTP/1.1" 200 34
192.168.10.96 - - [02/Nov/2021:15:45:41 -0300] "POST /cormun/servlet/trsolicitudgral?50ac3e4a6979deffe2fab6e4c9e8bdfe,,gx-no-cache=1635877900786 HTTP/1.1" 200 5253
190.171.143.90 - - [02/Nov/2021:15:45:41 -0300] "POST /cormun/servlet/solicitudot?2c825706e68c82d3f6f9676f899eb397,INS,0,0,false,,gx-no-cache=1635878045731 HTTP/1.1" 200 93
192.168.10.96 - - [02/Nov/2021:15:45:41 -0300] "POST /cormun/servlet/trsolicitudgral?50ac3e4a6979deffe2fab6e4c9e8bdfe,,gx-no-cache=1635877901011 HTTP/1.1" 200 6663
192.168.10.96 - - [02/Nov/2021:15:45:42 -0300] "POST /cormun/servlet/trsolicitudgral?50ac3e4a6979deffe2fab6e4c9e8bdfe,,gx-no-cache=1635877901210 HTTP/1.1" 200 6663
190.171.143.90 - - [02/Nov/2021:15:45:42 -0300] "GET /cormun/servlet/hpexe_return? HTTP/1.1" 200 1014
190.171.143.90 - - [02/Nov/2021:15:45:42 -0300] "GET /cormun/static/gxcfg.js?201991422392976 HTTP/1.1" 200 953
190.171.143.90 - - [02/Nov/2021:15:45:42 -0300] "GET /cormun/static/hpexe_return.js?201991422392984 HTTP/1.1" 200 1633
190.171.143.90 - - [02/Nov/2021:15:45:42 -0300] "GET /cormun/servlet/trsolicitudot? HTTP/1.1" 200 7574
192.168.10.96 - - [02/Nov/2021:15:45:42 -0300] "POST /cormun/servlet/trsolicitudgral?50ac3e4a6979deffe2fab6e4c9e8bdfe,,gx-no-cache=1635877901427 HTTP/1.1" 200 6663
190.171.143.90 - - [02/Nov/2021:15:45:42 -0300] "GET /cormun/servlet/trsolicitudot? HTTP/1.1" 200 7570
192.168.10.96 - - [02/Nov/2021:15:45:44 -0300] "GET /cormun/servlet/vesolicitudgral?2021,17742,, HTTP/1.1" 200 8445
192.168.10.96 - - [02/Nov/2021:15:45:44 -0300] "GET /cormun/pexe_scrolldiv.js HTTP/1.1" 404 1009
192.168.10.96 - - [02/Nov/2021:15:45:44 -0300] "GET /cormun/pexe_scrolldiv.js HTTP/1.1" 404 1009
192.168.10.96 - - [02/Nov/2021:15:45:45 -0300] "GET /cormun/servlet/vesolicitudgral?2021,17742,, HTTP/1.1" 200 8443
192.168.10.96 - - [02/Nov/2021:15:45:54 -0300] "POST /cormun/servlet/vesolicitudgral?50ac3e4a6979deffe2fab6e4c9e8bdfe,2021,17742,,,gx-no-cache=1635877913942 HTTP/1.1" 200 90
192.168.10.96 - - [02/Nov/2021:15:45:54 -0300] "GET /cormun/servlet/hpexe_link HTTP/1.1" 200 973
192.168.10.96 - - [02/Nov/2021:15:45:54 -0300] "GET /cormun/servlet/trsolicitudgral? HTTP/1.1" 200 9700
192.168.10.96 - - [02/Nov/2021:15:45:55 -0300] "GET /cormun/servlet/trsolicitudgral? HTTP/1.1" 200 9699
190.171.143.90 - - [02/Nov/2021:15:46:23 -0300] "GET /cormun/servlet/solicitudot?INS,0,0,false, HTTP/1.1" 200 15926
190.171.143.90 - - [02/Nov/2021:15:46:24 -0300] "GET /cormun/servlet/solicitudot?INS,0,0,false, HTTP/1.1" 200 15934
190.171.143.90 - - [02/Nov/2021:15:47:10 -0300] "POST /cormun/servlet/solicitudot?gx-no-cache=1635878134091 HTTP/1.1" 200 3902
190.171.143.90 - - [02/Nov/2021:15:47:10 -0300] "POST /cormun/servlet/solicitudot?2c825706e68c82d3f6f9676f899eb397,INS,0,0,false,,gx-no-cache=1635878134239 HTTP/1.1" 200 12689
190.171.143.90 - - [02/Nov/2021:15:47:10 -0300] "GET /cormun/servlet/solicitudot?ad888711a7b59d75ab9bdd91d2a9774f7960ac44eb1aafa5470c0213d0e9b92ee50ecb589ad4f20468a55b24b121023c,gx-no-cache=1635878134699 HTTP/1.1" 200 30
213.14.189.143 - - [02/Nov/2021:15:47:45 -0300] "GET / HTTP/1.0" 200 11197
190.171.143.90 - - [02/Nov/2021:15:48:11 -0300] "GET /cormun/servlet/prbanco?,MD,,gxPopupLevel%3D0%3B HTTP/1.1" 200 6597
190.171.143.90 - - [02/Nov/2021:15:48:15 -0300] "GET /cormun/servlet/solicitudot?ad888711a7b59d75ab9bdd91d2a9774f933993b4ab95b04cb1906b5824819500861cdddbea4f1b1bec457128e7c2a3a15bf06b8648ece2fafe9e3408213c5436638723266d65fbdc662210b704da9dfb,gx-no-cache=1635878199806 HTTP/1.1" 200 30
190.171.143.90 - - [02/Nov/2021:15:48:21 -0300] "GET /cormun/servlet/solicitudot?ad888711a7b59d75ab9bdd91d2a9774ff9b8cf24b23f488553b7051c01fe3508,gx-no-cache=1635878205400 HTTP/1.1" 200 70
200.83.224.3 - - [02/Nov/2021:15:48:28 -0300] "GET /cormun/servlet/hlogin HTTP/1.1" 200 1729
200.83.224.3 - - [02/Nov/2021:15:48:29 -0300] "GET /cormun/static/gxtimezone.js?85251 HTTP/1.1" 200 5781
200.83.224.3 - - [02/Nov/2021:15:48:29 -0300] "GET /cormun/static/gxcfg.js?201910216285969 HTTP/1.1" 200 953
200.83.224.3 - - [02/Nov/2021:15:48:29 -0300] "GET /cormun/static/Resources/Spanish/PXTools.css?2294816 HTTP/1.1" 200 100853
200.83.224.3 - - [02/Nov/2021:15:48:29 -0300] "GET /cormun/static/hlogin.js?201910216285995 HTTP/1.1" 200 2136
200.83.224.3 - - [02/Nov/2021:15:48:29 -0300] "GET /cormun/static/Resources/Logo2019_Grande.png HTTP/1.1" 200 31733
200.83.224.3 - - [02/Nov/2021:15:48:29 -0300] "GET /cormun/static/gxgral.js?85251 HTTP/1.1" 200 384558
200.83.224.3 - - [02/Nov/2021:15:48:30 -0300] "GET /cormun/static/Resources/PXToolsLoginBackground.png HTTP/1.1" 200 1164
200.83.224.3 - - [02/Nov/2021:15:48:30 -0300] "GET /cormun/static/Resources/PXToolsLoginTop.png HTTP/1.1" 200 1337
200.83.224.3 - - [02/Nov/2021:15:48:30 -0300] "GET /cormun/static/Resources/PXToolsButtonLeft.png HTTP/1.1" 200 1310
200.83.224.3 - - [02/Nov/2021:15:48:30 -0300] "GET /cormun/static/Resources/PXToolsButtonRight.png HTTP/1.1" 200 1294
200.83.224.3 - - [02/Nov/2021:15:48:30 -0300] "GET /cormun/static/Resources/PXToolsButtonBackground.png HTTP/1.1" 200 1176
200.83.224.3 - - [02/Nov/2021:15:48:30 -0300] "GET /cormun/static/Resources/PXToolsLoginBottom.png HTTP/1.1" 200 1389
200.83.224.3 - - [02/Nov/2021:15:48:37 -0300] "POST /cormun/servlet/hlogin?442545fb472c79af443b4a861cd3d139,gx-no-cache=1635878221598 HTTP/1.1" 200 90
200.83.224.3 - - [02/Nov/2021:15:48:38 -0300] "GET /cormun/servlet/hpexe_link HTTP/1.1" 200 955
200.83.224.3 - - [02/Nov/2021:15:48:38 -0300] "GET /cormun/static/gxcfg.js?201991422392958 HTTP/1.1" 200 953
200.83.224.3 - - [02/Nov/2021:15:48:38 -0300] "GET /cormun/static/hpexe_link.js?201991422392963 HTTP/1.1" 200 625
200.83.224.3 - - [02/Nov/2021:15:48:38 -0300] "GET /cormun/servlet/hhome HTTP/1.1" 200 4305
200.83.224.3 - - [02/Nov/2021:15:48:38 -0300] "GET /cormun/static/gxcfg.js?20201215495537 HTTP/1.1" 200 953
200.83.224.3 - - [02/Nov/2021:15:48:38 -0300] "GET /cormun/static/PXToolsJavascripts/pexe_autoreload.js HTTP/1.1" 200 1762
200.83.224.3 - - [02/Nov/2021:15:48:38 -0300] "GET /cormun/static/PXToolsJavascripts/pexe_cookies.js HTTP/1.1" 200 792
200.83.224.3 - - [02/Nov/2021:15:48:38 -0300] "GET /cormun/static/PXToolsJavascripts/pexe_grid.js HTTP/1.1" 200 7559
200.83.224.3 - - [02/Nov/2021:15:48:38 -0300] "GET /cormun/static/PXToolsJavascripts/pexe_windows.js HTTP/1.1" 200 15207
200.83.224.3 - - [02/Nov/2021:15:48:38 -0300] "GET /cormun/static/PXToolsJavascripts/pexe_griddivfix.js HTTP/1.1" 200 6644
200.83.224.3 - - [02/Nov/2021:15:48:38 -0300] "GET /cormun/static/PXToolsJavascripts/pexe_link.js HTTP/1.1" 200 5671
200.83.224.3 - - [02/Nov/2021:15:48:38 -0300] "GET /cormun/static/PXToolsJavascripts/pexe_menus.js HTTP/1.1" 200 1286
200.83.224.3 - - [02/Nov/2021:15:48:38 -0300] "GET /cormun/static/PXToolsJavascripts/pexe_menudivfix.js HTTP/1.1" 200 333
200.83.224.3 - - [02/Nov/2021:15:48:38 -0300] "GET /cormun/static/PXToolsJavascripts/pexe_layers.js HTTP/1.1" 200 4114
200.83.224.3 - - [02/Nov/2021:15:48:38 -0300] "GET /cormun/static/PXToolsJavascripts/pexe_oav.js HTTP/1.1" 200 645
200.83.224.3 - - [02/Nov/2021:15:48:38 -0300] "GET /cormun/static/PXToolsJavascripts/pexe_oavdivfix.js HTTP/1.1" 200 639
200.83.224.3 - - [02/Nov/2021:15:48:38 -0300] "GET /cormun/static/PXToolsJavascripts/pexe_picture.js HTTP/1.1" 200 689
200.83.224.3 - - [02/Nov/2021:15:48:38 -0300] "GET /cormun/static/PXToolsJavascripts/pexe_popup.js HTTP/1.1" 200 13458
200.83.224.3 - - [02/Nov/2021:15:48:38 -0300] "GET /cormun/static/PXToolsJavascripts/pexe_scrolldiv.js HTTP/1.1" 200 4138
200.83.224.3 - - [02/Nov/2021:15:48:38 -0300] "GET /cormun/static/PXToolsJavascripts/PXToolsJavascriptsRender.js HTTP/1.1" 200 367
200.83.224.3 - - [02/Nov/2021:15:48:38 -0300] "GET /cormun/static/PXToolsJavascripts/pexe_tabdivfix.js HTTP/1.1" 200 876
200.83.224.3 - - [02/Nov/2021:15:48:38 -0300] "GET /cormun/static/PXToolsJavascripts/pexe_upload.js HTTP/1.1" 200 1423
200.83.224.3 - - [02/Nov/2021:15:48:38 -0300] "GET /cormun/static/PXToolsJavascripts/pexe_tabs.js HTTP/1.1" 200 3748
200.83.224.3 - - [02/Nov/2021:15:48:39 -0300] "GET /cormun/static/RunJS/RunJS.js HTTP/1.1" 200 288
200.83.224.3 - - [02/Nov/2021:15:48:39 -0300] "GET /cormun/static/gxui/gxui-all.js HTTP/1.1" 200 107772
200.83.224.3 - - [02/Nov/2021:15:48:39 -0300] "GET /cormun/static/hwchdr01.js?20201214473739 HTTP/1.1" 200 996
200.83.224.3 - - [02/Nov/2021:15:48:39 -0300] "GET /cormun/static/Shared/ext/locale/ext-lang-en.js HTTP/1.1" 200 10940
200.83.224.3 - - [02/Nov/2021:15:48:39 -0300] "GET /cormun/static/hhome.js?20201215495544 HTTP/1.1" 200 777
200.83.224.3 - - [02/Nov/2021:15:48:39 -0300] "GET /cormun/static/Resources/PXToolsDataTitle.png HTTP/1.1" 200 1173
200.83.224.3 - - [02/Nov/2021:15:48:39 -0300] "GET /cormun/static/Resources/Logo2019_Small.png HTTP/1.1" 200 10855
200.83.224.3 - - [02/Nov/2021:15:48:39 -0300] "GET /cormun/static/Resources/Llave.png HTTP/1.1" 200 1395
200.83.224.3 - - [02/Nov/2021:15:48:39 -0300] "GET /cormun/static/Resources/ImgHome.png HTTP/1.1" 200 1364
200.83.224.3 - - [02/Nov/2021:15:48:39 -0300] "GET /cormun/static/Resources/ImgLogin.png HTTP/1.1" 200 1432
200.83.224.3 - - [02/Nov/2021:15:48:39 -0300] "GET /cormun/static/hpexe_recentlink.js?20201214471090 HTTP/1.1" 200 2144
200.83.224.3 - - [02/Nov/2021:15:48:39 -0300] "GET /cormun/static/hpexe_scripts.js?20201214471411 HTTP/1.1" 200 1544
200.83.224.3 - - [02/Nov/2021:15:48:39 -0300] "GET /cormun/static/hpexe_messagecontroller.js?201991422154126 HTTP/1.1" 200 870
200.83.224.3 - - [02/Nov/2021:15:48:39 -0300] "GET /cormun/static/hpexe_messagepopupcomponent.js?2020121447232 HTTP/1.1" 200 605
200.83.224.3 - - [02/Nov/2021:15:48:39 -0300] "GET /cormun/static/hpexe_messagegenexuscomponent.js?2020121447173 HTTP/1.1" 200 587
200.83.224.3 - - [02/Nov/2021:15:48:39 -0300] "GET /cormun/static/cmcontrolpreferences.js?20199141926336 HTTP/1.1" 200 1375
200.83.224.3 - - [02/Nov/2021:15:48:39 -0300] "GET /cormun/static/Shared/jquery/jquery-1.4.2.min.js HTTP/1.1" 200 72174
200.83.224.3 - - [02/Nov/2021:15:48:39 -0300] "GET /cormun/static/SmoothNavMenu/resources/ddsmoothmenu.js HTTP/1.1" 200 12712
200.83.224.3 - - [02/Nov/2021:15:48:39 -0300] "GET /cormun/static/SmoothNavMenu/resources/SmoothNavMenuRender.js HTTP/1.1" 200 5951
200.83.224.3 - - [02/Nov/2021:15:48:39 -0300] "GET /cormun/static/scaMessage/js/jquery.pnotify.min.js HTTP/1.1" 200 13038
200.83.224.3 - - [02/Nov/2021:15:48:39 -0300] "GET /cormun/static/Shared/ext/ext-all.js HTTP/1.1" 200 1289687
200.83.224.3 - - [02/Nov/2021:15:48:39 -0300] "GET /cormun/static/scaMessage/scaMessageRender.js HTTP/1.1" 200 11977
200.83.224.3 - - [02/Nov/2021:15:48:39 -0300] "GET /cormun/static/hmpwkw03.js?20201215501896 HTTP/1.1" 200 3973
200.83.224.3 - - [02/Nov/2021:15:48:39 -0300] "GET /cormun/static/Shared/jquery/jquery-1.10.2.min.js HTTP/1.1" 200 273199
200.83.224.3 - - [02/Nov/2021:15:48:39 -0300] "GET /cormun/static/Shared/jqueryui/jquery-ui.min.js HTTP/1.1" 200 240427
200.83.224.3 - - [02/Nov/2021:15:48:40 -0300] "GET /cormun/servlet/hhome HTTP/1.1" 200 4301
200.83.224.3 - - [02/Nov/2021:15:48:40 -0300] "GET /cormun/static/SmoothNavMenu/resources/images/down.gif HTTP/1.1" 200 854
200.83.224.3 - - [02/Nov/2021:15:48:40 -0300] "GET /cormun/static/SmoothNavMenu/resources/images/right.gif HTTP/1.1" 200 860
200.83.224.3 - - [02/Nov/2021:15:48:44 -0300] "GET /cormun/servlet/trlicencias? HTTP/1.1" 200 11201
200.83.224.3 - - [02/Nov/2021:15:48:44 -0300] "GET /cormun/static/Shared/ext/resources/css/ext-all.css?215870 HTTP/1.1" 200 416045
200.83.224.3 - - [02/Nov/2021:15:48:44 -0300] "GET /cormun/static/gxui/gxui-all.css?120300 HTTP/1.1" 200 2179
200.83.224.3 - - [02/Nov/2021:15:48:44 -0300] "GET /cormun/static/gxcfg.js?2020121613995 HTTP/1.1" 200 953
200.83.224.3 - - [02/Nov/2021:15:48:44 -0300] "GET /cormun/static/calendar-system.css?85620 HTTP/1.1" 200 5572
200.83.224.3 - - [02/Nov/2021:15:48:44 -0300] "GET /cormun/static/calendar-setup.js?85251 HTTP/1.1" 200 2588
200.83.224.3 - - [02/Nov/2021:15:48:44 -0300] "GET /cormun/static/calendar.js?85251 HTTP/1.1" 200 26246
200.83.224.3 - - [02/Nov/2021:15:48:44 -0300] "GET /cormun/static/calendar-es.js?85251 HTTP/1.1" 200 1901
200.83.224.3 - - [02/Nov/2021:15:48:44 -0300] "GET /cormun/static/gxdec.js?85251 HTTP/1.1" 200 19579
200.83.224.3 - - [02/Nov/2021:15:48:45 -0300] "GET /cormun/static/trlicencias.js?202012162481 HTTP/1.1" 200 41883
200.83.224.3 - - [02/Nov/2021:15:48:45 -0300] "GET /cormun/static/Resources/PXTools/calendar.png HTTP/1.1" 200 1306
200.83.224.3 - - [02/Nov/2021:15:48:45 -0300] "GET /cormun/static/Resources/PXToolsGridNextDisabled.gif HTTP/1.1" 200 90
200.83.224.3 - - [02/Nov/2021:15:48:45 -0300] "GET /cormun/static/Resources/PXToolsGridLastDisabled.gif HTTP/1.1" 200 98
200.83.224.3 - - [02/Nov/2021:15:48:45 -0300] "GET /cormun/static/Resources/PXToolsGridFirstDisabled.gif HTTP/1.1" 200 100
200.83.224.3 - - [02/Nov/2021:15:48:45 -0300] "GET /cormun/static/Resources/PXToolsGridPreviousDisabled.gif HTTP/1.1" 200 90
200.83.224.3 - - [02/Nov/2021:15:48:45 -0300] "GET /cormun/static/Resources/PXToolsGridPage.gif HTTP/1.1" 200 725
200.83.224.3 - - [02/Nov/2021:15:48:45 -0300] "GET /cormun/static/Resources/PXToolsActionExcel.png HTTP/1.1" 200 727
200.83.224.3 - - [02/Nov/2021:15:48:45 -0300] "GET /cormun/static/Resources/PXToolsAddAllAction.png HTTP/1.1" 200 495
200.83.224.3 - - [02/Nov/2021:15:48:46 -0300] "GET /cormun/static/Resources/asc.gif HTTP/1.1" 200 67
200.83.224.3 - - [02/Nov/2021:15:48:46 -0300] "GET /cormun//static/Resources/PXTools/ActionInsert.png HTTP/1.1" 200 1482
200.83.224.3 - - [02/Nov/2021:15:48:46 -0300] "GET /cormun//static/Resources/PXToolsActionDisabled.gif HTTP/1.1" 200 53
200.83.224.3 - - [02/Nov/2021:15:48:46 -0300] "GET /cormun/static/Resources/desc.gif HTTP/1.1" 200 65
200.83.224.3 - - [02/Nov/2021:15:48:46 -0300] "GET /cormun//static/Resources/PXToolsGridDisplay.png HTTP/1.1" 200 525
200.83.224.3 - - [02/Nov/2021:15:48:46 -0300] "GET /cormun//static/Resources/PXToolsActionPrint.png HTTP/1.1" 200 404
200.83.224.3 - - [02/Nov/2021:15:48:46 -0300] "GET /cormun//static/Resources/PXToolsHeaderHelp.png HTTP/1.1" 200 1333
200.83.224.3 - - [02/Nov/2021:15:48:46 -0300] "GET /cormun//static/Resources/PXToolsHeaderFavorites.png HTTP/1.1" 200 1414
200.83.224.3 - - [02/Nov/2021:15:48:46 -0300] "GET /cormun/servlet/trlicencias? HTTP/1.1" 200 11199
200.83.224.3 - - [02/Nov/2021:15:48:46 -0300] "GET /cormun/static/Shared/ext/resources/themes/images/default/panel/bg-headersPanel.png HTTP/1.1" 200 255
200.83.224.3 - - [02/Nov/2021:15:48:46 -0300] "GET /cormun/static/Shared/ext/resources/themes/images/default/tools/tool-sprites.gif HTTP/1.1" 200 5434
200.83.224.3 - - [02/Nov/2021:15:48:51 -0300] "GET /cormun/static/menuarrow.gif HTTP/1.1" 404 1015
190.171.143.90 - - [02/Nov/2021:15:49:00 -0300] "POST /cormun/servlet/solicitudot?gx-no-cache=1635878244547 HTTP/1.1" 200 240
190.171.143.90 - - [02/Nov/2021:15:49:00 -0300] "GET /cormun/servlet/solicitudot?ad888711a7b59d75ab9bdd91d2a9774f765e0d172936395f57aad265a6b9d6918947f57a23b766553ad00d0f1ab49d5cb31c7b41f7317d56caf9a917d8d63e2e815d370e699729f28bc4398d1418a307d6fb4dcbc1ce90ecdc256e9d4558fa8609de0b9e6f136ca06f0feb8e029a484c5723e3e7fc3a2a1942a303dbedcc73f9d53187ce4cbc021a4316912fac7b49f5d811c83d3dcdd3206000d58b85aa4b8a178a1fddc3e9e3dbde22a37ae342607ce8f1f380b863d08f710be53a0d6940af045425fcdf31d8b9c2998a6b3d8787b6268371f81d420a8af2d3471a7150adcfa1ef78b38889260e43bd812ca52e6648b7e73dede7f9b492b6e25ea2f460ec78da276659ff754a27115b7624347295e7b66e5d6d82bcd60189473669f21a73edc3f3848d4ce0b94495965ebfdb980ec2a50d7c4507e1f4b781a7c57891075a7e3783fb78cc04489acd4c0679bc311c728f8fed95e1db3e5872152eec73b059bb540d62cd153c6ad61b103d8a9109978caffbb9e15a8b81ce738e9e286431992c,gx-no-cache=1635878244673 HTTP/1.1" 200 30
190.171.143.90 - - [02/Nov/2021:15:49:09 -0300] "POST /cormun/servlet/solicitudot?gx-no-cache=1635878253611 HTTP/1.1" 200 30
190.171.143.90 - - [02/Nov/2021:15:49:44 -0300] "POST /cormun/servlet/solicitudot?gx-no-cache=1635878288305 HTTP/1.1" 200 1440
190.171.143.90 - - [02/Nov/2021:15:49:51 -0300] "GET /cormun/static/menuarrow.gif HTTP/1.1" 404 1015
191.116.43.173 - - [02/Nov/2021:15:50:14 -0300] "GET /cormun/servlet/hlogin HTTP/1.1" 200 1725
200.83.224.3 - - [02/Nov/2021:15:50:15 -0300] "POST /cormun/servlet/trlicencias?442545fb472c79af443b4a861cd3d139,,gx-no-cache=1635878318523 HTTP/1.1" 200 101
200.83.224.3 - - [02/Nov/2021:15:50:15 -0300] "GET /cormun/Licencias-5585.xls HTTP/1.1" 200 38400
190.171.143.90 - - [02/Nov/2021:15:50:20 -0300] "POST /cormun/servlet/solicitudot?gx-no-cache=1635878324499 HTTP/1.1" 200 40
190.171.143.90 - - [02/Nov/2021:15:50:20 -0300] "GET /cormun/servlet/solicitudot?ad888711a7b59d75ab9bdd91d2a9774ff1ab372de2435cbb928e360d1a786e5a7196d4cf3ff2a607143bdab39ec9b59aac0ef5d5dedbe5c8b853e84af2f0c0f75805f2cff4767d8bbfc470f7b73e05e98b36e0de24679646bd2ed0f6542c5a4f789d1eeb46897212d8885fb55ba5a552,gx-no-cache=1635878324548 HTTP/1.1" 200 110
190.171.143.90 - - [02/Nov/2021:15:50:20 -0300] "POST /cormun/servlet/solicitudot?gx-no-cache=1635878324573 HTTP/1.1" 200 97
191.116.43.173 - - [02/Nov/2021:15:50:27 -0300] "POST /cormun/servlet/hlogin?d144c0ff80b75644f0fba932a7945e09,gx-no-cache=1635878326576 HTTP/1.1" 200 90
191.116.43.173 - - [02/Nov/2021:15:50:27 -0300] "GET /cormun/servlet/hpexe_link HTTP/1.1" 200 953
191.116.43.173 - - [02/Nov/2021:15:50:28 -0300] "GET /cormun/servlet/hhome HTTP/1.1" 200 4470
191.116.43.173 - - [02/Nov/2021:15:50:32 -0300] "GET /cormun/servlet/hhome HTTP/1.1" 200 4468
190.171.143.90 - - [02/Nov/2021:15:50:34 -0300] "GET /cormun/servlet/solicitudot?ad888711a7b59d75ab9bdd91d2a9774ffefe96e746fff3e0695f06b0196917688adee82b6b4c36cff3a59338f0c842c1de92f050144215f613f02f9b852333aebf648c0a500565fab68b5815090165981866b74d227afa4e29835432596e1ec8787d2b4760418ce4583638fbb47ef6b4b2c7056fc3c3df4826a35896ceb6ded9058682ac66a2fc1d053cb49b886782e7468790a1804ad7d9889d2c8cb1565362,gx-no-cache=1635878338540 HTTP/1.1" 200 29
191.116.43.173 - - [02/Nov/2021:15:50:37 -0300] "GET /cormun/servlet/trpermisosgoce? HTTP/1.1" 200 13386
191.116.43.173 - - [02/Nov/2021:15:50:38 -0300] "GET /cormun/servlet/trpermisosgoce? HTTP/1.1" 200 13381
190.171.143.90 - - [02/Nov/2021:15:50:40 -0300] "GET /cormun/servlet/solicitudot?ad888711a7b59d75ab9bdd91d2a9774f178b8ac1b769bbf4234ed6db3aa91d6be07c3c1758ad2b8a8a0e8812f9587c5e,gx-no-cache=1635878345050 HTTP/1.1" 200 30
186.103.159.189 - - [02/Nov/2021:15:50:44 -0300] "GET /cormun/servlet/trlicencias? HTTP/1.1" 200 7244
191.116.43.173 - - [02/Nov/2021:15:50:44 -0300] "GET /cormun/servlet/permisogoce?INS,0,,, HTTP/1.1" 200 7371
191.116.43.173 - - [02/Nov/2021:15:50:45 -0300] "GET /cormun/servlet/permisogoce?INS,0,,, HTTP/1.1" 200 7371
190.171.143.90 - - [02/Nov/2021:15:50:46 -0300] "POST /cormun/servlet/solicitudot?gx-no-cache=1635878351066 HTTP/1.1" 200 34
186.103.159.189 - - [02/Nov/2021:15:50:51 -0300] "GET /cormun/servlet/trlicencias? HTTP/1.1" 200 7225
186.103.159.189 - - [02/Nov/2021:15:50:51 -0300] "GET /cormun/servlet/hlogin HTTP/1.1" 200 1748
191.116.43.173 - - [02/Nov/2021:15:50:57 -0300] "GET /cormun/servlet/permisogoce?2bb1930d4775a9dfd4aa6df8ae82c6e65a88261edc1ebb1d8c1374449362a13d72169e037ac506522fc097da529ecd225d1f6065c5340383cc03a3abcde76695,gx-no-cache=1635878356216 HTTP/1.1" 200 78
191.116.43.173 - - [02/Nov/2021:15:50:57 -0300] "GET /cormun/static/menuarrow.gif HTTP/1.1" 404 1015
191.116.43.173 - - [02/Nov/2021:15:51:00 -0300] "GET /cormun/servlet/permisogoce?2bb1930d4775a9dfd4aa6df8ae82c6e6d9b9812633bea941e7cacbec7eb9794d29d252224a0d5d3b5f0d0e14c2dd27f547c42ead28285b176a3df3847bfc0f3f,gx-no-cache=1635878359572 HTTP/1.1" 200 46
186.103.159.189 - - [02/Nov/2021:15:51:04 -0300] "POST /cormun/servlet/hlogin?8631d307812319b0da46855fc7b47dd6,gx-no-cache=1635878364549 HTTP/1.1" 200 90
186.103.159.189 - - [02/Nov/2021:15:51:04 -0300] "GET /cormun/servlet/hpexe_link HTTP/1.1" 200 961
186.103.159.189 - - [02/Nov/2021:15:51:05 -0300] "GET /cormun/servlet/trlicencias HTTP/1.1" 200 10636
186.103.159.189 - - [02/Nov/2021:15:51:09 -0300] "GET /cormun/servlet/trlicencias HTTP/1.1" 200 10634
