46.174.191.31 - - [29/Oct/2021:00:02:47 -0300] "GET / HTTP/1.0" 200 11197
209.141.58.149 - - [29/Oct/2021:00:03:46 -0300] "GET /manager/html HTTP/1.1" 401 2474
209.141.58.149 - - [29/Oct/2021:00:09:46 -0300] "GET /manager/html HTTP/1.1" 401 2474
209.141.58.149 - - [29/Oct/2021:00:16:23 -0300] "GET /manager/html HTTP/1.1" 401 2474
45.137.23.93 - - [29/Oct/2021:00:17:56 -0300] "îê Ãïz¾­dqŸ8ïTUv@[Ò , ]Q`Zøy3F Þ@BªU<ùW>w9 Sö´’a’5‡ÃY‚Ÿ= }ì&À+À/À,À0̨̩À ÀÀ" 400 -
45.137.23.93 - - [29/Oct/2021:00:17:57 -0300] "GET /apply_sec.cgi HTTP/1.1" 404 987
209.141.58.149 - - [29/Oct/2021:00:22:15 -0300] "GET /manager/html HTTP/1.1" 401 2474
209.141.58.149 - - [29/Oct/2021:00:27:53 -0300] "GET /manager/html HTTP/1.1" 401 2474
45.137.23.93 - - [29/Oct/2021:00:31:37 -0300] "îêåVä°÷Î[.Aö-¿‚GV¿Ž*b5ÿÒ;¼‚v†A ö‚í " 400 -
45.137.23.93 - - [29/Oct/2021:00:31:38 -0300] "GET /apply_sec.cgi HTTP/1.1" 404 987
209.141.58.149 - - [29/Oct/2021:00:33:31 -0300] "GET /manager/html HTTP/1.1" 401 2474
209.141.58.149 - - [29/Oct/2021:00:39:25 -0300] "GET /manager/html HTTP/1.1" 401 2474
209.141.58.149 - - [29/Oct/2021:00:45:30 -0300] "GET /manager/html HTTP/1.1" 401 2474
209.141.58.149 - - [29/Oct/2021:00:51:26 -0300] "GET /manager/html HTTP/1.1" 401 2474
209.141.58.149 - - [29/Oct/2021:00:58:27 -0300] "GET /manager/html HTTP/1.1" 401 2474
85.90.199.93 - - [29/Oct/2021:01:02:31 -0300] "GET / HTTP/1.1" 200 11217
209.141.58.149 - - [29/Oct/2021:01:04:46 -0300] "GET /manager/html HTTP/1.1" 401 2474
209.141.58.149 - - [29/Oct/2021:01:12:00 -0300] "GET /manager/html HTTP/1.1" 401 2474
46.98.201.103 - - [29/Oct/2021:01:15:27 -0300] "GET / HTTP/1.1" 200 11217
209.141.58.149 - - [29/Oct/2021:01:18:16 -0300] "GET /manager/html HTTP/1.1" 401 2474
209.141.58.149 - - [29/Oct/2021:01:24:31 -0300] "GET /manager/html HTTP/1.1" 401 2474
209.141.58.149 - - [29/Oct/2021:01:30:27 -0300] "GET /manager/html HTTP/1.1" 401 2474
209.141.58.149 - - [29/Oct/2021:01:43:29 -0300] "GET /manager/html HTTP/1.1" 401 2474
209.141.58.149 - - [29/Oct/2021:01:49:56 -0300] "GET /manager/html HTTP/1.1" 401 2474
209.141.58.149 - - [29/Oct/2021:01:55:45 -0300] "GET /manager/html HTTP/1.1" 401 2474
209.141.58.149 - - [29/Oct/2021:02:02:35 -0300] "GET /manager/html HTTP/1.1" 401 2474
209.141.58.149 - - [29/Oct/2021:02:09:05 -0300] "GET /manager/html HTTP/1.1" 401 2474
209.141.58.149 - - [29/Oct/2021:02:14:51 -0300] "GET /manager/html HTTP/1.1" 401 2474
209.141.58.149 - - [29/Oct/2021:02:20:42 -0300] "GET /manager/html HTTP/1.1" 401 2474
209.141.58.149 - - [29/Oct/2021:02:26:21 -0300] "GET /manager/html HTTP/1.1" 401 2474
209.141.58.149 - - [29/Oct/2021:02:32:10 -0300] "GET /manager/html HTTP/1.1" 401 2474
207.46.13.58 - - [29/Oct/2021:02:43:15 -0300] "GET /cormun/servlet/hpexe_return HTTP/1.1" 200 974
209.141.58.149 - - [29/Oct/2021:02:44:57 -0300] "GET /manager/html HTTP/1.1" 401 2474
209.141.58.149 - - [29/Oct/2021:02:51:02 -0300] "GET /manager/html HTTP/1.1" 401 2474
209.141.58.149 - - [29/Oct/2021:02:57:49 -0300] "GET /manager/html HTTP/1.1" 401 2474
209.141.41.12 - - [29/Oct/2021:03:03:56 -0300] "GET /config/getuser?index=0 HTTP/1.1" 404 989
209.141.58.149 - - [29/Oct/2021:03:05:33 -0300] "GET /manager/html HTTP/1.1" 401 2474
209.141.58.149 - - [29/Oct/2021:03:13:47 -0300] "GET /manager/html HTTP/1.1" 401 2474
209.141.58.149 - - [29/Oct/2021:03:22:46 -0300] "GET /manager/html HTTP/1.1" 401 2474
209.141.58.149 - - [29/Oct/2021:03:30:29 -0300] "GET /manager/html HTTP/1.1" 401 2474
157.55.39.59 - - [29/Oct/2021:03:35:43 -0300] "GET /cormun/servlet/trlicencias HTTP/1.1" 200 7205
207.46.13.122 - - [29/Oct/2021:03:35:57 -0300] "GET /cormun/static/hwchdr01.js?20201214473739 HTTP/1.1" 200 996
207.46.13.122 - - [29/Oct/2021:03:35:57 -0300] "GET /cormun/static/trlicencias.js?202012162481 HTTP/1.1" 200 41883
157.55.39.59 - - [29/Oct/2021:03:36:03 -0300] "GET /cormun/static/PXToolsJavascripts/pexe_cookies.js HTTP/1.1" 200 792
209.141.58.149 - - [29/Oct/2021:03:38:35 -0300] "GET /manager/html HTTP/1.1" 401 2474
209.141.58.149 - - [29/Oct/2021:03:45:57 -0300] "GET /manager/html HTTP/1.1" 401 2474
209.141.58.149 - - [29/Oct/2021:03:54:13 -0300] "GET /manager/html HTTP/1.1" 401 2474
209.141.58.149 - - [29/Oct/2021:04:04:41 -0300] "GET /manager/html HTTP/1.1" 401 2474
40.77.139.82 - - [29/Oct/2021:04:06:55 -0300] "GET /cormun/static/gxcfg.js?2020121613995 HTTP/1.1" 200 953
40.77.191.243 - - [29/Oct/2021:04:06:57 -0300] "GET /cormun/static/hpexe_messagepopupcomponent.js?2020121447232 HTTP/1.1" 200 605
40.77.139.51 - - [29/Oct/2021:04:06:57 -0300] "GET /cormun/static/hpexe_messagegenexuscomponent.js?2020121447173 HTTP/1.1" 200 587
106.75.164.154 - - [29/Oct/2021:04:09:32 -0300] "GET / HTTP/1.0" 200 11197
87.250.224.194 - - [29/Oct/2021:04:12:01 -0300] "GET /robots.txt HTTP/1.1" 404 981
87.250.224.194 - - [29/Oct/2021:04:12:05 -0300] "GET / HTTP/1.1" 200 11217
209.141.58.149 - - [29/Oct/2021:04:14:55 -0300] "GET /manager/html HTTP/1.1" 401 2474
128.1.248.26 - - [29/Oct/2021:04:20:05 -0300] "GET / HTTP/1.1" 200 11217
209.141.58.149 - - [29/Oct/2021:04:25:23 -0300] "GET /manager/html HTTP/1.1" 401 2474
185.216.140.6 - - [29/Oct/2021:04:33:41 -0300] "GET / HTTP/1.1" 200 11217
209.141.58.149 - - [29/Oct/2021:04:38:30 -0300] "GET /manager/html HTTP/1.1" 401 2474
209.141.58.149 - - [29/Oct/2021:04:57:55 -0300] "GET /manager/html HTTP/1.1" 401 2474
40.77.167.7 - - [29/Oct/2021:05:13:07 -0300] "GET /cormun/servlet/hpexe_link HTTP/1.1" 200 933
209.141.58.149 - - [29/Oct/2021:05:27:52 -0300] "GET /manager/html HTTP/1.1" 401 2474
79.142.119.206 - - [29/Oct/2021:05:45:10 -0300] "GET / HTTP/1.1" 200 11217
43.248.96.136 - - [29/Oct/2021:05:48:09 -0300] "GET /lixuan.php HTTP/1.1" 404 981
205.185.121.173 - - [29/Oct/2021:05:48:49 -0300] "GET /manager/html HTTP/1.1" 401 2474
209.141.58.149 - - [29/Oct/2021:05:49:19 -0300] "GET /manager/html HTTP/1.1" 401 2474
181.214.206.202 - - [29/Oct/2021:05:49:30 -0300] "OPTIONS / HTTP/1.1" 200 11217
205.185.121.173 - - [29/Oct/2021:06:06:23 -0300] "GET /manager/html HTTP/1.1" 401 2474
209.141.58.149 - - [29/Oct/2021:06:16:59 -0300] "GET /manager/html HTTP/1.1" 401 2474
205.185.121.173 - - [29/Oct/2021:06:24:48 -0300] "GET /manager/html HTTP/1.1" 401 2474
89.248.165.52 - - [29/Oct/2021:06:38:13 -0300] "CONNECT hotmail-com.olc.protection.outlook.com:25 HTTP/1.1" 400 -
205.185.121.173 - - [29/Oct/2021:06:44:22 -0300] "GET /manager/html HTTP/1.1" 401 2474
209.141.58.149 - - [29/Oct/2021:06:44:54 -0300] "GET /manager/html HTTP/1.1" 401 2474
192.241.201.34 - - [29/Oct/2021:07:00:20 -0300] "GET / HTTP/1.1" 200 11217
205.185.121.173 - - [29/Oct/2021:07:05:44 -0300] "GET /manager/html HTTP/1.1" 401 2474
207.46.13.58 - - [29/Oct/2021:07:08:23 -0300] "GET /cormun/servlet/hpexe_return HTTP/1.1" 200 971
209.141.58.149 - - [29/Oct/2021:07:11:10 -0300] "GET /manager/html HTTP/1.1" 401 2474
205.185.121.173 - - [29/Oct/2021:07:25:52 -0300] "GET /manager/html HTTP/1.1" 401 2474
207.46.13.128 - - [29/Oct/2021:07:25:56 -0300] "GET /cormun/servlet/trautorizarsolicitud?_escaped_fragment_= HTTP/1.1" 200 6201
209.141.58.149 - - [29/Oct/2021:07:35:11 -0300] "GET /manager/html HTTP/1.1" 401 2474
62.204.233.18 - - [29/Oct/2021:07:42:55 -0300] "GET / HTTP/1.1" 200 11217
87.250.224.194 - - [29/Oct/2021:07:47:10 -0300] "GET /robots.txt HTTP/1.1" 404 981
87.250.224.194 - - [29/Oct/2021:07:47:14 -0300] "GET /examples/jsp/jsp2/simpletag/repeat.html HTTP/1.1" 200 1438
205.185.121.173 - - [29/Oct/2021:07:48:33 -0300] "GET /manager/html HTTP/1.1" 401 2474
89.248.165.52 - - [29/Oct/2021:07:51:05 -0300] "CONNECT 85.206.160.115:80 HTTP/1.1" 400 -
190.171.142.10 - - [29/Oct/2021:07:52:50 -0300] "GET /cormun/servlet/hlogin HTTP/1.1" 200 1728
190.171.142.10 - - [29/Oct/2021:07:53:01 -0300] "POST /cormun/servlet/hlogin?c2b72937866fc61114d6022ee1437c79,gx-no-cache=1635504081005 HTTP/1.1" 200 90
190.171.142.10 - - [29/Oct/2021:07:53:01 -0300] "GET /cormun/servlet/hpexe_link HTTP/1.1" 200 955
190.171.142.10 - - [29/Oct/2021:07:53:02 -0300] "GET /cormun/servlet/hhome HTTP/1.1" 200 4223
190.171.142.10 - - [29/Oct/2021:07:53:03 -0300] "GET /cormun/servlet/hhome HTTP/1.1" 200 4219
190.171.142.10 - - [29/Oct/2021:07:53:07 -0300] "GET /cormun/servlet/trsolicitudot? HTTP/1.1" 200 7447
190.171.142.10 - - [29/Oct/2021:07:53:09 -0300] "GET /cormun/servlet/trsolicitudot? HTTP/1.1" 200 7446
190.171.142.10 - - [29/Oct/2021:07:53:12 -0300] "GET /cormun/servlet/solicitudot?INS,0,0,false, HTTP/1.1" 200 15852
190.171.142.10 - - [29/Oct/2021:07:53:15 -0300] "GET /cormun/servlet/solicitudot?INS,0,0,false, HTTP/1.1" 200 15859
190.171.142.10 - - [29/Oct/2021:07:53:44 -0300] "POST /cormun/servlet/solicitudot?gx-no-cache=1635504124425 HTTP/1.1" 200 3778
190.171.142.10 - - [29/Oct/2021:07:53:45 -0300] "POST /cormun/servlet/solicitudot?c2b72937866fc61114d6022ee1437c79,INS,0,0,false,,gx-no-cache=1635504124724 HTTP/1.1" 200 12566
190.171.142.10 - - [29/Oct/2021:07:54:02 -0300] "GET /cormun/servlet/solicitudot?cb10cb10efb8c552273605743ae7c31141bd630f7e361d13f99a6197cf8562466e4a3fc734f294a25d982849506fd99e,gx-no-cache=1635504141985 HTTP/1.1" 200 30
190.171.142.10 - - [29/Oct/2021:07:56:46 -0300] "GET /cormun/servlet/prbanco?,MD,,gxPopupLevel%3D0%3B HTTP/1.1" 200 6503
190.171.142.10 - - [29/Oct/2021:07:56:46 -0300] "GET /cormun/static/gxcfg.js?20201216131581 HTTP/1.1" 200 953
190.171.142.10 - - [29/Oct/2021:07:56:46 -0300] "GET /cormun/static/prbanco.js?20201216132311 HTTP/1.1" 200 10693
190.171.142.10 - - [29/Oct/2021:07:56:50 -0300] "GET /cormun/servlet/solicitudot?cb10cb10efb8c552273605743ae7c31151ae644e23bebab114ae480c67d966a9a02e211abb1f73ec52000165dc4baac84215cf62e335a88b399f1cd6e81e6e3899b13372569d5544c8eb19976e644771,gx-no-cache=1635504310269 HTTP/1.1" 200 30
190.171.142.10 - - [29/Oct/2021:07:56:51 -0300] "GET /cormun/servlet/solicitudot?cb10cb10efb8c552273605743ae7c311c02f2ff6ee72f32c243999d7f9ab916b,gx-no-cache=1635504311472 HTTP/1.1" 200 53
190.171.142.10 - - [29/Oct/2021:07:57:08 -0300] "POST /cormun/servlet/solicitudot?gx-no-cache=1635504328057 HTTP/1.1" 200 297
190.171.142.10 - - [29/Oct/2021:07:57:08 -0300] "GET /cormun/servlet/solicitudot?cb10cb10efb8c552273605743ae7c3115c816fd23ac0633a4babf0e9e7d65c988f3bbb31d0ba60e2a99c422e981926734b0c40410d21a39b31cf4341beaf88dab388d0654c703dcd26796d7c4a0f352aa3ce761299c89763871ce681e2e0e3f25acb10a3a0b5655cfe6ad104f9bdb6e1419386dc945f432a82028f9099a7a874a3dedc02962544908b7c4d0a8861de407a9d52a6a522efd099679e0bf9bf93977535374ea3241afd0df3526d72331284186df25fb88a0479c0368456f43d1d4dabf382b1655e72659f2623aa29b71e4ea6ab24c896bc30dd0ad837a44ef8541622dd9578e3ad1c5f59540bcf74f1da0d80c8f8fcc2d8358db9f2351c30b2521e096599f020930e79c6f84d2fbdcddf75b86e5edce6b7e8c3e111f1737fb93aeca6e2ddd72dee4078a8a31538bb5322f2f3330191ff2cc8a506a2b488e550487dd6c081660c0ee393362870733ffb1226059acf29084df6004f5f1b78fb1361b85053edd84beac049a784d1b3d509dc360a6878077a30ccca9cd89514377119d87fe43153766b28b74d76a6836d716347,gx-no-cache=1635504328118 HTTP/1.1" 200 30
190.171.142.10 - - [29/Oct/2021:07:57:18 -0300] "POST /cormun/servlet/solicitudot?gx-no-cache=1635504338175 HTTP/1.1" 200 30
190.171.142.10 - - [29/Oct/2021:07:57:22 -0300] "GET /cormun/servlet/prcontratosol?18041931,,,,,MD,,gxPopupLevel%3D0%3B HTTP/1.1" 200 7554
190.171.142.10 - - [29/Oct/2021:07:57:22 -0300] "GET /cormun/static/gxcfg.js?2019914201458 HTTP/1.1" 200 953
190.171.142.10 - - [29/Oct/2021:07:57:22 -0300] "GET /cormun/static/Resources/Spanish/PXTools.css?19172979 HTTP/1.1" 200 100853
190.171.142.10 - - [29/Oct/2021:07:57:22 -0300] "GET /cormun/static/prcontratosol.js?20199142014772 HTTP/1.1" 200 15806
190.171.142.10 - - [29/Oct/2021:07:57:27 -0300] "POST /cormun/servlet/solicitudot?gx-no-cache=1635504346627 HTTP/1.1" 200 1522
190.171.142.10 - - [29/Oct/2021:07:57:27 -0300] "GET /cormun/static/Shared/jqueryui/images/ui-bg_highlight-soft_100_c6c2c8_1x100.png HTTP/1.1" 404 1117
190.171.142.10 - - [29/Oct/2021:07:57:27 -0300] "GET /cormun/static/Shared/jqueryui/images/ui-icons_82798d_256x240.png HTTP/1.1" 404 1089
190.171.142.10 - - [29/Oct/2021:07:57:27 -0300] "GET /cormun/static/Shared/jqueryui/images/ui-bg_flat_55_994d53_40x100.png HTTP/1.1" 404 1097
190.171.142.10 - - [29/Oct/2021:07:57:27 -0300] "GET /cormun/static/Shared/jqueryui/images/ui-icons_ebccce_256x240.png HTTP/1.1" 404 1089
190.171.142.10 - - [29/Oct/2021:07:57:27 -0300] "POST /cormun/servlet/solicitudot?gx-no-cache=1635504346777 HTTP/1.1" 200 117
190.171.142.10 - - [29/Oct/2021:07:57:27 -0300] "GET /cormun/servlet/solicitudot?cb10cb10efb8c552273605743ae7c311fd19db91c989528a9798afa9df1e90567e02f78973151072c161df8fa4e7338f9477179519fc9b0b974daf85859b1a85b535653cc4010cb9f43fc878cd3edba1db7ec5cd67e6781b09a06dce9083fbfc7c91f0ed80d5b4fec2e2f9de64480a35,gx-no-cache=1635504346830 HTTP/1.1" 200 110
190.171.142.10 - - [29/Oct/2021:07:57:27 -0300] "POST /cormun/servlet/solicitudot?gx-no-cache=1635504346889 HTTP/1.1" 200 64
190.171.142.10 - - [29/Oct/2021:07:57:27 -0300] "GET /cormun/servlet/solicitudot?cb10cb10efb8c552273605743ae7c31198aa7f248762fb4217ae3987ad4d1ece207337ac0f5cf1fd71d3fc156c632094c389b51f77245d9014d18da73be3e69a5f5f47c290d8dabe4f3fbe1fd3d1c1e586194c8ff467a87a8fab89cf72c0b76723d4f5a34f7a6a0899f081f320c823ac,gx-no-cache=1635504346944 HTTP/1.1" 200 29
190.171.142.10 - - [29/Oct/2021:07:57:27 -0300] "GET /cormun/servlet/solicitudot?cb10cb10efb8c552273605743ae7c311052fb89211263fa8d536bfe473271293d16a79bfb0d2190e4edda5aec01cb85d,gx-no-cache=1635504346981 HTTP/1.1" 200 134
190.171.142.10 - - [29/Oct/2021:07:58:38 -0300] "POST /cormun/servlet/solicitudot?gx-no-cache=1635504417779 HTTP/1.1" 200 1577
190.171.142.10 - - [29/Oct/2021:07:59:09 -0300] "POST /cormun/servlet/solicitudot?gx-no-cache=1635504448698 HTTP/1.1" 200 1442
190.171.142.10 - - [29/Oct/2021:07:59:12 -0300] "GET /cormun/static/menuarrow.gif HTTP/1.1" 404 1015
190.171.142.10 - - [29/Oct/2021:07:59:20 -0300] "POST /cormun/servlet/solicitudot?gx-no-cache=1635504460136 HTTP/1.1" 200 41
209.141.58.149 - - [29/Oct/2021:07:59:29 -0300] "GET /manager/html HTTP/1.1" 401 2474
190.171.142.10 - - [29/Oct/2021:07:59:29 -0300] "GET /cormun/servlet/solicitudot?cb10cb10efb8c552273605743ae7c311fd19db91c989528a9798afa9df1e90567e02f78973151072c161df8fa4e7338f9477179519fc9b0b974daf85859b1a85b535653cc4010cb9f43fc878cd3edba1db7ec5cd67e6781b09a06dce9083fbfc7c91f0ed80d5b4fec2e2f9de64480a35,gx-no-cache=1635504468956 HTTP/1.1" 200 110
190.171.142.10 - - [29/Oct/2021:07:59:29 -0300] "POST /cormun/servlet/solicitudot?gx-no-cache=1635504469010 HTTP/1.1" 200 79
186.103.156.166 - - [29/Oct/2021:08:00:00 -0300] "GET /cormun/servlet/hlogin HTTP/1.1" 200 1729
186.103.156.166 - - [29/Oct/2021:08:00:01 -0300] "GET /cormun/servlet/hlogin HTTP/1.1" 200 1739
186.103.156.166 - - [29/Oct/2021:08:00:11 -0300] "POST /cormun/servlet/hlogin?50acfe7be5579b97de03e76d2312a9dc,gx-no-cache=1635504511219 HTTP/1.1" 200 90
186.103.156.166 - - [29/Oct/2021:08:00:11 -0300] "GET /cormun/servlet/hpexe_link HTTP/1.1" 200 956
186.103.156.166 - - [29/Oct/2021:08:00:11 -0300] "GET /cormun/servlet/hhome HTTP/1.1" 200 3857
186.103.156.166 - - [29/Oct/2021:08:00:12 -0300] "GET /cormun/servlet/hhome HTTP/1.1" 200 3853
186.103.156.166 - - [29/Oct/2021:08:00:14 -0300] "GET /cormun/servlet/trlicencias? HTTP/1.1" 200 11200
186.103.156.166 - - [29/Oct/2021:08:00:14 -0300] "GET /cormun/servlet/trlicencias? HTTP/1.1" 200 11197
190.171.142.10 - - [29/Oct/2021:08:00:17 -0300] "GET /cormun/servlet/solicitudot?cb10cb10efb8c552273605743ae7c311bfe881ecbacc7f41e4f1d72eb22289e2373a7f8fe9c2d742f510aa8985568984,gx-no-cache=1635504516709 HTTP/1.1" 200 30
186.103.156.166 - - [29/Oct/2021:08:00:26 -0300] "GET /cormun/servlet/hlogin HTTP/1.1" 200 1747
190.171.142.10 - - [29/Oct/2021:08:00:30 -0300] "POST /cormun/servlet/solicitudot?gx-no-cache=1635504530304 HTTP/1.1" 200 32
207.46.13.58 - - [29/Oct/2021:08:00:47 -0300] "GET /cormun/servlet/trautorizarsolicitud HTTP/1.1" 200 6192
157.55.39.59 - - [29/Oct/2021:08:00:59 -0300] "GET /cormun/static/PXToolsJavascripts/pexe_cookies.js HTTP/1.1" 200 792
190.171.142.10 - - [29/Oct/2021:08:01:03 -0300] "POST /cormun/servlet/solicitudot?c2b72937866fc61114d6022ee1437c79,INS,0,0,false,,gx-no-cache=1635504563000 HTTP/1.1" 200 93
157.55.39.13 - - [29/Oct/2021:08:01:03 -0300] "GET /cormun/static/trautorizarsolicitud.js?201991422415463 HTTP/1.1" 200 53910
190.171.142.10 - - [29/Oct/2021:08:01:04 -0300] "GET /cormun/servlet/hpexe_return? HTTP/1.1" 200 1013
190.171.142.10 - - [29/Oct/2021:08:01:05 -0300] "GET /cormun/servlet/trsolicitudot HTTP/1.1" 200 8889
190.171.142.10 - - [29/Oct/2021:08:01:06 -0300] "GET /cormun/servlet/trsolicitudot HTTP/1.1" 200 8883
207.46.13.128 - - [29/Oct/2021:08:01:07 -0300] "GET /cormun/static/gxcfg.js?201991422414522 HTTP/1.1" 200 953
207.46.13.122 - - [29/Oct/2021:08:01:09 -0300] "GET /cormun/static/hwchdr01.js?20201214473739 HTTP/1.1" 200 996
190.171.142.10 - - [29/Oct/2021:08:01:53 -0300] "POST /cormun/servlet/trsolicitudot?c2b72937866fc61114d6022ee1437c79,gx-no-cache=1635504612933 HTTP/1.1" 200 4875
190.171.142.10 - - [29/Oct/2021:08:01:53 -0300] "GET /cormun/static/Shared/jqueryui/images/ui-bg_highlight-soft_100_c6c2c8_1x100.png HTTP/1.1" 404 1117
190.171.142.10 - - [29/Oct/2021:08:01:53 -0300] "GET /cormun/static/Shared/jqueryui/images/ui-icons_82798d_256x240.png HTTP/1.1" 404 1089
190.171.142.10 - - [29/Oct/2021:08:01:53 -0300] "GET /cormun/static/Shared/jqueryui/images/ui-bg_flat_55_fafafa_40x100.png HTTP/1.1" 404 1097
190.171.142.10 - - [29/Oct/2021:08:01:53 -0300] "GET /cormun/static/Shared/jqueryui/images/ui-icons_8d78a5_256x240.png HTTP/1.1" 404 1089
190.171.142.10 - - [29/Oct/2021:08:01:53 -0300] "POST /cormun/servlet/trsolicitudot?c2b72937866fc61114d6022ee1437c79,gx-no-cache=1635504613343 HTTP/1.1" 200 4613
190.171.142.10 - - [29/Oct/2021:08:02:01 -0300] "GET /cormun/servlet/trautorizarsolicitud? HTTP/1.1" 200 8771
190.171.142.10 - - [29/Oct/2021:08:02:03 -0300] "GET /cormun/servlet/trautorizarsolicitud? HTTP/1.1" 200 8770
190.171.142.10 - - [29/Oct/2021:08:02:07 -0300] "POST /cormun/servlet/trautorizarsolicitud?c2b72937866fc61114d6022ee1437c79,,gx-no-cache=1635504627246 HTTP/1.1" 200 4801
190.171.142.10 - - [29/Oct/2021:08:02:07 -0300] "GET /cormun/static/Shared/jqueryui/images/ui-bg_highlight-soft_100_c6c2c8_1x100.png HTTP/1.1" 404 1117
190.171.142.10 - - [29/Oct/2021:08:02:07 -0300] "GET /cormun/static/Shared/jqueryui/images/ui-icons_82798d_256x240.png HTTP/1.1" 404 1089
190.171.142.10 - - [29/Oct/2021:08:02:07 -0300] "GET /cormun/static/Shared/jqueryui/images/ui-bg_flat_55_fafafa_40x100.png HTTP/1.1" 404 1097
190.171.142.10 - - [29/Oct/2021:08:02:07 -0300] "GET /cormun/static/Shared/jqueryui/images/ui-icons_8d78a5_256x240.png HTTP/1.1" 404 1089
190.171.142.10 - - [29/Oct/2021:08:02:08 -0300] "POST /cormun/servlet/trautorizarsolicitud?c2b72937866fc61114d6022ee1437c79,,gx-no-cache=1635504627581 HTTP/1.1" 200 4541
186.67.172.234 - - [29/Oct/2021:08:03:29 -0300] "GET /cormun/servlet/trlicencias? HTTP/1.1" 200 7209
186.67.172.234 - - [29/Oct/2021:08:03:29 -0300] "GET /cormun/servlet/hlogin HTTP/1.1" 200 1745
186.67.172.234 - - [29/Oct/2021:08:03:29 -0300] "GET /cormun/servlet/trlicencias? HTTP/1.1" 200 7220
205.185.121.173 - - [29/Oct/2021:08:09:17 -0300] "GET /manager/html HTTP/1.1" 401 2474
186.67.172.234 - - [29/Oct/2021:08:10:05 -0300] "POST /cormun/servlet/hlogin?909ac55eb1d70ad54f8809b15b83af61,gx-no-cache=1635505104895 HTTP/1.1" 200 90
186.67.172.234 - - [29/Oct/2021:08:10:05 -0300] "GET /cormun/servlet/hpexe_link HTTP/1.1" 200 958
186.67.172.234 - - [29/Oct/2021:08:10:05 -0300] "GET /cormun/servlet/trlicencias HTTP/1.1" 200 17294
186.67.172.234 - - [29/Oct/2021:08:10:06 -0300] "GET /cormun/servlet/trlicencias HTTP/1.1" 200 17285
209.141.58.149 - - [29/Oct/2021:08:21:56 -0300] "GET /manager/html HTTP/1.1" 401 2474
205.185.121.173 - - [29/Oct/2021:08:29:56 -0300] "GET /manager/html HTTP/1.1" 401 2474
40.77.191.222 - - [29/Oct/2021:08:32:00 -0300] "GET /cormun/static/hpexe_messagepopupcomponent.js?2020121447232 HTTP/1.1" 200 605
40.77.139.41 - - [29/Oct/2021:08:32:00 -0300] "GET /cormun/static/hpexe_messagegenexuscomponent.js?2020121447173 HTTP/1.1" 200 587
192.168.10.78 - - [29/Oct/2021:08:38:20 -0300] "GET /cormun/servlet/hlogin HTTP/1.1" 200 1731
192.168.10.78 - - [29/Oct/2021:08:38:30 -0300] "POST /cormun/servlet/hlogin?591ba3f371813378dfa91cf9bdb1202b,gx-no-cache=1635506670272 HTTP/1.1" 200 90
192.168.10.78 - - [29/Oct/2021:08:38:30 -0300] "GET /cormun/servlet/hpexe_link HTTP/1.1" 200 957
192.168.10.78 - - [29/Oct/2021:08:38:30 -0300] "GET /cormun/servlet/hhome HTTP/1.1" 200 3834
192.168.10.78 - - [29/Oct/2021:08:38:30 -0300] "GET /cormun/servlet/hhome HTTP/1.1" 200 3830
192.168.10.78 - - [29/Oct/2021:08:38:32 -0300] "GET /cormun/servlet/trsolicitudgral? HTTP/1.1" 200 23697
192.168.10.78 - - [29/Oct/2021:08:38:33 -0300] "GET /cormun/servlet/trsolicitudgral? HTTP/1.1" 200 23694
192.168.10.78 - - [29/Oct/2021:08:39:01 -0300] "POST /cormun/servlet/trsolicitudgral?591ba3f371813378dfa91cf9bdb1202b,,gx-no-cache=1635506701439 HTTP/1.1" 200 5269
192.168.10.96 - - [29/Oct/2021:08:40:09 -0300] "GET /cormun/servlet/hlogin HTTP/1.1" 200 1726
192.168.10.96 - - [29/Oct/2021:08:40:11 -0300] "POST /cormun/servlet/hlogin?5783a8548823e5b407bc1b95c74c0a5e,gx-no-cache=1635506771476 HTTP/1.1" 200 90
192.168.10.96 - - [29/Oct/2021:08:40:11 -0300] "GET /cormun/servlet/hpexe_link HTTP/1.1" 200 952
192.168.10.96 - - [29/Oct/2021:08:40:11 -0300] "GET /cormun/servlet/hhome HTTP/1.1" 200 3764
192.168.10.96 - - [29/Oct/2021:08:40:11 -0300] "GET /cormun/servlet/hhome HTTP/1.1" 200 3761
192.168.10.96 - - [29/Oct/2021:08:40:13 -0300] "GET /cormun/servlet/trsolicitudgral? HTTP/1.1" 200 23623
192.168.10.96 - - [29/Oct/2021:08:40:14 -0300] "GET /cormun/servlet/trsolicitudgral? HTTP/1.1" 200 23621
190.171.152.234 - - [29/Oct/2021:08:40:18 -0300] "GET /cormun/servlet/hlogin HTTP/1.1" 200 1729
190.171.152.234 - - [29/Oct/2021:08:40:18 -0300] "GET /cormun/static/gxtimezone.js?85251 HTTP/1.1" 200 5781
190.171.152.234 - - [29/Oct/2021:08:40:18 -0300] "GET /cormun/static/gxcfg.js?201910216285969 HTTP/1.1" 200 953
190.171.152.234 - - [29/Oct/2021:08:40:18 -0300] "GET /cormun/static/Resources/Spanish/PXTools.css?2294816 HTTP/1.1" 200 100853
190.171.152.234 - - [29/Oct/2021:08:40:18 -0300] "GET /cormun/static/messages.spa.js?85251 HTTP/1.1" 200 30736
190.171.152.234 - - [29/Oct/2021:08:40:18 -0300] "GET /cormun/static/gxgral.js?85251 HTTP/1.1" 200 384558
190.171.152.234 - - [29/Oct/2021:08:40:18 -0300] "GET /cormun/static/hlogin.js?201910216285995 HTTP/1.1" 200 2136
190.171.152.234 - - [29/Oct/2021:08:40:18 -0300] "GET /cormun/static/Resources/Logo2019_Grande.png HTTP/1.1" 200 31733
190.171.152.234 - - [29/Oct/2021:08:40:18 -0300] "GET /cormun/static/Resources/PXToolsLoginBackground.png HTTP/1.1" 200 1164
190.171.152.234 - - [29/Oct/2021:08:40:18 -0300] "GET /cormun/static/Resources/PXToolsLoginTop.png HTTP/1.1" 200 1337
190.171.152.234 - - [29/Oct/2021:08:40:18 -0300] "GET /cormun/static/Resources/PXToolsButtonBackground.png HTTP/1.1" 200 1176
190.171.152.234 - - [29/Oct/2021:08:40:18 -0300] "GET /cormun/static/Resources/PXToolsLoginBottom.png HTTP/1.1" 200 1389
190.171.152.234 - - [29/Oct/2021:08:40:18 -0300] "GET /cormun/static/Resources/PXToolsButtonRight.png HTTP/1.1" 200 1294
190.171.152.234 - - [29/Oct/2021:08:40:18 -0300] "GET /cormun/static/Resources/PXToolsButtonLeft.png HTTP/1.1" 200 1310
190.171.152.234 - - [29/Oct/2021:08:40:18 -0300] "GET /cormun/servlet/hlogin HTTP/1.1" 200 1739
190.171.152.234 - - [29/Oct/2021:08:40:18 -0300] "GET /cormun/static/Resources/indicator.gif HTTP/1.1" 200 1553
190.171.152.234 - - [29/Oct/2021:08:40:18 -0300] "GET /favicon.ico HTTP/1.1" 200 21630
192.168.10.96 - - [29/Oct/2021:08:40:22 -0300] "POST /cormun/servlet/trsolicitudgral?5783a8548823e5b407bc1b95c74c0a5e,,gx-no-cache=1635506783010 HTTP/1.1" 200 5245
190.171.152.234 - - [29/Oct/2021:08:40:25 -0300] "POST /cormun/servlet/hlogin?9a6f1785c92e87c60ceff7eaaef468a3,gx-no-cache=1635506927363 HTTP/1.1" 200 90
190.171.152.234 - - [29/Oct/2021:08:40:25 -0300] "GET /cormun/servlet/hpexe_link HTTP/1.1" 200 954
190.171.152.234 - - [29/Oct/2021:08:40:25 -0300] "GET /cormun/static/hpexe_link.js?201991422392963 HTTP/1.1" 200 625
190.171.152.234 - - [29/Oct/2021:08:40:25 -0300] "GET /cormun/static/gxcfg.js?201991422392958 HTTP/1.1" 200 953
190.171.152.234 - - [29/Oct/2021:08:40:25 -0300] "GET /cormun/servlet/hhome HTTP/1.1" 200 4265
190.171.152.234 - - [29/Oct/2021:08:40:25 -0300] "GET /cormun/static/Shared/jqueryui/jquery-ui.min.css?1345370 HTTP/1.1" 200 30288
190.171.152.234 - - [29/Oct/2021:08:40:25 -0300] "GET /cormun/static/gxcfg.js?20201215495537 HTTP/1.1" 200 953
190.171.152.234 - - [29/Oct/2021:08:40:25 -0300] "GET /cormun/static/PXToolsJavascripts/pexe_autoreload.js HTTP/1.1" 200 1762
190.171.152.234 - - [29/Oct/2021:08:40:25 -0300] "GET /cormun/static/SmoothNavMenu/resources/ddsmoothmenu-v.css?1112540 HTTP/1.1" 200 1188
190.171.152.234 - - [29/Oct/2021:08:40:25 -0300] "GET /cormun/static/scaMessage/css/jquery.pnotify.default.css?1816380 HTTP/1.1" 200 1707
190.171.152.234 - - [29/Oct/2021:08:40:25 -0300] "GET /cormun/static/Resources/Spanish/PXTools.css?14345360 HTTP/1.1" 200 100853
190.171.152.234 - - [29/Oct/2021:08:40:25 -0300] "GET /cormun/static/SmoothNavMenu/resources/ddsmoothmenu.css?1112540 HTTP/1.1" 200 2223
190.171.152.234 - - [29/Oct/2021:08:40:25 -0300] "GET /cormun/static/PXToolsJavascripts/pexe_cookies.js HTTP/1.1" 200 792
190.171.152.234 - - [29/Oct/2021:08:40:25 -0300] "GET /cormun/static/PXToolsJavascripts/pexe_windows.js HTTP/1.1" 200 15207
190.171.152.234 - - [29/Oct/2021:08:40:25 -0300] "GET /cormun/static/PXToolsJavascripts/pexe_grid.js HTTP/1.1" 200 7559
190.171.152.234 - - [29/Oct/2021:08:40:25 -0300] "GET /cormun/static/PXToolsJavascripts/pexe_griddivfix.js HTTP/1.1" 200 6644
190.171.152.234 - - [29/Oct/2021:08:40:25 -0300] "GET /cormun/static/PXToolsJavascripts/pexe_link.js HTTP/1.1" 200 5671
190.171.152.234 - - [29/Oct/2021:08:40:25 -0300] "GET /cormun/static/PXToolsJavascripts/pexe_layers.js HTTP/1.1" 200 4114
190.171.152.234 - - [29/Oct/2021:08:40:25 -0300] "GET /cormun/static/PXToolsJavascripts/pexe_menudivfix.js HTTP/1.1" 200 333
190.171.152.234 - - [29/Oct/2021:08:40:25 -0300] "GET /cormun/static/PXToolsJavascripts/pexe_oav.js HTTP/1.1" 200 645
190.171.152.234 - - [29/Oct/2021:08:40:25 -0300] "GET /cormun/static/PXToolsJavascripts/pexe_menus.js HTTP/1.1" 200 1286
190.171.152.234 - - [29/Oct/2021:08:40:25 -0300] "GET /cormun/static/PXToolsJavascripts/pexe_oavdivfix.js HTTP/1.1" 200 639
190.171.152.234 - - [29/Oct/2021:08:40:26 -0300] "GET /cormun/static/PXToolsJavascripts/pexe_picture.js HTTP/1.1" 200 689
190.171.152.234 - - [29/Oct/2021:08:40:26 -0300] "GET /cormun/static/PXToolsJavascripts/pexe_popup.js HTTP/1.1" 200 13458
190.171.152.234 - - [29/Oct/2021:08:40:26 -0300] "GET /cormun/static/PXToolsJavascripts/pexe_tabs.js HTTP/1.1" 200 3748
190.171.152.234 - - [29/Oct/2021:08:40:26 -0300] "GET /cormun/static/PXToolsJavascripts/pexe_tabdivfix.js HTTP/1.1" 200 876
190.171.152.234 - - [29/Oct/2021:08:40:26 -0300] "GET /cormun/static/PXToolsJavascripts/pexe_scrolldiv.js HTTP/1.1" 200 4138
190.171.152.234 - - [29/Oct/2021:08:40:26 -0300] "GET /cormun/static/PXToolsJavascripts/pexe_upload.js HTTP/1.1" 200 1423
190.171.152.234 - - [29/Oct/2021:08:40:26 -0300] "GET /cormun/static/PXToolsJavascripts/PXToolsJavascriptsRender.js HTTP/1.1" 200 367
190.171.152.234 - - [29/Oct/2021:08:40:26 -0300] "GET /cormun/static/hwchdr01.js?20201214473739 HTTP/1.1" 200 996
190.171.152.234 - - [29/Oct/2021:08:40:26 -0300] "GET /cormun/static/RunJS/RunJS.js HTTP/1.1" 200 288
190.171.152.234 - - [29/Oct/2021:08:40:26 -0300] "GET /cormun/static/hpexe_recentlink.js?20201214471090 HTTP/1.1" 200 2144
190.171.152.234 - - [29/Oct/2021:08:40:26 -0300] "GET /cormun/static/gxui/gxui-all.js HTTP/1.1" 200 107772
190.171.152.234 - - [29/Oct/2021:08:40:26 -0300] "GET /cormun/static/hpexe_scripts.js?20201214471411 HTTP/1.1" 200 1544
190.171.152.234 - - [29/Oct/2021:08:40:26 -0300] "GET /cormun/static/hpexe_messagecontroller.js?201991422154126 HTTP/1.1" 200 870
190.171.152.234 - - [29/Oct/2021:08:40:26 -0300] "GET /cormun/static/Resources/PXToolsDataTitle.png HTTP/1.1" 200 1173
190.171.152.234 - - [29/Oct/2021:08:40:26 -0300] "GET /cormun/static/Resources/ImgHome.png HTTP/1.1" 200 1364
190.171.152.234 - - [29/Oct/2021:08:40:26 -0300] "GET /cormun/static/Shared/ext/locale/ext-lang-en.js HTTP/1.1" 200 10940
190.171.152.234 - - [29/Oct/2021:08:40:26 -0300] "GET /cormun/static/hhome.js?20201215495544 HTTP/1.1" 200 777
190.171.152.234 - - [29/Oct/2021:08:40:26 -0300] "GET /cormun/static/Resources/ImgLogin.png HTTP/1.1" 200 1432
190.171.152.234 - - [29/Oct/2021:08:40:26 -0300] "GET /cormun/static/Resources/Llave.png HTTP/1.1" 200 1395
190.171.152.234 - - [29/Oct/2021:08:40:26 -0300] "GET /cormun/static/Resources/Logo2019_Small.png HTTP/1.1" 200 10855
190.171.152.234 - - [29/Oct/2021:08:40:26 -0300] "GET /cormun/static/hpexe_messagepopupcomponent.js?2020121447232 HTTP/1.1" 200 605
190.171.152.234 - - [29/Oct/2021:08:40:26 -0300] "GET /cormun/static/hpexe_messagegenexuscomponent.js?2020121447173 HTTP/1.1" 200 587
190.171.152.234 - - [29/Oct/2021:08:40:26 -0300] "GET /cormun/static/SmoothNavMenu/resources/ddsmoothmenu.js HTTP/1.1" 200 12712
190.171.152.234 - - [29/Oct/2021:08:40:26 -0300] "GET /cormun/static/cmcontrolpreferences.js?20199141926336 HTTP/1.1" 200 1375
192.168.10.96 - - [29/Oct/2021:08:40:26 -0300] "POST /cormun/servlet/trsolicitudgral?5783a8548823e5b407bc1b95c74c0a5e,,gx-no-cache=1635506786540 HTTP/1.1" 200 7541
190.171.152.234 - - [29/Oct/2021:08:40:26 -0300] "GET /cormun/static/Shared/ext/ext-all.js HTTP/1.1" 200 1289687
190.171.152.234 - - [29/Oct/2021:08:40:26 -0300] "GET /cormun/static/SmoothNavMenu/resources/SmoothNavMenuRender.js HTTP/1.1" 200 5951
190.171.152.234 - - [29/Oct/2021:08:40:26 -0300] "GET /cormun/static/Shared/jquery/jquery-1.4.2.min.js HTTP/1.1" 200 72174
190.171.152.234 - - [29/Oct/2021:08:40:26 -0300] "GET /cormun/static/scaMessage/js/jquery.pnotify.min.js HTTP/1.1" 200 13038
190.171.152.234 - - [29/Oct/2021:08:40:26 -0300] "GET /cormun/static/scaMessage/scaMessageRender.js HTTP/1.1" 200 11977
190.171.152.234 - - [29/Oct/2021:08:40:26 -0300] "GET /cormun/static/hmpwkw03.js?20201215501896 HTTP/1.1" 200 3973
190.171.152.234 - - [29/Oct/2021:08:40:26 -0300] "GET /cormun/static/Shared/jquery/jquery-1.10.2.min.js HTTP/1.1" 200 273199
190.171.152.234 - - [29/Oct/2021:08:40:26 -0300] "GET /cormun/static/Shared/jqueryui/jquery-ui.min.js HTTP/1.1" 200 240427
190.171.152.234 - - [29/Oct/2021:08:40:26 -0300] "GET /cormun/servlet/hhome HTTP/1.1" 200 4261
190.171.152.234 - - [29/Oct/2021:08:40:26 -0300] "GET /cormun/static/SmoothNavMenu/resources/images/down.gif HTTP/1.1" 200 854
190.171.152.234 - - [29/Oct/2021:08:40:26 -0300] "GET /cormun/static/SmoothNavMenu/resources/images/right.gif HTTP/1.1" 200 860
190.171.152.234 - - [29/Oct/2021:08:40:29 -0300] "GET /cormun/servlet/trsolicitudot? HTTP/1.1" 200 7484
190.171.152.234 - - [29/Oct/2021:08:40:29 -0300] "GET /cormun/static/gxui/gxui-all.css?110300 HTTP/1.1" 200 2179
190.171.152.234 - - [29/Oct/2021:08:40:29 -0300] "GET /cormun/static/calendar-system.css?75620 HTTP/1.1" 200 5572
190.171.152.234 - - [29/Oct/2021:08:40:29 -0300] "GET /cormun/static/gxcfg.js?201991910464971 HTTP/1.1" 200 953
190.171.152.234 - - [29/Oct/2021:08:40:29 -0300] "GET /cormun/static/calendar.js?85251 HTTP/1.1" 200 26246
190.171.152.234 - - [29/Oct/2021:08:40:29 -0300] "GET /cormun/static/calendar-setup.js?85251 HTTP/1.1" 200 2588
190.171.152.234 - - [29/Oct/2021:08:40:29 -0300] "GET /cormun/static/calendar-es.js?85251 HTTP/1.1" 200 1901
190.171.152.234 - - [29/Oct/2021:08:40:29 -0300] "GET /cormun/static/Shared/ext/resources/css/ext-all.css?205870 HTTP/1.1" 200 416045
190.171.152.234 - - [29/Oct/2021:08:40:29 -0300] "GET /cormun/static/gxdec.js?85251 HTTP/1.1" 200 19579
190.171.152.234 - - [29/Oct/2021:08:40:29 -0300] "GET /cormun/static/Resources/PXTools/calendar.png HTTP/1.1" 200 1306
190.171.152.234 - - [29/Oct/2021:08:40:29 -0300] "GET /cormun/static/trsolicitudot.js?201991910465845 HTTP/1.1" 200 54041
190.171.152.234 - - [29/Oct/2021:08:40:29 -0300] "GET /cormun/static/Resources/PXToolsDataSearch.png HTTP/1.1" 200 435
190.171.152.234 - - [29/Oct/2021:08:40:29 -0300] "GET /cormun/static/Resources/PXToolsGridPreviousDisabled.gif HTTP/1.1" 200 90
190.171.152.234 - - [29/Oct/2021:08:40:29 -0300] "GET /cormun/static/Resources/PXToolsGridLastDisabled.gif HTTP/1.1" 200 98
190.171.152.234 - - [29/Oct/2021:08:40:29 -0300] "GET /cormun/static/Resources/PXToolsGridPage.gif HTTP/1.1" 200 725
190.171.152.234 - - [29/Oct/2021:08:40:29 -0300] "GET /cormun/static/Resources/PXToolsGridFirstDisabled.gif HTTP/1.1" 200 100
190.171.152.234 - - [29/Oct/2021:08:40:29 -0300] "GET /cormun/static/Resources/PXToolsGridNextDisabled.gif HTTP/1.1" 200 90
190.171.152.234 - - [29/Oct/2021:08:40:29 -0300] "GET /cormun/static/Resources/PXToolsActionExcel.png HTTP/1.1" 200 727
190.171.152.234 - - [29/Oct/2021:08:40:29 -0300] "GET /cormun/static/Resources/PXToolsAddAllAction.png HTTP/1.1" 200 495
190.171.152.234 - - [29/Oct/2021:08:40:29 -0300] "GET /cormun/static/Resources/desc.gif HTTP/1.1" 200 65
190.171.152.234 - - [29/Oct/2021:08:40:29 -0300] "GET /cormun/static/Resources/asc.gif HTTP/1.1" 200 67
190.171.152.234 - - [29/Oct/2021:08:40:29 -0300] "GET /cormun/servlet/trsolicitudot? HTTP/1.1" 200 7484
190.171.152.234 - - [29/Oct/2021:08:40:29 -0300] "GET /cormun/static/Shared/ext/resources/themes/images/default/tools/tool-sprites.gif HTTP/1.1" 200 5434
190.171.152.234 - - [29/Oct/2021:08:40:29 -0300] "GET /cormun/static/Shared/ext/resources/themes/images/default/panel/bg-headersPanel.png HTTP/1.1" 200 255
190.171.152.234 - - [29/Oct/2021:08:40:35 -0300] "GET /cormun/servlet/solicitudot?INS,0,0,false, HTTP/1.1" 200 15894
190.171.152.234 - - [29/Oct/2021:08:40:35 -0300] "GET /cormun/static/calendar-system.css?85620 HTTP/1.1" 200 5572
190.171.152.234 - - [29/Oct/2021:08:40:35 -0300] "GET /cormun/static/gxcfg.js?20203414241232 HTTP/1.1" 200 953
190.171.152.234 - - [29/Oct/2021:08:40:35 -0300] "GET /cormun/static/Resources/prompt.gif HTTP/1.1" 200 902
190.171.152.234 - - [29/Oct/2021:08:40:35 -0300] "GET /cormun/static/solicitudot.js?20203414242792 HTTP/1.1" 200 74114
190.171.152.234 - - [29/Oct/2021:08:40:36 -0300] "GET /cormun/servlet/solicitudot?INS,0,0,false, HTTP/1.1" 200 15902
190.171.152.234 - - [29/Oct/2021:08:41:38 -0300] "POST /cormun/servlet/solicitudot?gx-no-cache=1635506999915 HTTP/1.1" 200 3771
190.171.152.234 - - [29/Oct/2021:08:41:38 -0300] "POST /cormun/servlet/solicitudot?9a6f1785c92e87c60ceff7eaaef468a3,INS,0,0,false,,gx-no-cache=1635507000226 HTTP/1.1" 200 12562
192.168.10.96 - - [29/Oct/2021:08:41:38 -0300] "POST /cormun/servlet/trsolicitudgral?5783a8548823e5b407bc1b95c74c0a5e,,gx-no-cache=1635506859036 HTTP/1.1" 200 6654
190.171.152.234 - - [29/Oct/2021:08:41:43 -0300] "GET /cormun/servlet/solicitudot?e47b434cd84b6c328d4975abfa34daea9b0bb56cc0e21e629040a4bff290e972227b5c7d08832c843e5f68c38e93c5e8,gx-no-cache=1635507004917 HTTP/1.1" 200 30
190.171.152.114 - - [29/Oct/2021:08:41:58 -0300] "GET /cormun/servlet/hlogin HTTP/1.1" 200 1729
190.171.152.114 - - [29/Oct/2021:08:41:58 -0300] "GET /cormun/servlet/hlogin HTTP/1.1" 200 1738
190.171.152.114 - - [29/Oct/2021:08:42:13 -0300] "POST /cormun/servlet/hlogin?78c1c68f0d532bd9842f5d57551bef16,gx-no-cache=1635507034110 HTTP/1.1" 200 90
190.171.152.114 - - [29/Oct/2021:08:42:13 -0300] "GET /cormun/servlet/hpexe_link HTTP/1.1" 200 955
190.171.152.114 - - [29/Oct/2021:08:42:13 -0300] "GET /cormun/servlet/hhome HTTP/1.1" 200 4308
190.171.152.114 - - [29/Oct/2021:08:42:14 -0300] "GET /cormun/servlet/hhome HTTP/1.1" 200 4306
190.171.152.114 - - [29/Oct/2021:08:42:17 -0300] "GET /cormun/servlet/trlicencias? HTTP/1.1" 200 13726
190.171.152.114 - - [29/Oct/2021:08:42:17 -0300] "GET /cormun/servlet/trlicencias? HTTP/1.1" 200 13723
190.171.152.114 - - [29/Oct/2021:08:42:25 -0300] "GET /cormun/servlet/alicenciaprn?19851019,L,20211029000000,PU HTTP/1.1" 200 1569
190.171.141.138 - - [29/Oct/2021:08:46:10 -0300] "GET /cormun/servlet/hlogin HTTP/1.1" 200 1733
190.171.141.138 - - [29/Oct/2021:08:46:11 -0300] "GET /cormun/servlet/hlogin HTTP/1.1" 200 1744
190.171.141.138 - - [29/Oct/2021:08:46:11 -0300] "GET /cormun/static/Resources/PXToolsButtonBackground.png HTTP/1.1" 200 1176
190.171.152.234 - - [29/Oct/2021:08:46:28 -0300] "GET /cormun/servlet/solicitudot?e47b434cd84b6c328d4975abfa34daea718c3892c8d539f6b0fcf61b8c4dd4fd32673032c116ff9ea04e14a80a7ff75790a10d36c893f9a5f3a88f8f8a354631,gx-no-cache=1635507290593 HTTP/1.1" 200 30
190.171.152.234 - - [29/Oct/2021:08:46:28 -0300] "GET /cormun/servlet/solicitudot?e47b434cd84b6c328d4975abfa34daeaf947e0e9a92ba81079cbc4e28db1f304,gx-no-cache=1635507290629 HTTP/1.1" 200 29
190.171.141.138 - - [29/Oct/2021:08:46:37 -0300] "POST /cormun/servlet/hlogin?e71fbd9724815454fae3968eb2cd3345,gx-no-cache=1635507298922 HTTP/1.1" 200 90
190.171.141.138 - - [29/Oct/2021:08:46:37 -0300] "GET /cormun/servlet/hpexe_link HTTP/1.1" 200 958
190.171.141.138 - - [29/Oct/2021:08:46:38 -0300] "GET /cormun/servlet/hhome HTTP/1.1" 200 4474
190.171.141.138 - - [29/Oct/2021:08:46:40 -0300] "GET /cormun/servlet/hhome HTTP/1.1" 200 4471
190.171.152.234 - - [29/Oct/2021:08:46:42 -0300] "GET /cormun/static/Resources/resize.gif HTTP/1.1" 200 77
190.171.152.234 - - [29/Oct/2021:08:46:42 -0300] "GET /cormun/static/Resources/PXTools/ClosePrompt.png HTTP/1.1" 200 1036
190.171.152.234 - - [29/Oct/2021:08:46:42 -0300] "GET /cormun/servlet/prbanco?,MD,,gxPopupLevel%3D0%3B HTTP/1.1" 200 6552
190.171.152.234 - - [29/Oct/2021:08:46:42 -0300] "GET /cormun/static/gxui/gxui-all.css?120300 HTTP/1.1" 200 2179
190.171.152.234 - - [29/Oct/2021:08:46:42 -0300] "GET /cormun/static/gxcfg.js?20201216131581 HTTP/1.1" 200 953
190.171.152.234 - - [29/Oct/2021:08:46:42 -0300] "GET /cormun/static/prbanco.js?20201216132311 HTTP/1.1" 200 10693
190.171.152.234 - - [29/Oct/2021:08:46:42 -0300] "GET /cormun/static/menusearch.js?20201214473581 HTTP/1.1" 200 1424
190.171.152.234 - - [29/Oct/2021:08:46:42 -0300] "GET /cormun/static/hmpwkw011.js?20201215495555 HTTP/1.1" 200 1968
190.171.152.234 - - [29/Oct/2021:08:46:42 -0300] "GET /cormun/static/Resources/PXToolsMenuSearch.png HTTP/1.1" 200 336
190.171.152.234 - - [29/Oct/2021:08:46:42 -0300] "GET /cormun/static/Resources/PXToolsMenuSearchCancel.png HTTP/1.1" 200 306
190.171.152.234 - - [29/Oct/2021:08:46:42 -0300] "GET /cormun/static/Shared/ext/resources/css/ext-all.css?215870 HTTP/1.1" 200 416045
190.171.141.138 - - [29/Oct/2021:08:46:44 -0300] "GET /cormun/servlet/trlicencias? HTTP/1.1" 200 13195
190.171.141.138 - - [29/Oct/2021:08:46:45 -0300] "GET /cormun/servlet/trlicencias? HTTP/1.1" 200 13192
190.171.152.234 - - [29/Oct/2021:08:46:55 -0300] "GET /cormun/servlet/solicitudot?e47b434cd84b6c328d4975abfa34daeae3a9b33b4462c9f5b6277d2cddbed87a,gx-no-cache=1635507317170 HTTP/1.1" 200 53
190.171.141.138 - - [29/Oct/2021:08:46:56 -0300] "POST /cormun/servlet/trlicencias?e71fbd9724815454fae3968eb2cd3345,,gx-no-cache=1635507317266 HTTP/1.1" 200 10712
190.171.152.234 - - [29/Oct/2021:08:47:04 -0300] "POST /cormun/servlet/solicitudot?gx-no-cache=1635507326484 HTTP/1.1" 200 255
190.171.152.234 - - [29/Oct/2021:08:47:13 -0300] "POST /cormun/servlet/solicitudot?gx-no-cache=1635507334987 HTTP/1.1" 200 240
190.171.152.234 - - [29/Oct/2021:08:47:17 -0300] "POST /cormun/servlet/solicitudot?gx-no-cache=1635507339642 HTTP/1.1" 200 255
190.171.152.234 - - [29/Oct/2021:08:47:20 -0300] "GET /cormun/servlet/solicitudot?e47b434cd84b6c328d4975abfa34daeab96943159a0ae08f83a72495739833e93e37b5c3f6bcb9ec23b758fde7b3634b70c5893d23650a8853002f8d2aba074086edbee678482f2bbcf307c6c38b0a0dfe7386c067584eac96b5eb5889e2ffaca863c0b63a76fba2ef14cf8b1752c77a108502e8b9e064e9bb1ae589c5faae43a6ee0a25f45b3ef2524b3d101e2c29d738461c3bd2ce8a2fb2a3992aea81fdfe1e97c2ffcc8c9ee61d02da6312291ad2d3095fa576740a5e3dc8d9632172c7977dccc64c4d41cc2c6163207666177e15913033630cbf5d3b34c0a51ba00c81ca26472840982fa216aff8b0817eb9e2a3c078c768ab33f9b8af3e13623995a88ffc76a12cd073c64ef23940261a76ac8647f5f442a22bfd1fc4dc2510343240127f86c3022cd7b8062aca685fe24ad57a715529d771ab0978fc785ed17447f861e2f0e68d01335e48cfbde724ddbe75d2f8b987d2a6471d9c44ad2ba53da57566a0da6522fad24178c2325b18e65e4f774ee49a899fcd3a472629740aab86eb26,gx-no-cache=1635507341948 HTTP/1.1" 200 30
190.171.141.138 - - [29/Oct/2021:08:47:26 -0300] "GET /cormun/servlet/trlicencias? HTTP/1.1" 200 13192
190.171.141.138 - - [29/Oct/2021:08:47:27 -0300] "GET /cormun/servlet/trlicencias? HTTP/1.1" 200 13199
190.171.141.138 - - [29/Oct/2021:08:47:32 -0300] "GET /cormun/servlet/trpermisosgoce? HTTP/1.1" 200 14397
190.171.141.138 - - [29/Oct/2021:08:47:33 -0300] "GET /cormun/servlet/trpermisosgoce? HTTP/1.1" 200 14391
190.171.152.234 - - [29/Oct/2021:08:47:50 -0300] "POST /cormun/servlet/solicitudot?gx-no-cache=1635507372634 HTTP/1.1" 200 240
190.171.152.234 - - [29/Oct/2021:08:47:52 -0300] "GET /cormun/servlet/solicitudot?e47b434cd84b6c328d4975abfa34daeab96943159a0ae08f83a72495739833e95ebb8d95ef5f707a2bc60274bb136ea670c5893d23650a8853002f8d2aba074086edbee678482f2bbcf307c6c38b0a0dfe7386c067584eac96b5eb5889e2ffaca863c0b63a76fba2ef14cf8b1752c77a108502e8b9e064e9bb1ae589c5faae43a6ee0a25f45b3ef2524b3d101e2c29d738461c3bd2ce8a2fb2a3992aea81fdfe1e97c2ffcc8c9ee61d02da6312291ad2d3095fa576740a5e3dc8d9632172c7977dccc64c4d41cc2c6163207666177e15913033630cbf5d3b34c0a51ba00c81ca26472840982fa216aff8b0817eb9e2a3c078c768ab33f9b8af3e13623995a88ffc76a12cd073c64ef23940261a76ac861bd60af20b54b0c96e2ae9d87f4674c1f5ee19327ed1364fa9d0d31975d54dca00beefdbaa5b1105a6881bbe57791710fb9ecf9dcb4c0e26b028801bb3bd3c0652986f3ce2c6fa0be7fa8495a2ae1a33f379a8c32c0396a80ea6757e10968ae27303cb01c6c6e2d08ede15d0dc07ec3e,gx-no-cache=1635507374371 HTTP/1.1" 200 30
190.171.152.234 - - [29/Oct/2021:08:47:56 -0300] "POST /cormun/servlet/solicitudot?gx-no-cache=1635507377811 HTTP/1.1" 200 30
209.141.58.149 - - [29/Oct/2021:08:48:10 -0300] "GET /manager/html HTTP/1.1" 401 2474
190.171.141.138 - - [29/Oct/2021:08:48:33 -0300] "GET /cormun/servlet/permisogoce?INS,0,,, HTTP/1.1" 200 7374
190.171.141.138 - - [29/Oct/2021:08:48:34 -0300] "GET /cormun/servlet/permisogoce?INS,0,,, HTTP/1.1" 200 7374
190.171.152.234 - - [29/Oct/2021:08:49:07 -0300] "POST /cormun/servlet/solicitudot?gx-no-cache=1635507445744 HTTP/1.1" 200 1440
190.171.152.234 - - [29/Oct/2021:08:49:11 -0300] "GET /cormun/servlet/prlicenciaspermisos?17234919,L,,MD,,gxPopupLevel%3D0%3B HTTP/1.1" 200 6085
190.171.152.234 - - [29/Oct/2021:08:49:11 -0300] "GET /cormun/static/gxcfg.js?2020121559567 HTTP/1.1" 200 953
190.171.152.234 - - [29/Oct/2021:08:49:11 -0300] "GET /cormun/static/prlicenciaspermisos.js?2020121559821 HTTP/1.1" 200 13379
190.171.152.234 - - [29/Oct/2021:08:49:21 -0300] "POST /cormun/servlet/solicitudot?gx-no-cache=1635507463537 HTTP/1.1" 200 40
190.171.143.98 - - [29/Oct/2021:08:49:57 -0300] "GET /cormun/servlet/hlogin HTTP/1.1" 200 1723
190.171.143.98 - - [29/Oct/2021:08:49:57 -0300] "GET /cormun/servlet/hlogin HTTP/1.1" 200 1733
190.171.143.98 - - [29/Oct/2021:08:49:57 -0300] "GET /favicon.ico HTTP/1.1" 200 21630
190.171.143.98 - - [29/Oct/2021:08:50:05 -0300] "POST /cormun/servlet/hlogin?7b17f930d776a9ad5f27e2d50cfe6a12,gx-no-cache=1635507506177 HTTP/1.1" 200 90
190.171.143.98 - - [29/Oct/2021:08:50:05 -0300] "GET /cormun/servlet/hpexe_link HTTP/1.1" 200 951
190.171.143.98 - - [29/Oct/2021:08:50:05 -0300] "GET /cormun/servlet/hhome HTTP/1.1" 200 4263
190.171.143.98 - - [29/Oct/2021:08:50:05 -0300] "GET /cormun/servlet/hhome HTTP/1.1" 200 4259
190.171.143.98 - - [29/Oct/2021:08:50:14 -0300] "GET /cormun/servlet/trautorizarsolicitud? HTTP/1.1" 200 8801
190.171.143.98 - - [29/Oct/2021:08:50:14 -0300] "GET /cormun/static/gxcfg.js?201991422414522 HTTP/1.1" 200 953
190.171.143.98 - - [29/Oct/2021:08:50:14 -0300] "GET /cormun/static/trautorizarsolicitud.js?201991422415463 HTTP/1.1" 200 53910
190.171.143.98 - - [29/Oct/2021:08:50:14 -0300] "GET /cormun//static/Resources/PXToolsActionView.png HTTP/1.1" 200 398
190.171.143.98 - - [29/Oct/2021:08:50:14 -0300] "GET /cormun//static/Resources/PXToolsRemoveAllAction.png HTTP/1.1" 200 487
190.171.143.98 - - [29/Oct/2021:08:50:14 -0300] "GET /cormun/servlet/trautorizarsolicitud? HTTP/1.1" 200 8800
190.171.143.98 - - [29/Oct/2021:08:50:25 -0300] "POST /cormun/servlet/trautorizarsolicitud?7b17f930d776a9ad5f27e2d50cfe6a12,,gx-no-cache=1635507526970 HTTP/1.1" 200 4766
190.171.143.98 - - [29/Oct/2021:08:50:25 -0300] "GET /cormun/static/Shared/jqueryui/images/ui-bg_highlight-soft_100_c6c2c8_1x100.png HTTP/1.1" 404 1117
190.171.143.98 - - [29/Oct/2021:08:50:25 -0300] "GET /cormun/static/Shared/jqueryui/images/ui-icons_82798d_256x240.png HTTP/1.1" 404 1089
190.171.143.98 - - [29/Oct/2021:08:50:26 -0300] "GET /cormun/static/Shared/jqueryui/images/ui-bg_flat_55_fafafa_40x100.png HTTP/1.1" 404 1097
190.171.143.98 - - [29/Oct/2021:08:50:26 -0300] "GET /cormun/static/Shared/jqueryui/images/ui-icons_8d78a5_256x240.png HTTP/1.1" 404 1089
190.171.143.98 - - [29/Oct/2021:08:50:26 -0300] "POST /cormun/servlet/trautorizarsolicitud?7b17f930d776a9ad5f27e2d50cfe6a12,,gx-no-cache=1635507527158 HTTP/1.1" 200 4525
192.168.10.96 - - [29/Oct/2021:08:51:03 -0300] "GET /cormun/servlet/trsolicitudgral? HTTP/1.1" 200 8260
192.168.10.96 - - [29/Oct/2021:08:51:03 -0300] "GET /cormun/servlet/trsolicitudgral? HTTP/1.1" 200 8260
192.168.10.96 - - [29/Oct/2021:08:51:07 -0300] "GET /cormun/servlet/trsolicitudgral? HTTP/1.1" 200 8260
192.168.10.96 - - [29/Oct/2021:08:51:07 -0300] "GET /cormun/servlet/trsolicitudgral? HTTP/1.1" 200 8260
192.168.10.96 - - [29/Oct/2021:08:51:12 -0300] "POST /cormun/servlet/trsolicitudgral?5783a8548823e5b407bc1b95c74c0a5e,,gx-no-cache=1635507432686 HTTP/1.1" 200 6657
192.168.10.96 - - [29/Oct/2021:08:51:13 -0300] "GET /cormun/servlet/vesolicitudgral?2021,17632,, HTTP/1.1" 200 8369
192.168.10.96 - - [29/Oct/2021:08:51:13 -0300] "GET /cormun/pexe_scrolldiv.js HTTP/1.1" 404 1009
192.168.10.96 - - [29/Oct/2021:08:51:14 -0300] "GET /cormun/servlet/vesolicitudgral?2021,17632,, HTTP/1.1" 200 8368
192.168.10.96 - - [29/Oct/2021:08:51:18 -0300] "GET /cormun/servlet/vesolicitudgral?2021,17632,,SolicitudOTLog HTTP/1.1" 200 9216
192.168.10.96 - - [29/Oct/2021:08:51:18 -0300] "GET /cormun/pexe_scrolldiv.js HTTP/1.1" 404 1009
192.168.10.96 - - [29/Oct/2021:08:51:18 -0300] "GET /cormun/pexe_scrolldiv.js HTTP/1.1" 404 1009
192.168.10.96 - - [29/Oct/2021:08:51:19 -0300] "GET /cormun/static/tbsolicitudgral03.js?20199142214306 HTTP/1.1" 200 13342
192.168.10.96 - - [29/Oct/2021:08:51:19 -0300] "GET /cormun/static/Resources/PXToolsTabLastSelected.png HTTP/1.1" 200 1274
192.168.10.96 - - [29/Oct/2021:08:51:19 -0300] "GET /cormun/servlet/vesolicitudgral?2021,17632,,SolicitudOTLog HTTP/1.1" 200 9217
192.168.10.96 - - [29/Oct/2021:08:51:20 -0300] "POST /cormun/servlet/acontrolpreferencessavestate?None,RRHH+DANIELA,true HTTP/1.1" 200 35
192.168.10.96 - - [29/Oct/2021:08:51:22 -0300] "POST /cormun/servlet/vesolicitudgral?5783a8548823e5b407bc1b95c74c0a5e,2021,17632,,SolicitudOTLog,gx-no-cache=1635507442276 HTTP/1.1" 200 90
192.168.10.96 - - [29/Oct/2021:08:51:22 -0300] "GET /cormun/servlet/hpexe_link HTTP/1.1" 200 976
192.168.10.96 - - [29/Oct/2021:08:51:22 -0300] "GET /cormun/servlet/trsolicitudgral? HTTP/1.1" 200 9685
192.168.10.96 - - [29/Oct/2021:08:51:22 -0300] "GET /cormun/servlet/trsolicitudgral? HTTP/1.1" 200 9685
205.185.121.173 - - [29/Oct/2021:08:51:28 -0300] "GET /manager/html HTTP/1.1" 401 2474
190.171.152.234 - - [29/Oct/2021:08:54:21 -0300] "GET /cormun/servlet/trcontratosolicitud? HTTP/1.1" 200 14727
190.171.152.234 - - [29/Oct/2021:08:54:21 -0300] "GET /cormun/static/gxcfg.js?20199142011887 HTTP/1.1" 200 953
190.171.152.234 - - [29/Oct/2021:08:54:21 -0300] "GET /cormun/static/trcontratosolicitud.js?201991420111348 HTTP/1.1" 200 28237
190.171.152.234 - - [29/Oct/2021:08:54:22 -0300] "GET /cormun/static/Resources/Spanish/PXTools.css?19172979 HTTP/1.1" 200 100853
190.171.152.234 - - [29/Oct/2021:08:54:22 -0300] "GET /cormun//static/Resources/PXToolsActionDisabled.gif HTTP/1.1" 200 53
190.171.152.234 - - [29/Oct/2021:08:54:22 -0300] "GET /cormun//static/Resources/PXToolsGridNew.png HTTP/1.1" 200 427
190.171.152.234 - - [29/Oct/2021:08:54:22 -0300] "GET /cormun/servlet/trcontratosolicitud? HTTP/1.1" 200 14717
190.171.152.234 - - [29/Oct/2021:08:54:31 -0300] "POST /cormun/servlet/trcontratosolicitud?9a6f1785c92e87c60ceff7eaaef468a3,,gx-no-cache=1635507773228 HTTP/1.1" 200 12577
190.171.152.234 - - [29/Oct/2021:08:54:31 -0300] "GET /cormun/static/Resources/PXToolsGridLast.gif HTTP/1.1" 200 370
190.171.152.234 - - [29/Oct/2021:08:54:31 -0300] "GET /cormun/static/Resources/PXToolsGridNext.gif HTTP/1.1" 200 369
190.171.152.234 - - [29/Oct/2021:08:54:33 -0300] "POST /cormun/servlet/trcontratosolicitud?9a6f1785c92e87c60ceff7eaaef468a3,,gx-no-cache=1635507775282 HTTP/1.1" 200 7378
190.171.152.234 - - [29/Oct/2021:08:54:33 -0300] "GET /cormun/static/Resources/PXToolsGridPrevious.gif HTTP/1.1" 200 369
190.171.152.234 - - [29/Oct/2021:08:54:33 -0300] "GET /cormun/static/Resources/PXToolsGridFirst.gif HTTP/1.1" 200 379
190.171.152.234 - - [29/Oct/2021:08:54:54 -0300] "GET /cormun/servlet/trsolicitudot? HTTP/1.1" 200 7484
190.171.152.234 - - [29/Oct/2021:08:54:54 -0300] "GET /cormun/servlet/trsolicitudot? HTTP/1.1" 200 7484
190.171.152.234 - - [29/Oct/2021:08:54:58 -0300] "GET /cormun/servlet/solicitudot?INS,0,0,false, HTTP/1.1" 200 15893
190.171.152.234 - - [29/Oct/2021:08:54:59 -0300] "GET /cormun/servlet/solicitudot?INS,0,0,false, HTTP/1.1" 200 15900
186.67.172.234 - - [29/Oct/2021:08:58:20 -0300] "GET /cormun/servlet/trpermisosgoce? HTTP/1.1" 200 6017
186.67.172.234 - - [29/Oct/2021:08:58:20 -0300] "GET /cormun/servlet/hlogin HTTP/1.1" 200 1736
