190.171.143.106 - - [29/Oct/2021:09:17:04 -0300] "GET /cormun/servlet/solicitudot?1739ea53bdad893b8cdb288c5697058cee49c7f29f557a0eda128cd8e022563a2bd6554c654ad95e0addc3ca063f632e039a7c3c677307ccac856ce22bcaf64b26c529535d65fa6b63c4ff0b64ddebc365aa65ba94c5c490a275d9ee089ae6caf3b52324a5298462f1ac7d4492e1140a89f1d317475e1f44f64b65a7634c920492466748d9eb3986aa064ecf71580c0cde4388560b9a9377aaf7a1bdfbcf95d486c512f5f7b27fadb0e06122d49b4fcb9ff1822451c7af682baac1981dff81a69c48fc574b7ad0c0ba2eaf748874d68a00699ac93f62774bf8e03fc7b1a1a2d7872d8131591082ce91cbbe89dfee2cfd03758c244ac9b8c32249e437d2f0d631e202014e33b284485fc994b0454dd18f88fca186ac8a87d5b7ca08737540af09d6b63a883c79bb0bda165f128d665ac013b00aca8eb041f79966f7fbff935f6e685f41b387f63b66afacedf48d368ed18073df4867d9e19070308aef37f8688161f31fca0cef7ba08c8cf08a982ce4c8a11b25e279f49401f49f2c21ef9afb3af9891a94a56b670de64d57107f218940,gx-no-cache=1635509126442 HTTP/1.1" 200 30
190.171.143.106 - - [29/Oct/2021:09:17:08 -0300] "POST /cormun/servlet/solicitudot?gx-no-cache=1635509130091 HTTP/1.1" 200 30
190.171.152.234 - - [29/Oct/2021:09:17:09 -0300] "GET /cormun/servlet/prlicenciaspermisos?17234919,L,,MD,,gxPopupLevel%3D0%3B HTTP/1.1" 200 6085
190.171.143.106 - - [29/Oct/2021:09:17:10 -0300] "POST /cormun/servlet/solicitudot?gx-no-cache=1635509131551 HTTP/1.1" 200 1440
190.171.143.106 - - [29/Oct/2021:09:17:10 -0300] "POST /cormun/servlet/solicitudot?gx-no-cache=1635509131582 HTTP/1.1" 200 38
190.171.152.234 - - [29/Oct/2021:09:17:12 -0300] "POST /cormun/servlet/solicitudot?gx-no-cache=1635509134079 HTTP/1.1" 200 1440
190.171.152.234 - - [29/Oct/2021:09:17:16 -0300] "GET /cormun/servlet/prlicenciaspermisos?17234919,L,,MD,,gxPopupLevel%3D0%3B HTTP/1.1" 200 6085
190.171.152.234 - - [29/Oct/2021:09:17:22 -0300] "POST /cormun/servlet/solicitudot?gx-no-cache=1635509144622 HTTP/1.1" 200 40
190.171.143.106 - - [29/Oct/2021:09:17:27 -0300] "GET /cormun/servlet/solicitudot?1739ea53bdad893b8cdb288c5697058cbbd06de3588ccb96207b1819eb22659bbd6c0c23e995e6e98eb05204b59a213736585230af8ba8a1851b67eb069130f0a998574817164749c1813b0e2bde47db81583e76c7d5eac8f56916903b0344cd049ce72ab7d987e9e9edf8a82635c023,gx-no-cache=1635509148797 HTTP/1.1" 200 110
190.171.143.106 - - [29/Oct/2021:09:17:27 -0300] "POST /cormun/servlet/solicitudot?gx-no-cache=1635509148822 HTTP/1.1" 200 64
190.171.143.106 - - [29/Oct/2021:09:17:30 -0300] "GET /cormun/servlet/solicitudot?1739ea53bdad893b8cdb288c5697058c75816dcd08f4266a856427ca6c1ac95fcb0058143529bb6a2749755b8eaf035280ab08ebfe2f688495768c598b4f968e058ad6e0cdd2531a726c081643c8b22fc2541995f67ac6fe2f65227b46861e182d945da7a08e82d35cd1a729cc7a5502,gx-no-cache=1635509151659 HTTP/1.1" 200 29
190.171.143.106 - - [29/Oct/2021:09:17:30 -0300] "GET /cormun/static/menuarrow.gif HTTP/1.1" 404 1015
190.171.143.106 - - [29/Oct/2021:09:17:38 -0300] "GET /cormun/servlet/solicitudot?1739ea53bdad893b8cdb288c5697058c707b18274587f0809b309c0d5c38f47aab19cfb7231ed61966d728e04ae6c9e4,gx-no-cache=1635509160517 HTTP/1.1" 200 134
190.171.143.106 - - [29/Oct/2021:09:17:43 -0300] "GET /cormun/servlet/solicitudot?1739ea53bdad893b8cdb288c5697058c707b18274587f0809b309c0d5c38f47aab19cfb7231ed61966d728e04ae6c9e4,gx-no-cache=1635509164551 HTTP/1.1" 200 134
190.171.143.106 - - [29/Oct/2021:09:17:43 -0300] "POST /cormun/servlet/solicitudot?gx-no-cache=1635509164577 HTTP/1.1" 200 30
190.171.143.106 - - [29/Oct/2021:09:17:56 -0300] "GET /cormun/servlet/solicitudot?1739ea53bdad893b8cdb288c5697058c707b18274587f0809b309c0d5c38f47aab19cfb7231ed61966d728e04ae6c9e4,gx-no-cache=1635509177675 HTTP/1.1" 200 134
186.103.159.189 - - [29/Oct/2021:09:18:03 -0300] "GET /cormun/servlet/apermisogoceprn?13500887,P,20211029085524,PU HTTP/1.1" 200 1649
190.171.143.106 - - [29/Oct/2021:09:18:10 -0300] "GET /cormun/servlet/solicitudot?1739ea53bdad893b8cdb288c5697058c0d13156eea552db6edf97f5fc624e147288cb651585980f757bd79d03cc14df3,gx-no-cache=1635509191602 HTTP/1.1" 200 30
190.171.143.106 - - [29/Oct/2021:09:18:10 -0300] "POST /cormun/servlet/solicitudot?gx-no-cache=1635509191621 HTTP/1.1" 200 30
190.171.143.106 - - [29/Oct/2021:09:18:20 -0300] "POST /cormun/servlet/solicitudot?gx-no-cache=1635509202431 HTTP/1.1" 200 30
190.171.143.106 - - [29/Oct/2021:09:18:31 -0300] "POST /cormun/servlet/solicitudot?eca2ac6caec8d5a406b8f2d9e3159e5f,INS,0,0,false,,gx-no-cache=1635509212634 HTTP/1.1" 200 93
190.171.143.106 - - [29/Oct/2021:09:18:32 -0300] "GET /cormun/servlet/hpexe_return? HTTP/1.1" 200 1009
190.171.143.106 - - [29/Oct/2021:09:18:32 -0300] "GET /cormun/servlet/trsolicitudot HTTP/1.1" 200 8645
190.171.143.106 - - [29/Oct/2021:09:18:32 -0300] "GET /cormun//static/Resources/PXToolsActionView.png HTTP/1.1" 200 398
190.171.143.106 - - [29/Oct/2021:09:18:32 -0300] "GET /cormun//static/Resources/PXToolsRemoveAllAction.png HTTP/1.1" 200 487
190.171.143.106 - - [29/Oct/2021:09:18:33 -0300] "GET /cormun/servlet/trsolicitudot HTTP/1.1" 200 8640
190.171.143.106 - - [29/Oct/2021:09:18:35 -0300] "POST /cormun/servlet/trsolicitudot?eca2ac6caec8d5a406b8f2d9e3159e5f,gx-no-cache=1635509216767 HTTP/1.1" 200 107
190.171.143.106 - - [29/Oct/2021:09:18:35 -0300] "GET /cormun/servlet/trsolicitudadjuntos?2021,17734, HTTP/1.1" 200 6096
190.171.143.106 - - [29/Oct/2021:09:18:35 -0300] "GET /cormun/static/gxcfg.js?20201215574222 HTTP/1.1" 200 953
190.171.143.106 - - [29/Oct/2021:09:18:35 -0300] "GET /cormun/static/Resources/PXToolsGridNew.png HTTP/1.1" 200 427
190.171.143.106 - - [29/Oct/2021:09:18:35 -0300] "GET /cormun/static/trsolicitudadjuntos.js?20201215574932 HTTP/1.1" 200 17922
190.171.143.106 - - [29/Oct/2021:09:18:35 -0300] "GET /cormun/servlet/trsolicitudadjuntos?2021,17734, HTTP/1.1" 200 6096
190.171.143.106 - - [29/Oct/2021:09:18:38 -0300] "GET /cormun/servlet/solicitudotadjuntos?INS,2021,17734,,1, HTTP/1.1" 200 6044
190.171.143.106 - - [29/Oct/2021:09:18:38 -0300] "GET /cormun/static/gxcfg.js?202012157947 HTTP/1.1" 200 953
190.171.143.106 - - [29/Oct/2021:09:18:38 -0300] "GET /cormun/static/solicitudotadjuntos.js?202012157966 HTTP/1.1" 200 11771
190.171.143.106 - - [29/Oct/2021:09:18:38 -0300] "GET /cormun/servlet/solicitudotadjuntos?INS,2021,17734,,1, HTTP/1.1" 200 6037
190.171.143.106 - - [29/Oct/2021:09:18:38 -0300] "GET /cormun/static/about:blank HTTP/1.1" 404 1011
190.171.143.106 - - [29/Oct/2021:09:18:39 -0300] "GET /cormun/servlet/solicitudotadjuntos?1739ea53bdad893b8cdb288c5697058cd592ad19a4f3981872e83c243a2b7a7aa69c07774089c1f0e8c355b225e6023b,gx-no-cache=1635509220845 HTTP/1.1" 200 30
190.171.143.106 - - [29/Oct/2021:09:18:39 -0300] "POST /cormun/servlet/solicitudotadjuntos?eca2ac6caec8d5a406b8f2d9e3159e5f,INS,2021,17734,,1,,gx-no-cache=1635509220873 HTTP/1.1" 200 3873
190.171.143.106 - - [29/Oct/2021:09:18:40 -0300] "POST /cormun/servlet/solicitudotadjuntos?gx-no-cache=1635509222390 HTTP/1.1" 200 26
190.171.143.106 - - [29/Oct/2021:09:18:47 -0300] "GET /cormun/servlet/solicitudotadjuntos?1739ea53bdad893b8cdb288c5697058cd01b90a92c242c66330c1aaef568dc9f,gx-no-cache=1635509229402 HTTP/1.1" 200 30
190.171.143.106 - - [29/Oct/2021:09:18:47 -0300] "GET /cormun/servlet/solicitudotadjuntos?1739ea53bdad893b8cdb288c5697058cd01b90a92c242c66330c1aaef568dc9f,gx-no-cache=1635509229415 HTTP/1.1" 200 30
190.171.143.106 - - [29/Oct/2021:09:18:47 -0300] "POST /cormun/servlet/solicitudotadjuntos?eca2ac6caec8d5a406b8f2d9e3159e5f,INS,2021,17734,,1, HTTP/1.1" 200 116
190.171.143.106 - - [29/Oct/2021:09:18:48 -0300] "GET /cormun/servlet/hpexe_return? HTTP/1.1" 200 1027
190.171.143.106 - - [29/Oct/2021:09:18:48 -0300] "GET /cormun/servlet/trsolicitudadjuntos?2021,17734, HTTP/1.1" 200 8879
190.171.143.106 - - [29/Oct/2021:09:18:48 -0300] "GET /cormun/servlet/trsolicitudadjuntos?2021,17734, HTTP/1.1" 200 8876
190.171.143.106 - - [29/Oct/2021:09:18:50 -0300] "GET /cormun/servlet/solicitudotadjuntos?INS,2021,17734,,1, HTTP/1.1" 200 6044
190.171.143.106 - - [29/Oct/2021:09:18:50 -0300] "GET /cormun/static/about:blank HTTP/1.1" 404 1011
190.171.143.106 - - [29/Oct/2021:09:18:50 -0300] "GET /cormun/servlet/solicitudotadjuntos?INS,2021,17734,,1, HTTP/1.1" 200 6037
190.171.143.106 - - [29/Oct/2021:09:18:50 -0300] "GET /cormun/servlet/solicitudotadjuntos?1739ea53bdad893b8cdb288c5697058cd592ad19a4f3981872e83c243a2b7a7aa69c07774089c1f0e8c355b225e6023b,gx-no-cache=1635509232348 HTTP/1.1" 200 30
190.171.143.106 - - [29/Oct/2021:09:18:50 -0300] "POST /cormun/servlet/solicitudotadjuntos?eca2ac6caec8d5a406b8f2d9e3159e5f,INS,2021,17734,,1,,gx-no-cache=1635509232366 HTTP/1.1" 200 3873
190.171.143.106 - - [29/Oct/2021:09:18:52 -0300] "POST /cormun/servlet/solicitudotadjuntos?gx-no-cache=1635509233994 HTTP/1.1" 200 26
209.141.58.149 - - [29/Oct/2021:09:18:55 -0300] "GET /manager/html HTTP/1.1" 401 2474
190.171.143.106 - - [29/Oct/2021:09:18:58 -0300] "GET /cormun/servlet/solicitudotadjuntos?1739ea53bdad893b8cdb288c5697058cd01b90a92c242c66330c1aaef568dc9f,gx-no-cache=1635509240034 HTTP/1.1" 200 30
190.171.143.106 - - [29/Oct/2021:09:18:58 -0300] "GET /cormun/servlet/solicitudotadjuntos?1739ea53bdad893b8cdb288c5697058cd01b90a92c242c66330c1aaef568dc9f,gx-no-cache=1635509240046 HTTP/1.1" 200 30
190.171.143.106 - - [29/Oct/2021:09:18:58 -0300] "POST /cormun/servlet/solicitudotadjuntos?eca2ac6caec8d5a406b8f2d9e3159e5f,INS,2021,17734,,1, HTTP/1.1" 200 116
190.171.143.106 - - [29/Oct/2021:09:18:58 -0300] "GET /cormun/servlet/hpexe_return? HTTP/1.1" 200 1027
190.171.143.106 - - [29/Oct/2021:09:18:58 -0300] "GET /cormun/servlet/trsolicitudadjuntos?2021,17734, HTTP/1.1" 200 9102
190.171.143.106 - - [29/Oct/2021:09:18:59 -0300] "GET /cormun/servlet/trsolicitudadjuntos?2021,17734, HTTP/1.1" 200 9102
190.171.143.106 - - [29/Oct/2021:09:19:00 -0300] "GET /cormun/servlet/solicitudotadjuntos?INS,2021,17734,,1, HTTP/1.1" 200 6045
190.171.143.106 - - [29/Oct/2021:09:19:00 -0300] "GET /cormun/static/about:blank HTTP/1.1" 404 1011
190.171.143.106 - - [29/Oct/2021:09:19:00 -0300] "GET /cormun/servlet/solicitudotadjuntos?INS,2021,17734,,1, HTTP/1.1" 200 6038
190.171.143.106 - - [29/Oct/2021:09:19:01 -0300] "GET /cormun/servlet/solicitudotadjuntos?1739ea53bdad893b8cdb288c5697058cd592ad19a4f3981872e83c243a2b7a7aa69c07774089c1f0e8c355b225e6023b,gx-no-cache=1635509243009 HTTP/1.1" 200 30
190.171.143.106 - - [29/Oct/2021:09:19:01 -0300] "POST /cormun/servlet/solicitudotadjuntos?eca2ac6caec8d5a406b8f2d9e3159e5f,INS,2021,17734,,1,,gx-no-cache=1635509243024 HTTP/1.1" 200 3875
190.171.152.234 - - [29/Oct/2021:09:19:03 -0300] "POST /cormun/servlet/solicitudot?gx-no-cache=1635509244765 HTTP/1.1" 200 30
190.171.152.234 - - [29/Oct/2021:09:19:03 -0300] "POST /cormun/servlet/solicitudot?gx-no-cache=1635509244798 HTTP/1.1" 200 1440
190.171.143.106 - - [29/Oct/2021:09:19:03 -0300] "POST /cormun/servlet/solicitudotadjuntos?gx-no-cache=1635509244770 HTTP/1.1" 200 26
190.171.152.234 - - [29/Oct/2021:09:19:03 -0300] "POST /cormun/servlet/solicitudot?gx-no-cache=1635509244873 HTTP/1.1" 200 40
190.171.152.234 - - [29/Oct/2021:09:19:03 -0300] "GET /cormun/servlet/solicitudot?e47b434cd84b6c328d4975abfa34daeaad79b17c09f9a35163e0c74f1a4317b80c99680f8d2c8c7fbe16a18486540e12530f23a9de6fadba8b29dffba75e2754eb5b3fcb131a48d2a1c1a4de8c5c6a64a826dd17d30dd720e6dda494f04b53c3996a828bd9cbe8da13e8cf9aeddd1e3e,gx-no-cache=1635509244898 HTTP/1.1" 200 110
190.171.152.234 - - [29/Oct/2021:09:19:03 -0300] "POST /cormun/servlet/solicitudot?gx-no-cache=1635509244922 HTTP/1.1" 200 97
190.171.143.106 - - [29/Oct/2021:09:19:07 -0300] "GET /cormun/servlet/solicitudotadjuntos?1739ea53bdad893b8cdb288c5697058cd01b90a92c242c66330c1aaef568dc9f,gx-no-cache=1635509249474 HTTP/1.1" 200 30
190.171.143.106 - - [29/Oct/2021:09:19:07 -0300] "GET /cormun/servlet/solicitudotadjuntos?1739ea53bdad893b8cdb288c5697058cd01b90a92c242c66330c1aaef568dc9f,gx-no-cache=1635509249486 HTTP/1.1" 200 30
190.171.143.106 - - [29/Oct/2021:09:19:08 -0300] "POST /cormun/servlet/solicitudotadjuntos?eca2ac6caec8d5a406b8f2d9e3159e5f,INS,2021,17734,,1, HTTP/1.1" 200 116
190.171.143.106 - - [29/Oct/2021:09:19:08 -0300] "GET /cormun/servlet/hpexe_return? HTTP/1.1" 200 1027
190.171.143.106 - - [29/Oct/2021:09:19:08 -0300] "GET /cormun/servlet/trsolicitudadjuntos?2021,17734, HTTP/1.1" 200 9273
190.171.143.106 - - [29/Oct/2021:09:19:08 -0300] "GET /cormun/servlet/trsolicitudadjuntos?2021,17734, HTTP/1.1" 200 9272
190.171.143.106 - - [29/Oct/2021:09:19:10 -0300] "GET /cormun/servlet/solicitudotadjuntos?INS,2021,17734,,1, HTTP/1.1" 200 6045
190.171.143.106 - - [29/Oct/2021:09:19:10 -0300] "GET /cormun/static/about:blank HTTP/1.1" 404 1011
190.171.143.106 - - [29/Oct/2021:09:19:10 -0300] "GET /cormun/servlet/solicitudotadjuntos?INS,2021,17734,,1, HTTP/1.1" 200 6038
190.171.143.106 - - [29/Oct/2021:09:19:11 -0300] "GET /cormun/servlet/solicitudotadjuntos?1739ea53bdad893b8cdb288c5697058cd592ad19a4f3981872e83c243a2b7a7aa69c07774089c1f0e8c355b225e6023b,gx-no-cache=1635509252725 HTTP/1.1" 200 30
190.171.143.106 - - [29/Oct/2021:09:19:11 -0300] "POST /cormun/servlet/solicitudotadjuntos?eca2ac6caec8d5a406b8f2d9e3159e5f,INS,2021,17734,,1,,gx-no-cache=1635509252743 HTTP/1.1" 200 3875
190.171.143.106 - - [29/Oct/2021:09:19:13 -0300] "POST /cormun/servlet/solicitudotadjuntos?gx-no-cache=1635509254858 HTTP/1.1" 200 26
190.171.152.234 - - [29/Oct/2021:09:19:16 -0300] "GET /cormun/servlet/solicitudot?e47b434cd84b6c328d4975abfa34daea747eb388258c785ee5000cf84055ad85556fee175e17d1e74378ab45f9509a06a2583590e51912f5bf590c0463f522ef693ba9d0b481348d4d69959e5e9c8c7e99d81170863ce51fb297793335c5fc15f376ee15fdb0674796b1a47dc9c1bf64,gx-no-cache=1635509257662 HTTP/1.1" 200 29
190.171.152.234 - - [29/Oct/2021:09:19:16 -0300] "GET /cormun/static/menuarrow.gif HTTP/1.1" 404 1015
190.171.143.106 - - [29/Oct/2021:09:19:18 -0300] "GET /cormun/servlet/solicitudotadjuntos?1739ea53bdad893b8cdb288c5697058cd01b90a92c242c66330c1aaef568dc9f,gx-no-cache=1635509260370 HTTP/1.1" 200 30
190.171.143.106 - - [29/Oct/2021:09:19:18 -0300] "GET /cormun/servlet/solicitudotadjuntos?1739ea53bdad893b8cdb288c5697058cd01b90a92c242c66330c1aaef568dc9f,gx-no-cache=1635509260398 HTTP/1.1" 200 30
190.171.143.106 - - [29/Oct/2021:09:19:18 -0300] "POST /cormun/servlet/solicitudotadjuntos?eca2ac6caec8d5a406b8f2d9e3159e5f,INS,2021,17734,,1, HTTP/1.1" 200 116
190.171.143.106 - - [29/Oct/2021:09:19:19 -0300] "GET /cormun/servlet/hpexe_return? HTTP/1.1" 200 1027
190.171.143.106 - - [29/Oct/2021:09:19:19 -0300] "GET /cormun/servlet/trsolicitudadjuntos?2021,17734, HTTP/1.1" 200 9520
190.171.143.106 - - [29/Oct/2021:09:19:19 -0300] "GET /cormun/servlet/trsolicitudadjuntos?2021,17734, HTTP/1.1" 200 9519
190.171.143.106 - - [29/Oct/2021:09:19:21 -0300] "GET /cormun/servlet/solicitudotadjuntos?INS,2021,17734,,1, HTTP/1.1" 200 6045
190.171.143.106 - - [29/Oct/2021:09:19:21 -0300] "GET /cormun/static/about:blank HTTP/1.1" 404 1011
190.171.143.106 - - [29/Oct/2021:09:19:21 -0300] "GET /cormun/servlet/solicitudotadjuntos?INS,2021,17734,,1, HTTP/1.1" 200 6038
190.171.143.106 - - [29/Oct/2021:09:19:22 -0300] "GET /cormun/servlet/solicitudotadjuntos?1739ea53bdad893b8cdb288c5697058cd592ad19a4f3981872e83c243a2b7a7aa69c07774089c1f0e8c355b225e6023b,gx-no-cache=1635509263607 HTTP/1.1" 200 30
190.171.143.106 - - [29/Oct/2021:09:19:22 -0300] "POST /cormun/servlet/solicitudotadjuntos?eca2ac6caec8d5a406b8f2d9e3159e5f,INS,2021,17734,,1,,gx-no-cache=1635509263622 HTTP/1.1" 200 3875
190.171.152.234 - - [29/Oct/2021:09:19:24 -0300] "GET /cormun/servlet/solicitudot?e47b434cd84b6c328d4975abfa34daea5e09b9b5eaddda52db0f906f3e3032c120ff1670de3cd3275ea8c5dffcef500e,gx-no-cache=1635509265663 HTTP/1.1" 200 30
190.171.152.234 - - [29/Oct/2021:09:19:24 -0300] "POST /cormun/servlet/solicitudot?gx-no-cache=1635509265685 HTTP/1.1" 200 34
190.171.143.106 - - [29/Oct/2021:09:19:24 -0300] "POST /cormun/servlet/solicitudotadjuntos?gx-no-cache=1635509265954 HTTP/1.1" 200 26
190.171.141.138 - - [29/Oct/2021:09:19:25 -0300] "POST /cormun/servlet/trpermisosgoce?e71fbd9724815454fae3968eb2cd3345,,gx-no-cache=1635509267075 HTTP/1.1" 200 11518
190.171.143.106 - - [29/Oct/2021:09:19:28 -0300] "GET /cormun/servlet/solicitudotadjuntos?1739ea53bdad893b8cdb288c5697058cd01b90a92c242c66330c1aaef568dc9f,gx-no-cache=1635509270458 HTTP/1.1" 200 30
190.171.143.106 - - [29/Oct/2021:09:19:28 -0300] "GET /cormun/servlet/solicitudotadjuntos?1739ea53bdad893b8cdb288c5697058cd01b90a92c242c66330c1aaef568dc9f,gx-no-cache=1635509270469 HTTP/1.1" 200 30
190.171.143.106 - - [29/Oct/2021:09:19:29 -0300] "POST /cormun/servlet/solicitudotadjuntos?eca2ac6caec8d5a406b8f2d9e3159e5f,INS,2021,17734,,1, HTTP/1.1" 200 116
190.171.143.106 - - [29/Oct/2021:09:19:29 -0300] "GET /cormun/servlet/hpexe_return? HTTP/1.1" 200 1027
190.171.143.106 - - [29/Oct/2021:09:19:29 -0300] "GET /cormun/servlet/trsolicitudadjuntos?2021,17734, HTTP/1.1" 200 9813
190.171.143.106 - - [29/Oct/2021:09:19:29 -0300] "GET /cormun/servlet/trsolicitudadjuntos?2021,17734, HTTP/1.1" 200 9814
190.171.143.106 - - [29/Oct/2021:09:19:31 -0300] "GET /cormun/servlet/solicitudotadjuntos?INS,2021,17734,,1, HTTP/1.1" 200 6045
190.171.143.106 - - [29/Oct/2021:09:19:31 -0300] "GET /cormun/static/about:blank HTTP/1.1" 404 1011
190.171.143.106 - - [29/Oct/2021:09:19:31 -0300] "GET /cormun/servlet/solicitudotadjuntos?INS,2021,17734,,1, HTTP/1.1" 200 6038
190.171.143.106 - - [29/Oct/2021:09:19:31 -0300] "GET /cormun/servlet/solicitudotadjuntos?1739ea53bdad893b8cdb288c5697058cd592ad19a4f3981872e83c243a2b7a7aa69c07774089c1f0e8c355b225e6023b,gx-no-cache=1635509273274 HTTP/1.1" 200 30
190.171.143.106 - - [29/Oct/2021:09:19:31 -0300] "POST /cormun/servlet/solicitudotadjuntos?eca2ac6caec8d5a406b8f2d9e3159e5f,INS,2021,17734,,1,,gx-no-cache=1635509273293 HTTP/1.1" 200 3875
190.171.143.106 - - [29/Oct/2021:09:19:33 -0300] "POST /cormun/servlet/solicitudotadjuntos?gx-no-cache=1635509275098 HTTP/1.1" 200 26
190.171.143.106 - - [29/Oct/2021:09:19:44 -0300] "GET /cormun/servlet/solicitudotadjuntos?1739ea53bdad893b8cdb288c5697058cd01b90a92c242c66330c1aaef568dc9f,gx-no-cache=1635509286386 HTTP/1.1" 200 30
190.171.143.106 - - [29/Oct/2021:09:19:44 -0300] "GET /cormun/servlet/solicitudotadjuntos?1739ea53bdad893b8cdb288c5697058cd01b90a92c242c66330c1aaef568dc9f,gx-no-cache=1635509286405 HTTP/1.1" 200 30
190.171.143.106 - - [29/Oct/2021:09:19:45 -0300] "POST /cormun/servlet/solicitudotadjuntos?eca2ac6caec8d5a406b8f2d9e3159e5f,INS,2021,17734,,1, HTTP/1.1" 200 116
190.171.143.106 - - [29/Oct/2021:09:19:45 -0300] "GET /cormun/servlet/hpexe_return? HTTP/1.1" 200 1027
190.171.143.106 - - [29/Oct/2021:09:19:45 -0300] "GET /cormun/servlet/trsolicitudadjuntos?2021,17734, HTTP/1.1" 200 9975
190.171.143.106 - - [29/Oct/2021:09:19:45 -0300] "GET /cormun/servlet/trsolicitudadjuntos?2021,17734, HTTP/1.1" 200 9970
190.171.143.106 - - [29/Oct/2021:09:19:47 -0300] "POST /cormun/servlet/trsolicitudadjuntos?eca2ac6caec8d5a406b8f2d9e3159e5f,2021,17734,,gx-no-cache=1635509289253 HTTP/1.1" 200 90
190.171.143.106 - - [29/Oct/2021:09:19:47 -0300] "GET /cormun/servlet/hpexe_link HTTP/1.1" 200 970
190.171.143.106 - - [29/Oct/2021:09:19:48 -0300] "GET /cormun/servlet/trsolicitudot HTTP/1.1" 200 8641
190.171.143.106 - - [29/Oct/2021:09:19:48 -0300] "GET /cormun/servlet/trsolicitudot HTTP/1.1" 200 8640
190.171.152.234 - - [29/Oct/2021:09:19:56 -0300] "POST /cormun/servlet/solicitudot?9a6f1785c92e87c60ceff7eaaef468a3,INS,0,0,false,,gx-no-cache=1635509297905 HTTP/1.1" 200 93
190.171.152.234 - - [29/Oct/2021:09:19:56 -0300] "GET /cormun/servlet/hpexe_return? HTTP/1.1" 200 1010
190.171.152.234 - - [29/Oct/2021:09:19:56 -0300] "GET /cormun/static/gxcfg.js?201991422392976 HTTP/1.1" 200 953
190.171.152.234 - - [29/Oct/2021:09:19:56 -0300] "GET /cormun/static/hpexe_return.js?201991422392984 HTTP/1.1" 200 1633
190.171.152.234 - - [29/Oct/2021:09:19:56 -0300] "GET /cormun/servlet/trsolicitudot HTTP/1.1" 200 8947
190.171.152.234 - - [29/Oct/2021:09:19:57 -0300] "GET /cormun//static/Resources/PXToolsActionView.png HTTP/1.1" 200 398
190.171.152.234 - - [29/Oct/2021:09:19:57 -0300] "GET /cormun//static/Resources/PXToolsRemoveAllAction.png HTTP/1.1" 200 487
190.171.152.234 - - [29/Oct/2021:09:19:57 -0300] "GET /cormun//static/Resources/PXToolsGridUpdate.png HTTP/1.1" 200 470
190.171.152.234 - - [29/Oct/2021:09:19:57 -0300] "GET /cormun//static/Resources/PXToolsGridDelete.png HTTP/1.1" 200 538
190.171.152.234 - - [29/Oct/2021:09:19:57 -0300] "GET /cormun//static/Resources/PXTools/ActionInsert.png HTTP/1.1" 200 1482
190.171.152.234 - - [29/Oct/2021:09:19:57 -0300] "GET /cormun/servlet/trsolicitudot HTTP/1.1" 200 8942
190.171.143.106 - - [29/Oct/2021:09:20:00 -0300] "POST /cormun/servlet/trsolicitudot?eca2ac6caec8d5a406b8f2d9e3159e5f,gx-no-cache=1635509302092 HTTP/1.1" 200 4594
190.171.143.106 - - [29/Oct/2021:09:20:00 -0300] "GET /cormun/static/Shared/jqueryui/images/ui-bg_highlight-soft_100_c6c2c8_1x100.png HTTP/1.1" 404 1117
190.171.143.106 - - [29/Oct/2021:09:20:00 -0300] "GET /cormun/static/Shared/jqueryui/images/ui-icons_8d78a5_256x240.png HTTP/1.1" 404 1089
190.171.143.106 - - [29/Oct/2021:09:20:00 -0300] "GET /cormun/static/Shared/jqueryui/images/ui-bg_flat_55_fafafa_40x100.png HTTP/1.1" 404 1097
190.171.143.106 - - [29/Oct/2021:09:20:00 -0300] "GET /cormun/static/Shared/jqueryui/images/ui-icons_82798d_256x240.png HTTP/1.1" 404 1089
190.171.143.106 - - [29/Oct/2021:09:20:00 -0300] "POST /cormun/servlet/trsolicitudot?eca2ac6caec8d5a406b8f2d9e3159e5f,gx-no-cache=1635509302263 HTTP/1.1" 200 4332
190.171.143.106 - - [29/Oct/2021:09:20:10 -0300] "GET /cormun/servlet/hlogin HTTP/1.1" 200 1744
190.171.143.106 - - [29/Oct/2021:09:20:13 -0300] "POST /cormun/servlet/hlogin?eca2ac6caec8d5a406b8f2d9e3159e5f,gx-no-cache=1635509314683 HTTP/1.1" 200 90
190.171.143.106 - - [29/Oct/2021:09:20:13 -0300] "GET /cormun/servlet/hpexe_link HTTP/1.1" 200 952
190.171.143.106 - - [29/Oct/2021:09:20:13 -0300] "GET /cormun/servlet/hhome HTTP/1.1" 200 4335
190.171.143.106 - - [29/Oct/2021:09:20:13 -0300] "GET /cormun/servlet/hhome HTTP/1.1" 200 4331
190.171.152.234 - - [29/Oct/2021:09:20:15 -0300] "POST /cormun/servlet/trsolicitudot?9a6f1785c92e87c60ceff7eaaef468a3,gx-no-cache=1635509317550 HTTP/1.1" 200 107
190.171.152.234 - - [29/Oct/2021:09:20:16 -0300] "GET /cormun/servlet/trsolicitudadjuntos?2021,17735, HTTP/1.1" 200 6366
190.171.152.234 - - [29/Oct/2021:09:20:16 -0300] "GET /cormun/static/gxcfg.js?20201215574222 HTTP/1.1" 200 953
190.171.152.234 - - [29/Oct/2021:09:20:16 -0300] "GET /cormun/static/Resources/PXToolsGridNew.png HTTP/1.1" 200 427
190.171.152.234 - - [29/Oct/2021:09:20:16 -0300] "GET /cormun/static/trsolicitudadjuntos.js?20201215574932 HTTP/1.1" 200 17922
190.171.143.106 - - [29/Oct/2021:09:20:16 -0300] "GET /cormun/servlet/trautorizarsolicitud? HTTP/1.1" 200 8875
190.171.143.106 - - [29/Oct/2021:09:20:16 -0300] "GET /cormun/static/gxcfg.js?201991422414522 HTTP/1.1" 200 953
190.171.143.106 - - [29/Oct/2021:09:20:16 -0300] "GET /cormun/static/trautorizarsolicitud.js?201991422415463 HTTP/1.1" 200 53910
190.171.152.234 - - [29/Oct/2021:09:20:16 -0300] "GET /cormun/servlet/trsolicitudadjuntos?2021,17735, HTTP/1.1" 200 6366
190.171.143.106 - - [29/Oct/2021:09:20:16 -0300] "GET /cormun/servlet/trautorizarsolicitud? HTTP/1.1" 200 8873
190.171.143.106 - - [29/Oct/2021:09:20:19 -0300] "POST /cormun/servlet/trautorizarsolicitud?eca2ac6caec8d5a406b8f2d9e3159e5f,,gx-no-cache=1635509320582 HTTP/1.1" 200 4798
190.171.143.106 - - [29/Oct/2021:09:20:19 -0300] "GET /cormun/static/Shared/jqueryui/images/ui-icons_82798d_256x240.png HTTP/1.1" 404 1089
190.171.143.106 - - [29/Oct/2021:09:20:19 -0300] "GET /cormun/static/Shared/jqueryui/images/ui-bg_highlight-soft_100_c6c2c8_1x100.png HTTP/1.1" 404 1117
190.171.143.106 - - [29/Oct/2021:09:20:19 -0300] "GET /cormun/static/Shared/jqueryui/images/ui-icons_8d78a5_256x240.png HTTP/1.1" 404 1089
190.171.143.106 - - [29/Oct/2021:09:20:19 -0300] "GET /cormun/static/Shared/jqueryui/images/ui-bg_flat_55_fafafa_40x100.png HTTP/1.1" 404 1097
190.171.143.106 - - [29/Oct/2021:09:20:19 -0300] "POST /cormun/servlet/trautorizarsolicitud?eca2ac6caec8d5a406b8f2d9e3159e5f,,gx-no-cache=1635509320732 HTTP/1.1" 200 4535
190.171.152.234 - - [29/Oct/2021:09:20:20 -0300] "GET /cormun/servlet/solicitudotadjuntos?INS,2021,17735,,1, HTTP/1.1" 200 6313
190.171.152.234 - - [29/Oct/2021:09:20:20 -0300] "GET /cormun/static/gxcfg.js?202012157947 HTTP/1.1" 200 953
190.171.152.234 - - [29/Oct/2021:09:20:20 -0300] "GET /cormun/static/solicitudotadjuntos.js?202012157966 HTTP/1.1" 200 11771
190.171.152.234 - - [29/Oct/2021:09:20:20 -0300] "GET /cormun/static/about:blank HTTP/1.1" 404 1011
190.171.152.234 - - [29/Oct/2021:09:20:20 -0300] "GET /cormun/servlet/solicitudotadjuntos?INS,2021,17735,,1, HTTP/1.1" 200 6306
190.171.152.234 - - [29/Oct/2021:09:20:21 -0300] "GET /cormun/servlet/solicitudotadjuntos?e47b434cd84b6c328d4975abfa34daeaa24cd346784df14f6d7d505166cd748eac01252734af9020f6812b9c49cc9512,gx-no-cache=1635509322675 HTTP/1.1" 200 30
190.171.152.234 - - [29/Oct/2021:09:20:21 -0300] "POST /cormun/servlet/solicitudotadjuntos?9a6f1785c92e87c60ceff7eaaef468a3,INS,2021,17735,,1,,gx-no-cache=1635509322693 HTTP/1.1" 200 4199
190.171.141.138 - - [29/Oct/2021:09:20:47 -0300] "GET /cormun/servlet/hlogin HTTP/1.1" 200 1722
190.171.141.138 - - [29/Oct/2021:09:20:48 -0300] "GET /cormun/servlet/hlogin HTTP/1.1" 200 1732
190.171.141.138 - - [29/Oct/2021:09:20:53 -0300] "POST /cormun/servlet/hlogin?5bb454a9ab7ebdcbe3924eab5473ed59,gx-no-cache=1635509353785 HTTP/1.1" 200 90
190.171.141.138 - - [29/Oct/2021:09:20:53 -0300] "GET /cormun/servlet/hpexe_link HTTP/1.1" 200 949
190.171.141.138 - - [29/Oct/2021:09:20:53 -0300] "GET /cormun/servlet/hhome HTTP/1.1" 200 4466
190.171.141.138 - - [29/Oct/2021:09:20:54 -0300] "GET /cormun/servlet/hhome HTTP/1.1" 200 4462
190.171.141.138 - - [29/Oct/2021:09:21:02 -0300] "GET /cormun/servlet/trlicencias? HTTP/1.1" 200 13208
190.171.141.138 - - [29/Oct/2021:09:21:02 -0300] "GET /cormun/servlet/trlicencias? HTTP/1.1" 200 13206
190.171.152.234 - - [29/Oct/2021:09:21:06 -0300] "POST /cormun/servlet/solicitudotadjuntos?gx-no-cache=1635509368080 HTTP/1.1" 200 26
190.171.152.234 - - [29/Oct/2021:09:21:18 -0300] "GET /cormun/servlet/solicitudotadjuntos?e47b434cd84b6c328d4975abfa34daeabeb75f5177f0d4b516479c708ad99a81,gx-no-cache=1635509379942 HTTP/1.1" 200 30
190.171.152.234 - - [29/Oct/2021:09:21:18 -0300] "GET /cormun/servlet/solicitudotadjuntos?e47b434cd84b6c328d4975abfa34daeabeb75f5177f0d4b516479c708ad99a81,gx-no-cache=1635509380003 HTTP/1.1" 200 30
190.171.152.234 - - [29/Oct/2021:09:21:18 -0300] "POST /cormun/servlet/solicitudotadjuntos?9a6f1785c92e87c60ceff7eaaef468a3,INS,2021,17735,,1, HTTP/1.1" 200 116
190.171.152.234 - - [29/Oct/2021:09:21:18 -0300] "GET /cormun/servlet/hpexe_return? HTTP/1.1" 200 1029
190.171.152.234 - - [29/Oct/2021:09:21:18 -0300] "GET /cormun/servlet/trsolicitudadjuntos?2021,17735, HTTP/1.1" 200 9185
190.171.152.234 - - [29/Oct/2021:09:21:19 -0300] "GET /cormun/servlet/trsolicitudadjuntos?2021,17735, HTTP/1.1" 200 9184
190.171.152.234 - - [29/Oct/2021:09:21:23 -0300] "GET /cormun/servlet/solicitudotadjuntos?INS,2021,17735,,1, HTTP/1.1" 200 6313
190.171.152.234 - - [29/Oct/2021:09:21:23 -0300] "GET /cormun/static/about:blank HTTP/1.1" 404 1011
190.171.152.234 - - [29/Oct/2021:09:21:24 -0300] "GET /cormun/servlet/solicitudotadjuntos?INS,2021,17735,,1, HTTP/1.1" 200 6306
190.171.152.234 - - [29/Oct/2021:09:21:24 -0300] "GET /cormun/servlet/solicitudotadjuntos?e47b434cd84b6c328d4975abfa34daeaa24cd346784df14f6d7d505166cd748eac01252734af9020f6812b9c49cc9512,gx-no-cache=1635509386222 HTTP/1.1" 200 30
190.171.152.234 - - [29/Oct/2021:09:21:24 -0300] "POST /cormun/servlet/solicitudotadjuntos?9a6f1785c92e87c60ceff7eaaef468a3,INS,2021,17735,,1,,gx-no-cache=1635509386245 HTTP/1.1" 200 4199
190.171.152.234 - - [29/Oct/2021:09:21:34 -0300] "POST /cormun/servlet/solicitudotadjuntos?gx-no-cache=1635509395720 HTTP/1.1" 200 26
190.171.152.234 - - [29/Oct/2021:09:21:48 -0300] "GET /cormun/servlet/solicitudotadjuntos?e47b434cd84b6c328d4975abfa34daeabeb75f5177f0d4b516479c708ad99a81,gx-no-cache=1635509410237 HTTP/1.1" 200 30
190.171.152.234 - - [29/Oct/2021:09:21:48 -0300] "GET /cormun/servlet/solicitudotadjuntos?e47b434cd84b6c328d4975abfa34daeabeb75f5177f0d4b516479c708ad99a81,gx-no-cache=1635509410267 HTTP/1.1" 200 30
190.171.152.234 - - [29/Oct/2021:09:21:48 -0300] "POST /cormun/servlet/solicitudotadjuntos?9a6f1785c92e87c60ceff7eaaef468a3,INS,2021,17735,,1, HTTP/1.1" 200 116
190.171.152.234 - - [29/Oct/2021:09:21:48 -0300] "GET /cormun/servlet/hpexe_return? HTTP/1.1" 200 1029
190.171.152.234 - - [29/Oct/2021:09:21:48 -0300] "GET /cormun/servlet/trsolicitudadjuntos?2021,17735, HTTP/1.1" 200 9415
190.171.152.234 - - [29/Oct/2021:09:21:49 -0300] "GET /cormun/servlet/trsolicitudadjuntos?2021,17735, HTTP/1.1" 200 9413
190.171.152.234 - - [29/Oct/2021:09:21:53 -0300] "GET /cormun/servlet/solicitudotadjuntos?INS,2021,17735,,1, HTTP/1.1" 200 6313
190.171.152.234 - - [29/Oct/2021:09:21:54 -0300] "GET /cormun/static/about:blank HTTP/1.1" 404 1011
190.171.152.234 - - [29/Oct/2021:09:21:54 -0300] "GET /cormun/servlet/solicitudotadjuntos?INS,2021,17735,,1, HTTP/1.1" 200 6306
190.171.152.234 - - [29/Oct/2021:09:21:54 -0300] "GET /cormun/servlet/solicitudotadjuntos?e47b434cd84b6c328d4975abfa34daeaa24cd346784df14f6d7d505166cd748eac01252734af9020f6812b9c49cc9512,gx-no-cache=1635509416411 HTTP/1.1" 200 30
190.171.152.234 - - [29/Oct/2021:09:21:54 -0300] "POST /cormun/servlet/solicitudotadjuntos?9a6f1785c92e87c60ceff7eaaef468a3,INS,2021,17735,,1,,gx-no-cache=1635509416431 HTTP/1.1" 200 4199
190.171.152.234 - - [29/Oct/2021:09:21:56 -0300] "POST /cormun/servlet/solicitudotadjuntos?gx-no-cache=1635509418646 HTTP/1.1" 200 26
190.171.152.234 - - [29/Oct/2021:09:22:07 -0300] "GET /cormun/servlet/solicitudotadjuntos?e47b434cd84b6c328d4975abfa34daeabeb75f5177f0d4b516479c708ad99a81,gx-no-cache=1635509428893 HTTP/1.1" 200 30
190.171.152.234 - - [29/Oct/2021:09:22:07 -0300] "GET /cormun/servlet/solicitudotadjuntos?e47b434cd84b6c328d4975abfa34daeabeb75f5177f0d4b516479c708ad99a81,gx-no-cache=1635509428925 HTTP/1.1" 200 30
190.171.152.234 - - [29/Oct/2021:09:22:07 -0300] "POST /cormun/servlet/solicitudotadjuntos?9a6f1785c92e87c60ceff7eaaef468a3,INS,2021,17735,,1, HTTP/1.1" 200 6839
190.171.152.234 - - [29/Oct/2021:09:22:07 -0300] "GET /cormun/static/Shared/jqueryui/images/ui-bg_highlight-soft_100_c6c2c8_1x100.png HTTP/1.1" 404 1117
190.171.152.234 - - [29/Oct/2021:09:22:07 -0300] "GET /cormun/static/Shared/jqueryui/images/ui-icons_82798d_256x240.png HTTP/1.1" 404 1089
190.171.152.234 - - [29/Oct/2021:09:22:07 -0300] "GET /cormun/static/Shared/jqueryui/images/ui-bg_flat_55_994d53_40x100.png HTTP/1.1" 404 1097
190.171.152.234 - - [29/Oct/2021:09:22:07 -0300] "GET /cormun/static/Shared/jqueryui/images/ui-icons_ebccce_256x240.png HTTP/1.1" 404 1089
190.171.152.234 - - [29/Oct/2021:09:22:07 -0300] "GET /cormun/PrivateTempStorage/upload_00007487.pdf HTTP/1.1" 200 88595
186.67.172.234 - - [29/Oct/2021:09:22:11 -0300] "GET /cormun/servlet/permisogoce?INS,0,,, HTTP/1.1" 200 7257
186.67.172.234 - - [29/Oct/2021:09:22:11 -0300] "GET /cormun/servlet/permisogoce?INS,0,,, HTTP/1.1" 200 7257
186.67.172.234 - - [29/Oct/2021:09:22:12 -0300] "GET /cormun/servlet/permisogoce?INS,0,,, HTTP/1.1" 200 7257
186.67.172.234 - - [29/Oct/2021:09:22:12 -0300] "GET /cormun/servlet/permisogoce?INS,0,,, HTTP/1.1" 200 7257
186.103.159.189 - - [29/Oct/2021:09:22:13 -0300] "GET /cormun/servlet/trpermisosadjuntos?9106330,20211027123254,P, HTTP/1.1" 200 6314
186.103.159.189 - - [29/Oct/2021:09:22:13 -0300] "GET /cormun/static/gxcfg.js?2020121641683 HTTP/1.1" 200 953
186.103.159.189 - - [29/Oct/2021:09:22:14 -0300] "GET /cormun/static/trpermisosadjuntos.js?2020121642996 HTTP/1.1" 200 20158
186.103.159.189 - - [29/Oct/2021:09:22:16 -0300] "GET /cormun/servlet/trpermisosadjuntos?9106330,20211027123254,P, HTTP/1.1" 200 6313
190.171.152.234 - - [29/Oct/2021:09:22:16 -0300] "GET /cormun/servlet/solicitudotadjuntos?e47b434cd84b6c328d4975abfa34daea55d7c3b2cf7cf09311ccd5c528a743d083ee57df3f003dbe73d124bc70ec5587,gx-no-cache=1635509437964 HTTP/1.1" 200 30
190.171.152.234 - - [29/Oct/2021:09:22:16 -0300] "POST /cormun/servlet/solicitudotadjuntos?9a6f1785c92e87c60ceff7eaaef468a3,INS,2021,17735,,1, HTTP/1.1" 200 6838
190.171.152.234 - - [29/Oct/2021:09:22:16 -0300] "GET /cormun/PrivateTempStorage/upload_00007499.pdf HTTP/1.1" 200 88595
186.103.159.189 - - [29/Oct/2021:09:22:18 -0300] "GET /cormun/servlet/permisosadjuntos?INS,9106330,P,20211027123254,, HTTP/1.1" 200 5630
186.103.159.189 - - [29/Oct/2021:09:22:19 -0300] "GET /cormun/static/gxcfg.js?20201215134212 HTTP/1.1" 200 953
186.103.159.189 - - [29/Oct/2021:09:22:19 -0300] "GET /cormun/static/permisosadjuntos.js?20201215134285 HTTP/1.1" 200 8724
186.103.159.189 - - [29/Oct/2021:09:22:20 -0300] "GET /cormun/static/about:blank HTTP/1.1" 404 1011
186.103.159.189 - - [29/Oct/2021:09:22:21 -0300] "GET /cormun/servlet/permisosadjuntos?INS,9106330,P,20211027123254,, HTTP/1.1" 200 5620
186.67.172.234 - - [29/Oct/2021:09:22:47 -0300] "GET /cormun/servlet/permisogoce?4780df3098f7cc962b983b4f9fc154ed682f6b69213dc77b53fab28c576e3d1ed3f2fb782514fb4c303f3298d9f1b072d2144351384b63d5917fb547a01cedf7,gx-no-cache=1635509467220 HTTP/1.1" 200 81
186.67.172.234 - - [29/Oct/2021:09:22:50 -0300] "GET /cormun/static/menuarrow.gif HTTP/1.1" 404 1015
186.67.172.234 - - [29/Oct/2021:09:22:57 -0300] "GET /cormun/servlet/permisogoce?4780df3098f7cc962b983b4f9fc154ed1e03f4a38f011778fb70f1c62b0c512b0f1ed151ad4ca9425efae5610445cc87afdb7007de51d8fbf051b8e2734f32bd,gx-no-cache=1635509477476 HTTP/1.1" 200 46
186.67.172.234 - - [29/Oct/2021:09:23:30 -0300] "POST /cormun/servlet/permisogoce?021a8be5532212d48286380637d3f579,INS,0,,,,gx-no-cache=1635509509854 HTTP/1.1" 200 93
186.67.172.234 - - [29/Oct/2021:09:23:30 -0300] "GET /cormun/servlet/hpexe_return? HTTP/1.1" 200 1003
186.67.172.234 - - [29/Oct/2021:09:23:30 -0300] "GET /cormun/servlet/trpermisosgoce HTTP/1.1" 200 16575
186.67.172.234 - - [29/Oct/2021:09:23:31 -0300] "GET /cormun/servlet/trpermisosgoce HTTP/1.1" 200 16555
186.103.159.189 - - [29/Oct/2021:09:23:54 -0300] "POST /cormun/servlet/permisosadjuntos?af808d3011c9ffa827b41692829c66c3,INS,9106330,P,20211027123254,, HTTP/1.1" 200 116
186.103.159.189 - - [29/Oct/2021:09:23:55 -0300] "GET /cormun/servlet/hpexe_return? HTTP/1.1" 200 1037
186.103.159.189 - - [29/Oct/2021:09:23:56 -0300] "GET /cormun/servlet/trpermisosadjuntos?9106330,20211027123254,P, HTTP/1.1" 200 6788
186.103.159.189 - - [29/Oct/2021:09:23:58 -0300] "GET /cormun/servlet/trpermisosadjuntos?9106330,20211027123254,P, HTTP/1.1" 200 6783
186.67.172.234 - - [29/Oct/2021:09:24:14 -0300] "GET /cormun/servlet/trpermisosadjuntos?13427858,20211029090812,P, HTTP/1.1" 200 6682
186.67.172.234 - - [29/Oct/2021:09:24:14 -0300] "GET /cormun/servlet/trpermisosadjuntos?13427858,20211029090812,P, HTTP/1.1" 200 6682
186.67.172.234 - - [29/Oct/2021:09:24:16 -0300] "GET /cormun/servlet/permisosadjuntos?INS,13427858,P,20211029090812,, HTTP/1.1" 200 6006
186.67.172.234 - - [29/Oct/2021:09:24:16 -0300] "GET /cormun/static/about:blank HTTP/1.1" 404 1011
186.67.172.234 - - [29/Oct/2021:09:24:16 -0300] "GET /cormun/servlet/permisosadjuntos?INS,13427858,P,20211029090812,, HTTP/1.1" 200 5996
186.67.172.234 - - [29/Oct/2021:09:24:51 -0300] "POST /cormun/servlet/permisosadjuntos?021a8be5532212d48286380637d3f579,INS,13427858,P,20211029090812,, HTTP/1.1" 200 116
186.67.172.234 - - [29/Oct/2021:09:24:51 -0300] "GET /cormun/servlet/hpexe_return? HTTP/1.1" 200 1033
186.67.172.234 - - [29/Oct/2021:09:24:51 -0300] "GET /cormun/servlet/trpermisosadjuntos?13427858,20211029090812,P, HTTP/1.1" 200 7216
186.67.172.234 - - [29/Oct/2021:09:24:51 -0300] "GET /cormun/servlet/trpermisosadjuntos?13427858,20211029090812,P, HTTP/1.1" 200 7212
186.67.172.234 - - [29/Oct/2021:09:24:56 -0300] "POST /cormun/servlet/trpermisosadjuntos?021a8be5532212d48286380637d3f579,13427858,20211029090812,P,,gx-no-cache=1635509596002 HTTP/1.1" 200 90
186.67.172.234 - - [29/Oct/2021:09:24:56 -0300] "GET /cormun/servlet/hpexe_link HTTP/1.1" 200 978
186.67.172.234 - - [29/Oct/2021:09:24:56 -0300] "GET /cormun/servlet/trpermisosgoce HTTP/1.1" 200 16557
186.67.172.234 - - [29/Oct/2021:09:24:56 -0300] "GET /cormun/servlet/trpermisosgoce HTTP/1.1" 200 16571
186.67.172.234 - - [29/Oct/2021:09:25:03 -0300] "GET /cormun/servlet/permisogoce?INS,0,,, HTTP/1.1" 200 7257
186.67.172.234 - - [29/Oct/2021:09:25:03 -0300] "GET /cormun/servlet/permisogoce?INS,0,,, HTTP/1.1" 200 7257
186.67.172.234 - - [29/Oct/2021:09:25:11 -0300] "GET /cormun/servlet/permisogoce?4780df3098f7cc962b983b4f9fc154eda084ed9f10b8daf1e423455851d63867d3f2fb782514fb4c303f3298d9f1b072d2144351384b63d5917fb547a01cedf7,gx-no-cache=1635509610841 HTTP/1.1" 200 82
186.67.172.234 - - [29/Oct/2021:09:25:21 -0300] "GET /cormun/servlet/permisogoce?4780df3098f7cc962b983b4f9fc154ed38389de5404ec444a9f53eaeb7f0ba5e261cdb351730f976d94ed89434aeb8faafdb7007de51d8fbf051b8e2734f32bd,gx-no-cache=1635509621092 HTTP/1.1" 200 46
186.67.172.234 - - [29/Oct/2021:09:25:30 -0300] "POST /cormun/servlet/permisogoce?021a8be5532212d48286380637d3f579,INS,0,,,,gx-no-cache=1635509629664 HTTP/1.1" 200 93
186.67.172.234 - - [29/Oct/2021:09:25:30 -0300] "GET /cormun/servlet/hpexe_return? HTTP/1.1" 200 1003
186.67.172.234 - - [29/Oct/2021:09:25:31 -0300] "GET /cormun/servlet/trpermisosgoce HTTP/1.1" 200 16801
186.67.172.234 - - [29/Oct/2021:09:25:31 -0300] "GET /cormun/servlet/trpermisosgoce HTTP/1.1" 200 16797
186.67.172.234 - - [29/Oct/2021:09:25:59 -0300] "GET /cormun/servlet/trpermisosadjuntos?11553434,20211029091104,P, HTTP/1.1" 200 6680
186.67.172.234 - - [29/Oct/2021:09:25:59 -0300] "GET /cormun/servlet/trpermisosadjuntos?11553434,20211029091104,P, HTTP/1.1" 200 6681
186.67.172.234 - - [29/Oct/2021:09:26:00 -0300] "GET /cormun/servlet/permisosadjuntos?INS,11553434,P,20211029091104,, HTTP/1.1" 200 6006
186.67.172.234 - - [29/Oct/2021:09:26:01 -0300] "GET /cormun/static/about:blank HTTP/1.1" 404 1011
186.67.172.234 - - [29/Oct/2021:09:26:01 -0300] "GET /cormun/servlet/permisosadjuntos?INS,11553434,P,20211029091104,, HTTP/1.1" 200 5996
190.171.141.138 - - [29/Oct/2021:09:26:14 -0300] "GET /cormun/servlet/permisogoce?INS,0,,, HTTP/1.1" 200 7374
186.67.172.234 - - [29/Oct/2021:09:26:15 -0300] "POST /cormun/servlet/permisosadjuntos?021a8be5532212d48286380637d3f579,INS,11553434,P,20211029091104,, HTTP/1.1" 200 116
186.67.172.234 - - [29/Oct/2021:09:26:15 -0300] "GET /cormun/servlet/hpexe_return? HTTP/1.1" 200 1032
186.67.172.234 - - [29/Oct/2021:09:26:15 -0300] "GET /cormun/servlet/trpermisosadjuntos?11553434,20211029091104,P, HTTP/1.1" 200 7201
186.67.172.234 - - [29/Oct/2021:09:26:15 -0300] "GET /cormun/servlet/trpermisosadjuntos?11553434,20211029091104,P, HTTP/1.1" 200 7198
190.171.141.138 - - [29/Oct/2021:09:26:16 -0300] "GET /cormun/servlet/permisogoce?INS,0,,, HTTP/1.1" 200 7375
186.67.172.234 - - [29/Oct/2021:09:26:17 -0300] "POST /cormun/servlet/trpermisosadjuntos?021a8be5532212d48286380637d3f579,11553434,20211029091104,P,,gx-no-cache=1635509677119 HTTP/1.1" 200 90
186.67.172.234 - - [29/Oct/2021:09:26:17 -0300] "GET /cormun/servlet/hpexe_link HTTP/1.1" 200 978
186.67.172.234 - - [29/Oct/2021:09:26:17 -0300] "GET /cormun/servlet/trpermisosgoce HTTP/1.1" 200 16798
186.67.172.234 - - [29/Oct/2021:09:26:18 -0300] "GET /cormun/servlet/trpermisosgoce HTTP/1.1" 200 16793
186.67.172.234 - - [29/Oct/2021:09:26:23 -0300] "GET /cormun/servlet/permisogoce?INS,0,,, HTTP/1.1" 200 7257
186.67.172.234 - - [29/Oct/2021:09:26:23 -0300] "GET /cormun/servlet/permisogoce?INS,0,,, HTTP/1.1" 200 7257
190.171.141.138 - - [29/Oct/2021:09:26:25 -0300] "GET /cormun/static/Resources/resize.gif HTTP/1.1" 200 77
190.171.141.138 - - [29/Oct/2021:09:26:25 -0300] "GET /cormun/static/Resources/PXTools/ClosePrompt.png HTTP/1.1" 200 1036
190.171.141.138 - - [29/Oct/2021:09:26:26 -0300] "GET /cormun/servlet/prfichaempleado?,MD,,gxPopupLevel%3D0%3B HTTP/1.1" 200 9527
190.171.141.138 - - [29/Oct/2021:09:26:26 -0300] "GET /cormun/static/gxcfg.js?20201215571085 HTTP/1.1" 200 953
190.171.141.138 - - [29/Oct/2021:09:26:26 -0300] "GET /cormun/static/prfichaempleado.js?20201215572193 HTTP/1.1" 200 16006
190.171.141.138 - - [29/Oct/2021:09:26:26 -0300] "GET /cormun/static/menusearch.js?20201214473581 HTTP/1.1" 200 1424
190.171.141.138 - - [29/Oct/2021:09:26:26 -0300] "GET /cormun/static/hmpwkw011.js?20201215495555 HTTP/1.1" 200 1968
190.171.141.138 - - [29/Oct/2021:09:26:26 -0300] "GET /cormun/static/Resources/PXToolsMenuSearch.png HTTP/1.1" 200 336
190.171.141.138 - - [29/Oct/2021:09:26:26 -0300] "GET /cormun/static/Resources/PXToolsMenuSearchCancel.png HTTP/1.1" 200 306
190.171.141.138 - - [29/Oct/2021:09:26:43 -0300] "POST /cormun/servlet/prfichaempleado?e71fbd9724815454fae3968eb2cd3345,,MD,,gxPopupLevel%3D0%3B,gx-no-cache=1635509704937 HTTP/1.1" 200 4588
190.171.141.138 - - [29/Oct/2021:09:26:51 -0300] "GET /cormun/servlet/permisogoce?b6c49c0741fed9cdbb88eb21342343cdc0151d6f83fd54b0fd724dca13c26adf039bdbe38522b05ef96e4f4d18d2be7812d313e6684d4d9f1ff60c3fa20c201e,gx-no-cache=1635509713099 HTTP/1.1" 200 81
190.171.141.138 - - [29/Oct/2021:09:26:51 -0300] "GET /cormun/static/menuarrow.gif HTTP/1.1" 404 1015
190.171.141.138 - - [29/Oct/2021:09:26:57 -0300] "GET /cormun/servlet/permisogoce?b6c49c0741fed9cdbb88eb21342343cdcb3bd42b145a7726fc7ba873140dcb0cbf7690e698fe3d4d2ccbd1e31a1492426441572ff23d2a258c2e64dc9c2f8d10,gx-no-cache=1635509719332 HTTP/1.1" 200 47
186.67.172.234 - - [29/Oct/2021:09:26:58 -0300] "GET /cormun/servlet/permisogoce?4780df3098f7cc962b983b4f9fc154edb3a0440cf33f44042e73145f4d2ab83a8d27c865b0af2a8dad28c3f890a4b0343d4f8e4dd1c054590e9f2e5140520fa3,gx-no-cache=1635509718367 HTTP/1.1" 200 80
190.171.152.234 - - [29/Oct/2021:09:27:02 -0300] "POST /cormun/servlet/solicitudotadjuntos?gx-no-cache=1635509724063 HTTP/1.1" 200 26
190.171.141.138 - - [29/Oct/2021:09:27:04 -0300] "POST /cormun/servlet/permisogoce?e71fbd9724815454fae3968eb2cd3345,INS,0,,,,gx-no-cache=1635509726190 HTTP/1.1" 200 93
190.171.141.138 - - [29/Oct/2021:09:27:05 -0300] "GET /cormun/servlet/hpexe_return? HTTP/1.1" 200 1016
190.171.141.138 - - [29/Oct/2021:09:27:05 -0300] "GET /cormun/servlet/trpermisosgoce? HTTP/1.1" 200 14628
190.171.141.138 - - [29/Oct/2021:09:27:06 -0300] "GET /cormun/servlet/trpermisosgoce? HTTP/1.1" 200 14629
190.171.141.138 - - [29/Oct/2021:09:27:09 -0300] "GET /cormun/servlet/apermisogoceprn?10610306,P,20211029091214,PU HTTP/1.1" 200 1653
190.171.152.234 - - [29/Oct/2021:09:27:14 -0300] "GET /cormun/servlet/solicitudotadjuntos?e47b434cd84b6c328d4975abfa34daea00fede672659487733778a2ff0bffdbc83ee57df3f003dbe73d124bc70ec5587,gx-no-cache=1635509736172 HTTP/1.1" 200 30
190.171.152.234 - - [29/Oct/2021:09:27:14 -0300] "GET /cormun/servlet/solicitudotadjuntos?e47b434cd84b6c328d4975abfa34daea00fede672659487733778a2ff0bffdbc83ee57df3f003dbe73d124bc70ec5587,gx-no-cache=1635509736186 HTTP/1.1" 200 30
190.171.152.234 - - [29/Oct/2021:09:27:14 -0300] "POST /cormun/servlet/solicitudotadjuntos?9a6f1785c92e87c60ceff7eaaef468a3,INS,2021,17735,,1, HTTP/1.1" 200 116
190.171.152.234 - - [29/Oct/2021:09:27:14 -0300] "GET /cormun/servlet/hpexe_return? HTTP/1.1" 200 1029
190.171.152.234 - - [29/Oct/2021:09:27:14 -0300] "GET /cormun/servlet/trsolicitudadjuntos?2021,17735, HTTP/1.1" 200 9644
190.171.152.234 - - [29/Oct/2021:09:27:15 -0300] "GET /cormun/servlet/trsolicitudadjuntos?2021,17735, HTTP/1.1" 200 9641
200.54.237.82 - - [29/Oct/2021:09:27:16 -0300] "GET /cormun/servlet/trcontratounov2? HTTP/1.1" 200 17227
200.54.237.82 - - [29/Oct/2021:09:27:17 -0300] "GET /cormun/servlet/trcontratounov2? HTTP/1.1" 200 17244
186.67.172.234 - - [29/Oct/2021:09:27:19 -0300] "GET /cormun/servlet/permisogoce?4780df3098f7cc962b983b4f9fc154ed72426f764dabc2858e99d8dab6e767cfe29d895d525de470afef4bd91dd0f275c77c025e699b9d6bfef03964eefdf2bd,gx-no-cache=1635509739068 HTTP/1.1" 200 46
200.54.237.82 - - [29/Oct/2021:09:27:21 -0300] "GET /cormun/servlet/trbonoreemplazo? HTTP/1.1" 500 10
190.171.152.234 - - [29/Oct/2021:09:27:25 -0300] "GET /cormun/servlet/solicitudotadjuntos?DLT,2021,17735,CERTIF3,0, HTTP/1.1" 200 6287
190.171.152.234 - - [29/Oct/2021:09:27:25 -0300] "GET /cormun/PublicTempStorage/afiliacion_afp1978569.pdf HTTP/1.1" 200 78720
190.171.152.234 - - [29/Oct/2021:09:27:25 -0300] "GET /cormun/static/Shared/jqueryui/images/ui-bg_highlight-soft_100_c6c2c8_1x100.png HTTP/1.1" 404 1117
190.171.152.234 - - [29/Oct/2021:09:27:25 -0300] "GET /cormun/static/Shared/jqueryui/images/ui-icons_82798d_256x240.png HTTP/1.1" 404 1089
190.171.152.234 - - [29/Oct/2021:09:27:25 -0300] "GET /cormun/static/Shared/jqueryui/images/ui-bg_flat_55_fafafa_40x100.png HTTP/1.1" 404 1097
190.171.152.234 - - [29/Oct/2021:09:27:25 -0300] "GET /cormun/static/Shared/jqueryui/images/ui-icons_8d78a5_256x240.png HTTP/1.1" 404 1089
190.171.152.234 - - [29/Oct/2021:09:27:25 -0300] "GET /cormun/servlet/solicitudotadjuntos?DLT,2021,17735,CERTIF3,0, HTTP/1.1" 200 6280
200.54.237.82 - - [29/Oct/2021:09:27:30 -0300] "GET /cormun/servlet/trbonoreemplazo? HTTP/1.1" 500 10
200.54.237.82 - - [29/Oct/2021:09:27:30 -0300] "GET /cormun/servlet/trbonoreemplazo? HTTP/1.1" 500 10
186.67.172.234 - - [29/Oct/2021:09:27:38 -0300] "POST /cormun/servlet/permisogoce?021a8be5532212d48286380637d3f579,INS,0,,,,gx-no-cache=1635509757839 HTTP/1.1" 200 93
186.67.172.234 - - [29/Oct/2021:09:27:38 -0300] "GET /cormun/servlet/hpexe_return? HTTP/1.1" 200 1003
200.54.237.82 - - [29/Oct/2021:09:27:38 -0300] "GET /cormun/servlet/trcontratounov2? HTTP/1.1" 200 17233
186.67.172.234 - - [29/Oct/2021:09:27:38 -0300] "GET /cormun/servlet/trpermisosgoce HTTP/1.1" 200 16988
186.67.172.234 - - [29/Oct/2021:09:27:39 -0300] "GET /cormun/servlet/trpermisosgoce HTTP/1.1" 200 16990
200.54.237.82 - - [29/Oct/2021:09:27:39 -0300] "GET /cormun/servlet/trcontratounov2? HTTP/1.1" 200 17236
190.171.152.234 - - [29/Oct/2021:09:27:39 -0300] "GET /cormun/servlet/trsolicitudot? HTTP/1.1" 200 8963
190.171.152.234 - - [29/Oct/2021:09:27:40 -0300] "GET /cormun/servlet/trsolicitudot? HTTP/1.1" 200 8942
190.171.152.234 - - [29/Oct/2021:09:27:43 -0300] "POST /cormun/servlet/trsolicitudot?9a6f1785c92e87c60ceff7eaaef468a3,,gx-no-cache=1635509764576 HTTP/1.1" 200 107
190.171.152.234 - - [29/Oct/2021:09:27:43 -0300] "GET /cormun/servlet/trsolicitudadjuntos?2021,17735, HTTP/1.1" 200 9638
190.171.152.234 - - [29/Oct/2021:09:27:43 -0300] "GET /cormun/servlet/trsolicitudadjuntos?2021,17735, HTTP/1.1" 200 9640
186.67.172.234 - - [29/Oct/2021:09:27:44 -0300] "GET /cormun/servlet/trpermisosadjuntos?8302684,20211029091223,P, HTTP/1.1" 200 6681
186.67.172.234 - - [29/Oct/2021:09:27:44 -0300] "GET /cormun/servlet/trpermisosadjuntos?8302684,20211029091223,P, HTTP/1.1" 200 6681
186.67.172.234 - - [29/Oct/2021:09:27:46 -0300] "GET /cormun/servlet/permisosadjuntos?INS,8302684,P,20211029091223,, HTTP/1.1" 200 6005
186.67.172.234 - - [29/Oct/2021:09:27:46 -0300] "GET /cormun/static/about:blank HTTP/1.1" 404 1011
186.67.172.234 - - [29/Oct/2021:09:27:46 -0300] "GET /cormun/servlet/permisosadjuntos?INS,8302684,P,20211029091223,, HTTP/1.1" 200 5995
200.54.237.82 - - [29/Oct/2021:09:27:50 -0300] "GET /cormun/servlet/trbonoreemplazoaut? HTTP/1.1" 500 10
190.171.152.234 - - [29/Oct/2021:09:27:53 -0300] "GET /cormun/PublicTempStorage/afiliacion_afp8092910.pdf HTTP/1.1" 200 78720
200.54.237.82 - - [29/Oct/2021:09:27:57 -0300] "GET /cormun/servlet/trcontratounov2? HTTP/1.1" 200 17218
200.54.237.82 - - [29/Oct/2021:09:27:57 -0300] "GET /cormun/servlet/trcontratounov2? HTTP/1.1" 200 17231
190.171.152.234 - - [29/Oct/2021:09:27:58 -0300] "GET /cormun/servlet/trsolicitudadjuntos?2021,17735, HTTP/1.1" 200 9639
190.171.152.234 - - [29/Oct/2021:09:27:58 -0300] "GET /cormun/servlet/trsolicitudadjuntos?2021,17735, HTTP/1.1" 200 9642
186.67.172.234 - - [29/Oct/2021:09:27:59 -0300] "POST /cormun/servlet/permisosadjuntos?021a8be5532212d48286380637d3f579,INS,8302684,P,20211029091223,, HTTP/1.1" 200 116
186.67.172.234 - - [29/Oct/2021:09:27:59 -0300] "GET /cormun/servlet/hpexe_return? HTTP/1.1" 200 1031
186.67.172.234 - - [29/Oct/2021:09:27:59 -0300] "GET /cormun/servlet/trpermisosadjuntos?8302684,20211029091223,P, HTTP/1.1" 200 7230
186.67.172.234 - - [29/Oct/2021:09:27:59 -0300] "GET /cormun/servlet/trpermisosadjuntos?8302684,20211029091223,P, HTTP/1.1" 200 7227
200.54.237.82 - - [29/Oct/2021:09:28:01 -0300] "GET /cormun/servlet/trlicencias? HTTP/1.1" 200 9679
200.54.237.82 - - [29/Oct/2021:09:28:01 -0300] "GET /cormun/servlet/trlicencias? HTTP/1.1" 200 9678
186.67.172.234 - - [29/Oct/2021:09:28:02 -0300] "POST /cormun/servlet/trpermisosadjuntos?021a8be5532212d48286380637d3f579,8302684,20211029091223,P,,gx-no-cache=1635509781953 HTTP/1.1" 200 90
186.67.172.234 - - [29/Oct/2021:09:28:02 -0300] "GET /cormun/servlet/hpexe_link HTTP/1.1" 200 976
186.67.172.234 - - [29/Oct/2021:09:28:02 -0300] "GET /cormun/servlet/trpermisosgoce HTTP/1.1" 200 16979
186.67.172.234 - - [29/Oct/2021:09:28:03 -0300] "GET /cormun/servlet/trpermisosgoce HTTP/1.1" 200 16977
190.171.152.234 - - [29/Oct/2021:09:28:04 -0300] "GET /cormun/servlet/solicitudotadjuntos?DLT,2021,17735,CERTIF3,0, HTTP/1.1" 200 6287
190.171.152.234 - - [29/Oct/2021:09:28:04 -0300] "GET /cormun/static/Shared/jqueryui/images/ui-bg_highlight-soft_100_c6c2c8_1x100.png HTTP/1.1" 404 1117
190.171.152.234 - - [29/Oct/2021:09:28:04 -0300] "GET /cormun/static/Shared/jqueryui/images/ui-icons_82798d_256x240.png HTTP/1.1" 404 1089
190.171.152.234 - - [29/Oct/2021:09:28:04 -0300] "GET /cormun/static/Shared/jqueryui/images/ui-bg_flat_55_fafafa_40x100.png HTTP/1.1" 404 1097
190.171.152.234 - - [29/Oct/2021:09:28:04 -0300] "GET /cormun/static/Shared/jqueryui/images/ui-icons_8d78a5_256x240.png HTTP/1.1" 404 1089
190.171.152.234 - - [29/Oct/2021:09:28:04 -0300] "GET /cormun/PublicTempStorage/afiliacion_afp7982933.pdf HTTP/1.1" 200 78720
190.171.152.234 - - [29/Oct/2021:09:28:04 -0300] "GET /cormun/servlet/solicitudotadjuntos?DLT,2021,17735,CERTIF3,0, HTTP/1.1" 200 6279
