186.103.156.166 - - [26/Oct/2021:10:31:47 -0300] "GET /cormun/servlet/trpermisosgoce? HTTP/1.1" 200 10398
186.103.156.166 - - [26/Oct/2021:10:31:58 -0300] "GET /cormun/servlet/hlogin HTTP/1.1" 200 1748
192.168.10.96 - - [26/Oct/2021:10:32:43 -0300] "GET /cormun/servlet/trsolicitudgral? HTTP/1.1" 200 10472
192.168.10.96 - - [26/Oct/2021:10:32:43 -0300] "GET /cormun/servlet/trsolicitudgral? HTTP/1.1" 200 10472
192.168.10.96 - - [26/Oct/2021:10:32:47 -0300] "POST /cormun/servlet/trsolicitudgral?ffc22c049923c98ccbc84f523480dbcc,,gx-no-cache=1635254328011 HTTP/1.1" 200 7477
192.168.10.96 - - [26/Oct/2021:10:32:53 -0300] "POST /cormun/servlet/trsolicitudgral?ffc22c049923c98ccbc84f523480dbcc,,gx-no-cache=1635254333501 HTTP/1.1" 200 27375
192.168.10.96 - - [26/Oct/2021:10:32:56 -0300] "POST /cormun/servlet/trsolicitudgral?ffc22c049923c98ccbc84f523480dbcc,,gx-no-cache=1635254336649 HTTP/1.1" 200 13764
192.168.10.96 - - [26/Oct/2021:10:33:06 -0300] "POST /cormun/servlet/trsolicitudgral?ffc22c049923c98ccbc84f523480dbcc,,gx-no-cache=1635254346255 HTTP/1.1" 200 27376
192.168.10.96 - - [26/Oct/2021:10:33:16 -0300] "POST /cormun/servlet/trsolicitudgral?ffc22c049923c98ccbc84f523480dbcc,,gx-no-cache=1635254356600 HTTP/1.1" 200 27377
192.168.10.96 - - [26/Oct/2021:10:33:21 -0300] "POST /cormun/servlet/trsolicitudgral?ffc22c049923c98ccbc84f523480dbcc,,gx-no-cache=1635254361527 HTTP/1.1" 200 11190
192.168.10.78 - - [26/Oct/2021:10:33:22 -0300] "GET /cormun/servlet/vesolicitudgral?2021,17642,,SolicitudOTAdjuntos HTTP/1.1" 200 10884
192.168.10.78 - - [26/Oct/2021:10:33:22 -0300] "GET /cormun/servlet/vesolicitudgral?2021,17642,,SolicitudOTAdjuntos HTTP/1.1" 200 10882
192.168.10.78 - - [26/Oct/2021:10:33:23 -0300] "POST /cormun/servlet/acontrolpreferencessavestate?None,RRHH+CATALINA+CACERES,true HTTP/1.1" 200 35
192.168.10.78 - - [26/Oct/2021:10:33:41 -0300] "GET /cormun/PublicTempStorage/marianela_torrealba_aguilera_%28licencia_%295538976.pdf HTTP/1.1" 200 477209
192.168.10.96 - - [26/Oct/2021:10:33:43 -0300] "GET /cormun/servlet/vesolicitudgral?2021,17602,, HTTP/1.1" 200 8431
192.168.10.96 - - [26/Oct/2021:10:33:43 -0300] "GET /cormun/pexe_scrolldiv.js HTTP/1.1" 404 1009
192.168.10.96 - - [26/Oct/2021:10:33:43 -0300] "GET /cormun/pexe_scrolldiv.js HTTP/1.1" 404 1009
192.168.10.96 - - [26/Oct/2021:10:33:44 -0300] "GET /cormun/servlet/vesolicitudgral?2021,17602,, HTTP/1.1" 200 8430
192.168.10.78 - - [26/Oct/2021:10:34:10 -0300] "GET /cormun/servlet/vesolicitudgral?2021,17642,,SolicitudOTAdjuntos HTTP/1.1" 200 10884
192.168.10.78 - - [26/Oct/2021:10:34:11 -0300] "GET /cormun/servlet/vesolicitudgral?2021,17642,,SolicitudOTAdjuntos HTTP/1.1" 200 10887
192.168.10.78 - - [26/Oct/2021:10:34:12 -0300] "POST /cormun/servlet/acontrolpreferencessavestate?None,RRHH+CATALINA+CACERES,true HTTP/1.1" 200 35
192.168.10.78 - - [26/Oct/2021:10:34:12 -0300] "GET /cormun/servlet/vesolicitudgral?2021,17642,,General HTTP/1.1" 200 8393
192.168.10.78 - - [26/Oct/2021:10:34:12 -0300] "GET /cormun/pexe_scrolldiv.js HTTP/1.1" 404 1009
192.168.10.78 - - [26/Oct/2021:10:34:12 -0300] "GET /cormun/pexe_scrolldiv.js HTTP/1.1" 404 1009
192.168.10.78 - - [26/Oct/2021:10:34:13 -0300] "GET /cormun/servlet/vesolicitudgral?2021,17642,,General HTTP/1.1" 200 8392
192.168.10.78 - - [26/Oct/2021:10:34:15 -0300] "GET /cormun/servlet/vesolicitudgral?2021,17642,,SolicitudOTAdjuntos HTTP/1.1" 200 10884
192.168.10.78 - - [26/Oct/2021:10:34:15 -0300] "GET /cormun/pexe_scrolldiv.js HTTP/1.1" 404 1009
192.168.10.78 - - [26/Oct/2021:10:34:15 -0300] "GET /cormun/pexe_scrolldiv.js HTTP/1.1" 404 1009
192.168.10.78 - - [26/Oct/2021:10:34:15 -0300] "GET /cormun/servlet/vesolicitudgral?2021,17642,,SolicitudOTAdjuntos HTTP/1.1" 200 10880
192.168.10.78 - - [26/Oct/2021:10:34:16 -0300] "POST /cormun/servlet/acontrolpreferencessavestate?None,RRHH+CATALINA+CACERES,true HTTP/1.1" 200 35
192.168.10.78 - - [26/Oct/2021:10:34:17 -0300] "GET /cormun/PublicTempStorage/marianela_torrealba_aguilera_%28afp%292011126.pdf HTTP/1.1" 200 1326171
190.171.144.234 - - [26/Oct/2021:10:34:33 -0300] "GET /cormun/servlet/hlogin HTTP/1.1" 200 1726
192.168.10.78 - - [26/Oct/2021:10:34:34 -0300] "GET /cormun/servlet/vesolicitudgral?2021,17642,,SolicitudOTAdjuntos HTTP/1.1" 200 10884
192.168.10.78 - - [26/Oct/2021:10:34:34 -0300] "GET /cormun/servlet/vesolicitudgral?2021,17642,,SolicitudOTAdjuntos HTTP/1.1" 200 10882
192.168.10.78 - - [26/Oct/2021:10:34:35 -0300] "POST /cormun/servlet/acontrolpreferencessavestate?None,RRHH+CATALINA+CACERES,true HTTP/1.1" 200 35
192.168.10.96 - - [26/Oct/2021:10:34:35 -0300] "POST /cormun/servlet/vesolicitudgral?ffc22c049923c98ccbc84f523480dbcc,2021,17602,,,gx-no-cache=1635254436622 HTTP/1.1" 200 12041
192.168.10.96 - - [26/Oct/2021:10:34:35 -0300] "GET /cormun/static/Shared/jqueryui/images/ui-bg_highlight-soft_100_c6c2c8_1x100.png HTTP/1.1" 404 1117
192.168.10.96 - - [26/Oct/2021:10:34:35 -0300] "GET /cormun/static/Shared/jqueryui/images/ui-icons_82798d_256x240.png HTTP/1.1" 404 1089
192.168.10.96 - - [26/Oct/2021:10:34:35 -0300] "GET /cormun/static/Shared/jqueryui/images/ui-bg_flat_55_fafafa_40x100.png HTTP/1.1" 404 1097
192.168.10.96 - - [26/Oct/2021:10:34:35 -0300] "GET /cormun/static/Shared/jqueryui/images/ui-icons_8d78a5_256x240.png HTTP/1.1" 404 1089
192.168.10.96 - - [26/Oct/2021:10:34:36 -0300] "POST /cormun/servlet/vesolicitudgral?ffc22c049923c98ccbc84f523480dbcc,2021,17602,,,gx-no-cache=1635254436808 HTTP/1.1" 200 11975
192.168.10.78 - - [26/Oct/2021:10:34:36 -0300] "GET /cormun/PublicTempStorage/marianela_torrealba_aguilera_%28fonasa%296634504.pdf HTTP/1.1" 200 453043
192.168.10.96 - - [26/Oct/2021:10:34:37 -0300] "GET /cormun/servlet/trsolicitudgral? HTTP/1.1" 200 14103
192.168.10.96 - - [26/Oct/2021:10:34:38 -0300] "GET /cormun/servlet/trsolicitudgral? HTTP/1.1" 200 14099
190.171.144.234 - - [26/Oct/2021:10:34:43 -0300] "POST /cormun/servlet/hlogin?fa18637606ffab078b0d664e0c847572,gx-no-cache=1635254583957 HTTP/1.1" 200 90
190.171.144.234 - - [26/Oct/2021:10:34:43 -0300] "GET /cormun/servlet/hpexe_link HTTP/1.1" 200 957
190.171.144.234 - - [26/Oct/2021:10:34:44 -0300] "GET /cormun/servlet/trpermisosgoce HTTP/1.1" 200 9811
192.168.10.96 - - [26/Oct/2021:10:34:44 -0300] "GET /cormun/servlet/vesolicitudgral?2021,17603,, HTTP/1.1" 200 8407
192.168.10.96 - - [26/Oct/2021:10:34:44 -0300] "GET /cormun/pexe_scrolldiv.js HTTP/1.1" 404 1009
190.171.144.234 - - [26/Oct/2021:10:34:44 -0300] "GET /cormun/servlet/trpermisosgoce HTTP/1.1" 200 9809
192.168.10.96 - - [26/Oct/2021:10:34:44 -0300] "GET /cormun/servlet/vesolicitudgral?2021,17603,, HTTP/1.1" 200 8407
192.168.10.96 - - [26/Oct/2021:10:34:48 -0300] "POST /cormun/servlet/vesolicitudgral?ffc22c049923c98ccbc84f523480dbcc,2021,17603,,,gx-no-cache=1635254449595 HTTP/1.1" 200 12022
192.168.10.96 - - [26/Oct/2021:10:34:48 -0300] "GET /cormun/static/Shared/jqueryui/images/ui-bg_highlight-soft_100_c6c2c8_1x100.png HTTP/1.1" 404 1117
192.168.10.96 - - [26/Oct/2021:10:34:48 -0300] "GET /cormun/static/Shared/jqueryui/images/ui-icons_82798d_256x240.png HTTP/1.1" 404 1089
192.168.10.96 - - [26/Oct/2021:10:34:48 -0300] "GET /cormun/static/Shared/jqueryui/images/ui-bg_flat_55_fafafa_40x100.png HTTP/1.1" 404 1097
192.168.10.96 - - [26/Oct/2021:10:34:48 -0300] "GET /cormun/static/Shared/jqueryui/images/ui-icons_8d78a5_256x240.png HTTP/1.1" 404 1089
192.168.10.96 - - [26/Oct/2021:10:34:49 -0300] "POST /cormun/servlet/vesolicitudgral?ffc22c049923c98ccbc84f523480dbcc,2021,17603,,,gx-no-cache=1635254449781 HTTP/1.1" 200 11955
192.168.10.96 - - [26/Oct/2021:10:34:51 -0300] "POST /cormun/servlet/vesolicitudgral?ffc22c049923c98ccbc84f523480dbcc,2021,17603,,,gx-no-cache=1635254451817 HTTP/1.1" 200 90
192.168.10.96 - - [26/Oct/2021:10:34:51 -0300] "GET /cormun/servlet/hpexe_link HTTP/1.1" 200 971
192.168.10.96 - - [26/Oct/2021:10:34:51 -0300] "GET /cormun/servlet/trsolicitudgral HTTP/1.1" 200 13797
192.168.10.96 - - [26/Oct/2021:10:34:52 -0300] "GET /cormun/servlet/trsolicitudgral HTTP/1.1" 200 13796
192.168.10.96 - - [26/Oct/2021:10:34:53 -0300] "GET /cormun/servlet/vesolicitudgral?2021,17604,, HTTP/1.1" 200 8409
192.168.10.96 - - [26/Oct/2021:10:34:53 -0300] "GET /cormun/pexe_scrolldiv.js HTTP/1.1" 404 1009
192.168.10.96 - - [26/Oct/2021:10:34:53 -0300] "GET /cormun/pexe_scrolldiv.js HTTP/1.1" 404 1009
192.168.10.96 - - [26/Oct/2021:10:34:54 -0300] "GET /cormun/servlet/vesolicitudgral?2021,17604,, HTTP/1.1" 200 8408
192.168.10.96 - - [26/Oct/2021:10:34:55 -0300] "POST /cormun/servlet/vesolicitudgral?ffc22c049923c98ccbc84f523480dbcc,2021,17604,,,gx-no-cache=1635254456377 HTTP/1.1" 200 12023
192.168.10.96 - - [26/Oct/2021:10:34:55 -0300] "GET /cormun/static/Shared/jqueryui/images/ui-icons_82798d_256x240.png HTTP/1.1" 404 1089
192.168.10.96 - - [26/Oct/2021:10:34:55 -0300] "GET /cormun/static/Shared/jqueryui/images/ui-bg_highlight-soft_100_c6c2c8_1x100.png HTTP/1.1" 404 1117
192.168.10.96 - - [26/Oct/2021:10:34:55 -0300] "GET /cormun/static/Shared/jqueryui/images/ui-icons_8d78a5_256x240.png HTTP/1.1" 404 1089
192.168.10.96 - - [26/Oct/2021:10:34:55 -0300] "GET /cormun/static/Shared/jqueryui/images/ui-bg_flat_55_fafafa_40x100.png HTTP/1.1" 404 1097
192.168.10.96 - - [26/Oct/2021:10:34:55 -0300] "POST /cormun/servlet/vesolicitudgral?ffc22c049923c98ccbc84f523480dbcc,2021,17604,,,gx-no-cache=1635254456553 HTTP/1.1" 200 11956
192.168.10.96 - - [26/Oct/2021:10:34:57 -0300] "GET /cormun/servlet/trautorizarot? HTTP/1.1" 200 10038
192.168.10.96 - - [26/Oct/2021:10:34:57 -0300] "GET /cormun/servlet/trautorizarot? HTTP/1.1" 200 10034
190.171.144.234 - - [26/Oct/2021:10:34:57 -0300] "GET /cormun/servlet/trlicencias? HTTP/1.1" 200 9842
190.171.144.234 - - [26/Oct/2021:10:34:58 -0300] "GET /cormun/servlet/trlicencias? HTTP/1.1" 200 9841
192.168.10.96 - - [26/Oct/2021:10:35:00 -0300] "POST /cormun/servlet/trautorizarot?ffc22c049923c98ccbc84f523480dbcc,,gx-no-cache=1635254461254 HTTP/1.1" 200 5359
192.168.10.78 - - [26/Oct/2021:10:35:13 -0300] "GET /cormun/servlet/vesolicitudgral?2021,17642,,SolicitudOTAdjuntos HTTP/1.1" 200 10882
192.168.10.78 - - [26/Oct/2021:10:35:14 -0300] "GET /cormun/servlet/vesolicitudgral?2021,17642,,SolicitudOTAdjuntos HTTP/1.1" 200 10882
192.168.10.78 - - [26/Oct/2021:10:35:14 -0300] "POST /cormun/servlet/acontrolpreferencessavestate?None,RRHH+CATALINA+CACERES,true HTTP/1.1" 200 35
190.171.149.90 - - [26/Oct/2021:10:35:18 -0300] "POST /cormun/servlet/solicitudot?gx-no-cache=1635254617699 HTTP/1.1" 200 1439
190.171.149.90 - - [26/Oct/2021:10:35:18 -0300] "POST /cormun/servlet/solicitudot?gx-no-cache=1635254618147 HTTP/1.1" 200 38
190.171.149.90 - - [26/Oct/2021:10:35:23 -0300] "GET /cormun/servlet/solicitudot?20433d69a0bd46005cb1f01f59fcd0822401a737d5dcbef5729c31bf3c6505923b906f16419f35b3b55ea908aad4cccf302e46c724a0fae2073da0f4ca257f05f14db2f09f3daa146118f06047f1b40a8745e53b750a9b881fc735bc1cf24bf1e64f14e5a759891719816f4890bf96d8,gx-no-cache=1635254623154 HTTP/1.1" 200 110
192.168.10.78 - - [26/Oct/2021:10:35:28 -0300] "GET /cormun/servlet/vesolicitudgral?2021,17642,,General HTTP/1.1" 200 8393
192.168.10.78 - - [26/Oct/2021:10:35:28 -0300] "GET /cormun/pexe_scrolldiv.js HTTP/1.1" 404 1009
192.168.10.78 - - [26/Oct/2021:10:35:28 -0300] "GET /cormun/pexe_scrolldiv.js HTTP/1.1" 404 1009
192.168.10.78 - - [26/Oct/2021:10:35:28 -0300] "GET /cormun/servlet/vesolicitudgral?2021,17642,,General HTTP/1.1" 200 8392
190.171.149.90 - - [26/Oct/2021:10:35:34 -0300] "POST /cormun/servlet/solicitudot?gx-no-cache=1635254634628 HTTP/1.1" 200 83
128.14.134.134 - - [26/Oct/2021:10:37:32 -0300] "GET / HTTP/1.1" 200 11217
190.171.141.90 - - [26/Oct/2021:10:38:32 -0300] "POST /cormun/servlet/hlogin?d4fb3b2fc5d6fde6f5fbb55aa7c5feaf,gx-no-cache=1635254811630 HTTP/1.1" 440 972
190.171.141.90 - - [26/Oct/2021:10:38:33 -0300] "GET /cormun/servlet/hlogin HTTP/1.1" 200 1731
192.168.10.96 - - [26/Oct/2021:10:38:38 -0300] "GET /cormun/servlet/trautorizarot? HTTP/1.1" 200 8099
192.168.10.96 - - [26/Oct/2021:10:38:38 -0300] "GET /cormun/servlet/trautorizarot? HTTP/1.1" 200 8099
190.171.141.90 - - [26/Oct/2021:10:38:41 -0300] "POST /cormun/servlet/hlogin?ee2c600c63e5132ae76661f28b6adfe6,gx-no-cache=1635254821718 HTTP/1.1" 200 439
192.168.10.96 - - [26/Oct/2021:10:38:42 -0300] "GET /cormun/servlet/trsolicitudgral? HTTP/1.1" 200 13322
192.168.10.96 - - [26/Oct/2021:10:38:43 -0300] "GET /cormun/servlet/trsolicitudgral? HTTP/1.1" 200 13321
190.171.141.90 - - [26/Oct/2021:10:38:48 -0300] "POST /cormun/servlet/hlogin?ee2c600c63e5132ae76661f28b6adfe6,gx-no-cache=1635254828692 HTTP/1.1" 200 439
192.168.10.96 - - [26/Oct/2021:10:38:54 -0300] "POST /cormun/servlet/trsolicitudgral?ffc22c049923c98ccbc84f523480dbcc,,gx-no-cache=1635254694815 HTTP/1.1" 200 16417
190.171.141.90 - - [26/Oct/2021:10:38:57 -0300] "POST /cormun/servlet/hlogin?ee2c600c63e5132ae76661f28b6adfe6,gx-no-cache=1635254837564 HTTP/1.1" 200 90
190.171.141.90 - - [26/Oct/2021:10:38:57 -0300] "GET /cormun/servlet/hpexe_link HTTP/1.1" 200 949
190.171.141.90 - - [26/Oct/2021:10:38:58 -0300] "GET /cormun/servlet/hhome HTTP/1.1" 200 3971
190.171.141.90 - - [26/Oct/2021:10:38:59 -0300] "GET /cormun/servlet/hhome HTTP/1.1" 200 3967
190.171.141.90 - - [26/Oct/2021:10:39:02 -0300] "GET /cormun/servlet/trlicencias? HTTP/1.1" 200 16582
190.171.141.90 - - [26/Oct/2021:10:39:03 -0300] "GET /cormun/servlet/trlicencias? HTTP/1.1" 200 16587
192.168.10.96 - - [26/Oct/2021:10:39:07 -0300] "GET /cormun/servlet/vesolicitudgral?2021,17604,, HTTP/1.1" 200 8414
192.168.10.96 - - [26/Oct/2021:10:39:07 -0300] "GET /cormun/pexe_scrolldiv.js HTTP/1.1" 404 1009
192.168.10.96 - - [26/Oct/2021:10:39:07 -0300] "GET /cormun/pexe_scrolldiv.js HTTP/1.1" 404 1009
192.168.10.96 - - [26/Oct/2021:10:39:07 -0300] "GET /cormun/servlet/vesolicitudgral?2021,17604,, HTTP/1.1" 200 8414
192.168.10.78 - - [26/Oct/2021:10:39:10 -0300] "POST /cormun/servlet/vesolicitudgral?0a06488e613cde3eb202152decce5e1e,2021,17642,,General,gx-no-cache=1635254711758 HTTP/1.1" 200 90
192.168.10.78 - - [26/Oct/2021:10:39:10 -0300] "GET /cormun/servlet/hpexe_link HTTP/1.1" 200 969
192.168.10.78 - - [26/Oct/2021:10:39:11 -0300] "GET /cormun/servlet/trsolicitudgral? HTTP/1.1" 200 29600
192.168.10.78 - - [26/Oct/2021:10:39:12 -0300] "GET /cormun/servlet/trsolicitudgral? HTTP/1.1" 200 29598
190.171.149.90 - - [26/Oct/2021:10:39:34 -0300] "GET /cormun/servlet/solicitudot?20433d69a0bd46005cb1f01f59fcd082def6c72353ec953f6f1c70ec3666b223bd239bc12a1eefecc1e4c855d8ec0012894b527cc59d0dd00facac8df14ebe47,gx-no-cache=1635254873739 HTTP/1.1" 200 30
190.171.149.90 - - [26/Oct/2021:10:39:34 -0300] "POST /cormun/servlet/solicitudot?gx-no-cache=1635254873891 HTTP/1.1" 200 30
190.171.149.90 - - [26/Oct/2021:10:39:34 -0300] "POST /cormun/servlet/solicitudot?gx-no-cache=1635254873977 HTTP/1.1" 200 1439
190.171.149.90 - - [26/Oct/2021:10:39:34 -0300] "POST /cormun/servlet/solicitudot?gx-no-cache=1635254874053 HTTP/1.1" 200 38
190.171.149.90 - - [26/Oct/2021:10:39:34 -0300] "GET /cormun/servlet/solicitudot?20433d69a0bd46005cb1f01f59fcd0822401a737d5dcbef5729c31bf3c6505923b906f16419f35b3b55ea908aad4cccf302e46c724a0fae2073da0f4ca257f05f14db2f09f3daa146118f06047f1b40a8745e53b750a9b881fc735bc1cf24bf1e64f14e5a759891719816f4890bf96d8,gx-no-cache=1635254874124 HTTP/1.1" 200 110
190.171.149.90 - - [26/Oct/2021:10:39:34 -0300] "POST /cormun/servlet/solicitudot?gx-no-cache=1635254874197 HTTP/1.1" 200 64
190.171.149.90 - - [26/Oct/2021:10:39:38 -0300] "GET /cormun/servlet/solicitudot?20433d69a0bd46005cb1f01f59fcd082f940633dc23112adf4676be33e5d936b2c0712882e0eb00628c627f32ed3c0ee7e3e2194a8ab43a691f171b79f561f21ea1da72717a810b2f93f69c19d6d36542aab47305475cc3212fee82f7dd3aef9503d6ba71f013174910154bd1db282fd,gx-no-cache=1635254877992 HTTP/1.1" 200 29
190.171.149.90 - - [26/Oct/2021:10:39:41 -0300] "GET /cormun/servlet/solicitudot?20433d69a0bd46005cb1f01f59fcd082d407c02d2d45775ccd66645282449c38c578060c0d45375dcf6dd01e7a48e515,gx-no-cache=1635254881303 HTTP/1.1" 200 30
190.171.149.90 - - [26/Oct/2021:10:39:42 -0300] "GET /cormun/static/menuarrow.gif HTTP/1.1" 404 1015
190.171.149.90 - - [26/Oct/2021:10:39:57 -0300] "POST /cormun/servlet/solicitudot?gx-no-cache=1635254897370 HTTP/1.1" 200 30
190.171.149.90 - - [26/Oct/2021:10:39:58 -0300] "POST /cormun/servlet/solicitudot?deb59710d52ec3febce5c2709b166cde,INS,0,0,false,,gx-no-cache=1635254897394 HTTP/1.1" 200 93
190.171.149.90 - - [26/Oct/2021:10:39:58 -0300] "GET /cormun/servlet/hpexe_return? HTTP/1.1" 200 1009
190.171.149.90 - - [26/Oct/2021:10:39:58 -0300] "GET /cormun/servlet/trsolicitudot HTTP/1.1" 200 8568
190.171.149.90 - - [26/Oct/2021:10:39:58 -0300] "GET /cormun//static/Resources/PXToolsActionView.png HTTP/1.1" 200 398
190.171.149.90 - - [26/Oct/2021:10:39:58 -0300] "GET /cormun//static/Resources/PXToolsGridUpdate.png HTTP/1.1" 200 470
190.171.149.90 - - [26/Oct/2021:10:39:58 -0300] "GET /cormun//static/Resources/PXToolsGridDelete.png HTTP/1.1" 200 538
190.171.149.90 - - [26/Oct/2021:10:39:58 -0300] "GET /cormun//static/Resources/PXToolsRemoveAllAction.png HTTP/1.1" 200 487
190.171.149.90 - - [26/Oct/2021:10:39:58 -0300] "GET /cormun//static/Resources/PXTools/ActionInsert.png HTTP/1.1" 200 1482
190.171.149.90 - - [26/Oct/2021:10:39:58 -0300] "GET /cormun/servlet/trsolicitudot HTTP/1.1" 200 8565
192.168.10.78 - - [26/Oct/2021:10:39:59 -0300] "GET /cormun/servlet/vesolicitudgral?2021,17644,, HTTP/1.1" 200 8413
192.168.10.78 - - [26/Oct/2021:10:39:59 -0300] "GET /cormun/pexe_scrolldiv.js HTTP/1.1" 404 1009
192.168.10.78 - - [26/Oct/2021:10:39:59 -0300] "GET /cormun/pexe_scrolldiv.js HTTP/1.1" 404 1009
192.168.10.78 - - [26/Oct/2021:10:39:59 -0300] "GET /cormun/servlet/vesolicitudgral?2021,17644,, HTTP/1.1" 200 8412
192.168.10.78 - - [26/Oct/2021:10:41:18 -0300] "POST /cormun/servlet/vesolicitudgral?0a06488e613cde3eb202152decce5e1e,2021,17644,,,gx-no-cache=1635254839690 HTTP/1.1" 200 12018
192.168.10.78 - - [26/Oct/2021:10:41:19 -0300] "GET /cormun/static/Shared/jqueryui/images/ui-bg_highlight-soft_100_c6c2c8_1x100.png HTTP/1.1" 404 1117
192.168.10.78 - - [26/Oct/2021:10:41:19 -0300] "GET /cormun/static/Shared/jqueryui/images/ui-icons_82798d_256x240.png HTTP/1.1" 404 1089
192.168.10.78 - - [26/Oct/2021:10:41:19 -0300] "GET /cormun/static/Shared/jqueryui/images/ui-bg_flat_55_fafafa_40x100.png HTTP/1.1" 404 1097
192.168.10.78 - - [26/Oct/2021:10:41:19 -0300] "GET /cormun/static/Shared/jqueryui/images/ui-icons_8d78a5_256x240.png HTTP/1.1" 404 1089
192.168.10.78 - - [26/Oct/2021:10:41:19 -0300] "POST /cormun/servlet/vesolicitudgral?0a06488e613cde3eb202152decce5e1e,2021,17644,,,gx-no-cache=1635254839888 HTTP/1.1" 200 11952
192.168.10.78 - - [26/Oct/2021:10:41:21 -0300] "GET /cormun/servlet/trautorizarot? HTTP/1.1" 200 9611
192.168.10.78 - - [26/Oct/2021:10:41:21 -0300] "GET /cormun/servlet/trautorizarot? HTTP/1.1" 200 9606
192.168.10.78 - - [26/Oct/2021:10:41:24 -0300] "POST /cormun/servlet/trautorizarot?0a06488e613cde3eb202152decce5e1e,,gx-no-cache=1635254845164 HTTP/1.1" 200 5380
192.168.10.96 - - [26/Oct/2021:10:41:48 -0300] "GET /cormun/servlet/trsolicitudgral? HTTP/1.1" 200 19419
192.168.10.96 - - [26/Oct/2021:10:41:49 -0300] "GET /cormun/servlet/trsolicitudgral? HTTP/1.1" 200 19415
192.168.10.96 - - [26/Oct/2021:10:41:58 -0300] "POST /cormun/servlet/trsolicitudgral?ffc22c049923c98ccbc84f523480dbcc,,gx-no-cache=1635254878959 HTTP/1.1" 200 27268
192.168.10.96 - - [26/Oct/2021:10:42:01 -0300] "POST /cormun/servlet/trsolicitudgral?ffc22c049923c98ccbc84f523480dbcc,,gx-no-cache=1635254881520 HTTP/1.1" 200 9876
192.168.10.78 - - [26/Oct/2021:10:42:03 -0300] "POST /cormun/servlet/trautorizarot?0a06488e613cde3eb202152decce5e1e,,gx-no-cache=1635254884198 HTTP/1.1" 200 90
192.168.10.78 - - [26/Oct/2021:10:42:03 -0300] "GET /cormun/servlet/hpexe_link HTTP/1.1" 200 970
192.168.10.78 - - [26/Oct/2021:10:42:03 -0300] "GET /cormun/servlet/vesolicitudgral?2021,17644,, HTTP/1.1" 200 8416
192.168.10.78 - - [26/Oct/2021:10:42:03 -0300] "GET /cormun/pexe_scrolldiv.js HTTP/1.1" 404 1009
192.168.10.78 - - [26/Oct/2021:10:42:03 -0300] "GET /cormun/pexe_scrolldiv.js HTTP/1.1" 404 1009
192.168.10.78 - - [26/Oct/2021:10:42:03 -0300] "GET /cormun/servlet/vesolicitudgral?2021,17644,, HTTP/1.1" 200 8415
192.168.10.78 - - [26/Oct/2021:10:42:05 -0300] "GET /cormun/servlet/vesolicitudgral?2021,17644,,SolicitudOTAdjuntos HTTP/1.1" 200 11154
192.168.10.78 - - [26/Oct/2021:10:42:05 -0300] "GET /cormun/pexe_scrolldiv.js HTTP/1.1" 404 1009
192.168.10.78 - - [26/Oct/2021:10:42:05 -0300] "GET /cormun/pexe_scrolldiv.js HTTP/1.1" 404 1009
192.168.10.78 - - [26/Oct/2021:10:42:06 -0300] "GET /cormun/servlet/vesolicitudgral?2021,17644,,SolicitudOTAdjuntos HTTP/1.1" 200 11159
192.168.10.78 - - [26/Oct/2021:10:42:06 -0300] "POST /cormun/servlet/acontrolpreferencessavestate?None,RRHH+CATALINA+CACERES,true HTTP/1.1" 200 35
192.168.10.96 - - [26/Oct/2021:10:43:16 -0300] "POST /cormun/servlet/trsolicitudgral?ffc22c049923c98ccbc84f523480dbcc,,gx-no-cache=1635254957180 HTTP/1.1" 200 9509
192.168.10.96 - - [26/Oct/2021:10:43:16 -0300] "GET /cormun/static/Shared/jqueryui/images/ui-bg_highlight-soft_100_c6c2c8_1x100.png HTTP/1.1" 404 1117
192.168.10.96 - - [26/Oct/2021:10:43:16 -0300] "GET /cormun/static/Shared/jqueryui/images/ui-icons_82798d_256x240.png HTTP/1.1" 404 1089
192.168.10.96 - - [26/Oct/2021:10:43:16 -0300] "GET /cormun/static/Shared/jqueryui/images/ui-bg_flat_55_fafafa_40x100.png HTTP/1.1" 404 1097
192.168.10.96 - - [26/Oct/2021:10:43:16 -0300] "GET /cormun/static/Shared/jqueryui/images/ui-icons_8d78a5_256x240.png HTTP/1.1" 404 1089
200.111.191.213 - - [26/Oct/2021:10:43:17 -0300] "GET /cormun/servlet/trpermisosgoce? HTTP/1.1" 200 6019
200.111.191.213 - - [26/Oct/2021:10:43:17 -0300] "GET /cormun/servlet/trpermisosgoce? HTTP/1.1" 200 6016
200.111.191.213 - - [26/Oct/2021:10:43:17 -0300] "GET /cormun/servlet/trpermisosgoce? HTTP/1.1" 200 6016
200.111.191.213 - - [26/Oct/2021:10:43:18 -0300] "GET /cormun/servlet/hlogin HTTP/1.1" 200 1740
192.168.10.78 - - [26/Oct/2021:10:43:20 -0300] "GET /cormun/PublicTempStorage/ant_fe_500411181035_180393981700698.pdf HTTP/1.1" 200 34231
200.111.191.213 - - [26/Oct/2021:10:43:23 -0300] "POST /cormun/servlet/hlogin?02173847cc0fd5009b879c6d1509854c,gx-no-cache=1635255356643 HTTP/1.1" 200 90
200.111.191.213 - - [26/Oct/2021:10:43:23 -0300] "GET /cormun/servlet/hpexe_link HTTP/1.1" 200 952
200.111.191.213 - - [26/Oct/2021:10:43:23 -0300] "GET /cormun/servlet/trpermisosgoce HTTP/1.1" 200 16879
200.111.191.213 - - [26/Oct/2021:10:43:23 -0300] "GET /cormun/servlet/trpermisosgoce HTTP/1.1" 200 16877
192.168.10.96 - - [26/Oct/2021:10:43:27 -0300] "GET /cormun/servlet/trautorizarot? HTTP/1.1" 200 9497
192.168.10.96 - - [26/Oct/2021:10:43:27 -0300] "GET /cormun/servlet/trautorizarot? HTTP/1.1" 200 9496
200.111.191.213 - - [26/Oct/2021:10:43:30 -0300] "POST /cormun/servlet/trpermisosgoce?02173847cc0fd5009b879c6d1509854c,gx-no-cache=1635255364397 HTTP/1.1" 200 3914
192.168.10.96 - - [26/Oct/2021:10:43:31 -0300] "POST /cormun/servlet/trautorizarot?ffc22c049923c98ccbc84f523480dbcc,,gx-no-cache=1635254971982 HTTP/1.1" 200 5332
200.111.191.213 - - [26/Oct/2021:10:43:33 -0300] "GET /cormun/servlet/permisogoce?INS,0,,, HTTP/1.1" 200 6821
200.111.191.213 - - [26/Oct/2021:10:43:34 -0300] "GET /cormun/servlet/permisogoce?INS,0,,, HTTP/1.1" 200 6820
192.168.10.78 - - [26/Oct/2021:10:43:54 -0300] "GET /cormun/servlet/vesolicitudgral?2021,17644,,SolicitudOTAdjuntos HTTP/1.1" 200 11157
192.168.10.78 - - [26/Oct/2021:10:43:54 -0300] "GET /cormun/servlet/vesolicitudgral?2021,17644,,SolicitudOTAdjuntos HTTP/1.1" 200 11156
192.168.10.78 - - [26/Oct/2021:10:43:55 -0300] "POST /cormun/servlet/acontrolpreferencessavestate?None,RRHH+CATALINA+CACERES,true HTTP/1.1" 200 35
190.171.143.82 - - [26/Oct/2021:10:44:23 -0300] "GET /cormun/PublicTempStorage/sin_ti%B4tulo_1491566076.pdf HTTP/1.1" 200 3309019
190.171.149.90 - - [26/Oct/2021:10:44:25 -0300] "POST /cormun/servlet/trsolicitudot?deb59710d52ec3febce5c2709b166cde,gx-no-cache=1635255165007 HTTP/1.1" 200 106
190.171.149.90 - - [26/Oct/2021:10:44:25 -0300] "GET /cormun/servlet/trsolicitudadjuntos?2021,17718, HTTP/1.1" 200 6053
190.171.149.90 - - [26/Oct/2021:10:44:25 -0300] "GET /cormun/static/gxcfg.js?20201215574222 HTTP/1.1" 200 953
190.171.149.90 - - [26/Oct/2021:10:44:25 -0300] "GET /cormun/static/Resources/PXToolsGridNew.png HTTP/1.1" 200 427
190.171.149.90 - - [26/Oct/2021:10:44:25 -0300] "GET /cormun/static/trsolicitudadjuntos.js?20201215574932 HTTP/1.1" 200 17922
190.171.149.90 - - [26/Oct/2021:10:44:25 -0300] "GET /cormun/servlet/trsolicitudadjuntos?2021,17718, HTTP/1.1" 200 6053
192.168.10.78 - - [26/Oct/2021:10:44:26 -0300] "GET /cormun/PublicTempStorage/cv_israel_mu%F1oz5116854.docx HTTP/1.1" 200 26651
190.171.149.90 - - [26/Oct/2021:10:44:28 -0300] "GET /cormun/servlet/solicitudotadjuntos?INS,2021,17718,,1, HTTP/1.1" 200 5999
190.171.149.90 - - [26/Oct/2021:10:44:28 -0300] "GET /cormun/static/gxcfg.js?202012157947 HTTP/1.1" 200 953
190.171.149.90 - - [26/Oct/2021:10:44:28 -0300] "GET /cormun/static/solicitudotadjuntos.js?202012157966 HTTP/1.1" 200 11771
190.171.149.90 - - [26/Oct/2021:10:44:28 -0300] "GET /cormun/static/about:blank HTTP/1.1" 404 1011
190.171.149.90 - - [26/Oct/2021:10:44:28 -0300] "GET /cormun/servlet/solicitudotadjuntos?INS,2021,17718,,1, HTTP/1.1" 200 5992
192.168.10.78 - - [26/Oct/2021:10:44:29 -0300] "GET /cormun/PublicTempStorage/cv_israel_mu%F1oz5116854.docx HTTP/1.1" 304 -
190.171.149.90 - - [26/Oct/2021:10:44:29 -0300] "GET /cormun/servlet/solicitudotadjuntos?20433d69a0bd46005cb1f01f59fcd0825c8a5e96f9c2c6bf6d30d447e864c9002d591b9f1b6617d9d7fd3182467445d5,gx-no-cache=1635255169132 HTTP/1.1" 200 30
190.171.143.82 - - [26/Oct/2021:10:44:29 -0300] "GET /cormun/servlet/trpermisosadjuntos?15126226,20210928130012,P, HTTP/1.1" 200 7218
190.171.149.90 - - [26/Oct/2021:10:44:29 -0300] "POST /cormun/servlet/solicitudotadjuntos?deb59710d52ec3febce5c2709b166cde,INS,2021,17718,,1,,gx-no-cache=1635255169282 HTTP/1.1" 200 3881
190.171.143.82 - - [26/Oct/2021:10:44:32 -0300] "GET /cormun/servlet/trpermisosadjuntos?15126226,20210928130012,P, HTTP/1.1" 200 7213
190.171.149.90 - - [26/Oct/2021:10:44:32 -0300] "POST /cormun/servlet/solicitudotadjuntos?gx-no-cache=1635255172072 HTTP/1.1" 200 26
190.171.143.82 - - [26/Oct/2021:10:44:35 -0300] "GET /cormun/servlet/trpermisosgoce? HTTP/1.1" 200 13387
190.171.143.82 - - [26/Oct/2021:10:44:36 -0300] "GET /cormun/servlet/trpermisosgoce? HTTP/1.1" 200 13380
200.111.191.213 - - [26/Oct/2021:10:44:37 -0300] "GET /cormun/servlet/permisogoce?3cd4e53b9f276d6a89086d0c2ec76127d5e438213560ad9bc42ece62d225b6a7202ca4dff0e03e8c421124816c0f83a8201a5f64b00fa7e927223f628fd3a905,gx-no-cache=1635255431516 HTTP/1.1" 200 82
190.171.143.82 - - [26/Oct/2021:10:44:39 -0300] "POST /cormun/servlet/trpermisosgoce?9c946727f85d021b773404d0c3b81857,,gx-no-cache=1635255177920 HTTP/1.1" 200 10587
200.111.191.213 - - [26/Oct/2021:10:44:40 -0300] "GET /cormun/static/menuarrow.gif HTTP/1.1" 404 1015
190.171.149.90 - - [26/Oct/2021:10:44:42 -0300] "GET /cormun/servlet/solicitudotadjuntos?20433d69a0bd46005cb1f01f59fcd08210093c3507433294da86c71f8691901c,gx-no-cache=1635255182280 HTTP/1.1" 200 30
190.171.149.90 - - [26/Oct/2021:10:44:42 -0300] "GET /cormun/servlet/solicitudotadjuntos?20433d69a0bd46005cb1f01f59fcd08210093c3507433294da86c71f8691901c,gx-no-cache=1635255182318 HTTP/1.1" 200 30
190.171.149.90 - - [26/Oct/2021:10:44:42 -0300] "POST /cormun/servlet/solicitudotadjuntos?deb59710d52ec3febce5c2709b166cde,INS,2021,17718,,1, HTTP/1.1" 200 116
190.171.149.90 - - [26/Oct/2021:10:44:42 -0300] "GET /cormun/servlet/hpexe_return? HTTP/1.1" 200 1027
190.171.149.90 - - [26/Oct/2021:10:44:43 -0300] "GET /cormun/servlet/trsolicitudadjuntos?2021,17718, HTTP/1.1" 200 8820
190.171.149.90 - - [26/Oct/2021:10:44:43 -0300] "GET /cormun/servlet/trsolicitudadjuntos?2021,17718, HTTP/1.1" 200 8816
190.171.149.90 - - [26/Oct/2021:10:44:46 -0300] "GET /cormun/servlet/solicitudotadjuntos?INS,2021,17718,,1, HTTP/1.1" 200 5999
190.171.149.90 - - [26/Oct/2021:10:44:47 -0300] "GET /cormun/static/about:blank HTTP/1.1" 404 1011
190.171.149.90 - - [26/Oct/2021:10:44:47 -0300] "GET /cormun/servlet/solicitudotadjuntos?INS,2021,17718,,1, HTTP/1.1" 200 5992
190.171.149.90 - - [26/Oct/2021:10:44:47 -0300] "GET /cormun/servlet/solicitudotadjuntos?20433d69a0bd46005cb1f01f59fcd0825c8a5e96f9c2c6bf6d30d447e864c9002d591b9f1b6617d9d7fd3182467445d5,gx-no-cache=1635255187426 HTTP/1.1" 200 30
200.111.191.213 - - [26/Oct/2021:10:44:47 -0300] "GET /cormun/servlet/permisogoce?3cd4e53b9f276d6a89086d0c2ec76127c0c5695e9bb69401bfa10527ef21b4f75acf750336c156cd23cdc51f109d9bcaafd23bec531341d533e6054c8588cb72,gx-no-cache=1635255441495 HTTP/1.1" 200 46
190.171.149.90 - - [26/Oct/2021:10:44:47 -0300] "POST /cormun/servlet/solicitudotadjuntos?deb59710d52ec3febce5c2709b166cde,INS,2021,17718,,1,,gx-no-cache=1635255187505 HTTP/1.1" 200 3881
190.171.143.82 - - [26/Oct/2021:10:44:49 -0300] "POST /cormun/servlet/trpermisosgoce?9c946727f85d021b773404d0c3b81857,,gx-no-cache=1635255187994 HTTP/1.1" 200 10576
190.171.143.82 - - [26/Oct/2021:10:44:50 -0300] "GET /cormun/static/Shared/jqueryui/images/ui-bg_highlight-soft_100_c6c2c8_1x100.png HTTP/1.1" 404 1117
190.171.143.82 - - [26/Oct/2021:10:44:50 -0300] "GET /cormun/static/Shared/jqueryui/images/ui-icons_82798d_256x240.png HTTP/1.1" 404 1089
190.171.149.90 - - [26/Oct/2021:10:44:50 -0300] "POST /cormun/servlet/solicitudotadjuntos?gx-no-cache=1635255189720 HTTP/1.1" 200 26
190.171.143.82 - - [26/Oct/2021:10:44:50 -0300] "GET /cormun/static/Shared/jqueryui/images/ui-bg_flat_55_fafafa_40x100.png HTTP/1.1" 404 1097
190.171.143.82 - - [26/Oct/2021:10:44:50 -0300] "GET /cormun/static/Shared/jqueryui/images/ui-icons_8d78a5_256x240.png HTTP/1.1" 404 1089
200.111.191.213 - - [26/Oct/2021:10:44:50 -0300] "POST /cormun/servlet/permisogoce?02173847cc0fd5009b879c6d1509854c,INS,0,,,,gx-no-cache=1635255443432 HTTP/1.1" 200 93
200.111.191.213 - - [26/Oct/2021:10:44:50 -0300] "GET /cormun/servlet/hpexe_return? HTTP/1.1" 200 1026
200.111.191.213 - - [26/Oct/2021:10:44:50 -0300] "GET /cormun/servlet/trpermisosgoce?gx-no-cache=1635255364397 HTTP/1.1" 200 7645
200.111.191.213 - - [26/Oct/2021:10:44:50 -0300] "GET /cormun/servlet/trpermisosgoce?gx-no-cache=1635255364397 HTTP/1.1" 200 7661
200.111.191.213 - - [26/Oct/2021:10:44:52 -0300] "GET /cormun/servlet/apermisogoceprn?13720790,P,20211026102934,PU HTTP/1.1" 200 1661
190.171.149.90 - - [26/Oct/2021:10:44:53 -0300] "GET /cormun/servlet/solicitudotadjuntos?20433d69a0bd46005cb1f01f59fcd08210093c3507433294da86c71f8691901c,gx-no-cache=1635255193559 HTTP/1.1" 200 30
190.171.149.90 - - [26/Oct/2021:10:44:53 -0300] "GET /cormun/servlet/solicitudotadjuntos?20433d69a0bd46005cb1f01f59fcd08210093c3507433294da86c71f8691901c,gx-no-cache=1635255193572 HTTP/1.1" 200 30
190.171.149.90 - - [26/Oct/2021:10:44:54 -0300] "POST /cormun/servlet/solicitudotadjuntos?deb59710d52ec3febce5c2709b166cde,INS,2021,17718,,1, HTTP/1.1" 200 116
190.171.149.90 - - [26/Oct/2021:10:44:54 -0300] "GET /cormun/servlet/hpexe_return? HTTP/1.1" 200 1027
190.171.149.90 - - [26/Oct/2021:10:44:54 -0300] "GET /cormun/servlet/trsolicitudadjuntos?2021,17718, HTTP/1.1" 200 9043
190.171.149.90 - - [26/Oct/2021:10:44:54 -0300] "GET /cormun/servlet/trsolicitudadjuntos?2021,17718, HTTP/1.1" 200 9040
190.171.149.90 - - [26/Oct/2021:10:44:56 -0300] "GET /cormun/servlet/solicitudotadjuntos?INS,2021,17718,,1, HTTP/1.1" 200 5999
190.171.149.90 - - [26/Oct/2021:10:44:56 -0300] "GET /cormun/static/about:blank HTTP/1.1" 404 1011
190.171.149.90 - - [26/Oct/2021:10:44:56 -0300] "GET /cormun/servlet/solicitudotadjuntos?INS,2021,17718,,1, HTTP/1.1" 200 5992
190.171.149.90 - - [26/Oct/2021:10:44:57 -0300] "GET /cormun/servlet/solicitudotadjuntos?20433d69a0bd46005cb1f01f59fcd0825c8a5e96f9c2c6bf6d30d447e864c9002d591b9f1b6617d9d7fd3182467445d5,gx-no-cache=1635255196919 HTTP/1.1" 200 30
190.171.143.82 - - [26/Oct/2021:10:44:57 -0300] "GET /cormun/servlet/trautorizarpermisogoce? HTTP/1.1" 200 8034
190.171.149.90 - - [26/Oct/2021:10:44:57 -0300] "POST /cormun/servlet/solicitudotadjuntos?deb59710d52ec3febce5c2709b166cde,INS,2021,17718,,1,,gx-no-cache=1635255197009 HTTP/1.1" 200 3881
190.171.143.82 - - [26/Oct/2021:10:44:59 -0300] "GET /cormun/servlet/trautorizarpermisogoce? HTTP/1.1" 200 8034
190.171.149.90 - - [26/Oct/2021:10:45:00 -0300] "POST /cormun/servlet/solicitudotadjuntos?gx-no-cache=1635255200423 HTTP/1.1" 200 26
190.171.143.82 - - [26/Oct/2021:10:45:03 -0300] "POST /cormun/servlet/trautorizarpermisogoce?9c946727f85d021b773404d0c3b81857,,gx-no-cache=1635255201607 HTTP/1.1" 200 4519
190.171.143.82 - - [26/Oct/2021:10:45:03 -0300] "GET /cormun/static/Shared/jqueryui/images/ui-bg_highlight-soft_100_c6c2c8_1x100.png HTTP/1.1" 404 1117
190.171.143.82 - - [26/Oct/2021:10:45:03 -0300] "GET /cormun/static/Shared/jqueryui/images/ui-icons_82798d_256x240.png HTTP/1.1" 404 1089
190.171.143.82 - - [26/Oct/2021:10:45:03 -0300] "GET /cormun/static/Shared/jqueryui/images/ui-bg_flat_55_fafafa_40x100.png HTTP/1.1" 404 1097
190.171.143.82 - - [26/Oct/2021:10:45:03 -0300] "GET /cormun/static/Shared/jqueryui/images/ui-icons_8d78a5_256x240.png HTTP/1.1" 404 1089
190.171.149.90 - - [26/Oct/2021:10:45:13 -0300] "GET /cormun/servlet/solicitudotadjuntos?20433d69a0bd46005cb1f01f59fcd08210093c3507433294da86c71f8691901c,gx-no-cache=1635255213663 HTTP/1.1" 200 30
190.171.149.90 - - [26/Oct/2021:10:45:13 -0300] "GET /cormun/servlet/solicitudotadjuntos?20433d69a0bd46005cb1f01f59fcd08210093c3507433294da86c71f8691901c,gx-no-cache=1635255213675 HTTP/1.1" 200 30
190.171.149.90 - - [26/Oct/2021:10:45:14 -0300] "POST /cormun/servlet/solicitudotadjuntos?deb59710d52ec3febce5c2709b166cde,INS,2021,17718,,1, HTTP/1.1" 200 116
190.171.149.90 - - [26/Oct/2021:10:45:14 -0300] "GET /cormun/servlet/hpexe_return? HTTP/1.1" 200 1027
190.171.149.90 - - [26/Oct/2021:10:45:14 -0300] "GET /cormun/servlet/trsolicitudadjuntos?2021,17718, HTTP/1.1" 200 9216
190.171.149.90 - - [26/Oct/2021:10:45:14 -0300] "GET /cormun/servlet/trsolicitudadjuntos?2021,17718, HTTP/1.1" 200 9212
190.171.149.90 - - [26/Oct/2021:10:45:16 -0300] "GET /cormun/servlet/solicitudotadjuntos?INS,2021,17718,,1, HTTP/1.1" 200 5998
190.171.149.90 - - [26/Oct/2021:10:45:17 -0300] "GET /cormun/static/about:blank HTTP/1.1" 404 1011
190.171.149.90 - - [26/Oct/2021:10:45:17 -0300] "GET /cormun/servlet/solicitudotadjuntos?INS,2021,17718,,1, HTTP/1.1" 200 5992
190.171.149.90 - - [26/Oct/2021:10:45:17 -0300] "GET /cormun/servlet/solicitudotadjuntos?20433d69a0bd46005cb1f01f59fcd0825c8a5e96f9c2c6bf6d30d447e864c9002d591b9f1b6617d9d7fd3182467445d5,gx-no-cache=1635255217341 HTTP/1.1" 200 30
190.171.149.90 - - [26/Oct/2021:10:45:17 -0300] "POST /cormun/servlet/solicitudotadjuntos?deb59710d52ec3febce5c2709b166cde,INS,2021,17718,,1,,gx-no-cache=1635255217430 HTTP/1.1" 200 3879
190.171.149.90 - - [26/Oct/2021:10:45:20 -0300] "POST /cormun/servlet/solicitudotadjuntos?gx-no-cache=1635255219737 HTTP/1.1" 200 26
192.168.10.78 - - [26/Oct/2021:10:45:20 -0300] "GET /cormun/PublicTempStorage/certificado_licenciado_en_artes7315473.pdf HTTP/1.1" 200 202105
190.171.149.90 - - [26/Oct/2021:10:45:24 -0300] "GET /cormun/servlet/solicitudotadjuntos?20433d69a0bd46005cb1f01f59fcd08210093c3507433294da86c71f8691901c,gx-no-cache=1635255224344 HTTP/1.1" 200 30
190.171.149.90 - - [26/Oct/2021:10:45:24 -0300] "GET /cormun/servlet/solicitudotadjuntos?20433d69a0bd46005cb1f01f59fcd08210093c3507433294da86c71f8691901c,gx-no-cache=1635255224358 HTTP/1.1" 200 30
190.171.149.90 - - [26/Oct/2021:10:45:24 -0300] "POST /cormun/servlet/solicitudotadjuntos?deb59710d52ec3febce5c2709b166cde,INS,2021,17718,,1, HTTP/1.1" 200 116
190.171.149.90 - - [26/Oct/2021:10:45:24 -0300] "GET /cormun/servlet/hpexe_return? HTTP/1.1" 200 1027
190.171.149.90 - - [26/Oct/2021:10:45:25 -0300] "GET /cormun/servlet/trsolicitudadjuntos?2021,17718, HTTP/1.1" 200 9460
190.171.149.90 - - [26/Oct/2021:10:45:25 -0300] "GET /cormun/servlet/trsolicitudadjuntos?2021,17718, HTTP/1.1" 200 9459
190.171.149.90 - - [26/Oct/2021:10:45:30 -0300] "GET /cormun/servlet/solicitudotadjuntos?INS,2021,17718,,1, HTTP/1.1" 200 5998
190.171.149.90 - - [26/Oct/2021:10:45:30 -0300] "GET /cormun/static/about:blank HTTP/1.1" 404 1011
190.171.149.90 - - [26/Oct/2021:10:45:30 -0300] "GET /cormun/servlet/solicitudotadjuntos?INS,2021,17718,,1, HTTP/1.1" 200 5992
190.171.149.90 - - [26/Oct/2021:10:45:30 -0300] "GET /cormun/servlet/solicitudotadjuntos?20433d69a0bd46005cb1f01f59fcd0825c8a5e96f9c2c6bf6d30d447e864c9002d591b9f1b6617d9d7fd3182467445d5,gx-no-cache=1635255230632 HTTP/1.1" 200 30
190.171.149.90 - - [26/Oct/2021:10:45:31 -0300] "POST /cormun/servlet/solicitudotadjuntos?deb59710d52ec3febce5c2709b166cde,INS,2021,17718,,1,,gx-no-cache=1635255230675 HTTP/1.1" 200 3879
192.168.10.78 - - [26/Oct/2021:10:45:32 -0300] "GET /cormun/servlet/vesolicitudgral?2021,17644,,SolicitudOTAdjuntos HTTP/1.1" 200 11159
192.168.10.78 - - [26/Oct/2021:10:45:32 -0300] "GET /cormun/servlet/vesolicitudgral?2021,17644,,SolicitudOTAdjuntos HTTP/1.1" 200 11154
190.171.149.90 - - [26/Oct/2021:10:45:32 -0300] "POST /cormun/servlet/solicitudotadjuntos?gx-no-cache=1635255232672 HTTP/1.1" 200 26
192.168.10.78 - - [26/Oct/2021:10:45:33 -0300] "POST /cormun/servlet/acontrolpreferencessavestate?None,RRHH+CATALINA+CACERES,true HTTP/1.1" 200 35
192.168.10.78 - - [26/Oct/2021:10:45:37 -0300] "GET /cormun/PublicTempStorage/certificado-de-afiliacion-20210929231228733690303.pdf HTTP/1.1" 200 91280
190.171.149.90 - - [26/Oct/2021:10:45:38 -0300] "GET /cormun/servlet/solicitudotadjuntos?20433d69a0bd46005cb1f01f59fcd08210093c3507433294da86c71f8691901c,gx-no-cache=1635255237940 HTTP/1.1" 200 30
190.171.149.90 - - [26/Oct/2021:10:45:38 -0300] "GET /cormun/servlet/solicitudotadjuntos?20433d69a0bd46005cb1f01f59fcd08210093c3507433294da86c71f8691901c,gx-no-cache=1635255237951 HTTP/1.1" 200 30
190.171.149.90 - - [26/Oct/2021:10:45:38 -0300] "POST /cormun/servlet/solicitudotadjuntos?deb59710d52ec3febce5c2709b166cde,INS,2021,17718,,1, HTTP/1.1" 200 116
190.171.149.90 - - [26/Oct/2021:10:45:38 -0300] "GET /cormun/servlet/hpexe_return? HTTP/1.1" 200 1027
190.171.149.90 - - [26/Oct/2021:10:45:38 -0300] "GET /cormun/servlet/trsolicitudadjuntos?2021,17718, HTTP/1.1" 200 9772
190.171.149.90 - - [26/Oct/2021:10:45:39 -0300] "GET /cormun/servlet/trsolicitudadjuntos?2021,17718, HTTP/1.1" 200 9770
190.171.149.90 - - [26/Oct/2021:10:45:40 -0300] "GET /cormun/servlet/solicitudotadjuntos?INS,2021,17718,,1, HTTP/1.1" 200 5998
190.171.149.90 - - [26/Oct/2021:10:45:41 -0300] "GET /cormun/static/about:blank HTTP/1.1" 404 1011
190.171.149.90 - - [26/Oct/2021:10:45:41 -0300] "GET /cormun/servlet/solicitudotadjuntos?INS,2021,17718,,1, HTTP/1.1" 200 5992
190.171.149.90 - - [26/Oct/2021:10:45:41 -0300] "GET /cormun/servlet/solicitudotadjuntos?20433d69a0bd46005cb1f01f59fcd0825c8a5e96f9c2c6bf6d30d447e864c9002d591b9f1b6617d9d7fd3182467445d5,gx-no-cache=1635255241415 HTTP/1.1" 200 30
190.171.149.90 - - [26/Oct/2021:10:45:41 -0300] "POST /cormun/servlet/solicitudotadjuntos?deb59710d52ec3febce5c2709b166cde,INS,2021,17718,,1,,gx-no-cache=1635255241457 HTTP/1.1" 200 3879
190.171.149.90 - - [26/Oct/2021:10:45:43 -0300] "POST /cormun/servlet/solicitudotadjuntos?gx-no-cache=1635255243304 HTTP/1.1" 200 26
190.171.149.90 - - [26/Oct/2021:10:45:49 -0300] "GET /cormun/servlet/solicitudotadjuntos?20433d69a0bd46005cb1f01f59fcd08210093c3507433294da86c71f8691901c,gx-no-cache=1635255249424 HTTP/1.1" 200 30
190.171.149.90 - - [26/Oct/2021:10:45:49 -0300] "GET /cormun/servlet/solicitudotadjuntos?20433d69a0bd46005cb1f01f59fcd08210093c3507433294da86c71f8691901c,gx-no-cache=1635255249482 HTTP/1.1" 200 30
190.171.149.90 - - [26/Oct/2021:10:45:49 -0300] "POST /cormun/servlet/solicitudotadjuntos?deb59710d52ec3febce5c2709b166cde,INS,2021,17718,,1, HTTP/1.1" 200 116
190.171.149.90 - - [26/Oct/2021:10:45:50 -0300] "GET /cormun/servlet/hpexe_return? HTTP/1.1" 200 1027
190.171.149.90 - - [26/Oct/2021:10:45:50 -0300] "GET /cormun/servlet/trsolicitudadjuntos?2021,17718, HTTP/1.1" 200 9923
190.171.149.90 - - [26/Oct/2021:10:45:50 -0300] "GET /cormun/servlet/trsolicitudadjuntos?2021,17718, HTTP/1.1" 200 9919
192.168.10.78 - - [26/Oct/2021:10:46:03 -0300] "GET /cormun/servlet/vesolicitudgral?2021,17644,,SolicitudOTAdjuntos HTTP/1.1" 200 11153
192.168.10.78 - - [26/Oct/2021:10:46:03 -0300] "GET /cormun/servlet/vesolicitudgral?2021,17644,,SolicitudOTAdjuntos HTTP/1.1" 200 11159
192.168.10.78 - - [26/Oct/2021:10:46:04 -0300] "POST /cormun/servlet/acontrolpreferencessavestate?None,RRHH+CATALINA+CACERES,true HTTP/1.1" 200 35
190.171.149.90 - - [26/Oct/2021:10:46:05 -0300] "GET /cormun/servlet/trsolicitudot? HTTP/1.1" 200 8571
192.168.10.78 - - [26/Oct/2021:10:46:05 -0300] "GET /cormun/PublicTempStorage/certificado_afiliacion_con_carga8754282.pdf HTTP/1.1" 200 14598
190.171.149.90 - - [26/Oct/2021:10:46:05 -0300] "GET /cormun/servlet/trsolicitudot? HTTP/1.1" 200 8565
190.171.149.90 - - [26/Oct/2021:10:46:14 -0300] "POST /cormun/servlet/trsolicitudot?deb59710d52ec3febce5c2709b166cde,,gx-no-cache=1635255274162 HTTP/1.1" 200 4591
190.171.149.90 - - [26/Oct/2021:10:46:14 -0300] "GET /cormun/static/Shared/jqueryui/images/ui-bg_highlight-soft_100_c6c2c8_1x100.png HTTP/1.1" 404 1117
190.171.149.90 - - [26/Oct/2021:10:46:14 -0300] "GET /cormun/static/Shared/jqueryui/images/ui-icons_82798d_256x240.png HTTP/1.1" 404 1089
190.171.149.90 - - [26/Oct/2021:10:46:14 -0300] "GET /cormun/static/Shared/jqueryui/images/ui-bg_flat_55_fafafa_40x100.png HTTP/1.1" 404 1097
190.171.149.90 - - [26/Oct/2021:10:46:14 -0300] "GET /cormun/static/Shared/jqueryui/images/ui-icons_8d78a5_256x240.png HTTP/1.1" 404 1089
190.171.149.90 - - [26/Oct/2021:10:46:14 -0300] "POST /cormun/servlet/trsolicitudot?deb59710d52ec3febce5c2709b166cde,,gx-no-cache=1635255274303 HTTP/1.1" 200 4352
192.168.10.96 - - [26/Oct/2021:10:46:27 -0300] "GET /cormun/servlet/trsolicitudgral? HTTP/1.1" 200 12439
192.168.10.96 - - [26/Oct/2021:10:46:27 -0300] "GET /cormun/servlet/trsolicitudgral? HTTP/1.1" 200 12438
192.168.10.96 - - [26/Oct/2021:10:46:36 -0300] "GET /cormun/servlet/vesolicitudgral?2021,17592,, HTTP/1.1" 200 8342
192.168.10.78 - - [26/Oct/2021:10:46:36 -0300] "GET /cormun/servlet/vesolicitudgral?2021,17644,,SolicitudOTAdjuntos HTTP/1.1" 200 11155
192.168.10.96 - - [26/Oct/2021:10:46:36 -0300] "GET /cormun/pexe_scrolldiv.js HTTP/1.1" 404 1009
192.168.10.96 - - [26/Oct/2021:10:46:36 -0300] "GET /cormun/pexe_scrolldiv.js HTTP/1.1" 404 1009
192.168.10.96 - - [26/Oct/2021:10:46:36 -0300] "GET /cormun/servlet/vesolicitudgral?2021,17592,, HTTP/1.1" 200 8342
192.168.10.78 - - [26/Oct/2021:10:46:36 -0300] "GET /cormun/servlet/vesolicitudgral?2021,17644,,SolicitudOTAdjuntos HTTP/1.1" 200 11158
192.168.10.78 - - [26/Oct/2021:10:46:37 -0300] "POST /cormun/servlet/acontrolpreferencessavestate?None,RRHH+CATALINA+CACERES,true HTTP/1.1" 200 35
192.168.10.78 - - [26/Oct/2021:10:46:38 -0300] "GET /cormun/servlet/vesolicitudgral?2021,17644,,General HTTP/1.1" 200 8418
192.168.10.78 - - [26/Oct/2021:10:46:38 -0300] "GET /cormun/pexe_scrolldiv.js HTTP/1.1" 404 1009
192.168.10.78 - - [26/Oct/2021:10:46:38 -0300] "GET /cormun/pexe_scrolldiv.js HTTP/1.1" 404 1009
192.168.10.78 - - [26/Oct/2021:10:46:39 -0300] "GET /cormun/servlet/vesolicitudgral?2021,17644,,General HTTP/1.1" 200 8418
192.168.10.96 - - [26/Oct/2021:10:47:37 -0300] "POST /cormun/servlet/vesolicitudgral?ffc22c049923c98ccbc84f523480dbcc,2021,17592,,,gx-no-cache=1635255218068 HTTP/1.1" 200 12002
192.168.10.96 - - [26/Oct/2021:10:47:37 -0300] "GET /cormun/static/Shared/jqueryui/images/ui-bg_highlight-soft_100_c6c2c8_1x100.png HTTP/1.1" 404 1117
192.168.10.96 - - [26/Oct/2021:10:47:37 -0300] "GET /cormun/static/Shared/jqueryui/images/ui-icons_82798d_256x240.png HTTP/1.1" 404 1089
192.168.10.96 - - [26/Oct/2021:10:47:37 -0300] "GET /cormun/static/Shared/jqueryui/images/ui-icons_8d78a5_256x240.png HTTP/1.1" 404 1089
192.168.10.96 - - [26/Oct/2021:10:47:37 -0300] "GET /cormun/static/Shared/jqueryui/images/ui-bg_flat_55_fafafa_40x100.png HTTP/1.1" 404 1097
192.168.10.96 - - [26/Oct/2021:10:47:37 -0300] "POST /cormun/servlet/vesolicitudgral?ffc22c049923c98ccbc84f523480dbcc,2021,17592,,,gx-no-cache=1635255218266 HTTP/1.1" 200 11936
192.168.10.96 - - [26/Oct/2021:10:47:39 -0300] "POST /cormun/servlet/vesolicitudgral?ffc22c049923c98ccbc84f523480dbcc,2021,17592,,,gx-no-cache=1635255220151 HTTP/1.1" 200 90
192.168.10.96 - - [26/Oct/2021:10:47:39 -0300] "GET /cormun/servlet/hpexe_link HTTP/1.1" 200 971
192.168.10.96 - - [26/Oct/2021:10:47:39 -0300] "GET /cormun/servlet/trsolicitudgral HTTP/1.1" 200 12174
192.168.10.96 - - [26/Oct/2021:10:47:40 -0300] "GET /cormun/servlet/trsolicitudgral HTTP/1.1" 200 12173
192.168.10.96 - - [26/Oct/2021:10:47:47 -0300] "POST /cormun/servlet/trsolicitudgral?ffc22c049923c98ccbc84f523480dbcc,gx-no-cache=1635255227524 HTTP/1.1" 200 8876
192.168.10.96 - - [26/Oct/2021:10:47:47 -0300] "GET /cormun/static/Shared/jqueryui/images/ui-icons_82798d_256x240.png HTTP/1.1" 404 1089
192.168.10.96 - - [26/Oct/2021:10:47:47 -0300] "GET /cormun/static/Shared/jqueryui/images/ui-bg_highlight-soft_100_c6c2c8_1x100.png HTTP/1.1" 404 1117
192.168.10.96 - - [26/Oct/2021:10:47:47 -0300] "GET /cormun/static/Shared/jqueryui/images/ui-bg_flat_55_fafafa_40x100.png HTTP/1.1" 404 1097
192.168.10.96 - - [26/Oct/2021:10:47:47 -0300] "GET /cormun/static/Shared/jqueryui/images/ui-icons_8d78a5_256x240.png HTTP/1.1" 404 1089
192.168.10.96 - - [26/Oct/2021:10:48:37 -0300] "GET /cormun/servlet/trautorizarot? HTTP/1.1" 200 9800
192.168.10.96 - - [26/Oct/2021:10:48:38 -0300] "GET /cormun/servlet/trautorizarot? HTTP/1.1" 200 9799
190.171.143.82 - - [26/Oct/2021:10:48:41 -0300] "POST /cormun/servlet/trautorizarpermisogoce?9c946727f85d021b773404d0c3b81857,,gx-no-cache=1635255419241 HTTP/1.1" 200 4402
190.171.143.82 - - [26/Oct/2021:10:48:42 -0300] "POST /cormun/servlet/trautorizarpermisogoce?9c946727f85d021b773404d0c3b81857,,gx-no-cache=1635255421210 HTTP/1.1" 200 4403
192.168.10.96 - - [26/Oct/2021:10:48:44 -0300] "POST /cormun/servlet/trautorizarot?ffc22c049923c98ccbc84f523480dbcc,,gx-no-cache=1635255285713 HTTP/1.1" 200 5329
190.171.143.82 - - [26/Oct/2021:10:48:46 -0300] "POST /cormun/servlet/trautorizarpermisogoce?9c946727f85d021b773404d0c3b81857,,gx-no-cache=1635255425437 HTTP/1.1" 200 5958
190.171.141.90 - - [26/Oct/2021:10:49:25 -0300] "POST /cormun/servlet/trlicencias?ee2c600c63e5132ae76661f28b6adfe6,,gx-no-cache=1635255465461 HTTP/1.1" 200 14884
192.168.10.96 - - [26/Oct/2021:10:50:56 -0300] "GET /cormun/servlet/trsolicitudgral? HTTP/1.1" 200 11816
192.168.10.96 - - [26/Oct/2021:10:50:57 -0300] "GET /cormun/servlet/trsolicitudgral? HTTP/1.1" 200 11815
207.46.13.44 - - [26/Oct/2021:10:51:10 -0300] "GET /robots.txt HTTP/1.1" 404 981
207.46.13.44 - - [26/Oct/2021:10:51:10 -0300] "GET /robots.txt HTTP/1.1" 404 981
207.46.13.44 - - [26/Oct/2021:10:51:10 -0300] "GET /robots.txt HTTP/1.1" 404 981
207.46.13.44 - - [26/Oct/2021:10:51:10 -0300] "GET /robots.txt HTTP/1.1" 404 981
40.77.190.41 - - [26/Oct/2021:10:51:11 -0300] "GET /cormun/static/Shared/jqueryui/jquery-ui.min.css?1345370 HTTP/1.1" 200 30288
192.168.10.96 - - [26/Oct/2021:10:51:37 -0300] "POST /cormun/servlet/trsolicitudgral?ffc22c049923c98ccbc84f523480dbcc,,gx-no-cache=1635255457838 HTTP/1.1" 200 7669
192.168.10.96 - - [26/Oct/2021:10:51:37 -0300] "GET /cormun/static/Shared/jqueryui/images/ui-bg_highlight-soft_100_c6c2c8_1x100.png HTTP/1.1" 404 1117
192.168.10.96 - - [26/Oct/2021:10:51:37 -0300] "GET /cormun/static/Shared/jqueryui/images/ui-icons_82798d_256x240.png HTTP/1.1" 404 1089
192.168.10.96 - - [26/Oct/2021:10:51:37 -0300] "GET /cormun/static/Shared/jqueryui/images/ui-icons_8d78a5_256x240.png HTTP/1.1" 404 1089
192.168.10.96 - - [26/Oct/2021:10:51:37 -0300] "GET /cormun/static/Shared/jqueryui/images/ui-bg_flat_55_fafafa_40x100.png HTTP/1.1" 404 1097
192.168.10.96 - - [26/Oct/2021:10:51:41 -0300] "GET /cormun/servlet/trautorizarot? HTTP/1.1" 200 10352
192.168.10.96 - - [26/Oct/2021:10:51:41 -0300] "GET /cormun/servlet/trautorizarot? HTTP/1.1" 200 10352
192.168.10.96 - - [26/Oct/2021:10:51:43 -0300] "POST /cormun/servlet/trautorizarot?ffc22c049923c98ccbc84f523480dbcc,,gx-no-cache=1635255464201 HTTP/1.1" 200 5333
200.111.191.213 - - [26/Oct/2021:10:51:53 -0300] "GET /cormun/servlet/trpermisosgoce? HTTP/1.1" 200 7661
200.111.191.213 - - [26/Oct/2021:10:51:54 -0300] "GET /cormun/servlet/trpermisosgoce? HTTP/1.1" 200 7642
200.111.191.213 - - [26/Oct/2021:10:51:55 -0300] "GET /cormun/servlet/permisogoce?INS,0,,, HTTP/1.1" 200 6822
200.111.191.213 - - [26/Oct/2021:10:51:56 -0300] "GET /cormun/servlet/permisogoce?INS,0,,, HTTP/1.1" 200 6820
200.111.191.213 - - [26/Oct/2021:10:52:09 -0300] "GET /cormun/servlet/permisogoce?3cd4e53b9f276d6a89086d0c2ec76127392c1a3547a737f414408e4e8b5b771e202ca4dff0e03e8c421124816c0f83a8201a5f64b00fa7e927223f628fd3a905,gx-no-cache=1635255882821 HTTP/1.1" 200 80
200.111.191.213 - - [26/Oct/2021:10:52:14 -0300] "GET /cormun/servlet/permisogoce?3cd4e53b9f276d6a89086d0c2ec76127288f105f242bb0f63cfd55e29fbeb2c1334363202a0deabc2bd5d717dc39dd60afd23bec531341d533e6054c8588cb72,gx-no-cache=1635255888446 HTTP/1.1" 200 47
200.111.191.213 - - [26/Oct/2021:10:52:16 -0300] "POST /cormun/servlet/permisogoce?02173847cc0fd5009b879c6d1509854c,INS,0,,,,gx-no-cache=1635255890269 HTTP/1.1" 200 93
200.111.191.213 - - [26/Oct/2021:10:52:16 -0300] "GET /cormun/servlet/hpexe_return? HTTP/1.1" 200 1004
200.111.191.213 - - [26/Oct/2021:10:52:17 -0300] "GET /cormun/servlet/trpermisosgoce HTTP/1.1" 200 7645
200.111.191.213 - - [26/Oct/2021:10:52:17 -0300] "GET /cormun/servlet/trpermisosgoce HTTP/1.1" 200 7641
200.111.191.213 - - [26/Oct/2021:10:52:22 -0300] "POST /cormun/servlet/trpermisosgoce?02173847cc0fd5009b879c6d1509854c,gx-no-cache=1635255896448 HTTP/1.1" 200 14447
