190.171.149.90 - - [26/Oct/2021:10:05:44 -0300] "GET /cormun/servlet/trsolicitudot? HTTP/1.1" 200 7166
190.171.143.82 - - [26/Oct/2021:10:05:45 -0300] "GET /cormun/servlet/trpermisosgoce? HTTP/1.1" 200 13414
190.171.143.82 - - [26/Oct/2021:10:05:48 -0300] "POST /cormun/servlet/trpermisosgoce?9c946727f85d021b773404d0c3b81857,,gx-no-cache=1635252846750 HTTP/1.1" 200 10581
190.171.149.90 - - [26/Oct/2021:10:05:49 -0300] "GET /cormun/servlet/solicitudot?INS,0,0,false, HTTP/1.1" 200 15584
190.171.149.90 - - [26/Oct/2021:10:05:49 -0300] "GET /cormun/servlet/solicitudot?INS,0,0,false, HTTP/1.1" 200 15592
190.171.143.82 - - [26/Oct/2021:10:05:53 -0300] "POST /cormun/servlet/trpermisosgoce?9c946727f85d021b773404d0c3b81857,,gx-no-cache=1635252852189 HTTP/1.1" 200 10618
190.171.143.82 - - [26/Oct/2021:10:05:54 -0300] "GET /cormun/static/Shared/jqueryui/images/ui-bg_highlight-soft_100_c6c2c8_1x100.png HTTP/1.1" 404 1117
190.171.143.82 - - [26/Oct/2021:10:05:54 -0300] "GET /cormun/static/Shared/jqueryui/images/ui-icons_82798d_256x240.png HTTP/1.1" 404 1089
190.171.143.82 - - [26/Oct/2021:10:05:54 -0300] "GET /cormun/static/Shared/jqueryui/images/ui-bg_flat_55_fafafa_40x100.png HTTP/1.1" 404 1097
190.171.143.82 - - [26/Oct/2021:10:05:54 -0300] "GET /cormun/static/Shared/jqueryui/images/ui-icons_8d78a5_256x240.png HTTP/1.1" 404 1089
190.171.143.82 - - [26/Oct/2021:10:05:58 -0300] "GET /cormun/servlet/trautorizarpermisogoce? HTTP/1.1" 200 8040
190.171.143.82 - - [26/Oct/2021:10:06:00 -0300] "GET /cormun/servlet/trautorizarpermisogoce? HTTP/1.1" 200 8040
190.171.143.82 - - [26/Oct/2021:10:06:04 -0300] "POST /cormun/servlet/trautorizarpermisogoce?9c946727f85d021b773404d0c3b81857,,gx-no-cache=1635252862964 HTTP/1.1" 200 4523
190.171.149.90 - - [26/Oct/2021:10:06:26 -0300] "POST /cormun/servlet/solicitudot?gx-no-cache=1635252885039 HTTP/1.1" 200 3849
190.171.149.90 - - [26/Oct/2021:10:06:26 -0300] "GET /cormun/static/Shared/jqueryui/images/ui-bg_highlight-soft_100_c6c2c8_1x100.png HTTP/1.1" 404 1117
190.171.149.90 - - [26/Oct/2021:10:06:26 -0300] "GET /cormun/static/Shared/jqueryui/images/ui-bg_flat_55_994d53_40x100.png HTTP/1.1" 404 1097
190.171.149.90 - - [26/Oct/2021:10:06:26 -0300] "GET /cormun/static/Shared/jqueryui/images/ui-icons_82798d_256x240.png HTTP/1.1" 404 1089
190.171.149.90 - - [26/Oct/2021:10:06:26 -0300] "GET /cormun/static/Shared/jqueryui/images/ui-icons_ebccce_256x240.png HTTP/1.1" 404 1089
190.171.154.42 - - [26/Oct/2021:10:06:57 -0300] "GET /cormun/servlet/solicitudot?5d2ba47d0d39e8194277854374b6c2dd25dc32940288da810cf8a47888ef7aa0825098bc1a85eecefc05ab8aa1783edfdea91c3747e5b5044119609f33aea9debaf380e82b403705bb140a3b9300b8c26325e16af3f07bae82b3d824cf4d2a32df32ff83ef9b908abf56baeed6e1a500,gx-no-cache=1635252915354 HTTP/1.1" 200 110
192.168.10.96 - - [26/Oct/2021:10:07:03 -0300] "POST /cormun/servlet/vesolicitudgral?ffc22c049923c98ccbc84f523480dbcc,2021,17602,,,gx-no-cache=1635252784119 HTTP/1.1" 200 90
192.168.10.96 - - [26/Oct/2021:10:07:03 -0300] "GET /cormun/servlet/hpexe_link HTTP/1.1" 200 972
192.168.10.96 - - [26/Oct/2021:10:07:03 -0300] "GET /cormun/servlet/trsolicitudgral? HTTP/1.1" 200 13546
192.168.10.96 - - [26/Oct/2021:10:07:04 -0300] "GET /cormun/servlet/trsolicitudgral? HTTP/1.1" 200 13546
190.171.154.42 - - [26/Oct/2021:10:07:07 -0300] "POST /cormun/servlet/solicitudot?gx-no-cache=1635252926011 HTTP/1.1" 200 110
190.171.154.42 - - [26/Oct/2021:10:07:18 -0300] "GET /cormun/servlet/solicitudot?5d2ba47d0d39e8194277854374b6c2dd25dc32940288da810cf8a47888ef7aa0825098bc1a85eecefc05ab8aa1783edfdea91c3747e5b5044119609f33aea9debaf380e82b403705bb140a3b9300b8c26325e16af3f07bae82b3d824cf4d2a32df32ff83ef9b908abf56baeed6e1a500,gx-no-cache=1635252937027 HTTP/1.1" 200 110
190.171.149.90 - - [26/Oct/2021:10:07:18 -0300] "POST /cormun/servlet/solicitudot?deb59710d52ec3febce5c2709b166cde,INS,0,0,false,,gx-no-cache=1635252938364 HTTP/1.1" 200 93
190.171.149.90 - - [26/Oct/2021:10:07:18 -0300] "GET /cormun/servlet/hpexe_return? HTTP/1.1" 200 1009
190.171.149.90 - - [26/Oct/2021:10:07:18 -0300] "GET /cormun/static/gxcfg.js?201991422392976 HTTP/1.1" 200 953
190.171.149.90 - - [26/Oct/2021:10:07:18 -0300] "GET /cormun/static/hpexe_return.js?201991422392984 HTTP/1.1" 200 1633
190.171.149.90 - - [26/Oct/2021:10:07:19 -0300] "GET /cormun/servlet/trsolicitudot HTTP/1.1" 200 7170
190.171.149.90 - - [26/Oct/2021:10:07:19 -0300] "GET /cormun/servlet/trsolicitudot HTTP/1.1" 200 7166
190.171.154.42 - - [26/Oct/2021:10:07:24 -0300] "GET /cormun/static/menuarrow.gif HTTP/1.1" 404 1015
190.171.154.42 - - [26/Oct/2021:10:09:06 -0300] "GET /cormun/servlet/solicitudot?5d2ba47d0d39e8194277854374b6c2dd8a31fc4fc9511c3d8488ef8e3a690298507323803e80a0c709566412e57e3c07,gx-no-cache=1635253044559 HTTP/1.1" 200 30
190.171.154.42 - - [26/Oct/2021:10:09:06 -0300] "POST /cormun/servlet/solicitudot?gx-no-cache=1635253044671 HTTP/1.1" 200 135
190.171.154.42 - - [26/Oct/2021:10:09:06 -0300] "POST /cormun/servlet/solicitudot?432320984d500515447bd60ec200bef4,INS,0,0,false,,gx-no-cache=1635253044839 HTTP/1.1" 200 13043
190.171.154.42 - - [26/Oct/2021:10:09:35 -0300] "POST /cormun/servlet/solicitudot?432320984d500515447bd60ec200bef4,INS,0,0,false,,gx-no-cache=1635253073462 HTTP/1.1" 200 13092
190.171.154.42 - - [26/Oct/2021:10:10:02 -0300] "POST /cormun/servlet/solicitudot?gx-no-cache=1635253100996 HTTP/1.1" 200 30
190.171.149.90 - - [26/Oct/2021:10:10:26 -0300] "GET /cormun/servlet/hlogin HTTP/1.1" 200 1725
190.171.149.90 - - [26/Oct/2021:10:10:29 -0300] "POST /cormun/servlet/hlogin?deb59710d52ec3febce5c2709b166cde,gx-no-cache=1635253128768 HTTP/1.1" 200 90
190.171.149.90 - - [26/Oct/2021:10:10:29 -0300] "GET /cormun/servlet/hpexe_link HTTP/1.1" 200 957
190.171.149.90 - - [26/Oct/2021:10:10:29 -0300] "GET /cormun/servlet/trsolicitudot HTTP/1.1" 200 7168
190.171.149.90 - - [26/Oct/2021:10:10:29 -0300] "GET /cormun/servlet/trsolicitudot HTTP/1.1" 200 7166
190.171.149.90 - - [26/Oct/2021:10:10:32 -0300] "GET /cormun/servlet/solicitudot?INS,0,0,false, HTTP/1.1" 200 15586
190.171.149.90 - - [26/Oct/2021:10:10:32 -0300] "GET /cormun/servlet/solicitudot?INS,0,0,false, HTTP/1.1" 200 15593
190.171.154.42 - - [26/Oct/2021:10:10:34 -0300] "POST /cormun/servlet/solicitudot?gx-no-cache=1635253132820 HTTP/1.1" 200 30
190.171.154.42 - - [26/Oct/2021:10:10:41 -0300] "POST /cormun/servlet/solicitudot?gx-no-cache=1635253139388 HTTP/1.1" 200 1440
190.171.154.42 - - [26/Oct/2021:10:10:41 -0300] "POST /cormun/servlet/solicitudot?gx-no-cache=1635253139559 HTTP/1.1" 200 40
190.171.154.42 - - [26/Oct/2021:10:10:41 -0300] "GET /cormun/servlet/solicitudot?5d2ba47d0d39e8194277854374b6c2dd25dc32940288da810cf8a47888ef7aa0825098bc1a85eecefc05ab8aa1783edfdea91c3747e5b5044119609f33aea9debaf380e82b403705bb140a3b9300b8c26325e16af3f07bae82b3d824cf4d2a32df32ff83ef9b908abf56baeed6e1a500,gx-no-cache=1635253139608 HTTP/1.1" 200 110
190.171.154.42 - - [26/Oct/2021:10:10:41 -0300] "POST /cormun/servlet/solicitudot?gx-no-cache=1635253139664 HTTP/1.1" 200 97
190.171.154.42 - - [26/Oct/2021:10:10:41 -0300] "POST /cormun/servlet/solicitudot?gx-no-cache=1635253139724 HTTP/1.1" 200 34
190.171.154.42 - - [26/Oct/2021:10:10:41 -0300] "POST /cormun/servlet/solicitudot?432320984d500515447bd60ec200bef4,INS,0,0,false,,gx-no-cache=1635253139801 HTTP/1.1" 200 13107
190.171.149.90 - - [26/Oct/2021:10:10:47 -0300] "POST /cormun/servlet/solicitudot?gx-no-cache=1635253147138 HTTP/1.1" 200 3768
190.171.149.90 - - [26/Oct/2021:10:10:47 -0300] "POST /cormun/servlet/solicitudot?deb59710d52ec3febce5c2709b166cde,INS,0,0,false,,gx-no-cache=1635253147411 HTTP/1.1" 200 12283
190.171.149.90 - - [26/Oct/2021:10:10:50 -0300] "GET /cormun/servlet/solicitudot?20433d69a0bd46005cb1f01f59fcd0829b8b6d1a8426632b5de99f6c17e2b2ba31b61c7dd3b9d41bc957384d82081486,gx-no-cache=1635253150585 HTTP/1.1" 200 111
190.171.149.90 - - [26/Oct/2021:10:10:50 -0300] "GET /cormun/static/Shared/jqueryui/images/ui-bg_highlight-soft_100_c6c2c8_1x100.png HTTP/1.1" 404 1117
190.171.149.90 - - [26/Oct/2021:10:10:50 -0300] "GET /cormun/static/Shared/jqueryui/images/ui-icons_82798d_256x240.png HTTP/1.1" 404 1089
190.171.149.90 - - [26/Oct/2021:10:10:50 -0300] "GET /cormun/static/Shared/jqueryui/images/ui-bg_flat_55_994d53_40x100.png HTTP/1.1" 404 1097
190.171.149.90 - - [26/Oct/2021:10:10:50 -0300] "GET /cormun/static/Shared/jqueryui/images/ui-icons_ebccce_256x240.png HTTP/1.1" 404 1089
190.171.154.42 - - [26/Oct/2021:10:11:18 -0300] "POST /cormun/servlet/solicitudot?gx-no-cache=1635253176507 HTTP/1.1" 200 1440
190.171.154.42 - - [26/Oct/2021:10:11:18 -0300] "POST /cormun/servlet/solicitudot?gx-no-cache=1635253176648 HTTP/1.1" 200 40
190.171.154.42 - - [26/Oct/2021:10:11:18 -0300] "GET /cormun/servlet/solicitudot?5d2ba47d0d39e8194277854374b6c2dd25dc32940288da810cf8a47888ef7aa0825098bc1a85eecefc05ab8aa1783edfdea91c3747e5b5044119609f33aea9debaf380e82b403705bb140a3b9300b8c26325e16af3f07bae82b3d824cf4d2a32df32ff83ef9b908abf56baeed6e1a500,gx-no-cache=1635253176696 HTTP/1.1" 200 110
190.171.154.42 - - [26/Oct/2021:10:11:18 -0300] "POST /cormun/servlet/solicitudot?gx-no-cache=1635253176747 HTTP/1.1" 200 97
190.171.154.42 - - [26/Oct/2021:10:11:18 -0300] "GET /cormun/servlet/solicitudot?5d2ba47d0d39e8194277854374b6c2dd8a31fc4fc9511c3d8488ef8e3a690298507323803e80a0c709566412e57e3c07,gx-no-cache=1635253176801 HTTP/1.1" 200 30
190.171.154.42 - - [26/Oct/2021:10:11:18 -0300] "POST /cormun/servlet/solicitudot?gx-no-cache=1635253176845 HTTP/1.1" 200 34
190.171.149.90 - - [26/Oct/2021:10:11:20 -0300] "POST /cormun/servlet/solicitudot?gx-no-cache=1635253179949 HTTP/1.1" 200 3850
190.171.149.90 - - [26/Oct/2021:10:11:25 -0300] "POST /cormun/servlet/solicitudot?deb59710d52ec3febce5c2709b166cde,INS,0,0,false,,gx-no-cache=1635253185034 HTTP/1.1" 200 93
190.171.149.90 - - [26/Oct/2021:10:11:25 -0300] "GET /cormun/servlet/hpexe_return? HTTP/1.1" 200 1009
190.171.149.90 - - [26/Oct/2021:10:11:25 -0300] "GET /cormun/servlet/trsolicitudot HTTP/1.1" 200 7170
190.171.149.90 - - [26/Oct/2021:10:11:25 -0300] "GET /cormun/servlet/trsolicitudot HTTP/1.1" 200 7166
190.171.154.42 - - [26/Oct/2021:10:11:46 -0300] "POST /cormun/servlet/solicitudot?432320984d500515447bd60ec200bef4,INS,0,0,false,,gx-no-cache=1635253204310 HTTP/1.1" 200 13177
190.171.154.42 - - [26/Oct/2021:10:12:24 -0300] "POST /cormun/servlet/solicitudot?gx-no-cache=1635253242294 HTTP/1.1" 200 3847
190.171.154.42 - - [26/Oct/2021:10:12:24 -0300] "POST /cormun/servlet/solicitudot?432320984d500515447bd60ec200bef4,INS,0,0,false,,gx-no-cache=1635253242841 HTTP/1.1" 200 12994
190.171.154.42 - - [26/Oct/2021:10:12:24 -0300] "GET /cormun/servlet/solicitudot?5d2ba47d0d39e8194277854374b6c2dd1258d31f31ba43df123c4077df72dc8623bd25bb36fad5de14ba26566b1550b6,gx-no-cache=1635253243253 HTTP/1.1" 200 30
190.171.154.42 - - [26/Oct/2021:10:12:24 -0300] "GET /cormun/servlet/solicitudot?5d2ba47d0d39e8194277854374b6c2dd84b8a9a58f4ab46b12e74604f6238dff25c3d396b9ce8ab3de35c0973c45640837c0270a1645ece0241a0d71db8d246c,gx-no-cache=1635253243310 HTTP/1.1" 200 30
190.171.154.42 - - [26/Oct/2021:10:12:24 -0300] "GET /cormun/servlet/solicitudot?5d2ba47d0d39e8194277854374b6c2ddd3f47042bd6c110a7c2938cc8f46add6a215b736ad8a9853bba38fe76b4fb26d4116c8af5c1a9bfbb588b2299df56234de3ca5f2fea3d2a890ea6f22e2adaafddd63d259e048f35bb965ef9f12a49715fbf21de864ef4e5897d3b35db2f20bc5,gx-no-cache=1635253243357 HTTP/1.1" 200 53
190.171.154.42 - - [26/Oct/2021:10:12:24 -0300] "POST /cormun/servlet/solicitudot?gx-no-cache=1635253243421 HTTP/1.1" 200 257
190.171.154.42 - - [26/Oct/2021:10:12:25 -0300] "GET /cormun/servlet/solicitudot?5d2ba47d0d39e8194277854374b6c2dd5e5076144557e4e9c6539f566086a847617954c40beb84755f742c14b8acae6fbb0a7e807f0d3d3560cc5e565692fb4f0f4df05e8d69e7e95de6b7dadd1605a979e9796f8a9435571b21a2164e88e8962d98321dc48940de9f019ee92aff33cecafa8c74861420b1595c4a62ba6c60d5844a9bf9b96659a43b754e1d96abf17119d86dafb22bedff9a2d7ec27fd77f92c94f1027fb6d1eb223cf47ac880c19153695e2e9dad54bf81ea821db6d9d73cff6a6281490e6f586b02f1f27896e6c02260d2817432a32ed9694cef735ca1183106122529485b5e5c67fb9cd7a4a70977d2f94533ccc42b690d7b6ffecf8909eb5830a4c55e4f22895cc608191774f9256d6e80c3220560bddf00d05ee19d46aadb30d69cbe29c7b1b35c2ce0c23c9057427e4bc06ee4daa90339f9dc131391706c198454128790f710f1e0e707e87cecf853b13474efd6260f1e874028a913b87e53770ca614b865ca5f3115f5f6f5edda554ce79fec03e9e09d7c2c87644d3,gx-no-cache=1635253243486 HTTP/1.1" 200 30
190.171.154.42 - - [26/Oct/2021:10:12:25 -0300] "POST /cormun/servlet/solicitudot?gx-no-cache=1635253243537 HTTP/1.1" 200 30
190.171.154.42 - - [26/Oct/2021:10:12:25 -0300] "POST /cormun/servlet/solicitudot?gx-no-cache=1635253243600 HTTP/1.1" 200 1440
190.171.154.42 - - [26/Oct/2021:10:12:25 -0300] "POST /cormun/servlet/solicitudot?gx-no-cache=1635253243739 HTTP/1.1" 200 40
190.171.154.42 - - [26/Oct/2021:10:12:25 -0300] "GET /cormun/servlet/solicitudot?5d2ba47d0d39e8194277854374b6c2dd25dc32940288da810cf8a47888ef7aa0825098bc1a85eecefc05ab8aa1783edfdea91c3747e5b5044119609f33aea9debaf380e82b403705bb140a3b9300b8c26325e16af3f07bae82b3d824cf4d2a32df32ff83ef9b908abf56baeed6e1a500,gx-no-cache=1635253243798 HTTP/1.1" 200 110
190.171.154.42 - - [26/Oct/2021:10:12:25 -0300] "POST /cormun/servlet/solicitudot?gx-no-cache=1635253243886 HTTP/1.1" 200 97
190.171.154.42 - - [26/Oct/2021:10:12:25 -0300] "GET /cormun/servlet/solicitudot?5d2ba47d0d39e8194277854374b6c2dd8a31fc4fc9511c3d8488ef8e3a690298507323803e80a0c709566412e57e3c07,gx-no-cache=1635253243936 HTTP/1.1" 200 30
190.171.154.42 - - [26/Oct/2021:10:12:25 -0300] "POST /cormun/servlet/solicitudot?gx-no-cache=1635253243981 HTTP/1.1" 200 34
190.171.154.42 - - [26/Oct/2021:10:12:26 -0300] "POST /cormun/servlet/solicitudot?432320984d500515447bd60ec200bef4,INS,0,0,false,,gx-no-cache=1635253244043 HTTP/1.1" 200 93
190.171.154.42 - - [26/Oct/2021:10:12:26 -0300] "GET /cormun/servlet/hpexe_return? HTTP/1.1" 200 1009
190.171.154.42 - - [26/Oct/2021:10:12:26 -0300] "GET /cormun/static/gxcfg.js?201991422392976 HTTP/1.1" 200 953
190.171.154.42 - - [26/Oct/2021:10:12:26 -0300] "GET /cormun/static/hpexe_return.js?201991422392984 HTTP/1.1" 200 1633
190.171.154.42 - - [26/Oct/2021:10:12:27 -0300] "GET /cormun/servlet/trsolicitudot HTTP/1.1" 200 11188
190.171.154.42 - - [26/Oct/2021:10:12:29 -0300] "GET /cormun/servlet/trsolicitudot HTTP/1.1" 200 11184
190.171.154.42 - - [26/Oct/2021:10:12:33 -0300] "POST /cormun/servlet/trsolicitudot?432320984d500515447bd60ec200bef4,gx-no-cache=1635253251579 HTTP/1.1" 200 8300
190.171.154.42 - - [26/Oct/2021:10:12:44 -0300] "POST /cormun/servlet/trsolicitudot?432320984d500515447bd60ec200bef4,gx-no-cache=1635253263006 HTTP/1.1" 200 8339
190.171.154.42 - - [26/Oct/2021:10:12:45 -0300] "GET /cormun/static/Shared/jqueryui/images/ui-bg_highlight-soft_100_c6c2c8_1x100.png HTTP/1.1" 404 1117
190.171.154.42 - - [26/Oct/2021:10:12:45 -0300] "GET /cormun/static/Shared/jqueryui/images/ui-icons_82798d_256x240.png HTTP/1.1" 404 1089
190.171.154.42 - - [26/Oct/2021:10:12:45 -0300] "GET /cormun/static/Shared/jqueryui/images/ui-bg_flat_55_fafafa_40x100.png HTTP/1.1" 404 1097
190.171.154.42 - - [26/Oct/2021:10:12:45 -0300] "GET /cormun/static/Shared/jqueryui/images/ui-icons_8d78a5_256x240.png HTTP/1.1" 404 1089
190.171.154.42 - - [26/Oct/2021:10:12:45 -0300] "POST /cormun/servlet/trsolicitudot?432320984d500515447bd60ec200bef4,gx-no-cache=1635253263708 HTTP/1.1" 200 8284
190.171.154.42 - - [26/Oct/2021:10:13:00 -0300] "POST /cormun/servlet/trsolicitudot?432320984d500515447bd60ec200bef4,gx-no-cache=1635253279113 HTTP/1.1" 200 6048
190.171.154.42 - - [26/Oct/2021:10:13:12 -0300] "POST /cormun/servlet/trsolicitudot?432320984d500515447bd60ec200bef4,gx-no-cache=1635253290324 HTTP/1.1" 200 6025
190.171.154.42 - - [26/Oct/2021:10:13:15 -0300] "GET /cormun/servlet/vesolicitudot?2021,17717,, HTTP/1.1" 200 8695
190.171.154.42 - - [26/Oct/2021:10:13:16 -0300] "GET /cormun/pexe_scrolldiv.js HTTP/1.1" 404 1009
190.171.154.42 - - [26/Oct/2021:10:13:16 -0300] "GET /cormun/pexe_scrolldiv.js HTTP/1.1" 404 1009
190.171.154.42 - - [26/Oct/2021:10:13:18 -0300] "GET /cormun/servlet/vesolicitudot?2021,17717,, HTTP/1.1" 200 8693
192.168.10.78 - - [26/Oct/2021:10:13:59 -0300] "GET /cormun/servlet/trsolicitudgral? HTTP/1.1" 500 10
192.168.10.78 - - [26/Oct/2021:10:14:01 -0300] "GET /cormun/servlet/trsolicitudgral? HTTP/1.1" 500 10
190.171.154.42 - - [26/Oct/2021:10:14:13 -0300] "POST /cormun/servlet/vesolicitudot?432320984d500515447bd60ec200bef4,2021,17717,,,gx-no-cache=1635253351840 HTTP/1.1" 200 90
190.171.154.42 - - [26/Oct/2021:10:14:14 -0300] "GET /cormun/servlet/hpexe_link HTTP/1.1" 200 987
190.171.154.42 - - [26/Oct/2021:10:14:14 -0300] "GET /cormun/servlet/trsolicitudot?gx-no-cache=1635253290324 HTTP/1.1" 200 8987
190.171.154.42 - - [26/Oct/2021:10:14:17 -0300] "GET /cormun/servlet/trsolicitudot?gx-no-cache=1635253290324 HTTP/1.1" 200 9006
190.171.154.42 - - [26/Oct/2021:10:14:18 -0300] "POST /cormun/servlet/trsolicitudot?432320984d500515447bd60ec200bef4,gx-no-cache=1635253290324,gx-no-cache=1635253357350 HTTP/1.1" 200 6045
190.171.143.82 - - [26/Oct/2021:10:14:26 -0300] "POST /cormun/servlet/trautorizarpermisogoce?9c946727f85d021b773404d0c3b81857,,gx-no-cache=1635253365037 HTTP/1.1" 200 4403
190.171.143.82 - - [26/Oct/2021:10:14:29 -0300] "GET /cormun/servlet/trpermisosgoce? HTTP/1.1" 200 13411
190.171.143.82 - - [26/Oct/2021:10:14:30 -0300] "GET /cormun/servlet/trpermisosgoce? HTTP/1.1" 200 13410
190.171.143.82 - - [26/Oct/2021:10:14:33 -0300] "POST /cormun/servlet/trpermisosgoce?9c946727f85d021b773404d0c3b81857,,gx-no-cache=1635253371980 HTTP/1.1" 200 10567
190.171.154.42 - - [26/Oct/2021:10:14:37 -0300] "POST /cormun/servlet/trsolicitudot?432320984d500515447bd60ec200bef4,gx-no-cache=1635253290324,gx-no-cache=1635253375504 HTTP/1.1" 200 4627
190.171.154.42 - - [26/Oct/2021:10:14:38 -0300] "POST /cormun/servlet/trsolicitudot?432320984d500515447bd60ec200bef4,gx-no-cache=1635253290324,gx-no-cache=1635253376931 HTTP/1.1" 200 4627
190.171.154.42 - - [26/Oct/2021:10:14:44 -0300] "POST /cormun/servlet/trsolicitudot?432320984d500515447bd60ec200bef4,gx-no-cache=1635253290324,gx-no-cache=1635253382552 HTTP/1.1" 200 8304
190.171.143.82 - - [26/Oct/2021:10:14:45 -0300] "GET /cormun/servlet/trpermisosadjuntos?12515149,20211022080111,P, HTTP/1.1" 200 6671
190.171.143.82 - - [26/Oct/2021:10:14:46 -0300] "GET /cormun/servlet/trpermisosadjuntos?12515149,20211022080111,P, HTTP/1.1" 200 6671
190.171.143.82 - - [26/Oct/2021:10:14:49 -0300] "GET /cormun/servlet/permisosadjuntos?INS,12515149,P,20211022080111,, HTTP/1.1" 200 5995
190.171.143.82 - - [26/Oct/2021:10:14:49 -0300] "GET /cormun/static/about:blank HTTP/1.1" 404 1011
190.171.143.82 - - [26/Oct/2021:10:14:50 -0300] "GET /cormun/servlet/permisosadjuntos?INS,12515149,P,20211022080111,, HTTP/1.1" 200 5985
190.171.154.42 - - [26/Oct/2021:10:15:05 -0300] "POST /cormun/servlet/trsolicitudot?432320984d500515447bd60ec200bef4,gx-no-cache=1635253290324,gx-no-cache=1635253403663 HTTP/1.1" 200 8282
190.171.154.42 - - [26/Oct/2021:10:15:11 -0300] "POST /cormun/servlet/trsolicitudot?432320984d500515447bd60ec200bef4,gx-no-cache=1635253290324,gx-no-cache=1635253409961 HTTP/1.1" 200 8282
190.171.154.42 - - [26/Oct/2021:10:15:17 -0300] "POST /cormun/servlet/trsolicitudot?432320984d500515447bd60ec200bef4,gx-no-cache=1635253290324,gx-no-cache=1635253415957 HTTP/1.1" 200 8304
192.168.10.96 - - [26/Oct/2021:10:16:24 -0300] "POST /cormun/servlet/trsolicitudgral?ffc22c049923c98ccbc84f523480dbcc,,gx-no-cache=1635253345731 HTTP/1.1" 200 7475
190.171.154.42 - - [26/Oct/2021:10:16:27 -0300] "POST /cormun/servlet/trsolicitudot?432320984d500515447bd60ec200bef4,gx-no-cache=1635253290324,gx-no-cache=1635253485064 HTTP/1.1" 200 6045
192.168.10.96 - - [26/Oct/2021:10:16:41 -0300] "POST /cormun/servlet/trsolicitudgral?ffc22c049923c98ccbc84f523480dbcc,,gx-no-cache=1635253362583 HTTP/1.1" 200 7477
192.168.10.96 - - [26/Oct/2021:10:16:42 -0300] "POST /cormun/servlet/trsolicitudgral?ffc22c049923c98ccbc84f523480dbcc,,gx-no-cache=1635253363726 HTTP/1.1" 200 7477
192.168.10.96 - - [26/Oct/2021:10:16:46 -0300] "POST /cormun/servlet/trsolicitudgral?ffc22c049923c98ccbc84f523480dbcc,,gx-no-cache=1635253367086 HTTP/1.1" 200 7477
192.168.10.96 - - [26/Oct/2021:10:16:46 -0300] "POST /cormun/servlet/trsolicitudgral?ffc22c049923c98ccbc84f523480dbcc,,gx-no-cache=1635253367317 HTTP/1.1" 200 7476
192.168.10.96 - - [26/Oct/2021:10:16:46 -0300] "POST /cormun/servlet/trsolicitudgral?ffc22c049923c98ccbc84f523480dbcc,,gx-no-cache=1635253367542 HTTP/1.1" 200 7478
190.171.154.42 - - [26/Oct/2021:10:16:48 -0300] "POST /cormun/servlet/trsolicitudot?432320984d500515447bd60ec200bef4,gx-no-cache=1635253290324,gx-no-cache=1635253506589 HTTP/1.1" 200 6023
190.171.154.42 - - [26/Oct/2021:10:16:48 -0300] "POST /cormun/servlet/trsolicitudot?432320984d500515447bd60ec200bef4,gx-no-cache=1635253290324,gx-no-cache=1635253507143 HTTP/1.1" 200 6023
190.171.154.42 - - [26/Oct/2021:10:16:54 -0300] "POST /cormun/servlet/trsolicitudot?432320984d500515447bd60ec200bef4,gx-no-cache=1635253290324,gx-no-cache=1635253513194 HTTP/1.1" 200 6023
190.171.154.42 - - [26/Oct/2021:10:16:56 -0300] "POST /cormun/servlet/trsolicitudot?432320984d500515447bd60ec200bef4,gx-no-cache=1635253290324,gx-no-cache=1635253514800 HTTP/1.1" 200 6023
190.171.154.42 - - [26/Oct/2021:10:17:07 -0300] "GET /cormun/servlet/trautorizarsolicitud? HTTP/1.1" 200 8898
190.171.154.42 - - [26/Oct/2021:10:17:07 -0300] "GET /cormun/static/gxcfg.js?201991422414522 HTTP/1.1" 200 953
190.171.154.42 - - [26/Oct/2021:10:17:07 -0300] "GET /cormun/static/trautorizarsolicitud.js?201991422415463 HTTP/1.1" 200 53910
190.171.154.42 - - [26/Oct/2021:10:17:09 -0300] "GET /cormun/servlet/trautorizarsolicitud? HTTP/1.1" 200 8879
190.171.154.42 - - [26/Oct/2021:10:17:15 -0300] "POST /cormun/servlet/trautorizarsolicitud?432320984d500515447bd60ec200bef4,,gx-no-cache=1635253534170 HTTP/1.1" 200 4782
190.171.154.42 - - [26/Oct/2021:10:17:15 -0300] "GET /cormun/static/Shared/jqueryui/images/ui-bg_highlight-soft_100_c6c2c8_1x100.png HTTP/1.1" 404 1117
190.171.154.42 - - [26/Oct/2021:10:17:15 -0300] "GET /cormun/static/Shared/jqueryui/images/ui-icons_82798d_256x240.png HTTP/1.1" 404 1089
190.171.154.42 - - [26/Oct/2021:10:17:15 -0300] "GET /cormun/static/Shared/jqueryui/images/ui-icons_8d78a5_256x240.png HTTP/1.1" 404 1089
190.171.154.42 - - [26/Oct/2021:10:17:15 -0300] "GET /cormun/static/Shared/jqueryui/images/ui-bg_flat_55_fafafa_40x100.png HTTP/1.1" 404 1097
190.171.154.42 - - [26/Oct/2021:10:17:16 -0300] "POST /cormun/servlet/trautorizarsolicitud?432320984d500515447bd60ec200bef4,,gx-no-cache=1635253534523 HTTP/1.1" 200 4553
190.171.154.42 - - [26/Oct/2021:10:17:23 -0300] "POST /cormun/servlet/trautorizarsolicitud?432320984d500515447bd60ec200bef4,,gx-no-cache=1635253542272 HTTP/1.1" 200 5985
185.173.35.45 - - [26/Oct/2021:10:17:25 -0300] "GET / HTTP/1.0" 200 11197
190.171.154.42 - - [26/Oct/2021:10:17:26 -0300] "GET /cormun/servlet/veautorizarsolicitud?2021,17717,, HTTP/1.1" 200 8700
190.171.154.42 - - [26/Oct/2021:10:17:26 -0300] "GET /cormun/static/gxcfg.js?201991422424023 HTTP/1.1" 200 953
190.171.154.42 - - [26/Oct/2021:10:17:26 -0300] "GET /cormun/pexe_scrolldiv.js HTTP/1.1" 404 1009
190.171.154.42 - - [26/Oct/2021:10:17:26 -0300] "GET /cormun/static/veautorizarsolicitud.js?201991422424092 HTTP/1.1" 200 6140
190.171.154.42 - - [26/Oct/2021:10:17:27 -0300] "GET /cormun/static/tbautorizarsolicitud01.js?201991419252835 HTTP/1.1" 200 30580
190.171.154.42 - - [26/Oct/2021:10:17:27 -0300] "GET /cormun/pexe_scrolldiv.js HTTP/1.1" 404 1009
190.171.154.42 - - [26/Oct/2021:10:17:28 -0300] "GET /cormun/servlet/veautorizarsolicitud?2021,17717,, HTTP/1.1" 200 8699
192.168.10.78 - - [26/Oct/2021:10:17:46 -0300] "GET /cormun/servlet/hlogin HTTP/1.1" 200 1723
192.168.10.78 - - [26/Oct/2021:10:17:54 -0300] "POST /cormun/servlet/hlogin?0a06488e613cde3eb202152decce5e1e,gx-no-cache=1635253435048 HTTP/1.1" 200 90
192.168.10.78 - - [26/Oct/2021:10:17:54 -0300] "GET /cormun/servlet/hpexe_link HTTP/1.1" 200 947
192.168.10.78 - - [26/Oct/2021:10:17:54 -0300] "GET /cormun/servlet/hhome HTTP/1.1" 200 3823
192.168.10.78 - - [26/Oct/2021:10:17:54 -0300] "GET /cormun/servlet/hhome HTTP/1.1" 200 3819
192.168.10.78 - - [26/Oct/2021:10:17:59 -0300] "GET /cormun/servlet/trsolicitudgral? HTTP/1.1" 200 29612
192.168.10.78 - - [26/Oct/2021:10:17:59 -0300] "GET /cormun/servlet/trsolicitudgral? HTTP/1.1" 200 29609
192.168.10.78 - - [26/Oct/2021:10:18:12 -0300] "POST /cormun/servlet/trsolicitudgral?0a06488e613cde3eb202152decce5e1e,,gx-no-cache=1635253452602 HTTP/1.1" 200 27367
192.168.10.78 - - [26/Oct/2021:10:18:14 -0300] "POST /cormun/servlet/trsolicitudgral?0a06488e613cde3eb202152decce5e1e,,gx-no-cache=1635253454752 HTTP/1.1" 200 10860
192.168.10.78 - - [26/Oct/2021:10:18:20 -0300] "POST /cormun/servlet/trsolicitudgral?0a06488e613cde3eb202152decce5e1e,,gx-no-cache=1635253461112 HTTP/1.1" 200 27367
192.168.10.78 - - [26/Oct/2021:10:18:22 -0300] "GET /cormun/servlet/trautorizarot? HTTP/1.1" 200 8154
192.168.10.78 - - [26/Oct/2021:10:18:22 -0300] "GET /cormun/servlet/trautorizarot? HTTP/1.1" 200 8153
192.168.10.78 - - [26/Oct/2021:10:18:25 -0300] "GET /cormun/servlet/trsolicitudgral? HTTP/1.1" 200 29609
192.168.10.78 - - [26/Oct/2021:10:18:26 -0300] "GET /cormun/servlet/trsolicitudgral? HTTP/1.1" 200 29609
192.168.10.78 - - [26/Oct/2021:10:18:43 -0300] "POST /cormun/servlet/trsolicitudgral?0a06488e613cde3eb202152decce5e1e,,gx-no-cache=1635253484657 HTTP/1.1" 200 6682
192.168.10.78 - - [26/Oct/2021:10:18:45 -0300] "GET /cormun/servlet/vesolicitudgral?2021,17575,, HTTP/1.1" 200 8481
192.168.10.78 - - [26/Oct/2021:10:18:45 -0300] "GET /cormun/pexe_scrolldiv.js HTTP/1.1" 404 1009
192.168.10.78 - - [26/Oct/2021:10:18:45 -0300] "GET /cormun/pexe_scrolldiv.js HTTP/1.1" 404 1009
192.168.10.78 - - [26/Oct/2021:10:18:45 -0300] "GET /cormun/servlet/vesolicitudgral?2021,17575,, HTTP/1.1" 200 8481
157.55.39.44 - - [26/Oct/2021:10:19:59 -0300] "GET /cormun/servlet/solicitudot?INS,0,0,false, HTTP/1.1" 200 14732
157.55.39.5 - - [26/Oct/2021:10:20:14 -0300] "GET /cormun/static/solicitudot.js?20203414242792 HTTP/1.1" 200 74114
40.77.167.1 - - [26/Oct/2021:10:20:19 -0300] "GET /cormun/static/gxcfg.js?20203414241232 HTTP/1.1" 200 953
207.46.13.120 - - [26/Oct/2021:10:20:23 -0300] "GET /cormun/static/hwchdr01.js?20201214473739 HTTP/1.1" 200 996
190.171.143.82 - - [26/Oct/2021:10:20:45 -0300] "GET /cormun/servlet/trpermisosgoce? HTTP/1.1" 200 13428
190.171.143.82 - - [26/Oct/2021:10:20:47 -0300] "GET /cormun/servlet/trpermisosgoce? HTTP/1.1" 200 13410
190.171.143.82 - - [26/Oct/2021:10:20:49 -0300] "POST /cormun/servlet/trpermisosgoce?9c946727f85d021b773404d0c3b81857,,gx-no-cache=1635253747902 HTTP/1.1" 200 10579
190.171.143.82 - - [26/Oct/2021:10:21:33 -0300] "GET /cormun/servlet/trpermisosadjuntos?12515149,20211022080111,P, HTTP/1.1" 200 6671
190.171.143.82 - - [26/Oct/2021:10:21:34 -0300] "GET /cormun/servlet/trpermisosadjuntos?12515149,20211022080111,P, HTTP/1.1" 200 6671
190.171.143.82 - - [26/Oct/2021:10:21:37 -0300] "GET /cormun/servlet/permisosadjuntos?INS,12515149,P,20211022080111,, HTTP/1.1" 200 5998
190.171.143.82 - - [26/Oct/2021:10:21:37 -0300] "GET /cormun/static/about:blank HTTP/1.1" 404 1011
190.171.143.82 - - [26/Oct/2021:10:21:38 -0300] "GET /cormun/servlet/permisosadjuntos?INS,12515149,P,20211022080111,, HTTP/1.1" 200 5987
190.171.143.82 - - [26/Oct/2021:10:21:57 -0300] "POST /cormun/servlet/permisosadjuntos?9c946727f85d021b773404d0c3b81857,INS,12515149,P,20211022080111,, HTTP/1.1" 200 116
190.171.143.82 - - [26/Oct/2021:10:21:57 -0300] "GET /cormun/servlet/hpexe_return? HTTP/1.1" 200 1037
190.171.143.82 - - [26/Oct/2021:10:21:58 -0300] "GET /cormun/servlet/trpermisosadjuntos?12515149,20211022080111,P, HTTP/1.1" 200 7213
190.171.143.82 - - [26/Oct/2021:10:21:59 -0300] "GET /cormun/servlet/trpermisosadjuntos?12515149,20211022080111,P, HTTP/1.1" 200 7209
190.171.143.82 - - [26/Oct/2021:10:22:04 -0300] "GET /cormun/servlet/trpermisosgoce? HTTP/1.1" 200 13422
190.171.143.82 - - [26/Oct/2021:10:22:05 -0300] "GET /cormun/servlet/trpermisosgoce? HTTP/1.1" 200 13405
190.171.143.82 - - [26/Oct/2021:10:22:09 -0300] "POST /cormun/servlet/trpermisosgoce?9c946727f85d021b773404d0c3b81857,,gx-no-cache=1635253827671 HTTP/1.1" 200 10562
190.171.143.82 - - [26/Oct/2021:10:22:15 -0300] "POST /cormun/servlet/trpermisosgoce?9c946727f85d021b773404d0c3b81857,,gx-no-cache=1635253833389 HTTP/1.1" 200 10592
190.171.143.82 - - [26/Oct/2021:10:22:20 -0300] "GET /cormun/servlet/trautorizarpermisogoce? HTTP/1.1" 200 8026
190.171.143.82 - - [26/Oct/2021:10:22:21 -0300] "GET /cormun/servlet/trautorizarpermisogoce? HTTP/1.1" 200 8026
190.171.143.82 - - [26/Oct/2021:10:22:25 -0300] "POST /cormun/servlet/trautorizarpermisogoce?9c946727f85d021b773404d0c3b81857,,gx-no-cache=1635253843875 HTTP/1.1" 200 4520
192.168.10.78 - - [26/Oct/2021:10:22:32 -0300] "POST /cormun/servlet/vesolicitudgral?0a06488e613cde3eb202152decce5e1e,2021,17575,,,gx-no-cache=1635253713106 HTTP/1.1" 200 90
192.168.10.78 - - [26/Oct/2021:10:22:32 -0300] "GET /cormun/servlet/hpexe_link HTTP/1.1" 200 965
192.168.10.78 - - [26/Oct/2021:10:22:32 -0300] "GET /cormun/servlet/trsolicitudgral? HTTP/1.1" 200 9742
192.168.10.78 - - [26/Oct/2021:10:22:32 -0300] "GET /cormun/servlet/trsolicitudgral? HTTP/1.1" 200 9741
192.168.10.78 - - [26/Oct/2021:10:22:39 -0300] "POST /cormun/servlet/trsolicitudgral?0a06488e613cde3eb202152decce5e1e,,gx-no-cache=1635253719013 HTTP/1.1" 200 26957
192.168.10.78 - - [26/Oct/2021:10:22:45 -0300] "POST /cormun/servlet/trsolicitudgral?0a06488e613cde3eb202152decce5e1e,,gx-no-cache=1635253725903 HTTP/1.1" 200 27366
192.168.10.78 - - [26/Oct/2021:10:22:50 -0300] "POST /cormun/servlet/trsolicitudgral?0a06488e613cde3eb202152decce5e1e,,gx-no-cache=1635253731334 HTTP/1.1" 200 10862
190.171.149.90 - - [26/Oct/2021:10:22:52 -0300] "GET /cormun/servlet/hlogin HTTP/1.1" 200 1725
190.171.149.90 - - [26/Oct/2021:10:22:55 -0300] "POST /cormun/servlet/hlogin?deb59710d52ec3febce5c2709b166cde,gx-no-cache=1635253874694 HTTP/1.1" 200 90
190.171.149.90 - - [26/Oct/2021:10:22:55 -0300] "GET /cormun/servlet/hpexe_link HTTP/1.1" 200 957
190.171.149.90 - - [26/Oct/2021:10:22:55 -0300] "GET /cormun/servlet/trsolicitudot HTTP/1.1" 200 7168
190.171.149.90 - - [26/Oct/2021:10:22:55 -0300] "GET /cormun/servlet/trsolicitudot HTTP/1.1" 200 7166
192.168.10.78 - - [26/Oct/2021:10:22:56 -0300] "POST /cormun/servlet/trsolicitudgral?0a06488e613cde3eb202152decce5e1e,,gx-no-cache=1635253737026 HTTP/1.1" 200 27366
190.171.149.90 - - [26/Oct/2021:10:23:00 -0300] "GET /cormun/servlet/trsolicitudot? HTTP/1.1" 200 7166
190.171.149.90 - - [26/Oct/2021:10:23:00 -0300] "GET /cormun/servlet/trsolicitudot? HTTP/1.1" 200 7166
192.168.10.78 - - [26/Oct/2021:10:23:05 -0300] "GET /cormun/servlet/vesolicitudgral?2021,17642,, HTTP/1.1" 200 8385
192.168.10.78 - - [26/Oct/2021:10:23:05 -0300] "GET /cormun/pexe_scrolldiv.js HTTP/1.1" 404 1009
192.168.10.78 - - [26/Oct/2021:10:23:05 -0300] "GET /cormun/pexe_scrolldiv.js HTTP/1.1" 404 1009
192.168.10.78 - - [26/Oct/2021:10:23:06 -0300] "GET /cormun/servlet/vesolicitudgral?2021,17642,, HTTP/1.1" 200 8385
190.171.149.90 - - [26/Oct/2021:10:23:06 -0300] "GET /cormun/servlet/solicitudot?INS,0,0,false, HTTP/1.1" 200 15585
190.171.149.90 - - [26/Oct/2021:10:23:06 -0300] "GET /cormun/servlet/solicitudot?INS,0,0,false, HTTP/1.1" 200 15592
190.171.149.90 - - [26/Oct/2021:10:23:18 -0300] "POST /cormun/servlet/solicitudot?gx-no-cache=1635253897722 HTTP/1.1" 200 3775
190.171.149.90 - - [26/Oct/2021:10:23:18 -0300] "POST /cormun/servlet/solicitudot?deb59710d52ec3febce5c2709b166cde,INS,0,0,false,,gx-no-cache=1635253897908 HTTP/1.1" 200 12287
190.171.149.90 - - [26/Oct/2021:10:23:20 -0300] "GET /cormun/servlet/solicitudot?20433d69a0bd46005cb1f01f59fcd082bd06e160c1a40b2b738031d1c87d2b65894b527cc59d0dd00facac8df14ebe47,gx-no-cache=1635253900247 HTTP/1.1" 200 30
186.103.156.166 - - [26/Oct/2021:10:23:47 -0300] "GET /cormun/servlet/hlogin HTTP/1.1" 200 1730
186.103.156.166 - - [26/Oct/2021:10:23:47 -0300] "GET /cormun/servlet/hlogin HTTP/1.1" 200 1740
190.171.143.82 - - [26/Oct/2021:10:23:48 -0300] "GET /cormun/servlet/trpermisosgoce? HTTP/1.1" 200 13386
190.171.143.82 - - [26/Oct/2021:10:23:50 -0300] "GET /cormun/servlet/trpermisosgoce? HTTP/1.1" 200 13386
190.171.143.82 - - [26/Oct/2021:10:23:53 -0300] "POST /cormun/servlet/trpermisosgoce?9c946727f85d021b773404d0c3b81857,,gx-no-cache=1635253931787 HTTP/1.1" 200 10549
186.103.156.166 - - [26/Oct/2021:10:23:59 -0300] "POST /cormun/servlet/hlogin?afca9e328f95c64a466394d389dc2199,gx-no-cache=1635253940333 HTTP/1.1" 200 90
186.103.156.166 - - [26/Oct/2021:10:24:00 -0300] "GET /cormun/servlet/hpexe_link HTTP/1.1" 200 956
186.103.156.166 - - [26/Oct/2021:10:24:00 -0300] "GET /cormun/servlet/hhome HTTP/1.1" 200 3856
186.103.156.166 - - [26/Oct/2021:10:24:01 -0300] "GET /cormun/servlet/hhome HTTP/1.1" 200 3853
186.103.156.166 - - [26/Oct/2021:10:24:06 -0300] "GET /cormun/servlet/trpermisosgoce? HTTP/1.1" 200 10173
186.103.156.166 - - [26/Oct/2021:10:24:07 -0300] "GET /cormun/servlet/trpermisosgoce? HTTP/1.1" 200 10171
186.103.156.166 - - [26/Oct/2021:10:24:11 -0300] "GET /cormun/servlet/permisogoce?INS,0,,, HTTP/1.1" 200 6717
186.103.156.166 - - [26/Oct/2021:10:24:12 -0300] "GET /cormun/servlet/permisogoce?INS,0,,, HTTP/1.1" 200 6717
190.171.149.74 - - [26/Oct/2021:10:24:20 -0300] "GET /cormun/servlet/hlogin HTTP/1.1" 200 1729
186.103.156.166 - - [26/Oct/2021:10:24:22 -0300] "GET /cormun/servlet/permisogoce?dc471d71c76552074f9a0e8bcaea6a7c94161f38021a5c7d0b12091a66cc1f760c75cd970b2153ed2e496c34e0759100db7f0a1fd2b3c42183c8584cefb64a20,gx-no-cache=1635253963243 HTTP/1.1" 200 82
186.103.156.166 - - [26/Oct/2021:10:24:25 -0300] "GET /cormun/static/menuarrow.gif HTTP/1.1" 404 1015
190.171.149.74 - - [26/Oct/2021:10:24:27 -0300] "POST /cormun/servlet/hlogin?1fdd830ae1ecf20d25b28b402dfab587,gx-no-cache=1635257600074 HTTP/1.1" 200 90
190.171.149.74 - - [26/Oct/2021:10:24:27 -0300] "GET /cormun/servlet/hpexe_link HTTP/1.1" 200 956
190.171.149.74 - - [26/Oct/2021:10:24:27 -0300] "GET /cormun/servlet/hhome HTTP/1.1" 200 3984
190.171.149.74 - - [26/Oct/2021:10:24:27 -0300] "GET /cormun/servlet/hhome HTTP/1.1" 200 3980
190.171.149.74 - - [26/Oct/2021:10:24:30 -0300] "GET /cormun/servlet/trpermisosgoce? HTTP/1.1" 200 13750
190.171.149.74 - - [26/Oct/2021:10:24:31 -0300] "GET /cormun/servlet/trpermisosgoce? HTTP/1.1" 200 13747
186.103.156.166 - - [26/Oct/2021:10:24:33 -0300] "GET /cormun/servlet/permisogoce?dc471d71c76552074f9a0e8bcaea6a7c5c509acc8133b9857ade9bc5de28e68a095787cc0f68f6bf86ce1441b8c9d59eced2b33db984a6bca81c7f55619edd5f,gx-no-cache=1635253974285 HTTP/1.1" 200 47
190.171.149.74 - - [26/Oct/2021:10:24:34 -0300] "GET /cormun/servlet/permisogoce?INS,0,,, HTTP/1.1" 200 6847
190.171.149.74 - - [26/Oct/2021:10:24:34 -0300] "GET /cormun/servlet/permisogoce?INS,0,,, HTTP/1.1" 200 6847
190.171.149.90 - - [26/Oct/2021:10:24:39 -0300] "GET /cormun/servlet/prbanco?,MD,,gxPopupLevel%3D0%3B HTTP/1.1" 200 6504
186.103.156.166 - - [26/Oct/2021:10:24:39 -0300] "POST /cormun/servlet/permisogoce?afca9e328f95c64a466394d389dc2199,INS,0,,,,gx-no-cache=1635253979953 HTTP/1.1" 200 93
186.103.156.166 - - [26/Oct/2021:10:24:39 -0300] "GET /cormun/servlet/hpexe_return? HTTP/1.1" 200 1014
186.103.156.166 - - [26/Oct/2021:10:24:40 -0300] "GET /cormun/servlet/trpermisosgoce HTTP/1.1" 200 10486
186.103.156.166 - - [26/Oct/2021:10:24:40 -0300] "GET /cormun/servlet/trpermisosgoce HTTP/1.1" 200 10482
186.103.156.166 - - [26/Oct/2021:10:24:43 -0300] "GET /cormun/servlet/apermisogoceprn?15445818,P,20211026101012,PU HTTP/1.1" 200 1658
190.171.149.90 - - [26/Oct/2021:10:24:44 -0300] "GET /cormun/servlet/solicitudot?20433d69a0bd46005cb1f01f59fcd0827768d76f03501c5319cd013a75f6a502,gx-no-cache=1635253984677 HTTP/1.1" 200 94
190.171.149.90 - - [26/Oct/2021:10:24:45 -0300] "GET /cormun/static/Shared/jqueryui/images/ui-bg_highlight-soft_100_c6c2c8_1x100.png HTTP/1.1" 404 1117
190.171.149.90 - - [26/Oct/2021:10:24:45 -0300] "GET /cormun/static/Shared/jqueryui/images/ui-icons_82798d_256x240.png HTTP/1.1" 404 1089
190.171.149.90 - - [26/Oct/2021:10:24:45 -0300] "GET /cormun/static/Shared/jqueryui/images/ui-bg_flat_55_994d53_40x100.png HTTP/1.1" 404 1097
190.171.149.90 - - [26/Oct/2021:10:24:45 -0300] "GET /cormun/static/Shared/jqueryui/images/ui-icons_ebccce_256x240.png HTTP/1.1" 404 1089
190.171.149.90 - - [26/Oct/2021:10:24:45 -0300] "GET /cormun/servlet/solicitudot?20433d69a0bd46005cb1f01f59fcd082f0ec53c9bc560164ebaa8f05584024a3,gx-no-cache=1635253985472 HTTP/1.1" 200 53
190.171.149.90 - - [26/Oct/2021:10:25:27 -0300] "POST /cormun/servlet/solicitudot?gx-no-cache=1635254027248 HTTP/1.1" 200 297
190.171.149.90 - - [26/Oct/2021:10:25:28 -0300] "GET /cormun/servlet/solicitudot?20433d69a0bd46005cb1f01f59fcd082f80bc2b5611fe33ecccc9e9b92983c64702938114ab3389608f8fb1d174ffb890dd119ab403f29fa2626e54e638f978f86f7fbd4616e9591b4bf82848d0783cff85496b346629b97cab58e9a89b7e8cbf35c5eddda60d9295896b8d695b3189a2e2a5d2d0906c6619a53f6a7631a3689922604fe559edd9b9972addc54a5775637928f3adbfdef225bc14c08c8be7dc0be4e262fa8d85d7d2127ba737e12f8ba2b988dc9394d098e752b2fe0678b706c4b45bea477dc6135af90909584b2c51837122ae5185f6de00bcfb74516ca36c03aa97cdf91d1c3e9497bf4b84eab16525eb5906d5cd7e5fe30293d610614c0cb2556175ae4cb3b7fe45cdafa1cc41ba16678e1a7c21beae5e281e4c5daace3240f674b61208c346ba84d6832afc34b0fd7635ffee7407170c3d42efea29dc4cc7f7e063cb310ad0314740e5a7680a5e73c6338bb0d1ea1960779e2029408ebb6a12ff6a7a6ee97c9203946a19e7db7c946232250cefb0b64d454900fe4460a9f15bdcdc90853177f1484cfe0dbcca575,gx-no-cache=1635254028511 HTTP/1.1" 200 30
190.171.149.90 - - [26/Oct/2021:10:25:31 -0300] "POST /cormun/servlet/solicitudot?gx-no-cache=1635254030788 HTTP/1.1" 200 30
186.103.156.166 - - [26/Oct/2021:10:27:41 -0300] "GET /cormun/servlet/trpermisosadjuntos?15445818,20211026101012,P, HTTP/1.1" 200 6179
186.103.156.166 - - [26/Oct/2021:10:27:42 -0300] "GET /cormun/servlet/trpermisosadjuntos?15445818,20211026101012,P, HTTP/1.1" 200 6180
186.103.156.166 - - [26/Oct/2021:10:27:45 -0300] "GET /cormun/servlet/permisosadjuntos?INS,15445818,P,20211026101012,, HTTP/1.1" 200 5496
186.103.156.166 - - [26/Oct/2021:10:27:45 -0300] "GET /cormun/static/about:blank HTTP/1.1" 404 1011
186.103.156.166 - - [26/Oct/2021:10:27:45 -0300] "GET /cormun/servlet/permisosadjuntos?INS,15445818,P,20211026101012,, HTTP/1.1" 200 5486
190.171.149.74 - - [26/Oct/2021:10:28:25 -0300] "GET /cormun/servlet/permisogoce?ab1634fe9ddc96da8512a5575f9c20d1777974dc4e0bb35f6769646ce9d406c6b75b6766be14c73f82997c17e74b921ca18a84be36848dc655133ec95a93ab9b,gx-no-cache=1635257837615 HTTP/1.1" 200 77
190.171.149.74 - - [26/Oct/2021:10:28:27 -0300] "GET /cormun/static/menuarrow.gif HTTP/1.1" 404 1015
190.171.149.74 - - [26/Oct/2021:10:28:31 -0300] "GET /cormun/servlet/permisogoce?ab1634fe9ddc96da8512a5575f9c20d11b75b52a82425a8db752025d7dfc1e3d8d31152e9d2a27467ce529e97da8b8997600da898dc661f6b813c7212f6ba467,gx-no-cache=1635257844427 HTTP/1.1" 200 46
190.171.149.74 - - [26/Oct/2021:10:28:58 -0300] "POST /cormun/servlet/permisogoce?1fdd830ae1ecf20d25b28b402dfab587,INS,0,,,,gx-no-cache=1635257870594 HTTP/1.1" 200 93
190.171.149.74 - - [26/Oct/2021:10:28:58 -0300] "GET /cormun/servlet/hpexe_return? HTTP/1.1" 200 1014
190.171.149.74 - - [26/Oct/2021:10:28:58 -0300] "GET /cormun/servlet/trpermisosgoce HTTP/1.1" 200 13965
190.171.149.74 - - [26/Oct/2021:10:28:59 -0300] "GET /cormun/servlet/trpermisosgoce HTTP/1.1" 200 13960
190.171.149.74 - - [26/Oct/2021:10:29:02 -0300] "GET /cormun/servlet/apermisogoceprn?26625010,P,20211026101035,PU HTTP/1.1" 200 1640
190.171.143.82 - - [26/Oct/2021:10:29:32 -0300] "GET /cormun/servlet/trpermisosadjuntos?15126226,20210928130012,P, HTTP/1.1" 200 6671
190.171.143.82 - - [26/Oct/2021:10:29:35 -0300] "GET /cormun/servlet/trpermisosadjuntos?15126226,20210928130012,P, HTTP/1.1" 200 6671
192.168.10.78 - - [26/Oct/2021:10:30:07 -0300] "POST /cormun/servlet/vesolicitudgral?0a06488e613cde3eb202152decce5e1e,2021,17642,,,gx-no-cache=1635254168688 HTTP/1.1" 200 11966
192.168.10.78 - - [26/Oct/2021:10:30:08 -0300] "GET /cormun/static/Shared/jqueryui/images/ui-bg_highlight-soft_100_c6c2c8_1x100.png HTTP/1.1" 404 1117
192.168.10.78 - - [26/Oct/2021:10:30:08 -0300] "GET /cormun/static/Shared/jqueryui/images/ui-icons_82798d_256x240.png HTTP/1.1" 404 1089
192.168.10.78 - - [26/Oct/2021:10:30:08 -0300] "GET /cormun/static/Shared/jqueryui/images/ui-icons_8d78a5_256x240.png HTTP/1.1" 404 1089
192.168.10.78 - - [26/Oct/2021:10:30:08 -0300] "GET /cormun/static/Shared/jqueryui/images/ui-bg_flat_55_fafafa_40x100.png HTTP/1.1" 404 1097
192.168.10.78 - - [26/Oct/2021:10:30:08 -0300] "POST /cormun/servlet/vesolicitudgral?0a06488e613cde3eb202152decce5e1e,2021,17642,,,gx-no-cache=1635254168915 HTTP/1.1" 200 11899
186.103.156.166 - - [26/Oct/2021:10:30:14 -0300] "POST /cormun/servlet/permisosadjuntos?afca9e328f95c64a466394d389dc2199,INS,15445818,P,20211026101012,, HTTP/1.1" 200 116
186.103.156.166 - - [26/Oct/2021:10:30:14 -0300] "GET /cormun/servlet/hpexe_return? HTTP/1.1" 200 1041
186.103.156.166 - - [26/Oct/2021:10:30:14 -0300] "GET /cormun/servlet/trpermisosadjuntos?15445818,20211026101012,P, HTTP/1.1" 200 6653
186.103.156.166 - - [26/Oct/2021:10:30:14 -0300] "GET /cormun/servlet/trpermisosadjuntos?15445818,20211026101012,P, HTTP/1.1" 200 6650
192.168.10.78 - - [26/Oct/2021:10:30:15 -0300] "GET /cormun/servlet/trautorizarot? HTTP/1.1" 200 9582
192.168.10.78 - - [26/Oct/2021:10:30:15 -0300] "GET /cormun/servlet/trautorizarot? HTTP/1.1" 200 9577
186.103.156.166 - - [26/Oct/2021:10:30:19 -0300] "POST /cormun/servlet/trpermisosadjuntos?afca9e328f95c64a466394d389dc2199,15445818,20211026101012,P,,gx-no-cache=1635254319783 HTTP/1.1" 200 90
186.103.156.166 - - [26/Oct/2021:10:30:19 -0300] "GET /cormun/servlet/hpexe_link HTTP/1.1" 200 987
186.103.156.166 - - [26/Oct/2021:10:30:19 -0300] "GET /cormun/servlet/trpermisosgoce HTTP/1.1" 200 10483
186.103.156.166 - - [26/Oct/2021:10:30:19 -0300] "GET /cormun/servlet/trpermisosgoce HTTP/1.1" 200 10482
192.168.10.78 - - [26/Oct/2021:10:30:19 -0300] "POST /cormun/servlet/trautorizarot?0a06488e613cde3eb202152decce5e1e,,gx-no-cache=1635254180602 HTTP/1.1" 200 5357
190.171.143.82 - - [26/Oct/2021:10:30:21 -0300] "GET /cormun/servlet/permisosadjuntos?INS,15126226,P,20210928130012,, HTTP/1.1" 200 6003
190.171.143.82 - - [26/Oct/2021:10:30:21 -0300] "GET /cormun/static/about:blank HTTP/1.1" 404 1011
190.171.143.82 - - [26/Oct/2021:10:30:23 -0300] "GET /cormun/servlet/permisosadjuntos?INS,15126226,P,20210928130012,, HTTP/1.1" 200 5993
186.103.156.166 - - [26/Oct/2021:10:30:28 -0300] "POST /cormun/servlet/trpermisosgoce?afca9e328f95c64a466394d389dc2199,gx-no-cache=1635254329001 HTTP/1.1" 200 7871
186.103.156.166 - - [26/Oct/2021:10:30:28 -0300] "GET /cormun/static/Shared/jqueryui/images/ui-bg_highlight-soft_100_c6c2c8_1x100.png HTTP/1.1" 404 1117
186.103.156.166 - - [26/Oct/2021:10:30:28 -0300] "GET /cormun/static/Shared/jqueryui/images/ui-icons_82798d_256x240.png HTTP/1.1" 404 1089
186.103.156.166 - - [26/Oct/2021:10:30:28 -0300] "GET /cormun/static/Shared/jqueryui/images/ui-icons_8d78a5_256x240.png HTTP/1.1" 404 1089
186.103.156.166 - - [26/Oct/2021:10:30:28 -0300] "GET /cormun/static/Shared/jqueryui/images/ui-bg_flat_55_fafafa_40x100.png HTTP/1.1" 404 1097
192.168.10.78 - - [26/Oct/2021:10:30:29 -0300] "POST /cormun/servlet/trautorizarot?0a06488e613cde3eb202152decce5e1e,,gx-no-cache=1635254190237 HTTP/1.1" 200 90
192.168.10.78 - - [26/Oct/2021:10:30:29 -0300] "GET /cormun/servlet/hpexe_link HTTP/1.1" 200 970
192.168.10.78 - - [26/Oct/2021:10:30:29 -0300] "GET /cormun/servlet/vesolicitudgral?2021,17642,, HTTP/1.1" 200 8390
192.168.10.78 - - [26/Oct/2021:10:30:29 -0300] "GET /cormun/pexe_scrolldiv.js HTTP/1.1" 404 1009
192.168.10.78 - - [26/Oct/2021:10:30:29 -0300] "GET /cormun/pexe_scrolldiv.js HTTP/1.1" 404 1009
192.168.10.78 - - [26/Oct/2021:10:30:30 -0300] "GET /cormun/servlet/vesolicitudgral?2021,17642,, HTTP/1.1" 200 8388
186.103.156.166 - - [26/Oct/2021:10:30:40 -0300] "GET /cormun/servlet/hlogin HTTP/1.1" 200 1747
190.171.143.82 - - [26/Oct/2021:10:30:41 -0300] "POST /cormun/servlet/permisosadjuntos?9c946727f85d021b773404d0c3b81857,INS,15126226,P,20210928130012,, HTTP/1.1" 200 116
190.171.143.82 - - [26/Oct/2021:10:30:41 -0300] "GET /cormun/servlet/hpexe_return? HTTP/1.1" 200 1036
190.171.143.82 - - [26/Oct/2021:10:30:42 -0300] "GET /cormun/servlet/trpermisosadjuntos?15126226,20210928130012,P, HTTP/1.1" 200 7217
190.171.143.82 - - [26/Oct/2021:10:30:43 -0300] "GET /cormun/servlet/trpermisosadjuntos?15126226,20210928130012,P, HTTP/1.1" 200 7213
190.171.154.42 - - [26/Oct/2021:10:30:44 -0300] "GET /cormun/servlet/veautorizarsolicitud?2021,17717,, HTTP/1.1" 200 8700
190.171.154.42 - - [26/Oct/2021:10:30:45 -0300] "GET /cormun/pexe_scrolldiv.js HTTP/1.1" 404 1009
192.168.10.78 - - [26/Oct/2021:10:30:45 -0300] "GET /cormun/servlet/vesolicitudgral?2021,17642,,SolicitudOTAdjuntos HTTP/1.1" 200 10881
192.168.10.78 - - [26/Oct/2021:10:30:45 -0300] "GET /cormun/pexe_scrolldiv.js HTTP/1.1" 404 1009
192.168.10.78 - - [26/Oct/2021:10:30:45 -0300] "GET /cormun/pexe_scrolldiv.js HTTP/1.1" 404 1009
190.171.154.42 - - [26/Oct/2021:10:30:46 -0300] "GET /cormun/pexe_scrolldiv.js HTTP/1.1" 404 1009
192.168.10.78 - - [26/Oct/2021:10:30:46 -0300] "GET /cormun/servlet/vesolicitudgral?2021,17642,,SolicitudOTAdjuntos HTTP/1.1" 200 10885
192.168.10.78 - - [26/Oct/2021:10:30:46 -0300] "POST /cormun/servlet/acontrolpreferencessavestate?None,RRHH+CATALINA+CACERES,true HTTP/1.1" 200 35
190.171.154.42 - - [26/Oct/2021:10:30:48 -0300] "GET /cormun/servlet/veautorizarsolicitud?2021,17717,, HTTP/1.1" 200 8699
192.168.10.78 - - [26/Oct/2021:10:30:49 -0300] "GET /cormun/PublicTempStorage/marianela_torrealba_aguilera_%28c._antecedentes%296974148.pdf HTTP/1.1" 200 714897
190.171.154.42 - - [26/Oct/2021:10:30:53 -0300] "GET /cormun/servlet/trlicencias? HTTP/1.1" 200 12732
190.171.154.42 - - [26/Oct/2021:10:30:55 -0300] "GET /cormun/servlet/trlicencias? HTTP/1.1" 200 12721
186.103.157.42 - - [26/Oct/2021:10:30:57 -0300] "GET /cormun/servlet/hlogin HTTP/1.1" 200 1728
186.103.157.42 - - [26/Oct/2021:10:30:57 -0300] "GET /cormun/servlet/hlogin HTTP/1.1" 200 1738
186.103.156.166 - - [26/Oct/2021:10:30:58 -0300] "POST /cormun/servlet/hlogin?afca9e328f95c64a466394d389dc2199,gx-no-cache=1635254359069 HTTP/1.1" 200 90
186.103.156.166 - - [26/Oct/2021:10:30:58 -0300] "GET /cormun/servlet/hpexe_link HTTP/1.1" 200 956
186.103.156.166 - - [26/Oct/2021:10:30:58 -0300] "GET /cormun/servlet/hhome HTTP/1.1" 200 4319
186.103.156.166 - - [26/Oct/2021:10:30:59 -0300] "GET /cormun/servlet/hhome HTTP/1.1" 200 4315
190.171.154.42 - - [26/Oct/2021:10:31:03 -0300] "POST /cormun/servlet/trlicencias?432320984d500515447bd60ec200bef4,,gx-no-cache=1635254361356 HTTP/1.1" 200 5482
186.103.156.166 - - [26/Oct/2021:10:31:03 -0300] "GET /cormun/servlet/trautorizarpermisogoce? HTTP/1.1" 200 8007
186.103.156.166 - - [26/Oct/2021:10:31:04 -0300] "GET /cormun/servlet/trautorizarpermisogoce? HTTP/1.1" 200 8006
186.103.157.42 - - [26/Oct/2021:10:31:06 -0300] "POST /cormun/servlet/hlogin?61baa1470996b423ef26c1d5bda78ff8,gx-no-cache=1635254366963 HTTP/1.1" 200 90
186.103.157.42 - - [26/Oct/2021:10:31:06 -0300] "GET /cormun/servlet/hpexe_link HTTP/1.1" 200 953
186.103.157.42 - - [26/Oct/2021:10:31:07 -0300] "GET /cormun/servlet/hhome HTTP/1.1" 200 4362
186.103.157.42 - - [26/Oct/2021:10:31:07 -0300] "GET /cormun/servlet/hhome HTTP/1.1" 200 4358
190.171.154.42 - - [26/Oct/2021:10:31:08 -0300] "POST /cormun/servlet/trlicencias?432320984d500515447bd60ec200bef4,,gx-no-cache=1635254367194 HTTP/1.1" 200 5755
186.103.156.166 - - [26/Oct/2021:10:31:12 -0300] "POST /cormun/servlet/trautorizarpermisogoce?afca9e328f95c64a466394d389dc2199,,gx-no-cache=1635254373360 HTTP/1.1" 200 4516
186.103.156.166 - - [26/Oct/2021:10:31:13 -0300] "GET /cormun/static/Shared/jqueryui/images/ui-bg_highlight-soft_100_c6c2c8_1x100.png HTTP/1.1" 404 1117
186.103.156.166 - - [26/Oct/2021:10:31:13 -0300] "GET /cormun/static/Shared/jqueryui/images/ui-icons_82798d_256x240.png HTTP/1.1" 404 1089
186.103.156.166 - - [26/Oct/2021:10:31:13 -0300] "GET /cormun/static/Shared/jqueryui/images/ui-icons_8d78a5_256x240.png HTTP/1.1" 404 1089
186.103.156.166 - - [26/Oct/2021:10:31:13 -0300] "GET /cormun/static/Shared/jqueryui/images/ui-bg_flat_55_fafafa_40x100.png HTTP/1.1" 404 1097
186.103.157.42 - - [26/Oct/2021:10:31:13 -0300] "GET /cormun/servlet/trlicencias? HTTP/1.1" 200 13168
186.103.157.42 - - [26/Oct/2021:10:31:14 -0300] "GET /cormun/servlet/trlicencias? HTTP/1.1" 200 13162
186.103.156.166 - - [26/Oct/2021:10:31:25 -0300] "GET /cormun/servlet/hlogin HTTP/1.1" 200 1754
192.168.10.78 - - [26/Oct/2021:10:31:31 -0300] "GET /cormun/servlet/vesolicitudgral?2021,17642,,SolicitudOTAdjuntos HTTP/1.1" 200 10886
192.168.10.78 - - [26/Oct/2021:10:31:32 -0300] "GET /cormun/servlet/vesolicitudgral?2021,17642,,SolicitudOTAdjuntos HTTP/1.1" 200 10884
192.168.10.78 - - [26/Oct/2021:10:31:33 -0300] "POST /cormun/servlet/acontrolpreferencessavestate?None,RRHH+CATALINA+CACERES,true HTTP/1.1" 200 35
186.103.156.166 - - [26/Oct/2021:10:31:36 -0300] "POST /cormun/servlet/hlogin?afca9e328f95c64a466394d389dc2199,gx-no-cache=1635254397589 HTTP/1.1" 200 90
186.103.156.166 - - [26/Oct/2021:10:31:37 -0300] "GET /cormun/servlet/hpexe_link HTTP/1.1" 200 956
186.103.156.166 - - [26/Oct/2021:10:31:37 -0300] "GET /cormun/servlet/hhome HTTP/1.1" 200 3856
186.103.156.166 - - [26/Oct/2021:10:31:37 -0300] "GET /cormun/servlet/hhome HTTP/1.1" 200 3853
192.168.10.78 - - [26/Oct/2021:10:31:40 -0300] "GET /cormun/PublicTempStorage/marianela_torrealba_aguilera_%28cv%291689421.pdf HTTP/1.1" 200 442543
186.103.156.166 - - [26/Oct/2021:10:31:47 -0300] "GET /cormun/servlet/trpermisosgoce? HTTP/1.1" 200 10400
