186.67.172.234 - - [25/Oct/2021:15:03:30 -0300] "GET /cormun/static/hmpwkw011.js?20201215495555 HTTP/1.1" 200 1968
200.111.191.213 - - [25/Oct/2021:15:03:31 -0300] "GET /cormun/servlet/apermisogoceprn?16110947,P,20211025144912,PU HTTP/1.1" 200 1658
186.67.172.234 - - [25/Oct/2021:15:03:34 -0300] "GET /cormun/servlet/solicitudot?0691081da896f351cd36028fbfeb651c3c71819c302c269b15b46d8869340f7d1d331896ce432230253efe3cb0ceab6b8ef0d21cc7ca7bc20c3457480c1279b7,gx-no-cache=1635184315783 HTTP/1.1" 200 30
186.67.172.234 - - [25/Oct/2021:15:03:41 -0300] "GET /cormun/servlet/solicitudot?0691081da896f351cd36028fbfeb651cc21f4343818bc703e9adca1d59b3eb85,gx-no-cache=1635184322629 HTTP/1.1" 200 53
186.67.172.234 - - [25/Oct/2021:15:04:00 -0300] "POST /cormun/servlet/solicitudot?gx-no-cache=1635184341132 HTTP/1.1" 200 240
186.67.172.234 - - [25/Oct/2021:15:04:02 -0300] "GET /cormun/servlet/solicitudot?0691081da896f351cd36028fbfeb651c2fb653776de7e896435f73d3f09d204659f482c8d988117e0cafc2ec83cba62eecfb568b613ac228962fce1ab80ed35ea0ec41f4d2a70f8c640dd665ec154b83341ae67635d17f44466b994ca89d10a31a38c76b7197d9048f943a511afc1cdc7c2e5a0429c213bdaa6a3fc07c9556cdfa99084a6e5eb756331a3def604e7fb6345a3a2c0ce1893e4be01a1f01d41526a5168eac1662f01c0ce2a9e943ec48e9e7a9b7cf1aabe7ca8041ebd46bfddba7879a94458a99c212b0365f9d18e662d3423b8f70528377f25939abe48584c65a533d34398faa37fbb814b667906095aa17c67641573b5c1bb56465247607e2ffc36839bbdf1050d6017aad7fbd1641fb8adafd161c0c941e8816401c236d32cd3a3b65d51cb2b77de7d973798bc5fe6b9f55a15116651078699a188790674a459fd70a995bfb62edc30904481ff63136b8ce9deb0e5d27e7e89e2d75203ded8aa5ec73e525316346eff12d2773b52012a8b4914d90eff65afd988322c99085d1,gx-no-cache=1635184343109 HTTP/1.1" 200 30
186.67.172.234 - - [25/Oct/2021:15:04:05 -0300] "POST /cormun/servlet/solicitudot?gx-no-cache=1635184345938 HTTP/1.1" 200 30
186.67.172.234 - - [25/Oct/2021:15:04:16 -0300] "GET /cormun/servlet/prlicenciaspermisos?17461688,L,,MD,,gxPopupLevel%3D0%3B HTTP/1.1" 200 5639
186.67.172.234 - - [25/Oct/2021:15:04:16 -0300] "GET /cormun/static/gxcfg.js?2020121559567 HTTP/1.1" 200 953
186.67.172.234 - - [25/Oct/2021:15:04:16 -0300] "GET /cormun/static/prlicenciaspermisos.js?2020121559821 HTTP/1.1" 200 13379
186.67.172.234 - - [25/Oct/2021:15:04:19 -0300] "POST /cormun/servlet/solicitudot?gx-no-cache=1635184360039 HTTP/1.1" 200 1442
186.67.172.234 - - [25/Oct/2021:15:04:21 -0300] "POST /cormun/servlet/solicitudot?gx-no-cache=1635184362389 HTTP/1.1" 200 40
200.83.224.3 - - [25/Oct/2021:15:04:33 -0300] "POST /cormun/servlet/trlicencias?bb5d585b294cc7af8756934a6ef20fbd,,gx-no-cache=1635184373250 HTTP/1.1" 200 8996
200.83.224.3 - - [25/Oct/2021:15:04:33 -0300] "GET /cormun/static/Shared/jqueryui/images/ui-bg_highlight-soft_100_c6c2c8_1x100.png HTTP/1.1" 404 1117
200.83.224.3 - - [25/Oct/2021:15:04:33 -0300] "GET /cormun/static/Shared/jqueryui/images/ui-icons_82798d_256x240.png HTTP/1.1" 404 1089
200.83.224.3 - - [25/Oct/2021:15:04:33 -0300] "GET /cormun/static/Shared/jqueryui/images/ui-bg_flat_55_fafafa_40x100.png HTTP/1.1" 404 1097
200.83.224.3 - - [25/Oct/2021:15:04:33 -0300] "GET /cormun/static/Shared/jqueryui/images/ui-icons_8d78a5_256x240.png HTTP/1.1" 404 1089
186.67.172.234 - - [25/Oct/2021:15:04:38 -0300] "GET /cormun/servlet/solicitudot?0691081da896f351cd36028fbfeb651c3aaf7aca3638a2f785f45a290d7e5b7d974253967d2084d066cc0a8ebbe6ff1e5ce847e2eaed48ff75a066b0b7f930e401f6de2b2a86ffaeb1bcca9d0c2100f01bbd8a00c7abf04c8c3444a6aab7dd6ce65020cf8549276532b73a7c204a19ab,gx-no-cache=1635184379294 HTTP/1.1" 200 110
186.67.172.234 - - [25/Oct/2021:15:04:38 -0300] "POST /cormun/servlet/solicitudot?gx-no-cache=1635184379327 HTTP/1.1" 200 97
181.212.43.89 - - [25/Oct/2021:15:04:44 -0300] "GET /cormun/servlet/hlogin HTTP/1.1" 200 1729
181.212.43.89 - - [25/Oct/2021:15:04:50 -0300] "POST /cormun/servlet/hlogin?4d69da83200a352da6e640aac3800350,gx-no-cache=1635184391491 HTTP/1.1" 200 90
181.212.43.89 - - [25/Oct/2021:15:04:50 -0300] "GET /cormun/servlet/hpexe_link HTTP/1.1" 200 956
181.212.43.89 - - [25/Oct/2021:15:04:50 -0300] "GET /cormun/servlet/hhome HTTP/1.1" 200 3995
181.212.43.89 - - [25/Oct/2021:15:04:50 -0300] "GET /cormun/static/gxcfg.js?20201215495537 HTTP/1.1" 200 953
181.212.43.89 - - [25/Oct/2021:15:04:50 -0300] "GET /cormun/static/hhome.js?20201215495544 HTTP/1.1" 200 777
186.67.172.234 - - [25/Oct/2021:15:04:51 -0300] "GET /cormun/servlet/solicitudot?0691081da896f351cd36028fbfeb651c31bb876635b27b48bcf96227cae556f4c8dc07e656565cd4bb94559fee8883bbe3d9826df98cce545ff1d3e02a88bdd7b2e26d4f98a8bca486a199fe06bf017575511a9b5d236485fe272361f5f8addf8374c643dd21be1eef720273386ebe1f,gx-no-cache=1635184392363 HTTP/1.1" 200 29
186.67.172.234 - - [25/Oct/2021:15:04:51 -0300] "GET /cormun/static/menuarrow.gif HTTP/1.1" 404 1015
181.212.43.89 - - [25/Oct/2021:15:04:51 -0300] "GET /cormun/servlet/hhome HTTP/1.1" 200 3991
181.212.43.89 - - [25/Oct/2021:15:05:14 -0300] "GET /cormun/servlet/trpermisosgoce? HTTP/1.1" 200 11222
181.212.43.89 - - [25/Oct/2021:15:05:15 -0300] "GET /cormun/servlet/trpermisosgoce? HTTP/1.1" 200 11223
200.83.224.3 - - [25/Oct/2021:15:05:17 -0300] "GET /cormun/static/menuarrow.gif HTTP/1.1" 404 1015
181.212.43.89 - - [25/Oct/2021:15:05:17 -0300] "GET /cormun/servlet/permisogoce?INS,0,,, HTTP/1.1" 200 6856
181.212.43.89 - - [25/Oct/2021:15:05:18 -0300] "GET /cormun/servlet/permisogoce?INS,0,,, HTTP/1.1" 200 6856
186.67.172.234 - - [25/Oct/2021:15:05:19 -0300] "GET /cormun/servlet/solicitudot?0691081da896f351cd36028fbfeb651c3d11d9b3edadbeacaca6cf87823a3d9abe2309871b6cf8b21bc66f462e088fa0,gx-no-cache=1635184420342 HTTP/1.1" 200 30
186.67.172.234 - - [25/Oct/2021:15:05:19 -0300] "POST /cormun/servlet/solicitudot?gx-no-cache=1635184420364 HTTP/1.1" 200 34
190.171.142.42 - - [25/Oct/2021:15:05:25 -0300] "GET /cormun/servlet/hlogin HTTP/1.1" 200 1729
181.212.43.89 - - [25/Oct/2021:15:05:27 -0300] "GET /cormun/servlet/permisogoce?17ee467e8c03f11365c1e141a05caf56059c0526d4983e5253c2cb8d4ef316274aacdf0ada4c7b9743f2dee6b16835a5b3af240e1a0dccf4f3e29288b448db93,gx-no-cache=1635184428484 HTTP/1.1" 200 78
190.171.142.42 - - [25/Oct/2021:15:05:30 -0300] "POST /cormun/servlet/hlogin?1b09772ecdcf121151d8a7bea4a92a37,gx-no-cache=1635184430566 HTTP/1.1" 200 90
190.171.142.42 - - [25/Oct/2021:15:05:30 -0300] "GET /cormun/servlet/hpexe_link HTTP/1.1" 200 953
190.171.142.42 - - [25/Oct/2021:15:05:30 -0300] "GET /cormun/servlet/hhome HTTP/1.1" 200 4274
190.171.142.42 - - [25/Oct/2021:15:05:30 -0300] "GET /cormun/servlet/hhome HTTP/1.1" 200 4270
181.212.43.89 - - [25/Oct/2021:15:05:31 -0300] "GET /cormun/static/menuarrow.gif HTTP/1.1" 404 1015
190.171.142.42 - - [25/Oct/2021:15:05:33 -0300] "GET /cormun/servlet/trlicencias? HTTP/1.1" 200 11387
190.171.142.42 - - [25/Oct/2021:15:05:33 -0300] "GET /cormun/servlet/trlicencias? HTTP/1.1" 200 11384
190.171.142.42 - - [25/Oct/2021:15:05:37 -0300] "POST /cormun/servlet/trlicencias?1b09772ecdcf121151d8a7bea4a92a37,,gx-no-cache=1635184437321 HTTP/1.1" 200 8936
181.212.43.89 - - [25/Oct/2021:15:05:38 -0300] "GET /cormun/servlet/permisogoce?17ee467e8c03f11365c1e141a05caf56e3faa4f6c3aaee482e7edb4cb735f2ef8c3ec058bc8ce93835e12c36ad55c8ce10f2fe30fbbe96d955afca0dfdb112a1,gx-no-cache=1635184439021 HTTP/1.1" 200 46
181.212.43.89 - - [25/Oct/2021:15:05:42 -0300] "POST /cormun/servlet/permisogoce?4d69da83200a352da6e640aac3800350,INS,0,,,,gx-no-cache=1635184442641 HTTP/1.1" 200 93
181.212.43.89 - - [25/Oct/2021:15:05:42 -0300] "GET /cormun/servlet/hpexe_return? HTTP/1.1" 200 1015
181.212.43.89 - - [25/Oct/2021:15:05:42 -0300] "GET /cormun/servlet/trpermisosgoce HTTP/1.1" 200 11514
181.212.43.89 - - [25/Oct/2021:15:05:43 -0300] "GET /cormun/servlet/trpermisosgoce HTTP/1.1" 200 11509
181.212.43.89 - - [25/Oct/2021:15:05:46 -0300] "GET /cormun/servlet/apermisogoceprn?17873491,P,20211025145119,PU HTTP/1.1" 200 1675
186.67.172.234 - - [25/Oct/2021:15:05:47 -0300] "POST /cormun/servlet/solicitudot?0a0c6a44f5c02099b0571ffd906953e6,INS,0,0,false,,gx-no-cache=1635184447781 HTTP/1.1" 200 93
186.67.172.234 - - [25/Oct/2021:15:05:47 -0300] "GET /cormun/servlet/hpexe_return? HTTP/1.1" 200 1011
186.67.172.234 - - [25/Oct/2021:15:05:47 -0300] "GET /cormun/servlet/trsolicitudot HTTP/1.1" 200 8911
186.67.172.234 - - [25/Oct/2021:15:05:47 -0300] "GET /cormun//static/Resources/PXToolsActionView.png HTTP/1.1" 200 398
186.67.172.234 - - [25/Oct/2021:15:05:47 -0300] "GET /cormun//static/Resources/PXToolsRemoveAllAction.png HTTP/1.1" 200 487
186.67.172.234 - - [25/Oct/2021:15:05:47 -0300] "GET /cormun/servlet/trsolicitudot HTTP/1.1" 200 8910
186.67.172.234 - - [25/Oct/2021:15:05:50 -0300] "POST /cormun/servlet/trsolicitudot?0a0c6a44f5c02099b0571ffd906953e6,gx-no-cache=1635184451000 HTTP/1.1" 200 107
186.67.172.234 - - [25/Oct/2021:15:05:50 -0300] "GET /cormun/servlet/trsolicitudadjuntos?2021,17715, HTTP/1.1" 200 6475
186.67.172.234 - - [25/Oct/2021:15:05:50 -0300] "GET /cormun/static/gxcfg.js?20201215574222 HTTP/1.1" 200 953
186.67.172.234 - - [25/Oct/2021:15:05:50 -0300] "GET /cormun/static/Resources/PXToolsGridNew.png HTTP/1.1" 200 427
186.67.172.234 - - [25/Oct/2021:15:05:50 -0300] "GET /cormun/static/trsolicitudadjuntos.js?20201215574932 HTTP/1.1" 200 17922
186.67.172.234 - - [25/Oct/2021:15:05:50 -0300] "GET /cormun/servlet/trsolicitudadjuntos?2021,17715, HTTP/1.1" 200 6475
186.67.172.234 - - [25/Oct/2021:15:05:55 -0300] "GET /cormun/servlet/solicitudotadjuntos?INS,2021,17715,,1, HTTP/1.1" 200 6415
186.67.172.234 - - [25/Oct/2021:15:05:55 -0300] "GET /cormun/static/gxcfg.js?202012157947 HTTP/1.1" 200 953
186.67.172.234 - - [25/Oct/2021:15:05:55 -0300] "GET /cormun/static/solicitudotadjuntos.js?202012157966 HTTP/1.1" 200 11771
186.67.172.234 - - [25/Oct/2021:15:05:55 -0300] "GET /cormun/static/about:blank HTTP/1.1" 404 1011
186.67.172.234 - - [25/Oct/2021:15:05:55 -0300] "GET /cormun/servlet/solicitudotadjuntos?INS,2021,17715,,1, HTTP/1.1" 200 6408
186.67.172.234 - - [25/Oct/2021:15:05:56 -0300] "GET /cormun/servlet/solicitudotadjuntos?0691081da896f351cd36028fbfeb651cb128b33a507913bd72027f13a55a6fb6870bb916256a04d4141adebb5039fff6,gx-no-cache=1635184456917 HTTP/1.1" 200 30
186.67.172.234 - - [25/Oct/2021:15:05:56 -0300] "POST /cormun/servlet/solicitudotadjuntos?0a0c6a44f5c02099b0571ffd906953e6,INS,2021,17715,,1,,gx-no-cache=1635184456943 HTTP/1.1" 200 4186
200.83.224.3 - - [25/Oct/2021:15:05:56 -0300] "GET /cormun/servlet/licenciaspermisos?INS,0,,, HTTP/1.1" 200 6753
200.83.224.3 - - [25/Oct/2021:15:05:57 -0300] "GET /cormun/static/gxcfg.js?202012153173 HTTP/1.1" 200 953
200.83.224.3 - - [25/Oct/2021:15:05:57 -0300] "GET /cormun/static/licenciaspermisos.js?2020121532136 HTTP/1.1" 200 38824
186.67.172.234 - - [25/Oct/2021:15:05:57 -0300] "POST /cormun/servlet/solicitudotadjuntos?gx-no-cache=1635184458277 HTTP/1.1" 200 26
200.83.224.3 - - [25/Oct/2021:15:05:58 -0300] "GET /cormun/static/Resources/prompt.gif HTTP/1.1" 200 902
200.83.224.3 - - [25/Oct/2021:15:05:59 -0300] "GET /cormun/servlet/hlogin HTTP/1.1" 200 1748
200.83.224.3 - - [25/Oct/2021:15:05:59 -0300] "GET /cormun/servlet/licenciaspermisos?INS,0,,, HTTP/1.1" 200 6767
190.171.152.114 - - [25/Oct/2021:15:06:01 -0300] "GET /cormun/servlet/hlogin HTTP/1.1" 200 1726
186.156.194.228 - - [25/Oct/2021:15:06:05 -0300] "GET /cormun/servlet/hhome HTTP/1.1" 200 3315
181.212.43.89 - - [25/Oct/2021:15:06:07 -0300] "GET /cormun/servlet/trpermisosadjuntos?17873491,20211025145119,P, HTTP/1.1" 200 6318
181.212.43.89 - - [25/Oct/2021:15:06:07 -0300] "GET /cormun/servlet/trpermisosadjuntos?17873491,20211025145119,P, HTTP/1.1" 200 6319
186.67.172.234 - - [25/Oct/2021:15:06:07 -0300] "GET /cormun/servlet/solicitudotadjuntos?0691081da896f351cd36028fbfeb651c6718fff616f39c5678b0732c319be4e7,gx-no-cache=1635184468755 HTTP/1.1" 200 30
186.67.172.234 - - [25/Oct/2021:15:06:07 -0300] "GET /cormun/servlet/solicitudotadjuntos?0691081da896f351cd36028fbfeb651c6718fff616f39c5678b0732c319be4e7,gx-no-cache=1635184468765 HTTP/1.1" 200 30
186.67.172.234 - - [25/Oct/2021:15:06:08 -0300] "POST /cormun/servlet/solicitudotadjuntos?0a0c6a44f5c02099b0571ffd906953e6,INS,2021,17715,,1, HTTP/1.1" 200 116
186.67.172.234 - - [25/Oct/2021:15:06:08 -0300] "GET /cormun/servlet/hpexe_return? HTTP/1.1" 200 1028
186.67.172.234 - - [25/Oct/2021:15:06:08 -0300] "GET /cormun/servlet/trsolicitudadjuntos?2021,17715, HTTP/1.1" 200 9255
186.67.172.234 - - [25/Oct/2021:15:06:08 -0300] "GET /cormun/servlet/trsolicitudadjuntos?2021,17715, HTTP/1.1" 200 9254
186.156.194.228 - - [25/Oct/2021:15:06:08 -0300] "GET /cormun/servlet/hhome HTTP/1.1" 200 3328
186.156.194.228 - - [25/Oct/2021:15:06:08 -0300] "GET /cormun/servlet/hhome HTTP/1.1" 200 3328
186.156.194.228 - - [25/Oct/2021:15:06:08 -0300] "GET /cormun/servlet/hlogin HTTP/1.1" 200 1738
181.212.43.89 - - [25/Oct/2021:15:06:09 -0300] "GET /cormun/servlet/permisosadjuntos?INS,17873491,P,20211025145119,, HTTP/1.1" 200 5637
181.212.43.89 - - [25/Oct/2021:15:06:09 -0300] "GET /cormun/static/about:blank HTTP/1.1" 404 1011
181.212.43.89 - - [25/Oct/2021:15:06:10 -0300] "GET /cormun/servlet/permisosadjuntos?INS,17873491,P,20211025145119,, HTTP/1.1" 200 5628
186.67.172.234 - - [25/Oct/2021:15:06:10 -0300] "GET /cormun/servlet/solicitudotadjuntos?INS,2021,17715,,1, HTTP/1.1" 200 6415
186.67.172.234 - - [25/Oct/2021:15:06:10 -0300] "GET /cormun/static/about:blank HTTP/1.1" 404 1011
186.67.172.234 - - [25/Oct/2021:15:06:10 -0300] "GET /cormun/servlet/solicitudotadjuntos?INS,2021,17715,,1, HTTP/1.1" 200 6408
186.67.172.234 - - [25/Oct/2021:15:06:10 -0300] "GET /cormun/servlet/solicitudotadjuntos?0691081da896f351cd36028fbfeb651cb128b33a507913bd72027f13a55a6fb6870bb916256a04d4141adebb5039fff6,gx-no-cache=1635184471833 HTTP/1.1" 200 30
186.67.172.234 - - [25/Oct/2021:15:06:11 -0300] "POST /cormun/servlet/solicitudotadjuntos?0a0c6a44f5c02099b0571ffd906953e6,INS,2021,17715,,1,,gx-no-cache=1635184471848 HTTP/1.1" 200 4187
190.171.152.114 - - [25/Oct/2021:15:06:12 -0300] "POST /cormun/servlet/hlogin?91f38e37535c70074125d043d0a5fd23,gx-no-cache=1635184472816 HTTP/1.1" 200 90
190.171.152.114 - - [25/Oct/2021:15:06:12 -0300] "GET /cormun/servlet/hpexe_link HTTP/1.1" 200 952
190.171.152.114 - - [25/Oct/2021:15:06:12 -0300] "GET /cormun/servlet/hhome HTTP/1.1" 200 4306
190.171.152.114 - - [25/Oct/2021:15:06:12 -0300] "GET /cormun/servlet/hhome HTTP/1.1" 200 4302
186.67.172.234 - - [25/Oct/2021:15:06:13 -0300] "POST /cormun/servlet/solicitudotadjuntos?gx-no-cache=1635184474378 HTTP/1.1" 200 26
200.83.224.3 - - [25/Oct/2021:15:06:14 -0300] "POST /cormun/servlet/hlogin?070051f3b3afa9542697878b02187ee9,gx-no-cache=1635184474490 HTTP/1.1" 200 90
200.83.224.3 - - [25/Oct/2021:15:06:14 -0300] "GET /cormun/servlet/hpexe_link HTTP/1.1" 200 964
200.83.224.3 - - [25/Oct/2021:15:06:14 -0300] "GET /cormun/servlet/licenciaspermisos?INS,0,,, HTTP/1.1" 200 7743
186.156.194.228 - - [25/Oct/2021:15:06:14 -0300] "POST /cormun/servlet/hlogin?8cf4736118ed77ae7fbecb47c5c2a863,gx-no-cache=1635184474837 HTTP/1.1" 200 90
186.156.194.228 - - [25/Oct/2021:15:06:15 -0300] "GET /cormun/servlet/hpexe_link HTTP/1.1" 200 951
186.156.194.228 - - [25/Oct/2021:15:06:15 -0300] "GET /cormun/servlet/hhome HTTP/1.1" 200 4334
186.156.194.228 - - [25/Oct/2021:15:06:15 -0300] "GET /cormun/servlet/hhome HTTP/1.1" 200 4330
200.83.224.3 - - [25/Oct/2021:15:06:15 -0300] "GET /cormun/servlet/licenciaspermisos?INS,0,,, HTTP/1.1" 200 7750
190.171.152.114 - - [25/Oct/2021:15:06:15 -0300] "GET /cormun/servlet/trlicencias? HTTP/1.1" 200 13474
190.171.152.114 - - [25/Oct/2021:15:06:16 -0300] "GET /cormun/servlet/trlicencias? HTTP/1.1" 200 13479
186.67.172.234 - - [25/Oct/2021:15:06:18 -0300] "GET /cormun/servlet/solicitudotadjuntos?0691081da896f351cd36028fbfeb651c6718fff616f39c5678b0732c319be4e7,gx-no-cache=1635184479283 HTTP/1.1" 200 30
186.67.172.234 - - [25/Oct/2021:15:06:18 -0300] "GET /cormun/servlet/solicitudotadjuntos?0691081da896f351cd36028fbfeb651c6718fff616f39c5678b0732c319be4e7,gx-no-cache=1635184479293 HTTP/1.1" 200 30
186.67.172.234 - - [25/Oct/2021:15:06:18 -0300] "POST /cormun/servlet/solicitudotadjuntos?0a0c6a44f5c02099b0571ffd906953e6,INS,2021,17715,,1, HTTP/1.1" 200 116
186.67.172.234 - - [25/Oct/2021:15:06:18 -0300] "GET /cormun/servlet/hpexe_return? HTTP/1.1" 200 1028
186.67.172.234 - - [25/Oct/2021:15:06:19 -0300] "GET /cormun/servlet/trsolicitudadjuntos?2021,17715, HTTP/1.1" 200 9475
186.156.194.228 - - [25/Oct/2021:15:06:19 -0300] "GET /cormun/servlet/trlicencias? HTTP/1.1" 200 10832
186.67.172.234 - - [25/Oct/2021:15:06:19 -0300] "GET /cormun/servlet/trsolicitudadjuntos?2021,17715, HTTP/1.1" 200 9471
186.156.194.228 - - [25/Oct/2021:15:06:19 -0300] "GET /cormun/servlet/trlicencias? HTTP/1.1" 200 10830
200.83.224.3 - - [25/Oct/2021:15:06:20 -0300] "GET /cormun/servlet/trlicencias? HTTP/1.1" 200 11456
190.171.152.114 - - [25/Oct/2021:15:06:21 -0300] "GET /cormun/servlet/alicenciaprn?14262569,L,20211022000000,PU HTTP/1.1" 200 1539
186.67.172.234 - - [25/Oct/2021:15:06:21 -0300] "GET /cormun/servlet/solicitudotadjuntos?INS,2021,17715,,1, HTTP/1.1" 200 6415
200.83.224.3 - - [25/Oct/2021:15:06:21 -0300] "GET /cormun/servlet/trlicencias? HTTP/1.1" 200 11448
186.67.172.234 - - [25/Oct/2021:15:06:21 -0300] "GET /cormun/static/about:blank HTTP/1.1" 404 1011
186.67.172.234 - - [25/Oct/2021:15:06:21 -0300] "GET /cormun/servlet/solicitudotadjuntos?INS,2021,17715,,1, HTTP/1.1" 200 6408
186.67.172.234 - - [25/Oct/2021:15:06:22 -0300] "GET /cormun/servlet/solicitudotadjuntos?0691081da896f351cd36028fbfeb651cb128b33a507913bd72027f13a55a6fb6870bb916256a04d4141adebb5039fff6,gx-no-cache=1635184483084 HTTP/1.1" 200 30
186.67.172.234 - - [25/Oct/2021:15:06:22 -0300] "POST /cormun/servlet/solicitudotadjuntos?0a0c6a44f5c02099b0571ffd906953e6,INS,2021,17715,,1,,gx-no-cache=1635184483125 HTTP/1.1" 200 4187
200.83.224.3 - - [25/Oct/2021:15:06:25 -0300] "GET /cormun/servlet/trlicencias? HTTP/1.1" 200 11444
200.83.224.3 - - [25/Oct/2021:15:06:26 -0300] "GET /cormun/servlet/trlicencias? HTTP/1.1" 200 11448
186.67.172.234 - - [25/Oct/2021:15:06:28 -0300] "POST /cormun/servlet/solicitudotadjuntos?gx-no-cache=1635184489050 HTTP/1.1" 200 26
181.212.43.89 - - [25/Oct/2021:15:06:28 -0300] "POST /cormun/servlet/permisosadjuntos?4d69da83200a352da6e640aac3800350,INS,17873491,P,20211025145119,, HTTP/1.1" 200 116
181.212.43.89 - - [25/Oct/2021:15:06:28 -0300] "GET /cormun/servlet/hpexe_return? HTTP/1.1" 200 1043
181.212.43.89 - - [25/Oct/2021:15:06:28 -0300] "GET /cormun/servlet/trpermisosadjuntos?17873491,20211025145119,P, HTTP/1.1" 200 6819
181.212.43.89 - - [25/Oct/2021:15:06:29 -0300] "GET /cormun/servlet/trpermisosadjuntos?17873491,20211025145119,P, HTTP/1.1" 200 6816
200.83.224.3 - - [25/Oct/2021:15:06:29 -0300] "GET /cormun/static/menuarrow.gif HTTP/1.1" 404 1015
181.212.43.89 - - [25/Oct/2021:15:06:31 -0300] "POST /cormun/servlet/trpermisosadjuntos?4d69da83200a352da6e640aac3800350,17873491,20211025145119,P,,gx-no-cache=1635184492324 HTTP/1.1" 200 90
181.212.43.89 - - [25/Oct/2021:15:06:31 -0300] "GET /cormun/servlet/hpexe_link HTTP/1.1" 200 988
181.212.43.89 - - [25/Oct/2021:15:06:31 -0300] "GET /cormun/servlet/trpermisosgoce HTTP/1.1" 200 11517
181.212.43.89 - - [25/Oct/2021:15:06:32 -0300] "GET /cormun/servlet/trpermisosgoce HTTP/1.1" 200 11509
181.212.43.89 - - [25/Oct/2021:15:06:35 -0300] "POST /cormun/servlet/trpermisosgoce?4d69da83200a352da6e640aac3800350,gx-no-cache=1635184496127 HTTP/1.1" 200 8696
181.212.43.89 - - [25/Oct/2021:15:06:35 -0300] "GET /cormun/static/Shared/jqueryui/images/ui-bg_highlight-soft_100_c6c2c8_1x100.png HTTP/1.1" 404 1117
181.212.43.89 - - [25/Oct/2021:15:06:35 -0300] "GET /cormun/static/Shared/jqueryui/images/ui-icons_82798d_256x240.png HTTP/1.1" 404 1089
181.212.43.89 - - [25/Oct/2021:15:06:35 -0300] "GET /cormun/static/Shared/jqueryui/images/ui-icons_8d78a5_256x240.png HTTP/1.1" 404 1089
181.212.43.89 - - [25/Oct/2021:15:06:35 -0300] "GET /cormun/static/Shared/jqueryui/images/ui-bg_flat_55_fafafa_40x100.png HTTP/1.1" 404 1097
186.67.172.234 - - [25/Oct/2021:15:06:38 -0300] "GET /cormun/servlet/solicitudotadjuntos?0691081da896f351cd36028fbfeb651c6718fff616f39c5678b0732c319be4e7,gx-no-cache=1635184499267 HTTP/1.1" 200 30
186.67.172.234 - - [25/Oct/2021:15:06:38 -0300] "GET /cormun/servlet/solicitudotadjuntos?0691081da896f351cd36028fbfeb651c6718fff616f39c5678b0732c319be4e7,gx-no-cache=1635184499287 HTTP/1.1" 200 30
186.67.172.234 - - [25/Oct/2021:15:06:46 -0300] "POST /cormun/servlet/solicitudotadjuntos?0a0c6a44f5c02099b0571ffd906953e6,INS,2021,17715,,1, HTTP/1.1" 200 116
186.67.172.234 - - [25/Oct/2021:15:06:46 -0300] "GET /cormun/servlet/hpexe_return? HTTP/1.1" 200 1028
186.67.172.234 - - [25/Oct/2021:15:06:47 -0300] "GET /cormun/servlet/trsolicitudadjuntos?2021,17715, HTTP/1.1" 200 9689
181.212.40.185 - - [25/Oct/2021:15:06:48 -0300] "GET /cormun/servlet/hlogin HTTP/1.1" 200 1728
181.212.40.185 - - [25/Oct/2021:15:06:48 -0300] "GET /cormun/static/gxtimezone.js?85251 HTTP/1.1" 200 5781
181.212.40.185 - - [25/Oct/2021:15:06:48 -0300] "GET /cormun/static/gxcfg.js?201910216285969 HTTP/1.1" 200 953
181.212.40.185 - - [25/Oct/2021:15:06:48 -0300] "GET /cormun/static/Resources/Spanish/PXTools.css?2294816 HTTP/1.1" 200 100853
181.212.40.185 - - [25/Oct/2021:15:06:48 -0300] "GET /cormun/static/messages.spa.js?85251 HTTP/1.1" 200 30736
181.212.40.185 - - [25/Oct/2021:15:06:48 -0300] "GET /cormun/static/gxgral.js?85251 HTTP/1.1" 200 384558
181.212.40.185 - - [25/Oct/2021:15:06:48 -0300] "GET /cormun/static/hlogin.js?201910216285995 HTTP/1.1" 200 2136
181.212.40.185 - - [25/Oct/2021:15:06:48 -0300] "GET /cormun/static/Resources/Logo2019_Grande.png HTTP/1.1" 200 31733
181.212.40.185 - - [25/Oct/2021:15:06:48 -0300] "GET /cormun/static/Resources/PXToolsLoginTop.png HTTP/1.1" 200 1337
181.212.40.185 - - [25/Oct/2021:15:06:48 -0300] "GET /cormun/static/Resources/PXToolsLoginBackground.png HTTP/1.1" 200 1164
181.212.40.185 - - [25/Oct/2021:15:06:48 -0300] "GET /cormun/static/Resources/PXToolsButtonLeft.png HTTP/1.1" 200 1310
181.212.40.185 - - [25/Oct/2021:15:06:48 -0300] "GET /cormun/static/Resources/PXToolsButtonRight.png HTTP/1.1" 200 1294
181.212.40.185 - - [25/Oct/2021:15:06:48 -0300] "GET /cormun/static/Resources/PXToolsButtonBackground.png HTTP/1.1" 200 1176
181.212.40.185 - - [25/Oct/2021:15:06:48 -0300] "GET /cormun/static/Resources/PXToolsLoginBottom.png HTTP/1.1" 200 1389
181.212.40.185 - - [25/Oct/2021:15:06:48 -0300] "GET /cormun/static/Resources/indicator.gif HTTP/1.1" 200 1553
181.212.40.185 - - [25/Oct/2021:15:06:48 -0300] "GET /cormun/servlet/hlogin HTTP/1.1" 200 1739
181.212.40.185 - - [25/Oct/2021:15:06:48 -0300] "GET /favicon.ico HTTP/1.1" 200 21630
186.67.172.234 - - [25/Oct/2021:15:06:49 -0300] "GET /cormun/servlet/trsolicitudadjuntos?2021,17715, HTTP/1.1" 200 9689
186.67.172.234 - - [25/Oct/2021:15:06:50 -0300] "GET /cormun/servlet/solicitudotadjuntos?INS,2021,17715,,1, HTTP/1.1" 200 6415
186.67.172.234 - - [25/Oct/2021:15:06:51 -0300] "GET /cormun/static/about:blank HTTP/1.1" 404 1011
186.67.172.234 - - [25/Oct/2021:15:06:51 -0300] "GET /cormun/servlet/solicitudotadjuntos?INS,2021,17715,,1, HTTP/1.1" 200 6408
186.67.172.234 - - [25/Oct/2021:15:06:51 -0300] "GET /cormun/servlet/solicitudotadjuntos?0691081da896f351cd36028fbfeb651cb128b33a507913bd72027f13a55a6fb6870bb916256a04d4141adebb5039fff6,gx-no-cache=1635184512458 HTTP/1.1" 200 30
186.67.172.234 - - [25/Oct/2021:15:06:51 -0300] "POST /cormun/servlet/solicitudotadjuntos?0a0c6a44f5c02099b0571ffd906953e6,INS,2021,17715,,1,,gx-no-cache=1635184512478 HTTP/1.1" 200 4187
186.67.172.234 - - [25/Oct/2021:15:06:58 -0300] "POST /cormun/servlet/solicitudotadjuntos?gx-no-cache=1635184518946 HTTP/1.1" 200 26
181.212.40.185 - - [25/Oct/2021:15:07:02 -0300] "POST /cormun/servlet/hlogin?362ed60d42fef81d57d008bf68b630e2,gx-no-cache=1635184521990 HTTP/1.1" 200 445
186.67.172.234 - - [25/Oct/2021:15:07:03 -0300] "GET /cormun/servlet/solicitudotadjuntos?0691081da896f351cd36028fbfeb651c6718fff616f39c5678b0732c319be4e7,gx-no-cache=1635184524523 HTTP/1.1" 200 30
186.67.172.234 - - [25/Oct/2021:15:07:03 -0300] "GET /cormun/servlet/solicitudotadjuntos?0691081da896f351cd36028fbfeb651c6718fff616f39c5678b0732c319be4e7,gx-no-cache=1635184524547 HTTP/1.1" 200 30
186.67.172.234 - - [25/Oct/2021:15:07:04 -0300] "POST /cormun/servlet/solicitudotadjuntos?0a0c6a44f5c02099b0571ffd906953e6,INS,2021,17715,,1, HTTP/1.1" 200 116
186.67.172.234 - - [25/Oct/2021:15:07:04 -0300] "GET /cormun/servlet/hpexe_return? HTTP/1.1" 200 1028
186.67.172.234 - - [25/Oct/2021:15:07:06 -0300] "GET /cormun/servlet/trsolicitudadjuntos?2021,17715, HTTP/1.1" 200 9947
200.83.224.3 - - [25/Oct/2021:15:07:08 -0300] "POST /cormun/servlet/trlicencias?070051f3b3afa9542697878b02187ee9,,gx-no-cache=1635184527124 HTTP/1.1" 200 101
186.67.172.234 - - [25/Oct/2021:15:07:08 -0300] "GET /cormun/servlet/trsolicitudadjuntos?2021,17715, HTTP/1.1" 200 9946
200.83.224.3 - - [25/Oct/2021:15:07:08 -0300] "GET /cormun/Licencias-3687.xls HTTP/1.1" 200 22528
186.67.172.234 - - [25/Oct/2021:15:07:08 -0300] "GET /cormun/servlet/solicitudotadjuntos?INS,2021,17715,,1, HTTP/1.1" 200 6415
186.67.172.234 - - [25/Oct/2021:15:07:08 -0300] "GET /cormun/static/about:blank HTTP/1.1" 404 1011
186.67.172.234 - - [25/Oct/2021:15:07:08 -0300] "GET /cormun/servlet/solicitudotadjuntos?INS,2021,17715,,1, HTTP/1.1" 200 6408
186.67.172.234 - - [25/Oct/2021:15:07:09 -0300] "GET /cormun/servlet/solicitudotadjuntos?0691081da896f351cd36028fbfeb651cb128b33a507913bd72027f13a55a6fb6870bb916256a04d4141adebb5039fff6,gx-no-cache=1635184530231 HTTP/1.1" 200 30
186.67.172.234 - - [25/Oct/2021:15:07:09 -0300] "POST /cormun/servlet/solicitudotadjuntos?0a0c6a44f5c02099b0571ffd906953e6,INS,2021,17715,,1,,gx-no-cache=1635184530245 HTTP/1.1" 200 4187
186.67.172.234 - - [25/Oct/2021:15:07:12 -0300] "POST /cormun/servlet/solicitudotadjuntos?gx-no-cache=1635184533707 HTTP/1.1" 200 26
186.67.172.234 - - [25/Oct/2021:15:07:17 -0300] "GET /cormun/servlet/solicitudotadjuntos?0691081da896f351cd36028fbfeb651c6718fff616f39c5678b0732c319be4e7,gx-no-cache=1635184538787 HTTP/1.1" 200 30
186.67.172.234 - - [25/Oct/2021:15:07:18 -0300] "GET /cormun/servlet/solicitudotadjuntos?0691081da896f351cd36028fbfeb651c6718fff616f39c5678b0732c319be4e7,gx-no-cache=1635184538889 HTTP/1.1" 200 30
186.67.172.234 - - [25/Oct/2021:15:07:21 -0300] "POST /cormun/servlet/solicitudotadjuntos?0a0c6a44f5c02099b0571ffd906953e6,INS,2021,17715,,1, HTTP/1.1" 200 116
186.67.172.234 - - [25/Oct/2021:15:07:21 -0300] "GET /cormun/servlet/hpexe_return? HTTP/1.1" 200 1028
190.171.152.114 - - [25/Oct/2021:15:07:22 -0300] "GET /cormun/servlet/trpermisosgoce? HTTP/1.1" 200 8084
190.171.152.114 - - [25/Oct/2021:15:07:23 -0300] "GET /cormun/static/gxcfg.js?2020121631564 HTTP/1.1" 200 953
190.171.152.114 - - [25/Oct/2021:15:07:23 -0300] "GET /cormun/static/trpermisosgoce.js?2020121633681 HTTP/1.1" 200 35904
190.171.152.114 - - [25/Oct/2021:15:07:23 -0300] "GET /cormun//static/Resources/PXToolsGridDelete.png HTTP/1.1" 200 538
190.171.152.114 - - [25/Oct/2021:15:07:23 -0300] "GET /cormun/servlet/trpermisosgoce? HTTP/1.1" 200 8084
186.67.172.234 - - [25/Oct/2021:15:07:23 -0300] "GET /cormun/servlet/trsolicitudadjuntos?2021,17715, HTTP/1.1" 200 10228
186.67.172.234 - - [25/Oct/2021:15:07:25 -0300] "GET /cormun/servlet/trsolicitudadjuntos?2021,17715, HTTP/1.1" 200 10225
186.67.172.234 - - [25/Oct/2021:15:07:27 -0300] "GET /cormun/servlet/solicitudotadjuntos?INS,2021,17715,,1, HTTP/1.1" 200 6415
186.67.172.234 - - [25/Oct/2021:15:07:27 -0300] "GET /cormun/static/about:blank HTTP/1.1" 404 1011
186.67.172.234 - - [25/Oct/2021:15:07:27 -0300] "GET /cormun/servlet/solicitudotadjuntos?INS,2021,17715,,1, HTTP/1.1" 200 6408
186.67.172.234 - - [25/Oct/2021:15:07:27 -0300] "GET /cormun/servlet/solicitudotadjuntos?0691081da896f351cd36028fbfeb651cb128b33a507913bd72027f13a55a6fb6870bb916256a04d4141adebb5039fff6,gx-no-cache=1635184548833 HTTP/1.1" 200 30
186.67.172.234 - - [25/Oct/2021:15:07:28 -0300] "POST /cormun/servlet/solicitudotadjuntos?0a0c6a44f5c02099b0571ffd906953e6,INS,2021,17715,,1,,gx-no-cache=1635184548848 HTTP/1.1" 200 4187
186.67.172.234 - - [25/Oct/2021:15:07:30 -0300] "POST /cormun/servlet/solicitudotadjuntos?gx-no-cache=1635184551154 HTTP/1.1" 200 26
190.171.141.90 - - [25/Oct/2021:15:07:34 -0300] "GET /cormun/servlet/hlogin HTTP/1.1" 200 1729
186.67.172.234 - - [25/Oct/2021:15:07:35 -0300] "GET /cormun/servlet/solicitudotadjuntos?0691081da896f351cd36028fbfeb651c6718fff616f39c5678b0732c319be4e7,gx-no-cache=1635184556858 HTTP/1.1" 200 30
186.67.172.234 - - [25/Oct/2021:15:07:35 -0300] "GET /cormun/servlet/solicitudotadjuntos?0691081da896f351cd36028fbfeb651c6718fff616f39c5678b0732c319be4e7,gx-no-cache=1635184556871 HTTP/1.1" 200 30
190.171.141.90 - - [25/Oct/2021:15:07:39 -0300] "POST /cormun/servlet/hlogin?a1de812c5e1883f3c4554d6f3cd766e1,gx-no-cache=1635184559877 HTTP/1.1" 200 90
190.171.141.90 - - [25/Oct/2021:15:07:39 -0300] "GET /cormun/servlet/hpexe_link HTTP/1.1" 200 955
190.171.141.90 - - [25/Oct/2021:15:07:39 -0300] "GET /cormun/servlet/hhome HTTP/1.1" 200 3977
190.171.141.90 - - [25/Oct/2021:15:07:39 -0300] "GET /cormun/servlet/hhome HTTP/1.1" 200 3974
186.67.172.234 - - [25/Oct/2021:15:07:42 -0300] "POST /cormun/servlet/solicitudotadjuntos?0a0c6a44f5c02099b0571ffd906953e6,INS,2021,17715,,1, HTTP/1.1" 200 116
186.67.172.234 - - [25/Oct/2021:15:07:42 -0300] "GET /cormun/servlet/hpexe_return? HTTP/1.1" 200 1028
186.67.172.234 - - [25/Oct/2021:15:07:45 -0300] "GET /cormun/servlet/trsolicitudadjuntos?2021,17715, HTTP/1.1" 200 10378
186.67.172.234 - - [25/Oct/2021:15:07:47 -0300] "POST /cormun/servlet/trsolicitudadjuntos?0a0c6a44f5c02099b0571ffd906953e6,2021,17715,,gx-no-cache=1635184568789 HTTP/1.1" 200 90
186.67.172.234 - - [25/Oct/2021:15:07:47 -0300] "GET /cormun/servlet/hpexe_link HTTP/1.1" 200 972
186.67.172.234 - - [25/Oct/2021:15:07:48 -0300] "GET /cormun/servlet/trsolicitudot HTTP/1.1" 200 8911
186.67.172.234 - - [25/Oct/2021:15:07:48 -0300] "GET /cormun/servlet/trsolicitudot HTTP/1.1" 200 8910
186.67.172.234 - - [25/Oct/2021:15:07:48 -0300] "GET /cormun/servlet/trsolicitudadjuntos?2021,17715, HTTP/1.1" 200 10375
192.168.10.78 - - [25/Oct/2021:15:07:52 -0300] "GET /cormun/servlet/hlogin HTTP/1.1" 200 1729
192.168.10.96 - - [25/Oct/2021:15:07:53 -0300] "GET /cormun/servlet/trsolicitudgral? HTTP/1.1" 500 10
192.168.10.96 - - [25/Oct/2021:15:07:55 -0300] "GET /cormun/servlet/hlogin HTTP/1.1" 200 1727
192.168.10.96 - - [25/Oct/2021:15:07:58 -0300] "POST /cormun/servlet/hlogin?075aa5808306475c8846ab7c78c8c3dc,gx-no-cache=1635184439309 HTTP/1.1" 200 90
192.168.10.96 - - [25/Oct/2021:15:07:58 -0300] "GET /cormun/servlet/hpexe_link HTTP/1.1" 200 953
192.168.10.96 - - [25/Oct/2021:15:07:58 -0300] "GET /cormun/servlet/hhome HTTP/1.1" 200 3755
192.168.10.96 - - [25/Oct/2021:15:07:58 -0300] "GET /cormun/servlet/hhome HTTP/1.1" 200 3752
192.168.10.96 - - [25/Oct/2021:15:08:01 -0300] "GET /cormun/servlet/trsolicitudgral? HTTP/1.1" 200 29195
192.168.10.96 - - [25/Oct/2021:15:08:02 -0300] "GET /cormun/servlet/trsolicitudgral? HTTP/1.1" 200 29194
186.156.194.228 - - [25/Oct/2021:15:08:05 -0300] "POST /cormun/servlet/trlicencias?8cf4736118ed77ae7fbecb47c5c2a863,,gx-no-cache=1635184585420 HTTP/1.1" 200 8384
186.156.194.228 - - [25/Oct/2021:15:08:05 -0300] "GET /cormun/static/Shared/jqueryui/images/ui-bg_highlight-soft_100_c6c2c8_1x100.png HTTP/1.1" 404 1117
186.156.194.228 - - [25/Oct/2021:15:08:05 -0300] "GET /cormun/static/Shared/jqueryui/images/ui-icons_82798d_256x240.png HTTP/1.1" 404 1089
186.156.194.228 - - [25/Oct/2021:15:08:05 -0300] "GET /cormun/static/Shared/jqueryui/images/ui-icons_8d78a5_256x240.png HTTP/1.1" 404 1089
186.156.194.228 - - [25/Oct/2021:15:08:05 -0300] "GET /cormun/static/Shared/jqueryui/images/ui-bg_flat_55_fafafa_40x100.png HTTP/1.1" 404 1097
181.212.43.89 - - [25/Oct/2021:15:08:08 -0300] "GET /cormun/servlet/trlicencias? HTTP/1.1" 200 14549
192.168.10.96 - - [25/Oct/2021:15:08:09 -0300] "POST /cormun/servlet/trsolicitudgral?075aa5808306475c8846ab7c78c8c3dc,,gx-no-cache=1635184449670 HTTP/1.1" 200 26914
181.212.43.89 - - [25/Oct/2021:15:08:09 -0300] "GET /cormun/servlet/trlicencias? HTTP/1.1" 200 14547
192.168.10.78 - - [25/Oct/2021:15:08:10 -0300] "POST /cormun/servlet/hlogin?c150e49fa85be8488dacb14217f761e7,gx-no-cache=1635184451439 HTTP/1.1" 200 90
192.168.10.78 - - [25/Oct/2021:15:08:10 -0300] "GET /cormun/servlet/hpexe_link HTTP/1.1" 200 983
192.168.10.78 - - [25/Oct/2021:15:08:10 -0300] "GET /cormun/servlet/vesolicitudgral?2021,17607,,SolicitudOTAdjuntos HTTP/1.1" 200 10755
192.168.10.78 - - [25/Oct/2021:15:08:11 -0300] "GET /cormun/pexe_scrolldiv.js HTTP/1.1" 404 1009
192.168.10.96 - - [25/Oct/2021:15:08:11 -0300] "POST /cormun/servlet/trsolicitudgral?075aa5808306475c8846ab7c78c8c3dc,,gx-no-cache=1635184451555 HTTP/1.1" 200 16169
192.168.10.78 - - [25/Oct/2021:15:08:11 -0300] "GET /cormun/servlet/vesolicitudgral?2021,17607,,SolicitudOTAdjuntos HTTP/1.1" 200 10757
192.168.10.78 - - [25/Oct/2021:15:08:12 -0300] "POST /cormun/servlet/acontrolpreferencessavestate?None,RRHH+CATALINA+CACERES,true HTTP/1.1" 200 35
192.168.10.96 - - [25/Oct/2021:15:08:18 -0300] "POST /cormun/servlet/trsolicitudgral?075aa5808306475c8846ab7c78c8c3dc,,gx-no-cache=1635184459326 HTTP/1.1" 200 26914
186.67.172.234 - - [25/Oct/2021:15:08:30 -0300] "POST /cormun/servlet/trsolicitudot?0a0c6a44f5c02099b0571ffd906953e6,gx-no-cache=1635184611016 HTTP/1.1" 200 4599
186.67.172.234 - - [25/Oct/2021:15:08:30 -0300] "GET /cormun/static/Shared/jqueryui/images/ui-bg_highlight-soft_100_c6c2c8_1x100.png HTTP/1.1" 404 1117
186.67.172.234 - - [25/Oct/2021:15:08:30 -0300] "GET /cormun/static/Shared/jqueryui/images/ui-icons_82798d_256x240.png HTTP/1.1" 404 1089
186.67.172.234 - - [25/Oct/2021:15:08:30 -0300] "GET /cormun/static/Shared/jqueryui/images/ui-bg_flat_55_fafafa_40x100.png HTTP/1.1" 404 1097
186.67.172.234 - - [25/Oct/2021:15:08:30 -0300] "GET /cormun/static/Shared/jqueryui/images/ui-icons_8d78a5_256x240.png HTTP/1.1" 404 1089
186.67.172.234 - - [25/Oct/2021:15:08:30 -0300] "POST /cormun/servlet/trsolicitudot?0a0c6a44f5c02099b0571ffd906953e6,gx-no-cache=1635184611227 HTTP/1.1" 200 4348
186.67.172.234 - - [25/Oct/2021:15:08:32 -0300] "GET /cormun/servlet/trlicencias? HTTP/1.1" 200 17917
186.67.172.234 - - [25/Oct/2021:15:08:33 -0300] "GET /cormun/servlet/trlicencias? HTTP/1.1" 200 17914
190.171.141.90 - - [25/Oct/2021:15:08:44 -0300] "GET /cormun/servlet/trsolicitudot? HTTP/1.1" 200 8608
190.171.141.90 - - [25/Oct/2021:15:08:44 -0300] "GET /cormun/servlet/trsolicitudot? HTTP/1.1" 200 8606
200.111.191.213 - - [25/Oct/2021:15:08:45 -0300] "GET /cormun/servlet/trsolicitudot? HTTP/1.1" 200 7179
200.111.191.213 - - [25/Oct/2021:15:08:45 -0300] "GET /cormun/static/gxcfg.js?201991910464971 HTTP/1.1" 200 953
200.111.191.213 - - [25/Oct/2021:15:08:45 -0300] "GET /cormun/static/trsolicitudot.js?201991910465845 HTTP/1.1" 200 54041
200.111.191.213 - - [25/Oct/2021:15:08:46 -0300] "GET /cormun/servlet/trsolicitudot? HTTP/1.1" 200 7179
200.111.191.213 - - [25/Oct/2021:15:08:51 -0300] "GET /cormun/servlet/solicitudot?INS,0,0,false, HTTP/1.1" 200 15557
200.111.191.213 - - [25/Oct/2021:15:08:51 -0300] "GET /cormun/static/gxcfg.js?20203414241232 HTTP/1.1" 200 953
200.111.191.213 - - [25/Oct/2021:15:08:51 -0300] "GET /cormun/static/solicitudot.js?20203414242792 HTTP/1.1" 200 74114
200.111.191.213 - - [25/Oct/2021:15:08:51 -0300] "GET /cormun/servlet/solicitudot?INS,0,0,false, HTTP/1.1" 200 15565
186.156.194.228 - - [25/Oct/2021:15:08:59 -0300] "GET /cormun/servlet/trpermisosgoce? HTTP/1.1" 200 8677
186.156.194.228 - - [25/Oct/2021:15:09:00 -0300] "GET /cormun/servlet/trpermisosgoce? HTTP/1.1" 200 8677
200.111.191.213 - - [25/Oct/2021:15:09:02 -0300] "POST /cormun/servlet/solicitudot?gx-no-cache=1635184895175 HTTP/1.1" 200 3849
200.111.191.213 - - [25/Oct/2021:15:09:02 -0300] "POST /cormun/servlet/solicitudot?025d862275d80ea4f0ab9a221593934f,INS,0,0,false,,gx-no-cache=1635184895291 HTTP/1.1" 200 12320
186.156.194.228 - - [25/Oct/2021:15:09:03 -0300] "GET /cormun/servlet/permisogoce?INS,0,,, HTTP/1.1" 200 7234
186.156.194.228 - - [25/Oct/2021:15:09:03 -0300] "GET /cormun/static/gxcfg.js?20201215124560 HTTP/1.1" 200 953
186.156.194.228 - - [25/Oct/2021:15:09:03 -0300] "GET /cormun/static/permisogoce.js?20201215124939 HTTP/1.1" 200 27919
190.171.141.90 - - [25/Oct/2021:15:09:04 -0300] "GET /cormun/servlet/solicitudot?INS,0,0,false, HTTP/1.1" 200 15584
186.156.194.228 - - [25/Oct/2021:15:09:04 -0300] "GET /cormun/servlet/permisogoce?INS,0,,, HTTP/1.1" 200 7236
190.171.141.90 - - [25/Oct/2021:15:09:04 -0300] "GET /cormun/servlet/solicitudot?INS,0,0,false, HTTP/1.1" 200 15592
200.111.191.213 - - [25/Oct/2021:15:09:25 -0300] "GET /cormun/servlet/solicitudot?114466e8b39e6e551c9cf01498d818bc79160358078c9b759daed42d56e6f447a3fcfdf5c291c828d130ceb15ca077f3,gx-no-cache=1635184918001 HTTP/1.1" 200 30
186.156.194.228 - - [25/Oct/2021:15:09:40 -0300] "GET /cormun/servlet/permisogoce?INS,0,,, HTTP/1.1" 200 7236
186.156.194.228 - - [25/Oct/2021:15:09:40 -0300] "GET /cormun/servlet/permisogoce?INS,0,,, HTTP/1.1" 200 7236
186.156.194.228 - - [25/Oct/2021:15:09:40 -0300] "GET /favicon.ico HTTP/1.1" 200 21630
190.171.141.90 - - [25/Oct/2021:15:09:55 -0300] "POST /cormun/servlet/solicitudot?gx-no-cache=1635184695351 HTTP/1.1" 200 3877
190.171.141.90 - - [25/Oct/2021:15:09:55 -0300] "POST /cormun/servlet/solicitudot?a1de812c5e1883f3c4554d6f3cd766e1,INS,0,0,false,,gx-no-cache=1635184695508 HTTP/1.1" 200 12400
186.156.194.228 - - [25/Oct/2021:15:09:57 -0300] "POST /cormun/servlet/permisogoce?8cf4736118ed77ae7fbecb47c5c2a863,INS,0,,,,gx-no-cache=1635184697776 HTTP/1.1" 200 4769
186.156.194.228 - - [25/Oct/2021:15:09:58 -0300] "GET /cormun/static/Shared/jqueryui/images/ui-bg_highlight-soft_100_c6c2c8_1x100.png HTTP/1.1" 404 1117
186.156.194.228 - - [25/Oct/2021:15:09:58 -0300] "GET /cormun/static/Shared/jqueryui/images/ui-icons_82798d_256x240.png HTTP/1.1" 404 1089
186.156.194.228 - - [25/Oct/2021:15:09:58 -0300] "GET /cormun/static/Shared/jqueryui/images/ui-icons_ebccce_256x240.png HTTP/1.1" 404 1089
186.156.194.228 - - [25/Oct/2021:15:09:58 -0300] "GET /cormun/static/Shared/jqueryui/images/ui-bg_flat_55_994d53_40x100.png HTTP/1.1" 404 1097
200.111.191.213 - - [25/Oct/2021:15:10:01 -0300] "GET /cormun/servlet/prbanco?,MD,,gxPopupLevel%3D0%3B HTTP/1.1" 200 6518
200.111.191.213 - - [25/Oct/2021:15:10:01 -0300] "GET /cormun/static/gxcfg.js?20201216131581 HTTP/1.1" 200 953
200.111.191.213 - - [25/Oct/2021:15:10:01 -0300] "GET /cormun/static/prbanco.js?20201216132311 HTTP/1.1" 200 10693
200.111.191.213 - - [25/Oct/2021:15:10:25 -0300] "GET /cormun/servlet/solicitudot?114466e8b39e6e551c9cf01498d818bcf52cf514bd75817653340dafa40ca79b,gx-no-cache=1635184978030 HTTP/1.1" 200 94
200.111.191.213 - - [25/Oct/2021:15:10:25 -0300] "GET /cormun/static/Shared/jqueryui/images/ui-bg_highlight-soft_100_c6c2c8_1x100.png HTTP/1.1" 404 1117
200.111.191.213 - - [25/Oct/2021:15:10:25 -0300] "GET /cormun/static/Shared/jqueryui/images/ui-icons_82798d_256x240.png HTTP/1.1" 404 1089
200.111.191.213 - - [25/Oct/2021:15:10:25 -0300] "GET /cormun/static/Shared/jqueryui/images/ui-icons_ebccce_256x240.png HTTP/1.1" 404 1089
200.111.191.213 - - [25/Oct/2021:15:10:25 -0300] "GET /cormun/static/Shared/jqueryui/images/ui-bg_flat_55_994d53_40x100.png HTTP/1.1" 404 1097
200.111.191.213 - - [25/Oct/2021:15:10:26 -0300] "GET /cormun/servlet/solicitudot?114466e8b39e6e551c9cf01498d818bc14e526080f9f2cf6bc0767473c00298d,gx-no-cache=1635184978841 HTTP/1.1" 200 53
200.111.191.213 - - [25/Oct/2021:15:10:36 -0300] "POST /cormun/servlet/solicitudot?gx-no-cache=1635184988791 HTTP/1.1" 200 240
200.111.191.213 - - [25/Oct/2021:15:10:36 -0300] "GET /cormun/servlet/solicitudot?114466e8b39e6e551c9cf01498d818bc5709140bb40be758d79035c0b3ea51c38c8a0345945133b656921c187bcb2e4f532e790875a6810828b1a10c0d11cca30ebff63d663ef2ec13673a5fee09dfacb09da10bdac53533a2bbe3e659e7c064add81f9370ea46930850c0c079c9310dbc9b7d4f6bb20df82ff8a35e110a084e180ceef94782a726f4a76a99bdee6114a5cfd1316ae3f00c5fc41fd9fbea0009ba6dfa09107fdeeeff6d63688715c5f515aa414dedd09ea92c472525358052e654bd77eea657ccd28ccc343f7dbc9f931fe8fbcea880137d468b4f2def905e11456c16760864e69a9d029d5fe18563308d11d7c498054b8a0c9fc7f024b2648a6814cf2cbe2d91ea853a88179615eb55a8e1b696712a4f2e1c2edbc520956e49ca7b97d245fa11353b9e6caaef4b63a990473edf965a2c002275c32516c605e30ebedfbdf953a908a7fa9550338991778a06285a0861702c44db14b187ffac7d12c2c61b28d350613edc8b4c934f86090d0d09f7a4b5257a8aec0e02add7195b,gx-no-cache=1635184988817 HTTP/1.1" 200 30
190.171.141.90 - - [25/Oct/2021:15:10:39 -0300] "GET /cormun/servlet/solicitudot?4c27878aeb293a7a7719649ce58b22d1ee26091f0ade9085b0ebcd2b4fbab2f5707672bf5d28d4c94fed81022bfe5b2c,gx-no-cache=1635184739393 HTTP/1.1" 200 30
200.111.191.213 - - [25/Oct/2021:15:10:39 -0300] "POST /cormun/servlet/solicitudot?gx-no-cache=1635184991942 HTTP/1.1" 200 30
200.111.191.213 - - [25/Oct/2021:15:10:41 -0300] "GET /cormun/servlet/prfichaempleado?,MD,,gxPopupLevel%3D0%3B HTTP/1.1" 200 9262
200.111.191.213 - - [25/Oct/2021:15:10:49 -0300] "POST /cormun/servlet/prfichaempleado?025d862275d80ea4f0ab9a221593934f,,MD,,gxPopupLevel%3D0%3B,gx-no-cache=1635185002287 HTTP/1.1" 200 3388
200.111.191.213 - - [25/Oct/2021:15:10:52 -0300] "POST /cormun/servlet/solicitudot?gx-no-cache=1635185005138 HTTP/1.1" 200 1440
200.111.191.213 - - [25/Oct/2021:15:10:53 -0300] "GET /cormun/servlet/prlicenciaspermisos?12961977,L,,MD,,gxPopupLevel%3D0%3B HTTP/1.1" 200 6279
200.111.191.213 - - [25/Oct/2021:15:10:54 -0300] "GET /cormun/static/gxcfg.js?2020121559567 HTTP/1.1" 200 953
200.111.191.213 - - [25/Oct/2021:15:10:54 -0300] "GET /cormun/static/prlicenciaspermisos.js?2020121559821 HTTP/1.1" 200 13379
190.171.141.90 - - [25/Oct/2021:15:10:59 -0300] "GET /cormun/servlet/solicitudot?4c27878aeb293a7a7719649ce58b22d14757e6ff4c1b732f14c42c0f534508a3a41b208d72f5058e72714bd19b1259d4707672bf5d28d4c94fed81022bfe5b2c,gx-no-cache=1635184760017 HTTP/1.1" 200 30
190.171.141.90 - - [25/Oct/2021:15:10:59 -0300] "GET /cormun/servlet/solicitudot?4c27878aeb293a7a7719649ce58b22d1aedbda739c14e999f066f03e9bd2aec0,gx-no-cache=1635184760096 HTTP/1.1" 200 45
190.171.141.90 - - [25/Oct/2021:15:10:59 -0300] "POST /cormun/servlet/solicitudot?gx-no-cache=1635184760166 HTTP/1.1" 200 255
190.171.141.90 - - [25/Oct/2021:15:10:59 -0300] "GET /cormun/servlet/solicitudot?4c27878aeb293a7a7719649ce58b22d1e7c540ff15215d3b9041e1d79b2763b0fcca74d057544837e597329b9a8bde25b3cb5db9d8c24a6caddffb805e7481529032fc2fb5f6c4e0e45365939ac5d51e4ce38b70c598a796b220be0ca779ee7e88cb2bdb57f357e8882918eeef67cb2c059bbcfb8e8ec88b9289da378cb9c7bdb3b55483b7088de5f55a3c6250f28660b88423aaf0fa79bd6b94ee48a17ccadd17fdc1731560e8a730bac11e2e6b97d303b7188855a589df94298159b0e6f390477672d0938ec689b9d7d883aee776d9227d851a917e33002ec5f4185e61a219fef8a400f3bdbec0062883b759d67a2d225b8c5cb620b51b8b0688472b3b3dffaba9c2d4969aa6b8e4616b4c203afef55340ee71b93ab8500e4f87e5441b606a63757cce12f4e2e732b7e91c51f56297b170d7842e4399a7ee37939f2ba7a8493bce1c79ce7aa05cf647717bc5f8c2ece64b781af55a9a08f5cd93c4ad26a9c104900e98f2ebb813f37303f2017a04a79483d6286cbd4cce98ea231c1c935ac9,gx-no-cache=1635184760258 HTTP/1.1" 200 30
190.171.141.90 - - [25/Oct/2021:15:11:01 -0300] "POST /cormun/servlet/trlicencias?3f9e486ed40016fbb53a1348001e8b1a,gx-no-cache=1635184765485 HTTP/1.1" 440 972
190.171.141.90 - - [25/Oct/2021:15:11:02 -0300] "GET /cormun/servlet/trlicencias HTTP/1.1" 200 7222
200.111.191.213 - - [25/Oct/2021:15:11:02 -0300] "POST /cormun/servlet/solicitudot?gx-no-cache=1635185015515 HTTP/1.1" 200 40
200.111.191.213 - - [25/Oct/2021:15:11:02 -0300] "GET /cormun/servlet/solicitudot?114466e8b39e6e551c9cf01498d818bc16a57de83ce1fddb00e05beee2cb57f08e8e203b9d6d95e71facb377b0d3a3e27b6d917a65702fbc5e6e80886a0a746344dc941d9085af38cfffed0fc5b9d0f7f97db4bbdacf4fda9825718a0f85d3df02341d32a0f248d492675012d4bd9b37,gx-no-cache=1635185015537 HTTP/1.1" 200 110
200.111.191.213 - - [25/Oct/2021:15:11:02 -0300] "POST /cormun/servlet/solicitudot?gx-no-cache=1635185015558 HTTP/1.1" 200 97
190.171.141.90 - - [25/Oct/2021:15:11:04 -0300] "GET /cormun/servlet/hlogin HTTP/1.1" 200 1744
190.171.141.90 - - [25/Oct/2021:15:11:04 -0300] "GET /cormun/servlet/trlicencias HTTP/1.1" 200 7222
190.171.141.90 - - [25/Oct/2021:15:11:13 -0300] "POST /cormun/servlet/hlogin?45c1856f003922c27d1307fb825d22e5,gx-no-cache=1635184777829 HTTP/1.1" 200 90
190.171.141.90 - - [25/Oct/2021:15:11:13 -0300] "GET /cormun/servlet/hpexe_link HTTP/1.1" 200 960
190.171.141.90 - - [25/Oct/2021:15:11:14 -0300] "GET /cormun/servlet/trlicencias HTTP/1.1" 200 15384
190.171.141.90 - - [25/Oct/2021:15:11:15 -0300] "GET /cormun/servlet/trlicencias HTTP/1.1" 200 15384
192.168.10.78 - - [25/Oct/2021:15:11:17 -0300] "GET /cormun/PublicTempStorage/antc._barbara_cantillana2817520.pdf HTTP/1.1" 200 23302
190.171.141.90 - - [25/Oct/2021:15:11:17 -0300] "POST /cormun/servlet/trlicencias?45c1856f003922c27d1307fb825d22e5,gx-no-cache=1635184781735 HTTP/1.1" 200 13272
192.168.10.78 - - [25/Oct/2021:15:11:38 -0300] "GET /cormun/servlet/vesolicitudgral?2021,17607,,SolicitudOTAdjuntos HTTP/1.1" 200 10753
192.168.10.78 - - [25/Oct/2021:15:11:38 -0300] "GET /cormun/servlet/vesolicitudgral?2021,17607,,SolicitudOTAdjuntos HTTP/1.1" 200 10761
192.168.10.78 - - [25/Oct/2021:15:11:39 -0300] "POST /cormun/servlet/acontrolpreferencessavestate?None,RRHH+CATALINA+CACERES,true HTTP/1.1" 200 35
192.168.10.78 - - [25/Oct/2021:15:11:41 -0300] "GET /cormun/PublicTempStorage/cv_barbara_cantillana2235324.pdf HTTP/1.1" 200 49508
190.171.141.90 - - [25/Oct/2021:15:11:41 -0300] "POST /cormun/servlet/solicitudot?gx-no-cache=1635184802144 HTTP/1.1" 200 30
200.111.191.213 - - [25/Oct/2021:15:11:50 -0300] "GET /cormun/servlet/solicitudot?114466e8b39e6e551c9cf01498d818bc1745c0b2f34eee2c32f559d6a3887235d0d90e952ed5245b194946f1fa44692b0289efc6d58a7c7ac83324d5735fce9b2cd291e84f8801156758e6de491813d1cb5ded86c13d411feef79a2a82f506c920047be54f7d6d59f9bd50e3aec3d22e,gx-no-cache=1635185063406 HTTP/1.1" 200 29
200.111.191.213 - - [25/Oct/2021:15:11:50 -0300] "GET /cormun/static/menuarrow.gif HTTP/1.1" 404 1015
190.171.141.90 - - [25/Oct/2021:15:11:54 -0300] "POST /cormun/servlet/solicitudot?a1de812c5e1883f3c4554d6f3cd766e1,INS,0,0,false,,gx-no-cache=1635184815136 HTTP/1.1" 200 93
190.171.141.90 - - [25/Oct/2021:15:11:55 -0300] "GET /cormun/servlet/hpexe_return? HTTP/1.1" 200 1012
190.171.141.90 - - [25/Oct/2021:15:11:55 -0300] "GET /cormun/servlet/trsolicitudot HTTP/1.1" 200 8610
190.171.141.90 - - [25/Oct/2021:15:11:55 -0300] "GET /cormun/servlet/trsolicitudot HTTP/1.1" 200 8606
200.111.191.213 - - [25/Oct/2021:15:11:58 -0300] "GET /cormun/servlet/solicitudot?114466e8b39e6e551c9cf01498d818bcce9bcc3f7a8b96240e03f27007f2d1ae8507595b88fffa972005359cd9a614c3,gx-no-cache=1635185071007 HTTP/1.1" 200 30
200.111.191.213 - - [25/Oct/2021:15:11:58 -0300] "POST /cormun/servlet/solicitudot?gx-no-cache=1635185071072 HTTP/1.1" 200 34
192.168.10.78 - - [25/Oct/2021:15:12:04 -0300] "GET /cormun/servlet/vesolicitudgral?2021,17607,,SolicitudOTAdjuntos HTTP/1.1" 200 10762
192.168.10.78 - - [25/Oct/2021:15:12:04 -0300] "GET /cormun/servlet/vesolicitudgral?2021,17607,,SolicitudOTAdjuntos HTTP/1.1" 200 10763
192.168.10.78 - - [25/Oct/2021:15:12:05 -0300] "POST /cormun/servlet/acontrolpreferencessavestate?None,RRHH+CATALINA+CACERES,true HTTP/1.1" 200 35
192.168.10.78 - - [25/Oct/2021:15:12:06 -0300] "GET /cormun/servlet/vesolicitudgral?2021,17607,,General HTTP/1.1" 200 8298
192.168.10.78 - - [25/Oct/2021:15:12:06 -0300] "GET /cormun/pexe_scrolldiv.js HTTP/1.1" 404 1009
192.168.10.78 - - [25/Oct/2021:15:12:06 -0300] "GET /cormun/pexe_scrolldiv.js HTTP/1.1" 404 1009
192.168.10.78 - - [25/Oct/2021:15:12:06 -0300] "GET /cormun/servlet/vesolicitudgral?2021,17607,,General HTTP/1.1" 200 8298
190.171.141.90 - - [25/Oct/2021:15:12:10 -0300] "GET /cormun/servlet/trsolicitudcuentarbd? HTTP/1.1" 200 7594
190.171.141.90 - - [25/Oct/2021:15:12:10 -0300] "GET /cormun/static/gxcfg.js?201991422574133 HTTP/1.1" 200 953
190.171.141.90 - - [25/Oct/2021:15:12:10 -0300] "GET /cormun/static/trsolicitudcuentarbd.js?201991422574613 HTTP/1.1" 200 29350
190.171.141.90 - - [25/Oct/2021:15:12:10 -0300] "GET /cormun/servlet/trsolicitudcuentarbd? HTTP/1.1" 200 7593
192.168.10.78 - - [25/Oct/2021:15:12:12 -0300] "GET /cormun/servlet/vesolicitudgral?2021,17607,,SolicitudOTAdjuntos HTTP/1.1" 200 10764
192.168.10.78 - - [25/Oct/2021:15:12:12 -0300] "GET /cormun/pexe_scrolldiv.js HTTP/1.1" 404 1009
192.168.10.78 - - [25/Oct/2021:15:12:12 -0300] "GET /cormun/pexe_scrolldiv.js HTTP/1.1" 404 1009
192.168.10.78 - - [25/Oct/2021:15:12:12 -0300] "GET /cormun/servlet/vesolicitudgral?2021,17607,,SolicitudOTAdjuntos HTTP/1.1" 200 10761
192.168.10.78 - - [25/Oct/2021:15:12:13 -0300] "POST /cormun/servlet/acontrolpreferencessavestate?None,RRHH+CATALINA+CACERES,true HTTP/1.1" 200 35
192.168.10.78 - - [25/Oct/2021:15:12:15 -0300] "GET /cormun/PublicTempStorage/cert_de_titulo_barbara_cantillana194040.pdf HTTP/1.1" 200 19596
200.111.191.213 - - [25/Oct/2021:15:12:27 -0300] "POST /cormun/servlet/solicitudot?025d862275d80ea4f0ab9a221593934f,INS,0,0,false,,gx-no-cache=1635185100128 HTTP/1.1" 200 12736
192.168.10.78 - - [25/Oct/2021:15:12:27 -0300] "GET /cormun/servlet/vesolicitudgral?2021,17607,,SolicitudOTAdjuntos HTTP/1.1" 200 10761
192.168.10.78 - - [25/Oct/2021:15:12:28 -0300] "GET /cormun/servlet/vesolicitudgral?2021,17607,,SolicitudOTAdjuntos HTTP/1.1" 200 10757
192.168.10.78 - - [25/Oct/2021:15:12:29 -0300] "POST /cormun/servlet/acontrolpreferencessavestate?None,RRHH+CATALINA+CACERES,true HTTP/1.1" 200 35
192.168.10.78 - - [25/Oct/2021:15:12:32 -0300] "GET /cormun/PublicTempStorage/cert_afp_barbara_cantillana2590739.pdf HTTP/1.1" 200 419058
192.168.10.78 - - [25/Oct/2021:15:12:46 -0300] "GET /cormun/servlet/vesolicitudgral?2021,17607,,SolicitudOTAdjuntos HTTP/1.1" 200 10763
