200.54.107.2 - - [25/Oct/2021:15:30:31 -0300] "GET /cormun/servlet/trpermisosgoce? HTTP/1.1" 200 9182
200.54.107.2 - - [25/Oct/2021:15:30:31 -0300] "GET /cormun/servlet/trpermisosgoce? HTTP/1.1" 200 9180
200.54.107.2 - - [25/Oct/2021:15:30:37 -0300] "GET /cormun/servlet/permisogoce?INS,0,,, HTTP/1.1" 200 7243
200.54.107.2 - - [25/Oct/2021:15:30:38 -0300] "GET /cormun/servlet/permisogoce?INS,0,,, HTTP/1.1" 200 7243
192.168.10.78 - - [25/Oct/2021:15:30:45 -0300] "GET /cormun/servlet/vesolicitudgral?2021,17610,,General HTTP/1.1" 200 8288
192.168.10.78 - - [25/Oct/2021:15:30:45 -0300] "GET /cormun/pexe_scrolldiv.js HTTP/1.1" 404 1009
192.168.10.78 - - [25/Oct/2021:15:30:45 -0300] "GET /cormun/pexe_scrolldiv.js HTTP/1.1" 404 1009
192.168.10.78 - - [25/Oct/2021:15:30:45 -0300] "GET /cormun/servlet/vesolicitudgral?2021,17610,,General HTTP/1.1" 200 8287
200.54.107.2 - - [25/Oct/2021:15:30:46 -0300] "GET /cormun/servlet/permisogoce?224a1b73673cf077664dada948aca4a12d8a4891ce16b6c42661b848d365e1ed4ff79de1fcbd61405fa5abfa977548b3798dc85dc422206e80663446eb8763a0,gx-no-cache=1635185946320 HTTP/1.1" 200 80
200.54.107.2 - - [25/Oct/2021:15:30:46 -0300] "GET /cormun/static/menuarrow.gif HTTP/1.1" 404 1015
200.54.107.2 - - [25/Oct/2021:15:30:53 -0300] "GET /cormun/servlet/permisogoce?224a1b73673cf077664dada948aca4a14883811aefd7ddcc7346c8fb573e309f8fee4a7bd16f75386d503d2e928c510e63c37b56797a47c41b66b3e1ba455b51,gx-no-cache=1635185953012 HTTP/1.1" 200 47
200.54.107.2 - - [25/Oct/2021:15:30:55 -0300] "POST /cormun/servlet/permisogoce?dd99df290b2adebd0c32e846c794685f,INS,0,,,,gx-no-cache=1635185955208 HTTP/1.1" 200 93
200.54.107.2 - - [25/Oct/2021:15:30:55 -0300] "GET /cormun/servlet/hpexe_return? HTTP/1.1" 200 1008
200.54.107.2 - - [25/Oct/2021:15:30:55 -0300] "GET /cormun/servlet/trpermisosgoce HTTP/1.1" 200 9414
200.54.107.2 - - [25/Oct/2021:15:30:56 -0300] "GET /cormun/servlet/trpermisosgoce HTTP/1.1" 200 9409
200.54.107.2 - - [25/Oct/2021:15:31:00 -0300] "GET /cormun/servlet/apermisogoceprn?8676318,P,20211025151638,PU HTTP/1.1" 200 1655
200.54.107.2 - - [25/Oct/2021:15:31:09 -0300] "GET /cormun/servlet/permisogoce?INS,0,,, HTTP/1.1" 200 7242
200.54.107.2 - - [25/Oct/2021:15:31:09 -0300] "GET /cormun/servlet/permisogoce?INS,0,,, HTTP/1.1" 200 7242
192.168.10.78 - - [25/Oct/2021:15:31:11 -0300] "POST /cormun/servlet/vesolicitudgral?c150e49fa85be8488dacb14217f761e7,2021,17610,,General,gx-no-cache=1635185832799 HTTP/1.1" 200 11773
192.168.10.78 - - [25/Oct/2021:15:31:11 -0300] "GET /cormun/static/Shared/jqueryui/images/ui-bg_highlight-soft_100_c6c2c8_1x100.png HTTP/1.1" 404 1117
192.168.10.78 - - [25/Oct/2021:15:31:11 -0300] "GET /cormun/static/Shared/jqueryui/images/ui-icons_82798d_256x240.png HTTP/1.1" 404 1089
192.168.10.78 - - [25/Oct/2021:15:31:11 -0300] "GET /cormun/static/Shared/jqueryui/images/ui-bg_flat_55_fafafa_40x100.png HTTP/1.1" 404 1097
192.168.10.78 - - [25/Oct/2021:15:31:11 -0300] "GET /cormun/static/Shared/jqueryui/images/ui-icons_8d78a5_256x240.png HTTP/1.1" 404 1089
192.168.10.78 - - [25/Oct/2021:15:31:12 -0300] "POST /cormun/servlet/vesolicitudgral?c150e49fa85be8488dacb14217f761e7,2021,17610,,General,gx-no-cache=1635185832980 HTTP/1.1" 200 11706
192.168.10.78 - - [25/Oct/2021:15:31:15 -0300] "GET /cormun/servlet/trsolicitudgral? HTTP/1.1" 200 19188
192.168.10.78 - - [25/Oct/2021:15:31:15 -0300] "GET /cormun/servlet/trsolicitudgral? HTTP/1.1" 200 19179
200.54.107.2 - - [25/Oct/2021:15:31:18 -0300] "GET /cormun/servlet/permisogoce?224a1b73673cf077664dada948aca4a101349ee3d368e9da3eaca9cfc5dd3fe0e565d9c82747bb8efe977a9699e93035050ca8f536577634577b16785fdd925d,gx-no-cache=1635185978272 HTTP/1.1" 200 82
200.54.107.2 - - [25/Oct/2021:15:31:18 -0300] "GET /cormun/static/menuarrow.gif HTTP/1.1" 404 1015
192.168.10.78 - - [25/Oct/2021:15:31:25 -0300] "POST /cormun/servlet/trsolicitudgral?c150e49fa85be8488dacb14217f761e7,,gx-no-cache=1635185845597 HTTP/1.1" 200 27099
200.54.107.2 - - [25/Oct/2021:15:31:27 -0300] "GET /cormun/servlet/permisogoce?224a1b73673cf077664dada948aca4a18cee3fffb6ac85803420385e8824b929856deb4e306b9efd7e0b62bf751f9a19685a74c8b1e4b4b8e579c756afc35ffa,gx-no-cache=1635185987052 HTTP/1.1" 200 46
190.171.149.74 - - [25/Oct/2021:15:31:27 -0300] "GET /cormun/servlet/hlogin HTTP/1.1" 200 1727
200.54.107.2 - - [25/Oct/2021:15:31:30 -0300] "POST /cormun/servlet/permisogoce?dd99df290b2adebd0c32e846c794685f,INS,0,,,,gx-no-cache=1635185990552 HTTP/1.1" 200 93
200.54.107.2 - - [25/Oct/2021:15:31:30 -0300] "GET /cormun/servlet/hpexe_return? HTTP/1.1" 200 1008
200.54.107.2 - - [25/Oct/2021:15:31:31 -0300] "GET /cormun/servlet/trpermisosgoce HTTP/1.1" 200 9618
200.54.107.2 - - [25/Oct/2021:15:31:31 -0300] "GET /cormun/servlet/trpermisosgoce HTTP/1.1" 200 9614
200.54.107.2 - - [25/Oct/2021:15:31:34 -0300] "GET /cormun/servlet/apermisogoceprn?13097355,P,20211025151710,PU HTTP/1.1" 200 1635
190.171.149.74 - - [25/Oct/2021:15:31:35 -0300] "POST /cormun/servlet/hlogin?09483cbc429a0416a149875073eb9da7,gx-no-cache=1635189627813 HTTP/1.1" 200 90
190.171.149.74 - - [25/Oct/2021:15:31:35 -0300] "GET /cormun/servlet/hpexe_link HTTP/1.1" 200 953
190.171.149.74 - - [25/Oct/2021:15:31:35 -0300] "GET /cormun/servlet/hhome HTTP/1.1" 200 3980
190.171.149.74 - - [25/Oct/2021:15:31:36 -0300] "GET /cormun/servlet/hhome HTTP/1.1" 200 3976
192.168.10.78 - - [25/Oct/2021:15:31:40 -0300] "GET /cormun/servlet/vesolicitudgral?2021,17638,, HTTP/1.1" 200 8259
192.168.10.78 - - [25/Oct/2021:15:31:40 -0300] "GET /cormun/pexe_scrolldiv.js HTTP/1.1" 404 1009
192.168.10.78 - - [25/Oct/2021:15:31:40 -0300] "GET /cormun/pexe_scrolldiv.js HTTP/1.1" 404 1009
192.168.10.78 - - [25/Oct/2021:15:31:41 -0300] "GET /cormun/servlet/vesolicitudgral?2021,17638,, HTTP/1.1" 200 8259
190.171.149.74 - - [25/Oct/2021:15:31:43 -0300] "GET /cormun/servlet/trsolicitudot? HTTP/1.1" 200 8621
190.171.149.74 - - [25/Oct/2021:15:31:43 -0300] "GET /cormun/servlet/trsolicitudot? HTTP/1.1" 200 8619
190.171.149.74 - - [25/Oct/2021:15:31:47 -0300] "POST /cormun/servlet/trsolicitudot?09483cbc429a0416a149875073eb9da7,,gx-no-cache=1635189640216 HTTP/1.1" 200 107
190.171.149.74 - - [25/Oct/2021:15:31:47 -0300] "GET /cormun/servlet/trsolicitudadjuntos?2021,17714, HTTP/1.1" 200 9079
190.171.149.74 - - [25/Oct/2021:15:31:48 -0300] "GET /cormun/servlet/trsolicitudadjuntos?2021,17714, HTTP/1.1" 200 9081
190.171.154.42 - - [25/Oct/2021:15:31:49 -0300] "GET /cormun/servlet/trsolicitudot? HTTP/1.1" 200 6321
190.171.149.74 - - [25/Oct/2021:15:31:50 -0300] "GET /cormun/servlet/solicitudotadjuntos?INS,2021,17714,,1, HTTP/1.1" 200 6033
190.171.149.74 - - [25/Oct/2021:15:31:50 -0300] "GET /cormun/static/about:blank HTTP/1.1" 404 1011
190.171.149.74 - - [25/Oct/2021:15:31:50 -0300] "GET /cormun/servlet/solicitudotadjuntos?INS,2021,17714,,1, HTTP/1.1" 200 6026
190.171.149.74 - - [25/Oct/2021:15:31:51 -0300] "GET /cormun/servlet/solicitudotadjuntos?1cdf297eff5211dfed468485822ef5283c9871e92bbf331717705bed0ade3e8141f061f253da8f9d7e37b031806fabfb,gx-no-cache=1635189644186 HTTP/1.1" 200 30
190.171.149.74 - - [25/Oct/2021:15:31:51 -0300] "POST /cormun/servlet/solicitudotadjuntos?09483cbc429a0416a149875073eb9da7,INS,2021,17714,,1,,gx-no-cache=1635189644224 HTTP/1.1" 200 3873
190.171.149.74 - - [25/Oct/2021:15:31:54 -0300] "POST /cormun/servlet/solicitudotadjuntos?gx-no-cache=1635189647161 HTTP/1.1" 200 26
190.171.154.42 - - [25/Oct/2021:15:32:02 -0300] "GET /cormun/servlet/trsolicitudot? HTTP/1.1" 200 6318
190.171.154.42 - - [25/Oct/2021:15:32:02 -0300] "GET /cormun/servlet/hlogin HTTP/1.1" 200 1745
190.171.149.74 - - [25/Oct/2021:15:32:05 -0300] "GET /cormun/servlet/trlicencias? HTTP/1.1" 200 11242
190.171.149.74 - - [25/Oct/2021:15:32:05 -0300] "GET /cormun/servlet/trlicencias? HTTP/1.1" 200 11241
190.171.154.42 - - [25/Oct/2021:15:32:08 -0300] "POST /cormun/servlet/hlogin?632cfbe625a56abe854fbc2023c0cc6d,gx-no-cache=1635186028518 HTTP/1.1" 200 90
190.171.154.42 - - [25/Oct/2021:15:32:08 -0300] "GET /cormun/servlet/hpexe_link HTTP/1.1" 200 958
190.171.154.42 - - [25/Oct/2021:15:32:09 -0300] "GET /cormun/servlet/trsolicitudot HTTP/1.1" 200 9807
190.171.154.42 - - [25/Oct/2021:15:32:11 -0300] "GET /cormun/servlet/trsolicitudot HTTP/1.1" 200 9806
190.171.154.42 - - [25/Oct/2021:15:32:18 -0300] "GET /cormun/static/menuarrow.gif HTTP/1.1" 404 1015
190.171.149.74 - - [25/Oct/2021:15:32:23 -0300] "GET /cormun/servlet/trsolicitudot? HTTP/1.1" 200 8619
190.171.149.74 - - [25/Oct/2021:15:32:24 -0300] "GET /cormun/servlet/trsolicitudot? HTTP/1.1" 200 8619
190.171.152.138 - - [25/Oct/2021:15:32:25 -0300] "GET /cormun/servlet/trpermisosgoce HTTP/1.1" 200 9995
190.171.149.74 - - [25/Oct/2021:15:32:26 -0300] "POST /cormun/servlet/trsolicitudot?09483cbc429a0416a149875073eb9da7,,gx-no-cache=1635189678688 HTTP/1.1" 200 107
190.171.149.74 - - [25/Oct/2021:15:32:26 -0300] "GET /cormun/servlet/trsolicitudadjuntos?2021,17714, HTTP/1.1" 200 9077
190.171.149.74 - - [25/Oct/2021:15:32:26 -0300] "GET /cormun/servlet/trsolicitudadjuntos?2021,17714, HTTP/1.1" 200 9081
190.171.149.74 - - [25/Oct/2021:15:32:28 -0300] "GET /cormun/servlet/solicitudotadjuntos?INS,2021,17714,,1, HTTP/1.1" 200 6034
190.171.149.74 - - [25/Oct/2021:15:32:28 -0300] "GET /cormun/static/about:blank HTTP/1.1" 404 1011
190.171.149.74 - - [25/Oct/2021:15:32:28 -0300] "GET /cormun/servlet/solicitudotadjuntos?INS,2021,17714,,1, HTTP/1.1" 200 6027
190.171.149.74 - - [25/Oct/2021:15:32:28 -0300] "GET /cormun/servlet/solicitudotadjuntos?1cdf297eff5211dfed468485822ef5283c9871e92bbf331717705bed0ade3e8141f061f253da8f9d7e37b031806fabfb,gx-no-cache=1635189681577 HTTP/1.1" 200 30
190.171.149.74 - - [25/Oct/2021:15:32:28 -0300] "POST /cormun/servlet/solicitudotadjuntos?09483cbc429a0416a149875073eb9da7,INS,2021,17714,,1,,gx-no-cache=1635189681603 HTTP/1.1" 200 3874
190.171.154.42 - - [25/Oct/2021:15:32:29 -0300] "POST /cormun/servlet/trsolicitudot?632cfbe625a56abe854fbc2023c0cc6d,gx-no-cache=1635186049341 HTTP/1.1" 200 8451
190.171.152.138 - - [25/Oct/2021:15:32:30 -0300] "GET /cormun/servlet/trpermisosgoce HTTP/1.1" 200 9986
190.171.149.74 - - [25/Oct/2021:15:32:31 -0300] "POST /cormun/servlet/solicitudotadjuntos?gx-no-cache=1635189683732 HTTP/1.1" 200 26
190.171.149.74 - - [25/Oct/2021:15:32:35 -0300] "GET /cormun/servlet/solicitudotadjuntos?1cdf297eff5211dfed468485822ef52874a197dbee69763be60076ff8c7b0bf6,gx-no-cache=1635189688344 HTTP/1.1" 200 30
190.171.149.74 - - [25/Oct/2021:15:32:35 -0300] "GET /cormun/servlet/solicitudotadjuntos?1cdf297eff5211dfed468485822ef52874a197dbee69763be60076ff8c7b0bf6,gx-no-cache=1635189688355 HTTP/1.1" 200 30
190.171.149.74 - - [25/Oct/2021:15:32:35 -0300] "POST /cormun/servlet/solicitudotadjuntos?09483cbc429a0416a149875073eb9da7,INS,2021,17714,,1, HTTP/1.1" 200 116
190.171.149.74 - - [25/Oct/2021:15:32:35 -0300] "GET /cormun/servlet/hpexe_return? HTTP/1.1" 200 1028
190.171.149.74 - - [25/Oct/2021:15:32:36 -0300] "GET /cormun/servlet/trsolicitudadjuntos?2021,17714, HTTP/1.1" 200 9265
190.171.149.74 - - [25/Oct/2021:15:32:36 -0300] "GET /cormun/servlet/trsolicitudadjuntos?2021,17714, HTTP/1.1" 200 9264
190.171.149.74 - - [25/Oct/2021:15:32:38 -0300] "GET /cormun/servlet/solicitudotadjuntos?INS,2021,17714,,1, HTTP/1.1" 200 6034
190.171.149.74 - - [25/Oct/2021:15:32:38 -0300] "GET /cormun/static/about:blank HTTP/1.1" 404 1011
190.171.149.74 - - [25/Oct/2021:15:32:39 -0300] "GET /cormun/servlet/solicitudotadjuntos?INS,2021,17714,,1, HTTP/1.1" 200 6027
190.171.149.74 - - [25/Oct/2021:15:32:39 -0300] "GET /cormun/servlet/solicitudotadjuntos?1cdf297eff5211dfed468485822ef5283c9871e92bbf331717705bed0ade3e8141f061f253da8f9d7e37b031806fabfb,gx-no-cache=1635189692176 HTTP/1.1" 200 30
190.171.149.74 - - [25/Oct/2021:15:32:39 -0300] "POST /cormun/servlet/solicitudotadjuntos?09483cbc429a0416a149875073eb9da7,INS,2021,17714,,1,,gx-no-cache=1635189692272 HTTP/1.1" 200 3874
190.171.149.74 - - [25/Oct/2021:15:32:41 -0300] "POST /cormun/servlet/solicitudotadjuntos?gx-no-cache=1635189694280 HTTP/1.1" 200 26
190.171.149.74 - - [25/Oct/2021:15:32:45 -0300] "POST /cormun/servlet/solicitudotadjuntos?gx-no-cache=1635189698720 HTTP/1.1" 200 26
190.171.154.42 - - [25/Oct/2021:15:32:49 -0300] "POST /cormun/servlet/trsolicitudot?632cfbe625a56abe854fbc2023c0cc6d,gx-no-cache=1635186069322 HTTP/1.1" 200 6589
190.171.149.74 - - [25/Oct/2021:15:32:52 -0300] "GET /cormun/servlet/solicitudotadjuntos?1cdf297eff5211dfed468485822ef52874a197dbee69763be60076ff8c7b0bf6,gx-no-cache=1635189705304 HTTP/1.1" 200 30
190.171.149.74 - - [25/Oct/2021:15:32:52 -0300] "GET /cormun/servlet/solicitudotadjuntos?1cdf297eff5211dfed468485822ef52874a197dbee69763be60076ff8c7b0bf6,gx-no-cache=1635189705315 HTTP/1.1" 200 30
190.171.149.74 - - [25/Oct/2021:15:32:52 -0300] "POST /cormun/servlet/solicitudotadjuntos?09483cbc429a0416a149875073eb9da7,INS,2021,17714,,1, HTTP/1.1" 200 116
190.171.149.74 - - [25/Oct/2021:15:32:52 -0300] "GET /cormun/servlet/hpexe_return? HTTP/1.1" 200 1028
190.171.149.74 - - [25/Oct/2021:15:32:53 -0300] "GET /cormun/servlet/trsolicitudadjuntos?2021,17714, HTTP/1.1" 200 9512
190.171.149.74 - - [25/Oct/2021:15:32:53 -0300] "GET /cormun/servlet/trsolicitudadjuntos?2021,17714, HTTP/1.1" 200 9511
190.171.149.74 - - [25/Oct/2021:15:32:56 -0300] "GET /cormun/servlet/solicitudotadjuntos?INS,2021,17714,,1, HTTP/1.1" 200 6034
190.171.149.74 - - [25/Oct/2021:15:32:56 -0300] "GET /cormun/static/about:blank HTTP/1.1" 404 1011
190.171.149.74 - - [25/Oct/2021:15:32:56 -0300] "GET /cormun/servlet/solicitudotadjuntos?INS,2021,17714,,1, HTTP/1.1" 200 6027
190.171.149.74 - - [25/Oct/2021:15:32:57 -0300] "GET /cormun/servlet/solicitudotadjuntos?1cdf297eff5211dfed468485822ef5283c9871e92bbf331717705bed0ade3e8141f061f253da8f9d7e37b031806fabfb,gx-no-cache=1635189709840 HTTP/1.1" 200 30
190.171.149.74 - - [25/Oct/2021:15:32:57 -0300] "POST /cormun/servlet/solicitudotadjuntos?09483cbc429a0416a149875073eb9da7,INS,2021,17714,,1,,gx-no-cache=1635189709881 HTTP/1.1" 200 3874
190.171.154.42 - - [25/Oct/2021:15:32:57 -0300] "GET /cormun/servlet/vesolicitudot?2021,17416,, HTTP/1.1" 200 8687
190.171.154.42 - - [25/Oct/2021:15:32:57 -0300] "GET /cormun/pexe_scrolldiv.js HTTP/1.1" 404 1009
190.171.154.42 - - [25/Oct/2021:15:32:58 -0300] "GET /cormun/pexe_scrolldiv.js HTTP/1.1" 404 1009
190.171.152.138 - - [25/Oct/2021:15:32:59 -0300] "GET /cormun/servlet/apermisogoceprn?11444591,P,20211025151506,PU HTTP/1.1" 200 1656
190.171.154.42 - - [25/Oct/2021:15:32:59 -0300] "GET /cormun/servlet/vesolicitudot?2021,17416,, HTTP/1.1" 200 8687
190.171.149.74 - - [25/Oct/2021:15:33:01 -0300] "POST /cormun/servlet/solicitudotadjuntos?gx-no-cache=1635189714514 HTTP/1.1" 200 26
190.171.149.74 - - [25/Oct/2021:15:33:06 -0300] "GET /cormun/servlet/solicitudotadjuntos?1cdf297eff5211dfed468485822ef52874a197dbee69763be60076ff8c7b0bf6,gx-no-cache=1635189719432 HTTP/1.1" 200 30
190.171.149.74 - - [25/Oct/2021:15:33:06 -0300] "GET /cormun/servlet/solicitudotadjuntos?1cdf297eff5211dfed468485822ef52874a197dbee69763be60076ff8c7b0bf6,gx-no-cache=1635189719443 HTTP/1.1" 200 30
190.171.149.74 - - [25/Oct/2021:15:33:06 -0300] "POST /cormun/servlet/solicitudotadjuntos?09483cbc429a0416a149875073eb9da7,INS,2021,17714,,1, HTTP/1.1" 200 116
190.171.149.74 - - [25/Oct/2021:15:33:06 -0300] "GET /cormun/servlet/hpexe_return? HTTP/1.1" 200 1028
190.171.149.74 - - [25/Oct/2021:15:33:07 -0300] "GET /cormun/servlet/trsolicitudadjuntos?2021,17714, HTTP/1.1" 200 9798
190.171.149.74 - - [25/Oct/2021:15:33:07 -0300] "GET /cormun/servlet/trsolicitudadjuntos?2021,17714, HTTP/1.1" 200 9798
190.171.149.74 - - [25/Oct/2021:15:33:10 -0300] "GET /cormun/servlet/solicitudotadjuntos?INS,2021,17714,,1, HTTP/1.1" 200 6034
190.171.149.74 - - [25/Oct/2021:15:33:10 -0300] "GET /cormun/static/about:blank HTTP/1.1" 404 1011
190.171.149.74 - - [25/Oct/2021:15:33:11 -0300] "GET /cormun/servlet/solicitudotadjuntos?INS,2021,17714,,1, HTTP/1.1" 200 6027
190.171.149.74 - - [25/Oct/2021:15:33:11 -0300] "GET /cormun/servlet/solicitudotadjuntos?1cdf297eff5211dfed468485822ef5283c9871e92bbf331717705bed0ade3e8141f061f253da8f9d7e37b031806fabfb,gx-no-cache=1635189724219 HTTP/1.1" 200 30
190.171.149.74 - - [25/Oct/2021:15:33:11 -0300] "POST /cormun/servlet/solicitudotadjuntos?09483cbc429a0416a149875073eb9da7,INS,2021,17714,,1,,gx-no-cache=1635189724242 HTTP/1.1" 200 3874
190.171.149.74 - - [25/Oct/2021:15:33:14 -0300] "POST /cormun/servlet/solicitudotadjuntos?gx-no-cache=1635189727072 HTTP/1.1" 200 26
190.171.149.74 - - [25/Oct/2021:15:33:21 -0300] "GET /cormun/servlet/solicitudotadjuntos?1cdf297eff5211dfed468485822ef52874a197dbee69763be60076ff8c7b0bf6,gx-no-cache=1635189733921 HTTP/1.1" 200 30
190.171.149.74 - - [25/Oct/2021:15:33:21 -0300] "GET /cormun/servlet/solicitudotadjuntos?1cdf297eff5211dfed468485822ef52874a197dbee69763be60076ff8c7b0bf6,gx-no-cache=1635189733934 HTTP/1.1" 200 30
190.171.149.74 - - [25/Oct/2021:15:33:21 -0300] "POST /cormun/servlet/solicitudotadjuntos?09483cbc429a0416a149875073eb9da7,INS,2021,17714,,1, HTTP/1.1" 200 116
190.171.149.74 - - [25/Oct/2021:15:33:21 -0300] "GET /cormun/servlet/hpexe_return? HTTP/1.1" 200 1028
190.171.149.74 - - [25/Oct/2021:15:33:22 -0300] "GET /cormun/servlet/trsolicitudadjuntos?2021,17714, HTTP/1.1" 200 9974
190.171.149.74 - - [25/Oct/2021:15:33:22 -0300] "GET /cormun/servlet/trsolicitudadjuntos?2021,17714, HTTP/1.1" 200 9971
190.171.149.74 - - [25/Oct/2021:15:34:02 -0300] "GET /cormun/servlet/trsolicitudot? HTTP/1.1" 200 8626
190.171.149.74 - - [25/Oct/2021:15:34:02 -0300] "GET /cormun/servlet/trsolicitudot? HTTP/1.1" 200 8619
190.171.149.74 - - [25/Oct/2021:15:34:26 -0300] "POST /cormun/servlet/trsolicitudot?09483cbc429a0416a149875073eb9da7,,gx-no-cache=1635189799671 HTTP/1.1" 200 112
190.171.149.74 - - [25/Oct/2021:15:34:27 -0300] "GET /cormun/servlet/solicitudot?UPD,2021,17714,false, HTTP/1.1" 200 16115
190.171.149.74 - - [25/Oct/2021:15:34:27 -0300] "GET /cormun/servlet/solicitudot?UPD,2021,17714,false, HTTP/1.1" 200 16128
190.171.149.74 - - [25/Oct/2021:15:34:28 -0300] "POST /cormun/servlet/solicitudot?gx-no-cache=1635189800719 HTTP/1.1" 200 3832
190.171.149.74 - - [25/Oct/2021:15:34:28 -0300] "POST /cormun/servlet/solicitudot?09483cbc429a0416a149875073eb9da7,UPD,2021,17714,false,,gx-no-cache=1635189800877 HTTP/1.1" 200 12376
190.171.149.74 - - [25/Oct/2021:15:34:28 -0300] "GET /cormun/servlet/solicitudot?1cdf297eff5211dfed468485822ef528f86fc21dd1452f3934761c8ee32e95190336cd49e1b2eab016c338d2fc46c2d0,gx-no-cache=1635189801099 HTTP/1.1" 200 30
190.171.149.74 - - [25/Oct/2021:15:34:28 -0300] "GET /cormun/servlet/solicitudot?1cdf297eff5211dfed468485822ef528cb604eba105046378bfd703290008afd419ffb45f44b923c9b50f5424ddb03b75ba955a497943af9184a960f4116a7f3,gx-no-cache=1635189801121 HTTP/1.1" 200 30
190.171.149.74 - - [25/Oct/2021:15:34:28 -0300] "GET /cormun/servlet/solicitudot?1cdf297eff5211dfed468485822ef528d213db29e3a47f116dafb4a45b34b8e468db7f52bb9fe3a4b9dce8c9e362126c760c4e9ae47e06784e812c1675fcea11,gx-no-cache=1635189801140 HTTP/1.1" 200 53
190.171.149.74 - - [25/Oct/2021:15:34:28 -0300] "POST /cormun/servlet/solicitudot?gx-no-cache=1635189801161 HTTP/1.1" 200 241
190.171.149.74 - - [25/Oct/2021:15:34:28 -0300] "GET /cormun/servlet/solicitudot?1cdf297eff5211dfed468485822ef52848720d64895998cd0d0fa9ff9217d2ea5aeedf8e7f29f762365a945e1d2a307ff9751deaf4abdb93545abf3c3a5f2221678cc5996cdb5f1754321481da32d1fc78d9683f4ba25d3d4cf2cb9ac6773dccf943720eb98d87fe8ebc90f1a2ad29496cee5c1fa687584362dce086e2fdd1b81743a434167e691d4cc8a94c0989ae1ac9c7d9b6d8c37cbdf6a70dbbcd85383706a604e848ce29516a74ba9f1106376f594ee04f32f0e6dee17eb4deb97c23653e425b294d9443980171e00f70e6e89f8c4e380c639072d283234636f6132d40c13c25b35b4b0c9f920fdc55146020824e0812bfe1ba338588d13a27cf76773ae77d5eb9a679c549ac7eaa24e5fc75c66d7039464964add6a6c62a4925e5ae04aa909cf6cb494463bff02925b6782473339b4ab28416e30fe5d31b8eaec2465734f2828642c0d33e01611b609f73d67fced61b45cedf6a05ddfb6ff3a754f327abe8fda2f1f8a88e66cdcf31681ad3f9686dc14ac19d18ecebf394a1cfeb8251,gx-no-cache=1635189801189 HTTP/1.1" 200 30
190.171.149.74 - - [25/Oct/2021:15:34:28 -0300] "POST /cormun/servlet/solicitudot?gx-no-cache=1635189801232 HTTP/1.1" 200 30
190.171.149.74 - - [25/Oct/2021:15:34:28 -0300] "POST /cormun/servlet/solicitudot?gx-no-cache=1635189801269 HTTP/1.1" 200 1442
190.171.149.74 - - [25/Oct/2021:15:34:28 -0300] "POST /cormun/servlet/solicitudot?gx-no-cache=1635189801350 HTTP/1.1" 200 41
190.171.149.74 - - [25/Oct/2021:15:34:56 -0300] "POST /cormun/servlet/solicitudot?09483cbc429a0416a149875073eb9da7,UPD,2021,17714,false,,gx-no-cache=1635189828925 HTTP/1.1" 200 93
190.171.149.74 - - [25/Oct/2021:15:34:56 -0300] "GET /cormun/servlet/hpexe_return? HTTP/1.1" 200 1016
190.171.149.74 - - [25/Oct/2021:15:34:56 -0300] "GET /cormun/servlet/trsolicitudot HTTP/1.1" 200 8623
190.171.149.74 - - [25/Oct/2021:15:34:56 -0300] "GET /cormun/servlet/trsolicitudot HTTP/1.1" 200 8619
190.171.149.90 - - [25/Oct/2021:15:35:06 -0300] "GET /cormun/servlet/hlogin HTTP/1.1" 200 1723
190.171.149.90 - - [25/Oct/2021:15:35:06 -0300] "GET /cormun/servlet/hlogin HTTP/1.1" 200 1734
190.171.149.90 - - [25/Oct/2021:15:35:11 -0300] "POST /cormun/servlet/hlogin?30056ddd90fd4932ebfe8121c9f8ac9d,gx-no-cache=1635186211805 HTTP/1.1" 200 90
190.171.149.90 - - [25/Oct/2021:15:35:11 -0300] "GET /cormun/servlet/hpexe_link HTTP/1.1" 200 950
190.171.149.90 - - [25/Oct/2021:15:35:11 -0300] "GET /cormun/servlet/hhome HTTP/1.1" 200 3942
190.171.149.90 - - [25/Oct/2021:15:35:11 -0300] "GET /cormun/servlet/hhome HTTP/1.1" 200 3938
190.171.149.90 - - [25/Oct/2021:15:35:13 -0300] "GET /cormun/servlet/trpermisosgoce? HTTP/1.1" 200 10466
190.171.149.90 - - [25/Oct/2021:15:35:14 -0300] "GET /cormun/servlet/trpermisosgoce? HTTP/1.1" 200 10464
190.171.149.90 - - [25/Oct/2021:15:35:17 -0300] "GET /cormun/servlet/permisogoce?INS,0,,, HTTP/1.1" 200 6807
190.171.149.90 - - [25/Oct/2021:15:35:17 -0300] "GET /cormun/servlet/permisogoce?INS,0,,, HTTP/1.1" 200 6807
186.67.172.234 - - [25/Oct/2021:15:35:23 -0300] "GET /cormun/servlet/hlogin HTTP/1.1" 200 1727
190.171.149.90 - - [25/Oct/2021:15:35:28 -0300] "GET /cormun/servlet/permisogoce?bd63a5dcbb0e21e6770c564a3b4413bcbc608741e97bd460e4dadb5df15ad1aa116920daf57170681beba89a039c60467199ccdc56cac28277992abb5d4c4fb2,gx-no-cache=1635186229449 HTTP/1.1" 200 75
190.171.149.90 - - [25/Oct/2021:15:35:29 -0300] "GET /cormun/static/menuarrow.gif HTTP/1.1" 404 1015
186.67.172.234 - - [25/Oct/2021:15:35:34 -0300] "POST /cormun/servlet/hlogin?09904af7297ef899ae75ce5d740ec475,gx-no-cache=1635186194582 HTTP/1.1" 200 90
186.67.172.234 - - [25/Oct/2021:15:35:34 -0300] "GET /cormun/servlet/hpexe_link HTTP/1.1" 200 954
186.67.172.234 - - [25/Oct/2021:15:35:34 -0300] "GET /cormun/servlet/hhome HTTP/1.1" 200 4372
186.67.172.234 - - [25/Oct/2021:15:35:34 -0300] "GET /cormun/servlet/hhome HTTP/1.1" 200 4371
190.171.154.42 - - [25/Oct/2021:15:35:34 -0300] "GET /cormun/servlet/vesolicitudot?2021,17416,,SolicitudOTLog HTTP/1.1" 200 10330
190.171.154.42 - - [25/Oct/2021:15:35:35 -0300] "GET /cormun/pexe_scrolldiv.js HTTP/1.1" 404 1009
190.171.154.42 - - [25/Oct/2021:15:35:35 -0300] "GET /cormun/static/Resources/PXToolsTabLastSelected.png HTTP/1.1" 200 1274
190.171.149.90 - - [25/Oct/2021:15:35:35 -0300] "GET /cormun/servlet/permisogoce?bd63a5dcbb0e21e6770c564a3b4413bcf3ba8db609fc353efc2aaa4094859d30971bda4c22953b1a46c93d54d5966b0ec530fe01ea9ec96db741c6e3882c5c1f,gx-no-cache=1635186236122 HTTP/1.1" 200 46
190.171.154.42 - - [25/Oct/2021:15:35:35 -0300] "GET /cormun/static/tbsolicitudot03.js?201991422145967 HTTP/1.1" 200 13332
190.171.154.42 - - [25/Oct/2021:15:35:35 -0300] "GET /cormun/pexe_scrolldiv.js HTTP/1.1" 404 1009
190.171.149.90 - - [25/Oct/2021:15:35:36 -0300] "POST /cormun/servlet/permisogoce?30056ddd90fd4932ebfe8121c9f8ac9d,INS,0,,,,gx-no-cache=1635186236997 HTTP/1.1" 200 93
190.171.149.90 - - [25/Oct/2021:15:35:36 -0300] "GET /cormun/servlet/hpexe_return? HTTP/1.1" 200 1008
190.171.149.90 - - [25/Oct/2021:15:35:36 -0300] "GET /cormun/servlet/trpermisosgoce HTTP/1.1" 200 10768
190.171.154.42 - - [25/Oct/2021:15:35:36 -0300] "GET /cormun/static/Resources/PXToolsTabFirstUnselected.png HTTP/1.1" 200 1278
190.171.154.42 - - [25/Oct/2021:15:35:36 -0300] "GET /cormun/static/Resources/PXToolsTabUnselectedSelected.png HTTP/1.1" 200 1458
190.171.154.42 - - [25/Oct/2021:15:35:36 -0300] "GET /cormun/servlet/vesolicitudot?2021,17416,,SolicitudOTLog HTTP/1.1" 200 10332
190.171.149.90 - - [25/Oct/2021:15:35:37 -0300] "GET /cormun/servlet/trpermisosgoce HTTP/1.1" 200 10763
190.171.154.42 - - [25/Oct/2021:15:35:38 -0300] "POST /cormun/servlet/acontrolpreferencessavestate?None,CALCAINO,true HTTP/1.1" 200 35
190.171.149.90 - - [25/Oct/2021:15:35:38 -0300] "GET /cormun/servlet/apermisogoceprn?7929125,P,20211025152118,PU HTTP/1.1" 200 1644
186.67.172.234 - - [25/Oct/2021:15:35:43 -0300] "GET /cormun/servlet/trlicencias? HTTP/1.1" 200 17899
186.67.172.234 - - [25/Oct/2021:15:35:44 -0300] "GET /cormun/servlet/trlicencias? HTTP/1.1" 200 17880
186.67.172.234 - - [25/Oct/2021:15:36:10 -0300] "GET /cormun/servlet/trpermisosgoce? HTTP/1.1" 200 15621
186.67.172.234 - - [25/Oct/2021:15:36:11 -0300] "GET /cormun/static/gxcfg.js?2020121631564 HTTP/1.1" 200 953
186.67.172.234 - - [25/Oct/2021:15:36:11 -0300] "GET /cormun/static/trpermisosgoce.js?2020121633681 HTTP/1.1" 200 35904
186.67.172.234 - - [25/Oct/2021:15:36:11 -0300] "GET /cormun//static/Resources/PXToolsGridDelete.png HTTP/1.1" 200 538
186.67.172.234 - - [25/Oct/2021:15:36:11 -0300] "GET /cormun/servlet/trpermisosgoce? HTTP/1.1" 200 15628
190.171.152.138 - - [25/Oct/2021:15:36:34 -0300] "GET /cormun/servlet/trpermisosadjuntos?11444591,20211025151506,P, HTTP/1.1" 200 6173
190.171.152.138 - - [25/Oct/2021:15:36:34 -0300] "GET /cormun/static/gxcfg.js?2020121641683 HTTP/1.1" 200 953
190.171.152.138 - - [25/Oct/2021:15:36:34 -0300] "GET /cormun/static/trpermisosadjuntos.js?2020121642996 HTTP/1.1" 200 20158
190.171.152.138 - - [25/Oct/2021:15:36:35 -0300] "GET /cormun/servlet/trpermisosadjuntos?11444591,20211025151506,P, HTTP/1.1" 200 6174
190.171.152.138 - - [25/Oct/2021:15:36:37 -0300] "GET /cormun/servlet/permisosadjuntos?INS,11444591,P,20211025151506,, HTTP/1.1" 200 5495
190.171.152.138 - - [25/Oct/2021:15:36:37 -0300] "GET /cormun/static/gxcfg.js?20201215134212 HTTP/1.1" 200 953
190.171.152.138 - - [25/Oct/2021:15:36:37 -0300] "GET /cormun/static/permisosadjuntos.js?20201215134285 HTTP/1.1" 200 8724
190.171.152.138 - - [25/Oct/2021:15:36:37 -0300] "GET /cormun/static/about:blank HTTP/1.1" 404 1011
190.171.152.138 - - [25/Oct/2021:15:36:37 -0300] "GET /cormun/servlet/permisosadjuntos?INS,11444591,P,20211025151506,, HTTP/1.1" 200 5485
190.171.154.42 - - [25/Oct/2021:15:36:41 -0300] "GET /cormun/servlet/vesolicitudot?2021,17416,,SolicitudOTAdjuntos HTTP/1.1" 200 11708
190.171.154.42 - - [25/Oct/2021:15:36:42 -0300] "GET /cormun/pexe_scrolldiv.js HTTP/1.1" 404 1009
190.171.154.42 - - [25/Oct/2021:15:36:42 -0300] "GET /cormun/static/tbsolicitudot02.js?20199142224537 HTTP/1.1" 200 15626
190.171.154.42 - - [25/Oct/2021:15:36:42 -0300] "GET /cormun/pexe_scrolldiv.js HTTP/1.1" 404 1009
190.171.154.42 - - [25/Oct/2021:15:36:45 -0300] "GET /cormun/servlet/vesolicitudot?2021,17416,,SolicitudOTAdjuntos HTTP/1.1" 200 11707
190.171.152.138 - - [25/Oct/2021:15:36:45 -0300] "GET /cormun/servlet/hlogin HTTP/1.1" 200 1770
190.171.154.42 - - [25/Oct/2021:15:36:45 -0300] "POST /cormun/servlet/acontrolpreferencessavestate?None,CALCAINO,true HTTP/1.1" 200 35
190.171.154.42 - - [25/Oct/2021:15:36:53 -0300] "GET /cormun/servlet/vesolicitudot?2021,17416,,SolicitudOTLog HTTP/1.1" 200 10335
190.171.154.42 - - [25/Oct/2021:15:36:53 -0300] "GET /cormun/pexe_scrolldiv.js HTTP/1.1" 404 1009
190.171.154.42 - - [25/Oct/2021:15:36:54 -0300] "GET /cormun/pexe_scrolldiv.js HTTP/1.1" 404 1009
190.171.154.42 - - [25/Oct/2021:15:36:55 -0300] "GET /cormun/servlet/vesolicitudot?2021,17416,,SolicitudOTLog HTTP/1.1" 200 10332
190.171.154.42 - - [25/Oct/2021:15:36:56 -0300] "POST /cormun/servlet/acontrolpreferencessavestate?None,CALCAINO,true HTTP/1.1" 200 35
190.171.154.42 - - [25/Oct/2021:15:36:58 -0300] "GET /cormun/servlet/vesolicitudot?2021,17416,,SolicitudOTAdjuntos HTTP/1.1" 200 11712
190.171.154.42 - - [25/Oct/2021:15:36:58 -0300] "GET /cormun/pexe_scrolldiv.js HTTP/1.1" 404 1009
190.171.154.42 - - [25/Oct/2021:15:36:58 -0300] "GET /cormun/pexe_scrolldiv.js HTTP/1.1" 404 1009
190.171.154.42 - - [25/Oct/2021:15:37:00 -0300] "GET /cormun/servlet/vesolicitudot?2021,17416,,SolicitudOTAdjuntos HTTP/1.1" 200 11706
190.171.154.42 - - [25/Oct/2021:15:37:01 -0300] "POST /cormun/servlet/acontrolpreferencessavestate?None,CALCAINO,true HTTP/1.1" 200 35
190.171.152.138 - - [25/Oct/2021:15:37:02 -0300] "POST /cormun/servlet/hlogin?eb6839b114ecdea8855b76a2884c2813,gx-no-cache=1635186322499 HTTP/1.1" 200 90
190.171.152.138 - - [25/Oct/2021:15:37:02 -0300] "GET /cormun/servlet/hpexe_link HTTP/1.1" 200 984
190.171.152.138 - - [25/Oct/2021:15:37:02 -0300] "GET /cormun/servlet/permisosadjuntos?INS,11444591,P,20211025151506,, HTTP/1.1" 200 5486
190.171.152.138 - - [25/Oct/2021:15:37:02 -0300] "GET /cormun/static/about:blank HTTP/1.1" 404 1011
190.171.152.138 - - [25/Oct/2021:15:37:02 -0300] "GET /cormun/servlet/permisosadjuntos?INS,11444591,P,20211025151506,, HTTP/1.1" 200 5485
190.171.154.42 - - [25/Oct/2021:15:37:24 -0300] "GET /cormun/servlet/vesolicitudot?2021,17416,,General HTTP/1.1" 200 8692
190.171.154.42 - - [25/Oct/2021:15:37:24 -0300] "GET /cormun/pexe_scrolldiv.js HTTP/1.1" 404 1009
190.171.154.42 - - [25/Oct/2021:15:37:24 -0300] "GET /cormun/pexe_scrolldiv.js HTTP/1.1" 404 1009
190.171.154.42 - - [25/Oct/2021:15:37:26 -0300] "GET /cormun/servlet/vesolicitudot?2021,17416,,General HTTP/1.1" 200 8692
190.171.152.138 - - [25/Oct/2021:15:39:59 -0300] "POST /cormun/servlet/permisosadjuntos?eb6839b114ecdea8855b76a2884c2813,INS,11444591,P,20211025151506,, HTTP/1.1" 200 116
190.171.152.138 - - [25/Oct/2021:15:39:59 -0300] "GET /cormun/servlet/hpexe_return? HTTP/1.1" 200 1035
190.171.152.138 - - [25/Oct/2021:15:39:59 -0300] "GET /cormun/servlet/trpermisosadjuntos?11444591,20211025151506,P, HTTP/1.1" 200 6648
190.171.152.138 - - [25/Oct/2021:15:40:00 -0300] "GET /cormun/servlet/trpermisosadjuntos?11444591,20211025151506,P, HTTP/1.1" 200 6644
190.171.152.138 - - [25/Oct/2021:15:40:03 -0300] "POST /cormun/servlet/trpermisosadjuntos?eb6839b114ecdea8855b76a2884c2813,11444591,20211025151506,P,,gx-no-cache=1635186504117 HTTP/1.1" 200 90
190.171.152.138 - - [25/Oct/2021:15:40:03 -0300] "GET /cormun/servlet/hpexe_link HTTP/1.1" 200 981
190.171.152.138 - - [25/Oct/2021:15:40:04 -0300] "GET /cormun/servlet/trpermisosgoce HTTP/1.1" 200 9988
200.54.107.2 - - [25/Oct/2021:15:40:04 -0300] "GET /cormun/servlet/hlogin HTTP/1.1" 200 1722
190.171.152.138 - - [25/Oct/2021:15:40:04 -0300] "GET /cormun/servlet/trpermisosgoce HTTP/1.1" 200 9986
200.54.107.2 - - [25/Oct/2021:15:40:13 -0300] "POST /cormun/servlet/hlogin?dd99df290b2adebd0c32e846c794685f,gx-no-cache=1635186513852 HTTP/1.1" 200 90
200.54.107.2 - - [25/Oct/2021:15:40:14 -0300] "GET /cormun/servlet/hpexe_link HTTP/1.1" 200 955
200.54.107.2 - - [25/Oct/2021:15:40:14 -0300] "GET /cormun/servlet/trpermisosgoce HTTP/1.1" 200 9619
200.54.107.2 - - [25/Oct/2021:15:40:14 -0300] "GET /cormun/servlet/trpermisosgoce HTTP/1.1" 200 9618
190.171.152.138 - - [25/Oct/2021:15:40:15 -0300] "POST /cormun/servlet/trpermisosgoce?eb6839b114ecdea8855b76a2884c2813,gx-no-cache=1635186515294 HTTP/1.1" 200 7404
190.171.152.138 - - [25/Oct/2021:15:40:15 -0300] "GET /cormun/static/Shared/jqueryui/images/ui-bg_highlight-soft_100_c6c2c8_1x100.png HTTP/1.1" 404 1117
190.171.152.138 - - [25/Oct/2021:15:40:15 -0300] "GET /cormun/static/Shared/jqueryui/images/ui-icons_82798d_256x240.png HTTP/1.1" 404 1089
190.171.152.138 - - [25/Oct/2021:15:40:15 -0300] "GET /cormun/static/Shared/jqueryui/images/ui-icons_8d78a5_256x240.png HTTP/1.1" 404 1089
190.171.152.138 - - [25/Oct/2021:15:40:15 -0300] "GET /cormun/static/Shared/jqueryui/images/ui-bg_flat_55_fafafa_40x100.png HTTP/1.1" 404 1097
200.54.107.2 - - [25/Oct/2021:15:40:20 -0300] "GET /cormun/servlet/trpermisosgoce? HTTP/1.1" 200 9618
200.54.107.2 - - [25/Oct/2021:15:40:21 -0300] "GET /cormun/servlet/trpermisosgoce? HTTP/1.1" 200 9614
200.54.107.2 - - [25/Oct/2021:15:40:24 -0300] "GET /cormun/servlet/permisogoce?INS,0,,, HTTP/1.1" 200 7243
200.54.107.2 - - [25/Oct/2021:15:40:24 -0300] "GET /cormun/servlet/permisogoce?INS,0,,, HTTP/1.1" 200 7242
200.54.107.2 - - [25/Oct/2021:15:40:33 -0300] "GET /cormun/servlet/permisogoce?224a1b73673cf077664dada948aca4a110972efbfadf69f76b05ac573298c07fe565d9c82747bb8efe977a9699e93035050ca8f536577634577b16785fdd925d,gx-no-cache=1635186533178 HTTP/1.1" 200 87
190.171.152.138 - - [25/Oct/2021:15:40:33 -0300] "GET /cormun/servlet/hlogin HTTP/1.1" 200 1742
200.54.107.2 - - [25/Oct/2021:15:40:33 -0300] "GET /cormun/static/menuarrow.gif HTTP/1.1" 404 1015
200.54.107.2 - - [25/Oct/2021:15:40:38 -0300] "GET /cormun/servlet/permisogoce?224a1b73673cf077664dada948aca4a14c5f8edfcbcfef2d2fa7e722f1f0b8056f2e96f3af8e4f5d7d667bc7d6b5a396685a74c8b1e4b4b8e579c756afc35ffa,gx-no-cache=1635186538010 HTTP/1.1" 200 47
200.54.107.2 - - [25/Oct/2021:15:40:40 -0300] "POST /cormun/servlet/permisogoce?dd99df290b2adebd0c32e846c794685f,INS,0,,,,gx-no-cache=1635186540165 HTTP/1.1" 200 93
200.54.107.2 - - [25/Oct/2021:15:40:40 -0300] "GET /cormun/servlet/hpexe_return? HTTP/1.1" 200 1008
200.54.107.2 - - [25/Oct/2021:15:40:41 -0300] "GET /cormun/servlet/trpermisosgoce HTTP/1.1" 200 9830
200.54.107.2 - - [25/Oct/2021:15:40:41 -0300] "GET /cormun/servlet/trpermisosgoce HTTP/1.1" 200 9825
200.54.107.2 - - [25/Oct/2021:15:40:45 -0300] "GET /cormun/servlet/apermisogoceprn?19262713,P,20211025152625,PU HTTP/1.1" 200 1661
192.168.10.96 - - [25/Oct/2021:15:40:56 -0300] "GET /cormun/servlet/vesolicitudgral?2021,17562,, HTTP/1.1" 200 8349
192.168.10.96 - - [25/Oct/2021:15:40:56 -0300] "GET /cormun/pexe_scrolldiv.js HTTP/1.1" 404 1009
192.168.10.96 - - [25/Oct/2021:15:40:56 -0300] "GET /cormun/pexe_scrolldiv.js HTTP/1.1" 404 1009
192.168.10.96 - - [25/Oct/2021:15:40:56 -0300] "GET /cormun/servlet/vesolicitudgral?2021,17562,, HTTP/1.1" 200 8348
192.168.10.96 - - [25/Oct/2021:15:41:01 -0300] "POST /cormun/servlet/vesolicitudgral?075aa5808306475c8846ab7c78c8c3dc,2021,17562,,,gx-no-cache=1635186422094 HTTP/1.1" 200 90
192.168.10.96 - - [25/Oct/2021:15:41:01 -0300] "GET /cormun/servlet/hpexe_link HTTP/1.1" 200 970
192.168.10.96 - - [25/Oct/2021:15:41:01 -0300] "GET /cormun/servlet/trsolicitudgral? HTTP/1.1" 200 19088
192.168.10.96 - - [25/Oct/2021:15:41:02 -0300] "GET /cormun/servlet/trsolicitudgral? HTTP/1.1" 200 19086
190.171.152.138 - - [25/Oct/2021:15:41:07 -0300] "POST /cormun/servlet/hlogin?eb6839b114ecdea8855b76a2884c2813,gx-no-cache=1635186567115 HTTP/1.1" 200 90
190.171.152.138 - - [25/Oct/2021:15:41:07 -0300] "GET /cormun/servlet/hpexe_link HTTP/1.1" 200 950
190.171.152.138 - - [25/Oct/2021:15:41:07 -0300] "GET /cormun/servlet/hhome HTTP/1.1" 200 4313
190.171.152.138 - - [25/Oct/2021:15:41:07 -0300] "GET /cormun/static/SmoothNavMenu/resources/images/right.gif HTTP/1.1" 200 860
190.171.152.138 - - [25/Oct/2021:15:41:07 -0300] "GET /cormun/servlet/hhome HTTP/1.1" 200 4309
190.171.152.138 - - [25/Oct/2021:15:41:29 -0300] "GET /cormun/servlet/trautorizarpermisogoce? HTTP/1.1" 200 8006
190.171.152.138 - - [25/Oct/2021:15:41:29 -0300] "GET /cormun/static/gxcfg.js?2020121645532 HTTP/1.1" 200 953
190.171.152.138 - - [25/Oct/2021:15:41:30 -0300] "GET /cormun/static/trautorizarpermisogoce.js?2020121651492 HTTP/1.1" 200 34948
190.171.152.138 - - [25/Oct/2021:15:41:30 -0300] "GET /cormun/servlet/trautorizarpermisogoce? HTTP/1.1" 200 8006
192.168.10.96 - - [25/Oct/2021:15:41:33 -0300] "POST /cormun/servlet/trsolicitudgral?075aa5808306475c8846ab7c78c8c3dc,,gx-no-cache=1635186454418 HTTP/1.1" 200 9288
192.168.10.96 - - [25/Oct/2021:15:41:42 -0300] "GET /cormun/servlet/vesolicitudgral?2021,17670,, HTTP/1.1" 200 8351
192.168.10.96 - - [25/Oct/2021:15:41:42 -0300] "GET /cormun/pexe_scrolldiv.js HTTP/1.1" 404 1009
192.168.10.96 - - [25/Oct/2021:15:41:42 -0300] "GET /cormun/pexe_scrolldiv.js HTTP/1.1" 404 1009
192.168.10.96 - - [25/Oct/2021:15:41:43 -0300] "GET /cormun/servlet/vesolicitudgral?2021,17670,, HTTP/1.1" 200 8350
190.171.152.138 - - [25/Oct/2021:15:41:46 -0300] "POST /cormun/servlet/trautorizarpermisogoce?eb6839b114ecdea8855b76a2884c2813,,gx-no-cache=1635186606622 HTTP/1.1" 200 4515
190.171.152.138 - - [25/Oct/2021:15:41:46 -0300] "GET /cormun/static/Shared/jqueryui/images/ui-bg_highlight-soft_100_c6c2c8_1x100.png HTTP/1.1" 404 1117
190.171.152.138 - - [25/Oct/2021:15:41:46 -0300] "GET /cormun/static/Shared/jqueryui/images/ui-icons_8d78a5_256x240.png HTTP/1.1" 404 1089
190.171.152.138 - - [25/Oct/2021:15:41:46 -0300] "GET /cormun/static/Shared/jqueryui/images/ui-icons_82798d_256x240.png HTTP/1.1" 404 1089
190.171.152.138 - - [25/Oct/2021:15:41:46 -0300] "GET /cormun/static/Shared/jqueryui/images/ui-bg_flat_55_fafafa_40x100.png HTTP/1.1" 404 1097
190.171.152.138 - - [25/Oct/2021:15:41:59 -0300] "GET /cormun/servlet/hlogin HTTP/1.1" 200 1748
190.171.152.138 - - [25/Oct/2021:15:42:12 -0300] "POST /cormun/servlet/hlogin?eb6839b114ecdea8855b76a2884c2813,gx-no-cache=1635186632643 HTTP/1.1" 200 90
190.171.152.138 - - [25/Oct/2021:15:42:12 -0300] "GET /cormun/servlet/hpexe_link HTTP/1.1" 200 950
190.171.152.138 - - [25/Oct/2021:15:42:12 -0300] "GET /cormun/servlet/hhome HTTP/1.1" 200 3850
190.171.152.138 - - [25/Oct/2021:15:42:12 -0300] "GET /cormun/servlet/hhome HTTP/1.1" 200 3847
190.171.152.138 - - [25/Oct/2021:15:42:30 -0300] "GET /cormun/servlet/trpermisosgoce? HTTP/1.1" 200 9938
190.171.152.138 - - [25/Oct/2021:15:42:30 -0300] "GET /cormun/servlet/trpermisosgoce? HTTP/1.1" 200 9936
192.168.10.78 - - [25/Oct/2021:15:42:53 -0300] "POST /cormun/servlet/vesolicitudgral?c150e49fa85be8488dacb14217f761e7,2021,17638,,,gx-no-cache=1635186534676 HTTP/1.1" 200 11792
192.168.10.78 - - [25/Oct/2021:15:42:53 -0300] "GET /cormun/static/Shared/jqueryui/images/ui-icons_82798d_256x240.png HTTP/1.1" 404 1089
192.168.10.78 - - [25/Oct/2021:15:42:53 -0300] "GET /cormun/static/Shared/jqueryui/images/ui-bg_highlight-soft_100_c6c2c8_1x100.png HTTP/1.1" 404 1117
192.168.10.78 - - [25/Oct/2021:15:42:53 -0300] "GET /cormun/static/Shared/jqueryui/images/ui-icons_8d78a5_256x240.png HTTP/1.1" 404 1089
192.168.10.78 - - [25/Oct/2021:15:42:53 -0300] "GET /cormun/static/Shared/jqueryui/images/ui-bg_flat_55_fafafa_40x100.png HTTP/1.1" 404 1097
192.168.10.78 - - [25/Oct/2021:15:42:53 -0300] "POST /cormun/servlet/vesolicitudgral?c150e49fa85be8488dacb14217f761e7,2021,17638,,,gx-no-cache=1635186534867 HTTP/1.1" 200 11725
192.168.10.78 - - [25/Oct/2021:15:42:57 -0300] "GET /cormun/servlet/trautorizarot? HTTP/1.1" 200 10971
192.168.10.78 - - [25/Oct/2021:15:42:57 -0300] "GET /cormun/servlet/trautorizarot? HTTP/1.1" 200 10966
192.168.10.78 - - [25/Oct/2021:15:43:03 -0300] "POST /cormun/servlet/trautorizarot?c150e49fa85be8488dacb14217f761e7,,gx-no-cache=1635186544512 HTTP/1.1" 200 7556
192.168.10.96 - - [25/Oct/2021:15:44:36 -0300] "POST /cormun/servlet/vesolicitudgral?075aa5808306475c8846ab7c78c8c3dc,2021,17670,,,gx-no-cache=1635186637575 HTTP/1.1" 200 90
192.168.10.96 - - [25/Oct/2021:15:44:36 -0300] "GET /cormun/servlet/hpexe_link HTTP/1.1" 200 970
192.168.10.96 - - [25/Oct/2021:15:44:36 -0300] "GET /cormun/servlet/trsolicitudgral? HTTP/1.1" 200 12247
192.168.10.96 - - [25/Oct/2021:15:44:37 -0300] "GET /cormun/servlet/trsolicitudgral? HTTP/1.1" 200 12245
190.171.154.42 - - [25/Oct/2021:15:44:45 -0300] "GET /cormun/servlet/vesolicitudot?2021,17416,,SolicitudOTAdjuntos HTTP/1.1" 200 11710
190.171.154.42 - - [25/Oct/2021:15:44:48 -0300] "GET /cormun/servlet/vesolicitudot?2021,17416,,SolicitudOTAdjuntos HTTP/1.1" 200 11707
190.171.154.42 - - [25/Oct/2021:15:44:49 -0300] "POST /cormun/servlet/acontrolpreferencessavestate?None,CALCAINO,true HTTP/1.1" 200 35
192.168.10.96 - - [25/Oct/2021:15:44:52 -0300] "GET /cormun/servlet/vesolicitudgral?2021,17614,, HTTP/1.1" 200 8357
192.168.10.96 - - [25/Oct/2021:15:44:52 -0300] "GET /cormun/pexe_scrolldiv.js HTTP/1.1" 404 1009
192.168.10.96 - - [25/Oct/2021:15:44:52 -0300] "GET /cormun/pexe_scrolldiv.js HTTP/1.1" 404 1009
192.168.10.96 - - [25/Oct/2021:15:44:52 -0300] "GET /cormun/servlet/vesolicitudgral?2021,17614,, HTTP/1.1" 200 8356
192.168.10.96 - - [25/Oct/2021:15:44:57 -0300] "POST /cormun/servlet/vesolicitudgral?075aa5808306475c8846ab7c78c8c3dc,2021,17614,,,gx-no-cache=1635186658212 HTTP/1.1" 200 90
192.168.10.96 - - [25/Oct/2021:15:44:57 -0300] "GET /cormun/servlet/hpexe_link HTTP/1.1" 200 970
192.168.10.96 - - [25/Oct/2021:15:44:57 -0300] "GET /cormun/servlet/trsolicitudgral HTTP/1.1" 200 12247
192.168.10.96 - - [25/Oct/2021:15:44:57 -0300] "GET /cormun/servlet/trsolicitudgral HTTP/1.1" 200 12245
190.171.154.42 - - [25/Oct/2021:15:45:03 -0300] "GET /cormun/servlet/vesolicitudot?2021,17416,,SolicitudOTLog HTTP/1.1" 200 10335
190.171.154.42 - - [25/Oct/2021:15:45:05 -0300] "GET /cormun/servlet/vesolicitudot?2021,17416,,SolicitudOTLog HTTP/1.1" 200 10332
190.171.154.42 - - [25/Oct/2021:15:45:07 -0300] "POST /cormun/servlet/acontrolpreferencessavestate?None,CALCAINO,true HTTP/1.1" 200 35
190.171.154.42 - - [25/Oct/2021:15:45:29 -0300] "GET /cormun/servlet/vesolicitudot?2021,17416,,SolicitudOTAdjuntos HTTP/1.1" 200 11711
190.171.154.42 - - [25/Oct/2021:15:45:31 -0300] "GET /cormun/servlet/vesolicitudot?2021,17416,,SolicitudOTAdjuntos HTTP/1.1" 200 11707
190.171.154.42 - - [25/Oct/2021:15:45:32 -0300] "POST /cormun/servlet/acontrolpreferencessavestate?None,CALCAINO,true HTTP/1.1" 200 35
190.171.154.42 - - [25/Oct/2021:15:45:35 -0300] "GET /cormun/servlet/vesolicitudot?2021,17416,,SolicitudOTLog HTTP/1.1" 200 10330
190.171.154.42 - - [25/Oct/2021:15:45:37 -0300] "GET /cormun/servlet/vesolicitudot?2021,17416,,SolicitudOTLog HTTP/1.1" 200 10332
190.171.154.42 - - [25/Oct/2021:15:45:38 -0300] "POST /cormun/servlet/acontrolpreferencessavestate?None,CALCAINO,true HTTP/1.1" 200 35
192.168.10.96 - - [25/Oct/2021:15:45:40 -0300] "POST /cormun/servlet/trsolicitudgral?075aa5808306475c8846ab7c78c8c3dc,gx-no-cache=1635186701868 HTTP/1.1" 200 7401
190.171.154.42 - - [25/Oct/2021:15:45:42 -0300] "POST /cormun/servlet/vesolicitudot?632cfbe625a56abe854fbc2023c0cc6d,2021,17416,,SolicitudOTLog,gx-no-cache=1635186842358 HTTP/1.1" 200 90
190.171.154.42 - - [25/Oct/2021:15:45:42 -0300] "GET /cormun/servlet/hpexe_link HTTP/1.1" 200 997
190.171.154.42 - - [25/Oct/2021:15:45:43 -0300] "GET /cormun/servlet/trsolicitudot?gx-no-cache=1635186069322 HTTP/1.1" 200 9596
190.171.154.42 - - [25/Oct/2021:15:45:44 -0300] "GET /cormun/servlet/trsolicitudot?gx-no-cache=1635186069322 HTTP/1.1" 200 9617
190.171.154.42 - - [25/Oct/2021:15:45:48 -0300] "POST /cormun/servlet/trsolicitudot?632cfbe625a56abe854fbc2023c0cc6d,gx-no-cache=1635186069322,gx-no-cache=1635186848608 HTTP/1.1" 200 6589
192.168.10.96 - - [25/Oct/2021:15:45:49 -0300] "GET /cormun/servlet/vesolicitudgral?2021,17606,, HTTP/1.1" 200 8358
192.168.10.96 - - [25/Oct/2021:15:45:49 -0300] "GET /cormun/pexe_scrolldiv.js HTTP/1.1" 404 1009
192.168.10.96 - - [25/Oct/2021:15:45:49 -0300] "GET /cormun/servlet/vesolicitudgral?2021,17606,, HTTP/1.1" 200 8358
192.168.10.96 - - [25/Oct/2021:15:45:51 -0300] "POST /cormun/servlet/vesolicitudgral?075aa5808306475c8846ab7c78c8c3dc,2021,17606,,,gx-no-cache=1635186712318 HTTP/1.1" 200 11973
192.168.10.96 - - [25/Oct/2021:15:45:51 -0300] "GET /cormun/static/Shared/jqueryui/images/ui-icons_82798d_256x240.png HTTP/1.1" 404 1089
192.168.10.96 - - [25/Oct/2021:15:45:51 -0300] "GET /cormun/static/Shared/jqueryui/images/ui-bg_highlight-soft_100_c6c2c8_1x100.png HTTP/1.1" 404 1117
192.168.10.96 - - [25/Oct/2021:15:45:51 -0300] "GET /cormun/static/Shared/jqueryui/images/ui-icons_8d78a5_256x240.png HTTP/1.1" 404 1089
192.168.10.96 - - [25/Oct/2021:15:45:51 -0300] "GET /cormun/static/Shared/jqueryui/images/ui-bg_flat_55_fafafa_40x100.png HTTP/1.1" 404 1097
192.168.10.96 - - [25/Oct/2021:15:45:51 -0300] "POST /cormun/servlet/vesolicitudgral?075aa5808306475c8846ab7c78c8c3dc,2021,17606,,,gx-no-cache=1635186712535 HTTP/1.1" 200 11907
192.168.10.96 - - [25/Oct/2021:15:45:53 -0300] "GET /cormun/servlet/trautorizarot? HTTP/1.1" 200 10875
192.168.10.96 - - [25/Oct/2021:15:45:53 -0300] "GET /cormun/servlet/trautorizarot? HTTP/1.1" 200 10870
192.168.10.96 - - [25/Oct/2021:15:46:01 -0300] "POST /cormun/servlet/trautorizarot?075aa5808306475c8846ab7c78c8c3dc,,gx-no-cache=1635186722216 HTTP/1.1" 200 7541
190.171.152.138 - - [25/Oct/2021:15:46:53 -0300] "GET /cormun/servlet/permisogoce?INS,0,,, HTTP/1.1" 200 6713
190.171.152.138 - - [25/Oct/2021:15:46:54 -0300] "GET /cormun/servlet/permisogoce?INS,0,,, HTTP/1.1" 200 6712
190.171.152.138 - - [25/Oct/2021:15:47:05 -0300] "GET /cormun/servlet/permisogoce?9b9c6a4c82d6ef5895bf8417ed7a783d64179d95cf537c8abd58c7a69b1645e84724ce6a55dca3aba95dbfa11af1087d6b9246f4d376ed6a28a966f1c506a0e8,gx-no-cache=1635186926151 HTTP/1.1" 200 85
190.171.152.138 - - [25/Oct/2021:15:47:08 -0300] "GET /cormun/static/menuarrow.gif HTTP/1.1" 404 1015
190.171.152.138 - - [25/Oct/2021:15:47:17 -0300] "GET /cormun/servlet/permisogoce?9b9c6a4c82d6ef5895bf8417ed7a783de382707573caeec1f91ebbde28057a925a147d477ad69e4d7bb3335ded876596269666d8857bef60d79b85acb56dfab2,gx-no-cache=1635186937331 HTTP/1.1" 200 46
192.168.10.96 - - [25/Oct/2021:15:47:21 -0300] "GET /cormun/servlet/veautorizarot?2021,17608,, HTTP/1.1" 200 8295
192.168.10.96 - - [25/Oct/2021:15:47:21 -0300] "GET /cormun/pexe_scrolldiv.js HTTP/1.1" 404 1009
192.168.10.96 - - [25/Oct/2021:15:47:21 -0300] "GET /cormun/pexe_scrolldiv.js HTTP/1.1" 404 1009
192.168.10.96 - - [25/Oct/2021:15:47:21 -0300] "GET /cormun/servlet/veautorizarot?2021,17608,, HTTP/1.1" 200 8295
192.168.10.96 - - [25/Oct/2021:15:47:25 -0300] "POST /cormun/servlet/veautorizarot?075aa5808306475c8846ab7c78c8c3dc,2021,17608,,,gx-no-cache=1635186806310 HTTP/1.1" 200 90
192.168.10.96 - - [25/Oct/2021:15:47:25 -0300] "GET /cormun/servlet/hpexe_link HTTP/1.1" 200 970
192.168.10.96 - - [25/Oct/2021:15:47:25 -0300] "GET /cormun/servlet/trautorizarot? HTTP/1.1" 200 10474
192.168.10.96 - - [25/Oct/2021:15:47:25 -0300] "GET /cormun/servlet/trautorizarot? HTTP/1.1" 200 10472
190.171.152.138 - - [25/Oct/2021:15:47:27 -0300] "POST /cormun/servlet/permisogoce?eb6839b114ecdea8855b76a2884c2813,INS,0,,,,gx-no-cache=1635186946447 HTTP/1.1" 200 93
190.171.152.138 - - [25/Oct/2021:15:47:27 -0300] "GET /cormun/servlet/hpexe_return? HTTP/1.1" 200 1009
190.171.152.138 - - [25/Oct/2021:15:47:27 -0300] "GET /cormun/servlet/trpermisosgoce HTTP/1.1" 200 10205
190.171.152.138 - - [25/Oct/2021:15:47:28 -0300] "GET /cormun/servlet/trpermisosgoce HTTP/1.1" 200 10203
192.168.10.96 - - [25/Oct/2021:15:47:28 -0300] "GET /cormun/servlet/trsolicitudgral? HTTP/1.1" 200 9990
192.168.10.96 - - [25/Oct/2021:15:47:28 -0300] "GET /cormun/servlet/trsolicitudgral? HTTP/1.1" 200 9989
190.171.152.138 - - [25/Oct/2021:15:47:32 -0300] "GET /cormun/servlet/apermisogoceprn?15755754,P,20211025153254,PU HTTP/1.1" 200 1659
192.168.10.78 - - [25/Oct/2021:15:47:32 -0300] "GET /cormun/servlet/trsolicitudgral? HTTP/1.1" 200 29311
192.168.10.78 - - [25/Oct/2021:15:47:33 -0300] "GET /cormun/servlet/trsolicitudgral? HTTP/1.1" 200 29311
192.168.10.96 - - [25/Oct/2021:15:47:33 -0300] "GET /cormun/servlet/vesolicitudgral?2021,17683,, HTTP/1.1" 200 8353
192.168.10.96 - - [25/Oct/2021:15:47:33 -0300] "GET /cormun/pexe_scrolldiv.js HTTP/1.1" 404 1009
192.168.10.96 - - [25/Oct/2021:15:47:33 -0300] "GET /cormun/pexe_scrolldiv.js HTTP/1.1" 404 1009
192.168.10.96 - - [25/Oct/2021:15:47:34 -0300] "GET /cormun/servlet/vesolicitudgral?2021,17683,, HTTP/1.1" 200 8353
192.168.10.96 - - [25/Oct/2021:15:47:36 -0300] "GET /cormun/servlet/vesolicitudgral?2021,17683,,SolicitudOTLog HTTP/1.1" 200 9195
192.168.10.96 - - [25/Oct/2021:15:47:36 -0300] "GET /cormun/pexe_scrolldiv.js HTTP/1.1" 404 1009
192.168.10.96 - - [25/Oct/2021:15:47:36 -0300] "GET /cormun/pexe_scrolldiv.js HTTP/1.1" 404 1009
192.168.10.96 - - [25/Oct/2021:15:47:36 -0300] "GET /cormun/servlet/vesolicitudgral?2021,17683,,SolicitudOTLog HTTP/1.1" 200 9194
192.168.10.96 - - [25/Oct/2021:15:47:37 -0300] "POST /cormun/servlet/acontrolpreferencessavestate?None,RRHH+DANIELA,true HTTP/1.1" 200 35
190.171.149.74 - - [25/Oct/2021:15:47:42 -0300] "POST /cormun/servlet/trsolicitudot?09483cbc429a0416a149875073eb9da7,gx-no-cache=1635190594519 HTTP/1.1" 200 4582
190.171.149.74 - - [25/Oct/2021:15:47:42 -0300] "GET /cormun/static/Shared/jqueryui/images/ui-bg_highlight-soft_100_c6c2c8_1x100.png HTTP/1.1" 404 1117
190.171.149.74 - - [25/Oct/2021:15:47:42 -0300] "GET /cormun/static/Shared/jqueryui/images/ui-icons_82798d_256x240.png HTTP/1.1" 404 1089
190.171.149.74 - - [25/Oct/2021:15:47:42 -0300] "GET /cormun/static/Shared/jqueryui/images/ui-bg_flat_55_fafafa_40x100.png HTTP/1.1" 404 1097
190.171.149.74 - - [25/Oct/2021:15:47:42 -0300] "GET /cormun/static/Shared/jqueryui/images/ui-icons_8d78a5_256x240.png HTTP/1.1" 404 1089
190.171.149.74 - - [25/Oct/2021:15:47:42 -0300] "POST /cormun/servlet/trsolicitudot?09483cbc429a0416a149875073eb9da7,gx-no-cache=1635190594938 HTTP/1.1" 200 4331
192.168.10.78 - - [25/Oct/2021:15:47:42 -0300] "POST /cormun/servlet/trsolicitudgral?c150e49fa85be8488dacb14217f761e7,,gx-no-cache=1635186822745 HTTP/1.1" 200 26981
192.168.10.96 - - [25/Oct/2021:15:47:44 -0300] "POST /cormun/servlet/vesolicitudgral?075aa5808306475c8846ab7c78c8c3dc,2021,17683,,SolicitudOTLog,gx-no-cache=1635186825352 HTTP/1.1" 200 90
192.168.10.96 - - [25/Oct/2021:15:47:44 -0300] "GET /cormun/servlet/hpexe_link HTTP/1.1" 200 978
192.168.10.96 - - [25/Oct/2021:15:47:44 -0300] "GET /cormun/servlet/trsolicitudgral HTTP/1.1" 200 9991
192.168.10.96 - - [25/Oct/2021:15:47:44 -0300] "GET /cormun/servlet/trsolicitudgral HTTP/1.1" 200 9989
