190.171.154.42 - - [14/Oct/2021:12:03:46 -0300] "GET /cormun/servlet/solicitudot?346be987893b56609fc95cde63e9cd33bc7383ac685146f818291539cc306bdb46c402848ac6e651f95f9ea00c695f29,gx-no-cache=1634223127551 HTTP/1.1" 200 30
190.171.154.42 - - [14/Oct/2021:12:03:46 -0300] "POST /cormun/servlet/solicitudot?gx-no-cache=1634223127598 HTTP/1.1" 200 30
190.171.154.42 - - [14/Oct/2021:12:03:46 -0300] "POST /cormun/servlet/solicitudot?c05c7f765bb49531622f8f26890f5945,INS,0,0,false,,gx-no-cache=1634223127652 HTTP/1.1" 200 13285
190.171.154.42 - - [14/Oct/2021:12:04:10 -0300] "POST /cormun/servlet/solicitudot?gx-no-cache=1634223150931 HTTP/1.1" 200 1440
190.171.154.42 - - [14/Oct/2021:12:04:10 -0300] "POST /cormun/servlet/solicitudot?gx-no-cache=1634223151105 HTTP/1.1" 200 41
190.171.154.42 - - [14/Oct/2021:12:04:10 -0300] "GET /cormun/servlet/solicitudot?346be987893b56609fc95cde63e9cd331c05e9dfa4be199f6af65434f936c5abffd5c15e34ff7387df17fa6d6456375c348d43f0d2f73bbfa7fc96eaf026c620ddebd75302ba794c965909eb96ba3e5d7a72675a8e44c3489c394eda14a9baab6bbd1b700ff766afe29c00b608280d31,gx-no-cache=1634223151151 HTTP/1.1" 200 110
190.171.154.42 - - [14/Oct/2021:12:04:10 -0300] "POST /cormun/servlet/solicitudot?gx-no-cache=1634223151205 HTTP/1.1" 200 97
190.171.154.42 - - [14/Oct/2021:12:04:10 -0300] "GET /cormun/servlet/solicitudot?346be987893b56609fc95cde63e9cd33bc7383ac685146f818291539cc306bdb46c402848ac6e651f95f9ea00c695f29,gx-no-cache=1634223151265 HTTP/1.1" 200 30
190.171.154.42 - - [14/Oct/2021:12:04:10 -0300] "POST /cormun/servlet/solicitudot?gx-no-cache=1634223151317 HTTP/1.1" 200 30
190.171.154.42 - - [14/Oct/2021:12:04:11 -0300] "POST /cormun/servlet/solicitudot?c05c7f765bb49531622f8f26890f5945,INS,0,0,false,,gx-no-cache=1634223151416 HTTP/1.1" 200 93
190.171.154.42 - - [14/Oct/2021:12:04:11 -0300] "GET /cormun/servlet/hpexe_return? HTTP/1.1" 200 1033
190.171.154.42 - - [14/Oct/2021:12:04:11 -0300] "GET /cormun/static/gxcfg.js?201991422392976 HTTP/1.1" 200 953
190.171.154.42 - - [14/Oct/2021:12:04:11 -0300] "GET /cormun/static/hpexe_return.js?201991422392984 HTTP/1.1" 200 1633
190.171.154.42 - - [14/Oct/2021:12:04:11 -0300] "GET /cormun/servlet/trsolicitudot?gx-no-cache=1634221601855 HTTP/1.1" 200 8902
190.171.154.42 - - [14/Oct/2021:12:04:13 -0300] "GET /cormun//static/Resources/PXToolsActionView.png HTTP/1.1" 200 398
190.171.154.42 - - [14/Oct/2021:12:04:13 -0300] "GET /cormun//static/Resources/PXToolsGridUpdate.png HTTP/1.1" 200 470
190.171.154.42 - - [14/Oct/2021:12:04:13 -0300] "GET /cormun//static/Resources/PXToolsGridDelete.png HTTP/1.1" 200 538
190.171.154.42 - - [14/Oct/2021:12:04:13 -0300] "GET /cormun//static/Resources/PXToolsRemoveAllAction.png HTTP/1.1" 200 487
190.171.154.42 - - [14/Oct/2021:12:04:13 -0300] "GET /cormun/servlet/trsolicitudot?gx-no-cache=1634221601855 HTTP/1.1" 200 8918
190.171.154.42 - - [14/Oct/2021:12:04:16 -0300] "POST /cormun/servlet/trsolicitudot?c05c7f765bb49531622f8f26890f5945,gx-no-cache=1634221601855,gx-no-cache=1634223157659 HTTP/1.1" 200 5862
190.171.154.42 - - [14/Oct/2021:12:04:28 -0300] "GET /cormun/servlet/solicitudot?INS,0,0,false, HTTP/1.1" 200 15957
190.171.154.42 - - [14/Oct/2021:12:04:30 -0300] "GET /cormun/servlet/solicitudot?INS,0,0,false, HTTP/1.1" 200 15944
190.171.154.42 - - [14/Oct/2021:12:04:42 -0300] "POST /cormun/servlet/solicitudot?c05c7f765bb49531622f8f26890f5945,INS,0,0,false,,gx-no-cache=1634223182783 HTTP/1.1" 200 12895
190.171.154.42 - - [14/Oct/2021:12:04:42 -0300] "GET /cormun/static/Shared/jqueryui/images/ui-bg_highlight-soft_100_c6c2c8_1x100.png HTTP/1.1" 404 1117
190.171.154.42 - - [14/Oct/2021:12:04:42 -0300] "GET /cormun/static/Shared/jqueryui/images/ui-icons_82798d_256x240.png HTTP/1.1" 404 1089
190.171.154.42 - - [14/Oct/2021:12:04:42 -0300] "GET /cormun/static/Shared/jqueryui/images/ui-bg_flat_55_994d53_40x100.png HTTP/1.1" 404 1097
190.171.154.42 - - [14/Oct/2021:12:04:42 -0300] "GET /cormun/static/Shared/jqueryui/images/ui-icons_ebccce_256x240.png HTTP/1.1" 404 1089
190.171.154.42 - - [14/Oct/2021:12:04:53 -0300] "POST /cormun/servlet/solicitudot?gx-no-cache=1634223194283 HTTP/1.1" 200 3742
190.171.154.42 - - [14/Oct/2021:12:04:53 -0300] "POST /cormun/servlet/solicitudot?c05c7f765bb49531622f8f26890f5945,INS,0,0,false,,gx-no-cache=1634223194542 HTTP/1.1" 200 12635
190.171.154.42 - - [14/Oct/2021:12:04:53 -0300] "GET /cormun/servlet/solicitudot?346be987893b56609fc95cde63e9cd33b1393339b7483a400ce46f898e0821f1c701b4639998dfc74dd85b21ce1e19b4,gx-no-cache=1634223194869 HTTP/1.1" 200 111
190.171.154.42 - - [14/Oct/2021:12:04:54 -0300] "GET /cormun/servlet/solicitudot?346be987893b56609fc95cde63e9cd330a38a92f84d9da932f095182fbd2f127,gx-no-cache=1634223194960 HTTP/1.1" 200 94
190.171.154.42 - - [14/Oct/2021:12:04:54 -0300] "GET /cormun/servlet/solicitudot?346be987893b56609fc95cde63e9cd335fc9ccee7f9743246aaaba4ce98003d3,gx-no-cache=1634223195019 HTTP/1.1" 200 29
190.171.154.42 - - [14/Oct/2021:12:04:54 -0300] "POST /cormun/servlet/solicitudot?gx-no-cache=1634223195076 HTTP/1.1" 200 297
190.171.154.42 - - [14/Oct/2021:12:04:54 -0300] "GET /cormun/servlet/solicitudot?346be987893b56609fc95cde63e9cd3347b704c48c8aa6d0cccd0aafd13731621782e06181a8bf7a4b0119eab4cfe94f7a2a52d19be0f38b943ad6add19d236248e8c1c8506219af67fada5b9607c3a0d7e19e696bc52acfc199c3832ae56c95b8db19120eca8990744c625cc5a8d30327b4536c671e83db17f7a49f003e5e5ba1be67eb8c37661d39f2d55ad1017d1903c63f0c5dd49ee793df3bbfd8c5371d7b77351a5c00e5ff50f7755f61013a61c154547af6e48afca936bf179b50a317e3201a3f2d61f6cc22c5c8b5b62afb39c0d23054ad2b702f0557d1adc0be25522584063da3729207b8521312cb32d368842661f7aab04ad3df7256e0e61b093a1f163a114f60882ae6aee53e67625f8fada08f6f0bb9760ed5712fe19849a1fdd83a92e951a2b520356c0ae569c2514467de7e061c8b860f9c22f538c944746ae3b9b6eb03fbc3ee4cee5b550eccc5542c9d44f617629b7159708b10446254c3ed7647893d50a85c86aa17a672c454703ab102fc2ceb665819a51cd8451823d3de0df702316e7db43ed5c133680db04e,gx-no-cache=1634223195140 HTTP/1.1" 200 30
190.171.154.42 - - [14/Oct/2021:12:04:54 -0300] "POST /cormun/servlet/solicitudot?gx-no-cache=1634223195185 HTTP/1.1" 200 30
190.171.154.42 - - [14/Oct/2021:12:04:54 -0300] "POST /cormun/servlet/solicitudot?gx-no-cache=1634223195253 HTTP/1.1" 200 1440
190.171.154.42 - - [14/Oct/2021:12:04:54 -0300] "POST /cormun/servlet/solicitudot?gx-no-cache=1634223195361 HTTP/1.1" 200 38
190.171.154.42 - - [14/Oct/2021:12:04:54 -0300] "GET /cormun/servlet/solicitudot?346be987893b56609fc95cde63e9cd331c05e9dfa4be199f6af65434f936c5abffd5c15e34ff7387df17fa6d6456375c348d43f0d2f73bbfa7fc96eaf026c620ddebd75302ba794c965909eb96ba3e5d7a72675a8e44c3489c394eda14a9baab6bbd1b700ff766afe29c00b608280d31,gx-no-cache=1634223195413 HTTP/1.1" 200 110
190.171.154.42 - - [14/Oct/2021:12:04:54 -0300] "POST /cormun/servlet/solicitudot?gx-no-cache=1634223195467 HTTP/1.1" 200 109
190.171.154.42 - - [14/Oct/2021:12:05:16 -0300] "POST /cormun/servlet/solicitudot?c05c7f765bb49531622f8f26890f5945,INS,0,0,false,,gx-no-cache=1634223217730 HTTP/1.1" 200 13006
190.171.154.42 - - [14/Oct/2021:12:06:22 -0300] "GET /cormun/servlet/prfichaempleado?,MD,,gxPopupLevel%3D0%3B HTTP/1.1" 200 9403
181.212.43.89 - - [14/Oct/2021:12:06:29 -0300] "GET /cormun/servlet/trsolicitudot? HTTP/1.1" 200 7209
181.212.43.89 - - [14/Oct/2021:12:06:29 -0300] "GET /cormun/servlet/trsolicitudot? HTTP/1.1" 200 7209
190.171.154.42 - - [14/Oct/2021:12:06:32 -0300] "POST /cormun/servlet/prfichaempleado?c05c7f765bb49531622f8f26890f5945,,MD,,gxPopupLevel%3D0%3B,gx-no-cache=1634223292915 HTTP/1.1" 200 4565
190.171.149.74 - - [14/Oct/2021:12:06:41 -0300] "GET /cormun/servlet/trsolicitudot? HTTP/1.1" 200 7449
190.171.149.74 - - [14/Oct/2021:12:06:41 -0300] "GET /cormun/static/gxcfg.js?201991910464971 HTTP/1.1" 200 953
190.171.149.74 - - [14/Oct/2021:12:06:41 -0300] "GET /cormun/static/trsolicitudot.js?201991910465845 HTTP/1.1" 200 54041
190.171.149.74 - - [14/Oct/2021:12:06:42 -0300] "GET /cormun/servlet/trsolicitudot? HTTP/1.1" 200 7449
190.171.149.74 - - [14/Oct/2021:12:06:43 -0300] "GET /cormun/static/menuarrow.gif HTTP/1.1" 404 1015
190.171.149.74 - - [14/Oct/2021:12:06:49 -0300] "POST /cormun/servlet/trsolicitudot?23336cb5b92871ecdd5502c8366b1e40,,gx-no-cache=1634226935715 HTTP/1.1" 200 4636
190.171.149.74 - - [14/Oct/2021:12:06:50 -0300] "POST /cormun/servlet/trsolicitudot?23336cb5b92871ecdd5502c8366b1e40,,gx-no-cache=1634226937010 HTTP/1.1" 200 4635
190.171.154.42 - - [14/Oct/2021:12:06:52 -0300] "POST /cormun/servlet/prfichaempleado?c05c7f765bb49531622f8f26890f5945,,MD,,gxPopupLevel%3D0%3B,gx-no-cache=1634223313251 HTTP/1.1" 200 3731
190.171.149.74 - - [14/Oct/2021:12:06:57 -0300] "POST /cormun/servlet/trsolicitudot?23336cb5b92871ecdd5502c8366b1e40,,gx-no-cache=1634226944144 HTTP/1.1" 200 4638
190.171.154.42 - - [14/Oct/2021:12:06:57 -0300] "POST /cormun/servlet/solicitudot?gx-no-cache=1634223318608 HTTP/1.1" 200 3742
190.171.154.42 - - [14/Oct/2021:12:06:58 -0300] "POST /cormun/servlet/solicitudot?c05c7f765bb49531622f8f26890f5945,INS,0,0,false,,gx-no-cache=1634223318863 HTTP/1.1" 200 12750
190.171.154.42 - - [14/Oct/2021:12:07:05 -0300] "GET /cormun/servlet/solicitudot?346be987893b56609fc95cde63e9cd3396825ef6cc06c3fa34e17ae1d4f0a3095a325d6096613135e5e7cc699723d487,gx-no-cache=1634223326374 HTTP/1.1" 200 30
190.171.149.74 - - [14/Oct/2021:12:07:08 -0300] "GET /cormun/servlet/trautorizarsolicitud? HTTP/1.1" 200 7353
190.171.149.74 - - [14/Oct/2021:12:07:08 -0300] "GET /cormun/static/gxcfg.js?201991422414522 HTTP/1.1" 200 953
190.171.149.74 - - [14/Oct/2021:12:07:08 -0300] "GET /cormun/static/trautorizarsolicitud.js?201991422415463 HTTP/1.1" 200 53910
190.171.149.74 - - [14/Oct/2021:12:07:08 -0300] "GET /cormun/servlet/trautorizarsolicitud? HTTP/1.1" 200 7353
190.171.149.74 - - [14/Oct/2021:12:07:14 -0300] "GET /cormun/servlet/trautorizarsolicitud? HTTP/1.1" 200 7353
190.171.149.74 - - [14/Oct/2021:12:07:14 -0300] "GET /cormun/servlet/trautorizarsolicitud? HTTP/1.1" 200 7353
190.171.154.42 - - [14/Oct/2021:12:07:26 -0300] "POST /cormun/servlet/solicitudot?c05c7f765bb49531622f8f26890f5945,INS,0,0,false,,gx-no-cache=1634223347033 HTTP/1.1" 200 13115
190.171.154.42 - - [14/Oct/2021:12:08:53 -0300] "GET /cormun/servlet/prbanco?,MD,,gxPopupLevel%3D0%3B HTTP/1.1" 200 6662
181.212.43.89 - - [14/Oct/2021:12:08:58 -0300] "GET /cormun/servlet/trsolicitudot? HTTP/1.1" 200 7209
181.212.43.89 - - [14/Oct/2021:12:08:59 -0300] "GET /cormun/servlet/trsolicitudot? HTTP/1.1" 200 7209
190.171.154.42 - - [14/Oct/2021:12:09:00 -0300] "GET /cormun/servlet/solicitudot?346be987893b56609fc95cde63e9cd330a38a92f84d9da932f095182fbd2f127,gx-no-cache=1634223441110 HTTP/1.1" 200 94
190.171.154.42 - - [14/Oct/2021:12:09:02 -0300] "GET /cormun/servlet/solicitudot?346be987893b56609fc95cde63e9cd33c1163a44ba44ada442d19da1dfeb1eba,gx-no-cache=1634223443675 HTTP/1.1" 200 53
181.212.43.89 - - [14/Oct/2021:12:09:19 -0300] "GET /cormun/servlet/solicitudot?INS,0,0,false, HTTP/1.1" 200 15580
181.212.43.89 - - [14/Oct/2021:12:09:20 -0300] "GET /cormun/servlet/solicitudot?INS,0,0,false, HTTP/1.1" 200 15588
190.171.154.42 - - [14/Oct/2021:12:09:42 -0300] "POST /cormun/servlet/solicitudot?gx-no-cache=1634223483676 HTTP/1.1" 200 255
190.171.149.74 - - [14/Oct/2021:12:09:43 -0300] "GET /cormun/servlet/trautorizarsolicitud? HTTP/1.1" 200 7353
190.171.149.74 - - [14/Oct/2021:12:09:43 -0300] "GET /cormun/servlet/trautorizarsolicitud? HTTP/1.1" 200 7353
190.171.154.42 - - [14/Oct/2021:12:09:45 -0300] "GET /cormun/servlet/solicitudot?346be987893b56609fc95cde63e9cd3347b704c48c8aa6d0cccd0aafd137316213a8f50b3ff2891441d22b758b09f5af7a2a52d19be0f38b943ad6add19d236248e8c1c8506219af67fada5b9607c3a0d7e19e696bc52acfc199c3832ae56c95b8db19120eca8990744c625cc5a8d30327b4536c671e83db17f7a49f003e5e5ba1be67eb8c37661d39f2d55ad1017d1903c63f0c5dd49ee793df3bbfd8c5371d7b77351a5c00e5ff50f7755f61013a61c154547af6e48afca936bf179b50a317e3201a3f2d61f6cc22c5c8b5b62afb39c0d23054ad2b702f0557d1adc0be25522584063da3729207b8521312cb32d3680464041840dee7bcf72b2e93fc932edf1f163a114f60882ae6aee53e67625f8f81592ac9805b3ed9d6d74fe89c803d2eab6cfc0dc45ac7f0da65a7e99a2fc1fe2875e83929e5fea152bc2af51c83c09a965caec1a83114fb67ddcfa70adaab10bac8b04c98c66938fcf55f18f7dd569eafebfddeb5c30c70c562399e4b7d62d76d6610f719417f52a3827e5505f1428b,gx-no-cache=1634223486766 HTTP/1.1" 200 30
190.171.154.42 - - [14/Oct/2021:12:09:51 -0300] "POST /cormun/servlet/solicitudot?gx-no-cache=1634223492112 HTTP/1.1" 200 30
190.171.149.74 - - [14/Oct/2021:12:09:54 -0300] "GET /cormun/servlet/trvisualizadoreventos? HTTP/1.1" 200 8013
190.171.149.74 - - [14/Oct/2021:12:09:55 -0300] "GET /cormun/servlet/trvisualizadoreventos? HTTP/1.1" 200 8013
190.171.154.42 - - [14/Oct/2021:12:10:02 -0300] "GET /cormun/servlet/prfichaempleado?,MD,,gxPopupLevel%3D0%3B HTTP/1.1" 200 9403
190.171.154.42 - - [14/Oct/2021:12:10:25 -0300] "POST /cormun/servlet/prfichaempleado?c05c7f765bb49531622f8f26890f5945,,MD,,gxPopupLevel%3D0%3B,gx-no-cache=1634223526041 HTTP/1.1" 200 4513
190.171.149.74 - - [14/Oct/2021:12:10:30 -0300] "POST /cormun/servlet/trvisualizadoreventos?23336cb5b92871ecdd5502c8366b1e40,,gx-no-cache=1634227156971 HTTP/1.1" 200 5201
190.171.154.42 - - [14/Oct/2021:12:10:50 -0300] "POST /cormun/servlet/solicitudot?gx-no-cache=1634223551341 HTTP/1.1" 200 1440
190.171.154.42 - - [14/Oct/2021:12:10:50 -0300] "GET /cormun/static/menuarrow.gif HTTP/1.1" 404 1015
190.171.154.42 - - [14/Oct/2021:12:10:58 -0300] "POST /cormun/servlet/solicitudot?gx-no-cache=1634223559778 HTTP/1.1" 200 118
190.171.149.74 - - [14/Oct/2021:12:11:04 -0300] "POST /cormun/servlet/trvisualizadoreventos?23336cb5b92871ecdd5502c8366b1e40,,gx-no-cache=1634227191105 HTTP/1.1" 200 5185
190.171.149.74 - - [14/Oct/2021:12:11:17 -0300] "POST /cormun/servlet/trvisualizadoreventos?23336cb5b92871ecdd5502c8366b1e40,,gx-no-cache=1634227204016 HTTP/1.1" 200 5258
190.171.149.74 - - [14/Oct/2021:12:11:32 -0300] "POST /cormun/servlet/trvisualizadoreventos?23336cb5b92871ecdd5502c8366b1e40,,gx-no-cache=1634227219184 HTTP/1.1" 200 4302
190.171.149.74 - - [14/Oct/2021:12:11:36 -0300] "POST /cormun/servlet/trvisualizadoreventos?23336cb5b92871ecdd5502c8366b1e40,,gx-no-cache=1634227223207 HTTP/1.1" 200 4302
190.171.149.74 - - [14/Oct/2021:12:11:37 -0300] "POST /cormun/servlet/trvisualizadoreventos?23336cb5b92871ecdd5502c8366b1e40,,gx-no-cache=1634227224478 HTTP/1.1" 200 4302
190.171.149.74 - - [14/Oct/2021:12:11:43 -0300] "GET /cormun/servlet/hlogin HTTP/1.1" 200 1747
186.103.159.189 - - [14/Oct/2021:12:11:53 -0300] "POST /cormun/servlet/trlicencias?2177684631b1925d650d42e7559bd254,,gx-no-cache=1634223616225 HTTP/1.1" 440 972
186.103.159.189 - - [14/Oct/2021:12:11:56 -0300] "GET /cormun/servlet/trlicencias? HTTP/1.1" 200 7224
186.103.159.189 - - [14/Oct/2021:12:12:02 -0300] "GET /cormun/servlet/hlogin HTTP/1.1" 200 1747
186.103.159.189 - - [14/Oct/2021:12:12:02 -0300] "GET /cormun/servlet/trlicencias? HTTP/1.1" 200 7224
181.212.43.89 - - [14/Oct/2021:12:12:44 -0300] "POST /cormun/servlet/solicitudot?gx-no-cache=1634223666770 HTTP/1.1" 200 3735
181.212.43.89 - - [14/Oct/2021:12:12:45 -0300] "POST /cormun/servlet/solicitudot?966de7cbfc2ce955456e471abd2bd1e8,INS,0,0,false,,gx-no-cache=1634223667022 HTTP/1.1" 200 12241
190.171.154.42 - - [14/Oct/2021:12:12:45 -0300] "GET /cormun/servlet/solicitudot?346be987893b56609fc95cde63e9cd331c05e9dfa4be199f6af65434f936c5abffd5c15e34ff7387df17fa6d6456375c348d43f0d2f73bbfa7fc96eaf026c620ddebd75302ba794c965909eb96ba3e5d7a72675a8e44c3489c394eda14a9baab6bbd1b700ff766afe29c00b608280d31,gx-no-cache=1634223666361 HTTP/1.1" 200 110
190.171.154.42 - - [14/Oct/2021:12:12:45 -0300] "POST /cormun/servlet/solicitudot?gx-no-cache=1634223666510 HTTP/1.1" 200 97
181.212.43.89 - - [14/Oct/2021:12:12:46 -0300] "GET /cormun/servlet/solicitudot?d4bbf6238b2e91a6de4e8ec7659f3eb440b712e75d6e25a3fedbe4759cebc64bd37a5efd59a0db041bda294e60ca6ec2,gx-no-cache=1634223668604 HTTP/1.1" 200 30
190.171.154.42 - - [14/Oct/2021:12:13:03 -0300] "GET /cormun/servlet/solicitudot?346be987893b56609fc95cde63e9cd3398cd47e349f6a9e907d9da3d3eb691e7bf71427981e81f644ec2ef3a1b47660ebf758130c30c1e3a7777db966ec08b09b49d9fb2acd3101738d740775ea1afa8a73361dd802239a8405c4a96206f986b0bb169a26efabac238a47a282a4cd233,gx-no-cache=1634223684359 HTTP/1.1" 200 29
190.171.154.42 - - [14/Oct/2021:12:13:09 -0300] "GET /cormun/servlet/solicitudot?346be987893b56609fc95cde63e9cd33f9c58e641a37a0b7be2a00a4eefeed8a2783da29ab90606aef530ee4b4ccd0b0,gx-no-cache=1634223690613 HTTP/1.1" 200 134
190.171.154.42 - - [14/Oct/2021:12:13:13 -0300] "GET /cormun/servlet/solicitudot?346be987893b56609fc95cde63e9cd33f9c58e641a37a0b7be2a00a4eefeed8a2783da29ab90606aef530ee4b4ccd0b0,gx-no-cache=1634223694309 HTTP/1.1" 200 134
190.171.154.42 - - [14/Oct/2021:12:13:27 -0300] "GET /cormun/servlet/solicitudot?346be987893b56609fc95cde63e9cd33bc7383ac685146f818291539cc306bdb46c402848ac6e651f95f9ea00c695f29,gx-no-cache=1634223708322 HTTP/1.1" 200 30
190.171.154.42 - - [14/Oct/2021:12:13:55 -0300] "POST /cormun/servlet/solicitudot?gx-no-cache=1634223736392 HTTP/1.1" 200 122
181.212.43.89 - - [14/Oct/2021:12:13:57 -0300] "GET /cormun/servlet/solicitudot?d4bbf6238b2e91a6de4e8ec7659f3eb4a2b65fba98c59da1c60dd8094fe4f3a51c452afc73a0e722ae744a4c6decba610058a1e4832da0e8ff75d412c00b683a,gx-no-cache=1634223739394 HTTP/1.1" 200 30
181.212.43.89 - - [14/Oct/2021:12:13:57 -0300] "GET /cormun/servlet/solicitudot?d4bbf6238b2e91a6de4e8ec7659f3eb4dfc6e512563a621c47256e9cd85bab19,gx-no-cache=1634223739448 HTTP/1.1" 200 29
181.212.43.89 - - [14/Oct/2021:12:13:59 -0300] "POST /cormun/servlet/solicitudot?gx-no-cache=1634223741881 HTTP/1.1" 200 240
181.212.43.89 - - [14/Oct/2021:12:14:01 -0300] "GET /cormun/servlet/solicitudot?d4bbf6238b2e91a6de4e8ec7659f3eb46cb8c3cdf3e8986a10b7c8bf917af64f65345c286132cd3414146ecfa4cd98f878426dae8fbc93744bb09ddf80ce994f8a43034ee4d3aa2def7948acc556f3000871e563b1ed14e524e2e42c8617bb28b1c29aa4db66900f1e9b858dca9a41578027bb4a42df12ba45a4721ae51a14a2cc0cdbb004f7ea49f43991d5c259ad87af4dd9a0c8d875226324782771c4f6d1c01826a9c297cc44ab32b48c719ea688d26ca82b7f42c22e2865e4401a56aed41631ff0e3771eadc04d08bc79667fb11b002ccb69ff82696a7617219b7aee37bd0ee902b34d06550cd2550ac31d00846d25e4df1a0e65d7fa518a79bb06ba95e5266b503f97f9c501cb1b48c07e953736771958a51db6bf7a1f648fe4935ef170f94ff06cb3d894f3fc86d866d2ba8ddbb2a2250c536e6c7641958328a9bb3e40ec7a2f26e8a6a2790ddf5c311f682aeed73f7cf0214699a259d88e51cf38214270a1fc436426cbb93f1f3446299c7efc3e0f86e4ae4708658354d6b7febd3a0,gx-no-cache=1634223743717 HTTP/1.1" 200 30
181.212.43.89 - - [14/Oct/2021:12:14:05 -0300] "POST /cormun/servlet/solicitudot?gx-no-cache=1634223747155 HTTP/1.1" 200 30
190.171.141.114 - - [14/Oct/2021:12:14:17 -0300] "GET /cormun/servlet/trvisualizadoreventos? HTTP/1.1" 200 5870
190.171.141.114 - - [14/Oct/2021:12:14:21 -0300] "GET /cormun/servlet/trvisualizadoreventos? HTTP/1.1" 200 5881
190.171.141.114 - - [14/Oct/2021:12:14:21 -0300] "GET /cormun/servlet/hlogin HTTP/1.1" 200 1747
181.212.43.89 - - [14/Oct/2021:12:14:28 -0300] "POST /cormun/servlet/solicitudot?gx-no-cache=1634223770743 HTTP/1.1" 200 1440
190.171.141.114 - - [14/Oct/2021:12:14:30 -0300] "POST /cormun/servlet/hlogin?892a0b330e672b023774d66a41eecfb5,gx-no-cache=1634223780274 HTTP/1.1" 200 90
190.171.141.114 - - [14/Oct/2021:12:14:30 -0300] "GET /cormun/servlet/hpexe_link HTTP/1.1" 200 963
190.171.141.114 - - [14/Oct/2021:12:14:31 -0300] "GET /cormun/servlet/trvisualizadoreventos HTTP/1.1" 200 6553
190.171.141.114 - - [14/Oct/2021:12:14:32 -0300] "GET /cormun/servlet/trvisualizadoreventos HTTP/1.1" 200 6551
181.212.43.89 - - [14/Oct/2021:12:14:32 -0300] "GET /cormun/static/menuarrow.gif HTTP/1.1" 404 1015
181.212.43.89 - - [14/Oct/2021:12:14:34 -0300] "GET /cormun/servlet/prlicenciaspermisos?17503006,L,,MD,,gxPopupLevel%3D0%3B HTTP/1.1" 200 5907
190.171.141.114 - - [14/Oct/2021:12:14:35 -0300] "POST /cormun/servlet/trvisualizadoreventos?892a0b330e672b023774d66a41eecfb5,gx-no-cache=1634223785439 HTTP/1.1" 200 3736
190.171.141.114 - - [14/Oct/2021:12:14:47 -0300] "POST /cormun/servlet/trvisualizadoreventos?892a0b330e672b023774d66a41eecfb5,gx-no-cache=1634223796602 HTTP/1.1" 200 3736
190.171.141.114 - - [14/Oct/2021:12:14:47 -0300] "POST /cormun/servlet/trvisualizadoreventos?892a0b330e672b023774d66a41eecfb5,gx-no-cache=1634223796913 HTTP/1.1" 200 3736
190.171.141.114 - - [14/Oct/2021:12:14:51 -0300] "GET /cormun/servlet/trpermisosgoce? HTTP/1.1" 200 9958
190.171.141.114 - - [14/Oct/2021:12:14:52 -0300] "GET /cormun/servlet/trpermisosgoce? HTTP/1.1" 200 9957
190.171.141.114 - - [14/Oct/2021:12:14:55 -0300] "POST /cormun/servlet/trpermisosgoce?892a0b330e672b023774d66a41eecfb5,,gx-no-cache=1634223804818 HTTP/1.1" 200 7208
190.171.141.114 - - [14/Oct/2021:12:14:55 -0300] "POST /cormun/servlet/trpermisosgoce?892a0b330e672b023774d66a41eecfb5,,gx-no-cache=1634223805194 HTTP/1.1" 200 7209
181.212.43.89 - - [14/Oct/2021:12:15:00 -0300] "POST /cormun/servlet/solicitudot?gx-no-cache=1634223802534 HTTP/1.1" 200 40
190.171.141.114 - - [14/Oct/2021:12:15:03 -0300] "GET /cormun/servlet/trpermisosgoce? HTTP/1.1" 200 9957
190.171.141.114 - - [14/Oct/2021:12:15:05 -0300] "GET /cormun/servlet/trpermisosgoce? HTTP/1.1" 200 9957
190.171.141.114 - - [14/Oct/2021:12:15:09 -0300] "GET /cormun/servlet/trpermisosgoce? HTTP/1.1" 200 9957
190.171.141.114 - - [14/Oct/2021:12:15:10 -0300] "GET /cormun/servlet/trpermisosgoce? HTTP/1.1" 200 9957
190.171.141.114 - - [14/Oct/2021:12:15:13 -0300] "GET /cormun/servlet/permisogoce?INS,0,,, HTTP/1.1" 200 6864
190.171.141.114 - - [14/Oct/2021:12:15:14 -0300] "GET /cormun/servlet/permisogoce?INS,0,,, HTTP/1.1" 200 6864
190.171.141.114 - - [14/Oct/2021:12:15:18 -0300] "GET /cormun/servlet/prfichaempleado?,MD,,gxPopupLevel%3D0%3B HTTP/1.1" 200 9302
190.171.141.114 - - [14/Oct/2021:12:15:30 -0300] "POST /cormun/servlet/prfichaempleado?892a0b330e672b023774d66a41eecfb5,,MD,,gxPopupLevel%3D0%3B,gx-no-cache=1634223840305 HTTP/1.1" 200 3399
181.212.43.89 - - [14/Oct/2021:12:15:31 -0300] "GET /cormun/servlet/solicitudot?d4bbf6238b2e91a6de4e8ec7659f3eb4af1bd890ff44cc41d3f07b11099582d27dfb2784065aeb4c6045178abf95b2e3d51572a2ee557c05c122c59f5f4b5d8f4bb0fabdc3fb344e26bd69536e2ed7dc1e4f8e27be513edddb412de4bc5b59669e2340a10679c829ee04ea26b620dfc4,gx-no-cache=1634223833389 HTTP/1.1" 200 110
181.212.43.89 - - [14/Oct/2021:12:15:31 -0300] "POST /cormun/servlet/solicitudot?gx-no-cache=1634223833460 HTTP/1.1" 200 97
190.171.141.114 - - [14/Oct/2021:12:15:33 -0300] "GET /cormun/servlet/permisogoce?a2e7849732e47ea1644555b76981371dc24a318401838ef45e6d95e17b71c75d829c6046e12370773eec08c17cec7ae16c9959665d53782ed5595a710ebade1b,gx-no-cache=1634223843086 HTTP/1.1" 200 81
190.171.141.114 - - [14/Oct/2021:12:15:34 -0300] "GET /cormun/static/menuarrow.gif HTTP/1.1" 404 1015
181.212.43.89 - - [14/Oct/2021:12:15:35 -0300] "GET /cormun/servlet/solicitudot?d4bbf6238b2e91a6de4e8ec7659f3eb4be690313b4e0977eeb193d18fa2d5b83c4a1f2204f1c604d110641fbe1c4c08e07488ce0006f0288d09ac4283d227f167c875b0622434016790a794a169d1d686b24e45931ccfd0e8d1d8f5a11413da587b3acf7cd47401d355fd2c48c89adc6,gx-no-cache=1634223837592 HTTP/1.1" 200 29
181.212.43.89 - - [14/Oct/2021:12:15:40 -0300] "GET /cormun/servlet/solicitudot?d4bbf6238b2e91a6de4e8ec7659f3eb4a9b6c3e87c08de65f9b6010a1f606848c5e9b14ae1babb937794098009205511,gx-no-cache=1634223842027 HTTP/1.1" 200 30
181.212.43.89 - - [14/Oct/2021:12:15:40 -0300] "POST /cormun/servlet/solicitudot?gx-no-cache=1634223842067 HTTP/1.1" 200 34
190.171.141.114 - - [14/Oct/2021:12:15:43 -0300] "GET /cormun/servlet/permisogoce?a2e7849732e47ea1644555b76981371d332b66e8e5b5cbd593b31954f7050885ed3eaba6f71401285574947a51928d3791668e56219039e221a727857814a8c6,gx-no-cache=1634223852848 HTTP/1.1" 200 46
181.212.43.89 - - [14/Oct/2021:12:15:45 -0300] "POST /cormun/servlet/solicitudot?966de7cbfc2ce955456e471abd2bd1e8,INS,0,0,false,,gx-no-cache=1634223847431 HTTP/1.1" 200 93
181.212.43.89 - - [14/Oct/2021:12:15:46 -0300] "GET /cormun/servlet/hpexe_return? HTTP/1.1" 200 1013
181.212.43.89 - - [14/Oct/2021:12:15:46 -0300] "GET /cormun/servlet/trsolicitudot HTTP/1.1" 200 8658
181.212.43.89 - - [14/Oct/2021:12:15:47 -0300] "GET /cormun/servlet/trsolicitudot HTTP/1.1" 200 8654
190.171.141.114 - - [14/Oct/2021:12:15:48 -0300] "POST /cormun/servlet/permisogoce?892a0b330e672b023774d66a41eecfb5,INS,0,,,,gx-no-cache=1634223857823 HTTP/1.1" 200 93
190.171.141.114 - - [14/Oct/2021:12:15:48 -0300] "GET /cormun/servlet/hpexe_return? HTTP/1.1" 200 1011
190.171.141.114 - - [14/Oct/2021:12:15:49 -0300] "GET /cormun/servlet/trpermisosgoce HTTP/1.1" 200 10235
200.30.252.117 - - [14/Oct/2021:12:15:50 -0300] "GET /cormun/servlet/hlogin HTTP/1.1" 200 1731
190.171.141.114 - - [14/Oct/2021:12:15:50 -0300] "GET /cormun/servlet/trpermisosgoce HTTP/1.1" 200 10230
200.30.252.117 - - [14/Oct/2021:12:15:53 -0300] "POST /cormun/servlet/hlogin?3557be70bf0b20db1d6e0f8760653a1b,gx-no-cache=1634231017232 HTTP/1.1" 200 90
200.30.252.117 - - [14/Oct/2021:12:15:53 -0300] "GET /cormun/servlet/hpexe_link HTTP/1.1" 200 959
200.30.252.117 - - [14/Oct/2021:12:15:53 -0300] "GET /cormun/servlet/hhome HTTP/1.1" 200 3978
200.30.252.117 - - [14/Oct/2021:12:15:53 -0300] "GET /cormun/servlet/hhome HTTP/1.1" 200 3974
200.30.252.117 - - [14/Oct/2021:12:15:56 -0300] "GET /cormun/servlet/trlicencias? HTTP/1.1" 200 12127
200.30.252.117 - - [14/Oct/2021:12:15:57 -0300] "GET /cormun/servlet/trlicencias? HTTP/1.1" 200 12093
190.171.141.114 - - [14/Oct/2021:12:16:00 -0300] "POST /cormun/servlet/trpermisosgoce?892a0b330e672b023774d66a41eecfb5,gx-no-cache=1634223869807 HTTP/1.1" 200 7524
190.171.141.114 - - [14/Oct/2021:12:16:04 -0300] "GET /cormun/servlet/apermisogoceprn?15104832,P,20211014120116,PU HTTP/1.1" 200 1645
190.171.141.114 - - [14/Oct/2021:12:16:04 -0300] "GET /cormun/servlet/apermisogoceprn?15104832,P,20211014120116,PU HTTP/1.1" 200 1650
181.212.43.89 - - [14/Oct/2021:12:16:06 -0300] "POST /cormun/servlet/trsolicitudot?966de7cbfc2ce955456e471abd2bd1e8,gx-no-cache=1634223868870 HTTP/1.1" 200 112
181.212.43.89 - - [14/Oct/2021:12:16:07 -0300] "GET /cormun/servlet/solicitudot?UPD,2021,17672,false, HTTP/1.1" 200 16069
181.212.43.89 - - [14/Oct/2021:12:16:07 -0300] "GET /cormun/servlet/solicitudot?UPD,2021,17672,false, HTTP/1.1" 200 16080
181.212.43.89 - - [14/Oct/2021:12:16:08 -0300] "POST /cormun/servlet/solicitudot?gx-no-cache=1634223870192 HTTP/1.1" 200 3793
181.212.43.89 - - [14/Oct/2021:12:16:08 -0300] "POST /cormun/servlet/solicitudot?966de7cbfc2ce955456e471abd2bd1e8,UPD,2021,17672,false,,gx-no-cache=1634223870326 HTTP/1.1" 200 12362
181.212.43.89 - - [14/Oct/2021:12:16:08 -0300] "GET /cormun/servlet/solicitudot?d4bbf6238b2e91a6de4e8ec7659f3eb440b712e75d6e25a3fedbe4759cebc64b1d28ff57e76aa8a8afeb95b2a8375476,gx-no-cache=1634223870560 HTTP/1.1" 200 30
181.212.43.89 - - [14/Oct/2021:12:16:08 -0300] "GET /cormun/servlet/solicitudot?d4bbf6238b2e91a6de4e8ec7659f3eb4a2b65fba98c59da1c60dd8094fe4f3a51c452afc73a0e722ae744a4c6decba61e5d53c10df6fa051561ed4fadd2785ae,gx-no-cache=1634223870597 HTTP/1.1" 200 30
181.212.43.89 - - [14/Oct/2021:12:16:08 -0300] "GET /cormun/servlet/solicitudot?d4bbf6238b2e91a6de4e8ec7659f3eb4dfc6e512563a621c47256e9cd85bab19,gx-no-cache=1634223870620 HTTP/1.1" 200 29
181.212.43.89 - - [14/Oct/2021:12:16:08 -0300] "POST /cormun/servlet/solicitudot?gx-no-cache=1634223870672 HTTP/1.1" 200 240
181.212.43.89 - - [14/Oct/2021:12:16:08 -0300] "GET /cormun/servlet/solicitudot?d4bbf6238b2e91a6de4e8ec7659f3eb46cb8c3cdf3e8986a10b7c8bf917af64f65345c286132cd3414146ecfa4cd98f878426dae8fbc93744bb09ddf80ce994f8a43034ee4d3aa2def7948acc556f3000871e563b1ed14e524e2e42c8617bb28b1c29aa4db66900f1e9b858dca9a41578027bb4a42df12ba45a4721ae51a14a2cc0cdbb004f7ea49f43991d5c259ad87af4dd9a0c8d875226324782771c4f6d1c01826a9c297cc44ab32b48c719ea688d26ca82b7f42c22e2865e4401a56aed41631ff0e3771eadc04d08bc79667fb11b002ccb69ff82696a7617219b7aee37bd0ee902b34d06550cd2550ac31d00846d25e4df1a0e65d7fa518a79bb06ba95e5266b503f97f9c501cb1b48c07e953736771958a51db6bf7a1f648fe4935ef170f94ff06cb3d894f3fc86d866d2ba8ddbb2a2250c536e6c7641958328a9bb3e40ec7a2f26e8a6a2790ddf5c311f682aeed73f7cf0214699a259d88e51cf38214270a1fc436426cbb93f1f3446299c7efc4bcc5ca5bbeadd30bb67e049a8ea66b,gx-no-cache=1634223870702 HTTP/1.1" 200 30
181.212.43.89 - - [14/Oct/2021:12:16:08 -0300] "POST /cormun/servlet/solicitudot?gx-no-cache=1634223870727 HTTP/1.1" 200 30
181.212.43.89 - - [14/Oct/2021:12:16:08 -0300] "POST /cormun/servlet/solicitudot?gx-no-cache=1634223870758 HTTP/1.1" 200 1440
181.212.43.89 - - [14/Oct/2021:12:16:08 -0300] "POST /cormun/servlet/solicitudot?gx-no-cache=1634223870835 HTTP/1.1" 200 40
181.212.43.89 - - [14/Oct/2021:12:16:10 -0300] "GET /cormun/servlet/solicitudot?d4bbf6238b2e91a6de4e8ec7659f3eb4af1bd890ff44cc41d3f07b11099582d27dfb2784065aeb4c6045178abf95b2e3d51572a2ee557c05c122c59f5f4b5d8f4bb0fabdc3fb344e26bd69536e2ed7dc1e4f8e27be513edddb412de4bc5b59669e2340a10679c829ee04ea26b620dfc4,gx-no-cache=1634223872020 HTTP/1.1" 200 110
181.212.43.89 - - [14/Oct/2021:12:16:10 -0300] "POST /cormun/servlet/solicitudot?gx-no-cache=1634223872060 HTTP/1.1" 200 97
181.212.43.89 - - [14/Oct/2021:12:16:11 -0300] "GET /cormun/servlet/solicitudot?d4bbf6238b2e91a6de4e8ec7659f3eb4226083ced4b41f4096d96869366dde97a4c5e28ede36b5148ed06353a52fb94eb94a3024426836b947fe665c9d905d73d7628cd49f85aa06f8fd7d672c83839c07f55d050ca09113190cab2553f1046c1b0d4b0a610d56bf3402647fdb46b9ac085e279f91298c77c912b56df2f0cec87195b08e4da03405846894adbada6e42e592d329d7feed805eb6d77af8acc5efa8bd6e6eb9dce3b3eaa0f55433341820b41146239cca0de501c5cc8b467d4936d4a469d10c9124e175703f9bdc0e0e84,gx-no-cache=1634223873335 HTTP/1.1" 200 30
181.212.43.89 - - [14/Oct/2021:12:16:14 -0300] "GET /cormun/servlet/solicitudot?d4bbf6238b2e91a6de4e8ec7659f3eb4a9b6c3e87c08de65f9b6010a1f606848c5e9b14ae1babb937794098009205511,gx-no-cache=1634223876770 HTTP/1.1" 200 30
181.212.43.89 - - [14/Oct/2021:12:16:14 -0300] "POST /cormun/servlet/solicitudot?gx-no-cache=1634223876802 HTTP/1.1" 200 34
181.212.43.89 - - [14/Oct/2021:12:16:15 -0300] "POST /cormun/servlet/solicitudot?966de7cbfc2ce955456e471abd2bd1e8,UPD,2021,17672,false,,gx-no-cache=1634223876832 HTTP/1.1" 200 93
181.212.43.89 - - [14/Oct/2021:12:16:15 -0300] "GET /cormun/servlet/hpexe_return? HTTP/1.1" 200 1020
181.212.43.89 - - [14/Oct/2021:12:16:15 -0300] "GET /cormun/servlet/trsolicitudot HTTP/1.1" 200 8657
181.212.43.89 - - [14/Oct/2021:12:16:16 -0300] "GET /cormun/servlet/trsolicitudot HTTP/1.1" 200 8654
181.212.43.89 - - [14/Oct/2021:12:16:19 -0300] "POST /cormun/servlet/trsolicitudot?966de7cbfc2ce955456e471abd2bd1e8,gx-no-cache=1634223881338 HTTP/1.1" 200 107
181.212.43.89 - - [14/Oct/2021:12:16:19 -0300] "GET /cormun/servlet/trsolicitudadjuntos?2021,17672, HTTP/1.1" 200 6100
181.212.43.89 - - [14/Oct/2021:12:16:20 -0300] "GET /cormun/servlet/trsolicitudadjuntos?2021,17672, HTTP/1.1" 200 6100
181.212.43.89 - - [14/Oct/2021:12:16:22 -0300] "GET /cormun/servlet/solicitudotadjuntos?INS,2021,17672,,1, HTTP/1.1" 200 6045
181.212.43.89 - - [14/Oct/2021:12:16:22 -0300] "GET /cormun/static/about:blank HTTP/1.1" 404 1011
181.212.43.89 - - [14/Oct/2021:12:16:23 -0300] "GET /cormun/servlet/solicitudotadjuntos?INS,2021,17672,,1, HTTP/1.1" 200 6038
181.212.43.89 - - [14/Oct/2021:12:16:23 -0300] "GET /cormun/servlet/solicitudotadjuntos?d4bbf6238b2e91a6de4e8ec7659f3eb48e467cd12fdbc9d5c6fff710a87dfd71c768daf3a5cea8349ff23d88d6cb1322,gx-no-cache=1634223885599 HTTP/1.1" 200 30
181.212.43.89 - - [14/Oct/2021:12:16:23 -0300] "POST /cormun/servlet/solicitudotadjuntos?966de7cbfc2ce955456e471abd2bd1e8,INS,2021,17672,,1,,gx-no-cache=1634223885625 HTTP/1.1" 200 3921
181.212.43.89 - - [14/Oct/2021:12:16:27 -0300] "POST /cormun/servlet/solicitudotadjuntos?gx-no-cache=1634223889276 HTTP/1.1" 200 26
181.212.43.89 - - [14/Oct/2021:12:16:53 -0300] "GET /cormun/servlet/solicitudotadjuntos?d4bbf6238b2e91a6de4e8ec7659f3eb4d735ff5a59388b9ea9a3d100b6dbd708,gx-no-cache=1634223915409 HTTP/1.1" 200 30
181.212.43.89 - - [14/Oct/2021:12:16:53 -0300] "GET /cormun/servlet/solicitudotadjuntos?d4bbf6238b2e91a6de4e8ec7659f3eb4d735ff5a59388b9ea9a3d100b6dbd708,gx-no-cache=1634223915433 HTTP/1.1" 200 30
181.212.43.89 - - [14/Oct/2021:12:16:53 -0300] "POST /cormun/servlet/solicitudotadjuntos?966de7cbfc2ce955456e471abd2bd1e8,INS,2021,17672,,1, HTTP/1.1" 200 116
181.212.43.89 - - [14/Oct/2021:12:16:53 -0300] "GET /cormun/servlet/hpexe_return? HTTP/1.1" 200 1032
181.212.43.89 - - [14/Oct/2021:12:16:54 -0300] "GET /cormun/servlet/trsolicitudadjuntos?2021,17672, HTTP/1.1" 200 8899
181.212.43.89 - - [14/Oct/2021:12:16:54 -0300] "GET /cormun/servlet/trsolicitudadjuntos?2021,17672, HTTP/1.1" 200 8894
181.212.43.89 - - [14/Oct/2021:12:16:57 -0300] "GET /cormun/servlet/solicitudotadjuntos?INS,2021,17672,,1, HTTP/1.1" 200 6046
181.212.43.89 - - [14/Oct/2021:12:16:57 -0300] "GET /cormun/static/about:blank HTTP/1.1" 404 1011
181.212.43.89 - - [14/Oct/2021:12:16:57 -0300] "GET /cormun/servlet/solicitudotadjuntos?INS,2021,17672,,1, HTTP/1.1" 200 6039
181.212.43.89 - - [14/Oct/2021:12:16:58 -0300] "GET /cormun/servlet/solicitudotadjuntos?d4bbf6238b2e91a6de4e8ec7659f3eb48e467cd12fdbc9d5c6fff710a87dfd71c768daf3a5cea8349ff23d88d6cb1322,gx-no-cache=1634223920135 HTTP/1.1" 200 30
181.212.43.89 - - [14/Oct/2021:12:16:58 -0300] "POST /cormun/servlet/solicitudotadjuntos?966de7cbfc2ce955456e471abd2bd1e8,INS,2021,17672,,1,,gx-no-cache=1634223920200 HTTP/1.1" 200 3923
181.212.43.89 - - [14/Oct/2021:12:17:00 -0300] "POST /cormun/servlet/solicitudotadjuntos?gx-no-cache=1634223922196 HTTP/1.1" 200 26
181.212.43.89 - - [14/Oct/2021:12:17:12 -0300] "GET /cormun/servlet/solicitudotadjuntos?d4bbf6238b2e91a6de4e8ec7659f3eb4d735ff5a59388b9ea9a3d100b6dbd708,gx-no-cache=1634223934434 HTTP/1.1" 200 30
181.212.43.89 - - [14/Oct/2021:12:17:12 -0300] "GET /cormun/servlet/solicitudotadjuntos?d4bbf6238b2e91a6de4e8ec7659f3eb4d735ff5a59388b9ea9a3d100b6dbd708,gx-no-cache=1634223934456 HTTP/1.1" 200 30
181.212.43.89 - - [14/Oct/2021:12:17:12 -0300] "POST /cormun/servlet/solicitudotadjuntos?966de7cbfc2ce955456e471abd2bd1e8,INS,2021,17672,,1, HTTP/1.1" 200 116
181.212.43.89 - - [14/Oct/2021:12:17:12 -0300] "GET /cormun/servlet/hpexe_return? HTTP/1.1" 200 1032
181.212.43.89 - - [14/Oct/2021:12:17:13 -0300] "GET /cormun/servlet/trsolicitudadjuntos?2021,17672, HTTP/1.1" 200 9126
181.212.43.89 - - [14/Oct/2021:12:17:13 -0300] "GET /cormun/servlet/trsolicitudadjuntos?2021,17672, HTTP/1.1" 200 9125
181.212.43.89 - - [14/Oct/2021:12:17:16 -0300] "GET /cormun/servlet/solicitudotadjuntos?INS,2021,17672,,1, HTTP/1.1" 200 6046
181.212.43.89 - - [14/Oct/2021:12:17:16 -0300] "GET /cormun/static/about:blank HTTP/1.1" 404 1011
181.212.43.89 - - [14/Oct/2021:12:17:16 -0300] "GET /cormun/servlet/solicitudotadjuntos?INS,2021,17672,,1, HTTP/1.1" 200 6039
181.212.43.89 - - [14/Oct/2021:12:17:17 -0300] "GET /cormun/servlet/solicitudotadjuntos?d4bbf6238b2e91a6de4e8ec7659f3eb48e467cd12fdbc9d5c6fff710a87dfd71c768daf3a5cea8349ff23d88d6cb1322,gx-no-cache=1634223939313 HTTP/1.1" 200 30
181.212.43.89 - - [14/Oct/2021:12:17:17 -0300] "POST /cormun/servlet/solicitudotadjuntos?966de7cbfc2ce955456e471abd2bd1e8,INS,2021,17672,,1,,gx-no-cache=1634223939424 HTTP/1.1" 200 3923
181.212.43.89 - - [14/Oct/2021:12:17:20 -0300] "POST /cormun/servlet/solicitudotadjuntos?gx-no-cache=1634223942466 HTTP/1.1" 200 26
181.212.43.89 - - [14/Oct/2021:12:17:28 -0300] "GET /cormun/servlet/solicitudotadjuntos?d4bbf6238b2e91a6de4e8ec7659f3eb4d735ff5a59388b9ea9a3d100b6dbd708,gx-no-cache=1634223950168 HTTP/1.1" 200 30
181.212.43.89 - - [14/Oct/2021:12:17:28 -0300] "GET /cormun/servlet/solicitudotadjuntos?d4bbf6238b2e91a6de4e8ec7659f3eb4d735ff5a59388b9ea9a3d100b6dbd708,gx-no-cache=1634223950229 HTTP/1.1" 200 30
181.212.43.89 - - [14/Oct/2021:12:17:28 -0300] "POST /cormun/servlet/solicitudotadjuntos?966de7cbfc2ce955456e471abd2bd1e8,INS,2021,17672,,1, HTTP/1.1" 200 116
181.212.43.89 - - [14/Oct/2021:12:17:28 -0300] "GET /cormun/servlet/hpexe_return? HTTP/1.1" 200 1032
181.212.43.89 - - [14/Oct/2021:12:17:28 -0300] "GET /cormun/servlet/trsolicitudadjuntos?2021,17672, HTTP/1.1" 200 9304
181.212.43.89 - - [14/Oct/2021:12:17:29 -0300] "GET /cormun/servlet/trsolicitudadjuntos?2021,17672, HTTP/1.1" 200 9301
181.212.43.89 - - [14/Oct/2021:12:17:31 -0300] "GET /cormun/servlet/solicitudotadjuntos?INS,2021,17672,,1, HTTP/1.1" 200 6046
181.212.43.89 - - [14/Oct/2021:12:17:31 -0300] "GET /cormun/static/about:blank HTTP/1.1" 404 1011
181.212.43.89 - - [14/Oct/2021:12:17:31 -0300] "GET /cormun/servlet/solicitudotadjuntos?INS,2021,17672,,1, HTTP/1.1" 200 6039
181.212.43.89 - - [14/Oct/2021:12:17:32 -0300] "GET /cormun/servlet/solicitudotadjuntos?d4bbf6238b2e91a6de4e8ec7659f3eb48e467cd12fdbc9d5c6fff710a87dfd71c768daf3a5cea8349ff23d88d6cb1322,gx-no-cache=1634223954248 HTTP/1.1" 200 30
181.212.43.89 - - [14/Oct/2021:12:17:32 -0300] "POST /cormun/servlet/solicitudotadjuntos?966de7cbfc2ce955456e471abd2bd1e8,INS,2021,17672,,1,,gx-no-cache=1634223954278 HTTP/1.1" 200 3923
181.212.43.89 - - [14/Oct/2021:12:17:34 -0300] "POST /cormun/servlet/solicitudotadjuntos?gx-no-cache=1634223956147 HTTP/1.1" 200 26
181.212.43.89 - - [14/Oct/2021:12:17:40 -0300] "GET /cormun/servlet/solicitudotadjuntos?d4bbf6238b2e91a6de4e8ec7659f3eb4d735ff5a59388b9ea9a3d100b6dbd708,gx-no-cache=1634223962321 HTTP/1.1" 200 30
181.212.43.89 - - [14/Oct/2021:12:17:40 -0300] "GET /cormun/servlet/solicitudotadjuntos?d4bbf6238b2e91a6de4e8ec7659f3eb4d735ff5a59388b9ea9a3d100b6dbd708,gx-no-cache=1634223962341 HTTP/1.1" 200 30
181.212.43.89 - - [14/Oct/2021:12:17:40 -0300] "POST /cormun/servlet/solicitudotadjuntos?966de7cbfc2ce955456e471abd2bd1e8,INS,2021,17672,,1, HTTP/1.1" 200 116
181.212.43.89 - - [14/Oct/2021:12:17:40 -0300] "GET /cormun/servlet/hpexe_return? HTTP/1.1" 200 1032
190.171.154.42 - - [14/Oct/2021:12:17:40 -0300] "POST /cormun/servlet/solicitudot?gx-no-cache=1634223961631 HTTP/1.1" 200 122
181.212.43.89 - - [14/Oct/2021:12:17:40 -0300] "GET /cormun/servlet/trsolicitudadjuntos?2021,17672, HTTP/1.1" 200 9546
190.171.154.42 - - [14/Oct/2021:12:17:41 -0300] "POST /cormun/servlet/solicitudot?c05c7f765bb49531622f8f26890f5945,INS,0,0,false,,gx-no-cache=1634223961749 HTTP/1.1" 200 13321
181.212.43.89 - - [14/Oct/2021:12:17:41 -0300] "GET /cormun/servlet/trsolicitudadjuntos?2021,17672, HTTP/1.1" 200 9549
181.212.43.89 - - [14/Oct/2021:12:17:44 -0300] "GET /cormun/servlet/solicitudotadjuntos?INS,2021,17672,,1, HTTP/1.1" 200 6046
181.212.43.89 - - [14/Oct/2021:12:17:44 -0300] "GET /cormun/static/about:blank HTTP/1.1" 404 1011
181.212.43.89 - - [14/Oct/2021:12:17:44 -0300] "GET /cormun/servlet/solicitudotadjuntos?INS,2021,17672,,1, HTTP/1.1" 200 6039
181.212.43.89 - - [14/Oct/2021:12:17:45 -0300] "GET /cormun/servlet/solicitudotadjuntos?d4bbf6238b2e91a6de4e8ec7659f3eb48e467cd12fdbc9d5c6fff710a87dfd71c768daf3a5cea8349ff23d88d6cb1322,gx-no-cache=1634223967080 HTTP/1.1" 200 30
181.212.43.89 - - [14/Oct/2021:12:17:45 -0300] "POST /cormun/servlet/solicitudotadjuntos?966de7cbfc2ce955456e471abd2bd1e8,INS,2021,17672,,1,,gx-no-cache=1634223967119 HTTP/1.1" 200 3923
181.212.43.89 - - [14/Oct/2021:12:17:49 -0300] "POST /cormun/servlet/solicitudotadjuntos?gx-no-cache=1634223971361 HTTP/1.1" 200 26
181.212.43.89 - - [14/Oct/2021:12:17:58 -0300] "GET /cormun/servlet/solicitudotadjuntos?d4bbf6238b2e91a6de4e8ec7659f3eb4d735ff5a59388b9ea9a3d100b6dbd708,gx-no-cache=1634223980200 HTTP/1.1" 200 30
181.212.43.89 - - [14/Oct/2021:12:17:58 -0300] "GET /cormun/servlet/solicitudotadjuntos?d4bbf6238b2e91a6de4e8ec7659f3eb4d735ff5a59388b9ea9a3d100b6dbd708,gx-no-cache=1634223980267 HTTP/1.1" 200 30
181.212.43.89 - - [14/Oct/2021:12:17:58 -0300] "POST /cormun/servlet/solicitudotadjuntos?966de7cbfc2ce955456e471abd2bd1e8,INS,2021,17672,,1, HTTP/1.1" 200 116
181.212.43.89 - - [14/Oct/2021:12:17:58 -0300] "GET /cormun/servlet/hpexe_return? HTTP/1.1" 200 1032
181.212.43.89 - - [14/Oct/2021:12:17:59 -0300] "GET /cormun/servlet/trsolicitudadjuntos?2021,17672, HTTP/1.1" 200 9825
181.212.43.89 - - [14/Oct/2021:12:17:59 -0300] "GET /cormun/servlet/trsolicitudadjuntos?2021,17672, HTTP/1.1" 200 9826
181.212.43.89 - - [14/Oct/2021:12:18:01 -0300] "GET /cormun/servlet/solicitudotadjuntos?INS,2021,17672,,1, HTTP/1.1" 200 6046
181.212.43.89 - - [14/Oct/2021:12:18:01 -0300] "GET /cormun/static/about:blank HTTP/1.1" 404 1011
181.212.43.89 - - [14/Oct/2021:12:18:02 -0300] "GET /cormun/servlet/solicitudotadjuntos?INS,2021,17672,,1, HTTP/1.1" 200 6039
181.212.43.89 - - [14/Oct/2021:12:18:02 -0300] "GET /cormun/servlet/solicitudotadjuntos?d4bbf6238b2e91a6de4e8ec7659f3eb48e467cd12fdbc9d5c6fff710a87dfd71c768daf3a5cea8349ff23d88d6cb1322,gx-no-cache=1634223984438 HTTP/1.1" 200 30
181.212.43.89 - - [14/Oct/2021:12:18:02 -0300] "POST /cormun/servlet/solicitudotadjuntos?966de7cbfc2ce955456e471abd2bd1e8,INS,2021,17672,,1,,gx-no-cache=1634223984465 HTTP/1.1" 200 3923
181.212.43.89 - - [14/Oct/2021:12:18:05 -0300] "POST /cormun/servlet/solicitudotadjuntos?gx-no-cache=1634223987345 HTTP/1.1" 200 26
190.171.154.42 - - [14/Oct/2021:12:18:05 -0300] "GET /cormun/servlet/solicitudot?346be987893b56609fc95cde63e9cd33f9c58e641a37a0b7be2a00a4eefeed8a2783da29ab90606aef530ee4b4ccd0b0,gx-no-cache=1634223986654 HTTP/1.1" 200 134
190.171.154.42 - - [14/Oct/2021:12:18:05 -0300] "POST /cormun/servlet/solicitudot?gx-no-cache=1634223986766 HTTP/1.1" 200 122
190.171.154.42 - - [14/Oct/2021:12:18:06 -0300] "POST /cormun/servlet/solicitudot?c05c7f765bb49531622f8f26890f5945,INS,0,0,false,,gx-no-cache=1634223986868 HTTP/1.1" 200 13397
181.212.43.89 - - [14/Oct/2021:12:18:12 -0300] "GET /cormun/servlet/solicitudotadjuntos?d4bbf6238b2e91a6de4e8ec7659f3eb4d735ff5a59388b9ea9a3d100b6dbd708,gx-no-cache=1634223994264 HTTP/1.1" 200 30
181.212.43.89 - - [14/Oct/2021:12:18:12 -0300] "GET /cormun/servlet/solicitudotadjuntos?d4bbf6238b2e91a6de4e8ec7659f3eb4d735ff5a59388b9ea9a3d100b6dbd708,gx-no-cache=1634223994287 HTTP/1.1" 200 30
181.212.43.89 - - [14/Oct/2021:12:18:13 -0300] "POST /cormun/servlet/solicitudotadjuntos?966de7cbfc2ce955456e471abd2bd1e8,INS,2021,17672,,1, HTTP/1.1" 200 116
181.212.43.89 - - [14/Oct/2021:12:18:13 -0300] "GET /cormun/servlet/hpexe_return? HTTP/1.1" 200 1032
181.212.43.89 - - [14/Oct/2021:12:18:14 -0300] "GET /cormun/servlet/trsolicitudadjuntos?2021,17672, HTTP/1.1" 200 9986
181.212.43.89 - - [14/Oct/2021:12:18:15 -0300] "GET /cormun/servlet/trsolicitudadjuntos?2021,17672, HTTP/1.1" 200 9984
190.171.154.42 - - [14/Oct/2021:12:18:15 -0300] "GET /cormun/servlet/solicitudot?346be987893b56609fc95cde63e9cd334b5493d4bd3f395448c0a76e44b5baf546c402848ac6e651f95f9ea00c695f29,gx-no-cache=1634223996494 HTTP/1.1" 200 134
190.171.154.42 - - [14/Oct/2021:12:18:15 -0300] "POST /cormun/servlet/solicitudot?gx-no-cache=1634223996593 HTTP/1.1" 200 122
190.171.154.42 - - [14/Oct/2021:12:18:16 -0300] "POST /cormun/servlet/solicitudot?c05c7f765bb49531622f8f26890f5945,INS,0,0,false,,gx-no-cache=1634223996743 HTTP/1.1" 200 13439
181.212.43.89 - - [14/Oct/2021:12:18:18 -0300] "POST /cormun/servlet/trsolicitudadjuntos?966de7cbfc2ce955456e471abd2bd1e8,2021,17672,,gx-no-cache=1634223999951 HTTP/1.1" 200 90
181.212.43.89 - - [14/Oct/2021:12:18:18 -0300] "GET /cormun/servlet/hpexe_link HTTP/1.1" 200 975
181.212.43.89 - - [14/Oct/2021:12:18:18 -0300] "GET /cormun/servlet/trsolicitudot HTTP/1.1" 200 8655
181.212.43.89 - - [14/Oct/2021:12:18:19 -0300] "GET /cormun/servlet/trsolicitudot HTTP/1.1" 200 8654
190.171.154.42 - - [14/Oct/2021:12:18:34 -0300] "GET /cormun/servlet/solicitudot?346be987893b56609fc95cde63e9cd33bc7383ac685146f818291539cc306bdb46c402848ac6e651f95f9ea00c695f29,gx-no-cache=1634224014988 HTTP/1.1" 200 30
190.171.154.42 - - [14/Oct/2021:12:18:34 -0300] "POST /cormun/servlet/solicitudot?gx-no-cache=1634224015053 HTTP/1.1" 200 122
190.171.154.42 - - [14/Oct/2021:12:18:34 -0300] "POST /cormun/servlet/solicitudot?c05c7f765bb49531622f8f26890f5945,INS,0,0,false,,gx-no-cache=1634224015180 HTTP/1.1" 200 13447
190.171.154.42 - - [14/Oct/2021:12:18:40 -0300] "POST /cormun/servlet/solicitudot?c05c7f765bb49531622f8f26890f5945,INS,0,0,false,,gx-no-cache=1634224021183 HTTP/1.1" 200 13581
190.171.154.42 - - [14/Oct/2021:12:19:23 -0300] "POST /cormun/servlet/solicitudot?gx-no-cache=1634224064448 HTTP/1.1" 200 122
190.171.154.42 - - [14/Oct/2021:12:19:23 -0300] "GET /cormun/servlet/solicitudot?346be987893b56609fc95cde63e9cd331c05e9dfa4be199f6af65434f936c5abffd5c15e34ff7387df17fa6d6456375c348d43f0d2f73bbfa7fc96eaf026c620ddebd75302ba794c965909eb96ba3e5d7a72675a8e44c3489c394eda14a9baab6bbd1b700ff766afe29c00b608280d31,gx-no-cache=1634224064546 HTTP/1.1" 200 110
190.171.154.42 - - [14/Oct/2021:12:19:23 -0300] "POST /cormun/servlet/solicitudot?gx-no-cache=1634224064600 HTTP/1.1" 200 122
190.171.154.42 - - [14/Oct/2021:12:19:24 -0300] "POST /cormun/servlet/solicitudot?c05c7f765bb49531622f8f26890f5945,INS,0,0,false,,gx-no-cache=1634224064715 HTTP/1.1" 200 13622
190.171.154.42 - - [14/Oct/2021:12:19:31 -0300] "GET /cormun/servlet/prfichaempleado?,MD,,gxPopupLevel%3D0%3B HTTP/1.1" 200 9403
190.171.154.42 - - [14/Oct/2021:12:19:41 -0300] "POST /cormun/servlet/prfichaempleado?c05c7f765bb49531622f8f26890f5945,,MD,,gxPopupLevel%3D0%3B,gx-no-cache=1634224082017 HTTP/1.1" 200 3415
190.171.154.42 - - [14/Oct/2021:12:19:51 -0300] "POST /cormun/servlet/solicitudot?gx-no-cache=1634224092536 HTTP/1.1" 200 1440
190.171.154.42 - - [14/Oct/2021:12:20:18 -0300] "POST /cormun/servlet/solicitudot?gx-no-cache=1634224119008 HTTP/1.1" 200 122
190.171.154.42 - - [14/Oct/2021:12:20:18 -0300] "GET /cormun/servlet/solicitudot?346be987893b56609fc95cde63e9cd331c05e9dfa4be199f6af65434f936c5abffd5c15e34ff7387df17fa6d6456375c348d43f0d2f73bbfa7fc96eaf026c620ddebd75302ba794c965909eb96ba3e5d7a72675a8e44c3489c394eda14a9baab6bbd1b700ff766afe29c00b608280d31,gx-no-cache=1634224119112 HTTP/1.1" 200 110
190.171.154.42 - - [14/Oct/2021:12:20:18 -0300] "POST /cormun/servlet/solicitudot?gx-no-cache=1634224119168 HTTP/1.1" 200 97
190.171.154.42 - - [14/Oct/2021:12:20:41 -0300] "POST /cormun/servlet/solicitudot?gx-no-cache=1634224142323 HTTP/1.1" 200 122
190.171.154.42 - - [14/Oct/2021:12:20:41 -0300] "GET /cormun/servlet/solicitudot?346be987893b56609fc95cde63e9cd331c05e9dfa4be199f6af65434f936c5abffd5c15e34ff7387df17fa6d6456375c348d43f0d2f73bbfa7fc96eaf026c620ddebd75302ba794c965909eb96ba3e5d7a72675a8e44c3489c394eda14a9baab6bbd1b700ff766afe29c00b608280d31,gx-no-cache=1634224142445 HTTP/1.1" 200 110
190.171.154.42 - - [14/Oct/2021:12:20:41 -0300] "POST /cormun/servlet/solicitudot?gx-no-cache=1634224142505 HTTP/1.1" 200 122
190.171.154.42 - - [14/Oct/2021:12:20:41 -0300] "POST /cormun/servlet/solicitudot?c05c7f765bb49531622f8f26890f5945,INS,0,0,false,,gx-no-cache=1634224142637 HTTP/1.1" 200 13702
190.171.154.42 - - [14/Oct/2021:12:20:43 -0300] "POST /cormun/servlet/solicitudot?c05c7f765bb49531622f8f26890f5945,INS,0,0,false,,gx-no-cache=1634224144469 HTTP/1.1" 200 13736
190.171.154.42 - - [14/Oct/2021:12:21:13 -0300] "POST /cormun/servlet/solicitudot?gx-no-cache=1634224174578 HTTP/1.1" 200 1440
190.171.154.42 - - [14/Oct/2021:12:21:28 -0300] "POST /cormun/servlet/solicitudot?gx-no-cache=1634224189165 HTTP/1.1" 200 122
190.171.154.42 - - [14/Oct/2021:12:21:28 -0300] "GET /cormun/servlet/solicitudot?346be987893b56609fc95cde63e9cd331c05e9dfa4be199f6af65434f936c5abffd5c15e34ff7387df17fa6d6456375c348d43f0d2f73bbfa7fc96eaf026c620ddebd75302ba794c965909eb96ba3e5d7a72675a8e44c3489c394eda14a9baab6bbd1b700ff766afe29c00b608280d31,gx-no-cache=1634224189335 HTTP/1.1" 200 110
190.171.154.42 - - [14/Oct/2021:12:21:28 -0300] "POST /cormun/servlet/solicitudot?gx-no-cache=1634224189462 HTTP/1.1" 200 97
190.171.154.42 - - [14/Oct/2021:12:21:28 -0300] "POST /cormun/servlet/solicitudot?gx-no-cache=1634224189531 HTTP/1.1" 200 122
190.171.154.42 - - [14/Oct/2021:12:21:29 -0300] "POST /cormun/servlet/solicitudot?c05c7f765bb49531622f8f26890f5945,INS,0,0,false,,gx-no-cache=1634224189650 HTTP/1.1" 200 13773
190.171.154.42 - - [14/Oct/2021:12:21:41 -0300] "POST /cormun/servlet/solicitudot?gx-no-cache=1634224201974 HTTP/1.1" 200 122
190.171.154.42 - - [14/Oct/2021:12:21:41 -0300] "GET /cormun/servlet/solicitudot?346be987893b56609fc95cde63e9cd331c05e9dfa4be199f6af65434f936c5abffd5c15e34ff7387df17fa6d6456375c348d43f0d2f73bbfa7fc96eaf026c620ddebd75302ba794c965909eb96ba3e5d7a72675a8e44c3489c394eda14a9baab6bbd1b700ff766afe29c00b608280d31,gx-no-cache=1634224202091 HTTP/1.1" 200 110
190.171.154.42 - - [14/Oct/2021:12:21:41 -0300] "POST /cormun/servlet/solicitudot?gx-no-cache=1634224202155 HTTP/1.1" 200 122
190.171.154.42 - - [14/Oct/2021:12:21:41 -0300] "POST /cormun/servlet/solicitudot?c05c7f765bb49531622f8f26890f5945,INS,0,0,false,,gx-no-cache=1634224202289 HTTP/1.1" 200 13803
190.171.154.42 - - [14/Oct/2021:12:22:06 -0300] "POST /cormun/servlet/solicitudot?gx-no-cache=1634224226923 HTTP/1.1" 200 122
190.171.154.42 - - [14/Oct/2021:12:22:06 -0300] "GET /cormun/servlet/solicitudot?346be987893b56609fc95cde63e9cd331c05e9dfa4be199f6af65434f936c5abffd5c15e34ff7387df17fa6d6456375c348d43f0d2f73bbfa7fc96eaf026c620ddebd75302ba794c965909eb96ba3e5d7a72675a8e44c3489c394eda14a9baab6bbd1b700ff766afe29c00b608280d31,gx-no-cache=1634224226993 HTTP/1.1" 200 110
190.171.154.42 - - [14/Oct/2021:12:22:06 -0300] "POST /cormun/servlet/solicitudot?gx-no-cache=1634224227050 HTTP/1.1" 200 122
190.171.154.42 - - [14/Oct/2021:12:22:06 -0300] "POST /cormun/servlet/solicitudot?c05c7f765bb49531622f8f26890f5945,INS,0,0,false,,gx-no-cache=1634224227154 HTTP/1.1" 200 13840
190.171.154.42 - - [14/Oct/2021:12:22:15 -0300] "POST /cormun/servlet/solicitudot?gx-no-cache=1634224236665 HTTP/1.1" 200 122
190.171.154.42 - - [14/Oct/2021:12:22:15 -0300] "GET /cormun/servlet/solicitudot?346be987893b56609fc95cde63e9cd331c05e9dfa4be199f6af65434f936c5abffd5c15e34ff7387df17fa6d6456375c348d43f0d2f73bbfa7fc96eaf026c620ddebd75302ba794c965909eb96ba3e5d7a72675a8e44c3489c394eda14a9baab6bbd1b700ff766afe29c00b608280d31,gx-no-cache=1634224236740 HTTP/1.1" 200 110
