190.171.153.26 - - [07/Oct/2021:11:28:12 -0300] "GET /cormun//static/Resources/PXToolsActionDisabled.gif HTTP/1.1" 200 53
190.171.153.26 - - [07/Oct/2021:11:28:12 -0300] "GET /cormun/static/Shared/ext/resources/themes/images/default/panel/bg-headersPanel.png HTTP/1.1" 200 255
190.171.153.26 - - [07/Oct/2021:11:28:12 -0300] "GET /cormun/static/Shared/ext/resources/themes/images/default/tools/tool-sprites.gif HTTP/1.1" 200 5434
190.171.153.26 - - [07/Oct/2021:11:28:20 -0300] "GET /cormun/servlet/trpermisosadjuntos?13098789,20211006124029,P, HTTP/1.1" 200 6265
190.171.153.26 - - [07/Oct/2021:11:28:20 -0300] "GET /cormun/static/gxcfg.js?2020121641683 HTTP/1.1" 200 953
190.171.153.26 - - [07/Oct/2021:11:28:20 -0300] "GET /cormun/static/trpermisosadjuntos.js?2020121642996 HTTP/1.1" 304 -
190.171.153.26 - - [07/Oct/2021:11:28:24 -0300] "GET /cormun/servlet/permisosadjuntos?INS,13098789,P,20211006124029,, HTTP/1.1" 200 5587
190.171.153.26 - - [07/Oct/2021:11:28:24 -0300] "GET /cormun/static/gxcfg.js?20201215134212 HTTP/1.1" 200 953
190.171.153.26 - - [07/Oct/2021:11:28:24 -0300] "GET /cormun/static/about:blank HTTP/1.1" 404 1011
190.171.153.26 - - [07/Oct/2021:11:28:24 -0300] "GET /cormun/static/permisosadjuntos.js?20201215134285 HTTP/1.1" 304 -
190.171.153.26 - - [07/Oct/2021:11:28:34 -0300] "POST /cormun/servlet/permisosadjuntos?77579900041681332cccf02141dc87a1,INS,13098789,P,20211006124029,, HTTP/1.1" 200 116
190.171.153.26 - - [07/Oct/2021:11:28:34 -0300] "GET /cormun/servlet/hpexe_return? HTTP/1.1" 200 1043
190.171.153.26 - - [07/Oct/2021:11:28:34 -0300] "GET /cormun/static/gxcfg.js?201991422392976 HTTP/1.1" 200 953
190.171.153.26 - - [07/Oct/2021:11:28:34 -0300] "GET /cormun/static/hpexe_return.js?201991422392984 HTTP/1.1" 304 -
190.171.153.26 - - [07/Oct/2021:11:28:34 -0300] "GET /cormun/servlet/trpermisosadjuntos?13098789,20211006124029,P, HTTP/1.1" 200 6741
190.171.153.26 - - [07/Oct/2021:11:28:34 -0300] "GET /cormun/PublicTempStorage/fabricio_soto_17579017.pdf HTTP/1.1" 200 153891
190.171.153.26 - - [07/Oct/2021:11:28:39 -0300] "GET /cormun/servlet/trpermisosgoce? HTTP/1.1" 200 9182
190.171.153.26 - - [07/Oct/2021:11:28:50 -0300] "POST /cormun/servlet/trpermisosgoce?77579900041681332cccf02141dc87a1,,gx-no-cache=1633616238056 HTTP/1.1" 200 6495
190.171.153.26 - - [07/Oct/2021:11:28:50 -0300] "GET /cormun/static/Shared/jqueryui/images/ui-bg_highlight-soft_100_c6c2c8_1x100.png HTTP/1.1" 404 1117
190.171.153.26 - - [07/Oct/2021:11:28:50 -0300] "GET /cormun/static/Shared/jqueryui/images/ui-icons_82798d_256x240.png HTTP/1.1" 404 1089
190.171.153.26 - - [07/Oct/2021:11:28:50 -0300] "GET /cormun/static/Shared/jqueryui/images/ui-bg_flat_55_fafafa_40x100.png HTTP/1.1" 404 1097
190.171.153.26 - - [07/Oct/2021:11:28:50 -0300] "GET /cormun/static/Shared/jqueryui/images/ui-icons_8d78a5_256x240.png HTTP/1.1" 404 1089
190.171.153.26 - - [07/Oct/2021:11:29:01 -0300] "GET /cormun/servlet/trpermisosadjuntos?15523299,20211006104236,P, HTTP/1.1" 200 6279
190.171.153.26 - - [07/Oct/2021:11:29:03 -0300] "GET /cormun/servlet/permisosadjuntos?INS,15523299,P,20211006104236,, HTTP/1.1" 200 5600
190.171.153.26 - - [07/Oct/2021:11:29:03 -0300] "GET /cormun/static/about:blank HTTP/1.1" 404 1011
190.171.153.26 - - [07/Oct/2021:11:29:13 -0300] "POST /cormun/servlet/permisosadjuntos?77579900041681332cccf02141dc87a1,INS,15523299,P,20211006104236,, HTTP/1.1" 200 116
190.171.153.26 - - [07/Oct/2021:11:29:13 -0300] "GET /cormun/servlet/hpexe_return? HTTP/1.1" 200 1044
190.171.153.26 - - [07/Oct/2021:11:29:13 -0300] "GET /cormun/servlet/trpermisosadjuntos?15523299,20211006104236,P, HTTP/1.1" 200 6767
190.171.153.26 - - [07/Oct/2021:11:29:14 -0300] "GET /cormun/PublicTempStorage/marlene_valdebenito_28-91866937.pdf HTTP/1.1" 200 159185
190.171.153.26 - - [07/Oct/2021:11:29:18 -0300] "GET /cormun/servlet/trpermisosgoce? HTTP/1.1" 200 9174
190.171.153.26 - - [07/Oct/2021:11:29:25 -0300] "POST /cormun/servlet/trpermisosgoce?77579900041681332cccf02141dc87a1,,gx-no-cache=1633616273320 HTTP/1.1" 200 6463
190.171.152.234 - - [07/Oct/2021:11:30:17 -0300] "GET /cormun/servlet/hlogin HTTP/1.1" 200 1727
190.171.152.234 - - [07/Oct/2021:11:30:25 -0300] "POST /cormun/servlet/hlogin?686f70fba28b97eef924bebb75b29501,gx-no-cache=1633616343497 HTTP/1.1" 200 90
190.171.152.234 - - [07/Oct/2021:11:30:25 -0300] "GET /cormun/servlet/hpexe_link HTTP/1.1" 200 951
190.171.152.234 - - [07/Oct/2021:11:30:25 -0300] "GET /cormun/servlet/hhome HTTP/1.1" 200 4264
190.171.152.234 - - [07/Oct/2021:11:30:26 -0300] "GET /cormun/servlet/hhome HTTP/1.1" 200 4260
190.171.152.234 - - [07/Oct/2021:11:30:29 -0300] "GET /cormun/servlet/trlicencias? HTTP/1.1" 200 11454
190.171.152.234 - - [07/Oct/2021:11:30:29 -0300] "GET /cormun/servlet/trlicencias? HTTP/1.1" 200 11458
190.171.141.138 - - [07/Oct/2021:11:34:23 -0300] "GET /cormun/servlet/trlicencias? HTTP/1.1" 200 6045
190.171.141.138 - - [07/Oct/2021:11:34:24 -0300] "GET /cormun/servlet/trlicencias? HTTP/1.1" 200 6040
190.171.141.138 - - [07/Oct/2021:11:34:24 -0300] "GET /cormun/servlet/hlogin HTTP/1.1" 200 1744
200.54.107.2 - - [07/Oct/2021:11:35:11 -0300] "GET /cormun/servlet/hlogin HTTP/1.1" 200 1720
200.54.107.2 - - [07/Oct/2021:11:35:21 -0300] "POST /cormun/servlet/hlogin?e65d9a0b0794f330985d6501d345f35a,gx-no-cache=1633616624215 HTTP/1.1" 200 90
200.54.107.2 - - [07/Oct/2021:11:35:21 -0300] "GET /cormun/servlet/hpexe_link HTTP/1.1" 200 954
200.54.107.2 - - [07/Oct/2021:11:35:21 -0300] "GET /cormun/servlet/trlicencias HTTP/1.1" 200 9295
200.54.107.2 - - [07/Oct/2021:11:35:22 -0300] "GET /cormun/servlet/trlicencias HTTP/1.1" 200 9293
190.171.153.26 - - [07/Oct/2021:11:38:54 -0300] "GET /cormun/servlet/trpermisosadjuntos?15523299,20211006104907,P, HTTP/1.1" 200 6279
190.171.153.26 - - [07/Oct/2021:11:38:57 -0300] "GET /cormun/servlet/permisosadjuntos?INS,15523299,P,20211006104907,, HTTP/1.1" 200 5601
190.171.153.26 - - [07/Oct/2021:11:38:57 -0300] "GET /cormun/static/about:blank HTTP/1.1" 404 1011
190.171.153.26 - - [07/Oct/2021:11:39:06 -0300] "POST /cormun/servlet/permisosadjuntos?77579900041681332cccf02141dc87a1,INS,15523299,P,20211006104907,, HTTP/1.1" 200 116
190.171.153.26 - - [07/Oct/2021:11:39:07 -0300] "GET /cormun/servlet/hpexe_return? HTTP/1.1" 200 1044
190.171.153.26 - - [07/Oct/2021:11:39:07 -0300] "GET /cormun/servlet/trpermisosadjuntos?15523299,20211006104907,P, HTTP/1.1" 200 6765
190.171.153.26 - - [07/Oct/2021:11:39:07 -0300] "GET /cormun/PublicTempStorage/marlene_valdebenito_30-9454640.pdf HTTP/1.1" 200 158801
190.171.153.26 - - [07/Oct/2021:11:39:09 -0300] "GET /cormun/servlet/trpermisosgoce? HTTP/1.1" 200 9131
190.171.153.26 - - [07/Oct/2021:11:39:14 -0300] "POST /cormun/servlet/trpermisosgoce?77579900041681332cccf02141dc87a1,,gx-no-cache=1633616862725 HTTP/1.1" 200 6464
186.67.172.234 - - [07/Oct/2021:11:39:40 -0300] "GET /cormun/servlet/hlogin HTTP/1.1" 200 1728
186.67.172.234 - - [07/Oct/2021:11:39:49 -0300] "POST /cormun/servlet/hlogin?f76af817eb6aad3ff6954f506ff2d1f7,gx-no-cache=1633616864490 HTTP/1.1" 200 90
186.67.172.234 - - [07/Oct/2021:11:39:49 -0300] "GET /cormun/servlet/hpexe_link HTTP/1.1" 200 953
186.67.172.234 - - [07/Oct/2021:11:39:49 -0300] "GET /cormun/servlet/hhome HTTP/1.1" 200 4371
186.67.172.234 - - [07/Oct/2021:11:39:50 -0300] "GET /cormun/servlet/hhome HTTP/1.1" 200 4367
186.67.172.234 - - [07/Oct/2021:11:39:55 -0300] "GET /cormun/servlet/trlicencias? HTTP/1.1" 200 18177
186.67.172.234 - - [07/Oct/2021:11:39:56 -0300] "GET /cormun/servlet/trlicencias? HTTP/1.1" 200 18159
190.171.153.26 - - [07/Oct/2021:11:40:59 -0300] "GET /cormun/servlet/trpermisosadjuntos?15523299,20211006104907,P, HTTP/1.1" 200 6762
190.171.153.26 - - [07/Oct/2021:11:40:59 -0300] "GET /cormun/PublicTempStorage/marlene_valdebenito_30-93476320.pdf HTTP/1.1" 200 158801
190.171.153.26 - - [07/Oct/2021:11:41:07 -0300] "GET /cormun/servlet/trpermisosgoce? HTTP/1.1" 200 9131
190.171.153.26 - - [07/Oct/2021:11:41:14 -0300] "POST /cormun/servlet/trpermisosgoce?77579900041681332cccf02141dc87a1,,gx-no-cache=1633616982559 HTTP/1.1" 200 6463
128.14.134.170 - - [07/Oct/2021:11:41:41 -0300] "GET / HTTP/1.1" 200 11217
128.14.134.170 - - [07/Oct/2021:11:41:42 -0300] "GET /webfig/ HTTP/1.1" 404 975
190.171.153.26 - - [07/Oct/2021:11:42:24 -0300] "GET /cormun/servlet/trpermisosadjuntos?15523299,20211006104907,P, HTTP/1.1" 200 6761
190.171.153.26 - - [07/Oct/2021:11:42:24 -0300] "GET /cormun/PublicTempStorage/marlene_valdebenito_30-96815556.pdf HTTP/1.1" 200 158801
190.171.153.26 - - [07/Oct/2021:11:42:34 -0300] "GET /cormun/servlet/trpermisosgoce? HTTP/1.1" 200 9131
190.171.153.26 - - [07/Oct/2021:11:42:40 -0300] "POST /cormun/servlet/trpermisosgoce?77579900041681332cccf02141dc87a1,,gx-no-cache=1633617068869 HTTP/1.1" 200 6463
190.171.153.26 - - [07/Oct/2021:11:42:56 -0300] "GET /cormun/servlet/hlogin HTTP/1.1" 200 1750
190.171.153.26 - - [07/Oct/2021:11:43:14 -0300] "POST /cormun/servlet/hlogin?77579900041681332cccf02141dc87a1,gx-no-cache=1633617103066 HTTP/1.1" 200 90
190.171.153.26 - - [07/Oct/2021:11:43:14 -0300] "GET /cormun/servlet/hpexe_link HTTP/1.1" 200 965
190.171.153.26 - - [07/Oct/2021:11:43:15 -0300] "GET /cormun/servlet/trpermisosgoce? HTTP/1.1" 200 9132
190.171.153.26 - - [07/Oct/2021:11:43:53 -0300] "GET /cormun/servlet/trpermisosadjuntos?15523299,20211006104907,P, HTTP/1.1" 200 6762
190.171.153.26 - - [07/Oct/2021:11:43:54 -0300] "GET /cormun/PublicTempStorage/marlene_valdebenito_30-96108070.pdf HTTP/1.1" 200 158801
190.171.153.26 - - [07/Oct/2021:11:43:57 -0300] "GET /cormun/servlet/trpermisosgoce? HTTP/1.1" 200 9131
200.54.107.2 - - [07/Oct/2021:11:44:05 -0300] "GET /cormun/servlet/hlogin HTTP/1.1" 200 1720
200.54.107.2 - - [07/Oct/2021:11:44:26 -0300] "POST /cormun/servlet/hlogin?e65d9a0b0794f330985d6501d345f35a,gx-no-cache=1633617169015 HTTP/1.1" 200 90
200.54.107.2 - - [07/Oct/2021:11:44:26 -0300] "GET /cormun/servlet/hpexe_link HTTP/1.1" 200 954
200.54.107.2 - - [07/Oct/2021:11:44:26 -0300] "GET /cormun/servlet/trlicencias HTTP/1.1" 200 9295
200.54.107.2 - - [07/Oct/2021:11:44:26 -0300] "GET /cormun/servlet/trlicencias HTTP/1.1" 200 9293
190.171.141.138 - - [07/Oct/2021:11:45:27 -0300] "GET /cormun/servlet/hlogin HTTP/1.1" 200 1744
190.171.141.138 - - [07/Oct/2021:11:45:35 -0300] "POST /cormun/servlet/hlogin?ed3b717a192b05488b77db7c9c66d27c,gx-no-cache=1633617241861 HTTP/1.1" 200 90
190.171.141.138 - - [07/Oct/2021:11:45:35 -0300] "GET /cormun/servlet/hpexe_link HTTP/1.1" 200 959
190.171.141.138 - - [07/Oct/2021:11:45:35 -0300] "GET /cormun/servlet/trlicencias HTTP/1.1" 200 13298
190.171.141.138 - - [07/Oct/2021:11:45:37 -0300] "GET /cormun/servlet/trlicencias HTTP/1.1" 200 13299
181.212.43.89 - - [07/Oct/2021:11:56:55 -0300] "GET /cormun/servlet/hlogin HTTP/1.1" 200 1718
181.212.43.89 - - [07/Oct/2021:11:56:55 -0300] "GET /cormun/servlet/hlogin HTTP/1.1" 200 1718
186.67.172.234 - - [07/Oct/2021:11:56:55 -0300] "GET /cormun/servlet/trsolicitudot? HTTP/1.1" 200 6320
186.67.172.234 - - [07/Oct/2021:11:56:56 -0300] "GET /cormun/servlet/hlogin HTTP/1.1" 200 1745
186.67.172.234 - - [07/Oct/2021:11:56:56 -0300] "GET /cormun/servlet/trsolicitudot? HTTP/1.1" 200 6317
186.67.172.234 - - [07/Oct/2021:11:57:03 -0300] "POST /cormun/servlet/hlogin?709f3f322205babd7c512daa8047532a,gx-no-cache=1633617926641 HTTP/1.1" 200 90
186.67.172.234 - - [07/Oct/2021:11:57:03 -0300] "GET /cormun/servlet/hpexe_link HTTP/1.1" 200 960
186.67.172.234 - - [07/Oct/2021:11:57:03 -0300] "GET /cormun/servlet/trsolicitudot HTTP/1.1" 200 7413
186.67.172.234 - - [07/Oct/2021:11:57:04 -0300] "GET /cormun/servlet/trsolicitudot HTTP/1.1" 200 7412
181.212.43.89 - - [07/Oct/2021:11:57:19 -0300] "POST /cormun/servlet/hlogin?e43410f566cb877ae9f12ce01827197e,gx-no-cache=1633617944077 HTTP/1.1" 200 90
181.212.43.89 - - [07/Oct/2021:11:57:19 -0300] "GET /cormun/servlet/hpexe_link HTTP/1.1" 200 947
181.212.43.89 - - [07/Oct/2021:11:57:19 -0300] "GET /cormun/servlet/hhome HTTP/1.1" 200 4171
181.212.43.89 - - [07/Oct/2021:11:57:19 -0300] "GET /cormun/servlet/hhome HTTP/1.1" 200 4167
181.212.43.89 - - [07/Oct/2021:11:57:26 -0300] "GET /cormun/servlet/trautorizarsolicitud? HTTP/1.1" 200 8725
181.212.43.89 - - [07/Oct/2021:11:57:26 -0300] "GET /cormun/static/gxcfg.js?201991422414522 HTTP/1.1" 200 953
181.212.43.89 - - [07/Oct/2021:11:57:26 -0300] "GET /cormun/static/trautorizarsolicitud.js?201991422415463 HTTP/1.1" 200 53910
181.212.43.89 - - [07/Oct/2021:11:57:26 -0300] "GET /cormun//static/Resources/PXToolsActionView.png HTTP/1.1" 200 398
181.212.43.89 - - [07/Oct/2021:11:57:26 -0300] "GET /cormun//static/Resources/PXToolsGridUpdate.png HTTP/1.1" 200 470
181.212.43.89 - - [07/Oct/2021:11:57:26 -0300] "GET /cormun//static/Resources/PXToolsGridDelete.png HTTP/1.1" 200 538
181.212.43.89 - - [07/Oct/2021:11:57:26 -0300] "GET /cormun//static/Resources/PXToolsRemoveAllAction.png HTTP/1.1" 200 487
181.212.43.89 - - [07/Oct/2021:11:57:26 -0300] "GET /cormun/servlet/trautorizarsolicitud? HTTP/1.1" 200 8723
181.212.43.89 - - [07/Oct/2021:11:57:33 -0300] "POST /cormun/servlet/trautorizarsolicitud?e43410f566cb877ae9f12ce01827197e,,gx-no-cache=1633617958485 HTTP/1.1" 200 4797
181.212.43.89 - - [07/Oct/2021:11:57:34 -0300] "GET /cormun/static/Shared/jqueryui/images/ui-bg_highlight-soft_100_c6c2c8_1x100.png HTTP/1.1" 404 1117
181.212.43.89 - - [07/Oct/2021:11:57:34 -0300] "GET /cormun/static/Shared/jqueryui/images/ui-icons_82798d_256x240.png HTTP/1.1" 404 1089
181.212.43.89 - - [07/Oct/2021:11:57:34 -0300] "GET /cormun/static/Shared/jqueryui/images/ui-icons_8d78a5_256x240.png HTTP/1.1" 404 1089
181.212.43.89 - - [07/Oct/2021:11:57:34 -0300] "GET /cormun/static/Shared/jqueryui/images/ui-bg_flat_55_fafafa_40x100.png HTTP/1.1" 404 1097
181.212.43.89 - - [07/Oct/2021:11:57:34 -0300] "POST /cormun/servlet/trautorizarsolicitud?e43410f566cb877ae9f12ce01827197e,,gx-no-cache=1633617958682 HTTP/1.1" 200 4540
190.171.149.74 - - [07/Oct/2021:11:58:01 -0300] "GET /cormun/servlet/trpermisosgoce? HTTP/1.1" 200 6028
190.171.149.74 - - [07/Oct/2021:11:58:01 -0300] "GET /cormun/servlet/hlogin HTTP/1.1" 200 1749
190.171.149.74 - - [07/Oct/2021:11:58:01 -0300] "GET /cormun/servlet/trpermisosgoce? HTTP/1.1" 200 6024
190.171.149.74 - - [07/Oct/2021:11:58:13 -0300] "POST /cormun/servlet/hlogin?735714d54f7fcc5980b00994c866c1e3,gx-no-cache=1633621616314 HTTP/1.1" 200 90
190.171.149.74 - - [07/Oct/2021:11:58:13 -0300] "GET /cormun/servlet/hpexe_link HTTP/1.1" 200 959
190.171.149.74 - - [07/Oct/2021:11:58:13 -0300] "GET /cormun/servlet/trpermisosgoce HTTP/1.1" 200 11338
190.171.149.74 - - [07/Oct/2021:11:58:14 -0300] "GET /cormun/servlet/trpermisosgoce HTTP/1.1" 200 11336
190.171.149.74 - - [07/Oct/2021:11:58:18 -0300] "GET /cormun/servlet/trpermisosgoce? HTTP/1.1" 200 11336
190.171.149.74 - - [07/Oct/2021:11:58:18 -0300] "GET /cormun/servlet/trpermisosgoce? HTTP/1.1" 200 11336
190.171.149.74 - - [07/Oct/2021:11:58:28 -0300] "GET /cormun/servlet/trpermisosgoce? HTTP/1.1" 200 11336
190.171.149.74 - - [07/Oct/2021:11:58:29 -0300] "GET /cormun/servlet/trpermisosgoce? HTTP/1.1" 200 11336
190.171.149.74 - - [07/Oct/2021:11:58:31 -0300] "GET /cormun/servlet/permisogoce?INS,0,,, HTTP/1.1" 200 6847
190.171.149.74 - - [07/Oct/2021:11:58:32 -0300] "GET /cormun/servlet/permisogoce?INS,0,,, HTTP/1.1" 200 6847
190.171.149.74 - - [07/Oct/2021:11:58:39 -0300] "GET /cormun/servlet/permisogoce?ccb3f3bdde4785eec38dba12d943b28e7b2462321272798ab19695ae5324dcfef9404116bbf0ffcf9ef5340cc1b62ddabecfe4742a6d184b72b696fb3fcd9cff,gx-no-cache=1633621642225 HTTP/1.1" 200 76
190.171.149.74 - - [07/Oct/2021:11:58:42 -0300] "GET /cormun/static/menuarrow.gif HTTP/1.1" 404 1015
190.171.149.74 - - [07/Oct/2021:11:58:46 -0300] "GET /cormun/servlet/permisogoce?ccb3f3bdde4785eec38dba12d943b28e11ba1d36b0cd7d9ac042eb1053f2c7a129bbd49cbe8d9d439bd3286cbd51eb879bda175c7c31cb90990e442d34ff79ef,gx-no-cache=1633621649562 HTTP/1.1" 200 46
190.171.149.74 - - [07/Oct/2021:11:58:50 -0300] "POST /cormun/servlet/permisogoce?735714d54f7fcc5980b00994c866c1e3,INS,0,,,,gx-no-cache=1633621653122 HTTP/1.1" 200 93
190.171.149.74 - - [07/Oct/2021:11:58:50 -0300] "GET /cormun/servlet/hpexe_return? HTTP/1.1" 200 1012
190.171.149.74 - - [07/Oct/2021:11:58:50 -0300] "GET /cormun/servlet/trpermisosgoce HTTP/1.1" 200 11593
190.171.149.74 - - [07/Oct/2021:11:58:51 -0300] "GET /cormun/servlet/trpermisosgoce HTTP/1.1" 200 11588
190.171.149.74 - - [07/Oct/2021:11:58:55 -0300] "GET /cormun/servlet/apermisogoceprn?7650750,P,20211007114436,PU HTTP/1.1" 200 1637
181.212.43.89 - - [07/Oct/2021:11:59:00 -0300] "GET /cormun/servlet/trlicencias? HTTP/1.1" 200 15146
181.212.43.89 - - [07/Oct/2021:11:59:00 -0300] "GET /cormun/servlet/trlicencias? HTTP/1.1" 200 15141
190.171.143.106 - - [07/Oct/2021:12:02:35 -0300] "GET /cormun/servlet/hhome HTTP/1.1" 200 3316
190.171.143.106 - - [07/Oct/2021:12:02:36 -0300] "GET /cormun/servlet/hhome HTTP/1.1" 200 3326
190.171.143.106 - - [07/Oct/2021:12:02:36 -0300] "GET /cormun/servlet/hlogin HTTP/1.1" 200 1740
190.171.143.106 - - [07/Oct/2021:12:02:55 -0300] "GET /cormun/servlet/hhome HTTP/1.1" 200 3316
190.171.143.106 - - [07/Oct/2021:12:02:55 -0300] "GET /cormun/servlet/hlogin HTTP/1.1" 200 1740
190.171.143.106 - - [07/Oct/2021:12:02:55 -0300] "GET /cormun/servlet/hhome HTTP/1.1" 200 3326
186.67.172.234 - - [07/Oct/2021:12:05:26 -0300] "GET /cormun/servlet/solicitudot?INS,0,0,false, HTTP/1.1" 200 15924
186.67.172.234 - - [07/Oct/2021:12:05:27 -0300] "GET /cormun/servlet/solicitudot?INS,0,0,false, HTTP/1.1" 200 15931
186.67.172.234 - - [07/Oct/2021:12:05:35 -0300] "POST /cormun/servlet/solicitudot?gx-no-cache=1633618438778 HTTP/1.1" 200 3721
186.67.172.234 - - [07/Oct/2021:12:05:36 -0300] "POST /cormun/servlet/solicitudot?709f3f322205babd7c512daa8047532a,INS,0,0,false,,gx-no-cache=1633618438910 HTTP/1.1" 200 12499
186.67.172.234 - - [07/Oct/2021:12:05:45 -0300] "GET /cormun/servlet/solicitudot?de2e458682bb5b517caf742d56c5e6f14f9270fece7e35a70379aad27aee8962c3fffcb4ea56dc67022d022bb09aa89f,gx-no-cache=1633618448285 HTTP/1.1" 200 30
190.171.143.106 - - [07/Oct/2021:12:06:35 -0300] "POST /cormun/servlet/hlogin?eb7f5ea380e805ccd024d24b3112d49e,gx-no-cache=1633618498741 HTTP/1.1" 200 90
190.171.143.106 - - [07/Oct/2021:12:06:36 -0300] "GET /cormun/servlet/hpexe_link HTTP/1.1" 200 953
190.171.143.106 - - [07/Oct/2021:12:06:36 -0300] "GET /cormun/servlet/hhome HTTP/1.1" 200 3989
190.171.143.106 - - [07/Oct/2021:12:06:36 -0300] "GET /cormun/servlet/hhome HTTP/1.1" 200 3985
186.67.172.234 - - [07/Oct/2021:12:06:42 -0300] "GET /cormun/servlet/prbanco?,MD,,gxPopupLevel%3D0%3B HTTP/1.1" 200 6672
186.67.172.234 - - [07/Oct/2021:12:06:48 -0300] "GET /cormun/servlet/solicitudot?de2e458682bb5b517caf742d56c5e6f19833689c82d5e542fc14b456ce2837c16bb043c518a8ec8426b84dc33e6a510bb6f46610f4fc9c5a08b6abf9181ae12a,gx-no-cache=1633618511555 HTTP/1.1" 200 30
190.171.143.106 - - [07/Oct/2021:12:06:48 -0300] "GET /cormun/servlet/trsolicitudot? HTTP/1.1" 200 7212
190.171.143.106 - - [07/Oct/2021:12:06:49 -0300] "GET /cormun/static/gxui/gxui-all.css?110300 HTTP/1.1" 200 2179
190.171.143.106 - - [07/Oct/2021:12:06:49 -0300] "GET /cormun/static/calendar-system.css?75620 HTTP/1.1" 200 5572
190.171.143.106 - - [07/Oct/2021:12:06:49 -0300] "GET /cormun/static/gxcfg.js?201991910464971 HTTP/1.1" 200 953
190.171.143.106 - - [07/Oct/2021:12:06:49 -0300] "GET /cormun/static/trsolicitudot.js?201991910465845 HTTP/1.1" 200 54041
190.171.143.106 - - [07/Oct/2021:12:06:49 -0300] "GET /cormun/static/Shared/ext/resources/css/ext-all.css?205870 HTTP/1.1" 200 416045
190.171.143.106 - - [07/Oct/2021:12:06:49 -0300] "GET /cormun/servlet/trsolicitudot? HTTP/1.1" 200 7211
186.67.172.234 - - [07/Oct/2021:12:06:50 -0300] "GET /cormun/servlet/solicitudot?de2e458682bb5b517caf742d56c5e6f129b2c12b76ca90534d79b0d6238f0963,gx-no-cache=1633618512915 HTTP/1.1" 200 53
190.171.143.106 - - [07/Oct/2021:12:06:53 -0300] "GET /cormun/servlet/trlicencias? HTTP/1.1" 200 10380
190.171.143.106 - - [07/Oct/2021:12:06:54 -0300] "GET /cormun/servlet/trlicencias? HTTP/1.1" 200 10379
186.67.172.234 - - [07/Oct/2021:12:07:01 -0300] "POST /cormun/servlet/solicitudot?gx-no-cache=1633618524687 HTTP/1.1" 200 240
186.67.172.234 - - [07/Oct/2021:12:07:03 -0300] "GET /cormun/servlet/solicitudot?de2e458682bb5b517caf742d56c5e6f10d8112878dfa041454c2e32740a99d35eef38c328de63472d93d1b42564d37f05404d90619dc9bb071c51d2c74ea583d4094415bd61511a9704c7d24a70ccf7bb515d8058ac4e7cb31cd77983e7b3be1e995afb3c44d8489a2837361fddadec63cf30d3322920c90bedc6a1d6914319d3552f0d9017b666d3ea9fdcdcde5d7aec2c23f6d183d2efe1951a75bd1eefc39a9791c5a5ea8875087b62cb7925af6e3bd62b30b5b6ff2279f8f1cbc0c9b1a62a4227dcd98496143371e5b7c8f8086e98b53a67f550d23838e4c91b27c06f7e78405752eff70799c8a33d074a0f7017e69ca6dfe78629650f5158ae3e013e250129d93d753abd382b1df9c82fc64c5c0e85b39265345a7b631c75ed18bf49da53ea4ec9da1d81c5608bf4c108a14cde30ce576e502cc651b1d395796f0344aea6d727e682e1be393fd37cab57802e2e6c58a444327e77d6b51eb4e155548cf03a4640967749aab3989019a702e8b2293cfe7c5d02fcda2e6f3549dba4695b690,gx-no-cache=1633618526313 HTTP/1.1" 200 30
186.67.172.234 - - [07/Oct/2021:12:07:05 -0300] "POST /cormun/servlet/solicitudot?gx-no-cache=1633618528783 HTTP/1.1" 200 30
200.111.191.213 - - [07/Oct/2021:12:07:45 -0300] "GET /cormun/servlet/trlicencias HTTP/1.1" 200 6038
200.111.191.213 - - [07/Oct/2021:12:07:45 -0300] "GET /cormun/servlet/hlogin HTTP/1.1" 200 1742
200.111.191.213 - - [07/Oct/2021:12:07:45 -0300] "GET /cormun/servlet/trlicencias HTTP/1.1" 200 6036
186.67.172.234 - - [07/Oct/2021:12:07:51 -0300] "GET /cormun/servlet/prlicenciaspermisos?13947301,L,,MD,,gxPopupLevel%3D0%3B HTTP/1.1" 200 7472
190.171.142.18 - - [07/Oct/2021:12:07:52 -0300] "GET /cormun/servlet/hlogin HTTP/1.1" 200 1727
200.111.191.213 - - [07/Oct/2021:12:07:52 -0300] "POST /cormun/servlet/hlogin?0e370cec294ea98c46f1b9bd6c14a022,gx-no-cache=1633618827172 HTTP/1.1" 200 90
200.111.191.213 - - [07/Oct/2021:12:07:52 -0300] "GET /cormun/servlet/hpexe_link HTTP/1.1" 200 956
200.111.191.213 - - [07/Oct/2021:12:07:52 -0300] "GET /cormun/servlet/trlicencias HTTP/1.1" 200 14768
200.111.191.213 - - [07/Oct/2021:12:07:53 -0300] "GET /cormun/servlet/trlicencias HTTP/1.1" 200 14759
186.67.172.234 - - [07/Oct/2021:12:07:53 -0300] "POST /cormun/servlet/solicitudot?gx-no-cache=1633618576724 HTTP/1.1" 200 1442
186.67.172.234 - - [07/Oct/2021:12:07:57 -0300] "POST /cormun/servlet/solicitudot?gx-no-cache=1633618580261 HTTP/1.1" 200 40
200.111.191.213 - - [07/Oct/2021:12:08:00 -0300] "POST /cormun/servlet/trlicencias?0e370cec294ea98c46f1b9bd6c14a022,gx-no-cache=1633618835449 HTTP/1.1" 200 5175
200.111.191.213 - - [07/Oct/2021:12:08:03 -0300] "GET /cormun/static/menuarrow.gif HTTP/1.1" 404 1015
190.171.143.106 - - [07/Oct/2021:12:08:04 -0300] "GET /cormun/servlet/trsolicitudot? HTTP/1.1" 200 7211
190.171.143.106 - - [07/Oct/2021:12:08:05 -0300] "GET /cormun/servlet/trsolicitudot? HTTP/1.1" 200 7211
190.171.142.18 - - [07/Oct/2021:12:08:05 -0300] "POST /cormun/servlet/hlogin?06bf523fb981d6de75bee5e9e99ef00c,gx-no-cache=1633618588832 HTTP/1.1" 200 90
190.171.142.18 - - [07/Oct/2021:12:08:05 -0300] "GET /cormun/servlet/hpexe_link HTTP/1.1" 200 952
190.171.142.18 - - [07/Oct/2021:12:08:05 -0300] "GET /cormun/servlet/hhome HTTP/1.1" 200 4360
190.171.142.18 - - [07/Oct/2021:12:08:06 -0300] "GET /cormun/servlet/hhome HTTP/1.1" 200 4356
200.111.191.213 - - [07/Oct/2021:12:08:06 -0300] "POST /cormun/servlet/trlicencias?0e370cec294ea98c46f1b9bd6c14a022,gx-no-cache=1633618841648 HTTP/1.1" 200 5453
190.171.142.18 - - [07/Oct/2021:12:08:10 -0300] "GET /cormun/servlet/trlicencias? HTTP/1.1" 200 10784
190.171.142.18 - - [07/Oct/2021:12:08:10 -0300] "GET /cormun/servlet/trlicencias? HTTP/1.1" 200 10783
186.67.172.234 - - [07/Oct/2021:12:08:11 -0300] "GET /cormun/servlet/solicitudot?de2e458682bb5b517caf742d56c5e6f12003e56f7efb92a055796db36a15cac2570f28564f3543df92b01f01e86a92d5649fb16119761b322f41ab4fa408cec149bd7e4296978a654cd6b6e868452938cb1f1f424153118fc6d718cbc6c7565ce05eba8dac3ddab7d575cca1489d00cd,gx-no-cache=1633618594611 HTTP/1.1" 200 110
186.67.172.234 - - [07/Oct/2021:12:08:13 -0300] "POST /cormun/servlet/solicitudot?gx-no-cache=1633618596579 HTTP/1.1" 200 97
190.171.143.106 - - [07/Oct/2021:12:08:15 -0300] "GET /cormun/servlet/solicitudot?INS,0,0,false, HTTP/1.1" 200 15567
190.171.143.106 - - [07/Oct/2021:12:08:15 -0300] "GET /cormun/static/gxcfg.js?20203414241232 HTTP/1.1" 200 953
190.171.143.106 - - [07/Oct/2021:12:08:15 -0300] "GET /cormun/static/solicitudot.js?20203414242792 HTTP/1.1" 200 74114
190.171.143.106 - - [07/Oct/2021:12:08:16 -0300] "GET /cormun/servlet/solicitudot?INS,0,0,false, HTTP/1.1" 200 15575
186.67.172.234 - - [07/Oct/2021:12:08:28 -0300] "GET /cormun/servlet/solicitudot?de2e458682bb5b517caf742d56c5e6f183a8e62867486db1f36d512505fc955eee970a5ab4974f5f62a0b80a6e212ea36d0165f3737162c2e5cb3d94344f7f1e9cc3b0d79bbd9af63ef92bf897f9d450304d89c2e77cd7b404563d6a219927a22096ddd3cd1846066b39948808461d5d,gx-no-cache=1633618611628 HTTP/1.1" 200 29
190.171.143.82 - - [07/Oct/2021:12:08:29 -0300] "GET /cormun/servlet/hlogin HTTP/1.1" 200 1726
186.67.172.234 - - [07/Oct/2021:12:08:29 -0300] "GET /cormun/static/menuarrow.gif HTTP/1.1" 404 1015
186.67.172.234 - - [07/Oct/2021:12:08:31 -0300] "GET /cormun/servlet/solicitudot?de2e458682bb5b517caf742d56c5e6f1803379977056caad474d8dc5b4a345540ca841e9e7c4c928c37a3272302843fd,gx-no-cache=1633618614691 HTTP/1.1" 200 30
186.67.172.234 - - [07/Oct/2021:12:08:31 -0300] "POST /cormun/servlet/solicitudot?gx-no-cache=1633618614712 HTTP/1.1" 200 34
190.171.143.82 - - [07/Oct/2021:12:08:40 -0300] "POST /cormun/servlet/hlogin?ea13257e0e82370c5802f0066979bb2a,gx-no-cache=1633618622767 HTTP/1.1" 200 90
190.171.143.82 - - [07/Oct/2021:12:08:40 -0300] "GET /cormun/servlet/hpexe_link HTTP/1.1" 200 952
190.171.143.82 - - [07/Oct/2021:12:08:40 -0300] "GET /cormun/servlet/hhome HTTP/1.1" 200 4351
190.171.143.82 - - [07/Oct/2021:12:08:42 -0300] "GET /cormun/servlet/hhome HTTP/1.1" 200 4347
190.171.143.82 - - [07/Oct/2021:12:08:50 -0300] "GET /cormun/servlet/trpermisosgoce? HTTP/1.1" 200 10706
190.171.143.82 - - [07/Oct/2021:12:08:51 -0300] "GET /cormun/servlet/trpermisosgoce? HTTP/1.1" 200 10704
190.171.143.82 - - [07/Oct/2021:12:08:54 -0300] "POST /cormun/servlet/trpermisosgoce?ea13257e0e82370c5802f0066979bb2a,,gx-no-cache=1633618636600 HTTP/1.1" 200 7859
190.171.143.82 - - [07/Oct/2021:12:08:58 -0300] "GET /cormun/servlet/trpermisosadjuntos?11150723,20211007104313,P, HTTP/1.1" 200 6659
190.171.143.82 - - [07/Oct/2021:12:08:58 -0300] "GET /cormun/static/gxcfg.js?2020121641683 HTTP/1.1" 200 953
190.171.143.82 - - [07/Oct/2021:12:08:59 -0300] "GET /cormun/static/trpermisosadjuntos.js?2020121642996 HTTP/1.1" 200 20158
190.171.143.82 - - [07/Oct/2021:12:09:00 -0300] "GET /cormun/servlet/trpermisosadjuntos?11150723,20211007104313,P, HTTP/1.1" 200 6659
190.171.143.82 - - [07/Oct/2021:12:09:08 -0300] "GET /cormun/servlet/permisosadjuntos?INS,11150723,P,20211007104313,, HTTP/1.1" 200 5991
190.171.143.82 - - [07/Oct/2021:12:09:08 -0300] "GET /cormun/static/gxcfg.js?20201215134212 HTTP/1.1" 200 953
190.171.143.82 - - [07/Oct/2021:12:09:08 -0300] "GET /cormun/static/permisosadjuntos.js?20201215134285 HTTP/1.1" 200 8724
190.171.143.82 - - [07/Oct/2021:12:09:08 -0300] "GET /cormun/static/about:blank HTTP/1.1" 404 1011
190.171.143.82 - - [07/Oct/2021:12:09:09 -0300] "GET /cormun/servlet/permisosadjuntos?INS,11150723,P,20211007104313,, HTTP/1.1" 200 5981
190.171.143.82 - - [07/Oct/2021:12:09:24 -0300] "POST /cormun/servlet/permisosadjuntos?ea13257e0e82370c5802f0066979bb2a,INS,11150723,P,20211007104313,, HTTP/1.1" 200 116
190.171.143.82 - - [07/Oct/2021:12:09:24 -0300] "GET /cormun/servlet/hpexe_return? HTTP/1.1" 200 1039
190.171.143.82 - - [07/Oct/2021:12:09:24 -0300] "GET /cormun/servlet/trpermisosadjuntos?11150723,20211007104313,P, HTTP/1.1" 200 7170
190.171.143.82 - - [07/Oct/2021:12:09:26 -0300] "GET /cormun/servlet/trpermisosadjuntos?11150723,20211007104313,P, HTTP/1.1" 200 7168
190.171.143.82 - - [07/Oct/2021:12:09:37 -0300] "POST /cormun/servlet/trpermisosadjuntos?ea13257e0e82370c5802f0066979bb2a,11150723,20211007104313,P,,gx-no-cache=1633618680067 HTTP/1.1" 200 90
190.171.143.82 - - [07/Oct/2021:12:09:37 -0300] "GET /cormun/servlet/hpexe_link HTTP/1.1" 200 985
190.171.143.82 - - [07/Oct/2021:12:09:37 -0300] "GET /cormun/servlet/trpermisosgoce? HTTP/1.1" 200 10706
190.171.143.82 - - [07/Oct/2021:12:09:39 -0300] "GET /cormun/servlet/trpermisosgoce? HTTP/1.1" 200 10704
190.171.143.106 - - [07/Oct/2021:12:09:43 -0300] "POST /cormun/servlet/solicitudot?gx-no-cache=1633618686102 HTTP/1.1" 200 3779
190.171.143.106 - - [07/Oct/2021:12:09:43 -0300] "GET /cormun/static/Shared/jqueryui/images/ui-bg_highlight-soft_100_c6c2c8_1x100.png HTTP/1.1" 404 1117
190.171.143.106 - - [07/Oct/2021:12:09:43 -0300] "GET /cormun/static/Shared/jqueryui/images/ui-icons_82798d_256x240.png HTTP/1.1" 404 1089
190.171.143.106 - - [07/Oct/2021:12:09:43 -0300] "GET /cormun/static/Shared/jqueryui/images/ui-bg_flat_55_994d53_40x100.png HTTP/1.1" 404 1097
190.171.143.106 - - [07/Oct/2021:12:09:43 -0300] "GET /cormun/static/Shared/jqueryui/images/ui-icons_ebccce_256x240.png HTTP/1.1" 404 1089
190.171.143.106 - - [07/Oct/2021:12:09:43 -0300] "GET /cormun/servlet/solicitudot?9cd1d663dd1809d5fa5e27113b364890c23e6af8ab8fcaefd1167eb959acf236,gx-no-cache=1633618686183 HTTP/1.1" 200 111
190.171.143.106 - - [07/Oct/2021:12:09:43 -0300] "GET /cormun/servlet/solicitudot?9cd1d663dd1809d5fa5e27113b364890f242c1b4d1d8e52257763c9250ffc083,gx-no-cache=1633618686216 HTTP/1.1" 200 94
190.171.143.106 - - [07/Oct/2021:12:09:43 -0300] "GET /cormun/servlet/solicitudot?9cd1d663dd1809d5fa5e27113b364890f823c441a0a3e3443ec7dd5f47b487eb,gx-no-cache=1633618686805 HTTP/1.1" 200 29
190.171.143.82 - - [07/Oct/2021:12:09:49 -0300] "GET /cormun/servlet/permisogoce?DSP,11150723,P,20211007104313, HTTP/1.1" 200 7105
186.67.172.234 - - [07/Oct/2021:12:09:49 -0300] "POST /cormun/servlet/solicitudot?709f3f322205babd7c512daa8047532a,INS,0,0,false,,gx-no-cache=1633618691931 HTTP/1.1" 200 93
186.67.172.234 - - [07/Oct/2021:12:09:49 -0300] "GET /cormun/servlet/hpexe_return? HTTP/1.1" 200 1012
186.67.172.234 - - [07/Oct/2021:12:09:49 -0300] "GET /cormun/servlet/trsolicitudot HTTP/1.1" 200 8917
186.67.172.234 - - [07/Oct/2021:12:09:50 -0300] "GET /cormun/servlet/trsolicitudot HTTP/1.1" 200 8913
190.171.143.82 - - [07/Oct/2021:12:09:51 -0300] "GET /cormun/servlet/permisogoce?DSP,11150723,P,20211007104313, HTTP/1.1" 200 7105
190.171.143.82 - - [07/Oct/2021:12:10:03 -0300] "POST /cormun/servlet/permisogoce?ea13257e0e82370c5802f0066979bb2a,DSP,11150723,P,20211007104313,,gx-no-cache=1633618706522 HTTP/1.1" 200 93
190.171.143.82 - - [07/Oct/2021:12:10:03 -0300] "GET /cormun/servlet/hpexe_return? HTTP/1.1" 200 1029
190.171.143.82 - - [07/Oct/2021:12:10:04 -0300] "GET /cormun/servlet/trpermisosgoce HTTP/1.1" 200 10709
190.171.143.82 - - [07/Oct/2021:12:10:05 -0300] "GET /cormun/servlet/trpermisosgoce HTTP/1.1" 200 10704
190.171.143.106 - - [07/Oct/2021:12:10:08 -0300] "GET /cormun/servlet/solicitudot?9cd1d663dd1809d5fa5e27113b36489075e134f92e9c688d82bc8ef0c3c295a25f83426bf98178d94a04fbeda5497c250de878ff22d4a1dab1170db4cdbfba0b0f718ddc82fa4a13e70feb628ca5fb323fab44b20cfbad2cf3cad5046e5684d07eacecdcb7955c05983d9ce868d4169203d934758a7f46c3361fbe7acb09d84c520aabbc72d480a0e9ecb2855a4588e2dd25cc75dcb3797390c93db2a86ddf6811ba7deb55d084837b9c9591f5baae6f2f299f6cf165ee66a12c7bdd14217309bbd33e3527771bf5522223aceaffd6e12e8649f2c94527e5c9bb50febf93f940e1638315c60d9c63de409211de75d71ad0cb8436a38188f88fa0f83c835ac1598eb55e4bb1930c8ad1b918e5abfd586da586c2193308b67117fbb4288da2ff1f56990747052448d63afe8422eebe445fb2290c23111a1a9fcc5193ccd7bb7bea9bd5ce69b8515d2260047432d67794ab,gx-no-cache=1633618710976 HTTP/1.1" 200 297
200.111.191.213 - - [07/Oct/2021:12:10:08 -0300] "GET /cormun/servlet/trlicencias? HTTP/1.1" 200 8148
200.111.191.213 - - [07/Oct/2021:12:10:09 -0300] "GET /cormun/servlet/trlicencias? HTTP/1.1" 200 8149
190.171.143.106 - - [07/Oct/2021:12:10:11 -0300] "GET /cormun/servlet/solicitudot?9cd1d663dd1809d5fa5e27113b364890b052c90afcbb6e338a589168ea62ac2e6556d5f5e9b25b3454e04abde493ed83ad08fe15d717dad51d3fe9d2e7aee67cc0333ce008a9aea9a5bc38dae52b7bacaab620154d2db1c8ecfc3232c4105fd98b2d2ae55d44c24b25893b237b36a64c304170d1d17a4e7cb3700ad6631633a4262d70f7dc507aacba51648d9975f88496db68f5e1cec831715e892b2f83e66d6a8cb4e64aec8712cba46f0210ba3b44b01616c04d5cb101b7eb5fb9dc2dc28af4337a92aa2beda8ef88d985aa2184ab44a58e8796e5b8df7613deebcb012b2fa649c34943a676ecd245db87ce9258ca5f1380852ea334cf01b49eb91d45ed2ca2be53e4487a95a9f5197af3d4c2904fa4409aa4190c84b4cbae3e3bd028e87e8149666937a107e848e0be0a539bc26fb949c120c039836f4aaaccbe9084e17c561e5170fec5380f198e649715fd294755126a5fd6df20565c829fdb5ed3bcddce5e0474c78bcbed8fed63902ca3bbf3daa398a17faf45016b82a5ac6e88df81d02db92bd96b5a30e00ee655d9db1a3f,gx-no-cache=1633618714649 HTTP/1.1" 200 30
190.171.143.82 - - [07/Oct/2021:12:10:12 -0300] "GET /cormun/servlet/trlicenciaspermisoslog?11150723,P,20211007104313, HTTP/1.1" 200 6575
200.111.191.213 - - [07/Oct/2021:12:10:12 -0300] "POST /cormun/servlet/trlicencias?0e370cec294ea98c46f1b9bd6c14a022,,gx-no-cache=1633618966999 HTTP/1.1" 200 17557
190.171.143.82 - - [07/Oct/2021:12:10:12 -0300] "GET /cormun/static/gxcfg.js?201991422452353 HTTP/1.1" 200 953
190.171.143.82 - - [07/Oct/2021:12:10:12 -0300] "GET /cormun/static/trlicenciaspermisoslog.js?201991422452676 HTTP/1.1" 200 20074
200.111.191.213 - - [07/Oct/2021:12:10:12 -0300] "GET /cormun/static/Resources/PXToolsGridLast.gif HTTP/1.1" 200 370
200.111.191.213 - - [07/Oct/2021:12:10:12 -0300] "GET /cormun/static/Resources/PXToolsGridNext.gif HTTP/1.1" 200 369
190.171.143.82 - - [07/Oct/2021:12:10:13 -0300] "GET /cormun/servlet/trlicenciaspermisoslog?11150723,P,20211007104313, HTTP/1.1" 200 6576
190.171.143.106 - - [07/Oct/2021:12:10:15 -0300] "POST /cormun/servlet/solicitudot?gx-no-cache=1633618718444 HTTP/1.1" 200 30
190.171.143.106 - - [07/Oct/2021:12:10:18 -0300] "POST /cormun/servlet/solicitudot?gx-no-cache=1633618721217 HTTP/1.1" 200 1434
190.171.143.106 - - [07/Oct/2021:12:10:18 -0300] "POST /cormun/servlet/solicitudot?gx-no-cache=1633618721247 HTTP/1.1" 200 38
190.171.143.82 - - [07/Oct/2021:12:10:19 -0300] "POST /cormun/servlet/trlicenciaspermisoslog?ea13257e0e82370c5802f0066979bb2a,11150723,P,20211007104313,,gx-no-cache=1633618721800 HTTP/1.1" 200 90
190.171.143.82 - - [07/Oct/2021:12:10:19 -0300] "GET /cormun/servlet/hpexe_link HTTP/1.1" 200 988
190.171.143.82 - - [07/Oct/2021:12:10:19 -0300] "GET /cormun/servlet/trpermisosgoce HTTP/1.1" 200 10706
190.171.143.82 - - [07/Oct/2021:12:10:21 -0300] "GET /cormun/servlet/trpermisosgoce HTTP/1.1" 200 10704
186.67.172.234 - - [07/Oct/2021:12:10:43 -0300] "POST /cormun/servlet/trsolicitudot?709f3f322205babd7c512daa8047532a,gx-no-cache=1633618746141 HTTP/1.1" 200 107
186.67.172.234 - - [07/Oct/2021:12:10:43 -0300] "GET /cormun/servlet/trsolicitudadjuntos?2021,17640, HTTP/1.1" 200 6472
186.67.172.234 - - [07/Oct/2021:12:10:43 -0300] "GET /cormun/servlet/trsolicitudadjuntos?2021,17640, HTTP/1.1" 200 6472
186.67.172.234 - - [07/Oct/2021:12:10:45 -0300] "GET /cormun/servlet/solicitudotadjuntos?INS,2021,17640,,1, HTTP/1.1" 200 6412
186.67.172.234 - - [07/Oct/2021:12:10:45 -0300] "GET /cormun/static/about:blank HTTP/1.1" 404 1011
186.67.172.234 - - [07/Oct/2021:12:10:46 -0300] "GET /cormun/servlet/solicitudotadjuntos?INS,2021,17640,,1, HTTP/1.1" 200 6405
186.67.172.234 - - [07/Oct/2021:12:10:46 -0300] "GET /cormun/servlet/solicitudotadjuntos?de2e458682bb5b517caf742d56c5e6f10426b39527cd2f953d5d8213e00e63bb21951a48e699e4eefbbd5fb3cd98a744,gx-no-cache=1633618749460 HTTP/1.1" 200 30
186.67.172.234 - - [07/Oct/2021:12:10:46 -0300] "POST /cormun/servlet/solicitudotadjuntos?709f3f322205babd7c512daa8047532a,INS,2021,17640,,1,,gx-no-cache=1633618749495 HTTP/1.1" 200 4185
186.67.172.234 - - [07/Oct/2021:12:10:48 -0300] "POST /cormun/servlet/solicitudotadjuntos?gx-no-cache=1633618751321 HTTP/1.1" 200 26
190.171.143.82 - - [07/Oct/2021:12:10:51 -0300] "GET /cormun/servlet/apermisogoceprn?11150723,P,20211007104313,PU HTTP/1.1" 200 1652
186.67.172.234 - - [07/Oct/2021:12:10:53 -0300] "GET /cormun/servlet/solicitudotadjuntos?de2e458682bb5b517caf742d56c5e6f16c6b2d94296cf696783f3dca22fbe8f5,gx-no-cache=1633618756343 HTTP/1.1" 200 30
186.67.172.234 - - [07/Oct/2021:12:10:53 -0300] "GET /cormun/servlet/solicitudotadjuntos?de2e458682bb5b517caf742d56c5e6f16c6b2d94296cf696783f3dca22fbe8f5,gx-no-cache=1633618756356 HTTP/1.1" 200 30
186.67.172.234 - - [07/Oct/2021:12:10:53 -0300] "POST /cormun/servlet/solicitudotadjuntos?709f3f322205babd7c512daa8047532a,INS,2021,17640,,1, HTTP/1.1" 200 116
186.67.172.234 - - [07/Oct/2021:12:10:53 -0300] "GET /cormun/servlet/hpexe_return? HTTP/1.1" 200 1029
186.67.172.234 - - [07/Oct/2021:12:10:53 -0300] "GET /cormun/servlet/trsolicitudadjuntos?2021,17640, HTTP/1.1" 200 9228
186.67.172.234 - - [07/Oct/2021:12:10:54 -0300] "GET /cormun/servlet/trsolicitudadjuntos?2021,17640, HTTP/1.1" 200 9227
186.67.172.234 - - [07/Oct/2021:12:10:55 -0300] "GET /cormun/servlet/solicitudotadjuntos?INS,2021,17640,,1, HTTP/1.1" 200 6412
186.67.172.234 - - [07/Oct/2021:12:10:56 -0300] "GET /cormun/static/about:blank HTTP/1.1" 404 1011
186.67.172.234 - - [07/Oct/2021:12:10:56 -0300] "GET /cormun/servlet/solicitudotadjuntos?INS,2021,17640,,1, HTTP/1.1" 200 6405
186.67.172.234 - - [07/Oct/2021:12:10:56 -0300] "GET /cormun/servlet/solicitudotadjuntos?de2e458682bb5b517caf742d56c5e6f10426b39527cd2f953d5d8213e00e63bb21951a48e699e4eefbbd5fb3cd98a744,gx-no-cache=1633618759540 HTTP/1.1" 200 30
186.67.172.234 - - [07/Oct/2021:12:10:56 -0300] "POST /cormun/servlet/solicitudotadjuntos?709f3f322205babd7c512daa8047532a,INS,2021,17640,,1,,gx-no-cache=1633618759558 HTTP/1.1" 200 4185
190.171.143.82 - - [07/Oct/2021:12:10:58 -0300] "GET /cormun/servlet/trpermisosadjuntos?11150723,20211007104313,P, HTTP/1.1" 200 7167
186.67.172.234 - - [07/Oct/2021:12:10:59 -0300] "POST /cormun/servlet/solicitudotadjuntos?gx-no-cache=1633618762431 HTTP/1.1" 200 26
190.171.143.82 - - [07/Oct/2021:12:10:59 -0300] "GET /cormun/servlet/trpermisosadjuntos?11150723,20211007104313,P, HTTP/1.1" 200 7168
190.171.143.106 - - [07/Oct/2021:12:11:02 -0300] "GET /cormun/servlet/solicitudot?9cd1d663dd1809d5fa5e27113b364890c61a9a557eb6178f6a4ceedb0d2bbb080a4a6ca6c834eca736149610832e66f0af8510a9f7ea0bf33db5794926182f8d0d9b97c77668e05ad482fbd790bc5cc7db49c31431aecc0390f3578b180b639f2bc370c60578c50003bf88b499e553c8,gx-no-cache=1633618765407 HTTP/1.1" 200 110
190.171.143.82 - - [07/Oct/2021:12:11:03 -0300] "GET /cormun/PublicTempStorage/emma_28_096928458.pdf HTTP/1.1" 200 709557
186.67.172.234 - - [07/Oct/2021:12:11:04 -0300] "GET /cormun/servlet/solicitudotadjuntos?de2e458682bb5b517caf742d56c5e6f16c6b2d94296cf696783f3dca22fbe8f5,gx-no-cache=1633618767839 HTTP/1.1" 200 30
186.67.172.234 - - [07/Oct/2021:12:11:04 -0300] "GET /cormun/servlet/solicitudotadjuntos?de2e458682bb5b517caf742d56c5e6f16c6b2d94296cf696783f3dca22fbe8f5,gx-no-cache=1633618767852 HTTP/1.1" 200 30
186.67.172.234 - - [07/Oct/2021:12:11:05 -0300] "POST /cormun/servlet/solicitudotadjuntos?709f3f322205babd7c512daa8047532a,INS,2021,17640,,1, HTTP/1.1" 200 116
186.67.172.234 - - [07/Oct/2021:12:11:05 -0300] "GET /cormun/servlet/hpexe_return? HTTP/1.1" 200 1029
186.67.172.234 - - [07/Oct/2021:12:11:05 -0300] "GET /cormun/servlet/trsolicitudadjuntos?2021,17640, HTTP/1.1" 200 9447
186.67.172.234 - - [07/Oct/2021:12:11:06 -0300] "GET /cormun/servlet/trsolicitudadjuntos?2021,17640, HTTP/1.1" 200 9444
186.67.172.234 - - [07/Oct/2021:12:11:08 -0300] "GET /cormun/servlet/solicitudotadjuntos?INS,2021,17640,,1, HTTP/1.1" 200 6412
186.67.172.234 - - [07/Oct/2021:12:11:08 -0300] "GET /cormun/static/about:blank HTTP/1.1" 404 1011
186.67.172.234 - - [07/Oct/2021:12:11:08 -0300] "GET /cormun/servlet/solicitudotadjuntos?INS,2021,17640,,1, HTTP/1.1" 200 6405
186.67.172.234 - - [07/Oct/2021:12:11:09 -0300] "GET /cormun/servlet/solicitudotadjuntos?de2e458682bb5b517caf742d56c5e6f10426b39527cd2f953d5d8213e00e63bb21951a48e699e4eefbbd5fb3cd98a744,gx-no-cache=1633618771942 HTTP/1.1" 200 30
186.67.172.234 - - [07/Oct/2021:12:11:09 -0300] "POST /cormun/servlet/solicitudotadjuntos?709f3f322205babd7c512daa8047532a,INS,2021,17640,,1,,gx-no-cache=1633618771963 HTTP/1.1" 200 4185
190.171.143.82 - - [07/Oct/2021:12:11:10 -0300] "GET /cormun/servlet/trpermisosadjuntos?11150723,20211007104313,P, HTTP/1.1" 200 7166
186.67.172.234 - - [07/Oct/2021:12:11:11 -0300] "POST /cormun/servlet/solicitudotadjuntos?gx-no-cache=1633618774231 HTTP/1.1" 200 26
190.171.143.82 - - [07/Oct/2021:12:11:12 -0300] "GET /cormun/servlet/trpermisosadjuntos?11150723,20211007104313,P, HTTP/1.1" 200 7168
186.251.229.36 - - [07/Oct/2021:12:11:38 -0300] "GET / HTTP/1.1" 200 11217
190.171.143.106 - - [07/Oct/2021:12:11:40 -0300] "POST /cormun/servlet/solicitudot?gx-no-cache=1633618803544 HTTP/1.1" 200 64
190.171.143.106 - - [07/Oct/2021:12:11:47 -0300] "GET /cormun/servlet/solicitudot?9cd1d663dd1809d5fa5e27113b36489050573fee680724214e38baf1eddf00dbd0cb8436a38188f88fa0f83c835ac1598eb55e4bb1930c8ad1b918e5abfd586dc2054635425058b133b890e4cd12f24d,gx-no-cache=1633618810892 HTTP/1.1" 200 29
190.171.143.106 - - [07/Oct/2021:12:11:49 -0300] "GET /cormun/static/menuarrow.gif HTTP/1.1" 404 1015
190.171.143.106 - - [07/Oct/2021:12:11:52 -0300] "GET /cormun/servlet/solicitudot?9cd1d663dd1809d5fa5e27113b36489041d6c71c65ded2afb7f8dda1124bf367667b7a262d7619755dd55395d56acd80,gx-no-cache=1633618815379 HTTP/1.1" 200 30
190.171.143.82 - - [07/Oct/2021:12:11:53 -0300] "POST /cormun/servlet/trpermisosadjuntos?ea13257e0e82370c5802f0066979bb2a,11150723,20211007104313,P,,gx-no-cache=1633618816002 HTTP/1.1" 200 90
190.171.143.82 - - [07/Oct/2021:12:11:53 -0300] "GET /cormun/servlet/hpexe_link HTTP/1.1" 200 983
190.171.143.82 - - [07/Oct/2021:12:11:53 -0300] "GET /cormun/servlet/trpermisosgoce HTTP/1.1" 200 10706
190.171.143.82 - - [07/Oct/2021:12:11:55 -0300] "GET /cormun/servlet/trpermisosgoce HTTP/1.1" 200 10704
190.171.143.106 - - [07/Oct/2021:12:12:01 -0300] "POST /cormun/servlet/solicitudot?gx-no-cache=1633618824126 HTTP/1.1" 200 30
190.171.143.82 - - [07/Oct/2021:12:12:02 -0300] "POST /cormun/servlet/trpermisosgoce?ea13257e0e82370c5802f0066979bb2a,gx-no-cache=1633618825562 HTTP/1.1" 200 7884
190.171.149.82 - - [07/Oct/2021:12:12:49 -0300] "GET /cormun/servlet/hlogin HTTP/1.1" 200 1755
186.67.172.234 - - [07/Oct/2021:12:12:57 -0300] "GET /cormun/servlet/solicitudotadjuntos?de2e458682bb5b517caf742d56c5e6f16c6b2d94296cf696783f3dca22fbe8f5,gx-no-cache=1633618879959 HTTP/1.1" 200 30
186.67.172.234 - - [07/Oct/2021:12:12:57 -0300] "GET /cormun/servlet/solicitudotadjuntos?de2e458682bb5b517caf742d56c5e6f16c6b2d94296cf696783f3dca22fbe8f5,gx-no-cache=1633618880016 HTTP/1.1" 200 30
186.67.172.234 - - [07/Oct/2021:12:13:02 -0300] "POST /cormun/servlet/solicitudotadjuntos?709f3f322205babd7c512daa8047532a,INS,2021,17640,,1, HTTP/1.1" 200 116
186.67.172.234 - - [07/Oct/2021:12:13:02 -0300] "GET /cormun/servlet/hpexe_return? HTTP/1.1" 200 1029
186.67.172.234 - - [07/Oct/2021:12:13:04 -0300] "GET /cormun/servlet/trsolicitudadjuntos?2021,17640, HTTP/1.1" 200 9665
186.67.172.234 - - [07/Oct/2021:12:13:05 -0300] "GET /cormun/servlet/trsolicitudadjuntos?2021,17640, HTTP/1.1" 200 9663
186.67.172.234 - - [07/Oct/2021:12:13:06 -0300] "GET /cormun/servlet/solicitudotadjuntos?INS,2021,17640,,1, HTTP/1.1" 200 6412
186.67.172.234 - - [07/Oct/2021:12:13:06 -0300] "GET /cormun/static/about:blank HTTP/1.1" 404 1011
186.67.172.234 - - [07/Oct/2021:12:13:06 -0300] "GET /cormun/servlet/solicitudotadjuntos?INS,2021,17640,,1, HTTP/1.1" 200 6405
186.67.172.234 - - [07/Oct/2021:12:13:07 -0300] "GET /cormun/servlet/solicitudotadjuntos?de2e458682bb5b517caf742d56c5e6f10426b39527cd2f953d5d8213e00e63bb21951a48e699e4eefbbd5fb3cd98a744,gx-no-cache=1633618890114 HTTP/1.1" 200 30
186.67.172.234 - - [07/Oct/2021:12:13:07 -0300] "POST /cormun/servlet/solicitudotadjuntos?709f3f322205babd7c512daa8047532a,INS,2021,17640,,1,,gx-no-cache=1633618890156 HTTP/1.1" 200 4185
186.67.172.234 - - [07/Oct/2021:12:13:12 -0300] "POST /cormun/servlet/solicitudotadjuntos?gx-no-cache=1633618895230 HTTP/1.1" 200 26
186.67.172.234 - - [07/Oct/2021:12:13:17 -0300] "GET /cormun/servlet/solicitudotadjuntos?de2e458682bb5b517caf742d56c5e6f16c6b2d94296cf696783f3dca22fbe8f5,gx-no-cache=1633618900768 HTTP/1.1" 200 30
186.67.172.234 - - [07/Oct/2021:12:13:17 -0300] "GET /cormun/servlet/solicitudotadjuntos?de2e458682bb5b517caf742d56c5e6f16c6b2d94296cf696783f3dca22fbe8f5,gx-no-cache=1633618900779 HTTP/1.1" 200 30
186.67.172.234 - - [07/Oct/2021:12:13:18 -0300] "POST /cormun/servlet/solicitudotadjuntos?709f3f322205babd7c512daa8047532a,INS,2021,17640,,1, HTTP/1.1" 200 116
186.67.172.234 - - [07/Oct/2021:12:13:18 -0300] "GET /cormun/servlet/hpexe_return? HTTP/1.1" 200 1029
186.67.172.234 - - [07/Oct/2021:12:13:20 -0300] "GET /cormun/servlet/trsolicitudadjuntos?2021,17640, HTTP/1.1" 200 9910
186.67.172.234 - - [07/Oct/2021:12:13:22 -0300] "GET /cormun/servlet/trsolicitudadjuntos?2021,17640, HTTP/1.1" 200 9909
186.67.172.234 - - [07/Oct/2021:12:13:22 -0300] "GET /cormun/servlet/solicitudotadjuntos?INS,2021,17640,,1, HTTP/1.1" 200 6412
186.67.172.234 - - [07/Oct/2021:12:13:22 -0300] "GET /cormun/static/about:blank HTTP/1.1" 404 1011
186.67.172.234 - - [07/Oct/2021:12:13:22 -0300] "GET /cormun/servlet/solicitudotadjuntos?INS,2021,17640,,1, HTTP/1.1" 200 6405
186.67.172.234 - - [07/Oct/2021:12:13:23 -0300] "GET /cormun/servlet/solicitudotadjuntos?de2e458682bb5b517caf742d56c5e6f10426b39527cd2f953d5d8213e00e63bb21951a48e699e4eefbbd5fb3cd98a744,gx-no-cache=1633618906274 HTTP/1.1" 200 30
186.67.172.234 - - [07/Oct/2021:12:13:23 -0300] "POST /cormun/servlet/solicitudotadjuntos?709f3f322205babd7c512daa8047532a,INS,2021,17640,,1,,gx-no-cache=1633618906305 HTTP/1.1" 200 4185
186.67.172.234 - - [07/Oct/2021:12:13:26 -0300] "POST /cormun/servlet/solicitudotadjuntos?gx-no-cache=1633618909518 HTTP/1.1" 200 26
186.67.172.234 - - [07/Oct/2021:12:13:33 -0300] "GET /cormun/servlet/solicitudotadjuntos?de2e458682bb5b517caf742d56c5e6f16c6b2d94296cf696783f3dca22fbe8f5,gx-no-cache=1633618916079 HTTP/1.1" 200 30
186.67.172.234 - - [07/Oct/2021:12:13:33 -0300] "GET /cormun/servlet/solicitudotadjuntos?de2e458682bb5b517caf742d56c5e6f16c6b2d94296cf696783f3dca22fbe8f5,gx-no-cache=1633618916090 HTTP/1.1" 200 30
186.67.172.234 - - [07/Oct/2021:12:13:33 -0300] "POST /cormun/servlet/solicitudotadjuntos?709f3f322205babd7c512daa8047532a,INS,2021,17640,,1, HTTP/1.1" 200 116
186.67.172.234 - - [07/Oct/2021:12:13:33 -0300] "GET /cormun/servlet/hpexe_return? HTTP/1.1" 200 1029
186.67.172.234 - - [07/Oct/2021:12:13:35 -0300] "GET /cormun/servlet/trsolicitudadjuntos?2021,17640, HTTP/1.1" 200 10181
186.67.172.234 - - [07/Oct/2021:12:13:38 -0300] "GET /cormun/servlet/trsolicitudadjuntos?2021,17640, HTTP/1.1" 200 10180
186.67.172.234 - - [07/Oct/2021:12:13:38 -0300] "GET /cormun/servlet/solicitudotadjuntos?INS,2021,17640,,1, HTTP/1.1" 200 6412
186.67.172.234 - - [07/Oct/2021:12:13:38 -0300] "GET /cormun/static/about:blank HTTP/1.1" 404 1011
186.67.172.234 - - [07/Oct/2021:12:13:38 -0300] "GET /cormun/servlet/solicitudotadjuntos?INS,2021,17640,,1, HTTP/1.1" 200 6405
186.67.172.234 - - [07/Oct/2021:12:13:39 -0300] "GET /cormun/servlet/solicitudotadjuntos?de2e458682bb5b517caf742d56c5e6f10426b39527cd2f953d5d8213e00e63bb21951a48e699e4eefbbd5fb3cd98a744,gx-no-cache=1633618922252 HTTP/1.1" 200 30
186.67.172.234 - - [07/Oct/2021:12:13:39 -0300] "POST /cormun/servlet/solicitudotadjuntos?709f3f322205babd7c512daa8047532a,INS,2021,17640,,1,,gx-no-cache=1633618922280 HTTP/1.1" 200 4185
186.67.172.234 - - [07/Oct/2021:12:13:46 -0300] "POST /cormun/servlet/solicitudotadjuntos?gx-no-cache=1633618929126 HTTP/1.1" 200 26
186.67.172.234 - - [07/Oct/2021:12:13:56 -0300] "GET /cormun/servlet/solicitudotadjuntos?de2e458682bb5b517caf742d56c5e6f16c6b2d94296cf696783f3dca22fbe8f5,gx-no-cache=1633618939335 HTTP/1.1" 200 30
186.67.172.234 - - [07/Oct/2021:12:13:56 -0300] "GET /cormun/servlet/solicitudotadjuntos?de2e458682bb5b517caf742d56c5e6f16c6b2d94296cf696783f3dca22fbe8f5,gx-no-cache=1633618939346 HTTP/1.1" 200 30
186.67.172.234 - - [07/Oct/2021:12:13:56 -0300] "POST /cormun/servlet/solicitudotadjuntos?709f3f322205babd7c512daa8047532a,INS,2021,17640,,1, HTTP/1.1" 200 116
186.67.172.234 - - [07/Oct/2021:12:13:56 -0300] "GET /cormun/servlet/hpexe_return? HTTP/1.1" 200 1029
186.67.172.234 - - [07/Oct/2021:12:13:58 -0300] "GET /cormun/servlet/trsolicitudadjuntos?2021,17640, HTTP/1.1" 200 10385
186.67.172.234 - - [07/Oct/2021:12:14:00 -0300] "GET /cormun/servlet/trsolicitudadjuntos?2021,17640, HTTP/1.1" 200 10384
186.67.172.234 - - [07/Oct/2021:12:14:01 -0300] "GET /cormun/servlet/solicitudotadjuntos?INS,2021,17640,,2, HTTP/1.1" 200 6408
186.67.172.234 - - [07/Oct/2021:12:14:01 -0300] "GET /cormun/static/about:blank HTTP/1.1" 404 1011
186.67.172.234 - - [07/Oct/2021:12:14:01 -0300] "GET /cormun/servlet/solicitudotadjuntos?INS,2021,17640,,2, HTTP/1.1" 200 6402
186.67.172.234 - - [07/Oct/2021:12:14:02 -0300] "GET /cormun/servlet/solicitudotadjuntos?de2e458682bb5b517caf742d56c5e6f10426b39527cd2f953d5d8213e00e63bb21951a48e699e4eefbbd5fb3cd98a744,gx-no-cache=1633618945330 HTTP/1.1" 200 30
186.67.172.234 - - [07/Oct/2021:12:14:02 -0300] "POST /cormun/servlet/solicitudotadjuntos?709f3f322205babd7c512daa8047532a,INS,2021,17640,,2,,gx-no-cache=1633618945345 HTTP/1.1" 200 4324
186.67.172.234 - - [07/Oct/2021:12:14:11 -0300] "POST /cormun/servlet/solicitudotadjuntos?gx-no-cache=1633618954223 HTTP/1.1" 200 26
200.54.107.2 - - [07/Oct/2021:12:14:18 -0300] "GET /cormun/servlet/hlogin HTTP/1.1" 200 1720
186.67.172.234 - - [07/Oct/2021:12:14:21 -0300] "GET /cormun/servlet/solicitudotadjuntos?de2e458682bb5b517caf742d56c5e6f16c6b2d94296cf696783f3dca22fbe8f5,gx-no-cache=1633618964367 HTTP/1.1" 200 30
