190.171.141.138 - - [06/Oct/2021:09:02:14 -0300] "GET /cormun/static/Shared/jqueryui/images/ui-bg_flat_55_fafafa_40x100.png HTTP/1.1" 404 1097
190.171.141.138 - - [06/Oct/2021:09:02:17 -0300] "GET /cormun/servlet/trautorizarpermisogoce? HTTP/1.1" 200 9314
190.171.141.138 - - [06/Oct/2021:09:02:17 -0300] "GET /cormun/servlet/trautorizarpermisogoce? HTTP/1.1" 200 9314
190.171.141.138 - - [06/Oct/2021:09:02:20 -0300] "POST /cormun/servlet/trautorizarpermisogoce?c64c86aa0c3b1778ee62ebefedaeef3c,,gx-no-cache=1633521045912 HTTP/1.1" 200 6236
190.171.141.138 - - [06/Oct/2021:09:02:20 -0300] "GET /cormun/static/Shared/jqueryui/images/ui-bg_highlight-soft_100_c6c2c8_1x100.png HTTP/1.1" 404 1117
190.171.141.138 - - [06/Oct/2021:09:02:20 -0300] "GET /cormun/static/Shared/jqueryui/images/ui-icons_82798d_256x240.png HTTP/1.1" 404 1089
190.171.141.138 - - [06/Oct/2021:09:02:20 -0300] "GET /cormun/static/Shared/jqueryui/images/ui-bg_flat_55_fafafa_40x100.png HTTP/1.1" 404 1097
190.171.141.138 - - [06/Oct/2021:09:02:20 -0300] "GET /cormun/static/Shared/jqueryui/images/ui-icons_8d78a5_256x240.png HTTP/1.1" 404 1089
190.171.141.138 - - [06/Oct/2021:09:02:20 -0300] "POST /cormun/servlet/trautorizarpermisogoce?c64c86aa0c3b1778ee62ebefedaeef3c,,gx-no-cache=1633521046473 HTTP/1.1" 200 6012
190.171.141.138 - - [06/Oct/2021:09:02:21 -0300] "POST /cormun/servlet/trautorizarpermisogoce?c64c86aa0c3b1778ee62ebefedaeef3c,,gx-no-cache=1633521047286 HTTP/1.1" 200 5790
190.171.141.138 - - [06/Oct/2021:09:02:22 -0300] "POST /cormun/servlet/trautorizarpermisogoce?c64c86aa0c3b1778ee62ebefedaeef3c,,gx-no-cache=1633521047885 HTTP/1.1" 200 5539
190.171.141.138 - - [06/Oct/2021:09:02:22 -0300] "POST /cormun/servlet/trautorizarpermisogoce?c64c86aa0c3b1778ee62ebefedaeef3c,,gx-no-cache=1633521048650 HTTP/1.1" 200 5291
190.171.141.138 - - [06/Oct/2021:09:02:23 -0300] "POST /cormun/servlet/trautorizarpermisogoce?c64c86aa0c3b1778ee62ebefedaeef3c,,gx-no-cache=1633521049452 HTTP/1.1" 200 4534
190.171.141.90 - - [06/Oct/2021:09:02:29 -0300] "GET /cormun/servlet/trsolicitudot? HTTP/1.1" 200 14868
190.171.141.90 - - [06/Oct/2021:09:02:30 -0300] "GET /cormun/servlet/trsolicitudot? HTTP/1.1" 200 14859
190.171.141.90 - - [06/Oct/2021:09:02:36 -0300] "GET /cormun/servlet/vesolicitudot?2021,17554,, HTTP/1.1" 200 8335
190.171.141.90 - - [06/Oct/2021:09:02:36 -0300] "GET /cormun/pexe_scrolldiv.js HTTP/1.1" 404 1009
190.171.141.90 - - [06/Oct/2021:09:02:36 -0300] "GET /cormun/servlet/vesolicitudot?2021,17554,, HTTP/1.1" 200 8334
190.171.153.26 - - [06/Oct/2021:09:03:05 -0300] "GET /cormun/static/menuarrow.gif HTTP/1.1" 404 1015
190.171.153.26 - - [06/Oct/2021:09:03:13 -0300] "POST /cormun/servlet/trlicencias?7cf615f40092dc8392ef79ae6711de37,,gx-no-cache=1633521093732 HTTP/1.1" 200 10322
190.171.141.106 - - [06/Oct/2021:09:03:46 -0300] "GET /cormun/servlet/hlogin HTTP/1.1" 200 1725
190.171.141.106 - - [06/Oct/2021:09:03:50 -0300] "POST /cormun/servlet/hlogin?c13d3e31341243a7fda4ab9b240f6bc1,gx-no-cache=1633521133352 HTTP/1.1" 200 90
190.171.141.106 - - [06/Oct/2021:09:03:50 -0300] "GET /cormun/servlet/hpexe_link HTTP/1.1" 200 950
190.171.141.106 - - [06/Oct/2021:09:03:50 -0300] "GET /cormun/servlet/hhome HTTP/1.1" 200 4226
190.171.141.106 - - [06/Oct/2021:09:03:51 -0300] "GET /cormun/servlet/hhome HTTP/1.1" 200 4223
190.171.141.106 - - [06/Oct/2021:09:03:54 -0300] "GET /cormun/servlet/trlicencias? HTTP/1.1" 200 12236
190.171.141.106 - - [06/Oct/2021:09:03:54 -0300] "GET /cormun/servlet/trlicencias? HTTP/1.1" 200 12238
190.171.141.106 - - [06/Oct/2021:09:04:24 -0300] "GET /cormun/servlet/hhome HTTP/1.1" 200 4226
190.171.141.106 - - [06/Oct/2021:09:04:24 -0300] "GET /cormun/servlet/hhome HTTP/1.1" 200 4223
190.171.152.114 - - [06/Oct/2021:09:04:37 -0300] "GET /cormun/servlet/hlogin HTTP/1.1" 200 1729
190.171.152.114 - - [06/Oct/2021:09:04:50 -0300] "POST /cormun/servlet/hlogin?64c49c7b355fc9fc3953df038ac3a5d7,gx-no-cache=1633521195971 HTTP/1.1" 200 90
190.171.152.114 - - [06/Oct/2021:09:04:50 -0300] "GET /cormun/servlet/hpexe_link HTTP/1.1" 200 955
190.171.152.114 - - [06/Oct/2021:09:04:50 -0300] "GET /cormun/servlet/hhome HTTP/1.1" 200 4308
190.171.152.114 - - [06/Oct/2021:09:04:50 -0300] "GET /cormun/servlet/hhome HTTP/1.1" 200 4304
190.171.152.114 - - [06/Oct/2021:09:04:53 -0300] "GET /cormun/servlet/trlicencias? HTTP/1.1" 200 11684
190.171.152.114 - - [06/Oct/2021:09:04:54 -0300] "GET /cormun/servlet/trlicencias? HTTP/1.1" 200 11688
186.67.172.234 - - [06/Oct/2021:09:06:03 -0300] "GET /cormun/servlet/trautorizarpermisogoce? HTTP/1.1" 200 7207
186.67.172.234 - - [06/Oct/2021:09:06:03 -0300] "GET /cormun/servlet/trautorizarpermisogoce? HTTP/1.1" 200 7207
186.67.172.234 - - [06/Oct/2021:09:06:07 -0300] "GET /cormun/servlet/trlicencias? HTTP/1.1" 200 17028
186.67.172.234 - - [06/Oct/2021:09:06:07 -0300] "GET /cormun/servlet/trlicencias? HTTP/1.1" 200 17055
190.171.141.90 - - [06/Oct/2021:09:06:20 -0300] "POST /cormun/servlet/vesolicitudot?1a98e1a02537adba70ed7c44452f43cc,2021,17554,,,gx-no-cache=1633521283456 HTTP/1.1" 200 93
190.171.141.90 - - [06/Oct/2021:09:06:20 -0300] "GET /cormun/servlet/hpexe_return? HTTP/1.1" 200 1012
190.171.141.90 - - [06/Oct/2021:09:06:20 -0300] "GET /cormun/servlet/trsolicitudot HTTP/1.1" 200 14864
190.171.141.90 - - [06/Oct/2021:09:06:21 -0300] "GET /cormun/servlet/trsolicitudot HTTP/1.1" 200 14859
190.171.141.90 - - [06/Oct/2021:09:06:27 -0300] "GET /cormun/servlet/trlicencias? HTTP/1.1" 200 14957
190.171.141.90 - - [06/Oct/2021:09:06:28 -0300] "GET /cormun/servlet/trlicencias? HTTP/1.1" 200 14947
190.171.152.242 - - [06/Oct/2021:09:06:41 -0300] "GET /cormun/servlet/hlogin HTTP/1.1" 200 1733
190.171.152.242 - - [06/Oct/2021:09:06:45 -0300] "POST /cormun/servlet/hlogin?ce8773044190675acb1257d994039835,gx-no-cache=1633521308119 HTTP/1.1" 200 90
190.171.152.242 - - [06/Oct/2021:09:06:45 -0300] "GET /cormun/servlet/hpexe_link HTTP/1.1" 200 957
190.171.152.242 - - [06/Oct/2021:09:06:46 -0300] "GET /cormun/servlet/hhome HTTP/1.1" 200 4001
190.171.152.242 - - [06/Oct/2021:09:06:47 -0300] "GET /cormun/servlet/hhome HTTP/1.1" 200 3997
190.171.152.242 - - [06/Oct/2021:09:06:51 -0300] "GET /cormun/servlet/trsolicitudot? HTTP/1.1" 200 7223
190.171.152.242 - - [06/Oct/2021:09:06:52 -0300] "GET /cormun/servlet/trsolicitudot? HTTP/1.1" 200 7222
190.171.152.242 - - [06/Oct/2021:09:06:55 -0300] "GET /cormun/servlet/solicitudot?INS,0,0,false, HTTP/1.1" 200 15568
190.171.152.242 - - [06/Oct/2021:09:06:56 -0300] "GET /cormun/servlet/solicitudot?INS,0,0,false, HTTP/1.1" 200 15575
190.171.152.242 - - [06/Oct/2021:09:07:01 -0300] "GET /cormun/servlet/prfichaempleado?,MD,,gxPopupLevel%3D0%3B HTTP/1.1" 200 9304
190.171.152.242 - - [06/Oct/2021:09:07:23 -0300] "POST /cormun/servlet/prfichaempleado?ce8773044190675acb1257d994039835,,MD,,gxPopupLevel%3D0%3B,gx-no-cache=1633521345753 HTTP/1.1" 200 3421
190.171.152.242 - - [06/Oct/2021:09:07:28 -0300] "POST /cormun/servlet/solicitudot?gx-no-cache=1633521351233 HTTP/1.1" 200 3863
190.171.152.242 - - [06/Oct/2021:09:07:28 -0300] "POST /cormun/servlet/solicitudot?ce8773044190675acb1257d994039835,INS,0,0,false,,gx-no-cache=1633521351407 HTTP/1.1" 200 12386
190.171.152.242 - - [06/Oct/2021:09:07:32 -0300] "GET /cormun/servlet/solicitudot?e721f47e5405fecd44acefc974145a094f0dbc6a1471e395ef193a4ed645562ad9e536199b5f46b7d5fd6bdfd18ba7a4,gx-no-cache=1633521355136 HTTP/1.1" 200 30
190.171.141.90 - - [06/Oct/2021:09:08:25 -0300] "GET /cormun/servlet/trsolicitudot? HTTP/1.1" 200 14859
190.171.141.90 - - [06/Oct/2021:09:08:26 -0300] "GET /cormun/servlet/trsolicitudot? HTTP/1.1" 200 14859
190.171.141.90 - - [06/Oct/2021:09:08:28 -0300] "GET /cormun/servlet/solicitudot?INS,0,0,false, HTTP/1.1" 200 15547
190.171.152.234 - - [06/Oct/2021:09:08:28 -0300] "GET /cormun/servlet/trsolicitudadjuntos?2021,17628, HTTP/1.1" 200 6361
190.171.141.90 - - [06/Oct/2021:09:08:29 -0300] "GET /cormun/servlet/solicitudot?INS,0,0,false, HTTP/1.1" 200 15555
190.171.152.234 - - [06/Oct/2021:09:08:29 -0300] "GET /cormun/servlet/trsolicitudadjuntos?2021,17628, HTTP/1.1" 200 6361
190.171.152.234 - - [06/Oct/2021:09:08:31 -0300] "GET /cormun/servlet/solicitudotadjuntos?INS,2021,17628,,1, HTTP/1.1" 200 6309
190.171.152.234 - - [06/Oct/2021:09:08:31 -0300] "GET /cormun/static/about:blank HTTP/1.1" 404 1011
190.171.152.234 - - [06/Oct/2021:09:08:31 -0300] "GET /cormun/servlet/solicitudotadjuntos?INS,2021,17628,,1, HTTP/1.1" 200 6301
190.171.152.234 - - [06/Oct/2021:09:08:32 -0300] "GET /cormun/servlet/solicitudotadjuntos?a004924d1d98935ce5f569cb9486570127c5deff84943f3ed8594e018aa7b042349f89ffbe63799b08e50b7c53b4d2dc,gx-no-cache=1633521430093 HTTP/1.1" 200 30
190.171.152.234 - - [06/Oct/2021:09:08:32 -0300] "POST /cormun/servlet/solicitudotadjuntos?e768ac03e1c94e3c31be71a0a188ec25,INS,2021,17628,,1,,gx-no-cache=1633521430112 HTTP/1.1" 200 4192
190.171.152.234 - - [06/Oct/2021:09:08:37 -0300] "POST /cormun/servlet/solicitudotadjuntos?gx-no-cache=1633521435371 HTTP/1.1" 200 26
190.171.152.242 - - [06/Oct/2021:09:08:39 -0300] "GET /cormun/servlet/solicitudot?e721f47e5405fecd44acefc974145a09bd0e4aa2c853eb34d2c5fd3503d6a3a854b9b02f51f9e7232295342fd084dc47807979827e0b6c003ef8fad6d3af5aafd1bac3781612a3c34149392626a1d317,gx-no-cache=1633521422528 HTTP/1.1" 200 30
190.171.152.242 - - [06/Oct/2021:09:08:39 -0300] "GET /cormun/servlet/solicitudot?e721f47e5405fecd44acefc974145a09b7ed6d4ecc655ddd845c4644329847c7,gx-no-cache=1633521422579 HTTP/1.1" 200 51
190.171.141.90 - - [06/Oct/2021:09:08:46 -0300] "POST /cormun/servlet/solicitudot?gx-no-cache=1633521429170 HTTP/1.1" 200 3721
190.171.152.242 - - [06/Oct/2021:09:08:46 -0300] "POST /cormun/servlet/solicitudot?gx-no-cache=1633521428782 HTTP/1.1" 200 297
190.171.152.242 - - [06/Oct/2021:09:08:46 -0300] "GET /cormun/servlet/solicitudot?e721f47e5405fecd44acefc974145a09f765dddc12e6420fdb02f36df963a3fd5ad8ed4bd09190c698d61166fbcb445cb6a302eeb004897651b98517c1d5a75ad73e4435296fed966b57e28a53d15c0231c6a8305caa49c34dd2502b85679df13c54646935e70406335a7a69b8c3f7b3ced05e48a45557937f4cdab440a8ca9cee85e7813916caf58d1d12a3aaa8f2ad61fb50b144c79fbb0bcce9a105c7a43f9da59d11631ac9a28e06e858b73c387994f497587dd1f05062fe6c6d26999ee4dd5b2c460ba52578abaa9e6039b444bede8ee9444b5aedc8c5c77410baa5e155f7314f0ef359198277204b9c10ebdd42834fd44b873907bc4a042e0e17f34e9b3909bbf0f84fe7d6f6166a36a5cc19b3da3c3bab4e23a7bb3c886e985dbb3d9360e22089da72a8be75aaa3a74ee35661894406a47640e67bcb67f11fdaad05143b430dd5d1c148ca5c4fd97b29c68d405e09606016ee3dbe30f288261936aece26a2c8b1f62e1d1e00eae57069e4e91275b85ceef27462a939ee5c4042f2db748ad8f94cef846c71e98efc591dcca510,gx-no-cache=1633521428822 HTTP/1.1" 200 30
190.171.141.90 - - [06/Oct/2021:09:08:46 -0300] "POST /cormun/servlet/solicitudot?1a98e1a02537adba70ed7c44452f43cc,INS,0,0,false,,gx-no-cache=1633521429347 HTTP/1.1" 200 12229
190.171.141.90 - - [06/Oct/2021:09:08:48 -0300] "GET /cormun/servlet/solicitudot?915c7523acc43e79078a965214ca7a14c82b02c706b2e8c30529593f4270b68fc080fb8f945f0d6fd0ad1b416163c6ee,gx-no-cache=1633521431683 HTTP/1.1" 200 30
190.171.152.242 - - [06/Oct/2021:09:08:52 -0300] "POST /cormun/servlet/solicitudot?gx-no-cache=1633521435572 HTTP/1.1" 200 30
190.171.152.242 - - [06/Oct/2021:09:08:52 -0300] "POST /cormun/servlet/solicitudot?gx-no-cache=1633521435626 HTTP/1.1" 200 1440
190.171.152.242 - - [06/Oct/2021:09:08:52 -0300] "POST /cormun/servlet/solicitudot?gx-no-cache=1633521435684 HTTP/1.1" 200 38
190.171.152.234 - - [06/Oct/2021:09:08:57 -0300] "GET /cormun/servlet/solicitudotadjuntos?a004924d1d98935ce5f569cb94865701c109a1527f6414c17a178fb3db3e222c,gx-no-cache=1633521455154 HTTP/1.1" 200 30
190.171.152.234 - - [06/Oct/2021:09:08:57 -0300] "GET /cormun/servlet/solicitudotadjuntos?a004924d1d98935ce5f569cb94865701c109a1527f6414c17a178fb3db3e222c,gx-no-cache=1633521455169 HTTP/1.1" 200 30
190.171.152.234 - - [06/Oct/2021:09:08:57 -0300] "POST /cormun/servlet/solicitudotadjuntos?e768ac03e1c94e3c31be71a0a188ec25,INS,2021,17628,,1, HTTP/1.1" 200 116
190.171.152.234 - - [06/Oct/2021:09:08:57 -0300] "GET /cormun/servlet/hpexe_return? HTTP/1.1" 200 1024
190.171.152.234 - - [06/Oct/2021:09:08:57 -0300] "GET /cormun/servlet/trsolicitudadjuntos?2021,17628, HTTP/1.1" 200 9101
190.171.152.234 - - [06/Oct/2021:09:08:57 -0300] "GET /cormun/servlet/trsolicitudadjuntos?2021,17628, HTTP/1.1" 200 9100
190.171.152.234 - - [06/Oct/2021:09:09:00 -0300] "GET /cormun/servlet/solicitudotadjuntos?INS,2021,17628,,1, HTTP/1.1" 200 6310
190.171.152.234 - - [06/Oct/2021:09:09:00 -0300] "GET /cormun/static/about:blank HTTP/1.1" 404 1011
190.171.152.234 - - [06/Oct/2021:09:09:00 -0300] "GET /cormun/servlet/solicitudotadjuntos?INS,2021,17628,,1, HTTP/1.1" 200 6302
190.171.152.234 - - [06/Oct/2021:09:09:00 -0300] "GET /cormun/servlet/solicitudotadjuntos?a004924d1d98935ce5f569cb9486570127c5deff84943f3ed8594e018aa7b042349f89ffbe63799b08e50b7c53b4d2dc,gx-no-cache=1633521458912 HTTP/1.1" 200 30
190.171.152.234 - - [06/Oct/2021:09:09:00 -0300] "POST /cormun/servlet/solicitudotadjuntos?e768ac03e1c94e3c31be71a0a188ec25,INS,2021,17628,,1,,gx-no-cache=1633521458977 HTTP/1.1" 200 4193
190.171.152.242 - - [06/Oct/2021:09:09:01 -0300] "GET /cormun/servlet/solicitudot?e721f47e5405fecd44acefc974145a09eb2b9d08b8ed0154d9fff709109bc6aace731e31d83564036c282aec02e14327d135d9ed50c781dc543173cd96a098e4fb5df1d088581754ad51257602f3c487e035ba72c389af8d2b8f937ef2e22e553de8c1a2161996a2cf37dc43d5dbfade,gx-no-cache=1633521443980 HTTP/1.1" 200 110
190.171.152.242 - - [06/Oct/2021:09:09:01 -0300] "POST /cormun/servlet/solicitudot?gx-no-cache=1633521444015 HTTP/1.1" 200 79
190.171.152.234 - - [06/Oct/2021:09:09:04 -0300] "POST /cormun/servlet/solicitudotadjuntos?gx-no-cache=1633521462588 HTTP/1.1" 200 26
190.171.152.242 - - [06/Oct/2021:09:09:05 -0300] "GET /cormun/servlet/solicitudot?e721f47e5405fecd44acefc974145a0914234f4c295901cb42fee1446c0811d35223f109a4e240972fe89a33acec7216beca52129c85fde0f15c6e11fb14618d17b6d41b364f0a7ad341da37474e0941fc6b7e3a5d663d9f3f84e3e23e7cea8ff541c3d70aa8b6e4bda5ecfa9645f7b5,gx-no-cache=1633521447773 HTTP/1.1" 200 29
190.171.152.242 - - [06/Oct/2021:09:09:05 -0300] "GET /cormun/static/menuarrow.gif HTTP/1.1" 404 1015
190.171.152.242 - - [06/Oct/2021:09:09:08 -0300] "GET /cormun/servlet/solicitudot?e721f47e5405fecd44acefc974145a09337386946ef171343fc9a4f9c8bb6a7395b200999ad996fc7c1c2a5401ab2742,gx-no-cache=1633521450844 HTTP/1.1" 200 30
190.171.152.234 - - [06/Oct/2021:09:09:26 -0300] "GET /cormun/servlet/solicitudotadjuntos?a004924d1d98935ce5f569cb94865701c109a1527f6414c17a178fb3db3e222c,gx-no-cache=1633521484227 HTTP/1.1" 200 30
190.171.152.234 - - [06/Oct/2021:09:09:26 -0300] "GET /cormun/servlet/solicitudotadjuntos?a004924d1d98935ce5f569cb94865701c109a1527f6414c17a178fb3db3e222c,gx-no-cache=1633521484250 HTTP/1.1" 200 30
190.171.152.234 - - [06/Oct/2021:09:09:26 -0300] "POST /cormun/servlet/solicitudotadjuntos?e768ac03e1c94e3c31be71a0a188ec25,INS,2021,17628,,1, HTTP/1.1" 200 116
190.171.152.234 - - [06/Oct/2021:09:09:26 -0300] "GET /cormun/servlet/hpexe_return? HTTP/1.1" 200 1024
190.171.152.234 - - [06/Oct/2021:09:09:26 -0300] "GET /cormun/servlet/trsolicitudadjuntos?2021,17628, HTTP/1.1" 200 9314
190.171.152.234 - - [06/Oct/2021:09:09:27 -0300] "GET /cormun/servlet/trsolicitudadjuntos?2021,17628, HTTP/1.1" 200 9315
190.171.152.242 - - [06/Oct/2021:09:09:28 -0300] "POST /cormun/servlet/solicitudot?gx-no-cache=1633521470908 HTTP/1.1" 200 30
190.171.152.234 - - [06/Oct/2021:09:09:29 -0300] "GET /cormun/servlet/solicitudotadjuntos?INS,2021,17628,,1, HTTP/1.1" 200 6310
190.171.152.234 - - [06/Oct/2021:09:09:29 -0300] "GET /cormun/static/about:blank HTTP/1.1" 404 1011
190.171.152.234 - - [06/Oct/2021:09:09:29 -0300] "GET /cormun/servlet/solicitudotadjuntos?INS,2021,17628,,1, HTTP/1.1" 200 6302
190.171.152.234 - - [06/Oct/2021:09:09:30 -0300] "GET /cormun/servlet/solicitudotadjuntos?a004924d1d98935ce5f569cb9486570127c5deff84943f3ed8594e018aa7b042349f89ffbe63799b08e50b7c53b4d2dc,gx-no-cache=1633521488095 HTTP/1.1" 200 30
190.171.152.234 - - [06/Oct/2021:09:09:30 -0300] "POST /cormun/servlet/solicitudotadjuntos?e768ac03e1c94e3c31be71a0a188ec25,INS,2021,17628,,1,,gx-no-cache=1633521488150 HTTP/1.1" 200 4193
190.171.152.234 - - [06/Oct/2021:09:09:35 -0300] "POST /cormun/servlet/solicitudotadjuntos?gx-no-cache=1633521493492 HTTP/1.1" 200 26
190.171.152.234 - - [06/Oct/2021:09:09:43 -0300] "GET /cormun/servlet/solicitudotadjuntos?a004924d1d98935ce5f569cb94865701c109a1527f6414c17a178fb3db3e222c,gx-no-cache=1633521501682 HTTP/1.1" 200 30
190.171.152.234 - - [06/Oct/2021:09:09:43 -0300] "GET /cormun/servlet/solicitudotadjuntos?a004924d1d98935ce5f569cb94865701c109a1527f6414c17a178fb3db3e222c,gx-no-cache=1633521501695 HTTP/1.1" 200 30
190.171.152.234 - - [06/Oct/2021:09:09:43 -0300] "POST /cormun/servlet/solicitudotadjuntos?e768ac03e1c94e3c31be71a0a188ec25,INS,2021,17628,,1, HTTP/1.1" 200 116
190.171.152.234 - - [06/Oct/2021:09:09:43 -0300] "GET /cormun/servlet/hpexe_return? HTTP/1.1" 200 1024
190.171.152.234 - - [06/Oct/2021:09:09:44 -0300] "GET /cormun/servlet/trsolicitudadjuntos?2021,17628, HTTP/1.1" 200 9525
190.171.152.234 - - [06/Oct/2021:09:09:44 -0300] "GET /cormun/servlet/trsolicitudadjuntos?2021,17628, HTTP/1.1" 200 9523
190.171.152.234 - - [06/Oct/2021:09:09:46 -0300] "GET /cormun/servlet/solicitudotadjuntos?INS,2021,17628,,1, HTTP/1.1" 200 6310
190.171.152.234 - - [06/Oct/2021:09:09:46 -0300] "GET /cormun/static/about:blank HTTP/1.1" 404 1011
190.171.152.234 - - [06/Oct/2021:09:09:47 -0300] "GET /cormun/servlet/solicitudotadjuntos?INS,2021,17628,,1, HTTP/1.1" 200 6302
190.171.152.234 - - [06/Oct/2021:09:09:47 -0300] "GET /cormun/servlet/solicitudotadjuntos?a004924d1d98935ce5f569cb9486570127c5deff84943f3ed8594e018aa7b042349f89ffbe63799b08e50b7c53b4d2dc,gx-no-cache=1633521505560 HTTP/1.1" 200 30
190.171.152.234 - - [06/Oct/2021:09:09:47 -0300] "POST /cormun/servlet/solicitudotadjuntos?e768ac03e1c94e3c31be71a0a188ec25,INS,2021,17628,,1,,gx-no-cache=1633521505587 HTTP/1.1" 200 4193
190.171.152.234 - - [06/Oct/2021:09:09:51 -0300] "POST /cormun/servlet/solicitudotadjuntos?gx-no-cache=1633521509716 HTTP/1.1" 200 26
190.171.152.242 - - [06/Oct/2021:09:09:54 -0300] "POST /cormun/servlet/solicitudot?ce8773044190675acb1257d994039835,INS,0,0,false,,gx-no-cache=1633521496808 HTTP/1.1" 200 93
190.171.152.242 - - [06/Oct/2021:09:09:54 -0300] "GET /cormun/servlet/hpexe_return? HTTP/1.1" 200 1015
190.171.152.242 - - [06/Oct/2021:09:09:55 -0300] "GET /cormun/servlet/trsolicitudot HTTP/1.1" 200 8674
190.171.152.242 - - [06/Oct/2021:09:09:55 -0300] "GET /cormun/servlet/trsolicitudot HTTP/1.1" 200 8668
40.77.190.20 - - [06/Oct/2021:09:09:57 -0300] "GET /cormun/servlet/hlogin HTTP/1.1" 200 5106
40.77.190.20 - - [06/Oct/2021:09:09:58 -0300] "GET /cormun/servlet/hlogin HTTP/1.1" 200 5106
190.171.152.234 - - [06/Oct/2021:09:09:59 -0300] "GET /cormun/servlet/solicitudotadjuntos?a004924d1d98935ce5f569cb94865701c109a1527f6414c17a178fb3db3e222c,gx-no-cache=1633521517882 HTTP/1.1" 200 30
190.171.152.234 - - [06/Oct/2021:09:09:59 -0300] "GET /cormun/servlet/solicitudotadjuntos?a004924d1d98935ce5f569cb94865701c109a1527f6414c17a178fb3db3e222c,gx-no-cache=1633521517895 HTTP/1.1" 200 30
190.171.152.234 - - [06/Oct/2021:09:10:00 -0300] "POST /cormun/servlet/solicitudotadjuntos?e768ac03e1c94e3c31be71a0a188ec25,INS,2021,17628,,1, HTTP/1.1" 200 116
190.171.152.234 - - [06/Oct/2021:09:10:00 -0300] "GET /cormun/servlet/hpexe_return? HTTP/1.1" 200 1024
190.171.152.242 - - [06/Oct/2021:09:10:00 -0300] "POST /cormun/servlet/trsolicitudot?ce8773044190675acb1257d994039835,gx-no-cache=1633521502866 HTTP/1.1" 200 6016
190.171.152.242 - - [06/Oct/2021:09:10:00 -0300] "GET /cormun/static/Shared/jqueryui/images/ui-bg_highlight-soft_100_c6c2c8_1x100.png HTTP/1.1" 404 1117
190.171.152.242 - - [06/Oct/2021:09:10:00 -0300] "GET /cormun/static/Shared/jqueryui/images/ui-icons_82798d_256x240.png HTTP/1.1" 404 1089
190.171.152.242 - - [06/Oct/2021:09:10:00 -0300] "GET /cormun/static/Shared/jqueryui/images/ui-bg_flat_55_fafafa_40x100.png HTTP/1.1" 404 1097
190.171.152.242 - - [06/Oct/2021:09:10:00 -0300] "GET /cormun/static/Shared/jqueryui/images/ui-icons_8d78a5_256x240.png HTTP/1.1" 404 1089
190.171.152.234 - - [06/Oct/2021:09:10:00 -0300] "GET /cormun/servlet/trsolicitudadjuntos?2021,17628, HTTP/1.1" 200 9727
190.171.152.234 - - [06/Oct/2021:09:10:00 -0300] "GET /cormun/servlet/trsolicitudadjuntos?2021,17628, HTTP/1.1" 200 9727
190.171.152.234 - - [06/Oct/2021:09:10:02 -0300] "GET /cormun/servlet/solicitudotadjuntos?INS,2021,17628,,1, HTTP/1.1" 200 6310
190.171.152.234 - - [06/Oct/2021:09:10:03 -0300] "GET /cormun/static/about:blank HTTP/1.1" 404 1011
190.171.152.234 - - [06/Oct/2021:09:10:03 -0300] "GET /cormun/servlet/solicitudotadjuntos?INS,2021,17628,,1, HTTP/1.1" 200 6302
190.171.152.234 - - [06/Oct/2021:09:10:03 -0300] "GET /cormun/servlet/solicitudotadjuntos?a004924d1d98935ce5f569cb9486570127c5deff84943f3ed8594e018aa7b042349f89ffbe63799b08e50b7c53b4d2dc,gx-no-cache=1633521521594 HTTP/1.1" 200 30
190.171.152.234 - - [06/Oct/2021:09:10:03 -0300] "POST /cormun/servlet/solicitudotadjuntos?e768ac03e1c94e3c31be71a0a188ec25,INS,2021,17628,,1,,gx-no-cache=1633521521612 HTTP/1.1" 200 4193
190.171.152.234 - - [06/Oct/2021:09:10:08 -0300] "POST /cormun/servlet/solicitudotadjuntos?gx-no-cache=1633521526885 HTTP/1.1" 200 26
190.171.152.234 - - [06/Oct/2021:09:10:10 -0300] "GET /cormun/servlet/solicitudotadjuntos?a004924d1d98935ce5f569cb94865701c109a1527f6414c17a178fb3db3e222c,gx-no-cache=1633521528386 HTTP/1.1" 200 30
190.171.152.234 - - [06/Oct/2021:09:10:10 -0300] "GET /cormun/servlet/solicitudotadjuntos?a004924d1d98935ce5f569cb94865701c109a1527f6414c17a178fb3db3e222c,gx-no-cache=1633521528414 HTTP/1.1" 200 30
190.171.152.234 - - [06/Oct/2021:09:10:10 -0300] "POST /cormun/servlet/solicitudotadjuntos?e768ac03e1c94e3c31be71a0a188ec25,INS,2021,17628,,1,,gx-no-cache=1633521528448 HTTP/1.1" 200 93
190.171.152.234 - - [06/Oct/2021:09:10:10 -0300] "GET /cormun/servlet/hpexe_return? HTTP/1.1" 200 1024
190.171.152.234 - - [06/Oct/2021:09:10:10 -0300] "GET /cormun/servlet/trsolicitudadjuntos?2021,17628, HTTP/1.1" 200 9949
190.171.152.234 - - [06/Oct/2021:09:10:11 -0300] "GET /cormun/servlet/trsolicitudadjuntos?2021,17628, HTTP/1.1" 200 9948
190.171.152.242 - - [06/Oct/2021:09:10:11 -0300] "POST /cormun/servlet/trsolicitudot?ce8773044190675acb1257d994039835,gx-no-cache=1633521514679 HTTP/1.1" 200 6016
190.171.152.234 - - [06/Oct/2021:09:10:22 -0300] "GET /cormun/servlet/solicitudotadjuntos?DLT,2021,17628,CV,0, HTTP/1.1" 200 6184
190.171.152.234 - - [06/Oct/2021:09:10:22 -0300] "GET /cormun/static/about:blank HTTP/1.1" 404 1011
190.171.152.234 - - [06/Oct/2021:09:10:22 -0300] "GET /cormun/static/Shared/jqueryui/images/ui-bg_highlight-soft_100_c6c2c8_1x100.png HTTP/1.1" 404 1117
190.171.152.234 - - [06/Oct/2021:09:10:22 -0300] "GET /cormun/static/Shared/jqueryui/images/ui-icons_8d78a5_256x240.png HTTP/1.1" 404 1089
190.171.152.234 - - [06/Oct/2021:09:10:22 -0300] "GET /cormun/static/Shared/jqueryui/images/ui-bg_flat_55_fafafa_40x100.png HTTP/1.1" 404 1097
190.171.152.234 - - [06/Oct/2021:09:10:22 -0300] "GET /cormun/static/Shared/jqueryui/images/ui-icons_82798d_256x240.png HTTP/1.1" 404 1089
190.171.152.234 - - [06/Oct/2021:09:10:22 -0300] "GET /cormun/servlet/solicitudotadjuntos?DLT,2021,17628,CV,0, HTTP/1.1" 200 6178
190.171.152.234 - - [06/Oct/2021:09:10:29 -0300] "POST /cormun/servlet/solicitudotadjuntos?e768ac03e1c94e3c31be71a0a188ec25,DLT,2021,17628,CV,0,,gx-no-cache=1633521547910 HTTP/1.1" 200 93
190.171.152.234 - - [06/Oct/2021:09:10:29 -0300] "GET /cormun/servlet/hpexe_return? HTTP/1.1" 200 1026
190.171.152.234 - - [06/Oct/2021:09:10:30 -0300] "GET /cormun/servlet/trsolicitudadjuntos?2021,17628, HTTP/1.1" 200 9727
190.171.152.234 - - [06/Oct/2021:09:10:30 -0300] "GET /cormun/servlet/trsolicitudadjuntos?2021,17628, HTTP/1.1" 200 9727
190.171.152.234 - - [06/Oct/2021:09:10:35 -0300] "GET /cormun/servlet/solicitudotadjuntos?INS,2021,17628,,1, HTTP/1.1" 200 6310
190.171.152.234 - - [06/Oct/2021:09:10:35 -0300] "GET /cormun/static/about:blank HTTP/1.1" 404 1011
190.171.152.234 - - [06/Oct/2021:09:10:35 -0300] "GET /cormun/servlet/solicitudotadjuntos?INS,2021,17628,,1, HTTP/1.1" 200 6302
190.171.152.234 - - [06/Oct/2021:09:10:36 -0300] "GET /cormun/servlet/solicitudotadjuntos?a004924d1d98935ce5f569cb9486570127c5deff84943f3ed8594e018aa7b042349f89ffbe63799b08e50b7c53b4d2dc,gx-no-cache=1633521554161 HTTP/1.1" 200 30
190.171.152.234 - - [06/Oct/2021:09:10:36 -0300] "POST /cormun/servlet/solicitudotadjuntos?e768ac03e1c94e3c31be71a0a188ec25,INS,2021,17628,,1,,gx-no-cache=1633521554179 HTTP/1.1" 200 4193
190.171.152.234 - - [06/Oct/2021:09:10:38 -0300] "POST /cormun/servlet/solicitudotadjuntos?gx-no-cache=1633521557043 HTTP/1.1" 200 26
190.171.152.234 - - [06/Oct/2021:09:10:44 -0300] "GET /cormun/servlet/solicitudotadjuntos?a004924d1d98935ce5f569cb94865701c109a1527f6414c17a178fb3db3e222c,gx-no-cache=1633521562930 HTTP/1.1" 200 30
190.171.152.234 - - [06/Oct/2021:09:10:44 -0300] "GET /cormun/servlet/solicitudotadjuntos?a004924d1d98935ce5f569cb94865701c109a1527f6414c17a178fb3db3e222c,gx-no-cache=1633521562943 HTTP/1.1" 200 30
190.171.152.234 - - [06/Oct/2021:09:10:45 -0300] "POST /cormun/servlet/solicitudotadjuntos?e768ac03e1c94e3c31be71a0a188ec25,INS,2021,17628,,1, HTTP/1.1" 200 116
190.171.152.234 - - [06/Oct/2021:09:10:45 -0300] "GET /cormun/servlet/hpexe_return? HTTP/1.1" 200 1024
190.171.152.234 - - [06/Oct/2021:09:10:45 -0300] "GET /cormun/servlet/trsolicitudadjuntos?2021,17628, HTTP/1.1" 200 9998
190.171.152.234 - - [06/Oct/2021:09:10:45 -0300] "GET /cormun/servlet/trsolicitudadjuntos?2021,17628, HTTP/1.1" 200 9994
190.171.152.234 - - [06/Oct/2021:09:10:49 -0300] "GET /cormun/servlet/solicitudotadjuntos?INS,2021,17628,,1, HTTP/1.1" 200 6310
190.171.152.234 - - [06/Oct/2021:09:10:49 -0300] "GET /cormun/static/about:blank HTTP/1.1" 404 1011
190.171.152.234 - - [06/Oct/2021:09:10:49 -0300] "GET /cormun/servlet/solicitudotadjuntos?INS,2021,17628,,1, HTTP/1.1" 200 6302
190.171.152.234 - - [06/Oct/2021:09:10:49 -0300] "GET /cormun/servlet/solicitudotadjuntos?a004924d1d98935ce5f569cb9486570127c5deff84943f3ed8594e018aa7b042349f89ffbe63799b08e50b7c53b4d2dc,gx-no-cache=1633521568067 HTTP/1.1" 200 30
190.171.152.234 - - [06/Oct/2021:09:10:50 -0300] "POST /cormun/servlet/solicitudotadjuntos?e768ac03e1c94e3c31be71a0a188ec25,INS,2021,17628,,1,,gx-no-cache=1633521568086 HTTP/1.1" 200 4193
190.171.152.234 - - [06/Oct/2021:09:10:52 -0300] "POST /cormun/servlet/solicitudotadjuntos?gx-no-cache=1633521571019 HTTP/1.1" 200 26
200.54.107.2 - - [06/Oct/2021:09:10:58 -0300] "GET /cormun/servlet/hlogin HTTP/1.1" 200 1731
190.171.152.234 - - [06/Oct/2021:09:11:03 -0300] "GET /cormun/servlet/solicitudotadjuntos?a004924d1d98935ce5f569cb94865701c109a1527f6414c17a178fb3db3e222c,gx-no-cache=1633521581778 HTTP/1.1" 200 30
190.171.152.234 - - [06/Oct/2021:09:11:03 -0300] "GET /cormun/servlet/solicitudotadjuntos?a004924d1d98935ce5f569cb94865701c109a1527f6414c17a178fb3db3e222c,gx-no-cache=1633521581791 HTTP/1.1" 200 30
190.171.152.234 - - [06/Oct/2021:09:11:04 -0300] "POST /cormun/servlet/solicitudotadjuntos?e768ac03e1c94e3c31be71a0a188ec25,INS,2021,17628,,1, HTTP/1.1" 200 116
190.171.152.234 - - [06/Oct/2021:09:11:04 -0300] "GET /cormun/servlet/hpexe_return? HTTP/1.1" 200 1024
190.171.152.234 - - [06/Oct/2021:09:11:04 -0300] "GET /cormun/servlet/trsolicitudadjuntos?2021,17628, HTTP/1.1" 200 10164
190.171.152.234 - - [06/Oct/2021:09:11:05 -0300] "GET /cormun/servlet/trsolicitudadjuntos?2021,17628, HTTP/1.1" 200 10163
200.54.107.2 - - [06/Oct/2021:09:11:11 -0300] "POST /cormun/servlet/hlogin?4f7f5895a02ba19093b3ee17afc19725,gx-no-cache=1633521574988 HTTP/1.1" 200 90
200.54.107.2 - - [06/Oct/2021:09:11:11 -0300] "GET /cormun/servlet/hpexe_link HTTP/1.1" 200 965
200.54.107.2 - - [06/Oct/2021:09:11:11 -0300] "GET /cormun/servlet/trpermisosgoce? HTTP/1.1" 200 8659
200.54.107.2 - - [06/Oct/2021:09:11:12 -0300] "GET /cormun/servlet/trpermisosgoce? HTTP/1.1" 200 8658
190.171.152.234 - - [06/Oct/2021:09:11:12 -0300] "GET /cormun/servlet/trsolicitudot? HTTP/1.1" 200 8902
190.171.152.234 - - [06/Oct/2021:09:11:12 -0300] "GET /cormun/servlet/trsolicitudot? HTTP/1.1" 200 8896
200.54.107.2 - - [06/Oct/2021:09:11:20 -0300] "GET /cormun/servlet/trvisualizadoreventos? HTTP/1.1" 200 7136
190.171.152.234 - - [06/Oct/2021:09:11:20 -0300] "POST /cormun/servlet/trsolicitudot?e768ac03e1c94e3c31be71a0a188ec25,,gx-no-cache=1633521598822 HTTP/1.1" 200 4875
190.171.152.234 - - [06/Oct/2021:09:11:20 -0300] "GET /cormun/static/Shared/jqueryui/images/ui-bg_highlight-soft_100_c6c2c8_1x100.png HTTP/1.1" 404 1117
190.171.152.234 - - [06/Oct/2021:09:11:20 -0300] "GET /cormun/static/Shared/jqueryui/images/ui-icons_82798d_256x240.png HTTP/1.1" 404 1089
190.171.152.234 - - [06/Oct/2021:09:11:20 -0300] "GET /cormun/static/Shared/jqueryui/images/ui-bg_flat_55_fafafa_40x100.png HTTP/1.1" 404 1097
190.171.152.234 - - [06/Oct/2021:09:11:20 -0300] "GET /cormun/static/Shared/jqueryui/images/ui-icons_8d78a5_256x240.png HTTP/1.1" 404 1089
200.54.107.2 - - [06/Oct/2021:09:11:20 -0300] "GET /cormun/static/gxcfg.js?20199142243133 HTTP/1.1" 200 953
190.171.152.234 - - [06/Oct/2021:09:11:21 -0300] "POST /cormun/servlet/trsolicitudot?e768ac03e1c94e3c31be71a0a188ec25,,gx-no-cache=1633521599022 HTTP/1.1" 200 4630
200.54.107.2 - - [06/Oct/2021:09:11:21 -0300] "GET /cormun/static/Resources/PXToolsActionPrint.png HTTP/1.1" 200 404
200.54.107.2 - - [06/Oct/2021:09:11:21 -0300] "GET /cormun/static/trvisualizadoreventos.js?201991422431650 HTTP/1.1" 200 19318
200.54.107.2 - - [06/Oct/2021:09:11:21 -0300] "GET /cormun/servlet/trvisualizadoreventos? HTTP/1.1" 200 7136
190.171.152.234 - - [06/Oct/2021:09:11:25 -0300] "GET /cormun/servlet/trautorizarsolicitud? HTTP/1.1" 200 8786
190.171.152.234 - - [06/Oct/2021:09:11:25 -0300] "GET /cormun/static/gxcfg.js?201991422414522 HTTP/1.1" 200 953
190.171.152.234 - - [06/Oct/2021:09:11:25 -0300] "GET /cormun/static/trautorizarsolicitud.js?201991422415463 HTTP/1.1" 200 53910
190.171.152.234 - - [06/Oct/2021:09:11:26 -0300] "GET /cormun/servlet/trautorizarsolicitud? HTTP/1.1" 200 8785
190.171.152.242 - - [06/Oct/2021:09:11:28 -0300] "POST /cormun/servlet/trsolicitudot?ce8773044190675acb1257d994039835,gx-no-cache=1633521590725 HTTP/1.1" 200 6016
190.171.152.234 - - [06/Oct/2021:09:11:29 -0300] "POST /cormun/servlet/trautorizarsolicitud?e768ac03e1c94e3c31be71a0a188ec25,,gx-no-cache=1633521607670 HTTP/1.1" 200 4795
190.171.152.234 - - [06/Oct/2021:09:11:29 -0300] "GET /cormun/static/Shared/jqueryui/images/ui-icons_82798d_256x240.png HTTP/1.1" 404 1089
190.171.152.234 - - [06/Oct/2021:09:11:29 -0300] "GET /cormun/static/Shared/jqueryui/images/ui-bg_highlight-soft_100_c6c2c8_1x100.png HTTP/1.1" 404 1117
190.171.152.234 - - [06/Oct/2021:09:11:29 -0300] "GET /cormun/static/Shared/jqueryui/images/ui-bg_flat_55_fafafa_40x100.png HTTP/1.1" 404 1097
190.171.152.234 - - [06/Oct/2021:09:11:29 -0300] "GET /cormun/static/Shared/jqueryui/images/ui-icons_8d78a5_256x240.png HTTP/1.1" 404 1089
190.171.152.234 - - [06/Oct/2021:09:11:29 -0300] "POST /cormun/servlet/trautorizarsolicitud?e768ac03e1c94e3c31be71a0a188ec25,,gx-no-cache=1633521607844 HTTP/1.1" 200 4550
190.171.152.242 - - [06/Oct/2021:09:11:42 -0300] "POST /cormun/servlet/trsolicitudot?ce8773044190675acb1257d994039835,gx-no-cache=1633521604949 HTTP/1.1" 200 6016
190.171.141.90 - - [06/Oct/2021:09:12:08 -0300] "GET /cormun/servlet/solicitudot?915c7523acc43e79078a965214ca7a14dabe9084f1f0dc0a159353795a0300388ff238ccd3d4fa22c18c93524ab09a62,gx-no-cache=1633521632174 HTTP/1.1" 200 30
190.171.141.90 - - [06/Oct/2021:09:12:08 -0300] "GET /cormun/servlet/solicitudot?915c7523acc43e79078a965214ca7a14f1b1b8d88cc3d55e249d22016292a612,gx-no-cache=1633521632227 HTTP/1.1" 200 29
190.171.141.90 - - [06/Oct/2021:09:12:08 -0300] "POST /cormun/servlet/solicitudot?gx-no-cache=1633521632255 HTTP/1.1" 200 297
190.171.141.90 - - [06/Oct/2021:09:12:15 -0300] "POST /cormun/servlet/solicitudot?gx-no-cache=1633521639122 HTTP/1.1" 200 255
190.171.141.90 - - [06/Oct/2021:09:12:19 -0300] "GET /cormun/servlet/solicitudot?915c7523acc43e79078a965214ca7a14bba7ab4b87aadad86e1b58bd7f275ba0e426a0e9fbc4845f537df10b7f81d0be11ee80a303136d95b54dbd724cb642617b31ac79e2a1a2e44e1c6bab876c6867c6641866cbf3cd22622a8052e33e56e074082c907fa784fb429f023302d9de4d81cb4d9eda3a3ddff8945196a956ebad8dbc2d8d51a4b352c8cc427bbcb37a5cf99434f8860f5ad49d838167cb854b5751f23f36c7e45768d4451cc7086f37b4a3757883eacdc034ac79d1dc71c07108afb9b41051a1079cbe124fef1efbd844fc9e1e10abab671be06830f9e4b41d998f574015041fc12ecff0585350b27c9916c8719ca224c8179de2f93877a5f52f4436ce635628f44a8c03b30e2c43b67ecb28b9b8d45de45f9bb644408152f4eec3bfc46ca0b2dca300a5e86d43ed282e578b08fe839858f6bee461b41fee26ed94af6d22161823e517126639e3441565ed31cf9f93e98f8df32104c9e5f9885bffd0f2689c7562bd5a5da0f7886332cb7bb817744b5c83c5269b80a1926bda09,gx-no-cache=1633521642895 HTTP/1.1" 200 30
190.171.154.42 - - [06/Oct/2021:09:12:20 -0300] "GET /cormun/servlet/trlicencias? HTTP/1.1" 200 12355
190.171.154.42 - - [06/Oct/2021:09:12:23 -0300] "GET /cormun/servlet/trlicencias? HTTP/1.1" 200 12333
190.171.154.42 - - [06/Oct/2021:09:12:26 -0300] "POST /cormun/servlet/trlicencias?4410e5e53fb6f0824f0b8c290cfe4c81,,gx-no-cache=1633521647972 HTTP/1.1" 200 9889
190.171.141.90 - - [06/Oct/2021:09:12:26 -0300] "POST /cormun/servlet/solicitudot?gx-no-cache=1633521649987 HTTP/1.1" 200 30
190.171.141.90 - - [06/Oct/2021:09:12:26 -0300] "POST /cormun/servlet/solicitudot?gx-no-cache=1633521650020 HTTP/1.1" 200 1438
190.171.141.90 - - [06/Oct/2021:09:12:26 -0300] "POST /cormun/servlet/solicitudot?gx-no-cache=1633521650057 HTTP/1.1" 200 38
190.171.141.90 - - [06/Oct/2021:09:12:43 -0300] "POST /cormun/servlet/solicitudot?gx-no-cache=1633521666409 HTTP/1.1" 200 240
200.54.107.2 - - [06/Oct/2021:09:12:48 -0300] "POST /cormun/servlet/trvisualizadoreventos?4f7f5895a02ba19093b3ee17afc19725,,gx-no-cache=1633521671519 HTTP/1.1" 200 4304
190.171.141.90 - - [06/Oct/2021:09:12:48 -0300] "GET /cormun/servlet/solicitudot?915c7523acc43e79078a965214ca7a14bba7ab4b87aadad86e1b58bd7f275ba0380949c2da26a820da581bb9e071e54611ee80a303136d95b54dbd724cb642617b31ac79e2a1a2e44e1c6bab876c6867c6641866cbf3cd22622a8052e33e56e074082c907fa784fb429f023302d9de4d81cb4d9eda3a3ddff8945196a956ebad8dbc2d8d51a4b352c8cc427bbcb37a5cf99434f8860f5ad49d838167cb854b5751f23f36c7e45768d4451cc7086f37b4a3757883eacdc034ac79d1dc71c07108afb9b41051a1079cbe124fef1efbd844fc9e1e10abab671be06830f9e4b41d998f574015041fc12ecff0585350b27c9916c8719ca224c8179de2f93877a5f52f4436ce635628f44a8c03b30e2c43b67ecac1d25a4e755a2d349a2922fb4b79bbaeeed100aeca8a9bccb27fa5b254f1ca600594a052aac43b9a20c563213b38e78bbfa7a76c68ae1c53d89a76f653a732e7b169f440ef63a6117567f22632f410c295b1f7ba6bc7c7893295d1db84712a1044a0cd8e2947ebcdcb6160c4acc7c5,gx-no-cache=1633521671435 HTTP/1.1" 200 30
200.54.107.2 - - [06/Oct/2021:09:12:48 -0300] "POST /cormun/servlet/trvisualizadoreventos?4f7f5895a02ba19093b3ee17afc19725,,gx-no-cache=1633521672388 HTTP/1.1" 200 4304
200.54.107.2 - - [06/Oct/2021:09:12:50 -0300] "GET /cormun/static/menuarrow.gif HTTP/1.1" 404 1015
200.54.107.2 - - [06/Oct/2021:09:12:58 -0300] "POST /cormun/servlet/trvisualizadoreventos?4f7f5895a02ba19093b3ee17afc19725,,gx-no-cache=1633521681605 HTTP/1.1" 200 4304
190.171.141.90 - - [06/Oct/2021:09:12:59 -0300] "POST /cormun/servlet/solicitudot?gx-no-cache=1633521682689 HTTP/1.1" 200 30
200.54.107.2 - - [06/Oct/2021:09:13:03 -0300] "POST /cormun/servlet/trvisualizadoreventos?4f7f5895a02ba19093b3ee17afc19725,,gx-no-cache=1633521686828 HTTP/1.1" 200 4307
200.54.107.2 - - [06/Oct/2021:09:13:04 -0300] "POST /cormun/servlet/trvisualizadoreventos?4f7f5895a02ba19093b3ee17afc19725,,gx-no-cache=1633521687987 HTTP/1.1" 200 4307
200.54.107.2 - - [06/Oct/2021:09:13:10 -0300] "POST /cormun/servlet/trvisualizadoreventos?4f7f5895a02ba19093b3ee17afc19725,,gx-no-cache=1633521693604 HTTP/1.1" 200 4308
200.54.107.2 - - [06/Oct/2021:09:13:12 -0300] "GET /cormun/servlet/trsolicitudot? HTTP/1.1" 200 7576
200.54.107.2 - - [06/Oct/2021:09:13:12 -0300] "GET /cormun/servlet/trsolicitudot? HTTP/1.1" 200 7576
200.54.107.2 - - [06/Oct/2021:09:13:14 -0300] "GET /cormun/static/menuarrow.gif HTTP/1.1" 404 1015
190.171.141.90 - - [06/Oct/2021:09:13:15 -0300] "POST /cormun/servlet/solicitudot?gx-no-cache=1633521698486 HTTP/1.1" 200 256
190.171.141.90 - - [06/Oct/2021:09:13:19 -0300] "GET /cormun/servlet/solicitudot?915c7523acc43e79078a965214ca7a14bba7ab4b87aadad86e1b58bd7f275ba0e426a0e9fbc4845f537df10b7f81d0be11ee80a303136d95b54dbd724cb642617b31ac79e2a1a2e44e1c6bab876c6867c6641866cbf3cd22622a8052e33e56e074082c907fa784fb429f023302d9de4d81cb4d9eda3a3ddff8945196a956ebad8dbc2d8d51a4b352c8cc427bbcb37a5cf99434f8860f5ad49d838167cb854b5751f23f36c7e45768d4451cc7086f37b4a3757883eacdc034ac79d1dc71c07108afb9b41051a1079cbe124fef1efbd844fc9e1e10abab671be06830f9e4b41d998f574015041fc12ecff0585350b27c9916c8719ca224c8179de2f93877a5f52f4436ce635628f44a8c03b30e2c43b67ecb28b9b8d45de45f9bb644408152f4eec3bfc46ca0b2dca300a5e86d43ed282e578b08fe839858f6bee461b41fee26ed94af6d22161823e517126639e3441565ed31cf9f93e98f8df32104c9e5f9885bffd0f2689c7562bd5a5da0f7886332cb0adc72bd0836b05d5ec2b456cf33587e,gx-no-cache=1633521702449 HTTP/1.1" 200 30
190.171.152.242 - - [06/Oct/2021:09:13:19 -0300] "GET /cormun/servlet/hlogin HTTP/1.1" 200 1749
200.54.107.2 - - [06/Oct/2021:09:13:21 -0300] "POST /cormun/servlet/trsolicitudot?4f7f5895a02ba19093b3ee17afc19725,,gx-no-cache=1633521704623 HTTP/1.1" 200 4640
200.54.107.2 - - [06/Oct/2021:09:13:21 -0300] "POST /cormun/servlet/trsolicitudot?4f7f5895a02ba19093b3ee17afc19725,,gx-no-cache=1633521705092 HTTP/1.1" 200 4640
190.171.141.90 - - [06/Oct/2021:09:13:22 -0300] "POST /cormun/servlet/solicitudot?gx-no-cache=1633521706189 HTTP/1.1" 200 30
200.54.107.2 - - [06/Oct/2021:09:13:25 -0300] "POST /cormun/servlet/trsolicitudot?4f7f5895a02ba19093b3ee17afc19725,,gx-no-cache=1633521708484 HTTP/1.1" 200 11416
200.54.107.2 - - [06/Oct/2021:09:13:32 -0300] "GET /cormun/servlet/vesolicitudot?2021,17278,, HTTP/1.1" 200 8726
200.54.107.2 - - [06/Oct/2021:09:13:32 -0300] "GET /cormun/static/gxcfg.js?201991422423914 HTTP/1.1" 200 953
200.54.107.2 - - [06/Oct/2021:09:13:32 -0300] "GET /cormun/pexe_scrolldiv.js HTTP/1.1" 404 1009
200.54.107.2 - - [06/Oct/2021:09:13:32 -0300] "GET /cormun/static/vesolicitudot.js?201991422423984 HTTP/1.1" 200 6091
200.54.107.2 - - [06/Oct/2021:09:13:32 -0300] "GET /cormun/static/hwcviewtabs.js?201991422154026 HTTP/1.1" 200 1074
200.54.107.2 - - [06/Oct/2021:09:13:32 -0300] "GET /cormun/static/Resources/PXToolsTabLastUnselected.png HTTP/1.1" 200 1297
200.54.107.2 - - [06/Oct/2021:09:13:32 -0300] "GET /cormun/static/hpexe_tabsview.js?2020121447381 HTTP/1.1" 200 1661
200.54.107.2 - - [06/Oct/2021:09:13:32 -0300] "GET /cormun/static/Resources/PXToolsTabFirstSelected.png HTTP/1.1" 200 1270
200.54.107.2 - - [06/Oct/2021:09:13:32 -0300] "GET /cormun/static/tbsolicitudot01.js?20201214462316 HTTP/1.1" 200 30566
200.54.107.2 - - [06/Oct/2021:09:13:32 -0300] "GET /cormun/static/Resources/PXToolsTabPrevious.gif HTTP/1.1" 200 172
200.54.107.2 - - [06/Oct/2021:09:13:32 -0300] "GET /cormun/static/Resources/PXToolsTabNext.gif HTTP/1.1" 200 168
200.54.107.2 - - [06/Oct/2021:09:13:32 -0300] "GET /cormun/static/calendar-system.css HTTP/1.1" 200 5572
200.54.107.2 - - [06/Oct/2021:09:13:32 -0300] "GET /cormun/static/Resources/PXToolsTabBackSelected.png HTTP/1.1" 200 1157
200.54.107.2 - - [06/Oct/2021:09:13:32 -0300] "GET /cormun/static/Resources/PXToolsTabBackUnselected.png HTTP/1.1" 200 1175
200.54.107.2 - - [06/Oct/2021:09:13:32 -0300] "GET /cormun/static/Resources/PXToolsTabUnselectedUnselected.png HTTP/1.1" 200 1470
200.54.107.2 - - [06/Oct/2021:09:13:32 -0300] "GET /cormun/static/Resources/PXToolsTabSelectedUnselected.png HTTP/1.1" 200 1451
200.54.107.2 - - [06/Oct/2021:09:13:32 -0300] "GET /cormun/servlet/vesolicitudot?2021,17278,, HTTP/1.1" 200 8726
190.171.141.90 - - [06/Oct/2021:09:13:59 -0300] "POST /cormun/servlet/solicitudot?gx-no-cache=1633521742303 HTTP/1.1" 200 1438
190.171.141.90 - - [06/Oct/2021:09:13:59 -0300] "POST /cormun/servlet/solicitudot?gx-no-cache=1633521742495 HTTP/1.1" 200 38
200.30.252.117 - - [06/Oct/2021:09:14:03 -0300] "GET /cormun/servlet/hlogin HTTP/1.1" 200 1729
200.30.252.117 - - [06/Oct/2021:09:14:03 -0300] "GET /cormun/static/gxtimezone.js?85251 HTTP/1.1" 200 5781
200.30.252.117 - - [06/Oct/2021:09:14:03 -0300] "GET /cormun/static/gxcfg.js?201910216285969 HTTP/1.1" 200 953
200.30.252.117 - - [06/Oct/2021:09:14:03 -0300] "GET /cormun/static/Resources/Spanish/PXTools.css?2294816 HTTP/1.1" 200 100853
200.30.252.117 - - [06/Oct/2021:09:14:03 -0300] "GET /cormun/static/messages.spa.js?85251 HTTP/1.1" 200 30736
200.30.252.117 - - [06/Oct/2021:09:14:03 -0300] "GET /cormun/static/gxgral.js?85251 HTTP/1.1" 200 384558
200.30.252.117 - - [06/Oct/2021:09:14:03 -0300] "GET /cormun/static/hlogin.js?201910216285995 HTTP/1.1" 200 2136
200.30.252.117 - - [06/Oct/2021:09:14:03 -0300] "GET /cormun/static/Resources/Logo2019_Grande.png HTTP/1.1" 200 31733
200.30.252.117 - - [06/Oct/2021:09:14:03 -0300] "GET /cormun/static/Resources/PXToolsLoginTop.png HTTP/1.1" 200 1337
200.30.252.117 - - [06/Oct/2021:09:14:03 -0300] "GET /cormun/static/Resources/PXToolsLoginBackground.png HTTP/1.1" 200 1164
200.30.252.117 - - [06/Oct/2021:09:14:03 -0300] "GET /cormun/static/Resources/PXToolsButtonRight.png HTTP/1.1" 200 1294
200.30.252.117 - - [06/Oct/2021:09:14:03 -0300] "GET /cormun/static/Resources/PXToolsButtonBackground.png HTTP/1.1" 200 1176
200.30.252.117 - - [06/Oct/2021:09:14:03 -0300] "GET /cormun/static/Resources/PXToolsLoginBottom.png HTTP/1.1" 200 1389
200.30.252.117 - - [06/Oct/2021:09:14:03 -0300] "GET /cormun/static/Resources/PXToolsButtonLeft.png HTTP/1.1" 200 1310
200.30.252.117 - - [06/Oct/2021:09:14:03 -0300] "GET /cormun/servlet/hlogin HTTP/1.1" 200 1739
200.30.252.117 - - [06/Oct/2021:09:14:03 -0300] "GET /cormun/static/Resources/indicator.gif HTTP/1.1" 200 1553
200.30.252.117 - - [06/Oct/2021:09:14:07 -0300] "POST /cormun/servlet/hlogin?e27785fe50326615f02eeb5df7452cea,gx-no-cache=1633528917635 HTTP/1.1" 200 90
200.30.252.117 - - [06/Oct/2021:09:14:07 -0300] "GET /cormun/servlet/hpexe_link HTTP/1.1" 200 954
200.30.252.117 - - [06/Oct/2021:09:14:07 -0300] "GET /cormun/static/gxcfg.js?201991422392958 HTTP/1.1" 200 953
200.30.252.117 - - [06/Oct/2021:09:14:07 -0300] "GET /cormun/static/hpexe_link.js?201991422392963 HTTP/1.1" 200 625
200.30.252.117 - - [06/Oct/2021:09:14:07 -0300] "GET /cormun/servlet/hhome HTTP/1.1" 200 3974
200.30.252.117 - - [06/Oct/2021:09:14:07 -0300] "GET /cormun/static/SmoothNavMenu/resources/ddsmoothmenu.css?1112540 HTTP/1.1" 200 2223
200.30.252.117 - - [06/Oct/2021:09:14:07 -0300] "GET /cormun/static/SmoothNavMenu/resources/ddsmoothmenu-v.css?1112540 HTTP/1.1" 200 1188
200.30.252.117 - - [06/Oct/2021:09:14:07 -0300] "GET /cormun/static/Shared/jqueryui/jquery-ui.min.css?1345370 HTTP/1.1" 200 30288
200.30.252.117 - - [06/Oct/2021:09:14:07 -0300] "GET /cormun/static/scaMessage/css/jquery.pnotify.default.css?1816380 HTTP/1.1" 200 1707
200.30.252.117 - - [06/Oct/2021:09:14:07 -0300] "GET /cormun/static/gxcfg.js?20201215495537 HTTP/1.1" 200 953
200.30.252.117 - - [06/Oct/2021:09:14:07 -0300] "GET /cormun/static/PXToolsJavascripts/pexe_cookies.js HTTP/1.1" 200 792
200.30.252.117 - - [06/Oct/2021:09:14:07 -0300] "GET /cormun/static/PXToolsJavascripts/pexe_autoreload.js HTTP/1.1" 200 1762
200.30.252.117 - - [06/Oct/2021:09:14:07 -0300] "GET /cormun/static/Resources/Spanish/PXTools.css?14345360 HTTP/1.1" 200 100853
200.30.252.117 - - [06/Oct/2021:09:14:07 -0300] "GET /cormun/static/PXToolsJavascripts/pexe_windows.js HTTP/1.1" 200 15207
200.30.252.117 - - [06/Oct/2021:09:14:07 -0300] "GET /cormun/static/PXToolsJavascripts/pexe_grid.js HTTP/1.1" 200 7559
200.30.252.117 - - [06/Oct/2021:09:14:07 -0300] "GET /cormun/static/PXToolsJavascripts/pexe_menudivfix.js HTTP/1.1" 200 333
200.30.252.117 - - [06/Oct/2021:09:14:07 -0300] "GET /cormun/static/PXToolsJavascripts/pexe_griddivfix.js HTTP/1.1" 200 6644
200.30.252.117 - - [06/Oct/2021:09:14:07 -0300] "GET /cormun/static/PXToolsJavascripts/pexe_link.js HTTP/1.1" 200 5671
200.30.252.117 - - [06/Oct/2021:09:14:07 -0300] "GET /cormun/static/PXToolsJavascripts/pexe_menus.js HTTP/1.1" 200 1286
200.30.252.117 - - [06/Oct/2021:09:14:07 -0300] "GET /cormun/static/PXToolsJavascripts/pexe_layers.js HTTP/1.1" 200 4114
200.30.252.117 - - [06/Oct/2021:09:14:07 -0300] "GET /cormun/static/PXToolsJavascripts/pexe_oavdivfix.js HTTP/1.1" 200 639
200.30.252.117 - - [06/Oct/2021:09:14:07 -0300] "GET /cormun/static/PXToolsJavascripts/pexe_oav.js HTTP/1.1" 200 645
200.30.252.117 - - [06/Oct/2021:09:14:07 -0300] "GET /cormun/static/PXToolsJavascripts/pexe_picture.js HTTP/1.1" 200 689
200.30.252.117 - - [06/Oct/2021:09:14:07 -0300] "GET /cormun/static/PXToolsJavascripts/pexe_popup.js HTTP/1.1" 200 13458
200.30.252.117 - - [06/Oct/2021:09:14:07 -0300] "GET /cormun/static/PXToolsJavascripts/pexe_scrolldiv.js HTTP/1.1" 200 4138
200.30.252.117 - - [06/Oct/2021:09:14:07 -0300] "GET /cormun/static/PXToolsJavascripts/pexe_upload.js HTTP/1.1" 200 1423
200.30.252.117 - - [06/Oct/2021:09:14:07 -0300] "GET /cormun/static/PXToolsJavascripts/pexe_tabs.js HTTP/1.1" 200 3748
200.30.252.117 - - [06/Oct/2021:09:14:07 -0300] "GET /cormun/static/PXToolsJavascripts/pexe_tabdivfix.js HTTP/1.1" 200 876
200.30.252.117 - - [06/Oct/2021:09:14:07 -0300] "GET /cormun/static/PXToolsJavascripts/PXToolsJavascriptsRender.js HTTP/1.1" 200 367
200.30.252.117 - - [06/Oct/2021:09:14:07 -0300] "GET /cormun/static/RunJS/RunJS.js HTTP/1.1" 200 288
200.30.252.117 - - [06/Oct/2021:09:14:07 -0300] "GET /cormun/static/Shared/ext/locale/ext-lang-en.js HTTP/1.1" 200 10940
200.30.252.117 - - [06/Oct/2021:09:14:08 -0300] "GET /cormun/static/hhome.js?20201215495544 HTTP/1.1" 200 777
200.30.252.117 - - [06/Oct/2021:09:14:08 -0300] "GET /cormun/static/hpexe_scripts.js?20201214471411 HTTP/1.1" 200 1544
200.30.252.117 - - [06/Oct/2021:09:14:08 -0300] "GET /cormun/static/hwchdr01.js?20201214473739 HTTP/1.1" 200 996
200.30.252.117 - - [06/Oct/2021:09:14:08 -0300] "GET /cormun/static/hpexe_recentlink.js?20201214471090 HTTP/1.1" 200 2144
200.30.252.117 - - [06/Oct/2021:09:14:08 -0300] "GET /cormun/static/cmcontrolpreferences.js?20199141926336 HTTP/1.1" 200 1375
200.30.252.117 - - [06/Oct/2021:09:14:08 -0300] "GET /cormun/static/hpexe_messagepopupcomponent.js?2020121447232 HTTP/1.1" 200 605
200.30.252.117 - - [06/Oct/2021:09:14:08 -0300] "GET /cormun/static/gxui/gxui-all.js HTTP/1.1" 200 107772
200.30.252.117 - - [06/Oct/2021:09:14:08 -0300] "GET /cormun/static/hpexe_messagecontroller.js?201991422154126 HTTP/1.1" 200 870
200.30.252.117 - - [06/Oct/2021:09:14:08 -0300] "GET /cormun/static/hpexe_messagegenexuscomponent.js?2020121447173 HTTP/1.1" 200 587
200.30.252.117 - - [06/Oct/2021:09:14:08 -0300] "GET /cormun/static/SmoothNavMenu/resources/ddsmoothmenu.js HTTP/1.1" 200 12712
200.30.252.117 - - [06/Oct/2021:09:14:08 -0300] "GET /cormun/static/SmoothNavMenu/resources/SmoothNavMenuRender.js HTTP/1.1" 200 5951
200.30.252.117 - - [06/Oct/2021:09:14:08 -0300] "GET /cormun/static/scaMessage/js/jquery.pnotify.min.js HTTP/1.1" 200 13038
200.30.252.117 - - [06/Oct/2021:09:14:08 -0300] "GET /cormun/static/scaMessage/scaMessageRender.js HTTP/1.1" 200 11977
200.30.252.117 - - [06/Oct/2021:09:14:08 -0300] "GET /cormun/static/hmpwkw03.js?20201215501896 HTTP/1.1" 200 3973
200.30.252.117 - - [06/Oct/2021:09:14:08 -0300] "GET /cormun/static/Shared/jquery/jquery-1.4.2.min.js HTTP/1.1" 200 72174
200.30.252.117 - - [06/Oct/2021:09:14:08 -0300] "GET /cormun/static/Resources/ImgHome.png HTTP/1.1" 200 1364
200.30.252.117 - - [06/Oct/2021:09:14:08 -0300] "GET /cormun/static/Resources/Logo2019_Small.png HTTP/1.1" 200 10855
200.30.252.117 - - [06/Oct/2021:09:14:08 -0300] "GET /cormun/static/Resources/ImgLogin.png HTTP/1.1" 200 1432
200.30.252.117 - - [06/Oct/2021:09:14:08 -0300] "GET /cormun/static/Shared/jqueryui/jquery-ui.min.js HTTP/1.1" 200 240427
200.30.252.117 - - [06/Oct/2021:09:14:08 -0300] "GET /cormun/static/Resources/Llave.png HTTP/1.1" 200 1395
200.30.252.117 - - [06/Oct/2021:09:14:08 -0300] "GET /cormun/static/Resources/PXToolsDataTitle.png HTTP/1.1" 200 1173
200.30.252.117 - - [06/Oct/2021:09:14:08 -0300] "GET /cormun/static/Shared/jquery/jquery-1.10.2.min.js HTTP/1.1" 200 273199
200.30.252.117 - - [06/Oct/2021:09:14:09 -0300] "GET /cormun/static/Shared/ext/ext-all.js HTTP/1.1" 200 1289687
200.30.252.117 - - [06/Oct/2021:09:14:09 -0300] "GET /cormun/servlet/hhome HTTP/1.1" 200 3971
200.30.252.117 - - [06/Oct/2021:09:14:09 -0300] "GET /cormun/static/SmoothNavMenu/resources/images/down.gif HTTP/1.1" 200 854
200.30.252.117 - - [06/Oct/2021:09:14:12 -0300] "GET /cormun/servlet/trlicencias? HTTP/1.1" 200 11319
200.30.252.117 - - [06/Oct/2021:09:14:12 -0300] "GET /cormun/static/calendar-system.css?85620 HTTP/1.1" 200 5572
200.30.252.117 - - [06/Oct/2021:09:14:12 -0300] "GET /cormun/static/gxui/gxui-all.css?120300 HTTP/1.1" 200 2179
200.30.252.117 - - [06/Oct/2021:09:14:12 -0300] "GET /cormun/static/calendar.js?85251 HTTP/1.1" 200 26246
200.30.252.117 - - [06/Oct/2021:09:14:12 -0300] "GET /cormun/static/gxcfg.js?2020121613995 HTTP/1.1" 200 953
200.30.252.117 - - [06/Oct/2021:09:14:12 -0300] "GET /cormun/static/calendar-setup.js?85251 HTTP/1.1" 200 2588
200.30.252.117 - - [06/Oct/2021:09:14:12 -0300] "GET /cormun/static/calendar-es.js?85251 HTTP/1.1" 200 1901
200.30.252.117 - - [06/Oct/2021:09:14:12 -0300] "GET /cormun/static/Shared/ext/resources/css/ext-all.css?215870 HTTP/1.1" 200 416045
200.30.252.117 - - [06/Oct/2021:09:14:13 -0300] "GET /cormun/static/trlicencias.js?202012162481 HTTP/1.1" 200 41883
200.30.252.117 - - [06/Oct/2021:09:14:13 -0300] "GET /cormun/static/gxdec.js?85251 HTTP/1.1" 200 19579
