186.67.172.234 - - [06/Oct/2021:08:33:03 -0300] "GET /cormun/static/Shared/jqueryui/images/ui-bg_highlight-soft_100_c6c2c8_1x100.png HTTP/1.1" 404 1117
186.67.172.234 - - [06/Oct/2021:08:33:03 -0300] "GET /cormun/static/Shared/jqueryui/images/ui-bg_flat_55_994d53_40x100.png HTTP/1.1" 404 1097
186.67.172.234 - - [06/Oct/2021:08:33:03 -0300] "GET /cormun/static/Shared/jqueryui/images/ui-icons_82798d_256x240.png HTTP/1.1" 404 1089
186.67.172.234 - - [06/Oct/2021:08:33:03 -0300] "GET /cormun/static/Shared/jqueryui/images/ui-icons_ebccce_256x240.png HTTP/1.1" 404 1089
190.171.152.234 - - [06/Oct/2021:08:33:06 -0300] "GET /cormun/servlet/solicitudot?INS,0,0,false, HTTP/1.1" 200 15831
190.171.152.234 - - [06/Oct/2021:08:33:06 -0300] "GET /cormun/static/gxcfg.js?20203414241232 HTTP/1.1" 200 953
190.171.152.234 - - [06/Oct/2021:08:33:06 -0300] "GET /cormun/static/solicitudot.js?20203414242792 HTTP/1.1" 200 74114
190.171.152.234 - - [06/Oct/2021:08:33:06 -0300] "GET /cormun/servlet/solicitudot?INS,0,0,false, HTTP/1.1" 200 15839
190.171.152.234 - - [06/Oct/2021:08:33:24 -0300] "POST /cormun/servlet/solicitudot?gx-no-cache=1633519322803 HTTP/1.1" 200 3779
190.171.152.234 - - [06/Oct/2021:08:33:24 -0300] "GET /cormun/static/Shared/jqueryui/images/ui-bg_highlight-soft_100_c6c2c8_1x100.png HTTP/1.1" 404 1117
190.171.152.234 - - [06/Oct/2021:08:33:24 -0300] "GET /cormun/static/Shared/jqueryui/images/ui-icons_82798d_256x240.png HTTP/1.1" 404 1089
190.171.152.234 - - [06/Oct/2021:08:33:24 -0300] "GET /cormun/static/Shared/jqueryui/images/ui-bg_flat_55_994d53_40x100.png HTTP/1.1" 404 1097
190.171.152.234 - - [06/Oct/2021:08:33:24 -0300] "GET /cormun/static/Shared/jqueryui/images/ui-icons_ebccce_256x240.png HTTP/1.1" 404 1089
190.171.152.234 - - [06/Oct/2021:08:33:33 -0300] "POST /cormun/servlet/solicitudot?gx-no-cache=1633519331550 HTTP/1.1" 200 3723
190.171.152.234 - - [06/Oct/2021:08:33:33 -0300] "POST /cormun/servlet/solicitudot?e768ac03e1c94e3c31be71a0a188ec25,INS,0,0,false,,gx-no-cache=1633519331782 HTTP/1.1" 200 12506
192.168.10.94 - - [06/Oct/2021:08:33:36 -0300] "GET /cormun/servlet/trsolicitudgral HTTP/1.1" 200 10910
192.168.10.94 - - [06/Oct/2021:08:33:36 -0300] "GET /cormun/servlet/trsolicitudgral HTTP/1.1" 200 10908
190.171.152.234 - - [06/Oct/2021:08:33:40 -0300] "GET /cormun/servlet/solicitudot?a004924d1d98935ce5f569cb94865701a3acb2ec0d2c0f8c42e5f2e784b48bf742abd21ffb4d1fa9e538f24e834122b4,gx-no-cache=1633519338387 HTTP/1.1" 200 30
192.168.10.94 - - [06/Oct/2021:08:33:44 -0300] "POST /cormun/servlet/trsolicitudgral?6055e4556c11be38c972c428f46d1d5a,,gx-no-cache=1633519190533 HTTP/1.1" 200 7916
192.168.10.94 - - [06/Oct/2021:08:33:44 -0300] "GET /cormun/static/Shared/jqueryui/images/ui-icons_82798d_256x240.png HTTP/1.1" 404 1089
192.168.10.94 - - [06/Oct/2021:08:33:44 -0300] "GET /cormun/static/Shared/jqueryui/images/ui-bg_highlight-soft_100_c6c2c8_1x100.png HTTP/1.1" 404 1117
192.168.10.94 - - [06/Oct/2021:08:33:44 -0300] "GET /cormun/static/Shared/jqueryui/images/ui-icons_8d78a5_256x240.png HTTP/1.1" 404 1089
192.168.10.94 - - [06/Oct/2021:08:33:44 -0300] "GET /cormun/static/Shared/jqueryui/images/ui-bg_flat_55_fafafa_40x100.png HTTP/1.1" 404 1097
192.168.10.78 - - [06/Oct/2021:08:33:49 -0300] "GET /cormun/servlet/hlogin HTTP/1.1" 200 1731
190.171.142.42 - - [06/Oct/2021:08:33:52 -0300] "POST /cormun/servlet/trlicencias?c7819eb000b6aeccd74757764fd86876,,gx-no-cache=1633519335772 HTTP/1.1" 200 8117
192.168.10.78 - - [06/Oct/2021:08:33:55 -0300] "POST /cormun/servlet/hlogin?1efcdf609fd82c69583831fe129a230d,gx-no-cache=1633519201010 HTTP/1.1" 200 90
192.168.10.78 - - [06/Oct/2021:08:33:55 -0300] "GET /cormun/servlet/hpexe_link HTTP/1.1" 200 957
192.168.10.78 - - [06/Oct/2021:08:33:55 -0300] "GET /cormun/servlet/hhome HTTP/1.1" 200 3834
192.168.10.78 - - [06/Oct/2021:08:33:56 -0300] "GET /cormun/servlet/hhome HTTP/1.1" 200 3831
192.168.10.78 - - [06/Oct/2021:08:33:57 -0300] "GET /cormun/servlet/trautorizarot? HTTP/1.1" 200 9618
192.168.10.78 - - [06/Oct/2021:08:33:58 -0300] "GET /cormun/servlet/trautorizarot? HTTP/1.1" 200 9616
192.168.10.94 - - [06/Oct/2021:08:33:59 -0300] "GET /cormun/servlet/vesolicitudgral?2021,17570,, HTTP/1.1" 200 9118
192.168.10.94 - - [06/Oct/2021:08:34:00 -0300] "GET /cormun/pexe_scrolldiv.js HTTP/1.1" 404 1009
192.168.10.94 - - [06/Oct/2021:08:34:00 -0300] "GET /cormun/servlet/vesolicitudgral?2021,17570,, HTTP/1.1" 200 9117
192.168.10.78 - - [06/Oct/2021:08:34:01 -0300] "POST /cormun/servlet/trautorizarot?1efcdf609fd82c69583831fe129a230d,,gx-no-cache=1633519206496 HTTP/1.1" 200 5365
192.168.10.78 - - [06/Oct/2021:08:34:03 -0300] "GET /cormun/servlet/trsolicitudgral? HTTP/1.1" 200 22850
192.168.10.78 - - [06/Oct/2021:08:34:03 -0300] "GET /cormun/servlet/trsolicitudgral? HTTP/1.1" 200 22850
190.171.154.42 - - [06/Oct/2021:08:35:54 -0300] "GET /cormun/servlet/hlogin HTTP/1.1" 200 1723
190.171.154.42 - - [06/Oct/2021:08:35:57 -0300] "GET /cormun/servlet/hlogin HTTP/1.1" 200 1733
190.171.152.234 - - [06/Oct/2021:08:36:10 -0300] "GET /cormun/static/Resources/resize.gif HTTP/1.1" 200 77
190.171.152.234 - - [06/Oct/2021:08:36:10 -0300] "GET /cormun/static/Resources/PXTools/ClosePrompt.png HTTP/1.1" 200 1036
190.171.152.234 - - [06/Oct/2021:08:36:10 -0300] "GET /cormun/servlet/prbanco?,MD,,gxPopupLevel%3D0%3B HTTP/1.1" 200 6547
190.171.152.234 - - [06/Oct/2021:08:36:10 -0300] "GET /cormun/static/gxcfg.js?20201216131581 HTTP/1.1" 200 953
190.171.152.234 - - [06/Oct/2021:08:36:11 -0300] "GET /cormun/static/prbanco.js?20201216132311 HTTP/1.1" 200 10693
190.171.152.234 - - [06/Oct/2021:08:36:11 -0300] "GET /cormun/static/menusearch.js?20201214473581 HTTP/1.1" 200 1424
190.171.152.234 - - [06/Oct/2021:08:36:11 -0300] "GET /cormun/static/Resources/PXToolsMenuSearchCancel.png HTTP/1.1" 200 306
190.171.152.234 - - [06/Oct/2021:08:36:11 -0300] "GET /cormun/static/hmpwkw011.js?20201215495555 HTTP/1.1" 200 1968
190.171.152.234 - - [06/Oct/2021:08:36:11 -0300] "GET /cormun/static/Resources/PXToolsMenuSearch.png HTTP/1.1" 200 336
200.54.103.162 - - [06/Oct/2021:08:36:18 -0300] "GET /cormun/servlet/hlogin HTTP/1.1" 200 1731
200.54.103.162 - - [06/Oct/2021:08:36:19 -0300] "GET /cormun/servlet/hlogin HTTP/1.1" 200 1742
190.171.152.234 - - [06/Oct/2021:08:36:20 -0300] "GET /cormun/servlet/solicitudot?a004924d1d98935ce5f569cb94865701c300138ff72a90f3f7208708b44bcdf2,gx-no-cache=1633519498336 HTTP/1.1" 200 94
190.171.152.234 - - [06/Oct/2021:08:36:22 -0300] "GET /cormun/servlet/solicitudot?a004924d1d98935ce5f569cb94865701184a38cd8d9e104782a30b517ae52d4e,gx-no-cache=1633519500640 HTTP/1.1" 200 53
200.54.103.162 - - [06/Oct/2021:08:36:44 -0300] "POST /cormun/servlet/hlogin?f8868c13416f022e9ce586755256767f,gx-no-cache=1633501417651 HTTP/1.1" 200 90
200.54.103.162 - - [06/Oct/2021:08:36:45 -0300] "GET /cormun/servlet/hpexe_link HTTP/1.1" 200 958
200.54.103.162 - - [06/Oct/2021:08:36:45 -0300] "GET /cormun/servlet/hhome HTTP/1.1" 200 4346
200.54.103.162 - - [06/Oct/2021:08:36:46 -0300] "GET /cormun/servlet/hhome HTTP/1.1" 200 4343
200.54.103.162 - - [06/Oct/2021:08:36:49 -0300] "GET /cormun/servlet/trsolicitudot? HTTP/1.1" 200 7569
200.54.103.162 - - [06/Oct/2021:08:36:50 -0300] "GET /cormun/servlet/trsolicitudot? HTTP/1.1" 200 7567
190.171.141.114 - - [06/Oct/2021:08:36:54 -0300] "GET /cormun/servlet/trvisualizadoreventos? HTTP/1.1" 200 5863
200.54.103.162 - - [06/Oct/2021:08:36:54 -0300] "GET /cormun/servlet/solicitudot?INS,0,0,false, HTTP/1.1" 200 15901
200.54.103.162 - - [06/Oct/2021:08:36:55 -0300] "GET /cormun/servlet/solicitudot?INS,0,0,false, HTTP/1.1" 200 15907
190.171.141.114 - - [06/Oct/2021:08:36:57 -0300] "GET /cormun/servlet/trvisualizadoreventos? HTTP/1.1" 200 5874
190.171.141.114 - - [06/Oct/2021:08:36:57 -0300] "GET /cormun/servlet/trvisualizadoreventos? HTTP/1.1" 200 5874
190.171.141.114 - - [06/Oct/2021:08:36:57 -0300] "GET /cormun/servlet/hlogin HTTP/1.1" 200 1742
200.54.103.162 - - [06/Oct/2021:08:37:09 -0300] "POST /cormun/servlet/solicitudot?gx-no-cache=1633501442190 HTTP/1.1" 200 3795
200.54.103.162 - - [06/Oct/2021:08:37:09 -0300] "GET /cormun/static/Shared/jqueryui/images/ui-bg_highlight-soft_100_c6c2c8_1x100.png HTTP/1.1" 404 1117
200.54.103.162 - - [06/Oct/2021:08:37:09 -0300] "GET /cormun/static/Shared/jqueryui/images/ui-icons_82798d_256x240.png HTTP/1.1" 404 1089
200.54.103.162 - - [06/Oct/2021:08:37:09 -0300] "GET /cormun/static/Shared/jqueryui/images/ui-icons_ebccce_256x240.png HTTP/1.1" 404 1089
200.54.103.162 - - [06/Oct/2021:08:37:09 -0300] "GET /cormun/static/Shared/jqueryui/images/ui-bg_flat_55_994d53_40x100.png HTTP/1.1" 404 1097
190.171.152.234 - - [06/Oct/2021:08:37:34 -0300] "GET /cormun/servlet/solicitudot?a004924d1d98935ce5f569cb94865701601ddfaf67a9538e1c92e77c9349008eef5cb43ad38b191a4dd0743fc9fd6adb9fea07eee2cdfbb406bd194df1d17e95,gx-no-cache=1633519572544 HTTP/1.1" 200 30
190.171.152.234 - - [06/Oct/2021:08:37:43 -0300] "POST /cormun/servlet/solicitudot?gx-no-cache=1633519581330 HTTP/1.1" 200 255
190.171.141.138 - - [06/Oct/2021:08:37:44 -0300] "GET /cormun/servlet/hlogin HTTP/1.1" 200 1727
190.171.152.234 - - [06/Oct/2021:08:37:48 -0300] "GET /cormun/servlet/solicitudot?a004924d1d98935ce5f569cb94865701dee08b38c11613f660a4e651cfeded373ac7b587d2faabf8ab7afa8c496427f13ecb76abb4e8c312d5289e5b32dd49ae6a18544455dd1a492aa17282fa1ef65885a4f4e5ca23c908805d1400e2abc108bc00adaee4e777ac14cac9372c5c30d6d961a25daf6b1506f960601ccd5009314dca6969bf4760a77ae43c0c6faeec0ac15c759dff67f9ecf4d86b28670171896948e7890d9a8d129ea84d48c84e718bb14a15c00c791dd914c524ac3e4893c23ba06284bfed990698d0d0c126f06f6e9fb91ac58e99dafc4c07a82393de2303c8cd8b2c1b77c9b51214fb62ffce59545084ca6e40cbc1cb1f8208e68d46e55ceb53e5e58f9281fb535c3165aa10f99b6a8e071f4e4aa5de55c8504d893999ef0ed8a9926d160dfbca2b496d920e12b821050a036630c6ef0163791adfee7faeb402702026edde7057fc19a57391c416cda8a327068e344dbc73265101f3b933308cd004f509abbb8a7a17bf267e135635ef1e1b24ee09d44aeeda030368b7f5,gx-no-cache=1633519586440 HTTP/1.1" 200 30
186.67.172.234 - - [06/Oct/2021:08:37:53 -0300] "GET /cormun/servlet/solicitudot?c565cc6bdfdeb13d34b8daf2fd90fce2c08345c65bc09e19f7c4c8536bc93b45968f0319a14d6a17d76e097465a8f0e5,gx-no-cache=1633519576659 HTTP/1.1" 200 30
190.171.152.234 - - [06/Oct/2021:08:38:13 -0300] "POST /cormun/servlet/solicitudot?gx-no-cache=1633519611328 HTTP/1.1" 200 240
190.171.152.234 - - [06/Oct/2021:08:38:14 -0300] "GET /cormun/servlet/solicitudot?a004924d1d98935ce5f569cb94865701dee08b38c11613f660a4e651cfeded3776fd5600f701360239b4eade621ea13b3ecb76abb4e8c312d5289e5b32dd49ae6a18544455dd1a492aa17282fa1ef65885a4f4e5ca23c908805d1400e2abc108bc00adaee4e777ac14cac9372c5c30d6d961a25daf6b1506f960601ccd5009314dca6969bf4760a77ae43c0c6faeec0ac15c759dff67f9ecf4d86b28670171896948e7890d9a8d129ea84d48c84e718bb14a15c00c791dd914c524ac3e4893c23ba06284bfed990698d0d0c126f06f6e9fb91ac58e99dafc4c07a82393de2303c8cd8b2c1b77c9b51214fb62ffce595438b9dddcb9fc8ff7f587e85c1da67422eb53e5e58f9281fb535c3165aa10f99b7e59e10d193dc861fb093521980528f73effb7f7a348007d96297956aa0ad3db3e182f2a1de774ad95fb92dc02f04616517261d07074976f99a5e10781688fb3c7d3afde6ad36a46f420de46ee14996dae648009fd76f2cecc6657c901100464604a392f9378f36f477eea4feb508a24,gx-no-cache=1633519612616 HTTP/1.1" 200 30
190.171.152.234 - - [06/Oct/2021:08:38:16 -0300] "POST /cormun/servlet/solicitudot?gx-no-cache=1633519614960 HTTP/1.1" 200 30
190.171.152.234 - - [06/Oct/2021:08:38:21 -0300] "GET /cormun/servlet/solicitudot?a004924d1d98935ce5f569cb94865701dee08b38c11613f660a4e651cfeded3776fd5600f701360239b4eade621ea13b3ecb76abb4e8c312d5289e5b32dd49ae6a18544455dd1a492aa17282fa1ef65885a4f4e5ca23c908805d1400e2abc108bc00adaee4e777ac14cac9372c5c30d6d961a25daf6b1506f960601ccd5009314dca6969bf4760a77ae43c0c6faeec0ac15c759dff67f9ecf4d86b28670171896948e7890d9a8d129ea84d48c84e718bb14a15c00c791dd914c524ac3e4893c23ba06284bfed990698d0d0c126f06f6e9fb91ac58e99dafc4c07a82393de2303c8cd8b2c1b77c9b51214fb62ffce5954af058f375f307e933b1dea0c228fa8deeb53e5e58f9281fb535c3165aa10f99b7e59e10d193dc861fb093521980528f73effb7f7a348007d96297956aa0ad3db3e182f2a1de774ad95fb92dc02f04616517261d07074976f99a5e10781688fb3c7d3afde6ad36a46f420de46ee14996dae648009fd76f2cecc6657c901100464604a392f9378f36f477eea4feb508a24,gx-no-cache=1633519619865 HTTP/1.1" 200 30
207.46.13.88 - - [06/Oct/2021:08:38:43 -0300] "GET /cormun/servlet/trlicenciaspermisosadjuntos?19851173,20190820000000,L,_escaped_fragment_%3D HTTP/1.1" 200 5323
207.46.13.120 - - [06/Oct/2021:08:38:56 -0300] "GET /cormun/static/calendar-es.js?85251 HTTP/1.1" 200 1901
207.46.13.120 - - [06/Oct/2021:08:38:56 -0300] "GET /cormun/static/hpexe_messagepopupcomponent.js?2020121447232 HTTP/1.1" 200 605
207.46.13.120 - - [06/Oct/2021:08:38:57 -0300] "GET /cormun/static/calendar-es.js?85251 HTTP/1.1" 200 1901
207.46.13.120 - - [06/Oct/2021:08:38:57 -0300] "GET /cormun/static/hpexe_messagepopupcomponent.js?2020121447232 HTTP/1.1" 200 605
207.46.13.110 - - [06/Oct/2021:08:38:59 -0300] "GET /cormun/static/Shared/ext/resources/css/ext-all.css?205870 HTTP/1.1" 200 416045
40.77.167.98 - - [06/Oct/2021:08:39:00 -0300] "GET /cormun/static/calendar-system.css?75620 HTTP/1.1" 200 5572
157.55.39.44 - - [06/Oct/2021:08:39:01 -0300] "GET /cormun/static/gxui/gxui-all.css?110300 HTTP/1.1" 200 2179
157.55.39.44 - - [06/Oct/2021:08:39:01 -0300] "GET /cormun/static/gxui/gxui-all.css?110300 HTTP/1.1" 200 2179
207.46.13.83 - - [06/Oct/2021:08:39:03 -0300] "GET /cormun/static/Resources/Spanish/PXTools.css?2294816 HTTP/1.1" 200 100853
186.67.172.234 - - [06/Oct/2021:08:39:03 -0300] "GET /cormun/servlet/trlicencias? HTTP/1.1" 200 17050
186.67.172.234 - - [06/Oct/2021:08:39:04 -0300] "GET /cormun/servlet/trlicencias? HTTP/1.1" 200 17062
40.77.167.98 - - [06/Oct/2021:08:39:05 -0300] "GET /cormun/static/hpexe_messagegenexuscomponent.js?2020121447173 HTTP/1.1" 200 587
207.46.13.110 - - [06/Oct/2021:08:39:06 -0300] "GET /cormun/static/calendar-setup.js?85251 HTTP/1.1" 200 2588
207.46.13.110 - - [06/Oct/2021:08:39:06 -0300] "GET /cormun/static/gxcfg.js?201991422445549 HTTP/1.1" 200 953
207.46.13.110 - - [06/Oct/2021:08:39:06 -0300] "GET /cormun/static/gxdec.js?85251 HTTP/1.1" 200 19579
207.46.13.110 - - [06/Oct/2021:08:39:07 -0300] "GET /cormun/static/trlicenciaspermisosadjuntos.js?20199142244593 HTTP/1.1" 200 21036
207.46.13.110 - - [06/Oct/2021:08:39:07 -0300] "GET /cormun/static/calendar-setup.js?85251 HTTP/1.1" 200 2588
207.46.13.110 - - [06/Oct/2021:08:39:08 -0300] "GET /cormun/static/gxcfg.js?201991422445549 HTTP/1.1" 200 953
207.46.13.110 - - [06/Oct/2021:08:39:08 -0300] "GET /cormun/static/gxdec.js?85251 HTTP/1.1" 200 19579
186.67.172.234 - - [06/Oct/2021:08:39:08 -0300] "POST /cormun/servlet/trlicencias?6e8dd7bdc8e4f18092484a80e5c9fbf8,,gx-no-cache=1633519651146 HTTP/1.1" 200 14898
207.46.13.110 - - [06/Oct/2021:08:39:08 -0300] "GET /cormun/static/trlicenciaspermisosadjuntos.js?20199142244593 HTTP/1.1" 200 21036
190.171.152.234 - - [06/Oct/2021:08:39:12 -0300] "POST /cormun/servlet/solicitudot?gx-no-cache=1633519670561 HTTP/1.1" 200 1440
190.171.152.234 - - [06/Oct/2021:08:39:15 -0300] "GET /cormun/servlet/prlicenciaspermisos?18042371,L,,MD,,gxPopupLevel%3D0%3B HTTP/1.1" 200 5403
190.171.152.234 - - [06/Oct/2021:08:39:15 -0300] "GET /cormun/static/gxcfg.js?2020121559567 HTTP/1.1" 200 953
190.171.152.234 - - [06/Oct/2021:08:39:15 -0300] "GET /cormun/static/prlicenciaspermisos.js?2020121559821 HTTP/1.1" 200 13379
207.46.13.110 - - [06/Oct/2021:08:39:17 -0300] "GET /cormun/static/Shared/ext/resources/css/ext-all.css?205870 HTTP/1.1" 200 416045
40.77.167.98 - - [06/Oct/2021:08:39:18 -0300] "GET /cormun/static/hpexe_messagegenexuscomponent.js?2020121447173 HTTP/1.1" 200 587
207.46.13.83 - - [06/Oct/2021:08:39:22 -0300] "GET /cormun/static/calendar.js?85251 HTTP/1.1" 200 26246
40.77.167.98 - - [06/Oct/2021:08:39:24 -0300] "GET /cormun/static/calendar-system.css?75620 HTTP/1.1" 200 5572
207.46.13.83 - - [06/Oct/2021:08:39:32 -0300] "GET /cormun/static/Resources/Spanish/PXTools.css?2294816 HTTP/1.1" 200 100853
207.46.13.83 - - [06/Oct/2021:08:39:33 -0300] "GET /cormun/static/calendar.js?85251 HTTP/1.1" 200 26246
190.171.152.234 - - [06/Oct/2021:08:39:33 -0300] "POST /cormun/servlet/solicitudot?gx-no-cache=1633519691784 HTTP/1.1" 200 40
192.168.10.94 - - [06/Oct/2021:08:39:50 -0300] "GET /cormun/servlet/vesolicitudgral?2021,17570,,SolicitudOTAdjuntos HTTP/1.1" 200 11597
192.168.10.94 - - [06/Oct/2021:08:39:51 -0300] "GET /cormun/pexe_scrolldiv.js HTTP/1.1" 404 1009
192.168.10.94 - - [06/Oct/2021:08:39:52 -0300] "POST /cormun/servlet/acontrolpreferencessavestate?None,ABARRERA,true HTTP/1.1" 200 35
192.168.10.94 - - [06/Oct/2021:08:39:53 -0300] "GET /cormun/servlet/vesolicitudgral?2021,17570,,SolicitudOTAdjuntos HTTP/1.1" 200 11599
192.168.10.94 - - [06/Oct/2021:08:39:54 -0300] "GET /cormun/PublicTempStorage/certificado_de_titulo__%281%297189972.pdf HTTP/1.1" 200 527024
192.168.10.94 - - [06/Oct/2021:08:40:00 -0300] "GET /cormun/servlet/vesolicitudgral?2021,17570,,SolicitudOTAdjuntos HTTP/1.1" 200 11600
190.171.141.114 - - [06/Oct/2021:08:40:01 -0300] "POST /cormun/servlet/hlogin?6fd7fe84d21eeacf5862887fa62a04aa,gx-no-cache=1633519709984 HTTP/1.1" 200 90
190.171.141.114 - - [06/Oct/2021:08:40:01 -0300] "GET /cormun/servlet/hpexe_link HTTP/1.1" 200 956
192.168.10.94 - - [06/Oct/2021:08:40:02 -0300] "POST /cormun/servlet/acontrolpreferencessavestate?None,ABARRERA,true HTTP/1.1" 200 35
192.168.10.94 - - [06/Oct/2021:08:40:03 -0300] "GET /cormun/servlet/vesolicitudgral?2021,17570,,General HTTP/1.1" 200 9116
192.168.10.94 - - [06/Oct/2021:08:40:03 -0300] "GET /cormun/servlet/vesolicitudgral?2021,17570,,SolicitudOTAdjuntos HTTP/1.1" 200 11554
192.168.10.94 - - [06/Oct/2021:08:40:03 -0300] "GET /cormun/pexe_scrolldiv.js HTTP/1.1" 404 1009
192.168.10.94 - - [06/Oct/2021:08:40:03 -0300] "GET /cormun/servlet/vesolicitudgral?2021,17570,,General HTTP/1.1" 200 9116
190.171.141.114 - - [06/Oct/2021:08:40:04 -0300] "GET /cormun/servlet/trvisualizadoreventos HTTP/1.1" 200 6546
190.171.141.114 - - [06/Oct/2021:08:40:07 -0300] "GET /cormun/servlet/trvisualizadoreventos HTTP/1.1" 200 6544
190.171.149.74 - - [06/Oct/2021:08:40:43 -0300] "GET /cormun/servlet/trsolicitudot? HTTP/1.1" 200 7191
190.171.149.74 - - [06/Oct/2021:08:40:43 -0300] "GET /cormun/servlet/trsolicitudot? HTTP/1.1" 200 7192
190.171.149.74 - - [06/Oct/2021:08:40:47 -0300] "GET /cormun/servlet/solicitudot?INS,0,0,false, HTTP/1.1" 200 15542
190.171.149.74 - - [06/Oct/2021:08:40:47 -0300] "GET /cormun/static/gxcfg.js?20203414241232 HTTP/1.1" 200 953
190.171.149.74 - - [06/Oct/2021:08:40:47 -0300] "GET /cormun/static/solicitudot.js?20203414242792 HTTP/1.1" 200 74114
190.171.149.74 - - [06/Oct/2021:08:40:47 -0300] "GET /cormun/servlet/solicitudot?INS,0,0,false, HTTP/1.1" 200 15549
190.171.152.234 - - [06/Oct/2021:08:41:04 -0300] "GET /cormun/servlet/solicitudot?a004924d1d98935ce5f569cb948657016e807d8634415691c602d8673e9dbc5c28eccfdca896547442f5459256a31d27b2237721d1f435bc43d3bc0502aa816cd6b597ee0daf440d4233482b943b9e8d73db1c17c6e45fb93157462128029196cd7cbaa9f92997226ef6884aa1660c3a,gx-no-cache=1633519782262 HTTP/1.1" 200 110
190.171.152.234 - - [06/Oct/2021:08:41:04 -0300] "POST /cormun/servlet/solicitudot?gx-no-cache=1633519782296 HTTP/1.1" 200 97
186.67.172.234 - - [06/Oct/2021:08:41:06 -0300] "GET /cormun/servlet/trsolicitudot? HTTP/1.1" 200 9009
186.67.172.234 - - [06/Oct/2021:08:41:06 -0300] "GET /cormun/servlet/trsolicitudot? HTTP/1.1" 200 9009
190.171.149.74 - - [06/Oct/2021:08:41:09 -0300] "POST /cormun/servlet/solicitudot?gx-no-cache=1633523392085 HTTP/1.1" 200 3728
186.67.172.234 - - [06/Oct/2021:08:41:09 -0300] "GET /cormun/servlet/solicitudot?INS,0,0,false, HTTP/1.1" 200 15924
190.171.149.74 - - [06/Oct/2021:08:41:09 -0300] "POST /cormun/servlet/solicitudot?15747df4d222c815f404386d057f47b2,INS,0,0,false,,gx-no-cache=1633523392241 HTTP/1.1" 200 12220
186.67.172.234 - - [06/Oct/2021:08:41:10 -0300] "GET /cormun/servlet/solicitudot?INS,0,0,false, HTTP/1.1" 200 15932
190.171.152.234 - - [06/Oct/2021:08:41:13 -0300] "GET /cormun/servlet/solicitudot?a004924d1d98935ce5f569cb94865701b6a9fd42567a90cf5cbe8839c9a6687ed2c8ad7bed70a0064e0115387713f8ed45b944bc9b4ce975b97595a908f9cdc77a715c52ca1499df6a39f840ea5eca33d59879b5f2bce150f305c88d3459a79f2f16ebb1746b5dd2541a0b6cbd42ccae,gx-no-cache=1633519791766 HTTP/1.1" 200 29
190.171.152.234 - - [06/Oct/2021:08:41:13 -0300] "GET /cormun/static/menuarrow.gif HTTP/1.1" 404 1015
186.67.172.234 - - [06/Oct/2021:08:41:15 -0300] "POST /cormun/servlet/solicitudot?gx-no-cache=1633519778967 HTTP/1.1" 200 3721
186.67.172.234 - - [06/Oct/2021:08:41:16 -0300] "POST /cormun/servlet/solicitudot?6e8dd7bdc8e4f18092484a80e5c9fbf8,INS,0,0,false,,gx-no-cache=1633519779079 HTTP/1.1" 200 12499
186.67.172.234 - - [06/Oct/2021:08:41:18 -0300] "GET /cormun/servlet/solicitudot?c565cc6bdfdeb13d34b8daf2fd90fce2c08345c65bc09e19f7c4c8536bc93b45968f0319a14d6a17d76e097465a8f0e5,gx-no-cache=1633519781391 HTTP/1.1" 200 30
190.171.152.234 - - [06/Oct/2021:08:41:19 -0300] "GET /cormun/servlet/solicitudot?a004924d1d98935ce5f569cb94865701546b70f7747939faabbd38d09ae552abe6613e132ae0b3d68e2f45a76761e240,gx-no-cache=1633519797924 HTTP/1.1" 200 30
190.171.152.234 - - [06/Oct/2021:08:41:19 -0300] "POST /cormun/servlet/solicitudot?gx-no-cache=1633519797946 HTTP/1.1" 200 34
190.171.149.74 - - [06/Oct/2021:08:41:22 -0300] "GET /cormun/servlet/solicitudot?54a013d84836741ca15ce9ea0c345e4cbb0c5ea9d3134c52608ca0d1ad7262e6fc8aa8f2c30b0ef1a2cab924a0358dc0,gx-no-cache=1633523404538 HTTP/1.1" 200 30
186.67.172.234 - - [06/Oct/2021:08:42:02 -0300] "GET /cormun/servlet/prbanco?,MD,,gxPopupLevel%3D0%3B HTTP/1.1" 200 6672
186.67.172.234 - - [06/Oct/2021:08:42:14 -0300] "GET /cormun/servlet/solicitudot?c565cc6bdfdeb13d34b8daf2fd90fce2ae33609c1ea1e3604589be62b92125e939fb88224aa5d83eb135c626d1a77bc14274d62bdda4b98edd2c75713e211232,gx-no-cache=1633519837807 HTTP/1.1" 200 30
186.67.172.234 - - [06/Oct/2021:08:42:16 -0300] "GET /cormun/servlet/solicitudot?c565cc6bdfdeb13d34b8daf2fd90fce2ca71abe8d49d2fdf2386e2b1ba161f1e,gx-no-cache=1633519839142 HTTP/1.1" 200 51
186.67.172.234 - - [06/Oct/2021:08:42:29 -0300] "POST /cormun/servlet/solicitudot?gx-no-cache=1633519852878 HTTP/1.1" 200 297
186.67.172.234 - - [06/Oct/2021:08:42:29 -0300] "GET /cormun/servlet/solicitudot?c565cc6bdfdeb13d34b8daf2fd90fce299dbdafaee3f25b92c9f04a48ce6e3403566005cfe6269de37825470114dd8dbf84994419b8d9a6123156b4919d84405b097836b89f448c5e257ed8ed9a3e6f13ea2d765c37720358f958c86289b9a5801a4d929bc824e0fbf337b76a3cab0fd1557459bf4c9d7fcb73c2b4c526b8dcb0edea3566374773b40a8424330c0b6ae458d36a0cb1601a6b3e6bd3584206a0fc103ef4575c0fe4079e1497eb87a8925f85f1ae76882f52a71f1517ff10eb4516f7956064f5ab074a47c7494036b371707882521993127269470fae638e452d9b31f74e51a1b8fb9bad12fce847c2d33496aaac732f39c08eb587ddff1f717cc76da0cc987616c5b0bf47e12827769ddd28b74d94164dec781358977a40ea32d8f3de86b2a4357db2c309876937b37e6fb9cd3391de390bb80c9c521591fba05c76a1a88ad96d58c40b7d3b7153bcfc72f81136cedd6b9e2f330ea16428a9e910e9f1acd48a4c14a176aecfc4172659ded3d81889e751acce35b6c49f6202e4f4190301c133f96c04d16c99d6d828f16,gx-no-cache=1633519852905 HTTP/1.1" 200 30
186.67.172.234 - - [06/Oct/2021:08:42:31 -0300] "POST /cormun/servlet/solicitudot?gx-no-cache=1633519854348 HTTP/1.1" 200 30
186.67.172.234 - - [06/Oct/2021:08:42:32 -0300] "POST /cormun/servlet/solicitudot?gx-no-cache=1633519855458 HTTP/1.1" 200 1438
186.67.172.234 - - [06/Oct/2021:08:42:32 -0300] "POST /cormun/servlet/solicitudot?gx-no-cache=1633519855488 HTTP/1.1" 200 38
186.67.172.234 - - [06/Oct/2021:08:42:36 -0300] "GET /cormun/servlet/solicitudot?c565cc6bdfdeb13d34b8daf2fd90fce27681d335cd70cdad4439a2b8214d12deb58eebeffd1aecd5ef51e75ecaea939c240364be8ff61bc80437eed3b0ffcf9058a9eb3afca3a15ff1a6fec74c6e80afd52391d30f39e385c712d13b75bec29e07eb18a15dbe130a521a87f79ca12239,gx-no-cache=1633519859618 HTTP/1.1" 200 110
190.171.149.74 - - [06/Oct/2021:08:42:39 -0300] "GET /cormun/static/Resources/PXTools/ClosePrompt.png HTTP/1.1" 200 1036
190.171.149.74 - - [06/Oct/2021:08:42:39 -0300] "GET /cormun/static/Resources/resize.gif HTTP/1.1" 200 77
190.171.149.74 - - [06/Oct/2021:08:42:39 -0300] "GET /cormun/servlet/prbanco?,MD,,gxPopupLevel%3D0%3B HTTP/1.1" 200 6535
190.171.149.74 - - [06/Oct/2021:08:42:39 -0300] "GET /cormun/static/gxcfg.js?20201216131581 HTTP/1.1" 200 953
190.171.149.74 - - [06/Oct/2021:08:42:40 -0300] "GET /cormun/static/prbanco.js?20201216132311 HTTP/1.1" 200 10693
190.171.149.74 - - [06/Oct/2021:08:42:40 -0300] "GET /cormun/static/menusearch.js?20201214473581 HTTP/1.1" 200 1424
186.67.172.234 - - [06/Oct/2021:08:42:40 -0300] "POST /cormun/servlet/solicitudot?gx-no-cache=1633519863110 HTTP/1.1" 200 110
190.171.149.74 - - [06/Oct/2021:08:42:40 -0300] "GET /cormun/static/Resources/PXToolsMenuSearch.png HTTP/1.1" 200 336
190.171.149.74 - - [06/Oct/2021:08:42:40 -0300] "GET /cormun/static/Resources/PXToolsMenuSearchCancel.png HTTP/1.1" 200 306
190.171.149.74 - - [06/Oct/2021:08:42:40 -0300] "GET /cormun/static/hmpwkw011.js?20201215495555 HTTP/1.1" 200 1968
190.171.149.74 - - [06/Oct/2021:08:42:44 -0300] "GET /cormun/servlet/solicitudot?54a013d84836741ca15ce9ea0c345e4ca25258b174dc1247fe80d1257ba89a461116c470f76d3974de6f1f56da399175,gx-no-cache=1633523486820 HTTP/1.1" 200 30
186.67.172.234 - - [06/Oct/2021:08:42:44 -0300] "GET /cormun/servlet/solicitudot?c565cc6bdfdeb13d34b8daf2fd90fce2d76821a205007127ffa15295c5a2789f3fda8b842fe8bea87bc320c31092b100972deae335272678ab112f7831c0f2fa2df62967315a07acd6deb8d8fba436c91535115c73650491aff8e97810486f869156af68633e754992a777130788fb52,gx-no-cache=1633519867836 HTTP/1.1" 200 29
186.67.172.234 - - [06/Oct/2021:08:42:44 -0300] "GET /cormun/static/menuarrow.gif HTTP/1.1" 404 1015
190.171.149.74 - - [06/Oct/2021:08:42:45 -0300] "GET /cormun/servlet/solicitudot?54a013d84836741ca15ce9ea0c345e4c35d7eafccab53c0a44c1656db1d78934,gx-no-cache=1633523488255 HTTP/1.1" 200 53
186.67.172.234 - - [06/Oct/2021:08:42:48 -0300] "GET /cormun/servlet/solicitudot?c565cc6bdfdeb13d34b8daf2fd90fce288409f2f8202805ec91955486f9ece06341d008e65b2a880b38caa8e0b5cec2b,gx-no-cache=1633519871404 HTTP/1.1" 200 30
186.67.172.234 - - [06/Oct/2021:08:42:58 -0300] "POST /cormun/servlet/solicitudot?gx-no-cache=1633519881137 HTTP/1.1" 200 30
190.171.149.74 - - [06/Oct/2021:08:43:04 -0300] "POST /cormun/servlet/solicitudot?gx-no-cache=1633523507192 HTTP/1.1" 200 240
186.67.172.234 - - [06/Oct/2021:08:43:06 -0300] "POST /cormun/servlet/solicitudot?6e8dd7bdc8e4f18092484a80e5c9fbf8,INS,0,0,false,,gx-no-cache=1633519889545 HTTP/1.1" 200 93
186.67.172.234 - - [06/Oct/2021:08:43:06 -0300] "GET /cormun/servlet/hpexe_return? HTTP/1.1" 200 1010
186.67.172.234 - - [06/Oct/2021:08:43:06 -0300] "GET /cormun/servlet/trsolicitudot HTTP/1.1" 200 9453
186.67.172.234 - - [06/Oct/2021:08:43:07 -0300] "GET /cormun/servlet/trsolicitudot HTTP/1.1" 200 9450
190.171.149.74 - - [06/Oct/2021:08:43:12 -0300] "GET /cormun/servlet/solicitudot?54a013d84836741ca15ce9ea0c345e4cfc95ebdacfbed80713ee847b6d0914a5fc1e5b35de38a6093cb7e0c79d3f93b07b2b231485f1d5f33c169bc75a726669d40c560be948197054a5bcd8781d4f97686aa2af1301c1f225b9e4b5d149933d7ee60d5df64f07f7cd1f5cf0bae6f854eac603b1d422af54649e476db975a80b7dc1d227bab3188fe82a5ba5736233c3046df5e6ca3cb0a61ea18ef8175b54ba38ad64093b98acc55ec244ba0d0bb7652b67ae3c46a95a56af1a9fd1757c93c1ff83dce57680d0d5d6951ef01b6a398278725f1692edb10aa24a12ef263d205ff4155be85de77d279a88a7862754d3ae437902b9f2d6b805f29c5ac6f364d4bc97cc28f5a4bc7fddecc1ac1821bbc0ad595aafa6ce1e79c7a8d7f0e986c6431afb5140985307d9b7159a646621f492446ee5e9024375653581f32a426a4fb013d412490c33f09150192bc135cc42dd8d7a08744060eb8cfcb1e48a0c287e8720ba2e9e3251ce7c04e778ad2decf88771244c025288852c915c68aa6243588cd6,gx-no-cache=1633523514486 HTTP/1.1" 200 30
186.67.172.234 - - [06/Oct/2021:08:43:12 -0300] "POST /cormun/servlet/trsolicitudot?6e8dd7bdc8e4f18092484a80e5c9fbf8,gx-no-cache=1633519895733 HTTP/1.1" 200 6093
186.67.172.234 - - [06/Oct/2021:08:43:12 -0300] "GET /cormun/static/Shared/jqueryui/images/ui-bg_highlight-soft_100_c6c2c8_1x100.png HTTP/1.1" 404 1117
186.67.172.234 - - [06/Oct/2021:08:43:12 -0300] "GET /cormun/static/Shared/jqueryui/images/ui-icons_8d78a5_256x240.png HTTP/1.1" 404 1089
186.67.172.234 - - [06/Oct/2021:08:43:12 -0300] "GET /cormun/static/Shared/jqueryui/images/ui-bg_flat_55_fafafa_40x100.png HTTP/1.1" 404 1097
186.67.172.234 - - [06/Oct/2021:08:43:12 -0300] "GET /cormun/static/Shared/jqueryui/images/ui-icons_82798d_256x240.png HTTP/1.1" 404 1089
186.67.172.234 - - [06/Oct/2021:08:43:12 -0300] "POST /cormun/servlet/trsolicitudot?6e8dd7bdc8e4f18092484a80e5c9fbf8,gx-no-cache=1633519895906 HTTP/1.1" 200 6038
190.171.149.74 - - [06/Oct/2021:08:43:14 -0300] "POST /cormun/servlet/solicitudot?gx-no-cache=1633523517064 HTTP/1.1" 200 30
186.67.172.234 - - [06/Oct/2021:08:43:15 -0300] "GET /cormun/servlet/trautorizarsolicitud? HTTP/1.1" 200 9240
186.67.172.234 - - [06/Oct/2021:08:43:15 -0300] "GET /cormun/servlet/trautorizarsolicitud? HTTP/1.1" 200 9239
186.67.172.234 - - [06/Oct/2021:08:43:24 -0300] "POST /cormun/servlet/trautorizarsolicitud?6e8dd7bdc8e4f18092484a80e5c9fbf8,,gx-no-cache=1633519907079 HTTP/1.1" 200 116
186.67.172.234 - - [06/Oct/2021:08:43:24 -0300] "GET /cormun/servlet/solicitudotlog?INS,2021,17618,0,ANU, HTTP/1.1" 200 6190
186.67.172.234 - - [06/Oct/2021:08:43:24 -0300] "GET /cormun/servlet/solicitudotlog?INS,2021,17618,0,ANU, HTTP/1.1" 200 6190
186.67.172.234 - - [06/Oct/2021:08:43:24 -0300] "GET /cormun/servlet/solicitudotlog?c565cc6bdfdeb13d34b8daf2fd90fce24d09753be0116e6e42bd27dd48535186398878fd116d20a57b168f514de57932fe54594394f9500e690a94fa56cdcdc110a9f70c8a277ed1545fecbe7c22bcbf2053cb432f04d8a0e881c72fd6986786a2e5cbde893803e8b7d46a217c577026c86498a2424bd5b09262c724efbbe93e5314c7ad660f84e40fb2be403feebd73b152f87270772fcbf6018c4b3f4cc3c9,gx-no-cache=1633519907848 HTTP/1.1" 200 94
190.171.149.74 - - [06/Oct/2021:08:43:25 -0300] "POST /cormun/servlet/solicitudot?gx-no-cache=1633523527524 HTTP/1.1" 200 1442
190.171.149.74 - - [06/Oct/2021:08:43:27 -0300] "GET /cormun/servlet/prlicenciaspermisos?11142601,L,,MD,,gxPopupLevel%3D0%3B HTTP/1.1" 200 7647
190.171.149.74 - - [06/Oct/2021:08:43:27 -0300] "GET /cormun/static/gxcfg.js?2020121559567 HTTP/1.1" 200 953
190.171.149.74 - - [06/Oct/2021:08:43:27 -0300] "GET /cormun/static/prlicenciaspermisos.js?2020121559821 HTTP/1.1" 200 13379
186.67.172.234 - - [06/Oct/2021:08:43:33 -0300] "POST /cormun/servlet/solicitudotlog?6e8dd7bdc8e4f18092484a80e5c9fbf8,INS,2021,17618,0,ANU,,gx-no-cache=1633519916226 HTTP/1.1" 200 93
186.67.172.234 - - [06/Oct/2021:08:43:33 -0300] "GET /cormun/servlet/hpexe_return? HTTP/1.1" 200 1029
186.67.172.234 - - [06/Oct/2021:08:43:33 -0300] "GET /cormun/servlet/trautorizarsolicitud HTTP/1.1" 200 8856
186.67.172.234 - - [06/Oct/2021:08:43:33 -0300] "GET /cormun/servlet/trautorizarsolicitud HTTP/1.1" 200 8852
190.171.149.74 - - [06/Oct/2021:08:43:33 -0300] "POST /cormun/servlet/solicitudot?gx-no-cache=1633523536397 HTTP/1.1" 200 40
186.67.172.234 - - [06/Oct/2021:08:43:38 -0300] "GET /cormun/servlet/trsolicitudot? HTTP/1.1" 200 9009
186.67.172.234 - - [06/Oct/2021:08:43:38 -0300] "GET /cormun/servlet/trsolicitudot? HTTP/1.1" 200 9009
190.171.141.114 - - [06/Oct/2021:08:43:39 -0300] "GET /cormun/servlet/trpermisosgoce? HTTP/1.1" 200 9519
190.171.141.114 - - [06/Oct/2021:08:43:40 -0300] "GET /cormun/servlet/trpermisosgoce? HTTP/1.1" 200 9518
190.171.149.74 - - [06/Oct/2021:08:43:46 -0300] "GET /cormun/servlet/solicitudot?54a013d84836741ca15ce9ea0c345e4ce27f7306b88b1705951413b42b205ae5307caf14f82887a988207d8ebad733b7723ca7ab7fbdef81d22009813bc98f6ecbaa0bf564a80daf821b0c3ae18a7c093e99dc0ba9789b6b4081ad9c4209f3a9182d5807005864f2425bf1a5f26ea823,gx-no-cache=1633523548706 HTTP/1.1" 200 110
190.171.149.74 - - [06/Oct/2021:08:43:46 -0300] "POST /cormun/servlet/solicitudot?gx-no-cache=1633523548745 HTTP/1.1" 200 64
190.171.141.114 - - [06/Oct/2021:08:43:47 -0300] "GET /cormun/servlet/permisogoce?INS,0,,, HTTP/1.1" 200 6858
190.171.141.114 - - [06/Oct/2021:08:43:48 -0300] "GET /cormun/servlet/permisogoce?INS,0,,, HTTP/1.1" 200 6860
186.67.172.234 - - [06/Oct/2021:08:43:49 -0300] "GET /cormun/servlet/solicitudot?INS,0,0,false, HTTP/1.1" 200 15924
186.67.172.234 - - [06/Oct/2021:08:43:49 -0300] "GET /cormun/servlet/solicitudot?INS,0,0,false, HTTP/1.1" 200 15932
190.171.149.74 - - [06/Oct/2021:08:43:50 -0300] "GET /cormun/servlet/solicitudot?54a013d84836741ca15ce9ea0c345e4c4ec8653588368d6d020410d1196a97f4ed85818a01c9a28a308f4c42c4039455315406c122f9cd5aa3199d7c3451ba54e4f6aba37fe47c5acdbcd49377e41104da6c98c648a45f4a862af1e4a7563e873acced09d2c89ee8ae3b961e73f927b2,gx-no-cache=1633523552888 HTTP/1.1" 200 29
190.171.149.74 - - [06/Oct/2021:08:43:50 -0300] "GET /cormun/static/menuarrow.gif HTTP/1.1" 404 1015
190.171.141.114 - - [06/Oct/2021:08:43:51 -0300] "GET /cormun/servlet/prfichaempleado?,MD,,gxPopupLevel%3D0%3B HTTP/1.1" 200 9296
190.171.149.74 - - [06/Oct/2021:08:43:53 -0300] "GET /cormun/servlet/solicitudot?54a013d84836741ca15ce9ea0c345e4c4e06e79e201168c5e3bb92fc0eabcca4b674c742163f2f1c9771f14e2decdc5d,gx-no-cache=1633523556064 HTTP/1.1" 200 30
190.171.149.74 - - [06/Oct/2021:08:43:53 -0300] "POST /cormun/servlet/solicitudot?gx-no-cache=1633523556121 HTTP/1.1" 200 34
186.67.172.234 - - [06/Oct/2021:08:43:55 -0300] "POST /cormun/servlet/solicitudot?gx-no-cache=1633519938903 HTTP/1.1" 200 3851
186.67.172.234 - - [06/Oct/2021:08:43:56 -0300] "POST /cormun/servlet/solicitudot?6e8dd7bdc8e4f18092484a80e5c9fbf8,INS,0,0,false,,gx-no-cache=1633519939024 HTTP/1.1" 200 12603
190.171.149.74 - - [06/Oct/2021:08:43:56 -0300] "POST /cormun/servlet/solicitudot?15747df4d222c815f404386d057f47b2,INS,0,0,false,,gx-no-cache=1633523558474 HTTP/1.1" 200 93
190.171.149.74 - - [06/Oct/2021:08:43:56 -0300] "GET /cormun/servlet/hpexe_return? HTTP/1.1" 200 1002
190.171.149.74 - - [06/Oct/2021:08:43:56 -0300] "GET /cormun/servlet/trsolicitudot HTTP/1.1" 200 8609
190.171.149.74 - - [06/Oct/2021:08:43:57 -0300] "GET /cormun/servlet/trsolicitudot HTTP/1.1" 200 8603
190.171.149.74 - - [06/Oct/2021:08:43:59 -0300] "POST /cormun/servlet/trsolicitudot?15747df4d222c815f404386d057f47b2,gx-no-cache=1633523561948 HTTP/1.1" 200 107
190.171.149.74 - - [06/Oct/2021:08:43:59 -0300] "GET /cormun/servlet/trsolicitudadjuntos?2021,17626, HTTP/1.1" 200 6080
190.171.149.74 - - [06/Oct/2021:08:43:59 -0300] "GET /cormun/servlet/trsolicitudadjuntos?2021,17626, HTTP/1.1" 200 6080
186.67.172.234 - - [06/Oct/2021:08:44:00 -0300] "GET /cormun/servlet/solicitudot?c565cc6bdfdeb13d34b8daf2fd90fce246e0e474a2c67fe0d9132ac0b76693f2968f0319a14d6a17d76e097465a8f0e5,gx-no-cache=1633519943662 HTTP/1.1" 200 30
190.171.149.74 - - [06/Oct/2021:08:44:03 -0300] "GET /cormun/servlet/solicitudotadjuntos?INS,2021,17626,,1, HTTP/1.1" 200 6027
190.171.149.74 - - [06/Oct/2021:08:44:03 -0300] "GET /cormun/static/about:blank HTTP/1.1" 404 1011
190.171.149.74 - - [06/Oct/2021:08:44:03 -0300] "GET /cormun/servlet/solicitudotadjuntos?INS,2021,17626,,1, HTTP/1.1" 200 6021
190.171.149.74 - - [06/Oct/2021:08:44:03 -0300] "GET /cormun/servlet/solicitudotadjuntos?54a013d84836741ca15ce9ea0c345e4cc9e53d6bfd957d389baea725b3ef042e20542ee15f53cc18b8a0978ff19cbd62,gx-no-cache=1633523566282 HTTP/1.1" 200 30
190.171.149.74 - - [06/Oct/2021:08:44:03 -0300] "POST /cormun/servlet/solicitudotadjuntos?15747df4d222c815f404386d057f47b2,INS,2021,17626,,1,,gx-no-cache=1633523566347 HTTP/1.1" 200 3867
190.171.141.114 - - [06/Oct/2021:08:44:06 -0300] "POST /cormun/servlet/prfichaempleado?6fd7fe84d21eeacf5862887fa62a04aa,,MD,,gxPopupLevel%3D0%3B,gx-no-cache=1633519955347 HTTP/1.1" 200 3398
186.67.172.234 - - [06/Oct/2021:08:44:08 -0300] "GET /cormun/servlet/prbanco?,MD,,gxPopupLevel%3D0%3B HTTP/1.1" 200 6672
190.171.149.74 - - [06/Oct/2021:08:44:09 -0300] "POST /cormun/servlet/solicitudotadjuntos?gx-no-cache=1633523571769 HTTP/1.1" 200 26
190.171.141.114 - - [06/Oct/2021:08:44:09 -0300] "GET /cormun/servlet/permisogoce?0fc8e112cedca0c7db0abbe618cf7a68534f846e19c752b43b86d4941f1286cc82311016f62f43b4501a6a81adf6cc9e508adebbc25dd1f3e31dc5dfdcc2e466,gx-no-cache=1633519958583 HTTP/1.1" 200 84
190.171.141.114 - - [06/Oct/2021:08:44:09 -0300] "GET /cormun/static/menuarrow.gif HTTP/1.1" 404 1015
186.67.172.234 - - [06/Oct/2021:08:44:10 -0300] "GET /cormun/servlet/solicitudot?c565cc6bdfdeb13d34b8daf2fd90fce2a6b2e316e25f9f3cca0582eeeb7ccf621358cbd24518731ad239730062465afa4274d62bdda4b98edd2c75713e211232,gx-no-cache=1633519953168 HTTP/1.1" 200 30
186.67.172.234 - - [06/Oct/2021:08:44:10 -0300] "GET /cormun/servlet/solicitudot?c565cc6bdfdeb13d34b8daf2fd90fce2ca71abe8d49d2fdf2386e2b1ba161f1e,gx-no-cache=1633519953985 HTTP/1.1" 200 51
190.171.141.114 - - [06/Oct/2021:08:44:13 -0300] "GET /cormun/servlet/permisogoce?0fc8e112cedca0c7db0abbe618cf7a68e3957282418079c5437529f1ad9b4ec70d755dfece0a62d39725c757d0402874ead5fb2ef04f5ba009aa25b353322a4f,gx-no-cache=1633519962492 HTTP/1.1" 200 46
190.171.141.114 - - [06/Oct/2021:08:44:18 -0300] "POST /cormun/servlet/permisogoce?6fd7fe84d21eeacf5862887fa62a04aa,INS,0,,,,gx-no-cache=1633519966327 HTTP/1.1" 200 93
190.171.141.114 - - [06/Oct/2021:08:44:18 -0300] "GET /cormun/servlet/hpexe_return? HTTP/1.1" 200 1003
190.171.141.114 - - [06/Oct/2021:08:44:18 -0300] "GET /cormun/servlet/trpermisosgoce HTTP/1.1" 200 9759
190.171.141.114 - - [06/Oct/2021:08:44:20 -0300] "GET /cormun/servlet/trpermisosgoce HTTP/1.1" 200 9755
186.67.172.234 - - [06/Oct/2021:08:44:30 -0300] "POST /cormun/servlet/solicitudot?gx-no-cache=1633519973623 HTTP/1.1" 200 240
186.67.172.234 - - [06/Oct/2021:08:44:30 -0300] "GET /cormun/servlet/solicitudot?c565cc6bdfdeb13d34b8daf2fd90fce299dbdafaee3f25b92c9f04a48ce6e340123fda7e60cf988150c1d9458f6a2c65f84994419b8d9a6123156b4919d84405b097836b89f448c5e257ed8ed9a3e6f13ea2d765c37720358f958c86289b9a5801a4d929bc824e0fbf337b76a3cab0fd1557459bf4c9d7fcb73c2b4c526b8dcb0edea3566374773b40a8424330c0b6ae458d36a0cb1601a6b3e6bd3584206a0fc103ef4575c0fe4079e1497eb87a8925f85f1ae76882f52a71f1517ff10eb4516f7956064f5ab074a47c7494036b371707882521993127269470fae638e452d9b31f74e51a1b8fb9bad12fce847c2d33496aaac732f39c08eb587ddff1f717cc76da0cc987616c5b0bf47e12827769ddd28b74d94164dec781358977a40ea32d8f3de86b2a4357db2c309876937b37e6fb9cd3391de390bb80c9c521591fba05737557b366c391136a7dbb143315275000b62e76f37420992e4a815860fefb9881e46101431ef7add6bbf2b2c83a6156ff3e0149941aaa0a994d122dec8a00a5,gx-no-cache=1633519973657 HTTP/1.1" 200 30
186.67.172.234 - - [06/Oct/2021:08:44:31 -0300] "POST /cormun/servlet/solicitudot?gx-no-cache=1633519974661 HTTP/1.1" 200 30
186.67.172.234 - - [06/Oct/2021:08:44:34 -0300] "POST /cormun/servlet/solicitudot?gx-no-cache=1633519977203 HTTP/1.1" 200 1440
186.67.172.234 - - [06/Oct/2021:08:44:34 -0300] "POST /cormun/servlet/solicitudot?gx-no-cache=1633519977238 HTTP/1.1" 200 38
186.67.172.234 - - [06/Oct/2021:08:44:34 -0300] "GET /cormun/servlet/solicitudot?c565cc6bdfdeb13d34b8daf2fd90fce27681d335cd70cdad4439a2b8214d12deb58eebeffd1aecd5ef51e75ecaea939c240364be8ff61bc80437eed3b0ffcf9058a9eb3afca3a15ff1a6fec74c6e80afd52391d30f39e385c712d13b75bec29e07eb18a15dbe130a521a87f79ca12239,gx-no-cache=1633519977258 HTTP/1.1" 200 110
186.67.172.234 - - [06/Oct/2021:08:44:38 -0300] "POST /cormun/servlet/solicitudot?gx-no-cache=1633519981096 HTTP/1.1" 200 110
190.171.141.114 - - [06/Oct/2021:08:44:40 -0300] "POST /cormun/servlet/trpermisosgoce?6fd7fe84d21eeacf5862887fa62a04aa,gx-no-cache=1633519989314 HTTP/1.1" 200 7012
186.67.172.234 - - [06/Oct/2021:08:44:41 -0300] "GET /cormun/servlet/solicitudot?c565cc6bdfdeb13d34b8daf2fd90fce2d76821a205007127ffa15295c5a2789f3fda8b842fe8bea87bc320c31092b100972deae335272678ab112f7831c0f2fa2df62967315a07acd6deb8d8fba436c91535115c73650491aff8e97810486f869156af68633e754992a777130788fb52,gx-no-cache=1633519984822 HTTP/1.1" 200 29
186.67.172.234 - - [06/Oct/2021:08:44:41 -0300] "GET /cormun/static/menuarrow.gif HTTP/1.1" 404 1015
186.67.172.234 - - [06/Oct/2021:08:44:44 -0300] "GET /cormun/servlet/solicitudot?c565cc6bdfdeb13d34b8daf2fd90fce288409f2f8202805ec91955486f9ece0671ad4317d9da60dde8f346644f0c3df9,gx-no-cache=1633519987836 HTTP/1.1" 200 30
190.171.141.114 - - [06/Oct/2021:08:44:45 -0300] "GET /cormun/servlet/apermisogoceprn?13302577,P,20211006082952,PU HTTP/1.1" 200 1650
186.67.172.234 - - [06/Oct/2021:08:44:48 -0300] "POST /cormun/servlet/solicitudot?gx-no-cache=1633519991450 HTTP/1.1" 200 30
186.67.172.234 - - [06/Oct/2021:08:44:52 -0300] "POST /cormun/servlet/solicitudot?6e8dd7bdc8e4f18092484a80e5c9fbf8,INS,0,0,false,,gx-no-cache=1633519995512 HTTP/1.1" 200 93
186.67.172.234 - - [06/Oct/2021:08:44:52 -0300] "GET /cormun/servlet/hpexe_return? HTTP/1.1" 200 1010
186.67.172.234 - - [06/Oct/2021:08:44:52 -0300] "GET /cormun/servlet/trsolicitudot HTTP/1.1" 200 9469
186.67.172.234 - - [06/Oct/2021:08:44:53 -0300] "GET /cormun/servlet/trsolicitudot HTTP/1.1" 200 9465
190.171.149.74 - - [06/Oct/2021:08:44:55 -0300] "GET /cormun/servlet/solicitudotadjuntos?54a013d84836741ca15ce9ea0c345e4cb771e68f791c3c0c52531d63f7185c14,gx-no-cache=1633523617441 HTTP/1.1" 200 30
190.171.149.74 - - [06/Oct/2021:08:44:55 -0300] "GET /cormun/servlet/solicitudotadjuntos?54a013d84836741ca15ce9ea0c345e4cb771e68f791c3c0c52531d63f7185c14,gx-no-cache=1633523617487 HTTP/1.1" 200 30
190.171.149.74 - - [06/Oct/2021:08:44:55 -0300] "POST /cormun/servlet/solicitudotadjuntos?15747df4d222c815f404386d057f47b2,INS,2021,17626,,1, HTTP/1.1" 200 116
190.171.149.74 - - [06/Oct/2021:08:44:55 -0300] "GET /cormun/servlet/hpexe_return? HTTP/1.1" 200 1020
190.171.149.74 - - [06/Oct/2021:08:44:55 -0300] "GET /cormun/servlet/trsolicitudadjuntos?2021,17626, HTTP/1.1" 200 8817
190.171.149.74 - - [06/Oct/2021:08:44:55 -0300] "GET /cormun/servlet/trsolicitudadjuntos?2021,17626, HTTP/1.1" 200 8814
190.171.149.74 - - [06/Oct/2021:08:44:57 -0300] "GET /cormun/servlet/solicitudotadjuntos?INS,2021,17626,,1, HTTP/1.1" 200 6028
190.171.149.74 - - [06/Oct/2021:08:44:57 -0300] "GET /cormun/static/about:blank HTTP/1.1" 404 1011
190.171.149.74 - - [06/Oct/2021:08:44:58 -0300] "GET /cormun/servlet/solicitudotadjuntos?INS,2021,17626,,1, HTTP/1.1" 200 6021
190.171.149.74 - - [06/Oct/2021:08:44:58 -0300] "GET /cormun/servlet/solicitudotadjuntos?54a013d84836741ca15ce9ea0c345e4cc9e53d6bfd957d389baea725b3ef042e20542ee15f53cc18b8a0978ff19cbd62,gx-no-cache=1633523620913 HTTP/1.1" 200 30
190.171.149.74 - - [06/Oct/2021:08:44:58 -0300] "POST /cormun/servlet/solicitudotadjuntos?15747df4d222c815f404386d057f47b2,INS,2021,17626,,1,,gx-no-cache=1633523620946 HTTP/1.1" 200 3866
190.171.149.74 - - [06/Oct/2021:08:45:00 -0300] "POST /cormun/servlet/solicitudotadjuntos?gx-no-cache=1633523622897 HTTP/1.1" 200 26
190.171.149.74 - - [06/Oct/2021:08:45:08 -0300] "GET /cormun/servlet/solicitudotadjuntos?54a013d84836741ca15ce9ea0c345e4cb771e68f791c3c0c52531d63f7185c14,gx-no-cache=1633523631032 HTTP/1.1" 200 30
190.171.149.74 - - [06/Oct/2021:08:45:08 -0300] "GET /cormun/servlet/solicitudotadjuntos?54a013d84836741ca15ce9ea0c345e4cb771e68f791c3c0c52531d63f7185c14,gx-no-cache=1633523631097 HTTP/1.1" 200 30
190.171.149.74 - - [06/Oct/2021:08:45:09 -0300] "POST /cormun/servlet/solicitudotadjuntos?15747df4d222c815f404386d057f47b2,INS,2021,17626,,1, HTTP/1.1" 200 116
190.171.149.74 - - [06/Oct/2021:08:45:09 -0300] "GET /cormun/servlet/hpexe_return? HTTP/1.1" 200 1020
190.171.149.74 - - [06/Oct/2021:08:45:10 -0300] "GET /cormun/servlet/trsolicitudadjuntos?2021,17626, HTTP/1.1" 200 9065
190.171.149.74 - - [06/Oct/2021:08:45:10 -0300] "GET /cormun/servlet/trsolicitudadjuntos?2021,17626, HTTP/1.1" 200 9061
190.171.149.74 - - [06/Oct/2021:08:45:11 -0300] "GET /cormun/servlet/solicitudotadjuntos?INS,2021,17626,,1, HTTP/1.1" 200 6028
190.171.149.74 - - [06/Oct/2021:08:45:12 -0300] "GET /cormun/static/about:blank HTTP/1.1" 404 1011
190.171.149.74 - - [06/Oct/2021:08:45:12 -0300] "GET /cormun/servlet/solicitudotadjuntos?INS,2021,17626,,1, HTTP/1.1" 200 6021
190.171.149.74 - - [06/Oct/2021:08:45:12 -0300] "GET /cormun/servlet/solicitudotadjuntos?54a013d84836741ca15ce9ea0c345e4cc9e53d6bfd957d389baea725b3ef042e20542ee15f53cc18b8a0978ff19cbd62,gx-no-cache=1633523635068 HTTP/1.1" 200 30
190.171.149.74 - - [06/Oct/2021:08:45:12 -0300] "POST /cormun/servlet/solicitudotadjuntos?15747df4d222c815f404386d057f47b2,INS,2021,17626,,1,,gx-no-cache=1633523635109 HTTP/1.1" 200 3866
190.171.149.74 - - [06/Oct/2021:08:45:16 -0300] "POST /cormun/servlet/solicitudotadjuntos?gx-no-cache=1633523639114 HTTP/1.1" 200 26
190.171.149.74 - - [06/Oct/2021:08:45:22 -0300] "GET /cormun/servlet/solicitudotadjuntos?54a013d84836741ca15ce9ea0c345e4cb771e68f791c3c0c52531d63f7185c14,gx-no-cache=1633523645416 HTTP/1.1" 200 30
190.171.149.74 - - [06/Oct/2021:08:45:23 -0300] "GET /cormun/servlet/solicitudotadjuntos?54a013d84836741ca15ce9ea0c345e4cb771e68f791c3c0c52531d63f7185c14,gx-no-cache=1633523645427 HTTP/1.1" 200 30
190.171.149.74 - - [06/Oct/2021:08:45:23 -0300] "POST /cormun/servlet/solicitudotadjuntos?15747df4d222c815f404386d057f47b2,INS,2021,17626,,1, HTTP/1.1" 200 116
190.171.149.74 - - [06/Oct/2021:08:45:23 -0300] "GET /cormun/servlet/hpexe_return? HTTP/1.1" 200 1020
190.171.149.74 - - [06/Oct/2021:08:45:23 -0300] "GET /cormun/servlet/trsolicitudadjuntos?2021,17626, HTTP/1.1" 200 9235
190.171.149.74 - - [06/Oct/2021:08:45:23 -0300] "GET /cormun/servlet/trsolicitudadjuntos?2021,17626, HTTP/1.1" 200 9231
190.171.149.74 - - [06/Oct/2021:08:45:26 -0300] "GET /cormun/servlet/solicitudotadjuntos?INS,2021,17626,,1, HTTP/1.1" 200 6028
190.171.149.74 - - [06/Oct/2021:08:45:26 -0300] "GET /cormun/static/about:blank HTTP/1.1" 404 1011
190.171.149.74 - - [06/Oct/2021:08:45:26 -0300] "GET /cormun/servlet/solicitudotadjuntos?INS,2021,17626,,1, HTTP/1.1" 200 6021
190.171.149.74 - - [06/Oct/2021:08:45:26 -0300] "GET /cormun/servlet/solicitudotadjuntos?54a013d84836741ca15ce9ea0c345e4cc9e53d6bfd957d389baea725b3ef042e20542ee15f53cc18b8a0978ff19cbd62,gx-no-cache=1633523649407 HTTP/1.1" 200 30
190.171.149.74 - - [06/Oct/2021:08:45:27 -0300] "POST /cormun/servlet/solicitudotadjuntos?15747df4d222c815f404386d057f47b2,INS,2021,17626,,1,,gx-no-cache=1633523649440 HTTP/1.1" 200 3866
190.171.149.74 - - [06/Oct/2021:08:45:30 -0300] "POST /cormun/servlet/solicitudotadjuntos?gx-no-cache=1633523652424 HTTP/1.1" 200 26
190.171.149.74 - - [06/Oct/2021:08:45:37 -0300] "GET /cormun/servlet/solicitudotadjuntos?54a013d84836741ca15ce9ea0c345e4cb771e68f791c3c0c52531d63f7185c14,gx-no-cache=1633523659712 HTTP/1.1" 200 30
190.171.149.74 - - [06/Oct/2021:08:45:37 -0300] "GET /cormun/servlet/solicitudotadjuntos?54a013d84836741ca15ce9ea0c345e4cb771e68f791c3c0c52531d63f7185c14,gx-no-cache=1633523659723 HTTP/1.1" 200 30
190.171.149.74 - - [06/Oct/2021:08:45:37 -0300] "POST /cormun/servlet/solicitudotadjuntos?15747df4d222c815f404386d057f47b2,INS,2021,17626,,1, HTTP/1.1" 200 116
190.171.149.74 - - [06/Oct/2021:08:45:37 -0300] "GET /cormun/servlet/hpexe_return? HTTP/1.1" 200 1020
190.171.149.74 - - [06/Oct/2021:08:45:37 -0300] "GET /cormun/servlet/trsolicitudadjuntos?2021,17626, HTTP/1.1" 200 9486
190.171.149.74 - - [06/Oct/2021:08:45:38 -0300] "GET /cormun/servlet/trsolicitudadjuntos?2021,17626, HTTP/1.1" 200 9481
190.171.149.74 - - [06/Oct/2021:08:45:40 -0300] "GET /cormun/servlet/solicitudotadjuntos?INS,2021,17626,,1, HTTP/1.1" 200 6028
190.171.149.74 - - [06/Oct/2021:08:45:40 -0300] "GET /cormun/static/about:blank HTTP/1.1" 404 1011
190.171.149.74 - - [06/Oct/2021:08:45:40 -0300] "GET /cormun/servlet/solicitudotadjuntos?INS,2021,17626,,1, HTTP/1.1" 200 6021
190.171.149.74 - - [06/Oct/2021:08:45:40 -0300] "GET /cormun/servlet/solicitudotadjuntos?54a013d84836741ca15ce9ea0c345e4cc9e53d6bfd957d389baea725b3ef042e20542ee15f53cc18b8a0978ff19cbd62,gx-no-cache=1633523663174 HTTP/1.1" 200 30
190.171.149.74 - - [06/Oct/2021:08:45:40 -0300] "POST /cormun/servlet/solicitudotadjuntos?15747df4d222c815f404386d057f47b2,INS,2021,17626,,1,,gx-no-cache=1633523663211 HTTP/1.1" 200 3866
190.171.149.74 - - [06/Oct/2021:08:45:44 -0300] "POST /cormun/servlet/solicitudotadjuntos?gx-no-cache=1633523666496 HTTP/1.1" 200 26
190.171.149.74 - - [06/Oct/2021:08:45:50 -0300] "GET /cormun/servlet/solicitudotadjuntos?54a013d84836741ca15ce9ea0c345e4cb771e68f791c3c0c52531d63f7185c14,gx-no-cache=1633523672624 HTTP/1.1" 200 30
190.171.149.74 - - [06/Oct/2021:08:45:50 -0300] "GET /cormun/servlet/solicitudotadjuntos?54a013d84836741ca15ce9ea0c345e4cb771e68f791c3c0c52531d63f7185c14,gx-no-cache=1633523672640 HTTP/1.1" 200 30
190.171.149.74 - - [06/Oct/2021:08:45:50 -0300] "POST /cormun/servlet/solicitudotadjuntos?15747df4d222c815f404386d057f47b2,INS,2021,17626,,1, HTTP/1.1" 200 116
190.171.149.74 - - [06/Oct/2021:08:45:50 -0300] "GET /cormun/servlet/hpexe_return? HTTP/1.1" 200 1020
190.171.149.74 - - [06/Oct/2021:08:45:50 -0300] "GET /cormun/servlet/trsolicitudadjuntos?2021,17626, HTTP/1.1" 200 9774
190.171.149.74 - - [06/Oct/2021:08:45:51 -0300] "GET /cormun/servlet/trsolicitudadjuntos?2021,17626, HTTP/1.1" 200 9774
190.171.149.74 - - [06/Oct/2021:08:45:57 -0300] "GET /cormun/servlet/solicitudotadjuntos?INS,2021,17626,,1, HTTP/1.1" 200 6027
190.171.149.74 - - [06/Oct/2021:08:45:57 -0300] "GET /cormun/static/about:blank HTTP/1.1" 404 1011
190.171.149.74 - - [06/Oct/2021:08:45:57 -0300] "GET /cormun/servlet/solicitudotadjuntos?INS,2021,17626,,1, HTTP/1.1" 200 6021
190.171.149.74 - - [06/Oct/2021:08:45:58 -0300] "GET /cormun/servlet/solicitudotadjuntos?54a013d84836741ca15ce9ea0c345e4cc9e53d6bfd957d389baea725b3ef042e20542ee15f53cc18b8a0978ff19cbd62,gx-no-cache=1633523680520 HTTP/1.1" 200 30
190.171.149.74 - - [06/Oct/2021:08:45:58 -0300] "POST /cormun/servlet/solicitudotadjuntos?15747df4d222c815f404386d057f47b2,INS,2021,17626,,1,,gx-no-cache=1633523680557 HTTP/1.1" 200 3867
190.171.149.74 - - [06/Oct/2021:08:46:00 -0300] "POST /cormun/servlet/solicitudotadjuntos?gx-no-cache=1633523682560 HTTP/1.1" 200 26
