190.171.141.90 - - [05/Oct/2021:15:18:01 -0300] "GET /cormun/servlet/solicitudot?f0a03f5fae65d10452d5fa69517541eacf6ca3c6456a586d252bd4c611591ef2566a9fce4280515d73ea2aa09bbf9059,gx-no-cache=1633457184673 HTTP/1.1" 200 30
190.171.141.90 - - [05/Oct/2021:15:18:01 -0300] "GET /cormun/servlet/solicitudot?f0a03f5fae65d10452d5fa69517541eab7044449d96a4bfd6e1fe7e065cef3d1b90dcad2ef014104455bb5c16dba2efca651df7f5471c13d8ee33bb2eada82d4,gx-no-cache=1633457184711 HTTP/1.1" 200 30
190.171.141.90 - - [05/Oct/2021:15:18:01 -0300] "GET /cormun/servlet/solicitudot?f0a03f5fae65d10452d5fa69517541eaca4f1f71771dbeac8ff362ea62282346,gx-no-cache=1633457184734 HTTP/1.1" 200 59
190.171.141.90 - - [05/Oct/2021:15:18:01 -0300] "POST /cormun/servlet/solicitudot?gx-no-cache=1633457184759 HTTP/1.1" 200 240
190.171.141.90 - - [05/Oct/2021:15:18:01 -0300] "GET /cormun/servlet/solicitudot?f0a03f5fae65d10452d5fa69517541eadf300396ad83cca6a604c6a966a563f74266d18933cdc5a4c1aef46ae1e7374b7304ed6dc406a3d1237c0cc8caa9401d2a1dca9f828d83189dac0c9a66da93d0df167781242e3b4cb09d050bdf0699ba9b1b03c341c2ac4f0050e3ff04630d4304654ea9fce561d644d768363f7b300e9668b4f4136197bea0b5acd59a1b961d6261cf225ef9f3670f3ef0363089cdf697d6e9825ce19b6d9df2ec0e9327e7ce44bc01d9f2a1157af350ccf469dd955ad0866e0fbecab99c9d4f11ebb6a6a3fc001723ba3da3e79bda4c0881e9493db40342cbf4a3d2c1218e71ed7b529a54376ef57513b0827712104bae48739b86887d0599b24fe0cba011ee7f46d9a50ba16e2f4008f965e45c3258fcaa4fb6bf33a96d63fcf4ae03ef130a639f163f5cbdc1d35d13f45e596d584f34861fd790e7f83cebc4420a7ff86fad107a67b3010a774c1ab368a8ccecd79e71e33ca2a7f895f050d27b586441570a30091b7b9e531ab5bfda41c35161c5374ee2188a1f56,gx-no-cache=1633457184790 HTTP/1.1" 200 30
190.171.141.90 - - [05/Oct/2021:15:18:04 -0300] "POST /cormun/servlet/solicitudot?gx-no-cache=1633457187350 HTTP/1.1" 200 30
190.171.141.90 - - [05/Oct/2021:15:19:12 -0300] "POST /cormun/servlet/solicitudot?gx-no-cache=1633457255212 HTTP/1.1" 200 1440
190.171.141.90 - - [05/Oct/2021:15:19:19 -0300] "GET /cormun/static/menuarrow.gif HTTP/1.1" 404 1015
192.168.10.94 - - [05/Oct/2021:15:19:28 -0300] "GET /cormun/servlet/trsolicitudgral HTTP/1.1" 200 10431
192.168.10.94 - - [05/Oct/2021:15:19:28 -0300] "GET /cormun/servlet/trsolicitudgral HTTP/1.1" 200 10429
192.168.10.94 - - [05/Oct/2021:15:19:39 -0300] "POST /cormun/servlet/trsolicitudgral?8ecbcc76f34b78e6783f77fd9d866c83,,gx-no-cache=1633457144272 HTTP/1.1" 200 7400
192.168.10.94 - - [05/Oct/2021:15:19:41 -0300] "POST /cormun/servlet/trsolicitudgral?8ecbcc76f34b78e6783f77fd9d866c83,,gx-no-cache=1633457146568 HTTP/1.1" 200 6216
192.168.10.94 - - [05/Oct/2021:15:19:41 -0300] "GET /cormun/static/Shared/jqueryui/images/ui-bg_highlight-soft_100_c6c2c8_1x100.png HTTP/1.1" 404 1117
192.168.10.94 - - [05/Oct/2021:15:19:41 -0300] "GET /cormun/static/Shared/jqueryui/images/ui-icons_82798d_256x240.png HTTP/1.1" 404 1089
192.168.10.94 - - [05/Oct/2021:15:19:41 -0300] "GET /cormun/static/Shared/jqueryui/images/ui-bg_flat_55_fafafa_40x100.png HTTP/1.1" 404 1097
192.168.10.94 - - [05/Oct/2021:15:19:41 -0300] "GET /cormun/static/Shared/jqueryui/images/ui-icons_8d78a5_256x240.png HTTP/1.1" 404 1089
190.171.141.138 - - [05/Oct/2021:15:20:12 -0300] "GET /cormun/servlet/trpermisosgoce HTTP/1.1" 200 12075
190.171.141.138 - - [05/Oct/2021:15:20:17 -0300] "GET /cormun/servlet/trpermisosgoce HTTP/1.1" 200 12071
190.171.141.90 - - [05/Oct/2021:15:20:33 -0300] "POST /cormun/servlet/solicitudot?gx-no-cache=1633457336850 HTTP/1.1" 200 118
190.171.141.90 - - [05/Oct/2021:15:20:33 -0300] "GET /cormun/static/Shared/jqueryui/images/ui-bg_highlight-soft_100_c6c2c8_1x100.png HTTP/1.1" 404 1117
190.171.141.90 - - [05/Oct/2021:15:20:33 -0300] "GET /cormun/static/Shared/jqueryui/images/ui-icons_82798d_256x240.png HTTP/1.1" 404 1089
190.171.141.90 - - [05/Oct/2021:15:20:33 -0300] "GET /cormun/static/Shared/jqueryui/images/ui-bg_flat_55_994d53_40x100.png HTTP/1.1" 404 1097
190.171.141.90 - - [05/Oct/2021:15:20:33 -0300] "GET /cormun/static/Shared/jqueryui/images/ui-icons_ebccce_256x240.png HTTP/1.1" 404 1089
190.171.141.90 - - [05/Oct/2021:15:20:34 -0300] "GET /cormun/servlet/solicitudot?f0a03f5fae65d10452d5fa69517541ea3906c4da088cc7858a03d9a47a77f9a340e6819f1c7b58fc181603da198d66895c0c8d18249ef890cd19d9fc3344a3ecdc1e6afcc51973c3b86e8f28c94282f941f934bfa641ffa249b7547d15af816c92b7f3ae8e9e43e3a961dbfeae6a4eff,gx-no-cache=1633457337125 HTTP/1.1" 200 110
190.171.141.90 - - [05/Oct/2021:15:20:34 -0300] "POST /cormun/servlet/solicitudot?gx-no-cache=1633457337174 HTTP/1.1" 200 97
192.168.10.94 - - [05/Oct/2021:15:20:39 -0300] "POST /cormun/servlet/trsolicitudgral?8ecbcc76f34b78e6783f77fd9d866c83,,gx-no-cache=1633457204645 HTTP/1.1" 200 7424
192.168.10.94 - - [05/Oct/2021:15:20:46 -0300] "GET /cormun/servlet/vesolicitudgral?2021,17555,, HTTP/1.1" 200 9089
192.168.10.94 - - [05/Oct/2021:15:20:47 -0300] "GET /cormun/pexe_scrolldiv.js HTTP/1.1" 404 1009
192.168.10.94 - - [05/Oct/2021:15:20:47 -0300] "GET /cormun/servlet/vesolicitudgral?2021,17555,, HTTP/1.1" 200 9088
190.171.141.90 - - [05/Oct/2021:15:20:51 -0300] "POST /cormun/servlet/solicitudot?gx-no-cache=1633457354366 HTTP/1.1" 200 118
190.171.141.90 - - [05/Oct/2021:15:20:51 -0300] "GET /cormun/servlet/solicitudot?f0a03f5fae65d10452d5fa69517541ea3906c4da088cc7858a03d9a47a77f9a340e6819f1c7b58fc181603da198d66895c0c8d18249ef890cd19d9fc3344a3ecdc1e6afcc51973c3b86e8f28c94282f941f934bfa641ffa249b7547d15af816c92b7f3ae8e9e43e3a961dbfeae6a4eff,gx-no-cache=1633457354397 HTTP/1.1" 200 110
190.171.141.90 - - [05/Oct/2021:15:20:51 -0300] "GET /cormun/servlet/solicitudot?f0a03f5fae65d10452d5fa69517541ea8806f1849172657e5680c3d92bbd96da042becdce7d6973c6a7ddd5efcefadf62a35a0f69f02bd1fda16fd885cdf98153fcb54769c603867e7f4a9f40363950dcf6474def2d970d0203797da7ea8c3a5ac227cb7b5ba19694ec6877a79b6bbb7d093aa284b2b1fa5b5c4d5a672bccc3cf117bdd2cbe6ed19bb5618f8e493416c66033d18af16e63bbd6acfff93f04e6a,gx-no-cache=1633457354423 HTTP/1.1" 200 29
190.171.141.90 - - [05/Oct/2021:15:21:13 -0300] "POST /cormun/servlet/solicitudot?gx-no-cache=1633457376302 HTTP/1.1" 200 118
190.171.141.90 - - [05/Oct/2021:15:21:13 -0300] "GET /cormun/servlet/solicitudot?f0a03f5fae65d10452d5fa69517541ea3906c4da088cc7858a03d9a47a77f9a340e6819f1c7b58fc181603da198d66895c0c8d18249ef890cd19d9fc3344a3ecdc1e6afcc51973c3b86e8f28c94282f941f934bfa641ffa249b7547d15af816c92b7f3ae8e9e43e3a961dbfeae6a4eff,gx-no-cache=1633457376340 HTTP/1.1" 200 110
190.171.141.90 - - [05/Oct/2021:15:21:19 -0300] "POST /cormun/servlet/solicitudot?gx-no-cache=1633457382472 HTTP/1.1" 200 118
190.171.141.90 - - [05/Oct/2021:15:21:19 -0300] "GET /cormun/servlet/solicitudot?f0a03f5fae65d10452d5fa69517541ea3906c4da088cc7858a03d9a47a77f9a340e6819f1c7b58fc181603da198d66895c0c8d18249ef890cd19d9fc3344a3ecdc1e6afcc51973c3b86e8f28c94282f941f934bfa641ffa249b7547d15af816c92b7f3ae8e9e43e3a961dbfeae6a4eff,gx-no-cache=1633457382506 HTTP/1.1" 200 110
190.171.141.90 - - [05/Oct/2021:15:21:22 -0300] "GET /cormun/servlet/solicitudot?f0a03f5fae65d10452d5fa69517541ead2ae9fb4fc9644c185690ccd6e9f63b3b242aaeb448b52c466ac2f72706e16bc,gx-no-cache=1633457385637 HTTP/1.1" 200 30
190.171.141.90 - - [05/Oct/2021:15:21:46 -0300] "POST /cormun/servlet/solicitudot?gx-no-cache=1633457409572 HTTP/1.1" 200 120
190.171.141.90 - - [05/Oct/2021:15:21:58 -0300] "POST /cormun/servlet/solicitudot?gx-no-cache=1633457421284 HTTP/1.1" 200 120
190.171.141.90 - - [05/Oct/2021:15:22:12 -0300] "POST /cormun/servlet/solicitudot?gx-no-cache=1633457435690 HTTP/1.1" 200 30
190.171.141.90 - - [05/Oct/2021:15:22:18 -0300] "POST /cormun/servlet/solicitudot?gx-no-cache=1633457441345 HTTP/1.1" 200 1440
190.171.141.90 - - [05/Oct/2021:15:22:18 -0300] "POST /cormun/servlet/solicitudot?gx-no-cache=1633457441437 HTTP/1.1" 200 41
190.171.141.90 - - [05/Oct/2021:15:22:18 -0300] "GET /cormun/servlet/solicitudot?f0a03f5fae65d10452d5fa69517541ea3906c4da088cc7858a03d9a47a77f9a340e6819f1c7b58fc181603da198d66895c0c8d18249ef890cd19d9fc3344a3ecdc1e6afcc51973c3b86e8f28c94282f941f934bfa641ffa249b7547d15af816c92b7f3ae8e9e43e3a961dbfeae6a4eff,gx-no-cache=1633457441464 HTTP/1.1" 200 110
190.171.141.90 - - [05/Oct/2021:15:22:18 -0300] "POST /cormun/servlet/solicitudot?gx-no-cache=1633457441490 HTTP/1.1" 200 97
190.171.141.90 - - [05/Oct/2021:15:22:18 -0300] "POST /cormun/servlet/solicitudot?gx-no-cache=1633457441518 HTTP/1.1" 200 30
186.67.172.234 - - [05/Oct/2021:15:22:33 -0300] "GET /cormun/servlet/prbanco?,MD,,gxPopupLevel%3D0%3B HTTP/1.1" 200 6672
186.67.172.234 - - [05/Oct/2021:15:22:39 -0300] "GET /cormun/servlet/solicitudot?b98be7c90c4d29238db12235347c733c9263a59d79f64043dad9d7cd2e5b46a9aee0ff8836744a3dcb44f70c86470557b15d9841bea13c48cd9a7e79ca41b6c2,gx-no-cache=1633457462381 HTTP/1.1" 200 30
186.67.172.234 - - [05/Oct/2021:15:22:41 -0300] "GET /cormun/servlet/solicitudot?b98be7c90c4d29238db12235347c733c1c8d5dc4eccb1b2c1a47d3457042f023,gx-no-cache=1633457465227 HTTP/1.1" 200 51
186.67.172.234 - - [05/Oct/2021:15:23:17 -0300] "POST /cormun/servlet/solicitudot?gx-no-cache=1633457500854 HTTP/1.1" 200 30
186.67.172.234 - - [05/Oct/2021:15:24:58 -0300] "POST /cormun/servlet/solicitudot?gx-no-cache=1633457602235 HTTP/1.1" 200 1434
186.67.172.234 - - [05/Oct/2021:15:24:58 -0300] "POST /cormun/servlet/solicitudot?gx-no-cache=1633457602289 HTTP/1.1" 200 38
186.67.172.234 - - [05/Oct/2021:15:25:02 -0300] "GET /cormun/servlet/solicitudot?b98be7c90c4d29238db12235347c733c96ef990f38a9b5c15c98c3f0b3682b153bdea46897ec065c58730da0db19a3c9f1ab485f6a0ae9ca24d09a89eb804620855810735ace74acfa0a1b31c9aa669f494ffc32cd7985f0b0690f424c307bae49a219c90b84fa687f232968a0a20a8c,gx-no-cache=1633457605376 HTTP/1.1" 200 110
186.67.172.234 - - [05/Oct/2021:15:25:05 -0300] "POST /cormun/servlet/solicitudot?gx-no-cache=1633457608823 HTTP/1.1" 200 110
186.67.172.234 - - [05/Oct/2021:15:25:09 -0300] "GET /cormun/servlet/solicitudot?b98be7c90c4d29238db12235347c733c2d7a2de782dd9c0193b6ca17ae9e7949b9010000268292ff2e14b6cd81d5f94376fd9415e5b276bd2165b694bc2b239add4a6d12f1aaba4463d3c5d97507f2b3,gx-no-cache=1633457612785 HTTP/1.1" 200 29
186.67.172.234 - - [05/Oct/2021:15:25:11 -0300] "GET /cormun/static/menuarrow.gif HTTP/1.1" 404 1015
186.67.172.234 - - [05/Oct/2021:15:25:16 -0300] "GET /cormun/servlet/solicitudot?b98be7c90c4d29238db12235347c733ccb115837ab98174b7706ea2f828efd917ea298739535ca8d72dadffefa21f566,gx-no-cache=1633457619797 HTTP/1.1" 200 30
186.67.172.234 - - [05/Oct/2021:15:25:23 -0300] "POST /cormun/servlet/solicitudot?gx-no-cache=1633457626527 HTTP/1.1" 200 30
186.67.172.234 - - [05/Oct/2021:15:25:23 -0300] "POST /cormun/servlet/solicitudot?e712b0032e710a0a2c089e76709c96e7,INS,0,0,false,,gx-no-cache=1633457626556 HTTP/1.1" 200 12867
186.67.172.234 - - [05/Oct/2021:15:25:26 -0300] "GET /cormun/servlet/trsolicitudot? HTTP/1.1" 200 9013
186.67.172.234 - - [05/Oct/2021:15:25:26 -0300] "GET /cormun/servlet/trsolicitudot? HTTP/1.1" 200 9012
192.168.10.94 - - [05/Oct/2021:15:26:31 -0300] "GET /cormun/servlet/trsolicitudgral HTTP/1.1" 200 10464
192.168.10.94 - - [05/Oct/2021:15:26:32 -0300] "GET /cormun/servlet/trsolicitudgral HTTP/1.1" 200 10462
192.168.10.94 - - [05/Oct/2021:15:26:37 -0300] "POST /cormun/servlet/trsolicitudgral?8ecbcc76f34b78e6783f77fd9d866c83,,gx-no-cache=1633457562043 HTTP/1.1" 200 6231
192.168.10.94 - - [05/Oct/2021:15:26:37 -0300] "GET /cormun/static/Shared/jqueryui/images/ui-bg_highlight-soft_100_c6c2c8_1x100.png HTTP/1.1" 404 1117
192.168.10.94 - - [05/Oct/2021:15:26:37 -0300] "GET /cormun/static/Shared/jqueryui/images/ui-icons_82798d_256x240.png HTTP/1.1" 404 1089
192.168.10.94 - - [05/Oct/2021:15:26:37 -0300] "GET /cormun/static/Shared/jqueryui/images/ui-bg_flat_55_fafafa_40x100.png HTTP/1.1" 404 1097
192.168.10.94 - - [05/Oct/2021:15:26:37 -0300] "GET /cormun/static/Shared/jqueryui/images/ui-icons_8d78a5_256x240.png HTTP/1.1" 404 1089
190.171.141.90 - - [05/Oct/2021:15:27:09 -0300] "GET /cormun/servlet/solicitudot?f0a03f5fae65d10452d5fa69517541ead2ae9fb4fc9644c185690ccd6e9f63b3b242aaeb448b52c466ac2f72706e16bc,gx-no-cache=1633457732348 HTTP/1.1" 200 30
190.171.141.90 - - [05/Oct/2021:15:27:09 -0300] "POST /cormun/servlet/solicitudot?gx-no-cache=1633457732429 HTTP/1.1" 200 30
190.171.141.90 - - [05/Oct/2021:15:27:55 -0300] "GET /cormun/servlet/solicitudot?f0a03f5fae65d10452d5fa69517541ead2ae9fb4fc9644c185690ccd6e9f63b38f2428b561677ca312badeebe901c0bb,gx-no-cache=1633457778658 HTTP/1.1" 200 30
190.171.141.90 - - [05/Oct/2021:15:27:55 -0300] "POST /cormun/servlet/solicitudot?gx-no-cache=1633457778689 HTTP/1.1" 200 30
190.171.141.90 - - [05/Oct/2021:15:27:55 -0300] "POST /cormun/servlet/solicitudot?7579e7d47b28ae3d6f7da7573cf44748,INS,0,0,false,,gx-no-cache=1633457778716 HTTP/1.1" 200 93
190.171.141.90 - - [05/Oct/2021:15:27:55 -0300] "GET /cormun/servlet/hpexe_return? HTTP/1.1" 200 1013
190.171.141.90 - - [05/Oct/2021:15:27:56 -0300] "GET /cormun/servlet/trsolicitudot HTTP/1.1" 200 8611
190.171.141.90 - - [05/Oct/2021:15:27:56 -0300] "GET /cormun//static/Resources/PXToolsActionView.png HTTP/1.1" 200 398
190.171.141.90 - - [05/Oct/2021:15:27:56 -0300] "GET /cormun//static/Resources/PXToolsGridUpdate.png HTTP/1.1" 200 470
190.171.141.90 - - [05/Oct/2021:15:27:56 -0300] "GET /cormun//static/Resources/PXToolsGridDelete.png HTTP/1.1" 200 538
190.171.141.90 - - [05/Oct/2021:15:27:56 -0300] "GET /cormun//static/Resources/PXTools/ActionInsert.png HTTP/1.1" 200 1482
190.171.141.90 - - [05/Oct/2021:15:27:56 -0300] "GET /cormun//static/Resources/PXToolsRemoveAllAction.png HTTP/1.1" 200 487
190.171.141.90 - - [05/Oct/2021:15:27:56 -0300] "GET /cormun/servlet/trsolicitudot HTTP/1.1" 200 8607
190.171.141.90 - - [05/Oct/2021:15:28:01 -0300] "POST /cormun/servlet/trsolicitudot?7579e7d47b28ae3d6f7da7573cf44748,gx-no-cache=1633457784814 HTTP/1.1" 200 107
190.171.141.90 - - [05/Oct/2021:15:28:01 -0300] "GET /cormun/servlet/trsolicitudadjuntos?2021,17620, HTTP/1.1" 200 6080
190.171.141.90 - - [05/Oct/2021:15:28:01 -0300] "GET /cormun/static/gxui/gxui-all.css?120300 HTTP/1.1" 200 2179
190.171.141.90 - - [05/Oct/2021:15:28:01 -0300] "GET /cormun/static/gxcfg.js?20201215574222 HTTP/1.1" 200 953
190.171.141.90 - - [05/Oct/2021:15:28:01 -0300] "GET /cormun/static/trsolicitudadjuntos.js?20201215574932 HTTP/1.1" 200 17922
190.171.141.90 - - [05/Oct/2021:15:28:01 -0300] "GET /cormun/static/Shared/ext/resources/css/ext-all.css?215870 HTTP/1.1" 200 416045
190.171.141.90 - - [05/Oct/2021:15:28:01 -0300] "GET /cormun/static/Resources/PXToolsGridNew.png HTTP/1.1" 200 427
190.171.141.90 - - [05/Oct/2021:15:28:02 -0300] "GET /cormun/servlet/trsolicitudadjuntos?2021,17620, HTTP/1.1" 200 6080
190.171.141.90 - - [05/Oct/2021:15:28:04 -0300] "GET /cormun/servlet/solicitudotadjuntos?INS,2021,17620,,1, HTTP/1.1" 200 6031
190.171.141.90 - - [05/Oct/2021:15:28:04 -0300] "GET /cormun/static/gxcfg.js?202012157947 HTTP/1.1" 200 953
190.171.141.90 - - [05/Oct/2021:15:28:04 -0300] "GET /cormun/static/solicitudotadjuntos.js?202012157966 HTTP/1.1" 200 11771
190.171.141.90 - - [05/Oct/2021:15:28:04 -0300] "GET /cormun/static/about:blank HTTP/1.1" 404 1011
190.171.141.90 - - [05/Oct/2021:15:28:04 -0300] "GET /cormun/servlet/solicitudotadjuntos?INS,2021,17620,,1, HTTP/1.1" 200 6025
190.171.141.90 - - [05/Oct/2021:15:28:05 -0300] "GET /cormun/servlet/solicitudotadjuntos?f0a03f5fae65d10452d5fa69517541ea9013a496443bf52f3961a65b4ea47194d6360d33453e24b5f6cd023825d4e93c,gx-no-cache=1633457788358 HTTP/1.1" 200 30
190.171.141.90 - - [05/Oct/2021:15:28:05 -0300] "POST /cormun/servlet/solicitudotadjuntos?7579e7d47b28ae3d6f7da7573cf44748,INS,2021,17620,,1,,gx-no-cache=1633457788387 HTTP/1.1" 200 3899
192.168.10.94 - - [05/Oct/2021:15:28:43 -0300] "POST /cormun/servlet/trsolicitudgral?8ecbcc76f34b78e6783f77fd9d866c83,,gx-no-cache=1633457688630 HTTP/1.1" 200 7416
192.168.10.94 - - [05/Oct/2021:15:28:45 -0300] "POST /cormun/servlet/trsolicitudgral?8ecbcc76f34b78e6783f77fd9d866c83,,gx-no-cache=1633457690862 HTTP/1.1" 200 6225
162.142.125.193 - - [05/Oct/2021:15:29:13 -0300] "GET / HTTP/1.1" 200 11217
162.142.125.193 - - [05/Oct/2021:15:29:13 -0300] "GET / HTTP/1.1" 200 11217
186.67.172.234 - - [05/Oct/2021:15:31:48 -0300] "GET /cormun/servlet/trpermisosgoce? HTTP/1.1" 200 15562
186.67.172.234 - - [05/Oct/2021:15:31:49 -0300] "GET /cormun/servlet/trpermisosgoce? HTTP/1.1" 200 15580
186.67.172.234 - - [05/Oct/2021:15:32:06 -0300] "GET /cormun/servlet/permisogoce?INS,0,,, HTTP/1.1" 200 7266
186.67.172.234 - - [05/Oct/2021:15:32:07 -0300] "GET /cormun/servlet/permisogoce?INS,0,,, HTTP/1.1" 200 7266
192.168.10.94 - - [05/Oct/2021:15:33:11 -0300] "POST /cormun/servlet/trsolicitudgral?8ecbcc76f34b78e6783f77fd9d866c83,,gx-no-cache=1633457956588 HTTP/1.1" 200 6005
192.168.10.94 - - [05/Oct/2021:15:33:15 -0300] "POST /cormun/servlet/trsolicitudgral?8ecbcc76f34b78e6783f77fd9d866c83,,gx-no-cache=1633457960558 HTTP/1.1" 200 7422
192.168.10.94 - - [05/Oct/2021:15:33:17 -0300] "GET /cormun/servlet/vesolicitudgral?2021,17559,, HTTP/1.1" 200 9043
192.168.10.94 - - [05/Oct/2021:15:33:17 -0300] "GET /cormun/pexe_scrolldiv.js HTTP/1.1" 404 1009
192.168.10.94 - - [05/Oct/2021:15:33:18 -0300] "GET /cormun/servlet/vesolicitudgral?2021,17559,, HTTP/1.1" 200 9041
186.67.172.234 - - [05/Oct/2021:15:33:38 -0300] "GET /cormun/servlet/permisogoce?53ee884468c6bf9276360d1577590453126f41ca0c190044c8eb724d210db130556d9d7cd9188213bda0cc1d34d31854126fd8b48109291453c1eed091abba0f,gx-no-cache=1633458121758 HTTP/1.1" 200 78
186.67.172.234 - - [05/Oct/2021:15:33:41 -0300] "GET /cormun/static/menuarrow.gif HTTP/1.1" 404 1015
186.67.172.234 - - [05/Oct/2021:15:33:47 -0300] "GET /cormun/servlet/permisogoce?53ee884468c6bf9276360d1577590453f76aab799b0e1b9654eaff4d66aa98045e37ec1c22d47e2dbe23ba333f61dc5461fd023e0f80d3e32d46f8d44cd6633d,gx-no-cache=1633458130860 HTTP/1.1" 200 45
186.67.172.234 - - [05/Oct/2021:15:33:56 -0300] "POST /cormun/servlet/permisogoce?e712b0032e710a0a2c089e76709c96e7,INS,0,,,,gx-no-cache=1633458139113 HTTP/1.1" 200 93
186.67.172.234 - - [05/Oct/2021:15:33:56 -0300] "GET /cormun/servlet/hpexe_return? HTTP/1.1" 200 1010
186.67.172.234 - - [05/Oct/2021:15:33:56 -0300] "GET /cormun/servlet/trpermisosgoce HTTP/1.1" 200 15857
186.67.172.234 - - [05/Oct/2021:15:33:56 -0300] "GET /cormun/servlet/trpermisosgoce HTTP/1.1" 200 15893
186.67.172.234 - - [05/Oct/2021:15:34:01 -0300] "GET /cormun/servlet/trpermisosadjuntos?15731116,20211005151812,P, HTTP/1.1" 200 6686
186.67.172.234 - - [05/Oct/2021:15:34:01 -0300] "GET /cormun/servlet/trpermisosadjuntos?15731116,20211005151812,P, HTTP/1.1" 200 6686
186.67.172.234 - - [05/Oct/2021:15:34:03 -0300] "GET /cormun/servlet/permisosadjuntos?INS,15731116,P,20211005151812,, HTTP/1.1" 200 6015
186.67.172.234 - - [05/Oct/2021:15:34:03 -0300] "GET /cormun/static/about:blank HTTP/1.1" 404 1011
186.67.172.234 - - [05/Oct/2021:15:34:03 -0300] "GET /cormun/servlet/permisosadjuntos?INS,15731116,P,20211005151812,, HTTP/1.1" 200 6004
186.67.172.234 - - [05/Oct/2021:15:34:09 -0300] "POST /cormun/servlet/permisosadjuntos?e712b0032e710a0a2c089e76709c96e7,INS,15731116,P,20211005151812,, HTTP/1.1" 200 116
186.67.172.234 - - [05/Oct/2021:15:34:09 -0300] "GET /cormun/servlet/hpexe_return? HTTP/1.1" 200 1039
186.67.172.234 - - [05/Oct/2021:15:34:09 -0300] "GET /cormun/servlet/trpermisosadjuntos?15731116,20211005151812,P, HTTP/1.1" 200 7209
186.67.172.234 - - [05/Oct/2021:15:34:09 -0300] "GET /cormun/servlet/trpermisosadjuntos?15731116,20211005151812,P, HTTP/1.1" 200 7205
186.67.172.234 - - [05/Oct/2021:15:34:11 -0300] "POST /cormun/servlet/trpermisosadjuntos?e712b0032e710a0a2c089e76709c96e7,15731116,20211005151812,P,,gx-no-cache=1633458155096 HTTP/1.1" 200 90
186.67.172.234 - - [05/Oct/2021:15:34:11 -0300] "GET /cormun/servlet/hpexe_link HTTP/1.1" 200 985
186.67.172.234 - - [05/Oct/2021:15:34:12 -0300] "GET /cormun/servlet/trpermisosgoce HTTP/1.1" 200 15894
186.67.172.234 - - [05/Oct/2021:15:34:12 -0300] "GET /cormun/servlet/trpermisosgoce HTTP/1.1" 200 15890
186.67.172.234 - - [05/Oct/2021:15:34:29 -0300] "GET /cormun/servlet/permisogoce?INS,0,,, HTTP/1.1" 200 7265
186.67.172.234 - - [05/Oct/2021:15:34:29 -0300] "GET /cormun/servlet/permisogoce?INS,0,,, HTTP/1.1" 200 7265
186.67.172.234 - - [05/Oct/2021:15:34:39 -0300] "GET /cormun/servlet/permisogoce?53ee884468c6bf9276360d1577590453673d563204ddf9c337b75e4eb3ab27b8556d9d7cd9188213bda0cc1d34d31854126fd8b48109291453c1eed091abba0f,gx-no-cache=1633458182413 HTTP/1.1" 200 78
176.111.173.223 - - [05/Oct/2021:15:34:41 -0300] "CONNECT www.google.com:443 HTTP/1.1" 400 -
186.67.172.234 - - [05/Oct/2021:15:34:43 -0300] "GET /cormun/static/menuarrow.gif HTTP/1.1" 404 1015
186.67.172.234 - - [05/Oct/2021:15:34:49 -0300] "GET /cormun/servlet/permisogoce?53ee884468c6bf9276360d15775904537c58c27d2b018bd1b9d05ad71c0dfce8bd245b10c3a27147c5020b0c5a07d3c961fd023e0f80d3e32d46f8d44cd6633d,gx-no-cache=1633458192812 HTTP/1.1" 200 45
192.168.10.94 - - [05/Oct/2021:15:35:04 -0300] "GET /cormun/servlet/trsolicitudgral HTTP/1.1" 200 10456
192.168.10.94 - - [05/Oct/2021:15:35:04 -0300] "GET /cormun/servlet/trsolicitudgral HTTP/1.1" 200 10454
186.67.172.234 - - [05/Oct/2021:15:35:04 -0300] "GET /cormun/servlet/permisogoce?53ee884468c6bf9276360d15775904537c58c27d2b018bd1b9d05ad71c0dfce80c7f8524805d44332231860f9de9bbb0857e952cd0968c0af1d4ade3ade95e07,gx-no-cache=1633458208230 HTTP/1.1" 200 45
186.67.172.234 - - [05/Oct/2021:15:35:05 -0300] "POST /cormun/servlet/permisogoce?e712b0032e710a0a2c089e76709c96e7,INS,0,,,,gx-no-cache=1633458208250 HTTP/1.1" 200 93
186.67.172.234 - - [05/Oct/2021:15:35:05 -0300] "GET /cormun/servlet/hpexe_return? HTTP/1.1" 200 1010
186.67.172.234 - - [05/Oct/2021:15:35:05 -0300] "GET /cormun/servlet/trpermisosgoce HTTP/1.1" 200 16095
186.67.172.234 - - [05/Oct/2021:15:35:06 -0300] "GET /cormun/servlet/trpermisosgoce HTTP/1.1" 200 16090
186.67.172.234 - - [05/Oct/2021:15:35:09 -0300] "GET /cormun/servlet/trpermisosadjuntos?17271496,20211005152035,P, HTTP/1.1" 200 6685
186.67.172.234 - - [05/Oct/2021:15:35:09 -0300] "GET /cormun/servlet/trpermisosadjuntos?17271496,20211005152035,P, HTTP/1.1" 200 6685
192.168.10.94 - - [05/Oct/2021:15:35:11 -0300] "POST /cormun/servlet/trsolicitudgral?8ecbcc76f34b78e6783f77fd9d866c83,,gx-no-cache=1633458076118 HTTP/1.1" 200 7406
186.67.172.234 - - [05/Oct/2021:15:35:11 -0300] "GET /cormun/servlet/permisosadjuntos?INS,17271496,P,20211005152035,, HTTP/1.1" 200 6012
186.67.172.234 - - [05/Oct/2021:15:35:11 -0300] "GET /cormun/static/about:blank HTTP/1.1" 404 1011
186.67.172.234 - - [05/Oct/2021:15:35:11 -0300] "GET /cormun/servlet/permisosadjuntos?INS,17271496,P,20211005152035,, HTTP/1.1" 200 6002
192.168.10.94 - - [05/Oct/2021:15:35:13 -0300] "GET /cormun/servlet/vesolicitudgral?2021,17527,, HTTP/1.1" 200 9076
192.168.10.94 - - [05/Oct/2021:15:35:14 -0300] "GET /cormun/pexe_scrolldiv.js HTTP/1.1" 404 1009
192.168.10.94 - - [05/Oct/2021:15:35:14 -0300] "GET /cormun/servlet/vesolicitudgral?2021,17527,, HTTP/1.1" 200 9076
186.67.172.234 - - [05/Oct/2021:15:35:24 -0300] "POST /cormun/servlet/permisosadjuntos?e712b0032e710a0a2c089e76709c96e7,INS,17271496,P,20211005152035,, HTTP/1.1" 200 116
186.67.172.234 - - [05/Oct/2021:15:35:24 -0300] "GET /cormun/servlet/hpexe_return? HTTP/1.1" 200 1040
186.67.172.234 - - [05/Oct/2021:15:35:24 -0300] "GET /cormun/servlet/trpermisosadjuntos?17271496,20211005152035,P, HTTP/1.1" 200 7205
186.67.172.234 - - [05/Oct/2021:15:35:24 -0300] "GET /cormun/servlet/trpermisosadjuntos?17271496,20211005152035,P, HTTP/1.1" 200 7202
186.67.172.234 - - [05/Oct/2021:15:35:27 -0300] "POST /cormun/servlet/trpermisosadjuntos?e712b0032e710a0a2c089e76709c96e7,17271496,20211005152035,P,,gx-no-cache=1633458230528 HTTP/1.1" 200 90
186.67.172.234 - - [05/Oct/2021:15:35:27 -0300] "GET /cormun/servlet/hpexe_link HTTP/1.1" 200 986
186.67.172.234 - - [05/Oct/2021:15:35:27 -0300] "GET /cormun/servlet/trpermisosgoce HTTP/1.1" 200 16120
186.67.172.234 - - [05/Oct/2021:15:35:27 -0300] "GET /cormun/servlet/trpermisosgoce HTTP/1.1" 200 16089
192.168.10.94 - - [05/Oct/2021:15:35:33 -0300] "GET /cormun/servlet/trsolicitudgral HTTP/1.1" 200 10434
192.168.10.94 - - [05/Oct/2021:15:35:34 -0300] "GET /cormun/servlet/trsolicitudgral HTTP/1.1" 200 10432
186.67.172.234 - - [05/Oct/2021:15:35:36 -0300] "GET /cormun/servlet/permisogoce?INS,0,,, HTTP/1.1" 200 7265
186.67.172.234 - - [05/Oct/2021:15:35:36 -0300] "GET /cormun/servlet/permisogoce?INS,0,,, HTTP/1.1" 200 7265
192.168.10.94 - - [05/Oct/2021:15:35:40 -0300] "POST /cormun/servlet/trsolicitudgral?8ecbcc76f34b78e6783f77fd9d866c83,,gx-no-cache=1633458105350 HTTP/1.1" 200 7429
192.168.10.94 - - [05/Oct/2021:15:35:42 -0300] "GET /cormun/servlet/vesolicitudgral?2021,17555,, HTTP/1.1" 200 9097
192.168.10.94 - - [05/Oct/2021:15:35:42 -0300] "GET /cormun/pexe_scrolldiv.js HTTP/1.1" 404 1009
192.168.10.94 - - [05/Oct/2021:15:35:42 -0300] "GET /cormun/servlet/vesolicitudgral?2021,17555,, HTTP/1.1" 200 9096
186.67.172.234 - - [05/Oct/2021:15:35:55 -0300] "GET /cormun/servlet/permisogoce?53ee884468c6bf9276360d1577590453138c102184693fe462cf75ac56312835556d9d7cd9188213bda0cc1d34d31854126fd8b48109291453c1eed091abba0f,gx-no-cache=1633458259196 HTTP/1.1" 200 78
186.67.172.234 - - [05/Oct/2021:15:35:56 -0300] "GET /cormun/static/menuarrow.gif HTTP/1.1" 404 1015
186.67.172.234 - - [05/Oct/2021:15:36:02 -0300] "GET /cormun/servlet/permisogoce?53ee884468c6bf9276360d15775904538090bdce1c2aa55414e64dd9c2a112b0659d9fbdc1b7329609f1172248246c1c61fd023e0f80d3e32d46f8d44cd6633d,gx-no-cache=1633458265796 HTTP/1.1" 200 46
186.67.172.234 - - [05/Oct/2021:15:36:08 -0300] "POST /cormun/servlet/permisogoce?e712b0032e710a0a2c089e76709c96e7,INS,0,,,,gx-no-cache=1633458271088 HTTP/1.1" 200 93
186.67.172.234 - - [05/Oct/2021:15:36:08 -0300] "GET /cormun/servlet/hpexe_return? HTTP/1.1" 200 1010
186.67.172.234 - - [05/Oct/2021:15:36:08 -0300] "GET /cormun/servlet/trpermisosgoce HTTP/1.1" 200 16348
186.67.172.234 - - [05/Oct/2021:15:36:08 -0300] "GET /cormun/servlet/trpermisosgoce HTTP/1.1" 200 16346
186.67.172.234 - - [05/Oct/2021:15:36:13 -0300] "GET /cormun/servlet/trpermisosadjuntos?15105457,20211005152141,P, HTTP/1.1" 200 6684
186.67.172.234 - - [05/Oct/2021:15:36:13 -0300] "GET /cormun/servlet/trpermisosadjuntos?15105457,20211005152141,P, HTTP/1.1" 200 6684
186.67.172.234 - - [05/Oct/2021:15:36:15 -0300] "GET /cormun/servlet/permisosadjuntos?INS,15105457,P,20211005152141,, HTTP/1.1" 200 6011
186.67.172.234 - - [05/Oct/2021:15:36:15 -0300] "GET /cormun/static/about:blank HTTP/1.1" 404 1011
186.67.172.234 - - [05/Oct/2021:15:36:15 -0300] "GET /cormun/servlet/permisosadjuntos?INS,15105457,P,20211005152141,, HTTP/1.1" 200 6001
192.168.10.94 - - [05/Oct/2021:15:36:16 -0300] "GET /cormun/servlet/trsolicitudgral HTTP/1.1" 200 10464
192.168.10.94 - - [05/Oct/2021:15:36:16 -0300] "GET /cormun/servlet/trsolicitudgral HTTP/1.1" 200 10462
192.168.10.94 - - [05/Oct/2021:15:36:23 -0300] "POST /cormun/servlet/trsolicitudgral?8ecbcc76f34b78e6783f77fd9d866c83,,gx-no-cache=1633458148424 HTTP/1.1" 200 6002
186.67.172.234 - - [05/Oct/2021:15:36:23 -0300] "POST /cormun/servlet/permisosadjuntos?e712b0032e710a0a2c089e76709c96e7,INS,15105457,P,20211005152141,, HTTP/1.1" 200 116
186.67.172.234 - - [05/Oct/2021:15:36:23 -0300] "GET /cormun/servlet/hpexe_return? HTTP/1.1" 200 1039
186.67.172.234 - - [05/Oct/2021:15:36:24 -0300] "GET /cormun/servlet/trpermisosadjuntos?15105457,20211005152141,P, HTTP/1.1" 200 7216
186.67.172.234 - - [05/Oct/2021:15:36:24 -0300] "GET /cormun/servlet/trpermisosadjuntos?15105457,20211005152141,P, HTTP/1.1" 200 7211
192.168.10.94 - - [05/Oct/2021:15:36:27 -0300] "POST /cormun/servlet/trsolicitudgral?8ecbcc76f34b78e6783f77fd9d866c83,,gx-no-cache=1633458152973 HTTP/1.1" 200 7426
192.168.10.94 - - [05/Oct/2021:15:36:51 -0300] "POST /cormun/servlet/trsolicitudgral?8ecbcc76f34b78e6783f77fd9d866c83,,gx-no-cache=1633458176647 HTTP/1.1" 200 6005
192.168.10.94 - - [05/Oct/2021:15:37:05 -0300] "POST /cormun/servlet/trsolicitudgral?8ecbcc76f34b78e6783f77fd9d866c83,,gx-no-cache=1633458190726 HTTP/1.1" 200 7451
192.168.10.94 - - [05/Oct/2021:15:37:08 -0300] "GET /cormun/servlet/vesolicitudgral?2021,17566,, HTTP/1.1" 200 9141
192.168.10.94 - - [05/Oct/2021:15:37:08 -0300] "GET /cormun/pexe_scrolldiv.js HTTP/1.1" 404 1009
192.168.10.94 - - [05/Oct/2021:15:37:09 -0300] "GET /cormun/servlet/vesolicitudgral?2021,17566,, HTTP/1.1" 200 9141
190.171.149.74 - - [05/Oct/2021:15:37:52 -0300] "POST /cormun/servlet/trlicencias?e2cda0fb6ab40cafbfde2c04d7c1726f,,gx-no-cache=1633461993927 HTTP/1.1" 440 972
190.171.149.74 - - [05/Oct/2021:15:37:53 -0300] "GET /cormun/servlet/trlicencias? HTTP/1.1" 200 6036
190.171.141.90 - - [05/Oct/2021:15:37:54 -0300] "POST /cormun/servlet/solicitudotadjuntos?gx-no-cache=1633458377176 HTTP/1.1" 200 26
190.171.149.74 - - [05/Oct/2021:15:37:54 -0300] "GET /cormun/servlet/hlogin HTTP/1.1" 200 1743
190.171.149.74 - - [05/Oct/2021:15:37:54 -0300] "GET /cormun/servlet/trlicencias? HTTP/1.1" 200 6036
190.171.149.74 - - [05/Oct/2021:15:38:00 -0300] "POST /cormun/servlet/hlogin?d6e0eabf94cea07617306b345ab633c4,gx-no-cache=1633462002561 HTTP/1.1" 200 90
190.171.149.74 - - [05/Oct/2021:15:38:00 -0300] "GET /cormun/servlet/hpexe_link HTTP/1.1" 200 956
190.171.149.74 - - [05/Oct/2021:15:38:01 -0300] "GET /cormun/servlet/trlicencias HTTP/1.1" 200 11716
190.171.149.74 - - [05/Oct/2021:15:38:01 -0300] "GET /cormun/servlet/trlicencias HTTP/1.1" 200 11714
186.67.172.234 - - [05/Oct/2021:15:38:08 -0300] "POST /cormun/servlet/trpermisosadjuntos?e712b0032e710a0a2c089e76709c96e7,15105457,20211005152141,P,,gx-no-cache=1633458391434 HTTP/1.1" 200 90
186.67.172.234 - - [05/Oct/2021:15:38:08 -0300] "GET /cormun/servlet/hpexe_link HTTP/1.1" 200 986
186.67.172.234 - - [05/Oct/2021:15:38:08 -0300] "GET /cormun/servlet/trpermisosgoce HTTP/1.1" 200 16345
186.67.172.234 - - [05/Oct/2021:15:38:08 -0300] "GET /cormun/servlet/trpermisosgoce HTTP/1.1" 200 16372
190.171.141.90 - - [05/Oct/2021:15:38:10 -0300] "GET /cormun/servlet/solicitudotadjuntos?f0a03f5fae65d10452d5fa69517541ea049d8d179c2ae0285182c44e7beba005,gx-no-cache=1633458393353 HTTP/1.1" 200 30
190.171.141.90 - - [05/Oct/2021:15:38:10 -0300] "GET /cormun/servlet/solicitudotadjuntos?f0a03f5fae65d10452d5fa69517541ea049d8d179c2ae0285182c44e7beba005,gx-no-cache=1633458393405 HTTP/1.1" 200 30
190.171.141.90 - - [05/Oct/2021:15:38:10 -0300] "POST /cormun/servlet/solicitudotadjuntos?7579e7d47b28ae3d6f7da7573cf44748,INS,2021,17620,,1, HTTP/1.1" 200 116
190.171.141.90 - - [05/Oct/2021:15:38:10 -0300] "GET /cormun/servlet/hpexe_return? HTTP/1.1" 200 1031
190.171.141.90 - - [05/Oct/2021:15:38:10 -0300] "GET /cormun/servlet/trsolicitudadjuntos?2021,17620, HTTP/1.1" 200 8876
190.171.141.90 - - [05/Oct/2021:15:38:11 -0300] "GET /cormun/servlet/trsolicitudadjuntos?2021,17620, HTTP/1.1" 200 8872
186.67.172.234 - - [05/Oct/2021:15:38:13 -0300] "POST /cormun/servlet/trpermisosgoce?e712b0032e710a0a2c089e76709c96e7,gx-no-cache=1633458396862 HTTP/1.1" 200 13522
186.67.172.234 - - [05/Oct/2021:15:38:13 -0300] "GET /cormun/static/Shared/jqueryui/images/ui-bg_highlight-soft_100_c6c2c8_1x100.png HTTP/1.1" 404 1117
186.67.172.234 - - [05/Oct/2021:15:38:13 -0300] "GET /cormun/static/Shared/jqueryui/images/ui-icons_82798d_256x240.png HTTP/1.1" 404 1089
186.67.172.234 - - [05/Oct/2021:15:38:13 -0300] "GET /cormun/static/Shared/jqueryui/images/ui-bg_flat_55_fafafa_40x100.png HTTP/1.1" 404 1097
186.67.172.234 - - [05/Oct/2021:15:38:13 -0300] "GET /cormun/static/Shared/jqueryui/images/ui-icons_8d78a5_256x240.png HTTP/1.1" 404 1089
190.171.141.90 - - [05/Oct/2021:15:38:14 -0300] "GET /cormun/servlet/solicitudotadjuntos?INS,2021,17620,,1, HTTP/1.1" 200 6031
190.171.141.90 - - [05/Oct/2021:15:38:14 -0300] "GET /cormun/static/about:blank HTTP/1.1" 404 1011
190.171.141.90 - - [05/Oct/2021:15:38:14 -0300] "GET /cormun/servlet/solicitudotadjuntos?INS,2021,17620,,1, HTTP/1.1" 200 6025
190.171.141.90 - - [05/Oct/2021:15:38:14 -0300] "GET /cormun/servlet/solicitudotadjuntos?f0a03f5fae65d10452d5fa69517541ea9013a496443bf52f3961a65b4ea47194d6360d33453e24b5f6cd023825d4e93c,gx-no-cache=1633458397833 HTTP/1.1" 200 30
190.171.141.90 - - [05/Oct/2021:15:38:14 -0300] "POST /cormun/servlet/solicitudotadjuntos?7579e7d47b28ae3d6f7da7573cf44748,INS,2021,17620,,1,,gx-no-cache=1633458397851 HTTP/1.1" 200 3899
186.67.172.234 - - [05/Oct/2021:15:38:15 -0300] "POST /cormun/servlet/trpermisosgoce?e712b0032e710a0a2c089e76709c96e7,gx-no-cache=1633458398704 HTTP/1.1" 200 13510
192.168.10.94 - - [05/Oct/2021:15:38:17 -0300] "GET /cormun/servlet/trsolicitudgral HTTP/1.1" 200 10481
192.168.10.94 - - [05/Oct/2021:15:38:17 -0300] "GET /cormun/servlet/trsolicitudgral HTTP/1.1" 200 10478
186.67.172.234 - - [05/Oct/2021:15:38:18 -0300] "POST /cormun/servlet/trpermisosgoce?e712b0032e710a0a2c089e76709c96e7,gx-no-cache=1633458401055 HTTP/1.1" 200 13475
190.171.141.90 - - [05/Oct/2021:15:38:19 -0300] "POST /cormun/servlet/solicitudotadjuntos?gx-no-cache=1633458402257 HTTP/1.1" 200 26
186.67.172.234 - - [05/Oct/2021:15:38:22 -0300] "GET /cormun/servlet/trautorizarpermisogoce? HTTP/1.1" 200 9428
186.67.172.234 - - [05/Oct/2021:15:38:22 -0300] "GET /cormun/servlet/trautorizarpermisogoce? HTTP/1.1" 200 9427
186.67.172.234 - - [05/Oct/2021:15:38:24 -0300] "POST /cormun/servlet/trautorizarpermisogoce?e712b0032e710a0a2c089e76709c96e7,,gx-no-cache=1633458408097 HTTP/1.1" 200 6463
186.67.172.234 - - [05/Oct/2021:15:38:25 -0300] "GET /cormun/static/Shared/jqueryui/images/ui-bg_highlight-soft_100_c6c2c8_1x100.png HTTP/1.1" 404 1117
186.67.172.234 - - [05/Oct/2021:15:38:25 -0300] "GET /cormun/static/Shared/jqueryui/images/ui-icons_82798d_256x240.png HTTP/1.1" 404 1089
186.67.172.234 - - [05/Oct/2021:15:38:25 -0300] "GET /cormun/static/Shared/jqueryui/images/ui-icons_8d78a5_256x240.png HTTP/1.1" 404 1089
186.67.172.234 - - [05/Oct/2021:15:38:25 -0300] "GET /cormun/static/Shared/jqueryui/images/ui-bg_flat_55_fafafa_40x100.png HTTP/1.1" 404 1097
186.67.172.234 - - [05/Oct/2021:15:38:25 -0300] "POST /cormun/servlet/trautorizarpermisogoce?e712b0032e710a0a2c089e76709c96e7,,gx-no-cache=1633458408957 HTTP/1.1" 200 6252
186.67.172.234 - - [05/Oct/2021:15:38:26 -0300] "POST /cormun/servlet/trautorizarpermisogoce?e712b0032e710a0a2c089e76709c96e7,,gx-no-cache=1633458409917 HTTP/1.1" 200 6040
186.67.172.234 - - [05/Oct/2021:15:38:27 -0300] "POST /cormun/servlet/trautorizarpermisogoce?e712b0032e710a0a2c089e76709c96e7,,gx-no-cache=1633458410869 HTTP/1.1" 200 5802
186.67.172.234 - - [05/Oct/2021:15:38:29 -0300] "POST /cormun/servlet/trautorizarpermisogoce?e712b0032e710a0a2c089e76709c96e7,,gx-no-cache=1633458412525 HTTP/1.1" 200 5583
186.67.172.234 - - [05/Oct/2021:15:38:30 -0300] "POST /cormun/servlet/trautorizarpermisogoce?e712b0032e710a0a2c089e76709c96e7,,gx-no-cache=1633458413565 HTTP/1.1" 200 5286
186.67.172.234 - - [05/Oct/2021:15:38:31 -0300] "POST /cormun/servlet/trautorizarpermisogoce?e712b0032e710a0a2c089e76709c96e7,,gx-no-cache=1633458414532 HTTP/1.1" 200 4528
186.67.172.234 - - [05/Oct/2021:15:38:37 -0300] "GET /cormun/servlet/trlicencias? HTTP/1.1" 200 17405
186.67.172.234 - - [05/Oct/2021:15:38:37 -0300] "GET /cormun/servlet/trlicencias? HTTP/1.1" 200 17392
190.171.141.90 - - [05/Oct/2021:15:38:39 -0300] "GET /cormun/servlet/solicitudotadjuntos?f0a03f5fae65d10452d5fa69517541ea049d8d179c2ae0285182c44e7beba005,gx-no-cache=1633458423009 HTTP/1.1" 200 30
190.171.141.90 - - [05/Oct/2021:15:38:39 -0300] "GET /cormun/servlet/solicitudotadjuntos?f0a03f5fae65d10452d5fa69517541ea049d8d179c2ae0285182c44e7beba005,gx-no-cache=1633458423031 HTTP/1.1" 200 30
190.171.141.90 - - [05/Oct/2021:15:38:40 -0300] "POST /cormun/servlet/solicitudotadjuntos?7579e7d47b28ae3d6f7da7573cf44748,INS,2021,17620,,1, HTTP/1.1" 200 116
190.171.141.90 - - [05/Oct/2021:15:38:40 -0300] "GET /cormun/servlet/hpexe_return? HTTP/1.1" 200 1031
190.171.141.90 - - [05/Oct/2021:15:38:40 -0300] "GET /cormun/servlet/trsolicitudadjuntos?2021,17620, HTTP/1.1" 200 9101
190.171.141.90 - - [05/Oct/2021:15:38:40 -0300] "GET /cormun/servlet/trsolicitudadjuntos?2021,17620, HTTP/1.1" 200 9097
186.67.172.234 - - [05/Oct/2021:15:38:44 -0300] "POST /cormun/servlet/trlicencias?e712b0032e710a0a2c089e76709c96e7,,gx-no-cache=1633458427154 HTTP/1.1" 200 15421
190.171.141.90 - - [05/Oct/2021:15:39:02 -0300] "GET /cormun/servlet/solicitudotadjuntos?INS,2021,17620,,1, HTTP/1.1" 200 6031
190.171.141.90 - - [05/Oct/2021:15:39:02 -0300] "GET /cormun/static/about:blank HTTP/1.1" 404 1011
190.171.141.90 - - [05/Oct/2021:15:39:02 -0300] "GET /cormun/servlet/solicitudotadjuntos?INS,2021,17620,,1, HTTP/1.1" 200 6025
190.171.141.90 - - [05/Oct/2021:15:39:03 -0300] "GET /cormun/servlet/solicitudotadjuntos?f0a03f5fae65d10452d5fa69517541ea9013a496443bf52f3961a65b4ea47194d6360d33453e24b5f6cd023825d4e93c,gx-no-cache=1633458446269 HTTP/1.1" 200 30
190.171.141.90 - - [05/Oct/2021:15:39:03 -0300] "POST /cormun/servlet/solicitudotadjuntos?7579e7d47b28ae3d6f7da7573cf44748,INS,2021,17620,,1,,gx-no-cache=1633458446293 HTTP/1.1" 200 3899
190.171.141.90 - - [05/Oct/2021:15:39:08 -0300] "POST /cormun/servlet/solicitudotadjuntos?gx-no-cache=1633458451444 HTTP/1.1" 200 26
192.168.10.94 - - [05/Oct/2021:15:39:08 -0300] "POST /cormun/servlet/trsolicitudgral?8ecbcc76f34b78e6783f77fd9d866c83,,gx-no-cache=1633458313808 HTTP/1.1" 200 7439
192.168.10.94 - - [05/Oct/2021:15:39:10 -0300] "GET /cormun/servlet/vesolicitudgral?2021,17570,, HTTP/1.1" 200 9112
192.168.10.94 - - [05/Oct/2021:15:39:10 -0300] "GET /cormun/pexe_scrolldiv.js HTTP/1.1" 404 1009
192.168.10.94 - - [05/Oct/2021:15:39:11 -0300] "GET /cormun/servlet/vesolicitudgral?2021,17570,, HTTP/1.1" 200 9111
190.171.141.90 - - [05/Oct/2021:15:39:33 -0300] "GET /cormun/servlet/solicitudotadjuntos?f0a03f5fae65d10452d5fa69517541ea049d8d179c2ae0285182c44e7beba005,gx-no-cache=1633458476764 HTTP/1.1" 200 30
190.171.141.90 - - [05/Oct/2021:15:39:33 -0300] "GET /cormun/servlet/solicitudotadjuntos?f0a03f5fae65d10452d5fa69517541ea049d8d179c2ae0285182c44e7beba005,gx-no-cache=1633458476785 HTTP/1.1" 200 30
190.171.141.90 - - [05/Oct/2021:15:39:33 -0300] "POST /cormun/servlet/solicitudotadjuntos?7579e7d47b28ae3d6f7da7573cf44748,INS,2021,17620,,1, HTTP/1.1" 200 116
190.171.141.90 - - [05/Oct/2021:15:39:34 -0300] "GET /cormun/servlet/hpexe_return? HTTP/1.1" 200 1031
190.171.141.90 - - [05/Oct/2021:15:39:34 -0300] "GET /cormun/servlet/trsolicitudadjuntos?2021,17620, HTTP/1.1" 200 9274
190.171.141.90 - - [05/Oct/2021:15:39:34 -0300] "GET /cormun/servlet/trsolicitudadjuntos?2021,17620, HTTP/1.1" 200 9269
190.171.141.90 - - [05/Oct/2021:15:39:36 -0300] "GET /cormun/servlet/solicitudotadjuntos?INS,2021,17620,,1, HTTP/1.1" 200 6031
190.171.141.90 - - [05/Oct/2021:15:39:36 -0300] "GET /cormun/static/about:blank HTTP/1.1" 404 1011
190.171.141.90 - - [05/Oct/2021:15:39:37 -0300] "GET /cormun/servlet/solicitudotadjuntos?INS,2021,17620,,1, HTTP/1.1" 200 6025
190.171.141.90 - - [05/Oct/2021:15:39:37 -0300] "GET /cormun/servlet/solicitudotadjuntos?f0a03f5fae65d10452d5fa69517541ea9013a496443bf52f3961a65b4ea47194d6360d33453e24b5f6cd023825d4e93c,gx-no-cache=1633458480573 HTTP/1.1" 200 30
190.171.141.90 - - [05/Oct/2021:15:39:37 -0300] "POST /cormun/servlet/solicitudotadjuntos?7579e7d47b28ae3d6f7da7573cf44748,INS,2021,17620,,1,,gx-no-cache=1633458480600 HTTP/1.1" 200 3899
190.171.141.90 - - [05/Oct/2021:15:39:42 -0300] "POST /cormun/servlet/solicitudotadjuntos?gx-no-cache=1633458485834 HTTP/1.1" 200 26
190.171.141.90 - - [05/Oct/2021:15:40:02 -0300] "GET /cormun/servlet/solicitudotadjuntos?f0a03f5fae65d10452d5fa69517541ea049d8d179c2ae0285182c44e7beba005,gx-no-cache=1633458505556 HTTP/1.1" 200 30
190.171.141.90 - - [05/Oct/2021:15:40:02 -0300] "GET /cormun/servlet/solicitudotadjuntos?f0a03f5fae65d10452d5fa69517541ea049d8d179c2ae0285182c44e7beba005,gx-no-cache=1633458505571 HTTP/1.1" 200 30
190.171.141.90 - - [05/Oct/2021:15:40:02 -0300] "POST /cormun/servlet/solicitudotadjuntos?7579e7d47b28ae3d6f7da7573cf44748,INS,2021,17620,,1, HTTP/1.1" 200 116
190.171.141.90 - - [05/Oct/2021:15:40:02 -0300] "GET /cormun/servlet/hpexe_return? HTTP/1.1" 200 1031
190.171.141.90 - - [05/Oct/2021:15:40:03 -0300] "GET /cormun/servlet/trsolicitudadjuntos?2021,17620, HTTP/1.1" 200 9555
190.171.141.90 - - [05/Oct/2021:15:40:03 -0300] "GET /cormun/servlet/trsolicitudadjuntos?2021,17620, HTTP/1.1" 200 9552
190.171.141.90 - - [05/Oct/2021:15:40:05 -0300] "GET /cormun/servlet/solicitudotadjuntos?INS,2021,17620,,1, HTTP/1.1" 200 6031
190.171.141.90 - - [05/Oct/2021:15:40:06 -0300] "GET /cormun/static/about:blank HTTP/1.1" 404 1011
190.171.141.90 - - [05/Oct/2021:15:40:06 -0300] "GET /cormun/servlet/solicitudotadjuntos?INS,2021,17620,,1, HTTP/1.1" 200 6025
190.171.141.90 - - [05/Oct/2021:15:40:06 -0300] "GET /cormun/servlet/solicitudotadjuntos?f0a03f5fae65d10452d5fa69517541ea9013a496443bf52f3961a65b4ea47194d6360d33453e24b5f6cd023825d4e93c,gx-no-cache=1633458509780 HTTP/1.1" 200 30
190.171.141.90 - - [05/Oct/2021:15:40:06 -0300] "POST /cormun/servlet/solicitudotadjuntos?7579e7d47b28ae3d6f7da7573cf44748,INS,2021,17620,,1,,gx-no-cache=1633458509805 HTTP/1.1" 200 3899
190.171.141.90 - - [05/Oct/2021:15:40:10 -0300] "POST /cormun/servlet/solicitudotadjuntos?gx-no-cache=1633458513517 HTTP/1.1" 200 26
190.171.141.90 - - [05/Oct/2021:15:40:23 -0300] "GET /cormun/servlet/solicitudotadjuntos?f0a03f5fae65d10452d5fa69517541ea049d8d179c2ae0285182c44e7beba005,gx-no-cache=1633458526502 HTTP/1.1" 200 30
190.171.141.90 - - [05/Oct/2021:15:40:23 -0300] "GET /cormun/servlet/solicitudotadjuntos?f0a03f5fae65d10452d5fa69517541ea049d8d179c2ae0285182c44e7beba005,gx-no-cache=1633458526516 HTTP/1.1" 200 30
190.171.141.90 - - [05/Oct/2021:15:40:23 -0300] "POST /cormun/servlet/solicitudotadjuntos?7579e7d47b28ae3d6f7da7573cf44748,INS,2021,17620,,1, HTTP/1.1" 200 116
190.171.141.90 - - [05/Oct/2021:15:40:23 -0300] "GET /cormun/servlet/hpexe_return? HTTP/1.1" 200 1031
190.171.141.90 - - [05/Oct/2021:15:40:24 -0300] "GET /cormun/servlet/trsolicitudadjuntos?2021,17620, HTTP/1.1" 200 9849
190.171.141.90 - - [05/Oct/2021:15:40:24 -0300] "GET /cormun/servlet/trsolicitudadjuntos?2021,17620, HTTP/1.1" 200 9845
190.171.141.90 - - [05/Oct/2021:15:40:26 -0300] "GET /cormun/servlet/solicitudotadjuntos?INS,2021,17620,,1, HTTP/1.1" 200 6031
190.171.141.90 - - [05/Oct/2021:15:40:26 -0300] "GET /cormun/static/about:blank HTTP/1.1" 404 1011
190.171.141.90 - - [05/Oct/2021:15:40:26 -0300] "GET /cormun/servlet/solicitudotadjuntos?INS,2021,17620,,1, HTTP/1.1" 200 6025
190.171.141.90 - - [05/Oct/2021:15:40:27 -0300] "GET /cormun/servlet/solicitudotadjuntos?f0a03f5fae65d10452d5fa69517541ea9013a496443bf52f3961a65b4ea47194d6360d33453e24b5f6cd023825d4e93c,gx-no-cache=1633458530131 HTTP/1.1" 200 30
190.171.141.90 - - [05/Oct/2021:15:40:27 -0300] "POST /cormun/servlet/solicitudotadjuntos?7579e7d47b28ae3d6f7da7573cf44748,INS,2021,17620,,1,,gx-no-cache=1633458530155 HTTP/1.1" 200 3899
190.171.141.90 - - [05/Oct/2021:15:40:30 -0300] "POST /cormun/servlet/solicitudotadjuntos?gx-no-cache=1633458533997 HTTP/1.1" 200 26
190.171.141.90 - - [05/Oct/2021:15:40:53 -0300] "GET /cormun/servlet/solicitudotadjuntos?f0a03f5fae65d10452d5fa69517541ea049d8d179c2ae0285182c44e7beba005,gx-no-cache=1633458556295 HTTP/1.1" 200 30
190.171.141.90 - - [05/Oct/2021:15:40:53 -0300] "GET /cormun/servlet/solicitudotadjuntos?f0a03f5fae65d10452d5fa69517541ea049d8d179c2ae0285182c44e7beba005,gx-no-cache=1633458556571 HTTP/1.1" 200 30
190.171.141.90 - - [05/Oct/2021:15:40:53 -0300] "POST /cormun/servlet/solicitudotadjuntos?7579e7d47b28ae3d6f7da7573cf44748,INS,2021,17620,,1, HTTP/1.1" 200 116
190.171.141.90 - - [05/Oct/2021:15:40:54 -0300] "GET /cormun/servlet/hpexe_return? HTTP/1.1" 200 1031
190.171.141.90 - - [05/Oct/2021:15:40:54 -0300] "GET /cormun/servlet/trsolicitudadjuntos?2021,17620, HTTP/1.1" 200 10007
190.171.141.90 - - [05/Oct/2021:15:40:54 -0300] "GET /cormun/servlet/trsolicitudadjuntos?2021,17620, HTTP/1.1" 200 10004
190.171.141.90 - - [05/Oct/2021:15:41:03 -0300] "POST /cormun/servlet/trsolicitudadjuntos?7579e7d47b28ae3d6f7da7573cf44748,2021,17620,,gx-no-cache=1633458566497 HTTP/1.1" 200 90
190.171.141.90 - - [05/Oct/2021:15:41:03 -0300] "GET /cormun/servlet/hpexe_link HTTP/1.1" 200 974
190.171.141.90 - - [05/Oct/2021:15:41:03 -0300] "GET /cormun/servlet/trsolicitudot HTTP/1.1" 200 8608
190.171.141.90 - - [05/Oct/2021:15:41:03 -0300] "GET /cormun/servlet/trsolicitudot HTTP/1.1" 200 8607
190.171.141.90 - - [05/Oct/2021:15:41:18 -0300] "POST /cormun/servlet/trsolicitudot?7579e7d47b28ae3d6f7da7573cf44748,gx-no-cache=1633458581372 HTTP/1.1" 200 4561
190.171.141.90 - - [05/Oct/2021:15:41:18 -0300] "GET /cormun/static/Shared/jqueryui/images/ui-bg_highlight-soft_100_c6c2c8_1x100.png HTTP/1.1" 404 1117
190.171.141.90 - - [05/Oct/2021:15:41:18 -0300] "GET /cormun/static/Shared/jqueryui/images/ui-icons_82798d_256x240.png HTTP/1.1" 404 1089
190.171.141.90 - - [05/Oct/2021:15:41:18 -0300] "GET /cormun/static/Shared/jqueryui/images/ui-icons_8d78a5_256x240.png HTTP/1.1" 404 1089
190.171.141.90 - - [05/Oct/2021:15:41:18 -0300] "GET /cormun/static/Shared/jqueryui/images/ui-bg_flat_55_fafafa_40x100.png HTTP/1.1" 404 1097
190.171.141.90 - - [05/Oct/2021:15:41:18 -0300] "POST /cormun/servlet/trsolicitudot?7579e7d47b28ae3d6f7da7573cf44748,gx-no-cache=1633458581636 HTTP/1.1" 200 4329
190.171.141.90 - - [05/Oct/2021:15:41:35 -0300] "GET /cormun/servlet/solicitudot?INS,0,0,false, HTTP/1.1" 200 15550
190.171.141.90 - - [05/Oct/2021:15:41:35 -0300] "GET /cormun/servlet/solicitudot?INS,0,0,false, HTTP/1.1" 200 15558
190.171.141.90 - - [05/Oct/2021:15:42:01 -0300] "POST /cormun/servlet/solicitudot?gx-no-cache=1633458623966 HTTP/1.1" 200 3852
190.171.141.90 - - [05/Oct/2021:15:42:01 -0300] "POST /cormun/servlet/solicitudot?7579e7d47b28ae3d6f7da7573cf44748,INS,0,0,false,,gx-no-cache=1633458624142 HTTP/1.1" 200 12349
190.171.141.90 - - [05/Oct/2021:15:42:06 -0300] "GET /cormun/servlet/solicitudot?f0a03f5fae65d10452d5fa69517541eacf6ca3c6456a586d252bd4c611591ef2566a9fce4280515d73ea2aa09bbf9059,gx-no-cache=1633458629683 HTTP/1.1" 200 30
190.171.141.90 - - [05/Oct/2021:15:42:06 -0300] "GET /cormun/servlet/solicitudot?f0a03f5fae65d10452d5fa69517541eab7044449d96a4bfd6e1fe7e065cef3d1b90dcad2ef014104455bb5c16dba2efca651df7f5471c13d8ee33bb2eada82d4,gx-no-cache=1633458629713 HTTP/1.1" 200 30
190.171.141.90 - - [05/Oct/2021:15:42:06 -0300] "GET /cormun/servlet/solicitudot?f0a03f5fae65d10452d5fa69517541eaca4f1f71771dbeac8ff362ea62282346,gx-no-cache=1633458629735 HTTP/1.1" 200 59
190.171.141.90 - - [05/Oct/2021:15:42:06 -0300] "POST /cormun/servlet/solicitudot?gx-no-cache=1633458629761 HTTP/1.1" 200 240
190.171.141.90 - - [05/Oct/2021:15:42:06 -0300] "GET /cormun/servlet/solicitudot?f0a03f5fae65d10452d5fa69517541eadf300396ad83cca6a604c6a966a563f74266d18933cdc5a4c1aef46ae1e7374b7304ed6dc406a3d1237c0cc8caa9401d2a1dca9f828d83189dac0c9a66da93d0df167781242e3b4cb09d050bdf0699ba9b1b03c341c2ac4f0050e3ff04630d4304654ea9fce561d644d768363f7b300e9668b4f4136197bea0b5acd59a1b961d6261cf225ef9f3670f3ef0363089cdf697d6e9825ce19b6d9df2ec0e9327e7ce44bc01d9f2a1157af350ccf469dd955ad0866e0fbecab99c9d4f11ebb6a6a3fc001723ba3da3e79bda4c0881e9493db40342cbf4a3d2c1218e71ed7b529a54376ef57513b0827712104bae48739b86887d0599b24fe0cba011ee7f46d9a50ba16e2f4008f965e45c3258fcaa4fb6bf33a96d63fcf4ae03ef130a639f163f5cbdc1d35d13f45e596d584f34861fd790e7f83cebc4420a7ff86fad107a67b3010a774c1ab368a8ccecd79e71e33ca2a7f895f050d27b586441570a30091b7b9e531ab5bfda41c35161c5374ee2188a1f56,gx-no-cache=1633458629790 HTTP/1.1" 200 30
190.171.141.90 - - [05/Oct/2021:15:42:09 -0300] "POST /cormun/servlet/solicitudot?gx-no-cache=1633458632209 HTTP/1.1" 200 30
190.171.141.90 - - [05/Oct/2021:15:42:13 -0300] "POST /cormun/servlet/solicitudot?gx-no-cache=1633458636073 HTTP/1.1" 200 1439
190.171.141.90 - - [05/Oct/2021:15:42:13 -0300] "POST /cormun/servlet/solicitudot?gx-no-cache=1633458636107 HTTP/1.1" 200 38
190.171.141.90 - - [05/Oct/2021:15:42:13 -0300] "GET /cormun/servlet/solicitudot?f0a03f5fae65d10452d5fa69517541ea3906c4da088cc7858a03d9a47a77f9a340e6819f1c7b58fc181603da198d66895c0c8d18249ef890cd19d9fc3344a3ecdc1e6afcc51973c3b86e8f28c94282f941f934bfa641ffa249b7547d15af816c92b7f3ae8e9e43e3a961dbfeae6a4eff,gx-no-cache=1633458636128 HTTP/1.1" 200 110
190.171.141.90 - - [05/Oct/2021:15:42:13 -0300] "POST /cormun/servlet/solicitudot?gx-no-cache=1633458636152 HTTP/1.1" 200 97
190.171.141.90 - - [05/Oct/2021:15:42:30 -0300] "GET /cormun/servlet/solicitudot?f0a03f5fae65d10452d5fa69517541ea8806f1849172657e5680c3d92bbd96da042becdce7d6973c6a7ddd5efcefadf62a35a0f69f02bd1fda16fd885cdf98153fcb54769c603867e7f4a9f40363950dcf6474def2d970d0203797da7ea8c3a5ac227cb7b5ba19694ec6877a79b6bbb7d093aa284b2b1fa5b5c4d5a672bccc3cf117bdd2cbe6ed19bb5618f8e493416c66033d18af16e63bbd6acfff93f04e6a,gx-no-cache=1633458653252 HTTP/1.1" 200 29
190.171.141.90 - - [05/Oct/2021:15:42:30 -0300] "GET /cormun/static/menuarrow.gif HTTP/1.1" 404 1015
192.168.10.94 - - [05/Oct/2021:15:42:32 -0300] "GET /cormun/servlet/trsolicitudgral HTTP/1.1" 200 10480
192.168.10.94 - - [05/Oct/2021:15:42:32 -0300] "GET /cormun/servlet/trsolicitudgral HTTP/1.1" 200 10478
190.171.141.90 - - [05/Oct/2021:15:42:34 -0300] "GET /cormun/servlet/solicitudot?f0a03f5fae65d10452d5fa69517541ead2ae9fb4fc9644c185690ccd6e9f63b38f2428b561677ca312badeebe901c0bb,gx-no-cache=1633458657216 HTTP/1.1" 200 30
192.168.10.94 - - [05/Oct/2021:15:42:39 -0300] "POST /cormun/servlet/trsolicitudgral?8ecbcc76f34b78e6783f77fd9d866c83,,gx-no-cache=1633458524889 HTTP/1.1" 200 7436
190.171.141.90 - - [05/Oct/2021:15:42:42 -0300] "POST /cormun/servlet/solicitudot?gx-no-cache=1633458666024 HTTP/1.1" 200 30
192.168.10.94 - - [05/Oct/2021:15:42:47 -0300] "GET /cormun/servlet/vesolicitudgral?2021,17572,, HTTP/1.1" 200 9074
192.168.10.94 - - [05/Oct/2021:15:42:47 -0300] "GET /cormun/pexe_scrolldiv.js HTTP/1.1" 404 1009
192.168.10.94 - - [05/Oct/2021:15:42:47 -0300] "GET /cormun/servlet/vesolicitudgral?2021,17572,, HTTP/1.1" 200 9074
190.171.144.234 - - [05/Oct/2021:15:43:07 -0300] "GET /cormun/servlet/hlogin HTTP/1.1" 200 1731
