200.54.237.82 - - [04/Oct/2021:12:08:41 -0300] "GET /cormun/servlet/trautorizarsolicitud? HTTP/1.1" 200 7442
200.54.237.82 - - [04/Oct/2021:12:08:42 -0300] "GET /cormun/servlet/trautorizarsolicitud? HTTP/1.1" 200 7442
181.212.43.89 - - [04/Oct/2021:12:08:42 -0300] "POST /cormun/servlet/trpermisosgoce?45ad55b96a638cd1a431a2d49c7378ea,gx-no-cache=1633359371828,gx-no-cache=1633359426057 HTTP/1.1" 200 6670
181.212.43.89 - - [04/Oct/2021:12:08:43 -0300] "GET /cormun/static/Shared/jqueryui/images/ui-bg_highlight-soft_100_c6c2c8_1x100.png HTTP/1.1" 404 1117
181.212.43.89 - - [04/Oct/2021:12:08:43 -0300] "GET /cormun/static/Shared/jqueryui/images/ui-icons_82798d_256x240.png HTTP/1.1" 404 1089
181.212.43.89 - - [04/Oct/2021:12:08:43 -0300] "GET /cormun/static/Shared/jqueryui/images/ui-bg_flat_55_fafafa_40x100.png HTTP/1.1" 404 1097
181.212.43.89 - - [04/Oct/2021:12:08:43 -0300] "GET /cormun/static/Shared/jqueryui/images/ui-icons_8d78a5_256x240.png HTTP/1.1" 404 1089
200.54.237.82 - - [04/Oct/2021:12:08:45 -0300] "GET /cormun/servlet/trvisualizadoreventos? HTTP/1.1" 200 7103
200.54.237.82 - - [04/Oct/2021:12:08:46 -0300] "GET /cormun/static/gxcfg.js?20199142243133 HTTP/1.1" 200 953
190.171.141.90 - - [04/Oct/2021:12:08:46 -0300] "POST /cormun/servlet/solicitudot?gx-no-cache=1633359429338 HTTP/1.1" 200 1440
200.54.237.82 - - [04/Oct/2021:12:08:46 -0300] "GET /cormun/static/Resources/PXToolsActionPrint.png HTTP/1.1" 200 404
190.171.141.90 - - [04/Oct/2021:12:08:46 -0300] "POST /cormun/servlet/solicitudot?gx-no-cache=1633359429428 HTTP/1.1" 200 38
200.54.237.82 - - [04/Oct/2021:12:08:46 -0300] "GET /cormun/static/trvisualizadoreventos.js?201991422431650 HTTP/1.1" 200 19318
200.54.237.82 - - [04/Oct/2021:12:08:46 -0300] "GET /cormun/servlet/trvisualizadoreventos? HTTP/1.1" 200 7103
181.212.43.89 - - [04/Oct/2021:12:08:49 -0300] "GET /cormun/servlet/permisogoce?INS,0,,, HTTP/1.1" 200 6866
181.212.43.89 - - [04/Oct/2021:12:08:50 -0300] "GET /cormun/servlet/permisogoce?INS,0,,, HTTP/1.1" 200 6846
200.54.237.82 - - [04/Oct/2021:12:08:50 -0300] "GET /cormun/servlet/trsolicitudot? HTTP/1.1" 200 7541
200.54.237.82 - - [04/Oct/2021:12:08:50 -0300] "GET /cormun/servlet/trsolicitudot? HTTP/1.1" 200 7540
200.54.237.82 - - [04/Oct/2021:12:08:53 -0300] "GET /cormun/servlet/trautorizarsolicitud? HTTP/1.1" 200 7443
200.54.237.82 - - [04/Oct/2021:12:08:53 -0300] "GET /cormun/servlet/trautorizarsolicitud? HTTP/1.1" 200 7442
200.54.237.82 - - [04/Oct/2021:12:08:55 -0300] "GET /cormun/servlet/trfichaempleado? HTTP/1.1" 200 11481
181.212.43.89 - - [04/Oct/2021:12:08:56 -0300] "GET /cormun/servlet/permisogoce?bf07965dc66eddd601f7d1a9692f51f2032d7c3e3b9862006e47e2fb3cc4cfec6577fa36798149b90f460f511fee1df3c5931bf2dcf74cf94c01ef16cf2ab4ba,gx-no-cache=1633359439668 HTTP/1.1" 200 78
181.212.43.89 - - [04/Oct/2021:12:09:00 -0300] "GET /cormun/static/menuarrow.gif HTTP/1.1" 404 1015
190.171.141.90 - - [04/Oct/2021:12:09:18 -0300] "GET /cormun/servlet/solicitudot?97bfe8dd353e94fabb0ef0dc90f16bbf7450788b4c568bffdeb6047b56fa5fda633d738470d3e1a0c5085ec6f6f0d057af60eac60ddb463a4bd0972439ad5d17afb9caf22bd506b1aba786d10caf760db65b9d4592b9ae25e6d466e2e5f905693c95267e20ec660c7070c8ba5bcb1e16,gx-no-cache=1633359462114 HTTP/1.1" 200 110
190.171.141.90 - - [04/Oct/2021:12:09:18 -0300] "POST /cormun/servlet/solicitudot?gx-no-cache=1633359462255 HTTP/1.1" 200 97
190.171.141.90 - - [04/Oct/2021:12:09:30 -0300] "GET /cormun/servlet/solicitudot?97bfe8dd353e94fabb0ef0dc90f16bbf039e18927ce324d8b67959011a2a48d724ff078b349a6803f7e56b6db3d8f2b551f860d172802865755a8bcb0e4c5d7de03de9bcef695e3822b9ab4f886996a9563176bf3d68a8c1fcdb0c249175466d9e71f742b0d387606d3cc63a7e4b7d0d1ed19f198af082d4b67488a83288a9e2bc9d32dded0b027262d4cf5eb723cffc4229fed244dfe7cf045e7efb647e0a7b,gx-no-cache=1633359474068 HTTP/1.1" 200 29
190.171.141.90 - - [04/Oct/2021:12:09:30 -0300] "GET /cormun/static/menuarrow.gif HTTP/1.1" 404 1015
190.171.141.90 - - [04/Oct/2021:12:09:34 -0300] "GET /cormun/servlet/solicitudot?97bfe8dd353e94fabb0ef0dc90f16bbfe19936790b23a9fc91fa6450f98f6163532ec6651c5697d73701a123f10bda33,gx-no-cache=1633359477849 HTTP/1.1" 200 30
190.171.141.90 - - [04/Oct/2021:12:09:39 -0300] "POST /cormun/servlet/solicitudot?gx-no-cache=1633359482381 HTTP/1.1" 200 30
192.168.10.94 - - [04/Oct/2021:12:09:40 -0300] "GET /cormun/servlet/vesolicitudgral?2021,17573,,General HTTP/1.1" 200 7791
192.168.10.94 - - [04/Oct/2021:12:09:40 -0300] "GET /cormun/pexe_scrolldiv.js HTTP/1.1" 404 1009
192.168.10.94 - - [04/Oct/2021:12:09:41 -0300] "GET /cormun/servlet/hlogin HTTP/1.1" 200 1763
192.168.10.94 - - [04/Oct/2021:12:09:41 -0300] "GET /cormun/servlet/vesolicitudgral?2021,17573,,General HTTP/1.1" 200 7791
192.168.10.94 - - [04/Oct/2021:12:09:49 -0300] "POST /cormun/servlet/hlogin?cdc7e7facc0f529538f757996cd43acb,gx-no-cache=1633359354398 HTTP/1.1" 200 465
192.168.10.94 - - [04/Oct/2021:12:09:55 -0300] "POST /cormun/servlet/hlogin?cdc7e7facc0f529538f757996cd43acb,gx-no-cache=1633359360386 HTTP/1.1" 200 90
192.168.10.94 - - [04/Oct/2021:12:09:55 -0300] "GET /cormun/servlet/hpexe_link HTTP/1.1" 200 976
192.168.10.94 - - [04/Oct/2021:12:09:55 -0300] "GET /cormun/servlet/vesolicitudgral?2021,17573,,General HTTP/1.1" 200 9012
192.168.10.94 - - [04/Oct/2021:12:09:55 -0300] "GET /cormun/pexe_scrolldiv.js HTTP/1.1" 404 1009
192.168.10.94 - - [04/Oct/2021:12:09:55 -0300] "GET /cormun/servlet/vesolicitudgral?2021,17573,,General HTTP/1.1" 200 9011
192.168.10.94 - - [04/Oct/2021:12:09:59 -0300] "GET /cormun/servlet/trsolicitudgral HTTP/1.1" 200 22970
192.168.10.94 - - [04/Oct/2021:12:10:00 -0300] "GET /cormun/servlet/trsolicitudgral HTTP/1.1" 200 22964
192.168.10.94 - - [04/Oct/2021:12:10:11 -0300] "POST /cormun/servlet/trsolicitudgral?cdc7e7facc0f529538f757996cd43acb,,gx-no-cache=1633359376871 HTTP/1.1" 200 7408
192.168.10.94 - - [04/Oct/2021:12:10:13 -0300] "GET /cormun/servlet/vesolicitudgral?2021,17581,, HTTP/1.1" 200 9006
192.168.10.94 - - [04/Oct/2021:12:10:14 -0300] "GET /cormun/pexe_scrolldiv.js HTTP/1.1" 404 1009
192.168.10.94 - - [04/Oct/2021:12:10:14 -0300] "GET /cormun/servlet/vesolicitudgral?2021,17581,, HTTP/1.1" 200 9005
190.171.141.122 - - [04/Oct/2021:12:11:16 -0300] "GET /cormun/servlet/trrenunciasadjuntos?272,8736918, HTTP/1.1" 200 5631
190.171.141.122 - - [04/Oct/2021:12:11:17 -0300] "GET /cormun/servlet/hlogin HTTP/1.1" 200 1766
190.171.141.122 - - [04/Oct/2021:12:11:17 -0300] "GET /cormun/servlet/trrenunciasadjuntos?272,8736918, HTTP/1.1" 200 5629
190.171.141.122 - - [04/Oct/2021:12:11:21 -0300] "POST /cormun/servlet/hlogin?e71b6ffaecdc3a5086bc6d68b4f26495,gx-no-cache=1633359584640 HTTP/1.1" 200 90
190.171.141.122 - - [04/Oct/2021:12:11:21 -0300] "GET /cormun/servlet/hpexe_link HTTP/1.1" 200 980
190.171.141.122 - - [04/Oct/2021:12:11:21 -0300] "GET /cormun/servlet/trrenunciasadjuntos?272,8736918, HTTP/1.1" 200 6551
190.171.141.122 - - [04/Oct/2021:12:11:22 -0300] "GET /cormun/servlet/trrenunciasadjuntos?272,8736918, HTTP/1.1" 200 6550
190.171.141.122 - - [04/Oct/2021:12:12:16 -0300] "GET /cormun/servlet/renunciasadjuntos?DLT,272,20211004093100, HTTP/1.1" 200 5619
190.171.141.122 - - [04/Oct/2021:12:12:16 -0300] "GET /cormun/static/Shared/jqueryui/images/ui-bg_highlight-soft_100_c6c2c8_1x100.png HTTP/1.1" 404 1117
190.171.141.122 - - [04/Oct/2021:12:12:17 -0300] "GET /cormun/static/Shared/jqueryui/images/ui-icons_82798d_256x240.png HTTP/1.1" 404 1089
190.171.141.122 - - [04/Oct/2021:12:12:17 -0300] "GET /cormun/static/Shared/jqueryui/images/ui-bg_flat_55_fafafa_40x100.png HTTP/1.1" 404 1097
190.171.141.122 - - [04/Oct/2021:12:12:17 -0300] "GET /cormun/static/Shared/jqueryui/images/ui-icons_8d78a5_256x240.png HTTP/1.1" 404 1089
190.171.141.122 - - [04/Oct/2021:12:12:17 -0300] "GET /cormun/servlet/renunciasadjuntos?DLT,272,20211004093100, HTTP/1.1" 200 5607
190.171.141.122 - - [04/Oct/2021:12:12:22 -0300] "POST /cormun/servlet/renunciasadjuntos?e71b6ffaecdc3a5086bc6d68b4f26495,DLT,272,20211004093100,,gx-no-cache=1633359645427 HTTP/1.1" 200 93
190.171.141.122 - - [04/Oct/2021:12:12:22 -0300] "GET /cormun/servlet/hpexe_return? HTTP/1.1" 200 1040
190.171.141.122 - - [04/Oct/2021:12:12:22 -0300] "GET /cormun/servlet/trrenunciasadjuntos?272,8736918, HTTP/1.1" 200 6553
190.171.141.90 - - [04/Oct/2021:12:12:22 -0300] "POST /cormun/servlet/solicitudot?gx-no-cache=1633359645935 HTTP/1.1" 200 238
190.171.141.90 - - [04/Oct/2021:12:12:22 -0300] "GET /cormun/servlet/solicitudot?97bfe8dd353e94fabb0ef0dc90f16bbfc13a260b1be05452e5c78cf29ba5c4e87740808c857dfeb65c01c91054dd1c812796cb6d8e6a00d9562a8353b9215e55f6280f4e5016248b39e1cdb2d61d48a64b9c8e37ccdfdd1d2f2388c530e86eb21c618ccf1177966cb0add951ee28e62549fb51387cd06a0a3ffbbffbe06b962959eeeae1c2b74202661aabbd8571dbbb97ffc621556ac9c7c2bf9aaa2733b55539acaf9be5fa95e673e7082db287a29df1e62eeb386ac28c78e157f8f1fdac66f58553a3ab24928d69d53379f154511f44179d8d1a1e8c4c116e77af8492db81a1e38c46810c0d2f99c7b810d12d57e59d065c113eb1b7cffa575ce7c952393ba6990f690b8df162bb2d1a2def7b21e796941eaf647d44e8c5ec791b64f1acab24ff36721d68f969ec6faa17ab5a30a27c0cad70b0cce90f6bbea55d22c3121d472dde90d5daaa59f9e48eaad2c192f1593b7ba026b787f6e1691ffff0212b0e7d270439defff20e3cc81d0ef831477d9915a0d1f987e5b47cf9eeba40a184a5,gx-no-cache=1633359646074 HTTP/1.1" 200 30
190.171.141.90 - - [04/Oct/2021:12:12:22 -0300] "POST /cormun/servlet/solicitudot?gx-no-cache=1633359646155 HTTP/1.1" 200 30
190.171.141.90 - - [04/Oct/2021:12:12:22 -0300] "POST /cormun/servlet/solicitudot?gx-no-cache=1633359646236 HTTP/1.1" 200 1440
190.171.141.90 - - [04/Oct/2021:12:12:23 -0300] "POST /cormun/servlet/solicitudot?gx-no-cache=1633359646323 HTTP/1.1" 200 41
190.171.141.122 - - [04/Oct/2021:12:12:23 -0300] "GET /cormun/servlet/trrenunciasadjuntos?272,8736918, HTTP/1.1" 200 6549
190.171.141.90 - - [04/Oct/2021:12:12:23 -0300] "GET /cormun/servlet/solicitudot?97bfe8dd353e94fabb0ef0dc90f16bbf7450788b4c568bffdeb6047b56fa5fda633d738470d3e1a0c5085ec6f6f0d057af60eac60ddb463a4bd0972439ad5d17afb9caf22bd506b1aba786d10caf760db65b9d4592b9ae25e6d466e2e5f905693c95267e20ec660c7070c8ba5bcb1e16,gx-no-cache=1633359646431 HTTP/1.1" 200 110
190.171.141.90 - - [04/Oct/2021:12:12:23 -0300] "POST /cormun/servlet/solicitudot?gx-no-cache=1633359646517 HTTP/1.1" 200 97
190.171.141.90 - - [04/Oct/2021:12:12:23 -0300] "GET /cormun/servlet/solicitudot?97bfe8dd353e94fabb0ef0dc90f16bbfe19936790b23a9fc91fa6450f98f6163532ec6651c5697d73701a123f10bda33,gx-no-cache=1633359646599 HTTP/1.1" 200 30
190.171.141.90 - - [04/Oct/2021:12:12:23 -0300] "POST /cormun/servlet/solicitudot?gx-no-cache=1633359646684 HTTP/1.1" 200 30
190.171.141.90 - - [04/Oct/2021:12:12:23 -0300] "POST /cormun/servlet/solicitudot?30636a63bd81ae4020f382cd05e10cd4,INS,0,0,false,,gx-no-cache=1633359646774 HTTP/1.1" 200 93
190.171.141.90 - - [04/Oct/2021:12:12:23 -0300] "GET /cormun/servlet/hpexe_return? HTTP/1.1" 200 1008
190.171.141.90 - - [04/Oct/2021:12:12:24 -0300] "GET /cormun/servlet/trsolicitudot HTTP/1.1" 200 9576
190.171.141.90 - - [04/Oct/2021:12:12:24 -0300] "GET /cormun/servlet/trsolicitudot HTTP/1.1" 200 9572
190.171.141.122 - - [04/Oct/2021:12:12:26 -0300] "GET /cormun/servlet/renunciasadjuntos?INS,272,, HTTP/1.1" 200 5575
190.171.141.122 - - [04/Oct/2021:12:12:26 -0300] "GET /cormun/static/about:blank HTTP/1.1" 404 1011
190.171.141.90 - - [04/Oct/2021:12:12:33 -0300] "GET /cormun/servlet/solicitudot?INS,0,0,false, HTTP/1.1" 200 15546
190.171.141.90 - - [04/Oct/2021:12:12:34 -0300] "GET /cormun/servlet/solicitudot?INS,0,0,false, HTTP/1.1" 200 15553
190.171.141.122 - - [04/Oct/2021:12:12:39 -0300] "GET /cormun/servlet/renunciasadjuntos?INS,272,, HTTP/1.1" 200 5562
190.171.141.90 - - [04/Oct/2021:12:12:47 -0300] "POST /cormun/servlet/solicitudot?gx-no-cache=1633359670402 HTTP/1.1" 200 3835
190.171.141.90 - - [04/Oct/2021:12:12:47 -0300] "POST /cormun/servlet/solicitudot?30636a63bd81ae4020f382cd05e10cd4,INS,0,0,false,,gx-no-cache=1633359670702 HTTP/1.1" 200 12331
190.171.141.90 - - [04/Oct/2021:12:12:50 -0300] "GET /cormun/servlet/solicitudot?97bfe8dd353e94fabb0ef0dc90f16bbfc196dcd5fb303823f093938d039fab0b519eefc92d24c4ee1baaa314e9dae365,gx-no-cache=1633359673757 HTTP/1.1" 200 30
190.171.141.122 - - [04/Oct/2021:12:12:55 -0300] "POST /cormun/servlet/renunciasadjuntos?e71b6ffaecdc3a5086bc6d68b4f26495,INS,272,, HTTP/1.1" 200 116
190.171.141.122 - - [04/Oct/2021:12:12:55 -0300] "GET /cormun/servlet/hpexe_return? HTTP/1.1" 200 1029
190.171.141.122 - - [04/Oct/2021:12:13:00 -0300] "GET /cormun/servlet/trrenunciasadjuntos?272,8736918, HTTP/1.1" 200 6637
190.171.141.122 - - [04/Oct/2021:12:13:04 -0300] "GET /cormun/servlet/trrenunciasadjuntos?272,8736918, HTTP/1.1" 200 6634
190.171.141.122 - - [04/Oct/2021:12:13:10 -0300] "GET /cormun/servlet/renunciasadjuntos?DLT,272,20211004093100, HTTP/1.1" 200 5619
190.171.141.122 - - [04/Oct/2021:12:13:10 -0300] "GET /cormun/static/Shared/jqueryui/images/ui-bg_highlight-soft_100_c6c2c8_1x100.png HTTP/1.1" 404 1117
190.171.141.122 - - [04/Oct/2021:12:13:10 -0300] "GET /cormun/static/Shared/jqueryui/images/ui-icons_8d78a5_256x240.png HTTP/1.1" 404 1089
190.171.141.122 - - [04/Oct/2021:12:13:10 -0300] "GET /cormun/static/Shared/jqueryui/images/ui-bg_flat_55_fafafa_40x100.png HTTP/1.1" 404 1097
190.171.141.122 - - [04/Oct/2021:12:13:10 -0300] "GET /cormun/static/Shared/jqueryui/images/ui-icons_82798d_256x240.png HTTP/1.1" 404 1089
190.171.141.122 - - [04/Oct/2021:12:13:10 -0300] "GET /cormun/servlet/renunciasadjuntos?DLT,272,20211004093100, HTTP/1.1" 200 5607
190.171.141.122 - - [04/Oct/2021:12:13:13 -0300] "POST /cormun/servlet/renunciasadjuntos?e71b6ffaecdc3a5086bc6d68b4f26495,DLT,272,20211004093100,,gx-no-cache=1633359696233 HTTP/1.1" 200 93
190.171.141.122 - - [04/Oct/2021:12:13:13 -0300] "GET /cormun/servlet/hpexe_return? HTTP/1.1" 200 1040
190.171.141.122 - - [04/Oct/2021:12:13:13 -0300] "GET /cormun/servlet/trrenunciasadjuntos?272,8736918, HTTP/1.1" 200 6554
190.171.141.122 - - [04/Oct/2021:12:13:14 -0300] "GET /cormun/servlet/trrenunciasadjuntos?272,8736918, HTTP/1.1" 200 6550
190.171.141.122 - - [04/Oct/2021:12:13:21 -0300] "GET /cormun/servlet/trpermisosgoce? HTTP/1.1" 200 8829
190.171.141.90 - - [04/Oct/2021:12:13:23 -0300] "GET /cormun/servlet/solicitudot?97bfe8dd353e94fabb0ef0dc90f16bbf75e206464f5468b2ac6ef001733e229856b98a84468edbe2790f19d69186ab06ec3a434d0c8c64309d36a3965c47da50,gx-no-cache=1633359707174 HTTP/1.1" 200 30
190.171.141.90 - - [04/Oct/2021:12:13:23 -0300] "GET /cormun/servlet/solicitudot?97bfe8dd353e94fabb0ef0dc90f16bbf7351f55db8bdafeef3911ba47af0cb8a,gx-no-cache=1633359707309 HTTP/1.1" 200 53
190.171.141.90 - - [04/Oct/2021:12:13:24 -0300] "POST /cormun/servlet/solicitudot?gx-no-cache=1633359708198 HTTP/1.1" 200 240
190.171.141.122 - - [04/Oct/2021:12:13:25 -0300] "GET /cormun/servlet/trpermisosgoce? HTTP/1.1" 200 8813
190.171.141.90 - - [04/Oct/2021:12:13:26 -0300] "GET /cormun/servlet/solicitudot?97bfe8dd353e94fabb0ef0dc90f16bbfc13a260b1be05452e5c78cf29ba5c4e87740808c857dfeb65c01c91054dd1c812796cb6d8e6a00d9562a8353b9215e55f6280f4e5016248b39e1cdb2d61d48a64b9c8e37ccdfdd1d2f2388c530e86eb21c618ccf1177966cb0add951ee28e62549fb51387cd06a0a3ffbbffbe06b962959eeeae1c2b74202661aabbd8571dbbb97ffc621556ac9c7c2bf9aaa2733b55539acaf9be5fa95e673e7082db287a29df1e62eeb386ac28c78e157f8f1fdac66f58553a3ab24928d69d53379f154511f44179d8d1a1e8c4c116e77af8492db81a1e38c46810c0d2f99c7b810d12d57e59d065c113eb1b7cffa575ce7c952393ba6990f690b8df162bb2d1a2def7b21e796941eaf647d44e8c5ec791b64f1acab24ff36721d68f969ec6faa17ab5a30a27c0cad70b0cce90f6bbea55d22c3121d472dde90d5daaa59f9e48eaad2c192f1593b7ba026b787f6e1691ffff0212b0e7d270439defff20e3cc81d0ef831477d3021e88f2494465099fbd72a691579d5,gx-no-cache=1633359709416 HTTP/1.1" 200 30
190.171.141.90 - - [04/Oct/2021:12:13:28 -0300] "POST /cormun/servlet/solicitudot?gx-no-cache=1633359711212 HTTP/1.1" 200 30
190.171.141.122 - - [04/Oct/2021:12:13:29 -0300] "GET /cormun/servlet/trpermisosadjuntos?16737009,20211004093222,P, HTTP/1.1" 200 6546
190.171.141.122 - - [04/Oct/2021:12:13:29 -0300] "GET /cormun/static/gxcfg.js?2020121641683 HTTP/1.1" 200 953
190.171.141.90 - - [04/Oct/2021:12:13:29 -0300] "POST /cormun/servlet/solicitudot?gx-no-cache=1633359713184 HTTP/1.1" 200 1440
190.171.141.90 - - [04/Oct/2021:12:13:29 -0300] "POST /cormun/servlet/solicitudot?gx-no-cache=1633359713270 HTTP/1.1" 200 38
190.171.141.122 - - [04/Oct/2021:12:13:33 -0300] "GET /cormun/static/trpermisosadjuntos.js?2020121642996 HTTP/1.1" 200 20158
190.171.141.122 - - [04/Oct/2021:12:13:34 -0300] "GET /cormun/servlet/trpermisosadjuntos?16737009,20211004093222,P, HTTP/1.1" 200 6546
190.171.141.122 - - [04/Oct/2021:12:13:36 -0300] "GET /cormun/servlet/permisosadjuntos?INS,16737009,P,20211004093222,, HTTP/1.1" 200 5878
190.171.141.122 - - [04/Oct/2021:12:13:36 -0300] "GET /cormun/static/gxcfg.js?20201215134212 HTTP/1.1" 200 953
190.171.141.122 - - [04/Oct/2021:12:13:36 -0300] "GET /cormun/static/about:blank HTTP/1.1" 404 1011
190.171.141.122 - - [04/Oct/2021:12:13:36 -0300] "GET /cormun/static/permisosadjuntos.js?20201215134285 HTTP/1.1" 200 8724
190.171.141.122 - - [04/Oct/2021:12:13:37 -0300] "GET /cormun/servlet/permisosadjuntos?INS,16737009,P,20211004093222,, HTTP/1.1" 200 5868
190.171.141.122 - - [04/Oct/2021:12:13:54 -0300] "POST /cormun/servlet/permisosadjuntos?e71b6ffaecdc3a5086bc6d68b4f26495,INS,16737009,P,20211004093222,, HTTP/1.1" 200 116
190.171.141.122 - - [04/Oct/2021:12:13:54 -0300] "GET /cormun/servlet/hpexe_return? HTTP/1.1" 200 1043
190.171.141.122 - - [04/Oct/2021:12:13:54 -0300] "GET /cormun/servlet/trpermisosadjuntos?16737009,20211004093222,P, HTTP/1.1" 200 7047
190.171.141.122 - - [04/Oct/2021:12:13:55 -0300] "GET /cormun/servlet/trpermisosadjuntos?16737009,20211004093222,P, HTTP/1.1" 200 7044
190.171.141.122 - - [04/Oct/2021:12:13:57 -0300] "POST /cormun/servlet/trpermisosadjuntos?e71b6ffaecdc3a5086bc6d68b4f26495,16737009,20211004093222,P,,gx-no-cache=1633359740850 HTTP/1.1" 200 90
190.171.141.122 - - [04/Oct/2021:12:13:57 -0300] "GET /cormun/servlet/hpexe_link HTTP/1.1" 200 991
190.171.141.122 - - [04/Oct/2021:12:13:58 -0300] "GET /cormun/servlet/trpermisosgoce HTTP/1.1" 200 8814
190.171.141.122 - - [04/Oct/2021:12:13:58 -0300] "GET /cormun/servlet/trpermisosgoce HTTP/1.1" 200 8813
190.171.141.122 - - [04/Oct/2021:12:14:03 -0300] "POST /cormun/servlet/trpermisosgoce?e71b6ffaecdc3a5086bc6d68b4f26495,gx-no-cache=1633359746011 HTTP/1.1" 200 6090
190.171.141.90 - - [04/Oct/2021:12:14:04 -0300] "GET /cormun/servlet/solicitudot?97bfe8dd353e94fabb0ef0dc90f16bbf7450788b4c568bffdeb6047b56fa5fda633d738470d3e1a0c5085ec6f6f0d057af60eac60ddb463a4bd0972439ad5d17afb9caf22bd506b1aba786d10caf760db65b9d4592b9ae25e6d466e2e5f905693c95267e20ec660c7070c8ba5bcb1e16,gx-no-cache=1633359747476 HTTP/1.1" 200 110
190.171.141.90 - - [04/Oct/2021:12:14:04 -0300] "POST /cormun/servlet/solicitudot?gx-no-cache=1633359747628 HTTP/1.1" 200 97
190.171.141.122 - - [04/Oct/2021:12:14:10 -0300] "GET /cormun/servlet/trautorizarpermisogoce? HTTP/1.1" 200 7905
190.171.141.122 - - [04/Oct/2021:12:14:10 -0300] "GET /cormun/static/gxcfg.js?2020121645532 HTTP/1.1" 200 953
190.171.141.122 - - [04/Oct/2021:12:14:11 -0300] "GET /cormun/static/trautorizarpermisogoce.js?2020121651492 HTTP/1.1" 200 34948
190.171.141.122 - - [04/Oct/2021:12:14:14 -0300] "GET /cormun/servlet/trautorizarpermisogoce? HTTP/1.1" 200 7904
190.171.141.122 - - [04/Oct/2021:12:14:18 -0300] "POST /cormun/servlet/trautorizarpermisogoce?e71b6ffaecdc3a5086bc6d68b4f26495,,gx-no-cache=1633359761578 HTTP/1.1" 200 4528
190.171.141.122 - - [04/Oct/2021:12:14:24 -0300] "GET /cormun/servlet/trrenuncias? HTTP/1.1" 200 7927
190.171.141.90 - - [04/Oct/2021:12:14:24 -0300] "GET /cormun/servlet/solicitudot?97bfe8dd353e94fabb0ef0dc90f16bbf039e18927ce324d8b67959011a2a48d724ff078b349a6803f7e56b6db3d8f2b551f860d172802865755a8bcb0e4c5d7de03de9bcef695e3822b9ab4f886996a9563176bf3d68a8c1fcdb0c249175466d9e71f742b0d387606d3cc63a7e4b7d0d1ed19f198af082d4b67488a83288a9e2bc9d32dded0b027262d4cf5eb723cffc4229fed244dfe7cf045e7efb647e0a7b,gx-no-cache=1633359767334 HTTP/1.1" 200 29
190.171.141.90 - - [04/Oct/2021:12:14:24 -0300] "GET /cormun/static/menuarrow.gif HTTP/1.1" 404 1015
190.171.141.90 - - [04/Oct/2021:12:14:27 -0300] "GET /cormun/servlet/solicitudot?97bfe8dd353e94fabb0ef0dc90f16bbfe19936790b23a9fc91fa6450f98f6163532ec6651c5697d73701a123f10bda33,gx-no-cache=1633359771034 HTTP/1.1" 200 30
190.171.141.122 - - [04/Oct/2021:12:14:28 -0300] "GET /cormun/servlet/trrenuncias? HTTP/1.1" 200 7927
190.171.141.122 - - [04/Oct/2021:12:14:32 -0300] "POST /cormun/servlet/trrenuncias?e71b6ffaecdc3a5086bc6d68b4f26495,,gx-no-cache=1633359775758 HTTP/1.1" 200 5238
190.171.141.90 - - [04/Oct/2021:12:14:33 -0300] "POST /cormun/servlet/solicitudot?gx-no-cache=1633359776388 HTTP/1.1" 200 30
190.171.141.122 - - [04/Oct/2021:12:14:38 -0300] "GET /cormun/servlet/trautorizarenuncias? HTTP/1.1" 200 7581
190.171.141.122 - - [04/Oct/2021:12:14:38 -0300] "GET /cormun/static/gxcfg.js?202012169054 HTTP/1.1" 200 953
190.171.141.122 - - [04/Oct/2021:12:14:42 -0300] "GET /cormun/static/trautorizarenuncias.js?202012169521 HTTP/1.1" 200 29147
190.171.141.122 - - [04/Oct/2021:12:14:44 -0300] "GET /cormun/servlet/trautorizarenuncias? HTTP/1.1" 200 7580
190.171.141.122 - - [04/Oct/2021:12:14:45 -0300] "POST /cormun/servlet/acontrolpreferencessavestate?None,JFERRARI,true HTTP/1.1" 200 35
190.171.141.122 - - [04/Oct/2021:12:14:48 -0300] "POST /cormun/servlet/trautorizarenuncias?e71b6ffaecdc3a5086bc6d68b4f26495,,gx-no-cache=1633359791984 HTTP/1.1" 200 4419
190.171.141.122 - - [04/Oct/2021:12:14:52 -0300] "GET /cormun/servlet/trrenuncias? HTTP/1.1" 200 7908
190.171.141.122 - - [04/Oct/2021:12:14:52 -0300] "GET /cormun/servlet/trrenuncias? HTTP/1.1" 200 7907
181.212.43.89 - - [04/Oct/2021:12:15:10 -0300] "GET /cormun/servlet/permisogoce?bf07965dc66eddd601f7d1a9692f51f25a99856597257a528324b0c7be311e2206dbd65b83c927c36b67746efeaf988c9ad454f4255bf68fdf6e1ac8226fbc29,gx-no-cache=1633359814047 HTTP/1.1" 200 46
181.212.43.89 - - [04/Oct/2021:12:15:14 -0300] "POST /cormun/servlet/permisogoce?45ad55b96a638cd1a431a2d49c7378ea,INS,0,,,,gx-no-cache=1633359817840 HTTP/1.1" 200 93
181.212.43.89 - - [04/Oct/2021:12:15:14 -0300] "GET /cormun/servlet/hpexe_return? HTTP/1.1" 200 1026
181.212.43.89 - - [04/Oct/2021:12:15:15 -0300] "GET /cormun/servlet/trpermisosgoce?gx-no-cache=1633359371828 HTTP/1.1" 200 9611
181.212.43.89 - - [04/Oct/2021:12:15:16 -0300] "GET /cormun/servlet/trpermisosgoce?gx-no-cache=1633359371828 HTTP/1.1" 200 9627
181.212.43.89 - - [04/Oct/2021:12:15:20 -0300] "GET /cormun/servlet/apermisogoceprn?11399184,P,20211004115455,PU HTTP/1.1" 200 1667
192.168.10.94 - - [04/Oct/2021:12:15:28 -0300] "GET /cormun/servlet/hlogin HTTP/1.1" 200 1727
181.212.43.89 - - [04/Oct/2021:12:15:28 -0300] "GET /cormun/servlet/trpermisosadjuntos?11399184,20211004115455,P, HTTP/1.1" 200 6327
181.212.43.89 - - [04/Oct/2021:12:15:29 -0300] "GET /cormun/servlet/trpermisosadjuntos?11399184,20211004115455,P, HTTP/1.1" 200 6306
181.212.43.89 - - [04/Oct/2021:12:15:31 -0300] "GET /cormun/servlet/permisosadjuntos?INS,11399184,P,20211004115455,, HTTP/1.1" 200 5628
181.212.43.89 - - [04/Oct/2021:12:15:32 -0300] "GET /cormun/static/about:blank HTTP/1.1" 404 1011
181.212.43.89 - - [04/Oct/2021:12:15:32 -0300] "GET /cormun/servlet/permisosadjuntos?INS,11399184,P,20211004115455,, HTTP/1.1" 200 5618
190.171.141.90 - - [04/Oct/2021:12:15:38 -0300] "POST /cormun/servlet/solicitudot?30636a63bd81ae4020f382cd05e10cd4,INS,0,0,false,,gx-no-cache=1633359842017 HTTP/1.1" 200 93
190.171.141.90 - - [04/Oct/2021:12:15:39 -0300] "GET /cormun/servlet/hpexe_return? HTTP/1.1" 200 1008
190.171.141.90 - - [04/Oct/2021:12:15:39 -0300] "GET /cormun/servlet/trsolicitudot HTTP/1.1" 200 9823
190.171.141.90 - - [04/Oct/2021:12:15:40 -0300] "GET /cormun/servlet/trsolicitudot HTTP/1.1" 200 9819
181.212.43.89 - - [04/Oct/2021:12:15:43 -0300] "POST /cormun/servlet/permisosadjuntos?45ad55b96a638cd1a431a2d49c7378ea,INS,11399184,P,20211004115455,, HTTP/1.1" 200 116
181.212.43.89 - - [04/Oct/2021:12:15:44 -0300] "GET /cormun/servlet/hpexe_return? HTTP/1.1" 200 1032
181.212.43.89 - - [04/Oct/2021:12:15:44 -0300] "GET /cormun/servlet/trpermisosadjuntos?11399184,20211004115455,P, HTTP/1.1" 200 6815
181.212.43.89 - - [04/Oct/2021:12:15:45 -0300] "GET /cormun/servlet/trpermisosadjuntos?11399184,20211004115455,P, HTTP/1.1" 200 6811
181.212.43.89 - - [04/Oct/2021:12:15:47 -0300] "POST /cormun/servlet/trpermisosadjuntos?45ad55b96a638cd1a431a2d49c7378ea,11399184,20211004115455,P,,gx-no-cache=1633359851003 HTTP/1.1" 200 90
181.212.43.89 - - [04/Oct/2021:12:15:47 -0300] "GET /cormun/servlet/hpexe_link HTTP/1.1" 200 1001
181.212.43.89 - - [04/Oct/2021:12:15:48 -0300] "GET /cormun/servlet/trpermisosgoce?gx-no-cache=1633359371828 HTTP/1.1" 200 9608
181.212.43.89 - - [04/Oct/2021:12:15:48 -0300] "GET /cormun/servlet/trpermisosgoce?gx-no-cache=1633359371828 HTTP/1.1" 200 9627
66.249.83.19 - - [04/Oct/2021:12:15:49 -0300] "GET /cormun/servlet/hlogin HTTP/1.1" 200 1720
66.249.83.21 - - [04/Oct/2021:12:15:49 -0300] "GET /cormun/servlet/hlogin?_escaped_fragment_= HTTP/1.1" 200 1722
66.249.83.19 - - [04/Oct/2021:12:15:50 -0300] "GET /cormun/static/Resources/Logo2019_Grande.png HTTP/1.1" 200 31733
66.249.88.56 - - [04/Oct/2021:12:15:50 -0300] "GET /cormun/servlet/hlogin HTTP/1.1" 200 1722
66.249.88.58 - - [04/Oct/2021:12:15:50 -0300] "GET /cormun/servlet/hlogin?_escaped_fragment_= HTTP/1.1" 200 1729
66.249.88.57 - - [04/Oct/2021:12:15:51 -0300] "GET /cormun/static/Resources/Logo2019_Grande.png HTTP/1.1" 200 31733
181.212.43.89 - - [04/Oct/2021:12:15:51 -0300] "POST /cormun/servlet/trpermisosgoce?45ad55b96a638cd1a431a2d49c7378ea,gx-no-cache=1633359371828,gx-no-cache=1633359854889 HTTP/1.1" 200 6868
181.212.43.89 - - [04/Oct/2021:12:15:51 -0300] "GET /cormun/static/Shared/jqueryui/images/ui-bg_highlight-soft_100_c6c2c8_1x100.png HTTP/1.1" 404 1117
181.212.43.89 - - [04/Oct/2021:12:15:51 -0300] "GET /cormun/static/Shared/jqueryui/images/ui-icons_82798d_256x240.png HTTP/1.1" 404 1089
181.212.43.89 - - [04/Oct/2021:12:15:51 -0300] "GET /cormun/static/Shared/jqueryui/images/ui-bg_flat_55_fafafa_40x100.png HTTP/1.1" 404 1097
181.212.43.89 - - [04/Oct/2021:12:15:51 -0300] "GET /cormun/static/Shared/jqueryui/images/ui-icons_8d78a5_256x240.png HTTP/1.1" 404 1089
66.249.85.113 - - [04/Oct/2021:12:15:51 -0300] "GET /cormun/static/Resources/Logo2019_Grande.png HTTP/1.1" 200 31733
192.168.10.98 - - [04/Oct/2021:12:15:54 -0300] "GET /cormun/servlet/hlogin HTTP/1.1" 200 1722
192.168.10.98 - - [04/Oct/2021:12:15:54 -0300] "GET /cormun/static/gxtimezone.js?85251 HTTP/1.1" 200 5781
192.168.10.98 - - [04/Oct/2021:12:15:54 -0300] "GET /cormun/static/gxcfg.js?201910216285969 HTTP/1.1" 200 953
192.168.10.98 - - [04/Oct/2021:12:15:54 -0300] "GET /cormun/static/Resources/Spanish/PXTools.css?2294816 HTTP/1.1" 200 100853
192.168.10.98 - - [04/Oct/2021:12:15:54 -0300] "GET /cormun/static/messages.spa.js?85251 HTTP/1.1" 200 30736
192.168.10.98 - - [04/Oct/2021:12:15:54 -0300] "GET /cormun/static/hlogin.js?201910216285995 HTTP/1.1" 200 2136
192.168.10.98 - - [04/Oct/2021:12:15:54 -0300] "GET /cormun/static/gxgral.js?85251 HTTP/1.1" 200 384558
192.168.10.98 - - [04/Oct/2021:12:15:54 -0300] "GET /cormun/static/Resources/Logo2019_Grande.png HTTP/1.1" 200 31733
192.168.10.98 - - [04/Oct/2021:12:15:54 -0300] "GET /cormun/static/Resources/PXToolsLoginTop.png HTTP/1.1" 200 1337
192.168.10.98 - - [04/Oct/2021:12:15:54 -0300] "GET /cormun/static/Resources/PXToolsLoginBackground.png HTTP/1.1" 200 1164
192.168.10.98 - - [04/Oct/2021:12:15:54 -0300] "GET /cormun/static/Resources/PXToolsButtonRight.png HTTP/1.1" 200 1294
192.168.10.98 - - [04/Oct/2021:12:15:54 -0300] "GET /cormun/static/Resources/PXToolsButtonLeft.png HTTP/1.1" 200 1310
192.168.10.98 - - [04/Oct/2021:12:15:54 -0300] "GET /cormun/static/Resources/PXToolsButtonBackground.png HTTP/1.1" 200 1176
192.168.10.98 - - [04/Oct/2021:12:15:54 -0300] "GET /cormun/static/Resources/indicator.gif HTTP/1.1" 200 1553
192.168.10.98 - - [04/Oct/2021:12:15:54 -0300] "GET /cormun/servlet/hlogin HTTP/1.1" 200 1733
192.168.10.98 - - [04/Oct/2021:12:15:54 -0300] "GET /cormun/static/Resources/PXToolsLoginBottom.png HTTP/1.1" 200 1389
192.168.10.98 - - [04/Oct/2021:12:15:54 -0300] "GET /favicon.ico HTTP/1.1" 200 21630
181.212.43.89 - - [04/Oct/2021:12:16:04 -0300] "GET /cormun/servlet/permisogoce?INS,0,,, HTTP/1.1" 200 6865
181.212.43.89 - - [04/Oct/2021:12:16:04 -0300] "GET /cormun/servlet/permisogoce?INS,0,,, HTTP/1.1" 200 6846
181.212.43.89 - - [04/Oct/2021:12:16:10 -0300] "GET /cormun/servlet/permisogoce?bf07965dc66eddd601f7d1a9692f51f2aafdf438777168fa6b1bdf1a8442719f6577fa36798149b90f460f511fee1df3c5931bf2dcf74cf94c01ef16cf2ab4ba,gx-no-cache=1633359874286 HTTP/1.1" 200 76
181.212.43.89 - - [04/Oct/2021:12:16:17 -0300] "GET /cormun/static/menuarrow.gif HTTP/1.1" 404 1015
192.168.10.98 - - [04/Oct/2021:12:16:19 -0300] "POST /cormun/servlet/hlogin?1a8e0346b4394cad4116b5773281e491,gx-no-cache=1633359745154 HTTP/1.1" 200 90
192.168.10.98 - - [04/Oct/2021:12:16:19 -0300] "GET /cormun/servlet/hpexe_link HTTP/1.1" 200 949
192.168.10.98 - - [04/Oct/2021:12:16:19 -0300] "GET /cormun/static/hpexe_link.js?201991422392963 HTTP/1.1" 200 625
192.168.10.98 - - [04/Oct/2021:12:16:19 -0300] "GET /cormun/static/gxcfg.js?201991422392958 HTTP/1.1" 200 953
192.168.10.98 - - [04/Oct/2021:12:16:20 -0300] "GET /cormun/servlet/hhome HTTP/1.1" 200 3827
192.168.10.98 - - [04/Oct/2021:12:16:20 -0300] "GET /cormun/static/Shared/jqueryui/jquery-ui.min.css?1345370 HTTP/1.1" 200 30288
192.168.10.98 - - [04/Oct/2021:12:16:20 -0300] "GET /cormun/static/SmoothNavMenu/resources/ddsmoothmenu.css?1112540 HTTP/1.1" 200 2223
192.168.10.98 - - [04/Oct/2021:12:16:20 -0300] "GET /cormun/static/gxcfg.js?20201215495537 HTTP/1.1" 200 953
192.168.10.98 - - [04/Oct/2021:12:16:20 -0300] "GET /cormun/static/PXToolsJavascripts/pexe_autoreload.js HTTP/1.1" 200 1762
192.168.10.98 - - [04/Oct/2021:12:16:20 -0300] "GET /cormun/static/SmoothNavMenu/resources/ddsmoothmenu-v.css?1112540 HTTP/1.1" 200 1188
192.168.10.98 - - [04/Oct/2021:12:16:20 -0300] "GET /cormun/static/PXToolsJavascripts/pexe_cookies.js HTTP/1.1" 200 792
192.168.10.98 - - [04/Oct/2021:12:16:20 -0300] "GET /cormun/static/Resources/Spanish/PXTools.css?14345360 HTTP/1.1" 200 100853
192.168.10.98 - - [04/Oct/2021:12:16:20 -0300] "GET /cormun/static/scaMessage/css/jquery.pnotify.default.css?1816380 HTTP/1.1" 200 1707
192.168.10.98 - - [04/Oct/2021:12:16:20 -0300] "GET /cormun/static/PXToolsJavascripts/pexe_windows.js HTTP/1.1" 200 15207
192.168.10.98 - - [04/Oct/2021:12:16:20 -0300] "GET /cormun/static/PXToolsJavascripts/pexe_grid.js HTTP/1.1" 200 7559
192.168.10.98 - - [04/Oct/2021:12:16:20 -0300] "GET /cormun/static/PXToolsJavascripts/pexe_griddivfix.js HTTP/1.1" 200 6644
192.168.10.98 - - [04/Oct/2021:12:16:20 -0300] "GET /cormun/static/PXToolsJavascripts/pexe_menudivfix.js HTTP/1.1" 200 333
192.168.10.98 - - [04/Oct/2021:12:16:20 -0300] "GET /cormun/static/PXToolsJavascripts/pexe_menus.js HTTP/1.1" 200 1286
192.168.10.98 - - [04/Oct/2021:12:16:20 -0300] "GET /cormun/static/PXToolsJavascripts/pexe_link.js HTTP/1.1" 200 5671
192.168.10.98 - - [04/Oct/2021:12:16:20 -0300] "GET /cormun/static/PXToolsJavascripts/pexe_layers.js HTTP/1.1" 200 4114
192.168.10.98 - - [04/Oct/2021:12:16:20 -0300] "GET /cormun/static/PXToolsJavascripts/pexe_oavdivfix.js HTTP/1.1" 200 639
192.168.10.98 - - [04/Oct/2021:12:16:20 -0300] "GET /cormun/static/PXToolsJavascripts/pexe_oav.js HTTP/1.1" 200 645
192.168.10.98 - - [04/Oct/2021:12:16:20 -0300] "GET /cormun/static/PXToolsJavascripts/pexe_popup.js HTTP/1.1" 200 13458
192.168.10.98 - - [04/Oct/2021:12:16:20 -0300] "GET /cormun/static/PXToolsJavascripts/pexe_scrolldiv.js HTTP/1.1" 200 4138
192.168.10.98 - - [04/Oct/2021:12:16:20 -0300] "GET /cormun/static/PXToolsJavascripts/pexe_picture.js HTTP/1.1" 200 689
192.168.10.98 - - [04/Oct/2021:12:16:20 -0300] "GET /cormun/static/PXToolsJavascripts/pexe_tabdivfix.js HTTP/1.1" 200 876
192.168.10.98 - - [04/Oct/2021:12:16:20 -0300] "GET /cormun/static/PXToolsJavascripts/pexe_tabs.js HTTP/1.1" 200 3748
192.168.10.98 - - [04/Oct/2021:12:16:20 -0300] "GET /cormun/static/PXToolsJavascripts/pexe_upload.js HTTP/1.1" 200 1423
192.168.10.98 - - [04/Oct/2021:12:16:20 -0300] "GET /cormun/static/PXToolsJavascripts/PXToolsJavascriptsRender.js HTTP/1.1" 200 367
192.168.10.98 - - [04/Oct/2021:12:16:20 -0300] "GET /cormun/static/hhome.js?20201215495544 HTTP/1.1" 200 777
192.168.10.98 - - [04/Oct/2021:12:16:20 -0300] "GET /cormun/static/Shared/ext/locale/ext-lang-en.js HTTP/1.1" 200 10940
192.168.10.98 - - [04/Oct/2021:12:16:20 -0300] "GET /cormun/static/hwchdr01.js?20201214473739 HTTP/1.1" 200 996
192.168.10.98 - - [04/Oct/2021:12:16:20 -0300] "GET /cormun/static/RunJS/RunJS.js HTTP/1.1" 200 288
192.168.10.98 - - [04/Oct/2021:12:16:20 -0300] "GET /cormun/static/hpexe_recentlink.js?20201214471090 HTTP/1.1" 200 2144
192.168.10.98 - - [04/Oct/2021:12:16:20 -0300] "GET /cormun/static/hpexe_scripts.js?20201214471411 HTTP/1.1" 200 1544
192.168.10.98 - - [04/Oct/2021:12:16:20 -0300] "GET /cormun/static/Resources/Logo2019_Small.png HTTP/1.1" 200 10855
192.168.10.98 - - [04/Oct/2021:12:16:20 -0300] "GET /cormun/static/hpexe_messagecontroller.js?201991422154126 HTTP/1.1" 200 870
192.168.10.98 - - [04/Oct/2021:12:16:20 -0300] "GET /cormun/static/Resources/Llave.png HTTP/1.1" 200 1395
192.168.10.98 - - [04/Oct/2021:12:16:20 -0300] "GET /cormun/static/Resources/PXToolsDataTitle.png HTTP/1.1" 200 1173
192.168.10.98 - - [04/Oct/2021:12:16:20 -0300] "GET /cormun/static/gxui/gxui-all.js HTTP/1.1" 200 107772
192.168.10.98 - - [04/Oct/2021:12:16:20 -0300] "GET /cormun/static/Resources/ImgHome.png HTTP/1.1" 200 1364
192.168.10.98 - - [04/Oct/2021:12:16:20 -0300] "GET /cormun/static/Resources/ImgLogin.png HTTP/1.1" 200 1432
192.168.10.98 - - [04/Oct/2021:12:16:20 -0300] "GET /cormun/static/hpexe_messagepopupcomponent.js?2020121447232 HTTP/1.1" 200 605
192.168.10.98 - - [04/Oct/2021:12:16:20 -0300] "GET /cormun/static/hpexe_messagegenexuscomponent.js?2020121447173 HTTP/1.1" 200 587
192.168.10.98 - - [04/Oct/2021:12:16:20 -0300] "GET /cormun/static/cmcontrolpreferences.js?20199141926336 HTTP/1.1" 200 1375
192.168.10.98 - - [04/Oct/2021:12:16:20 -0300] "GET /cormun/static/SmoothNavMenu/resources/SmoothNavMenuRender.js HTTP/1.1" 200 5951
192.168.10.98 - - [04/Oct/2021:12:16:20 -0300] "GET /cormun/static/Shared/jquery/jquery-1.4.2.min.js HTTP/1.1" 200 72174
192.168.10.98 - - [04/Oct/2021:12:16:20 -0300] "GET /cormun/static/SmoothNavMenu/resources/ddsmoothmenu.js HTTP/1.1" 200 12712
192.168.10.98 - - [04/Oct/2021:12:16:20 -0300] "GET /cormun/static/scaMessage/js/jquery.pnotify.min.js HTTP/1.1" 200 13038
192.168.10.98 - - [04/Oct/2021:12:16:20 -0300] "GET /cormun/static/scaMessage/scaMessageRender.js HTTP/1.1" 200 11977
192.168.10.98 - - [04/Oct/2021:12:16:20 -0300] "GET /cormun/static/hmpwkw03.js?20201215501896 HTTP/1.1" 200 3973
192.168.10.98 - - [04/Oct/2021:12:16:20 -0300] "GET /cormun/static/Shared/jqueryui/jquery-ui.min.js HTTP/1.1" 200 240427
181.212.43.89 - - [04/Oct/2021:12:16:20 -0300] "GET /cormun/servlet/permisogoce?bf07965dc66eddd601f7d1a9692f51f282061b8fc0f6c38e3353205b11bc215deb23a35d673fa6123b1880a4873251459ad454f4255bf68fdf6e1ac8226fbc29,gx-no-cache=1633359883595 HTTP/1.1" 200 46
192.168.10.98 - - [04/Oct/2021:12:16:20 -0300] "GET /cormun/static/Shared/jquery/jquery-1.10.2.min.js HTTP/1.1" 200 273199
192.168.10.98 - - [04/Oct/2021:12:16:20 -0300] "GET /cormun/static/Shared/ext/ext-all.js HTTP/1.1" 200 1289687
192.168.10.98 - - [04/Oct/2021:12:16:20 -0300] "GET /cormun/static/SmoothNavMenu/resources/images/down.gif HTTP/1.1" 200 854
192.168.10.98 - - [04/Oct/2021:12:16:20 -0300] "GET /cormun/servlet/hhome HTTP/1.1" 200 3824
192.168.10.98 - - [04/Oct/2021:12:16:24 -0300] "GET /cormun/servlet/trsolicitudgral? HTTP/1.1" 200 22257
192.168.10.98 - - [04/Oct/2021:12:16:24 -0300] "GET /cormun/static/gxui/gxui-all.css?110300 HTTP/1.1" 200 2179
192.168.10.98 - - [04/Oct/2021:12:16:24 -0300] "GET /cormun/static/calendar-system.css?75620 HTTP/1.1" 200 5572
192.168.10.98 - - [04/Oct/2021:12:16:24 -0300] "GET /cormun/static/gxcfg.js?20191021621534 HTTP/1.1" 200 953
192.168.10.98 - - [04/Oct/2021:12:16:24 -0300] "GET /cormun/static/calendar-setup.js?85251 HTTP/1.1" 200 2588
192.168.10.98 - - [04/Oct/2021:12:16:24 -0300] "GET /cormun/static/calendar.js?85251 HTTP/1.1" 200 26246
192.168.10.98 - - [04/Oct/2021:12:16:24 -0300] "GET /cormun/static/calendar-es.js?85251 HTTP/1.1" 200 1901
192.168.10.98 - - [04/Oct/2021:12:16:24 -0300] "GET /cormun/static/gxdec.js?85251 HTTP/1.1" 200 19579
192.168.10.98 - - [04/Oct/2021:12:16:24 -0300] "GET /cormun/static/Shared/ext/resources/css/ext-all.css?205870 HTTP/1.1" 200 416045
192.168.10.98 - - [04/Oct/2021:12:16:24 -0300] "GET /cormun/static/Resources/PXTools/calendar.png HTTP/1.1" 200 1306
192.168.10.98 - - [04/Oct/2021:12:16:24 -0300] "GET /cormun/static/Resources/PXToolsDataSearch.png HTTP/1.1" 200 435
192.168.10.98 - - [04/Oct/2021:12:16:24 -0300] "GET /cormun/static/trsolicitudgral.js?20191021621224 HTTP/1.1" 200 55173
192.168.10.98 - - [04/Oct/2021:12:16:24 -0300] "GET /cormun/static/Resources/PXToolsGridFirstDisabled.gif HTTP/1.1" 200 100
192.168.10.98 - - [04/Oct/2021:12:16:24 -0300] "GET /cormun/static/Resources/PXToolsGridPreviousDisabled.gif HTTP/1.1" 200 90
192.168.10.98 - - [04/Oct/2021:12:16:24 -0300] "GET /cormun/static/Resources/PXToolsGridNextDisabled.gif HTTP/1.1" 200 90
192.168.10.98 - - [04/Oct/2021:12:16:24 -0300] "GET /cormun/static/Resources/PXToolsGridPage.gif HTTP/1.1" 200 725
192.168.10.98 - - [04/Oct/2021:12:16:24 -0300] "GET /cormun/static/Resources/PXToolsGridLastDisabled.gif HTTP/1.1" 200 98
192.168.10.98 - - [04/Oct/2021:12:16:24 -0300] "GET /cormun/static/Resources/PXToolsActionExcel.png HTTP/1.1" 200 727
192.168.10.98 - - [04/Oct/2021:12:16:24 -0300] "GET /cormun/static/Resources/PXToolsAddAllStandardAction.png HTTP/1.1" 200 628
192.168.10.98 - - [04/Oct/2021:12:16:24 -0300] "GET /cormun/static/Resources/PXToolsRemoveAllStandardAction.png HTTP/1.1" 200 495
192.168.10.98 - - [04/Oct/2021:12:16:24 -0300] "GET /cormun/static/Resources/desc.gif HTTP/1.1" 200 65
192.168.10.98 - - [04/Oct/2021:12:16:24 -0300] "GET /cormun/static/Resources/asc.gif HTTP/1.1" 200 67
192.168.10.98 - - [04/Oct/2021:12:16:24 -0300] "GET /cormun//static/Resources/PXToolsGridDelete.png HTTP/1.1" 200 538
192.168.10.98 - - [04/Oct/2021:12:16:24 -0300] "GET /cormun//static/Resources/PXToolsGridUpdate.png HTTP/1.1" 200 470
192.168.10.98 - - [04/Oct/2021:12:16:24 -0300] "GET /cormun/static/Shared/ext/resources/themes/images/default/panel/bg-headersPanel.png HTTP/1.1" 200 255
192.168.10.98 - - [04/Oct/2021:12:16:24 -0300] "GET /cormun/static/Shared/ext/resources/themes/images/default/tools/tool-sprites.gif HTTP/1.1" 200 5434
192.168.10.98 - - [04/Oct/2021:12:16:25 -0300] "GET /cormun/servlet/trsolicitudgral? HTTP/1.1" 200 22255
190.171.141.90 - - [04/Oct/2021:12:16:28 -0300] "GET /cormun/servlet/solicitudot?INS,0,0,false, HTTP/1.1" 200 15547
190.171.141.90 - - [04/Oct/2021:12:16:28 -0300] "GET /cormun/servlet/solicitudot?INS,0,0,false, HTTP/1.1" 200 15555
181.212.43.89 - - [04/Oct/2021:12:16:31 -0300] "POST /cormun/servlet/permisogoce?45ad55b96a638cd1a431a2d49c7378ea,INS,0,,,,gx-no-cache=1633359894129 HTTP/1.1" 200 93
181.212.43.89 - - [04/Oct/2021:12:16:31 -0300] "GET /cormun/servlet/hpexe_return? HTTP/1.1" 200 1026
181.212.43.89 - - [04/Oct/2021:12:16:31 -0300] "GET /cormun/servlet/trpermisosgoce?gx-no-cache=1633359371828 HTTP/1.1" 200 9848
181.212.43.89 - - [04/Oct/2021:12:16:32 -0300] "GET /cormun/servlet/trpermisosgoce?gx-no-cache=1633359371828 HTTP/1.1" 200 9863
181.212.43.89 - - [04/Oct/2021:12:16:36 -0300] "GET /cormun/servlet/apermisogoceprn?12139455,P,20211004120209,PU HTTP/1.1" 200 1681
192.168.10.98 - - [04/Oct/2021:12:16:40 -0300] "POST /cormun/servlet/trsolicitudgral?1a8e0346b4394cad4116b5773281e491,,gx-no-cache=1633359765798 HTTP/1.1" 200 5264
192.168.10.98 - - [04/Oct/2021:12:16:43 -0300] "GET /cormun/static/menuarrow.gif HTTP/1.1" 404 1015
181.212.43.89 - - [04/Oct/2021:12:16:46 -0300] "GET /cormun/servlet/trpermisosadjuntos?12139455,20211004120209,P, HTTP/1.1" 200 6323
181.212.43.89 - - [04/Oct/2021:12:16:47 -0300] "GET /cormun/servlet/trpermisosadjuntos?12139455,20211004120209,P, HTTP/1.1" 200 6301
192.168.10.98 - - [04/Oct/2021:12:16:48 -0300] "POST /cormun/servlet/trsolicitudgral?1a8e0346b4394cad4116b5773281e491,,gx-no-cache=1633359773265 HTTP/1.1" 200 5266
181.212.43.89 - - [04/Oct/2021:12:16:50 -0300] "GET /cormun/servlet/permisosadjuntos?INS,12139455,P,20211004120209,, HTTP/1.1" 200 5619
181.212.43.89 - - [04/Oct/2021:12:16:50 -0300] "GET /cormun/static/about:blank HTTP/1.1" 404 1011
181.212.43.89 - - [04/Oct/2021:12:16:51 -0300] "GET /cormun/servlet/permisosadjuntos?INS,12139455,P,20211004120209,, HTTP/1.1" 200 5609
181.212.43.89 - - [04/Oct/2021:12:17:01 -0300] "POST /cormun/servlet/permisosadjuntos?45ad55b96a638cd1a431a2d49c7378ea,INS,12139455,P,20211004120209,, HTTP/1.1" 200 116
181.212.43.89 - - [04/Oct/2021:12:17:01 -0300] "GET /cormun/servlet/hpexe_return? HTTP/1.1" 200 1032
181.212.43.89 - - [04/Oct/2021:12:17:01 -0300] "GET /cormun/servlet/trpermisosadjuntos?12139455,20211004120209,P, HTTP/1.1" 200 6773
181.212.43.89 - - [04/Oct/2021:12:17:02 -0300] "GET /cormun/servlet/trpermisosadjuntos?12139455,20211004120209,P, HTTP/1.1" 200 6770
192.168.10.98 - - [04/Oct/2021:12:17:03 -0300] "POST /cormun/servlet/trsolicitudgral?1a8e0346b4394cad4116b5773281e491,,gx-no-cache=1633359788593 HTTP/1.1" 200 5268
181.212.43.89 - - [04/Oct/2021:12:17:05 -0300] "POST /cormun/servlet/trpermisosadjuntos?45ad55b96a638cd1a431a2d49c7378ea,12139455,20211004120209,P,,gx-no-cache=1633359928990 HTTP/1.1" 200 90
181.212.43.89 - - [04/Oct/2021:12:17:05 -0300] "GET /cormun/servlet/hpexe_link HTTP/1.1" 200 1001
181.212.43.89 - - [04/Oct/2021:12:17:06 -0300] "GET /cormun/servlet/trpermisosgoce?gx-no-cache=1633359371828 HTTP/1.1" 200 9845
181.212.43.89 - - [04/Oct/2021:12:17:06 -0300] "GET /cormun/servlet/trpermisosgoce?gx-no-cache=1633359371828 HTTP/1.1" 200 9863
181.212.43.89 - - [04/Oct/2021:12:17:09 -0300] "POST /cormun/servlet/trpermisosgoce?45ad55b96a638cd1a431a2d49c7378ea,gx-no-cache=1633359371828,gx-no-cache=1633359932481 HTTP/1.1" 200 7110
181.212.43.89 - - [04/Oct/2021:12:17:09 -0300] "GET /cormun/static/Shared/jqueryui/images/ui-bg_highlight-soft_100_c6c2c8_1x100.png HTTP/1.1" 404 1117
181.212.43.89 - - [04/Oct/2021:12:17:09 -0300] "GET /cormun/static/Shared/jqueryui/images/ui-icons_82798d_256x240.png HTTP/1.1" 404 1089
181.212.43.89 - - [04/Oct/2021:12:17:09 -0300] "GET /cormun/static/Shared/jqueryui/images/ui-bg_flat_55_fafafa_40x100.png HTTP/1.1" 404 1097
181.212.43.89 - - [04/Oct/2021:12:17:09 -0300] "GET /cormun/static/Shared/jqueryui/images/ui-icons_8d78a5_256x240.png HTTP/1.1" 404 1089
190.171.141.90 - - [04/Oct/2021:12:17:22 -0300] "POST /cormun/servlet/solicitudot?gx-no-cache=1633359945126 HTTP/1.1" 200 3848
181.212.43.89 - - [04/Oct/2021:12:17:23 -0300] "GET /cormun/servlet/permisogoce?INS,0,,, HTTP/1.1" 200 6866
181.212.43.89 - - [04/Oct/2021:12:17:24 -0300] "GET /cormun/servlet/permisogoce?INS,0,,, HTTP/1.1" 200 6845
190.171.141.90 - - [04/Oct/2021:12:17:26 -0300] "POST /cormun/servlet/solicitudot?30636a63bd81ae4020f382cd05e10cd4,INS,0,0,false,,gx-no-cache=1633359949733 HTTP/1.1" 200 12343
181.212.43.89 - - [04/Oct/2021:12:17:29 -0300] "GET /cormun/servlet/permisogoce?bf07965dc66eddd601f7d1a9692f51f266391d8e88e169b07ecef024822df7ae6577fa36798149b90f460f511fee1df3c5931bf2dcf74cf94c01ef16cf2ab4ba,gx-no-cache=1633359953021 HTTP/1.1" 200 77
192.168.10.98 - - [04/Oct/2021:12:17:31 -0300] "POST /cormun/servlet/trsolicitudgral?1a8e0346b4394cad4116b5773281e491,,gx-no-cache=1633359816538 HTTP/1.1" 200 5266
190.171.141.90 - - [04/Oct/2021:12:17:32 -0300] "GET /cormun/servlet/solicitudot?97bfe8dd353e94fabb0ef0dc90f16bbf5f71e5d81d282ce3fef8c8074eb681cf519eefc92d24c4ee1baaa314e9dae365,gx-no-cache=1633359956024 HTTP/1.1" 200 30
190.171.141.90 - - [04/Oct/2021:12:17:32 -0300] "GET /cormun/servlet/solicitudot?97bfe8dd353e94fabb0ef0dc90f16bbf64fa77e93b7fe52d45437f86ef12dc0f10f607a0ad123331d5f29144289fdba6,gx-no-cache=1633359956163 HTTP/1.1" 200 30
190.171.141.90 - - [04/Oct/2021:12:17:32 -0300] "GET /cormun/servlet/solicitudot?97bfe8dd353e94fabb0ef0dc90f16bbf7351f55db8bdafeef3911ba47af0cb8a,gx-no-cache=1633359956239 HTTP/1.1" 200 53
190.171.141.90 - - [04/Oct/2021:12:17:33 -0300] "POST /cormun/servlet/solicitudot?gx-no-cache=1633359956329 HTTP/1.1" 200 240
190.171.141.90 - - [04/Oct/2021:12:17:33 -0300] "GET /cormun/servlet/solicitudot?97bfe8dd353e94fabb0ef0dc90f16bbfc13a260b1be05452e5c78cf29ba5c4e87740808c857dfeb65c01c91054dd1c812796cb6d8e6a00d9562a8353b9215e55f6280f4e5016248b39e1cdb2d61d48a64b9c8e37ccdfdd1d2f2388c530e86eb21c618ccf1177966cb0add951ee28e62549fb51387cd06a0a3ffbbffbe06b962959eeeae1c2b74202661aabbd8571dbbb97ffc621556ac9c7c2bf9aaa2733b55539acaf9be5fa95e673e7082db287a29df1e62eeb386ac28c78e157f8f1fdac66f58553a3ab24928d69d53379f154511f44179d8d1a1e8c4c116e77af8492db81a1e38c46810c0d2f99c7b810d12d57e59d065c113eb1b7cffa575ce7c952393ba6990f690b8df162bb2d1a2def7b21e796941eaf647d44e8c5ec791b64f1acab24ff36721d68f969ec6faa17ab5a30a27c0cad70b0cce90f6bbea55d22c3121d472dde90d5daaa59f9e48eaad2c192f1593b7ba026b787f6e1691ffff0212b0e7d270439defff20e3cc81d0ef831477d3021e88f2494465099fbd72a691579d5,gx-no-cache=1633359956418 HTTP/1.1" 200 30
181.212.43.89 - - [04/Oct/2021:12:17:34 -0300] "GET /cormun/static/menuarrow.gif HTTP/1.1" 404 1015
181.212.43.89 - - [04/Oct/2021:12:17:40 -0300] "GET /cormun/servlet/permisogoce?bf07965dc66eddd601f7d1a9692f51f24cb84ccec2c7f0a9f407778896282c3cb1e2928e6e3e0935347b2161303fa00c9ad454f4255bf68fdf6e1ac8226fbc29,gx-no-cache=1633359963395 HTTP/1.1" 200 47
181.212.43.89 - - [04/Oct/2021:12:17:44 -0300] "POST /cormun/servlet/permisogoce?45ad55b96a638cd1a431a2d49c7378ea,INS,0,,,,gx-no-cache=1633359967355 HTTP/1.1" 200 93
181.212.43.89 - - [04/Oct/2021:12:17:44 -0300] "GET /cormun/servlet/hpexe_return? HTTP/1.1" 200 1026
181.212.43.89 - - [04/Oct/2021:12:17:44 -0300] "GET /cormun/servlet/trpermisosgoce?gx-no-cache=1633359371828 HTTP/1.1" 200 10051
181.212.43.89 - - [04/Oct/2021:12:17:45 -0300] "GET /cormun/servlet/trpermisosgoce?gx-no-cache=1633359371828 HTTP/1.1" 200 10066
181.212.43.89 - - [04/Oct/2021:12:17:48 -0300] "GET /cormun/servlet/apermisogoceprn?17873491,P,20211004120329,PU HTTP/1.1" 200 1674
192.168.10.98 - - [04/Oct/2021:12:17:53 -0300] "POST /cormun/servlet/trsolicitudgral?1a8e0346b4394cad4116b5773281e491,,gx-no-cache=1633359838600 HTTP/1.1" 200 5265
181.212.43.89 - - [04/Oct/2021:12:17:59 -0300] "GET /cormun/servlet/trpermisosadjuntos?17873491,20211004120329,P, HTTP/1.1" 200 6328
181.212.43.89 - - [04/Oct/2021:12:18:00 -0300] "GET /cormun/servlet/trpermisosadjuntos?17873491,20211004120329,P, HTTP/1.1" 200 6306
181.212.43.89 - - [04/Oct/2021:12:18:02 -0300] "GET /cormun/servlet/permisosadjuntos?INS,17873491,P,20211004120329,, HTTP/1.1" 200 5625
181.212.43.89 - - [04/Oct/2021:12:18:02 -0300] "GET /cormun/static/about:blank HTTP/1.1" 404 1011
181.212.43.89 - - [04/Oct/2021:12:18:03 -0300] "GET /cormun/servlet/permisosadjuntos?INS,17873491,P,20211004120329,, HTTP/1.1" 200 5615
192.168.10.98 - - [04/Oct/2021:12:18:07 -0300] "POST /cormun/servlet/trsolicitudgral?1a8e0346b4394cad4116b5773281e491,,gx-no-cache=1633359853184 HTTP/1.1" 200 5264
190.171.143.82 - - [04/Oct/2021:12:18:10 -0300] "POST /cormun/servlet/trsolicitudot?a56f5a27156c8482e4f90008f2f76934,,gx-no-cache=1633359993564 HTTP/1.1" 440 972
181.212.43.89 - - [04/Oct/2021:12:18:11 -0300] "POST /cormun/servlet/permisosadjuntos?45ad55b96a638cd1a431a2d49c7378ea,INS,17873491,P,20211004120329,, HTTP/1.1" 200 116
181.212.43.89 - - [04/Oct/2021:12:18:11 -0300] "GET /cormun/servlet/hpexe_return? HTTP/1.1" 200 1033
181.212.43.89 - - [04/Oct/2021:12:18:11 -0300] "GET /cormun/servlet/trpermisosadjuntos?17873491,20211004120329,P, HTTP/1.1" 200 6788
181.212.43.89 - - [04/Oct/2021:12:18:12 -0300] "GET /cormun/servlet/trpermisosadjuntos?17873491,20211004120329,P, HTTP/1.1" 200 6784
190.171.143.82 - - [04/Oct/2021:12:18:12 -0300] "GET /cormun/servlet/trsolicitudot? HTTP/1.1" 200 6314
190.171.143.82 - - [04/Oct/2021:12:18:13 -0300] "GET /cormun/servlet/hlogin HTTP/1.1" 200 1742
190.171.143.82 - - [04/Oct/2021:12:18:13 -0300] "GET /cormun/servlet/trsolicitudot? HTTP/1.1" 200 6314
190.171.143.82 - - [04/Oct/2021:12:18:16 -0300] "POST /cormun/servlet/hlogin?a9d8c5fe48773e96556e114881d6f38b,gx-no-cache=1633359999679 HTTP/1.1" 200 90
190.171.143.82 - - [04/Oct/2021:12:18:16 -0300] "GET /cormun/servlet/hpexe_link HTTP/1.1" 200 956
190.171.143.82 - - [04/Oct/2021:12:18:17 -0300] "GET /cormun/servlet/trsolicitudot HTTP/1.1" 200 8857
190.171.143.82 - - [04/Oct/2021:12:18:17 -0300] "GET /cormun/servlet/trsolicitudot HTTP/1.1" 200 8856
190.171.143.82 - - [04/Oct/2021:12:18:19 -0300] "POST /cormun/servlet/trsolicitudot?a9d8c5fe48773e96556e114881d6f38b,gx-no-cache=1633360002465 HTTP/1.1" 200 107
190.171.143.82 - - [04/Oct/2021:12:18:19 -0300] "GET /cormun/servlet/trsolicitudadjuntos?2021,17583, HTTP/1.1" 200 9657
190.171.143.82 - - [04/Oct/2021:12:18:20 -0300] "GET /cormun/servlet/trsolicitudadjuntos?2021,17583, HTTP/1.1" 200 9661
192.168.10.98 - - [04/Oct/2021:12:18:22 -0300] "POST /cormun/servlet/trsolicitudgral?1a8e0346b4394cad4116b5773281e491,,gx-no-cache=1633359867825 HTTP/1.1" 200 5267
190.171.143.82 - - [04/Oct/2021:12:18:22 -0300] "GET /cormun/servlet/solicitudotadjuntos?INS,2021,17583,,1, HTTP/1.1" 200 6397
190.171.143.82 - - [04/Oct/2021:12:18:22 -0300] "GET /cormun/static/about:blank HTTP/1.1" 404 1011
190.171.143.82 - - [04/Oct/2021:12:18:23 -0300] "GET /cormun/servlet/solicitudotadjuntos?INS,2021,17583,,1, HTTP/1.1" 200 6390
