181.212.43.89 - - [04/Oct/2021:12:18:23 -0300] "POST /cormun/servlet/trpermisosadjuntos?45ad55b96a638cd1a431a2d49c7378ea,17873491,20211004120329,P,,gx-no-cache=1633360006742 HTTP/1.1" 200 90
181.212.43.89 - - [04/Oct/2021:12:18:23 -0300] "GET /cormun/servlet/hpexe_link HTTP/1.1" 200 1001
190.171.143.82 - - [04/Oct/2021:12:18:23 -0300] "GET /cormun/servlet/solicitudotadjuntos?d64351bb9e41a251dd5c1baf05de48405f96c809de4b4bbb670adbd5eca2cbb60bfea2912602f5057a30c1c18cab6eb0,gx-no-cache=1633360006564 HTTP/1.1" 200 30
181.212.43.89 - - [04/Oct/2021:12:18:23 -0300] "GET /cormun/servlet/trpermisosgoce?gx-no-cache=1633359371828 HTTP/1.1" 200 10048
190.171.143.82 - - [04/Oct/2021:12:18:24 -0300] "POST /cormun/servlet/solicitudotadjuntos?a9d8c5fe48773e96556e114881d6f38b,INS,2021,17583,,1,,gx-no-cache=1633360006967 HTTP/1.1" 200 4183
181.212.43.89 - - [04/Oct/2021:12:18:24 -0300] "GET /cormun/servlet/trpermisosgoce?gx-no-cache=1633359371828 HTTP/1.1" 200 10066
190.171.143.82 - - [04/Oct/2021:12:18:27 -0300] "POST /cormun/servlet/solicitudotadjuntos?gx-no-cache=1633360010295 HTTP/1.1" 200 26
181.212.43.89 - - [04/Oct/2021:12:18:30 -0300] "POST /cormun/servlet/trpermisosgoce?45ad55b96a638cd1a431a2d49c7378ea,gx-no-cache=1633359371828,gx-no-cache=1633360014074 HTTP/1.1" 200 7367
181.212.43.89 - - [04/Oct/2021:12:18:31 -0300] "GET /cormun/static/Shared/jqueryui/images/ui-bg_highlight-soft_100_c6c2c8_1x100.png HTTP/1.1" 404 1117
181.212.43.89 - - [04/Oct/2021:12:18:31 -0300] "GET /cormun/static/Shared/jqueryui/images/ui-icons_8d78a5_256x240.png HTTP/1.1" 404 1089
181.212.43.89 - - [04/Oct/2021:12:18:31 -0300] "GET /cormun/static/Shared/jqueryui/images/ui-icons_82798d_256x240.png HTTP/1.1" 404 1089
181.212.43.89 - - [04/Oct/2021:12:18:31 -0300] "GET /cormun/static/Shared/jqueryui/images/ui-bg_flat_55_fafafa_40x100.png HTTP/1.1" 404 1097
190.171.143.82 - - [04/Oct/2021:12:18:35 -0300] "GET /cormun/servlet/solicitudotadjuntos?d64351bb9e41a251dd5c1baf05de4840f930be948796fc94864174c874166546,gx-no-cache=1633360018228 HTTP/1.1" 200 30
190.171.143.82 - - [04/Oct/2021:12:18:35 -0300] "GET /cormun/servlet/solicitudotadjuntos?d64351bb9e41a251dd5c1baf05de4840f930be948796fc94864174c874166546,gx-no-cache=1633360018305 HTTP/1.1" 200 30
190.171.143.82 - - [04/Oct/2021:12:18:35 -0300] "POST /cormun/servlet/solicitudotadjuntos?a9d8c5fe48773e96556e114881d6f38b,INS,2021,17583,,1, HTTP/1.1" 200 116
190.171.143.82 - - [04/Oct/2021:12:18:35 -0300] "GET /cormun/servlet/hpexe_return? HTTP/1.1" 200 1026
190.171.143.82 - - [04/Oct/2021:12:18:36 -0300] "GET /cormun/servlet/trsolicitudadjuntos?2021,17583, HTTP/1.1" 200 9904
190.171.143.82 - - [04/Oct/2021:12:18:36 -0300] "GET /cormun/servlet/trsolicitudadjuntos?2021,17583, HTTP/1.1" 200 9903
192.168.10.98 - - [04/Oct/2021:12:18:37 -0300] "POST /cormun/servlet/trsolicitudgral?1a8e0346b4394cad4116b5773281e491,,gx-no-cache=1633359882312 HTTP/1.1" 200 5267
190.171.143.82 - - [04/Oct/2021:12:18:39 -0300] "GET /cormun/servlet/solicitudotadjuntos?INS,2021,17583,,1, HTTP/1.1" 200 6397
190.171.143.82 - - [04/Oct/2021:12:18:39 -0300] "GET /cormun/static/about:blank HTTP/1.1" 404 1011
190.171.143.82 - - [04/Oct/2021:12:18:39 -0300] "GET /cormun/servlet/solicitudotadjuntos?INS,2021,17583,,1, HTTP/1.1" 200 6390
190.171.143.82 - - [04/Oct/2021:12:18:39 -0300] "GET /cormun/servlet/solicitudotadjuntos?d64351bb9e41a251dd5c1baf05de48405f96c809de4b4bbb670adbd5eca2cbb60bfea2912602f5057a30c1c18cab6eb0,gx-no-cache=1633360022658 HTTP/1.1" 200 30
190.171.143.82 - - [04/Oct/2021:12:18:39 -0300] "POST /cormun/servlet/solicitudotadjuntos?a9d8c5fe48773e96556e114881d6f38b,INS,2021,17583,,1,,gx-no-cache=1633360022730 HTTP/1.1" 200 4183
190.171.141.90 - - [04/Oct/2021:12:18:49 -0300] "POST /cormun/servlet/solicitudot?gx-no-cache=1633360033197 HTTP/1.1" 200 30
192.168.10.98 - - [04/Oct/2021:12:18:49 -0300] "POST /cormun/servlet/trsolicitudgral?1a8e0346b4394cad4116b5773281e491,,gx-no-cache=1633359895080 HTTP/1.1" 200 6681
190.171.141.90 - - [04/Oct/2021:12:18:55 -0300] "POST /cormun/servlet/solicitudot?gx-no-cache=1633360039139 HTTP/1.1" 200 1440
190.171.141.90 - - [04/Oct/2021:12:18:55 -0300] "POST /cormun/servlet/solicitudot?gx-no-cache=1633360039241 HTTP/1.1" 200 38
190.171.141.90 - - [04/Oct/2021:12:18:59 -0300] "GET /cormun/servlet/solicitudot?97bfe8dd353e94fabb0ef0dc90f16bbf7450788b4c568bffdeb6047b56fa5fda633d738470d3e1a0c5085ec6f6f0d057af60eac60ddb463a4bd0972439ad5d17afb9caf22bd506b1aba786d10caf760db65b9d4592b9ae25e6d466e2e5f905693c95267e20ec660c7070c8ba5bcb1e16,gx-no-cache=1633360042905 HTTP/1.1" 200 110
192.168.10.98 - - [04/Oct/2021:12:19:29 -0300] "POST /cormun/servlet/trsolicitudgral?1a8e0346b4394cad4116b5773281e491,,gx-no-cache=1633359934344 HTTP/1.1" 200 5267
200.54.237.82 - - [04/Oct/2021:12:20:47 -0300] "GET /cormun/servlet/trfichaempleado? HTTP/1.1" 200 11478
200.54.237.82 - - [04/Oct/2021:12:20:47 -0300] "GET /cormun/static/gxcfg.js?201991420132062 HTTP/1.1" 200 953
200.54.237.82 - - [04/Oct/2021:12:20:47 -0300] "GET /cormun/static/trfichaempleado.js?201991420132430 HTTP/1.1" 200 22815
192.168.10.98 - - [04/Oct/2021:12:21:08 -0300] "POST /cormun/servlet/trsolicitudgral?1a8e0346b4394cad4116b5773281e491,,gx-no-cache=1633360033508 HTTP/1.1" 200 5268
192.168.10.98 - - [04/Oct/2021:12:21:28 -0300] "POST /cormun/servlet/trsolicitudgral?1a8e0346b4394cad4116b5773281e491,,gx-no-cache=1633360053852 HTTP/1.1" 200 6648
192.168.10.98 - - [04/Oct/2021:12:21:57 -0300] "POST /cormun/servlet/trsolicitudgral?1a8e0346b4394cad4116b5773281e491,,gx-no-cache=1633360082700 HTTP/1.1" 200 5267
192.168.10.98 - - [04/Oct/2021:12:22:09 -0300] "POST /cormun/servlet/trsolicitudgral?1a8e0346b4394cad4116b5773281e491,,gx-no-cache=1633360094634 HTTP/1.1" 200 6667
192.168.10.98 - - [04/Oct/2021:12:22:27 -0300] "POST /cormun/servlet/trsolicitudgral?1a8e0346b4394cad4116b5773281e491,,gx-no-cache=1633360112909 HTTP/1.1" 200 6661
192.168.10.98 - - [04/Oct/2021:12:22:49 -0300] "POST /cormun/servlet/trsolicitudgral?1a8e0346b4394cad4116b5773281e491,,gx-no-cache=1633360134819 HTTP/1.1" 200 6978
200.54.237.82 - - [04/Oct/2021:12:22:58 -0300] "GET /cormun/servlet/trbonoreemplazoaut? HTTP/1.1" 500 10
200.54.237.82 - - [04/Oct/2021:12:23:02 -0300] "GET /cormun/servlet/trbonoreemplazoaut? HTTP/1.1" 500 10
200.54.237.82 - - [04/Oct/2021:12:23:06 -0300] "GET /cormun/servlet/trbonoreemplazoaut? HTTP/1.1" 500 10
200.54.237.82 - - [04/Oct/2021:12:23:07 -0300] "GET /cormun/servlet/trbonoreemplazoaut? HTTP/1.1" 500 10
200.54.237.82 - - [04/Oct/2021:12:23:12 -0300] "GET /cormun/servlet/trcontratounov2? HTTP/1.1" 200 17601
200.54.237.82 - - [04/Oct/2021:12:23:13 -0300] "GET /cormun/servlet/trcontratounov2? HTTP/1.1" 200 17611
192.168.10.98 - - [04/Oct/2021:12:23:13 -0300] "POST /cormun/servlet/trsolicitudgral?1a8e0346b4394cad4116b5773281e491,,gx-no-cache=1633360158668 HTTP/1.1" 200 5267
200.54.237.82 - - [04/Oct/2021:12:23:17 -0300] "GET /cormun/servlet/trbonoreemplazoaut? HTTP/1.1" 500 10
200.54.237.82 - - [04/Oct/2021:12:23:20 -0300] "GET /cormun/servlet/trbonoreemplazoaut? HTTP/1.1" 500 10
200.54.237.82 - - [04/Oct/2021:12:23:23 -0300] "GET /cormun/servlet/trfichaempleado? HTTP/1.1" 200 11482
200.54.237.82 - - [04/Oct/2021:12:23:23 -0300] "GET /cormun/servlet/trcontratounov2? HTTP/1.1" 200 17590
200.54.237.82 - - [04/Oct/2021:12:23:24 -0300] "GET /cormun/servlet/trcontratounov2? HTTP/1.1" 200 17613
200.54.237.82 - - [04/Oct/2021:12:23:27 -0300] "GET /cormun/servlet/trbonoreemplazo? HTTP/1.1" 500 10
190.171.141.90 - - [04/Oct/2021:12:23:39 -0300] "POST /cormun/servlet/solicitudot?30636a63bd81ae4020f382cd05e10cd4,INS,0,0,false,,gx-no-cache=1633360322677 HTTP/1.1" 200 93
190.171.141.90 - - [04/Oct/2021:12:23:39 -0300] "GET /cormun/servlet/hpexe_return? HTTP/1.1" 200 1008
190.171.141.90 - - [04/Oct/2021:12:23:39 -0300] "GET /cormun/servlet/trsolicitudot HTTP/1.1" 200 9823
190.171.141.90 - - [04/Oct/2021:12:23:40 -0300] "GET /cormun/servlet/trsolicitudot HTTP/1.1" 200 9819
190.171.141.90 - - [04/Oct/2021:12:23:43 -0300] "GET /cormun/servlet/trlicencias? HTTP/1.1" 200 14661
190.171.141.90 - - [04/Oct/2021:12:23:43 -0300] "GET /cormun/servlet/trlicencias? HTTP/1.1" 200 14656
192.168.10.98 - - [04/Oct/2021:12:24:18 -0300] "POST /cormun/servlet/trsolicitudgral?1a8e0346b4394cad4116b5773281e491,,gx-no-cache=1633360223347 HTTP/1.1" 200 5263
192.168.10.98 - - [04/Oct/2021:12:24:33 -0300] "POST /cormun/servlet/trsolicitudgral?1a8e0346b4394cad4116b5773281e491,,gx-no-cache=1633360238617 HTTP/1.1" 200 7521
192.168.10.98 - - [04/Oct/2021:12:24:54 -0300] "POST /cormun/servlet/trsolicitudgral?1a8e0346b4394cad4116b5773281e491,,gx-no-cache=1633360259715 HTTP/1.1" 200 5264
190.171.141.90 - - [04/Oct/2021:12:25:04 -0300] "GET /cormun/static/menuarrow.gif HTTP/1.1" 404 1015
190.171.142.50 - - [04/Oct/2021:12:25:07 -0300] "GET /cormun/servlet/hlogin HTTP/1.1" 200 1720
192.168.10.98 - - [04/Oct/2021:12:25:11 -0300] "POST /cormun/servlet/trsolicitudgral?1a8e0346b4394cad4116b5773281e491,,gx-no-cache=1633360276610 HTTP/1.1" 200 5269
190.171.142.50 - - [04/Oct/2021:12:25:15 -0300] "POST /cormun/servlet/hlogin?a7a47722bbc032c8f2420e6b8bf631e5,gx-no-cache=1633364014849 HTTP/1.1" 200 90
190.171.142.50 - - [04/Oct/2021:12:25:15 -0300] "GET /cormun/servlet/hpexe_link HTTP/1.1" 200 947
190.171.142.50 - - [04/Oct/2021:12:25:15 -0300] "GET /cormun/servlet/hhome HTTP/1.1" 200 3939
190.171.142.50 - - [04/Oct/2021:12:25:15 -0300] "GET /cormun/servlet/hhome HTTP/1.1" 200 3935
190.171.142.50 - - [04/Oct/2021:12:25:19 -0300] "GET /cormun/servlet/trlicencias? HTTP/1.1" 200 9954
190.171.142.50 - - [04/Oct/2021:12:25:19 -0300] "GET /cormun/servlet/trlicencias? HTTP/1.1" 200 9952
190.171.141.90 - - [04/Oct/2021:12:25:20 -0300] "POST /cormun/servlet/trlicencias?30636a63bd81ae4020f382cd05e10cd4,,gx-no-cache=1633360423197 HTTP/1.1" 200 18691
190.171.141.90 - - [04/Oct/2021:12:25:20 -0300] "GET /cormun/static/Resources/PXToolsGridNext.gif HTTP/1.1" 200 369
190.171.141.90 - - [04/Oct/2021:12:25:20 -0300] "GET /cormun/static/Resources/PXToolsGridLast.gif HTTP/1.1" 200 370
192.168.10.98 - - [04/Oct/2021:12:25:22 -0300] "POST /cormun/servlet/trsolicitudgral?1a8e0346b4394cad4116b5773281e491,,gx-no-cache=1633360287584 HTTP/1.1" 200 5264
192.168.10.98 - - [04/Oct/2021:12:25:32 -0300] "POST /cormun/servlet/trsolicitudgral?1a8e0346b4394cad4116b5773281e491,,gx-no-cache=1633360297610 HTTP/1.1" 200 6644
190.171.149.74 - - [04/Oct/2021:12:26:10 -0300] "GET /cormun/servlet/trrenuncias? HTTP/1.1" 200 6835
190.171.149.74 - - [04/Oct/2021:12:26:10 -0300] "GET /cormun/static/gxcfg.js?2020121674068 HTTP/1.1" 200 953
190.171.149.74 - - [04/Oct/2021:12:26:10 -0300] "GET /cormun/static/trrenuncias.js?2020121674514 HTTP/1.1" 200 31925
190.171.149.74 - - [04/Oct/2021:12:26:11 -0300] "GET /cormun/servlet/trrenuncias? HTTP/1.1" 200 6835
190.171.149.74 - - [04/Oct/2021:12:26:11 -0300] "GET /favicon.ico HTTP/1.1" 200 21630
190.171.149.74 - - [04/Oct/2021:12:26:13 -0300] "GET /cormun/servlet/renuncias?INS,0, HTTP/1.1" 200 6227
190.171.149.74 - - [04/Oct/2021:12:26:14 -0300] "GET /cormun/static/gxcfg.js?20201215175974 HTTP/1.1" 200 953
190.171.149.74 - - [04/Oct/2021:12:26:14 -0300] "GET /cormun/static/renuncias.js?2020121518254 HTTP/1.1" 200 16029
190.171.149.74 - - [04/Oct/2021:12:26:14 -0300] "GET /cormun/servlet/renuncias?INS,0, HTTP/1.1" 200 6228
190.171.141.90 - - [04/Oct/2021:12:26:55 -0300] "POST /cormun/servlet/trlicencias?30636a63bd81ae4020f382cd05e10cd4,,gx-no-cache=1633360518208 HTTP/1.1" 200 4172
190.171.141.90 - - [04/Oct/2021:12:26:59 -0300] "POST /cormun/servlet/trlicencias?30636a63bd81ae4020f382cd05e10cd4,,gx-no-cache=1633360522559 HTTP/1.1" 200 4172
190.171.141.90 - - [04/Oct/2021:12:27:03 -0300] "POST /cormun/servlet/trlicencias?30636a63bd81ae4020f382cd05e10cd4,,gx-no-cache=1633360526706 HTTP/1.1" 200 4170
190.171.141.90 - - [04/Oct/2021:12:27:27 -0300] "POST /cormun/servlet/trlicencias?30636a63bd81ae4020f382cd05e10cd4,,gx-no-cache=1633360550815 HTTP/1.1" 200 4173
190.171.141.90 - - [04/Oct/2021:12:27:40 -0300] "POST /cormun/servlet/trlicencias?30636a63bd81ae4020f382cd05e10cd4,,gx-no-cache=1633360562864 HTTP/1.1" 200 18669
181.212.43.89 - - [04/Oct/2021:12:27:56 -0300] "GET /cormun/servlet/permisogoce?INS,0,,, HTTP/1.1" 200 6867
181.212.43.89 - - [04/Oct/2021:12:27:57 -0300] "GET /cormun/servlet/permisogoce?INS,0,,, HTTP/1.1" 200 6845
181.212.43.89 - - [04/Oct/2021:12:30:42 -0300] "GET /cormun/servlet/permisogoce?bf07965dc66eddd601f7d1a9692f51f2a48d3825b9f4a670aac9be7ebce407de6577fa36798149b90f460f511fee1df3c5931bf2dcf74cf94c01ef16cf2ab4ba,gx-no-cache=1633360745945 HTTP/1.1" 200 74
181.212.43.89 - - [04/Oct/2021:12:30:47 -0300] "GET /cormun/static/menuarrow.gif HTTP/1.1" 404 1015
190.171.149.74 - - [04/Oct/2021:12:30:53 -0300] "POST /cormun/servlet/renuncias?d7d4cb2e94bf899d091c7777d78c8f32,INS,0,,gx-no-cache=1633364374593 HTTP/1.1" 200 93
190.171.149.74 - - [04/Oct/2021:12:30:53 -0300] "GET /cormun/servlet/hpexe_return? HTTP/1.1" 200 1006
190.171.149.74 - - [04/Oct/2021:12:30:53 -0300] "GET /cormun/servlet/trrenuncias HTTP/1.1" 200 6840
190.171.149.74 - - [04/Oct/2021:12:30:54 -0300] "GET /cormun/servlet/trrenuncias HTTP/1.1" 200 6836
190.171.149.74 - - [04/Oct/2021:12:30:57 -0300] "GET /cormun/servlet/hlogin HTTP/1.1" 200 1744
190.171.141.90 - - [04/Oct/2021:12:33:41 -0300] "GET /cormun/servlet/licenciaspermisos?INS,0,,, HTTP/1.1" 200 7584
190.171.141.90 - - [04/Oct/2021:12:33:41 -0300] "GET /cormun/static/gxcfg.js?202012153173 HTTP/1.1" 200 953
190.171.141.90 - - [04/Oct/2021:12:33:41 -0300] "GET /cormun/static/licenciaspermisos.js?2020121532136 HTTP/1.1" 200 38824
190.171.141.90 - - [04/Oct/2021:12:33:41 -0300] "GET /cormun/servlet/licenciaspermisos?INS,0,,, HTTP/1.1" 200 7592
190.171.141.90 - - [04/Oct/2021:12:33:48 -0300] "POST /cormun/servlet/licenciaspermisos?30636a63bd81ae4020f382cd05e10cd4,INS,0,,,,gx-no-cache=1633360931591 HTTP/1.1" 200 93
190.171.141.90 - - [04/Oct/2021:12:33:48 -0300] "GET /cormun/servlet/hpexe_return? HTTP/1.1" 200 1013
190.171.141.90 - - [04/Oct/2021:12:33:48 -0300] "GET /cormun/servlet/trlicencias? HTTP/1.1" 200 20313
190.171.141.90 - - [04/Oct/2021:12:33:49 -0300] "GET /cormun/servlet/trlicencias? HTTP/1.1" 200 20308
192.168.10.94 - - [04/Oct/2021:12:36:05 -0300] "POST /cormun/servlet/hlogin?cdc7e7facc0f529538f757996cd43acb,gx-no-cache=1633360930382 HTTP/1.1" 200 426
192.168.10.94 - - [04/Oct/2021:12:36:09 -0300] "POST /cormun/servlet/hlogin?cdc7e7facc0f529538f757996cd43acb,gx-no-cache=1633360934380 HTTP/1.1" 200 426
192.168.10.94 - - [04/Oct/2021:12:36:13 -0300] "POST /cormun/servlet/hlogin?cdc7e7facc0f529538f757996cd43acb,gx-no-cache=1633360938747 HTTP/1.1" 200 90
192.168.10.94 - - [04/Oct/2021:12:36:13 -0300] "GET /cormun/servlet/hpexe_link HTTP/1.1" 200 972
192.168.10.94 - - [04/Oct/2021:12:36:13 -0300] "GET /cormun/servlet/vesolicitudgral?2021,17581,, HTTP/1.1" 200 9005
192.168.10.94 - - [04/Oct/2021:12:36:13 -0300] "GET /cormun/pexe_scrolldiv.js HTTP/1.1" 404 1009
192.168.10.94 - - [04/Oct/2021:12:36:14 -0300] "GET /cormun/servlet/vesolicitudgral?2021,17581,, HTTP/1.1" 200 9005
192.168.10.94 - - [04/Oct/2021:12:36:56 -0300] "GET /cormun/servlet/trsolicitudgral HTTP/1.1" 200 10438
192.168.10.94 - - [04/Oct/2021:12:36:56 -0300] "GET /cormun/servlet/trsolicitudgral HTTP/1.1" 200 10438
192.168.10.94 - - [04/Oct/2021:12:37:07 -0300] "POST /cormun/servlet/trsolicitudgral?cdc7e7facc0f529538f757996cd43acb,,gx-no-cache=1633360993113 HTTP/1.1" 200 6017
192.168.10.94 - - [04/Oct/2021:12:37:14 -0300] "POST /cormun/servlet/trsolicitudgral?cdc7e7facc0f529538f757996cd43acb,,gx-no-cache=1633361000183 HTTP/1.1" 200 6017
190.171.142.50 - - [04/Oct/2021:12:38:29 -0300] "GET /cormun/servlet/trpermisosgoce? HTTP/1.1" 200 9735
190.171.142.50 - - [04/Oct/2021:12:38:30 -0300] "GET /cormun/servlet/trpermisosgoce? HTTP/1.1" 200 9735
190.171.142.50 - - [04/Oct/2021:12:38:32 -0300] "GET /cormun/servlet/permisogoce?INS,0,,, HTTP/1.1" 200 6805
190.171.142.50 - - [04/Oct/2021:12:38:33 -0300] "GET /cormun/servlet/permisogoce?INS,0,,, HTTP/1.1" 200 6805
190.171.142.50 - - [04/Oct/2021:12:38:41 -0300] "GET /cormun/servlet/permisogoce?ad97471605ab0a4307ced253ca2b3049b7f4bf038621dcfcc3b9e17edf42134a4722bdae9f7faef321f3d165f837c88d5878facf4ccadbfa70a6031cdf53c24f,gx-no-cache=1633364821107 HTTP/1.1" 200 81
190.171.142.50 - - [04/Oct/2021:12:38:41 -0300] "GET /cormun/static/menuarrow.gif HTTP/1.1" 404 1015
181.212.43.89 - - [04/Oct/2021:12:38:44 -0300] "GET /cormun/servlet/permisogoce?bf07965dc66eddd601f7d1a9692f51f285e01a56b3822e5d1b1c6a2e8c6ebe87cc447f5ed9aff594ebf0e653281a3f1d658495d754e77b2d37ce1811cf7d930d,gx-no-cache=1633361228113 HTTP/1.1" 200 46
181.212.43.89 - - [04/Oct/2021:12:38:48 -0300] "POST /cormun/servlet/permisogoce?45ad55b96a638cd1a431a2d49c7378ea,INS,0,,,,gx-no-cache=1633361231329 HTTP/1.1" 200 93
181.212.43.89 - - [04/Oct/2021:12:38:48 -0300] "GET /cormun/servlet/hpexe_return? HTTP/1.1" 200 1026
181.212.43.89 - - [04/Oct/2021:12:38:48 -0300] "GET /cormun/servlet/trpermisosgoce?gx-no-cache=1633359371828 HTTP/1.1" 200 10279
181.212.43.89 - - [04/Oct/2021:12:38:49 -0300] "GET /cormun/servlet/trpermisosgoce?gx-no-cache=1633359371828 HTTP/1.1" 200 10294
190.171.142.50 - - [04/Oct/2021:12:38:53 -0300] "GET /cormun/servlet/permisogoce?ad97471605ab0a4307ced253ca2b304970ed21fa503073d9a77d4165d3bb0dc53a876bdc181487397aa799b976a89be6805b631e79d35f101f03b6609378dfa1,gx-no-cache=1633364833553 HTTP/1.1" 200 46
181.212.43.89 - - [04/Oct/2021:12:38:54 -0300] "GET /cormun/servlet/apermisogoceprn?18374283,P,20211004121402,PU HTTP/1.1" 200 1672
190.171.142.50 - - [04/Oct/2021:12:39:01 -0300] "POST /cormun/servlet/permisogoce?a7a47722bbc032c8f2420e6b8bf631e5,INS,0,,,,gx-no-cache=1633364840484 HTTP/1.1" 200 93
190.171.142.50 - - [04/Oct/2021:12:39:01 -0300] "GET /cormun/servlet/hpexe_return? HTTP/1.1" 200 1006
190.171.142.50 - - [04/Oct/2021:12:39:01 -0300] "GET /cormun/servlet/trpermisosgoce HTTP/1.1" 200 9985
190.171.142.50 - - [04/Oct/2021:12:39:01 -0300] "GET /cormun/servlet/trpermisosgoce HTTP/1.1" 200 9977
181.212.43.89 - - [04/Oct/2021:12:39:02 -0300] "GET /cormun/servlet/trpermisosadjuntos?18374283,20211004121402,P, HTTP/1.1" 200 6319
181.212.43.89 - - [04/Oct/2021:12:39:03 -0300] "GET /cormun/servlet/trpermisosadjuntos?18374283,20211004121402,P, HTTP/1.1" 200 6298
190.171.142.50 - - [04/Oct/2021:12:39:04 -0300] "GET /cormun/servlet/apermisogoceprn?15807317,P,20211004122438,PU HTTP/1.1" 200 1655
181.161.25.49 - - [04/Oct/2021:12:39:04 -0300] "GET /cormun/servlet/hlogin HTTP/1.1" 200 1728
181.161.25.49 - - [04/Oct/2021:12:39:04 -0300] "GET /cormun/static/gxtimezone.js?85251 HTTP/1.1" 200 5781
181.161.25.49 - - [04/Oct/2021:12:39:04 -0300] "GET /cormun/static/gxcfg.js?201910216285969 HTTP/1.1" 200 953
181.212.43.89 - - [04/Oct/2021:12:39:05 -0300] "GET /cormun/servlet/permisosadjuntos?INS,18374283,P,20211004121402,, HTTP/1.1" 200 5621
181.212.43.89 - - [04/Oct/2021:12:39:05 -0300] "GET /cormun/static/about:blank HTTP/1.1" 404 1011
181.212.43.89 - - [04/Oct/2021:12:39:06 -0300] "GET /cormun/servlet/permisosadjuntos?INS,18374283,P,20211004121402,, HTTP/1.1" 200 5611
181.161.25.49 - - [04/Oct/2021:12:39:06 -0300] "GET /cormun/static/Resources/Spanish/PXTools.css?2294816 HTTP/1.1" 200 100853
181.161.25.49 - - [04/Oct/2021:12:39:07 -0300] "GET /cormun/static/messages.spa.js?85251 HTTP/1.1" 200 30736
181.161.25.49 - - [04/Oct/2021:12:39:08 -0300] "GET /cormun/static/hlogin.js?201910216285995 HTTP/1.1" 200 2136
181.161.25.49 - - [04/Oct/2021:12:39:08 -0300] "GET /cormun/static/Resources/Logo2019_Grande.png HTTP/1.1" 200 31733
181.161.25.49 - - [04/Oct/2021:12:39:13 -0300] "GET /cormun/static/gxgral.js?85251 HTTP/1.1" 200 384558
181.161.25.49 - - [04/Oct/2021:12:39:13 -0300] "GET /cormun/static/Resources/PXToolsLoginTop.png HTTP/1.1" 200 1337
181.161.25.49 - - [04/Oct/2021:12:39:13 -0300] "GET /cormun/static/Resources/PXToolsLoginBackground.png HTTP/1.1" 200 1164
181.161.25.49 - - [04/Oct/2021:12:39:13 -0300] "GET /cormun/static/Resources/PXToolsButtonLeft.png HTTP/1.1" 200 1310
181.161.25.49 - - [04/Oct/2021:12:39:13 -0300] "GET /cormun/servlet/hlogin HTTP/1.1" 200 1738
181.161.25.49 - - [04/Oct/2021:12:39:13 -0300] "GET /cormun/static/Resources/PXToolsButtonRight.png HTTP/1.1" 200 1294
181.161.25.49 - - [04/Oct/2021:12:39:13 -0300] "GET /cormun/static/Resources/PXToolsLoginBottom.png HTTP/1.1" 200 1389
181.161.25.49 - - [04/Oct/2021:12:39:13 -0300] "GET /cormun/static/Resources/PXToolsButtonBackground.png HTTP/1.1" 200 1176
181.161.25.49 - - [04/Oct/2021:12:39:13 -0300] "GET /cormun/static/Resources/indicator.gif HTTP/1.1" 200 1553
181.161.25.49 - - [04/Oct/2021:12:39:13 -0300] "GET /cormun/static/Resources/PXToolsButtonBackground.png HTTP/1.1" 200 1176
181.161.25.49 - - [04/Oct/2021:12:39:13 -0300] "GET /cormun/static/Resources/PXToolsButtonRight.png HTTP/1.1" 200 1294
181.161.25.49 - - [04/Oct/2021:12:39:13 -0300] "GET /cormun/static/Resources/indicator.gif HTTP/1.1" 200 1553
181.161.25.49 - - [04/Oct/2021:12:39:13 -0300] "GET /cormun/static/Resources/PXToolsLoginBottom.png HTTP/1.1" 200 1389
181.161.25.49 - - [04/Oct/2021:12:39:14 -0300] "GET /favicon.ico HTTP/1.1" 200 21630
181.212.43.89 - - [04/Oct/2021:12:39:22 -0300] "POST /cormun/servlet/permisosadjuntos?45ad55b96a638cd1a431a2d49c7378ea,INS,18374283,P,20211004121402,, HTTP/1.1" 200 116
181.212.43.89 - - [04/Oct/2021:12:39:22 -0300] "GET /cormun/servlet/hpexe_return? HTTP/1.1" 200 1033
181.212.43.89 - - [04/Oct/2021:12:39:22 -0300] "GET /cormun/servlet/trpermisosadjuntos?18374283,20211004121402,P, HTTP/1.1" 200 6769
181.212.43.89 - - [04/Oct/2021:12:39:23 -0300] "GET /cormun/servlet/trpermisosadjuntos?18374283,20211004121402,P, HTTP/1.1" 200 6765
181.161.25.49 - - [04/Oct/2021:12:39:23 -0300] "POST /cormun/servlet/hlogin?1b50e0635e27b51fd6ba5eb07c4c0b8d,gx-no-cache=1633361267716 HTTP/1.1" 200 90
181.161.25.49 - - [04/Oct/2021:12:39:23 -0300] "GET /cormun/servlet/hpexe_link HTTP/1.1" 200 955
181.161.25.49 - - [04/Oct/2021:12:39:24 -0300] "GET /cormun/static/gxcfg.js?201991422392958 HTTP/1.1" 200 953
181.161.25.49 - - [04/Oct/2021:12:39:24 -0300] "GET /cormun/static/hpexe_link.js?201991422392963 HTTP/1.1" 200 625
181.161.25.49 - - [04/Oct/2021:12:39:25 -0300] "GET /cormun/servlet/hhome HTTP/1.1" 200 4354
181.161.25.49 - - [04/Oct/2021:12:39:26 -0300] "GET /cormun/static/SmoothNavMenu/resources/ddsmoothmenu.css?1112540 HTTP/1.1" 200 2223
181.212.43.89 - - [04/Oct/2021:12:39:26 -0300] "POST /cormun/servlet/trpermisosadjuntos?45ad55b96a638cd1a431a2d49c7378ea,18374283,20211004121402,P,,gx-no-cache=1633361269833 HTTP/1.1" 200 90
181.161.25.49 - - [04/Oct/2021:12:39:26 -0300] "GET /cormun/static/Shared/jqueryui/jquery-ui.min.css?1345370 HTTP/1.1" 200 30288
181.161.25.49 - - [04/Oct/2021:12:39:26 -0300] "GET /cormun/static/SmoothNavMenu/resources/ddsmoothmenu-v.css?1112540 HTTP/1.1" 200 1188
181.161.25.49 - - [04/Oct/2021:12:39:26 -0300] "GET /cormun/static/scaMessage/css/jquery.pnotify.default.css?1816380 HTTP/1.1" 200 1707
181.161.25.49 - - [04/Oct/2021:12:39:26 -0300] "GET /cormun/static/gxcfg.js?20201215495537 HTTP/1.1" 200 953
181.212.43.89 - - [04/Oct/2021:12:39:26 -0300] "GET /cormun/servlet/hpexe_link HTTP/1.1" 200 1001
181.161.25.49 - - [04/Oct/2021:12:39:26 -0300] "GET /cormun/static/PXToolsJavascripts/pexe_autoreload.js HTTP/1.1" 200 1762
181.161.25.49 - - [04/Oct/2021:12:39:26 -0300] "GET /cormun/static/PXToolsJavascripts/pexe_windows.js HTTP/1.1" 200 15207
181.161.25.49 - - [04/Oct/2021:12:39:26 -0300] "GET /cormun/static/PXToolsJavascripts/pexe_cookies.js HTTP/1.1" 200 792
181.161.25.49 - - [04/Oct/2021:12:39:26 -0300] "GET /cormun/static/PXToolsJavascripts/pexe_grid.js HTTP/1.1" 200 7559
181.161.25.49 - - [04/Oct/2021:12:39:26 -0300] "GET /cormun/static/PXToolsJavascripts/pexe_griddivfix.js HTTP/1.1" 200 6644
181.161.25.49 - - [04/Oct/2021:12:39:26 -0300] "GET /cormun/static/PXToolsJavascripts/pexe_link.js HTTP/1.1" 200 5671
181.161.25.49 - - [04/Oct/2021:12:39:26 -0300] "GET /cormun/static/PXToolsJavascripts/pexe_menudivfix.js HTTP/1.1" 200 333
181.161.25.49 - - [04/Oct/2021:12:39:26 -0300] "GET /cormun/static/PXToolsJavascripts/pexe_menus.js HTTP/1.1" 200 1286
181.161.25.49 - - [04/Oct/2021:12:39:26 -0300] "GET /cormun/static/PXToolsJavascripts/pexe_layers.js HTTP/1.1" 200 4114
181.161.25.49 - - [04/Oct/2021:12:39:26 -0300] "GET /cormun/static/PXToolsJavascripts/pexe_oav.js HTTP/1.1" 200 645
181.161.25.49 - - [04/Oct/2021:12:39:26 -0300] "GET /cormun/static/PXToolsJavascripts/pexe_oavdivfix.js HTTP/1.1" 200 639
181.161.25.49 - - [04/Oct/2021:12:39:26 -0300] "GET /cormun/static/PXToolsJavascripts/pexe_picture.js HTTP/1.1" 200 689
181.161.25.49 - - [04/Oct/2021:12:39:26 -0300] "GET /cormun/static/PXToolsJavascripts/pexe_popup.js HTTP/1.1" 200 13458
181.161.25.49 - - [04/Oct/2021:12:39:26 -0300] "GET /cormun/static/PXToolsJavascripts/pexe_scrolldiv.js HTTP/1.1" 200 4138
181.161.25.49 - - [04/Oct/2021:12:39:26 -0300] "GET /cormun/static/PXToolsJavascripts/pexe_tabdivfix.js HTTP/1.1" 200 876
181.161.25.49 - - [04/Oct/2021:12:39:26 -0300] "GET /cormun/static/PXToolsJavascripts/pexe_tabs.js HTTP/1.1" 200 3748
181.161.25.49 - - [04/Oct/2021:12:39:26 -0300] "GET /cormun/static/PXToolsJavascripts/pexe_upload.js HTTP/1.1" 200 1423
181.161.25.49 - - [04/Oct/2021:12:39:26 -0300] "GET /cormun/static/PXToolsJavascripts/PXToolsJavascriptsRender.js HTTP/1.1" 200 367
181.212.43.89 - - [04/Oct/2021:12:39:27 -0300] "GET /cormun/servlet/trpermisosgoce?gx-no-cache=1633359371828 HTTP/1.1" 200 10276
181.161.25.49 - - [04/Oct/2021:12:39:27 -0300] "GET /cormun/static/RunJS/RunJS.js HTTP/1.1" 200 288
181.161.25.49 - - [04/Oct/2021:12:39:27 -0300] "GET /cormun/static/Resources/Spanish/PXTools.css?14345360 HTTP/1.1" 200 100853
181.212.43.89 - - [04/Oct/2021:12:39:27 -0300] "GET /cormun/servlet/trpermisosgoce?gx-no-cache=1633359371828 HTTP/1.1" 200 10294
181.161.25.49 - - [04/Oct/2021:12:39:28 -0300] "GET /cormun/static/hwchdr01.js?20201214473739 HTTP/1.1" 200 996
181.161.25.49 - - [04/Oct/2021:12:39:28 -0300] "GET /cormun/static/hhome.js?20201215495544 HTTP/1.1" 200 777
181.161.25.49 - - [04/Oct/2021:12:39:28 -0300] "GET /cormun/static/hpexe_recentlink.js?20201214471090 HTTP/1.1" 200 2144
181.161.25.49 - - [04/Oct/2021:12:39:28 -0300] "GET /cormun/static/Shared/ext/locale/ext-lang-en.js HTTP/1.1" 200 10940
181.161.25.49 - - [04/Oct/2021:12:39:28 -0300] "GET /cormun/static/Resources/PXToolsDataTitle.png HTTP/1.1" 200 1173
181.161.25.49 - - [04/Oct/2021:12:39:28 -0300] "GET /cormun/static/Resources/ImgLogin.png HTTP/1.1" 200 1432
181.161.25.49 - - [04/Oct/2021:12:39:28 -0300] "GET /cormun/static/Resources/ImgHome.png HTTP/1.1" 200 1364
181.161.25.49 - - [04/Oct/2021:12:39:28 -0300] "GET /cormun/static/Resources/Llave.png HTTP/1.1" 200 1395
181.161.25.49 - - [04/Oct/2021:12:39:28 -0300] "GET /cormun/static/Resources/Logo2019_Small.png HTTP/1.1" 200 10855
181.161.25.49 - - [04/Oct/2021:12:39:28 -0300] "GET /cormun/static/hpexe_scripts.js?20201214471411 HTTP/1.1" 200 1544
181.161.25.49 - - [04/Oct/2021:12:39:28 -0300] "GET /cormun/static/hpexe_messagecontroller.js?201991422154126 HTTP/1.1" 200 870
181.161.25.49 - - [04/Oct/2021:12:39:28 -0300] "GET /cormun/static/hpexe_messagepopupcomponent.js?2020121447232 HTTP/1.1" 200 605
181.161.25.49 - - [04/Oct/2021:12:39:28 -0300] "GET /cormun/static/hpexe_messagegenexuscomponent.js?2020121447173 HTTP/1.1" 200 587
181.161.25.49 - - [04/Oct/2021:12:39:28 -0300] "GET /cormun/static/cmcontrolpreferences.js?20199141926336 HTTP/1.1" 200 1375
181.161.25.49 - - [04/Oct/2021:12:39:29 -0300] "GET /cormun/static/SmoothNavMenu/resources/ddsmoothmenu.js HTTP/1.1" 200 12712
181.161.25.49 - - [04/Oct/2021:12:39:29 -0300] "GET /cormun/static/gxui/gxui-all.js HTTP/1.1" 200 107772
181.161.25.49 - - [04/Oct/2021:12:39:29 -0300] "GET /cormun/static/SmoothNavMenu/resources/SmoothNavMenuRender.js HTTP/1.1" 200 5951
181.161.25.49 - - [04/Oct/2021:12:39:30 -0300] "GET /cormun/static/scaMessage/js/jquery.pnotify.min.js HTTP/1.1" 200 13038
181.161.25.49 - - [04/Oct/2021:12:39:30 -0300] "GET /cormun/static/scaMessage/scaMessageRender.js HTTP/1.1" 200 11977
181.161.25.49 - - [04/Oct/2021:12:39:30 -0300] "GET /cormun/static/Shared/jquery/jquery-1.4.2.min.js HTTP/1.1" 200 72174
181.161.25.49 - - [04/Oct/2021:12:39:30 -0300] "GET /cormun/static/hmpwkw03.js?20201215501896 HTTP/1.1" 200 3973
181.212.43.89 - - [04/Oct/2021:12:39:32 -0300] "POST /cormun/servlet/trpermisosgoce?45ad55b96a638cd1a431a2d49c7378ea,gx-no-cache=1633359371828,gx-no-cache=1633361276001 HTTP/1.1" 200 7592
181.212.43.89 - - [04/Oct/2021:12:39:33 -0300] "GET /cormun/static/Shared/jqueryui/images/ui-bg_highlight-soft_100_c6c2c8_1x100.png HTTP/1.1" 404 1117
181.212.43.89 - - [04/Oct/2021:12:39:33 -0300] "GET /cormun/static/Shared/jqueryui/images/ui-icons_82798d_256x240.png HTTP/1.1" 404 1089
181.212.43.89 - - [04/Oct/2021:12:39:33 -0300] "GET /cormun/static/Shared/jqueryui/images/ui-bg_flat_55_fafafa_40x100.png HTTP/1.1" 404 1097
181.212.43.89 - - [04/Oct/2021:12:39:33 -0300] "GET /cormun/static/Shared/jqueryui/images/ui-icons_8d78a5_256x240.png HTTP/1.1" 404 1089
181.161.25.49 - - [04/Oct/2021:12:39:33 -0300] "GET /cormun/static/Shared/jqueryui/jquery-ui.min.js HTTP/1.1" 200 240427
181.161.25.49 - - [04/Oct/2021:12:39:33 -0300] "GET /cormun/static/Shared/jquery/jquery-1.10.2.min.js HTTP/1.1" 200 273199
181.212.43.89 - - [04/Oct/2021:12:39:40 -0300] "GET /cormun/servlet/permisogoce?INS,0,,, HTTP/1.1" 200 6866
181.212.43.89 - - [04/Oct/2021:12:39:41 -0300] "GET /cormun/servlet/permisogoce?INS,0,,, HTTP/1.1" 200 6846
181.212.43.89 - - [04/Oct/2021:12:39:47 -0300] "GET /cormun/servlet/permisogoce?bf07965dc66eddd601f7d1a9692f51f257c4c347c69b340793538b09f8f93c876577fa36798149b90f460f511fee1df3c5931bf2dcf74cf94c01ef16cf2ab4ba,gx-no-cache=1633361290614 HTTP/1.1" 200 82
181.212.43.89 - - [04/Oct/2021:12:39:53 -0300] "GET /cormun/static/menuarrow.gif HTTP/1.1" 404 1015
181.161.25.49 - - [04/Oct/2021:12:39:57 -0300] "GET /cormun/static/Shared/ext/ext-all.js HTTP/1.1" 200 1289687
181.161.25.49 - - [04/Oct/2021:12:39:58 -0300] "GET /cormun/servlet/hhome HTTP/1.1" 200 4350
181.161.25.49 - - [04/Oct/2021:12:39:58 -0300] "GET /cormun/static/SmoothNavMenu/resources/images/down.gif HTTP/1.1" 200 854
181.161.25.49 - - [04/Oct/2021:12:39:58 -0300] "GET /cormun/static/SmoothNavMenu/resources/images/right.gif HTTP/1.1" 200 860
181.212.43.89 - - [04/Oct/2021:12:40:01 -0300] "GET /cormun/servlet/permisogoce?bf07965dc66eddd601f7d1a9692f51f26cb758d3b39d5a7fba6ea20d1f5e724ea519fab171ff08daf9a96e818e8aced99ad454f4255bf68fdf6e1ac8226fbc29,gx-no-cache=1633361304485 HTTP/1.1" 200 46
181.161.25.49 - - [04/Oct/2021:12:40:06 -0300] "GET /cormun/servlet/trlicencias? HTTP/1.1" 200 11426
181.161.25.49 - - [04/Oct/2021:12:40:06 -0300] "GET /cormun/static/gxui/gxui-all.css?120300 HTTP/1.1" 200 2179
181.161.25.49 - - [04/Oct/2021:12:40:06 -0300] "GET /cormun/static/calendar-system.css?85620 HTTP/1.1" 200 5572
181.161.25.49 - - [04/Oct/2021:12:40:06 -0300] "GET /cormun/static/calendar-setup.js?85251 HTTP/1.1" 200 2588
181.161.25.49 - - [04/Oct/2021:12:40:06 -0300] "GET /cormun/static/gxcfg.js?2020121613995 HTTP/1.1" 200 953
181.161.25.49 - - [04/Oct/2021:12:40:06 -0300] "GET /cormun/static/calendar.js?85251 HTTP/1.1" 200 26246
181.161.25.49 - - [04/Oct/2021:12:40:06 -0300] "GET /cormun/static/calendar-es.js?85251 HTTP/1.1" 200 1901
181.212.43.89 - - [04/Oct/2021:12:40:06 -0300] "POST /cormun/servlet/permisogoce?45ad55b96a638cd1a431a2d49c7378ea,INS,0,,,,gx-no-cache=1633361309963 HTTP/1.1" 200 93
181.212.43.89 - - [04/Oct/2021:12:40:06 -0300] "GET /cormun/servlet/hpexe_return? HTTP/1.1" 200 1026
181.212.43.89 - - [04/Oct/2021:12:40:07 -0300] "GET /cormun/servlet/trpermisosgoce?gx-no-cache=1633359371828 HTTP/1.1" 200 10529
181.212.43.89 - - [04/Oct/2021:12:40:08 -0300] "GET /cormun/servlet/trpermisosgoce?gx-no-cache=1633359371828 HTTP/1.1" 200 10544
181.161.25.49 - - [04/Oct/2021:12:40:10 -0300] "GET /cormun/static/gxdec.js?85251 HTTP/1.1" 200 19579
181.212.43.89 - - [04/Oct/2021:12:40:11 -0300] "GET /cormun/servlet/apermisogoceprn?13290782,P,20211004122546,PU HTTP/1.1" 200 1672
181.161.25.49 - - [04/Oct/2021:12:40:13 -0300] "GET /cormun/static/trlicencias.js?202012162481 HTTP/1.1" 200 41883
181.161.25.49 - - [04/Oct/2021:12:40:14 -0300] "GET /cormun/static/Resources/PXTools/calendar.png HTTP/1.1" 200 1306
181.161.25.49 - - [04/Oct/2021:12:40:14 -0300] "GET /cormun/static/Resources/PXToolsDataSearch.png HTTP/1.1" 200 435
181.161.25.49 - - [04/Oct/2021:12:40:14 -0300] "GET /cormun/static/Resources/PXToolsGridFirstDisabled.gif HTTP/1.1" 200 100
181.161.25.49 - - [04/Oct/2021:12:40:14 -0300] "GET /cormun/static/Resources/PXToolsGridPreviousDisabled.gif HTTP/1.1" 200 90
181.161.25.49 - - [04/Oct/2021:12:40:14 -0300] "GET /cormun/static/Resources/PXToolsGridNextDisabled.gif HTTP/1.1" 200 90
181.161.25.49 - - [04/Oct/2021:12:40:14 -0300] "GET /cormun/static/Resources/PXToolsGridLastDisabled.gif HTTP/1.1" 200 98
181.161.25.49 - - [04/Oct/2021:12:40:14 -0300] "GET /cormun/static/Resources/PXToolsGridPage.gif HTTP/1.1" 200 725
181.161.25.49 - - [04/Oct/2021:12:40:14 -0300] "GET /cormun/static/Resources/PXToolsActionExcel.png HTTP/1.1" 200 727
181.161.25.49 - - [04/Oct/2021:12:40:14 -0300] "GET /cormun/static/Resources/PXToolsAddAllAction.png HTTP/1.1" 200 495
181.161.25.49 - - [04/Oct/2021:12:40:16 -0300] "GET /cormun/static/Shared/ext/resources/css/ext-all.css?215870 HTTP/1.1" 200 416045
181.161.25.49 - - [04/Oct/2021:12:40:17 -0300] "GET /cormun/static/Resources/asc.gif HTTP/1.1" 200 67
181.161.25.49 - - [04/Oct/2021:12:40:17 -0300] "GET /cormun//static/Resources/PXTools/ActionInsert.png HTTP/1.1" 200 1482
181.161.25.49 - - [04/Oct/2021:12:40:17 -0300] "GET /cormun//static/Resources/PXToolsActionDisabled.gif HTTP/1.1" 200 53
181.161.25.49 - - [04/Oct/2021:12:40:17 -0300] "GET /cormun//static/Resources/PXToolsGridDisplay.png HTTP/1.1" 200 525
181.161.25.49 - - [04/Oct/2021:12:40:17 -0300] "GET /cormun/static/Resources/desc.gif HTTP/1.1" 200 65
181.161.25.49 - - [04/Oct/2021:12:40:17 -0300] "GET /cormun//static/Resources/PXToolsActionPrint.png HTTP/1.1" 200 404
181.161.25.49 - - [04/Oct/2021:12:40:17 -0300] "GET /cormun//static/Resources/PXToolsHeaderFavorites.png HTTP/1.1" 200 1414
181.161.25.49 - - [04/Oct/2021:12:40:17 -0300] "GET /cormun//static/Resources/PXToolsHeaderHelp.png HTTP/1.1" 200 1333
181.161.25.49 - - [04/Oct/2021:12:40:17 -0300] "GET /cormun/static/Shared/ext/resources/themes/images/default/panel/bg-headersPanel.png HTTP/1.1" 200 255
181.161.25.49 - - [04/Oct/2021:12:40:17 -0300] "GET /cormun/servlet/trlicencias? HTTP/1.1" 200 11418
181.161.25.49 - - [04/Oct/2021:12:40:17 -0300] "GET /cormun/static/Shared/ext/resources/themes/images/default/tools/tool-sprites.gif HTTP/1.1" 200 5434
181.212.43.89 - - [04/Oct/2021:12:40:21 -0300] "GET /cormun/servlet/trpermisosadjuntos?13290782,20211004122546,P, HTTP/1.1" 200 6328
181.212.43.89 - - [04/Oct/2021:12:40:21 -0300] "GET /cormun/servlet/trpermisosadjuntos?13290782,20211004122546,P, HTTP/1.1" 200 6307
181.212.43.89 - - [04/Oct/2021:12:40:24 -0300] "GET /cormun/servlet/permisosadjuntos?INS,13290782,P,20211004122546,, HTTP/1.1" 200 5627
181.212.43.89 - - [04/Oct/2021:12:40:24 -0300] "GET /cormun/static/about:blank HTTP/1.1" 404 1011
181.212.43.89 - - [04/Oct/2021:12:40:24 -0300] "GET /cormun/servlet/permisosadjuntos?INS,13290782,P,20211004122546,, HTTP/1.1" 200 5616
181.161.25.49 - - [04/Oct/2021:12:40:43 -0300] "GET /cormun/servlet/licenciaspermisos?DSP,18557986,L,20210929000000, HTTP/1.1" 200 7462
181.161.25.49 - - [04/Oct/2021:12:40:44 -0300] "GET /cormun/static/gxcfg.js?202012153173 HTTP/1.1" 200 953
181.161.25.49 - - [04/Oct/2021:12:40:44 -0300] "GET /cormun/static/licenciaspermisos.js?2020121532136 HTTP/1.1" 200 38824
181.161.25.49 - - [04/Oct/2021:12:40:44 -0300] "GET /cormun/static/Resources/prompt.gif HTTP/1.1" 200 902
181.161.25.49 - - [04/Oct/2021:12:40:44 -0300] "GET /cormun/servlet/licenciaspermisos?DSP,18557986,L,20210929000000, HTTP/1.1" 200 7481
181.212.43.89 - - [04/Oct/2021:12:40:45 -0300] "POST /cormun/servlet/permisosadjuntos?45ad55b96a638cd1a431a2d49c7378ea,INS,13290782,P,20211004122546,, HTTP/1.1" 200 116
181.212.43.89 - - [04/Oct/2021:12:40:45 -0300] "GET /cormun/servlet/hpexe_return? HTTP/1.1" 200 1033
181.212.43.89 - - [04/Oct/2021:12:40:46 -0300] "GET /cormun/servlet/trpermisosadjuntos?13290782,20211004122546,P, HTTP/1.1" 200 6782
181.212.43.89 - - [04/Oct/2021:12:40:46 -0300] "GET /cormun/servlet/trpermisosadjuntos?13290782,20211004122546,P, HTTP/1.1" 200 6778
181.212.43.89 - - [04/Oct/2021:12:40:49 -0300] "POST /cormun/servlet/trpermisosadjuntos?45ad55b96a638cd1a431a2d49c7378ea,13290782,20211004122546,P,,gx-no-cache=1633361352464 HTTP/1.1" 200 90
181.161.25.49 - - [04/Oct/2021:12:40:49 -0300] "POST /cormun/servlet/licenciaspermisos?1b50e0635e27b51fd6ba5eb07c4c0b8d,DSP,18557986,L,20210929000000,,gx-no-cache=1633361353127 HTTP/1.1" 200 93
181.161.25.49 - - [04/Oct/2021:12:40:49 -0300] "GET /cormun/servlet/hpexe_return? HTTP/1.1" 200 1032
181.161.25.49 - - [04/Oct/2021:12:40:49 -0300] "GET /cormun/static/gxcfg.js?201991422392976 HTTP/1.1" 200 953
181.161.25.49 - - [04/Oct/2021:12:40:49 -0300] "GET /cormun/static/hpexe_return.js?201991422392984 HTTP/1.1" 200 1633
181.212.43.89 - - [04/Oct/2021:12:40:49 -0300] "GET /cormun/servlet/hpexe_link HTTP/1.1" 200 1001
181.161.25.49 - - [04/Oct/2021:12:40:49 -0300] "GET /cormun/servlet/trlicencias HTTP/1.1" 200 11423
181.212.43.89 - - [04/Oct/2021:12:40:49 -0300] "GET /cormun/servlet/trpermisosgoce?gx-no-cache=1633359371828 HTTP/1.1" 200 10526
181.161.25.49 - - [04/Oct/2021:12:40:50 -0300] "GET /cormun/servlet/trlicencias HTTP/1.1" 200 11424
181.212.43.89 - - [04/Oct/2021:12:40:50 -0300] "GET /cormun/servlet/trpermisosgoce?gx-no-cache=1633359371828 HTTP/1.1" 200 10544
181.161.25.49 - - [04/Oct/2021:12:40:53 -0300] "GET /cormun/servlet/licenciaspermisos?DSP,16126097,L,20211002000000, HTTP/1.1" 200 7483
181.161.25.49 - - [04/Oct/2021:12:40:53 -0300] "GET /cormun/servlet/licenciaspermisos?DSP,16126097,L,20211002000000, HTTP/1.1" 200 7501
181.212.43.89 - - [04/Oct/2021:12:40:54 -0300] "POST /cormun/servlet/trpermisosgoce?45ad55b96a638cd1a431a2d49c7378ea,gx-no-cache=1633359371828,gx-no-cache=1633361357354 HTTP/1.1" 200 7812
181.212.43.89 - - [04/Oct/2021:12:40:54 -0300] "GET /cormun/static/Shared/jqueryui/images/ui-bg_highlight-soft_100_c6c2c8_1x100.png HTTP/1.1" 404 1117
181.212.43.89 - - [04/Oct/2021:12:40:54 -0300] "GET /cormun/static/Shared/jqueryui/images/ui-icons_8d78a5_256x240.png HTTP/1.1" 404 1089
181.212.43.89 - - [04/Oct/2021:12:40:54 -0300] "GET /cormun/static/Shared/jqueryui/images/ui-icons_82798d_256x240.png HTTP/1.1" 404 1089
181.212.43.89 - - [04/Oct/2021:12:40:54 -0300] "GET /cormun/static/Shared/jqueryui/images/ui-bg_flat_55_fafafa_40x100.png HTTP/1.1" 404 1097
181.212.43.89 - - [04/Oct/2021:12:40:56 -0300] "GET /cormun/servlet/permisogoce?INS,0,,, HTTP/1.1" 200 6867
181.212.43.89 - - [04/Oct/2021:12:40:57 -0300] "GET /cormun/servlet/permisogoce?INS,0,,, HTTP/1.1" 200 6846
181.212.43.89 - - [04/Oct/2021:12:41:04 -0300] "GET /cormun/servlet/permisogoce?bf07965dc66eddd601f7d1a9692f51f2ba028219b86bc3b6a75ef5569ba9f0af6577fa36798149b90f460f511fee1df3c5931bf2dcf74cf94c01ef16cf2ab4ba,gx-no-cache=1633361367717 HTTP/1.1" 200 84
181.161.25.49 - - [04/Oct/2021:12:41:06 -0300] "POST /cormun/servlet/licenciaspermisos?1b50e0635e27b51fd6ba5eb07c4c0b8d,DSP,16126097,L,20211002000000,,gx-no-cache=1633361370167 HTTP/1.1" 200 93
181.161.25.49 - - [04/Oct/2021:12:41:06 -0300] "GET /cormun/servlet/hpexe_return? HTTP/1.1" 200 1032
181.161.25.49 - - [04/Oct/2021:12:41:06 -0300] "GET /cormun/servlet/trlicencias HTTP/1.1" 200 11423
181.161.25.49 - - [04/Oct/2021:12:41:07 -0300] "GET /cormun/servlet/trlicencias HTTP/1.1" 200 11424
181.212.43.89 - - [04/Oct/2021:12:41:10 -0300] "GET /cormun/static/menuarrow.gif HTTP/1.1" 404 1015
181.212.43.89 - - [04/Oct/2021:12:41:17 -0300] "GET /cormun/servlet/permisogoce?bf07965dc66eddd601f7d1a9692f51f2091217acc815af8c722a125b7b20e2369b70b747c86efd2c884dd5b7648701b29ad454f4255bf68fdf6e1ac8226fbc29,gx-no-cache=1633361380758 HTTP/1.1" 200 48
181.212.43.89 - - [04/Oct/2021:12:41:18 -0300] "GET /cormun/servlet/trlicencias? HTTP/1.1" 200 6045
181.212.43.89 - - [04/Oct/2021:12:41:19 -0300] "GET /cormun/servlet/hlogin HTTP/1.1" 200 1742
181.212.43.89 - - [04/Oct/2021:12:41:19 -0300] "GET /cormun/servlet/trlicencias? HTTP/1.1" 200 6038
181.212.43.89 - - [04/Oct/2021:12:41:21 -0300] "POST /cormun/servlet/permisogoce?45ad55b96a638cd1a431a2d49c7378ea,INS,0,,,,gx-no-cache=1633361385002 HTTP/1.1" 200 93
181.212.43.89 - - [04/Oct/2021:12:41:22 -0300] "GET /cormun/servlet/hpexe_return? HTTP/1.1" 200 1026
181.212.43.89 - - [04/Oct/2021:12:41:22 -0300] "GET /cormun/servlet/trpermisosgoce?gx-no-cache=1633359371828 HTTP/1.1" 200 10748
181.212.43.89 - - [04/Oct/2021:12:41:23 -0300] "GET /cormun/servlet/trpermisosgoce?gx-no-cache=1633359371828 HTTP/1.1" 200 10763
181.212.43.89 - - [04/Oct/2021:12:41:26 -0300] "GET /cormun/servlet/apermisogoceprn?17107771,P,20211004122702,PU HTTP/1.1" 200 1683
181.161.25.49 - - [04/Oct/2021:12:41:27 -0300] "GET /cormun/servlet/licenciaspermisos?DSP,18646235,L,20210906000000, HTTP/1.1" 200 7488
181.161.25.49 - - [04/Oct/2021:12:41:27 -0300] "GET /cormun/servlet/licenciaspermisos?DSP,18646235,L,20210906000000, HTTP/1.1" 200 7506
181.161.25.49 - - [04/Oct/2021:12:41:31 -0300] "POST /cormun/servlet/licenciaspermisos?1b50e0635e27b51fd6ba5eb07c4c0b8d,DSP,18646235,L,20210906000000,,gx-no-cache=1633361395867 HTTP/1.1" 200 93
181.161.25.49 - - [04/Oct/2021:12:41:32 -0300] "GET /cormun/servlet/hpexe_return? HTTP/1.1" 200 1033
181.161.25.49 - - [04/Oct/2021:12:41:32 -0300] "GET /cormun/servlet/trlicencias HTTP/1.1" 200 11423
181.161.25.49 - - [04/Oct/2021:12:41:32 -0300] "GET /cormun/servlet/trlicencias HTTP/1.1" 200 11418
181.212.43.89 - - [04/Oct/2021:12:41:33 -0300] "POST /cormun/servlet/hlogin?330bdb86067ec1a5f8db86d050621525,gx-no-cache=1633361398863 HTTP/1.1" 200 90
181.212.43.89 - - [04/Oct/2021:12:41:34 -0300] "GET /cormun/servlet/hpexe_link HTTP/1.1" 200 959
181.212.43.89 - - [04/Oct/2021:12:41:34 -0300] "GET /cormun/servlet/trlicencias HTTP/1.1" 200 13033
181.212.43.89 - - [04/Oct/2021:12:41:34 -0300] "GET /cormun/servlet/trlicencias HTTP/1.1" 200 13046
181.212.43.89 - - [04/Oct/2021:12:41:37 -0300] "GET /cormun/servlet/trpermisosadjuntos?17107771,20211004122702,P, HTTP/1.1" 200 6330
181.212.43.89 - - [04/Oct/2021:12:41:38 -0300] "GET /cormun/servlet/trpermisosadjuntos?17107771,20211004122702,P, HTTP/1.1" 200 6308
181.212.43.89 - - [04/Oct/2021:12:41:39 -0300] "GET /cormun/servlet/trlicencias HTTP/1.1" 200 13026
181.212.43.89 - - [04/Oct/2021:12:41:39 -0300] "GET /cormun/servlet/trlicencias HTTP/1.1" 200 13026
181.212.43.89 - - [04/Oct/2021:12:41:40 -0300] "GET /favicon.ico HTTP/1.1" 200 21630
181.212.43.89 - - [04/Oct/2021:12:41:40 -0300] "GET /cormun/servlet/permisosadjuntos?INS,17107771,P,20211004122702,, HTTP/1.1" 200 5625
181.212.43.89 - - [04/Oct/2021:12:41:40 -0300] "GET /cormun/static/about:blank HTTP/1.1" 404 1011
181.212.43.89 - - [04/Oct/2021:12:41:41 -0300] "GET /cormun/servlet/permisosadjuntos?INS,17107771,P,20211004122702,, HTTP/1.1" 200 5615
181.212.43.89 - - [04/Oct/2021:12:41:48 -0300] "POST /cormun/servlet/permisosadjuntos?45ad55b96a638cd1a431a2d49c7378ea,INS,17107771,P,20211004122702,, HTTP/1.1" 200 116
181.212.43.89 - - [04/Oct/2021:12:41:48 -0300] "GET /cormun/servlet/hpexe_return? HTTP/1.1" 200 1034
181.212.43.89 - - [04/Oct/2021:12:41:48 -0300] "GET /cormun/servlet/trpermisosadjuntos?17107771,20211004122702,P, HTTP/1.1" 200 6782
181.212.43.89 - - [04/Oct/2021:12:41:52 -0300] "GET /cormun/servlet/trpermisosadjuntos?17107771,20211004122702,P, HTTP/1.1" 200 6778
181.212.43.89 - - [04/Oct/2021:12:41:53 -0300] "POST /cormun/servlet/trpermisosadjuntos?45ad55b96a638cd1a431a2d49c7378ea,17107771,20211004122702,P,,gx-no-cache=1633361417063 HTTP/1.1" 200 90
181.212.43.89 - - [04/Oct/2021:12:41:53 -0300] "GET /cormun/servlet/hpexe_link HTTP/1.1" 200 1001
181.212.43.89 - - [04/Oct/2021:12:41:54 -0300] "GET /cormun/servlet/trpermisosgoce?gx-no-cache=1633359371828 HTTP/1.1" 200 10745
181.161.25.49 - - [04/Oct/2021:12:41:56 -0300] "GET /cormun/servlet/licenciaspermisos?DSP,19590652,L,20210909000000, HTTP/1.1" 200 7483
181.161.25.49 - - [04/Oct/2021:12:41:57 -0300] "GET /cormun/servlet/licenciaspermisos?DSP,19590652,L,20210909000000, HTTP/1.1" 200 7500
181.212.43.89 - - [04/Oct/2021:12:41:57 -0300] "GET /cormun/servlet/trpermisosgoce?gx-no-cache=1633359371828 HTTP/1.1" 200 10763
181.161.25.49 - - [04/Oct/2021:12:41:59 -0300] "POST /cormun/servlet/licenciaspermisos?1b50e0635e27b51fd6ba5eb07c4c0b8d,DSP,19590652,L,20210909000000,,gx-no-cache=1633361423518 HTTP/1.1" 200 93
181.161.25.49 - - [04/Oct/2021:12:41:59 -0300] "GET /cormun/servlet/hpexe_return? HTTP/1.1" 200 1032
181.161.25.49 - - [04/Oct/2021:12:42:00 -0300] "GET /cormun/servlet/trlicencias HTTP/1.1" 200 11429
181.161.25.49 - - [04/Oct/2021:12:42:00 -0300] "GET /cormun/servlet/trlicencias HTTP/1.1" 200 11424
181.212.43.89 - - [04/Oct/2021:12:42:02 -0300] "POST /cormun/servlet/trpermisosgoce?45ad55b96a638cd1a431a2d49c7378ea,gx-no-cache=1633359371828,gx-no-cache=1633361425354 HTTP/1.1" 200 8017
181.212.43.89 - - [04/Oct/2021:12:42:02 -0300] "GET /cormun/static/Shared/jqueryui/images/ui-bg_highlight-soft_100_c6c2c8_1x100.png HTTP/1.1" 404 1117
181.212.43.89 - - [04/Oct/2021:12:42:02 -0300] "GET /cormun/static/Shared/jqueryui/images/ui-icons_82798d_256x240.png HTTP/1.1" 404 1089
181.212.43.89 - - [04/Oct/2021:12:42:02 -0300] "GET /cormun/static/Shared/jqueryui/images/ui-bg_flat_55_fafafa_40x100.png HTTP/1.1" 404 1097
181.212.43.89 - - [04/Oct/2021:12:42:02 -0300] "GET /cormun/static/Shared/jqueryui/images/ui-icons_8d78a5_256x240.png HTTP/1.1" 404 1089
181.161.25.49 - - [04/Oct/2021:12:42:23 -0300] "GET /cormun/servlet/licenciaspermisos?DSP,8459773,L,20210927000000, HTTP/1.1" 200 7490
181.161.25.49 - - [04/Oct/2021:12:42:23 -0300] "GET /cormun/servlet/licenciaspermisos?DSP,8459773,L,20210927000000, HTTP/1.1" 200 7510
181.161.25.49 - - [04/Oct/2021:12:42:25 -0300] "POST /cormun/servlet/licenciaspermisos?1b50e0635e27b51fd6ba5eb07c4c0b8d,DSP,8459773,L,20210927000000,,gx-no-cache=1633361449330 HTTP/1.1" 200 93
181.161.25.49 - - [04/Oct/2021:12:42:25 -0300] "GET /cormun/servlet/hpexe_return? HTTP/1.1" 200 1031
181.161.25.49 - - [04/Oct/2021:12:42:25 -0300] "GET /cormun/servlet/trlicencias HTTP/1.1" 200 11423
181.161.25.49 - - [04/Oct/2021:12:42:26 -0300] "GET /cormun/servlet/trlicencias HTTP/1.1" 200 11423
181.161.25.49 - - [04/Oct/2021:12:42:30 -0300] "GET /cormun/servlet/licenciaspermisos?DSP,9148656,L,20210927000000, HTTP/1.1" 200 7471
181.161.25.49 - - [04/Oct/2021:12:42:30 -0300] "GET /cormun/servlet/licenciaspermisos?DSP,9148656,L,20210927000000, HTTP/1.1" 200 7490
181.161.25.49 - - [04/Oct/2021:12:42:34 -0300] "POST /cormun/servlet/licenciaspermisos?1b50e0635e27b51fd6ba5eb07c4c0b8d,DSP,9148656,L,20210927000000,,gx-no-cache=1633361458032 HTTP/1.1" 200 93
181.161.25.49 - - [04/Oct/2021:12:42:34 -0300] "GET /cormun/servlet/hpexe_return? HTTP/1.1" 200 1031
181.161.25.49 - - [04/Oct/2021:12:42:34 -0300] "GET /cormun/servlet/trlicencias HTTP/1.1" 200 11429
181.161.25.49 - - [04/Oct/2021:12:42:35 -0300] "GET /cormun/servlet/trlicencias HTTP/1.1" 200 11418
181.212.43.89 - - [04/Oct/2021:12:42:43 -0300] "POST /cormun/servlet/trpermisosgoce?45ad55b96a638cd1a431a2d49c7378ea,gx-no-cache=1633359371828,gx-no-cache=1633361466274 HTTP/1.1" 200 8014
181.161.25.49 - - [04/Oct/2021:12:42:53 -0300] "GET /cormun/servlet/hlogin HTTP/1.1" 200 1743
167.248.133.115 - - [04/Oct/2021:12:44:29 -0300] "GET / HTTP/1.1" 200 11217
167.248.133.115 - - [04/Oct/2021:12:44:30 -0300] "GET / HTTP/1.1" 200 11217
190.171.152.234 - - [04/Oct/2021:12:45:07 -0300] "GET /cormun/servlet/hlogin HTTP/1.1" 200 1728
190.171.152.234 - - [04/Oct/2021:12:45:07 -0300] "GET /cormun/static/gxtimezone.js?85251 HTTP/1.1" 200 5781
190.171.152.234 - - [04/Oct/2021:12:45:07 -0300] "GET /cormun/static/gxcfg.js?201910216285969 HTTP/1.1" 200 953
190.171.152.234 - - [04/Oct/2021:12:45:08 -0300] "GET /cormun/static/Resources/Spanish/PXTools.css?2294816 HTTP/1.1" 200 100853
190.171.152.234 - - [04/Oct/2021:12:45:08 -0300] "GET /cormun/static/messages.spa.js?85251 HTTP/1.1" 200 30736
190.171.152.234 - - [04/Oct/2021:12:45:08 -0300] "GET /cormun/static/hlogin.js?201910216285995 HTTP/1.1" 200 2136
190.171.152.234 - - [04/Oct/2021:12:45:08 -0300] "GET /cormun/static/Resources/Logo2019_Grande.png HTTP/1.1" 200 31733
190.171.152.234 - - [04/Oct/2021:12:45:12 -0300] "GET /cormun/static/gxgral.js?85251 HTTP/1.1" 200 384558
190.171.152.234 - - [04/Oct/2021:12:45:13 -0300] "GET /cormun/static/Resources/PXToolsLoginTop.png HTTP/1.1" 200 1337
190.171.152.234 - - [04/Oct/2021:12:45:13 -0300] "GET /cormun/static/Resources/PXToolsLoginBackground.png HTTP/1.1" 200 1164
190.171.152.234 - - [04/Oct/2021:12:45:13 -0300] "GET /cormun/static/Resources/PXToolsButtonLeft.png HTTP/1.1" 200 1310
190.171.152.234 - - [04/Oct/2021:12:45:13 -0300] "GET /cormun/static/Resources/PXToolsButtonRight.png HTTP/1.1" 200 1294
190.171.152.234 - - [04/Oct/2021:12:45:13 -0300] "GET /cormun/static/Resources/PXToolsLoginBottom.png HTTP/1.1" 200 1389
190.171.152.234 - - [04/Oct/2021:12:45:13 -0300] "GET /cormun/static/Resources/PXToolsButtonBackground.png HTTP/1.1" 200 1176
190.171.152.234 - - [04/Oct/2021:12:45:13 -0300] "GET /cormun/servlet/hlogin HTTP/1.1" 200 1738
190.171.152.234 - - [04/Oct/2021:12:45:13 -0300] "GET /cormun/static/Resources/indicator.gif HTTP/1.1" 200 1553
190.171.153.50 - - [04/Oct/2021:12:45:35 -0300] "GET /cormun/servlet/trlicencias? HTTP/1.1" 200 6048
190.171.153.50 - - [04/Oct/2021:12:45:37 -0300] "GET /cormun/servlet/hlogin HTTP/1.1" 200 1747
190.171.153.50 - - [04/Oct/2021:12:45:37 -0300] "GET /cormun/servlet/trlicencias? HTTP/1.1" 200 6041
