190.171.141.90 - - [04/Oct/2021:10:53:32 -0300] "GET /cormun/servlet/solicitudot?97bfe8dd353e94fabb0ef0dc90f16bbf7450788b4c568bffdeb6047b56fa5fda633d738470d3e1a0c5085ec6f6f0d057af60eac60ddb463a4bd0972439ad5d17afb9caf22bd506b1aba786d10caf760db65b9d4592b9ae25e6d466e2e5f905693c95267e20ec660c7070c8ba5bcb1e16,gx-no-cache=1633354915950 HTTP/1.1" 200 110
190.171.141.90 - - [04/Oct/2021:10:53:32 -0300] "POST /cormun/servlet/solicitudot?gx-no-cache=1633354916037 HTTP/1.1" 200 97
190.171.143.82 - - [04/Oct/2021:10:53:40 -0300] "GET /cormun/servlet/solicitudotadjuntos?INS,2021,17583,,1, HTTP/1.1" 200 6395
190.171.143.82 - - [04/Oct/2021:10:53:40 -0300] "GET /cormun/static/about:blank HTTP/1.1" 404 1011
190.171.143.82 - - [04/Oct/2021:10:53:40 -0300] "GET /cormun/servlet/solicitudotadjuntos?INS,2021,17583,,1, HTTP/1.1" 200 6388
190.171.143.82 - - [04/Oct/2021:10:53:40 -0300] "GET /cormun/servlet/solicitudotadjuntos?305e835ac40493f616333b80f53e5dd3ccdfa832e04afbd120d58c690f42505693879754a5750ead5d7acb1a75ffe282,gx-no-cache=1633354923561 HTTP/1.1" 200 30
190.171.143.82 - - [04/Oct/2021:10:53:41 -0300] "POST /cormun/servlet/solicitudotadjuntos?4bb9cffaff53903b2d3fb7348fe4178d,INS,2021,17583,,1,,gx-no-cache=1633354923639 HTTP/1.1" 200 4180
190.171.141.90 - - [04/Oct/2021:10:53:43 -0300] "GET /cormun/servlet/solicitudot?97bfe8dd353e94fabb0ef0dc90f16bbf039e18927ce324d8b67959011a2a48d724ff078b349a6803f7e56b6db3d8f2b551f860d172802865755a8bcb0e4c5d7de03de9bcef695e3822b9ab4f886996a9563176bf3d68a8c1fcdb0c249175466d9e71f742b0d387606d3cc63a7e4b7d0d1ed19f198af082d4b67488a83288a9e2bc9d32dded0b027262d4cf5eb723cffc4229fed244dfe7cf045e7efb647e0a7b,gx-no-cache=1633354927031 HTTP/1.1" 200 29
190.171.143.82 - - [04/Oct/2021:10:53:44 -0300] "POST /cormun/servlet/solicitudotadjuntos?gx-no-cache=1633354927178 HTTP/1.1" 200 26
190.171.141.90 - - [04/Oct/2021:10:53:49 -0300] "GET /cormun/servlet/solicitudot?97bfe8dd353e94fabb0ef0dc90f16bbfe19936790b23a9fc91fa6450f98f616358eccff204f7f3d54a7e50546db5037a,gx-no-cache=1633354932795 HTTP/1.1" 200 30
190.171.152.242 - - [04/Oct/2021:10:54:03 -0300] "GET /cormun/servlet/hlogin HTTP/1.1" 200 1745
186.67.172.234 - - [04/Oct/2021:10:54:25 -0300] "GET /cormun/servlet/trsolicitudot? HTTP/1.1" 200 7586
186.67.172.234 - - [04/Oct/2021:10:54:25 -0300] "GET /cormun/servlet/trsolicitudot? HTTP/1.1" 200 7586
186.67.172.234 - - [04/Oct/2021:10:54:27 -0300] "GET /cormun/servlet/solicitudot?INS,0,0,false, HTTP/1.1" 200 15920
186.67.172.234 - - [04/Oct/2021:10:54:28 -0300] "GET /cormun/servlet/solicitudot?INS,0,0,false, HTTP/1.1" 200 15928
186.67.172.234 - - [04/Oct/2021:10:54:37 -0300] "POST /cormun/servlet/solicitudot?gx-no-cache=1633354980592 HTTP/1.1" 200 3795
186.67.172.234 - - [04/Oct/2021:10:54:37 -0300] "GET /cormun/static/Shared/jqueryui/images/ui-bg_highlight-soft_100_c6c2c8_1x100.png HTTP/1.1" 404 1117
186.67.172.234 - - [04/Oct/2021:10:54:37 -0300] "GET /cormun/static/Shared/jqueryui/images/ui-icons_82798d_256x240.png HTTP/1.1" 404 1089
186.67.172.234 - - [04/Oct/2021:10:54:37 -0300] "GET /cormun/static/Shared/jqueryui/images/ui-icons_ebccce_256x240.png HTTP/1.1" 404 1089
186.67.172.234 - - [04/Oct/2021:10:54:37 -0300] "GET /cormun/static/Shared/jqueryui/images/ui-bg_flat_55_994d53_40x100.png HTTP/1.1" 404 1097
192.168.10.94 - - [04/Oct/2021:10:54:45 -0300] "GET /cormun/servlet/vesolicitudgral?2021,17573,, HTTP/1.1" 200 9122
192.168.10.94 - - [04/Oct/2021:10:54:45 -0300] "GET /cormun/pexe_scrolldiv.js HTTP/1.1" 404 1009
192.168.10.94 - - [04/Oct/2021:10:54:45 -0300] "GET /cormun/servlet/vesolicitudgral?2021,17573,, HTTP/1.1" 200 9121
192.168.10.94 - - [04/Oct/2021:10:55:17 -0300] "GET /cormun/servlet/vesolicitudgral?2021,17573,,SolicitudOTAdjuntos HTTP/1.1" 200 11543
192.168.10.94 - - [04/Oct/2021:10:55:17 -0300] "GET /cormun/pexe_scrolldiv.js HTTP/1.1" 404 1009
192.168.10.94 - - [04/Oct/2021:10:55:18 -0300] "GET /cormun/servlet/vesolicitudgral?2021,17573,,SolicitudOTAdjuntos HTTP/1.1" 200 11544
186.67.172.234 - - [04/Oct/2021:10:55:18 -0300] "GET /cormun/servlet/solicitudot?31dee370006ba6dfebffc55f199a124c6b76fe42073748282f6af5138fb7e9f420548b86471b12f3a733c4abd961ff09,gx-no-cache=1633355021921 HTTP/1.1" 200 30
192.168.10.94 - - [04/Oct/2021:10:55:18 -0300] "POST /cormun/servlet/acontrolpreferencessavestate?None,ABARRERA,true HTTP/1.1" 200 35
192.168.10.94 - - [04/Oct/2021:10:55:22 -0300] "GET /cormun/PublicTempStorage/antecedentes__carolina20210929_080532716890982.pdf HTTP/1.1" 200 176595
186.103.156.166 - - [04/Oct/2021:10:55:33 -0300] "GET /cormun/servlet/trpermisosadjuntos?17503733,20211004103810,P, HTTP/1.1" 200 6174
186.103.156.166 - - [04/Oct/2021:10:55:34 -0300] "GET /cormun/static/gxcfg.js?2020121641683 HTTP/1.1" 200 953
186.103.156.166 - - [04/Oct/2021:10:55:34 -0300] "GET /cormun/static/trpermisosadjuntos.js?2020121642996 HTTP/1.1" 200 20158
186.103.156.166 - - [04/Oct/2021:10:55:35 -0300] "GET /cormun/servlet/trpermisosadjuntos?17503733,20211004103810,P, HTTP/1.1" 200 6174
186.103.156.166 - - [04/Oct/2021:10:55:38 -0300] "GET /cormun/servlet/permisosadjuntos?INS,17503733,P,20211004103810,, HTTP/1.1" 200 5493
186.103.156.166 - - [04/Oct/2021:10:55:38 -0300] "GET /cormun/static/gxcfg.js?20201215134212 HTTP/1.1" 200 953
186.103.156.166 - - [04/Oct/2021:10:55:38 -0300] "GET /cormun/static/permisosadjuntos.js?20201215134285 HTTP/1.1" 200 8724
186.103.156.166 - - [04/Oct/2021:10:55:38 -0300] "GET /cormun/static/about:blank HTTP/1.1" 404 1011
192.168.10.94 - - [04/Oct/2021:10:55:52 -0300] "GET /cormun/servlet/vesolicitudgral?2021,17573,,SolicitudOTAdjuntos HTTP/1.1" 200 11545
192.168.10.94 - - [04/Oct/2021:10:55:53 -0300] "GET /cormun/servlet/vesolicitudgral?2021,17573,,SolicitudOTAdjuntos HTTP/1.1" 200 11545
192.168.10.94 - - [04/Oct/2021:10:55:53 -0300] "POST /cormun/servlet/acontrolpreferencessavestate?None,ABARRERA,true HTTP/1.1" 200 35
186.103.156.166 - - [04/Oct/2021:10:55:56 -0300] "GET /cormun/servlet/permisosadjuntos?INS,17503733,P,20211004103810,, HTTP/1.1" 200 5483
192.168.10.94 - - [04/Oct/2021:10:56:22 -0300] "GET /cormun/PublicTempStorage/curriculum__carolina20210929_080741385003233.pdf HTTP/1.1" 200 138047
109.234.153.134 - - [04/Oct/2021:10:56:39 -0300] "CONNECT 91.201.52.66:80 HTTP/1.1" 400 -
190.171.141.90 - - [04/Oct/2021:10:56:40 -0300] "POST /cormun/servlet/solicitudot?gx-no-cache=1633355103334 HTTP/1.1" 200 30
109.234.153.133 - - [04/Oct/2021:10:56:49 -0300] "POST /ip.php?Z79498556572Q1 HTTP/1.1" 404 973
192.168.10.94 - - [04/Oct/2021:10:58:41 -0300] "GET /cormun/servlet/vesolicitudgral?2021,17573,,SolicitudOTAdjuntos HTTP/1.1" 200 11542
192.168.10.94 - - [04/Oct/2021:10:58:42 -0300] "GET /cormun/servlet/vesolicitudgral?2021,17573,,SolicitudOTAdjuntos HTTP/1.1" 200 11546
192.168.10.94 - - [04/Oct/2021:10:58:43 -0300] "POST /cormun/servlet/acontrolpreferencessavestate?None,ABARRERA,true HTTP/1.1" 200 35
192.168.10.94 - - [04/Oct/2021:10:58:46 -0300] "GET /cormun/PublicTempStorage/titulo__carolina20210929_08063887641257.pdf HTTP/1.1" 200 146098
186.103.156.166 - - [04/Oct/2021:10:59:26 -0300] "POST /cormun/servlet/permisosadjuntos?e932c69d62a759f6d04424ec9370fef2,INS,17503733,P,20211004103810,, HTTP/1.1" 200 116
186.103.156.166 - - [04/Oct/2021:10:59:26 -0300] "GET /cormun/servlet/hpexe_return? HTTP/1.1" 200 1039
186.103.156.166 - - [04/Oct/2021:10:59:26 -0300] "GET /cormun/servlet/trpermisosadjuntos?17503733,20211004103810,P, HTTP/1.1" 200 6646
186.103.156.166 - - [04/Oct/2021:10:59:27 -0300] "GET /cormun/servlet/trpermisosadjuntos?17503733,20211004103810,P, HTTP/1.1" 200 6642
186.103.156.166 - - [04/Oct/2021:10:59:34 -0300] "POST /cormun/servlet/trpermisosadjuntos?e932c69d62a759f6d04424ec9370fef2,17503733,20211004103810,P,,gx-no-cache=1633355277726 HTTP/1.1" 200 90
186.103.156.166 - - [04/Oct/2021:10:59:34 -0300] "GET /cormun/servlet/hpexe_link HTTP/1.1" 200 985
186.103.156.166 - - [04/Oct/2021:10:59:35 -0300] "GET /cormun/servlet/trpermisosgoce HTTP/1.1" 200 9522
186.103.156.166 - - [04/Oct/2021:10:59:36 -0300] "GET /cormun/servlet/trpermisosgoce HTTP/1.1" 200 9520
190.171.141.90 - - [04/Oct/2021:10:59:49 -0300] "GET /cormun/servlet/solicitudot?97bfe8dd353e94fabb0ef0dc90f16bbfe19936790b23a9fc91fa6450f98f6163532ec6651c5697d73701a123f10bda33,gx-no-cache=1633355292349 HTTP/1.1" 200 30
190.171.141.90 - - [04/Oct/2021:10:59:49 -0300] "POST /cormun/servlet/solicitudot?gx-no-cache=1633355292471 HTTP/1.1" 200 30
186.103.156.166 - - [04/Oct/2021:10:59:49 -0300] "POST /cormun/servlet/trpermisosgoce?e932c69d62a759f6d04424ec9370fef2,gx-no-cache=1633355292723 HTTP/1.1" 200 6887
186.103.156.166 - - [04/Oct/2021:10:59:50 -0300] "GET /cormun/static/Shared/jqueryui/images/ui-bg_highlight-soft_100_c6c2c8_1x100.png HTTP/1.1" 404 1117
186.103.156.166 - - [04/Oct/2021:10:59:50 -0300] "GET /cormun/static/Shared/jqueryui/images/ui-icons_82798d_256x240.png HTTP/1.1" 404 1089
186.103.156.166 - - [04/Oct/2021:10:59:50 -0300] "GET /cormun/static/Shared/jqueryui/images/ui-bg_flat_55_fafafa_40x100.png HTTP/1.1" 404 1097
186.103.156.166 - - [04/Oct/2021:10:59:50 -0300] "GET /cormun/static/Shared/jqueryui/images/ui-icons_8d78a5_256x240.png HTTP/1.1" 404 1089
186.103.156.166 - - [04/Oct/2021:11:00:01 -0300] "GET /cormun/servlet/hlogin HTTP/1.1" 200 1745
186.103.156.166 - - [04/Oct/2021:11:00:20 -0300] "POST /cormun/servlet/hlogin?e932c69d62a759f6d04424ec9370fef2,gx-no-cache=1633355323337 HTTP/1.1" 200 90
186.103.156.166 - - [04/Oct/2021:11:00:20 -0300] "GET /cormun/servlet/hpexe_link HTTP/1.1" 200 952
186.103.156.166 - - [04/Oct/2021:11:00:20 -0300] "GET /cormun/servlet/hhome HTTP/1.1" 200 4315
186.103.156.166 - - [04/Oct/2021:11:00:21 -0300] "GET /cormun/static/SmoothNavMenu/resources/images/right.gif HTTP/1.1" 200 860
186.103.156.166 - - [04/Oct/2021:11:00:21 -0300] "GET /cormun/servlet/hhome HTTP/1.1" 200 4311
186.103.156.166 - - [04/Oct/2021:11:00:32 -0300] "GET /cormun/servlet/trautorizarpermisogoce? HTTP/1.1" 200 8004
186.103.156.166 - - [04/Oct/2021:11:00:32 -0300] "GET /cormun/static/gxcfg.js?2020121645532 HTTP/1.1" 200 953
186.103.156.166 - - [04/Oct/2021:11:00:33 -0300] "GET /cormun/static/trautorizarpermisogoce.js?2020121651492 HTTP/1.1" 200 34948
186.103.156.166 - - [04/Oct/2021:11:00:42 -0300] "GET /cormun/servlet/trautorizarpermisogoce? HTTP/1.1" 200 8002
186.103.156.166 - - [04/Oct/2021:11:00:48 -0300] "POST /cormun/servlet/trautorizarpermisogoce?e932c69d62a759f6d04424ec9370fef2,,gx-no-cache=1633355351317 HTTP/1.1" 200 4513
186.103.156.166 - - [04/Oct/2021:11:00:48 -0300] "GET /cormun/static/Shared/jqueryui/images/ui-bg_highlight-soft_100_c6c2c8_1x100.png HTTP/1.1" 404 1117
186.103.156.166 - - [04/Oct/2021:11:00:48 -0300] "GET /cormun/static/Shared/jqueryui/images/ui-icons_82798d_256x240.png HTTP/1.1" 404 1089
186.103.156.166 - - [04/Oct/2021:11:00:48 -0300] "GET /cormun/static/Shared/jqueryui/images/ui-bg_flat_55_fafafa_40x100.png HTTP/1.1" 404 1097
186.103.156.166 - - [04/Oct/2021:11:00:48 -0300] "GET /cormun/static/Shared/jqueryui/images/ui-icons_8d78a5_256x240.png HTTP/1.1" 404 1089
186.103.156.166 - - [04/Oct/2021:11:00:59 -0300] "GET /cormun/servlet/hlogin HTTP/1.1" 200 1749
186.103.156.166 - - [04/Oct/2021:11:01:09 -0300] "POST /cormun/servlet/hlogin?e932c69d62a759f6d04424ec9370fef2,gx-no-cache=1633355373186 HTTP/1.1" 200 90
186.103.156.166 - - [04/Oct/2021:11:01:10 -0300] "GET /cormun/servlet/hpexe_link HTTP/1.1" 200 952
186.103.156.166 - - [04/Oct/2021:11:01:10 -0300] "GET /cormun/servlet/hhome HTTP/1.1" 200 3853
186.103.156.166 - - [04/Oct/2021:11:01:10 -0300] "GET /cormun/servlet/hhome HTTP/1.1" 200 3850
207.46.13.106 - - [04/Oct/2021:11:01:14 -0300] "GET /cormun/servlet/licenciaspermisos?DSP,17793934,L,20210406000000,_escaped_fragment_%3D HTTP/1.1" 200 6085
186.103.156.166 - - [04/Oct/2021:11:01:14 -0300] "GET /cormun/servlet/trpermisosgoce? HTTP/1.1" 200 9475
186.103.156.166 - - [04/Oct/2021:11:01:15 -0300] "GET /cormun/servlet/trpermisosgoce? HTTP/1.1" 200 9473
207.46.13.104 - - [04/Oct/2021:11:01:30 -0300] "GET /cormun/static/gxcfg.js?202012153173 HTTP/1.1" 200 953
207.46.13.104 - - [04/Oct/2021:11:01:31 -0300] "GET /cormun/static/gxcfg.js?202012153173 HTTP/1.1" 200 953
186.103.156.166 - - [04/Oct/2021:11:01:33 -0300] "GET /cormun/servlet/hlogin HTTP/1.1" 200 1743
186.103.156.166 - - [04/Oct/2021:11:01:34 -0300] "GET /cormun/servlet/hlogin HTTP/1.1" 200 1743
40.77.167.7 - - [04/Oct/2021:11:01:34 -0300] "GET /cormun/servlet/hlogin HTTP/1.1" 200 1716
40.77.167.7 - - [04/Oct/2021:11:01:35 -0300] "GET /cormun/servlet/hlogin HTTP/1.1" 200 1709
190.171.141.82 - - [04/Oct/2021:11:02:07 -0300] "GET /cormun/servlet/hlogin HTTP/1.1" 200 1722
190.171.141.82 - - [04/Oct/2021:11:02:11 -0300] "GET /cormun/servlet/hlogin HTTP/1.1" 200 1732
190.171.141.82 - - [04/Oct/2021:11:02:20 -0300] "POST /cormun/servlet/hlogin?3b0272c74b59d08d8724beb80af00dad,gx-no-cache=1633355444350 HTTP/1.1" 200 90
190.171.141.82 - - [04/Oct/2021:11:02:20 -0300] "GET /cormun/servlet/hpexe_link HTTP/1.1" 200 950
190.171.141.82 - - [04/Oct/2021:11:02:20 -0300] "GET /cormun/servlet/hhome HTTP/1.1" 200 3951
190.171.141.82 - - [04/Oct/2021:11:02:23 -0300] "GET /cormun/servlet/hhome HTTP/1.1" 200 3947
190.171.141.82 - - [04/Oct/2021:11:02:42 -0300] "GET /cormun/servlet/trpermisosgoce? HTTP/1.1" 200 9700
190.171.141.82 - - [04/Oct/2021:11:02:45 -0300] "GET /cormun/servlet/trpermisosgoce? HTTP/1.1" 200 9691
190.171.141.82 - - [04/Oct/2021:11:02:50 -0300] "GET /cormun/servlet/permisogoce?INS,0,,, HTTP/1.1" 200 6814
190.171.141.82 - - [04/Oct/2021:11:02:51 -0300] "GET /cormun/servlet/permisogoce?INS,0,,, HTTP/1.1" 200 6814
190.171.141.82 - - [04/Oct/2021:11:02:54 -0300] "GET /cormun/servlet/trpermisosgoce? HTTP/1.1" 200 9699
190.171.141.82 - - [04/Oct/2021:11:02:56 -0300] "GET /cormun/servlet/trpermisosgoce? HTTP/1.1" 200 9698
190.171.141.90 - - [04/Oct/2021:11:03:02 -0300] "GET /cormun/servlet/solicitudot?97bfe8dd353e94fabb0ef0dc90f16bbfe19936790b23a9fc91fa6450f98f6163532ec6651c5697d73701a123f10bda33,gx-no-cache=1633355485786 HTTP/1.1" 200 30
190.171.141.90 - - [04/Oct/2021:11:03:02 -0300] "POST /cormun/servlet/solicitudot?gx-no-cache=1633355485939 HTTP/1.1" 200 30
190.171.141.90 - - [04/Oct/2021:11:03:03 -0300] "POST /cormun/servlet/solicitudot?30636a63bd81ae4020f382cd05e10cd4,INS,0,0,false,,gx-no-cache=1633355486024 HTTP/1.1" 200 93
190.171.141.90 - - [04/Oct/2021:11:03:03 -0300] "GET /cormun/servlet/hpexe_return? HTTP/1.1" 200 1008
190.171.141.90 - - [04/Oct/2021:11:03:03 -0300] "GET /cormun/servlet/trsolicitudot HTTP/1.1" 200 8620
190.171.141.90 - - [04/Oct/2021:11:03:03 -0300] "GET /cormun/servlet/trsolicitudot HTTP/1.1" 200 8616
190.171.141.90 - - [04/Oct/2021:11:03:12 -0300] "GET /cormun/servlet/solicitudot?INS,0,0,false, HTTP/1.1" 200 15547
190.171.141.90 - - [04/Oct/2021:11:03:13 -0300] "GET /cormun/servlet/solicitudot?INS,0,0,false, HTTP/1.1" 200 15554
190.171.143.98 - - [04/Oct/2021:11:03:20 -0300] "POST /cormun/servlet/solicitudot?gx-no-cache=1633355503897 HTTP/1.1" 440 972
190.171.141.82 - - [04/Oct/2021:11:03:21 -0300] "GET /cormun/servlet/permisogoce?INS,0,,, HTTP/1.1" 200 6815
190.171.141.82 - - [04/Oct/2021:11:03:22 -0300] "GET /cormun/servlet/permisogoce?INS,0,,, HTTP/1.1" 200 6814
190.171.143.98 - - [04/Oct/2021:11:03:23 -0300] "POST /cormun/servlet/solicitudot?11d8a9db1989dd4abdfe1621de545309,INS,0,0,false,,gx-no-cache=1633355506273 HTTP/1.1" 440 972
190.171.143.98 - - [04/Oct/2021:11:03:23 -0300] "GET /cormun/servlet/solicitudot?INS,0,0,false, HTTP/1.1" 200 14715
190.171.143.98 - - [04/Oct/2021:11:03:24 -0300] "GET /cormun/servlet/solicitudot?0562577d0a98b176532a8b88665851160d934120c022c026bfc3dcb565e95682,gx-no-cache=1633355508075 HTTP/1.1" 440 972
190.171.143.98 - - [04/Oct/2021:11:03:24 -0300] "GET /cormun/servlet/solicitudot?INS,0,0,false, HTTP/1.1" 200 14715
190.171.141.82 - - [04/Oct/2021:11:03:31 -0300] "GET /cormun/servlet/permisogoce?011a2a006ec2da69a32267fe2c8becc52682d885e0506df9c1419ee0f245882a5e408c1f142708f783162150742fccdadee7d2593ca040a0d736b23641b302fa,gx-no-cache=1633355515726 HTTP/1.1" 200 80
190.171.143.98 - - [04/Oct/2021:11:03:32 -0300] "GET /cormun/servlet/solicitudot?0562577d0a98b176532a8b88665851160a82b94cc7a2fba310763517fe255e94,gx-no-cache=1633355515621 HTTP/1.1" 440 972
190.171.143.98 - - [04/Oct/2021:11:03:33 -0300] "GET /cormun/servlet/solicitudot?0562577d0a98b176532a8b88665851164acc56e2c6796c4e641c2e7980df3dba,gx-no-cache=1633355516956 HTTP/1.1" 440 972
186.67.172.234 - - [04/Oct/2021:11:03:41 -0300] "GET /cormun/servlet/prbanco?,MD,,gxPopupLevel%3D0%3B HTTP/1.1" 200 6671
190.171.141.90 - - [04/Oct/2021:11:03:42 -0300] "POST /cormun/servlet/solicitudot?gx-no-cache=1633355525284 HTTP/1.1" 200 3821
190.171.141.82 - - [04/Oct/2021:11:03:42 -0300] "GET /cormun/static/menuarrow.gif HTTP/1.1" 404 1015
190.171.141.90 - - [04/Oct/2021:11:03:42 -0300] "POST /cormun/servlet/solicitudot?30636a63bd81ae4020f382cd05e10cd4,INS,0,0,false,,gx-no-cache=1633355525586 HTTP/1.1" 200 12314
190.171.141.90 - - [04/Oct/2021:11:03:45 -0300] "GET /cormun/servlet/solicitudot?97bfe8dd353e94fabb0ef0dc90f16bbf3ebfff8a80c03180b7dec05bb8484cb5519eefc92d24c4ee1baaa314e9dae365,gx-no-cache=1633355529005 HTTP/1.1" 200 30
186.67.172.234 - - [04/Oct/2021:11:03:47 -0300] "GET /cormun/servlet/solicitudot?31dee370006ba6dfebffc55f199a124cd8a4518349284d5fef48d83a6f98783166259dc8dca2ef94941bd2ff9b4ba8cd1aa3feec30c3a7bff01d58a0a14f808f,gx-no-cache=1633355530387 HTTP/1.1" 200 30
186.67.172.234 - - [04/Oct/2021:11:03:50 -0300] "GET /cormun/servlet/solicitudot?31dee370006ba6dfebffc55f199a124cabe4cc613c4ca811e46ed73c2752b051,gx-no-cache=1633355533744 HTTP/1.1" 200 51
190.171.141.82 - - [04/Oct/2021:11:03:54 -0300] "GET /cormun/servlet/permisogoce?011a2a006ec2da69a32267fe2c8becc53eee77b0c025f8651c2ebc93a2cd9347c241a0bf65cd1dcba51d4be8077bc38ebe9215dea08e681dc4873b5af2ee4781,gx-no-cache=1633355538332 HTTP/1.1" 200 46
190.171.143.98 - - [04/Oct/2021:11:03:56 -0300] "GET /cormun/servlet/hlogin HTTP/1.1" 200 1730
201.214.212.142 - - [04/Oct/2021:11:03:58 -0300] "GET /cormun/servlet/hlogin HTTP/1.1" 200 1729
201.214.212.142 - - [04/Oct/2021:11:03:59 -0300] "GET /cormun/static/gxtimezone.js?85251 HTTP/1.1" 200 5781
201.214.212.142 - - [04/Oct/2021:11:03:59 -0300] "GET /cormun/static/gxcfg.js?201910216285969 HTTP/1.1" 200 953
201.214.212.142 - - [04/Oct/2021:11:03:59 -0300] "GET /cormun/static/Resources/Spanish/PXTools.css?2294816 HTTP/1.1" 200 100853
201.214.212.142 - - [04/Oct/2021:11:03:59 -0300] "GET /cormun/static/messages.spa.js?85251 HTTP/1.1" 200 30736
201.214.212.142 - - [04/Oct/2021:11:03:59 -0300] "GET /cormun/static/hlogin.js?201910216285995 HTTP/1.1" 200 2136
201.214.212.142 - - [04/Oct/2021:11:03:59 -0300] "GET /cormun/static/Resources/Logo2019_Grande.png HTTP/1.1" 200 31733
201.214.212.142 - - [04/Oct/2021:11:03:59 -0300] "GET /cormun/static/gxgral.js?85251 HTTP/1.1" 200 384558
201.214.212.142 - - [04/Oct/2021:11:03:59 -0300] "GET /cormun/static/Resources/PXToolsLoginTop.png HTTP/1.1" 200 1337
201.214.212.142 - - [04/Oct/2021:11:03:59 -0300] "GET /cormun/static/Resources/PXToolsLoginBackground.png HTTP/1.1" 200 1164
201.214.212.142 - - [04/Oct/2021:11:03:59 -0300] "GET /cormun/static/Resources/PXToolsButtonRight.png HTTP/1.1" 200 1294
201.214.212.142 - - [04/Oct/2021:11:03:59 -0300] "GET /cormun/static/Resources/PXToolsButtonLeft.png HTTP/1.1" 200 1310
201.214.212.142 - - [04/Oct/2021:11:03:59 -0300] "GET /cormun/static/Resources/PXToolsButtonBackground.png HTTP/1.1" 200 1176
201.214.212.142 - - [04/Oct/2021:11:03:59 -0300] "GET /cormun/static/Resources/PXToolsLoginBottom.png HTTP/1.1" 200 1389
201.214.212.142 - - [04/Oct/2021:11:03:59 -0300] "GET /cormun/servlet/hlogin HTTP/1.1" 200 1739
201.214.212.142 - - [04/Oct/2021:11:03:59 -0300] "GET /cormun/static/Resources/indicator.gif HTTP/1.1" 200 1553
201.214.212.142 - - [04/Oct/2021:11:03:59 -0300] "GET /favicon.ico HTTP/1.1" 200 21630
186.67.172.234 - - [04/Oct/2021:11:04:02 -0300] "GET /cormun/servlet/solicitudot?31dee370006ba6dfebffc55f199a124c85ec92a5971a62f435af059799f1e810e55e761f67095da3adc803d7825c55c78c393c1d4aea5dca1c0bc627a94785dc1f78a49c8fd06d11234c4cbccb2295e2c87dc692d27d477432231eedc0f99b17abed3578fd79da040f623d3ecd24bb7518977546ee657f1fd40fa092622130b4a8469258e103610120aca52d14d6bd7ff119dd0fd54296a61f5868448569495619780e7ebcd97dded708005093219b4a7506a1069f05ee8f89f26044ed1dff78325e2a15bd2ef7f8ce589b126bb97518f2d2543be9c9908e9722c175b90a08a34368ae2615410d7f159f18555e25c7c7ae9c68086db9e5626b5694396900ff8d8dcc324ff4c051110f69ab97a01c8384bfa103e03587ad8473c777291ac86b3adb188ad358b1f4e08458066c5c8368f013e3030e23dd77e6243b874c48342310edca6f98569c791538a21f51e41cb8ed,gx-no-cache=1633355545535 HTTP/1.1" 200 240
190.171.143.98 - - [04/Oct/2021:11:04:02 -0300] "POST /cormun/servlet/hlogin?1c966f0d2eb809c40547664c4526b75f,gx-no-cache=1633355545858 HTTP/1.1" 200 426
186.67.172.234 - - [04/Oct/2021:11:04:06 -0300] "POST /cormun/servlet/solicitudot?gx-no-cache=1633355549526 HTTP/1.1" 200 298
190.171.143.98 - - [04/Oct/2021:11:04:09 -0300] "POST /cormun/servlet/hlogin?1c966f0d2eb809c40547664c4526b75f,gx-no-cache=1633355552960 HTTP/1.1" 200 90
190.171.143.98 - - [04/Oct/2021:11:04:09 -0300] "GET /cormun/servlet/hpexe_link HTTP/1.1" 200 970
190.171.143.98 - - [04/Oct/2021:11:04:10 -0300] "GET /cormun/servlet/solicitudot?INS,0,0,false, HTTP/1.1" 200 15666
190.171.143.98 - - [04/Oct/2021:11:04:10 -0300] "GET /cormun/servlet/solicitudot?INS,0,0,false, HTTP/1.1" 200 15673
186.67.172.234 - - [04/Oct/2021:11:04:11 -0300] "GET /cormun/servlet/solicitudot?31dee370006ba6dfebffc55f199a124c7dacafbba415872248da1b55e84adf10ae37c2ddd1fb2b803d1a2aa23beef5516def9da835bdf517e2b1bc7005c8db9c5485147b2bce8e730cb117abef854ab9ccc3e32077448492d1f3565fc69590dce1c110af41a0ca7e26e7142fe5887451fc02421e31a9a5e588adf7af9318c5e20e67ced1791f2f0a5f9cf6e1556e4eeccfcccc73cf5b06611ef812147778573c086267afdf50083736a9f92f460f3c141eaee7cb13a67696837154d256f73205f13104637df0c28ad7cf96aeb4b9bf79f6642feb465d06f052b631d45b6c05974690d76655a6784562677096c4cb911aaa17a042a3522c0d04eef0bcaecdd44561c19a41719bfca3a312d28e23bf00ec397c20b0ffe8f981063b545ab590208c08a6e9df3be3694c0ff161b9d3abd013259323cd3eb2ccecf86becf8afe4611aa61e1e3d704866e63a8b912a812b3fd47ef6e734a174cffea229226d64f836534269438ddd3553baf2a4289fd244ce58157e598b18b0f5ae8ddc867ae9c47cad374eda1bf77f4b2db4132fbc10bfe7ff,gx-no-cache=1633355555239 HTTP/1.1" 200 30
190.171.141.82 - - [04/Oct/2021:11:04:14 -0300] "POST /cormun/servlet/permisogoce?3b0272c74b59d08d8724beb80af00dad,INS,0,,,,gx-no-cache=1633355557239 HTTP/1.1" 200 93
190.171.141.82 - - [04/Oct/2021:11:04:14 -0300] "GET /cormun/servlet/hpexe_return? HTTP/1.1" 200 1008
190.171.141.82 - - [04/Oct/2021:11:04:14 -0300] "GET /cormun/servlet/trpermisosgoce HTTP/1.1" 200 9913
190.171.141.82 - - [04/Oct/2021:11:04:16 -0300] "GET /cormun/servlet/trpermisosgoce HTTP/1.1" 200 9909
186.67.172.234 - - [04/Oct/2021:11:04:19 -0300] "POST /cormun/servlet/solicitudot?gx-no-cache=1633355562673 HTTP/1.1" 200 30
186.67.172.234 - - [04/Oct/2021:11:04:19 -0300] "POST /cormun/servlet/solicitudot?gx-no-cache=1633355562699 HTTP/1.1" 200 1434
186.67.172.234 - - [04/Oct/2021:11:04:19 -0300] "POST /cormun/servlet/solicitudot?gx-no-cache=1633355562731 HTTP/1.1" 200 38
186.67.172.234 - - [04/Oct/2021:11:04:32 -0300] "POST /cormun/servlet/solicitudot?gx-no-cache=1633355575440 HTTP/1.1" 200 1434
186.67.172.234 - - [04/Oct/2021:11:04:32 -0300] "POST /cormun/servlet/solicitudot?gx-no-cache=1633355575473 HTTP/1.1" 200 38
186.67.172.234 - - [04/Oct/2021:11:04:32 -0300] "GET /cormun/servlet/solicitudot?31dee370006ba6dfebffc55f199a124c6db7574c254ee45fc9fcbfd7ef5e1b26011f78be981ac19fdd74f83de6775cb843d93102b30be611ae3913b28b2686522fe58435b923244845493491166f30918b43a3fef70aa5bcca5be026428ad00f7530ebe5d567a07ddb0bd2cee73d03de,gx-no-cache=1633355575491 HTTP/1.1" 200 110
190.171.141.82 - - [04/Oct/2021:11:04:32 -0300] "POST /cormun/servlet/trpermisosgoce?3b0272c74b59d08d8724beb80af00dad,gx-no-cache=1633355576225 HTTP/1.1" 200 7207
190.171.143.98 - - [04/Oct/2021:11:04:33 -0300] "POST /cormun/servlet/solicitudot?gx-no-cache=1633355576386 HTTP/1.1" 200 3728
190.171.143.98 - - [04/Oct/2021:11:04:33 -0300] "POST /cormun/servlet/solicitudot?1c966f0d2eb809c40547664c4526b75f,INS,0,0,false,,gx-no-cache=1633355576743 HTTP/1.1" 200 12241
192.168.10.94 - - [04/Oct/2021:11:04:35 -0300] "GET /cormun/servlet/vesolicitudgral?2021,17573,,SolicitudOTAdjuntos HTTP/1.1" 200 11544
192.168.10.94 - - [04/Oct/2021:11:04:36 -0300] "GET /cormun/servlet/vesolicitudgral?2021,17573,,SolicitudOTAdjuntos HTTP/1.1" 200 11546
190.171.143.98 - - [04/Oct/2021:11:04:36 -0300] "GET /cormun/servlet/solicitudot?0748f47afe76b072def7ff1f5be6ce5139917356564ae582b2df35ab6e56f87c9c05bc7fbaf3780d897f754c391d1909,gx-no-cache=1633355580121 HTTP/1.1" 200 30
192.168.10.94 - - [04/Oct/2021:11:04:36 -0300] "POST /cormun/servlet/acontrolpreferencessavestate?None,ABARRERA,true HTTP/1.1" 200 35
192.168.10.94 - - [04/Oct/2021:11:04:38 -0300] "GET /cormun/servlet/vesolicitudgral?2021,17573,,General HTTP/1.1" 200 9125
192.168.10.94 - - [04/Oct/2021:11:04:38 -0300] "GET /cormun/pexe_scrolldiv.js HTTP/1.1" 404 1009
192.168.10.94 - - [04/Oct/2021:11:04:38 -0300] "GET /cormun/servlet/vesolicitudgral?2021,17573,,General HTTP/1.1" 200 9125
190.171.141.82 - - [04/Oct/2021:11:04:39 -0300] "GET /cormun/servlet/apermisogoceprn?7590017,P,20211004104926,PU HTTP/1.1" 200 1652
186.67.172.234 - - [04/Oct/2021:11:04:48 -0300] "POST /cormun/servlet/solicitudot?gx-no-cache=1633355591870 HTTP/1.1" 200 110
186.67.172.234 - - [04/Oct/2021:11:04:57 -0300] "GET /cormun/servlet/solicitudot?31dee370006ba6dfebffc55f199a124c25755cc03b616d8d9eb21d0e895911b4ae9c68086db9e5626b5694396900ff8d8dcc324ff4c051110f69ab97a01c8384b3c28491eaafad07db17b3c4324e1031,gx-no-cache=1633355601065 HTTP/1.1" 200 29
186.67.172.234 - - [04/Oct/2021:11:04:58 -0300] "GET /cormun/static/menuarrow.gif HTTP/1.1" 404 1015
190.171.141.90 - - [04/Oct/2021:11:04:59 -0300] "GET /cormun/servlet/solicitudot?97bfe8dd353e94fabb0ef0dc90f16bbf985ec7a1506a8a5e750736589375c3330314bdb16f0135b6cff3707ee9e5523bddb8db058ab4ca5eb889374a127e67be,gx-no-cache=1633355602751 HTTP/1.1" 200 30
190.171.141.90 - - [04/Oct/2021:11:04:59 -0300] "GET /cormun/servlet/solicitudot?97bfe8dd353e94fabb0ef0dc90f16bbf2257ccac3107fa2eacae977aeb9c1d6f,gx-no-cache=1633355602904 HTTP/1.1" 200 60
190.171.141.90 - - [04/Oct/2021:11:04:59 -0300] "POST /cormun/servlet/solicitudot?gx-no-cache=1633355602992 HTTP/1.1" 200 240
190.171.141.90 - - [04/Oct/2021:11:04:59 -0300] "GET /cormun/servlet/solicitudot?97bfe8dd353e94fabb0ef0dc90f16bbfc13a260b1be05452e5c78cf29ba5c4e87740808c857dfeb65c01c91054dd1c812796cb6d8e6a00d9562a8353b9215e55f6280f4e5016248b39e1cdb2d61d48a64b9c8e37ccdfdd1d2f2388c530e86eb21c618ccf1177966cb0add951ee28e62549fb51387cd06a0a3ffbbffbe06b962959eeeae1c2b74202661aabbd8571dbbb97ffc621556ac9c7c2bf9aaa2733b55539acaf9be5fa95e673e7082db287a29df1e62eeb386ac28c78e157f8f1fdac66f58553a3ab24928d69d53379f154511f44179d8d1a1e8c4c116e77af8492db81a1e38c46810c0d2f99c7b810d12d57e59d065c113eb1b7cffa575ce7c952393ba6990f690b8df162bb2d1a2def7b21e796941eaf647d44e8c5ec791b64f1acab24ff36721d68f969ec6faa17ab5a30a27c0cad70b0cce90f6bbea55d22c3121d472dde90d5daaa59f9e48eaad2c192f1593b7ba026b787f6e1691ffff0212b0e7d270439defff20e3cc81d0ef831477d3021e88f2494465099fbd72a691579d5,gx-no-cache=1633355603088 HTTP/1.1" 200 30
186.67.172.234 - - [04/Oct/2021:11:05:01 -0300] "GET /cormun/servlet/solicitudot?31dee370006ba6dfebffc55f199a124ca2a7240cf98e92b10b3d4b99754c93db808f6b07443968215312cbacd181397d,gx-no-cache=1633355604588 HTTP/1.1" 200 30
186.67.172.234 - - [04/Oct/2021:11:05:06 -0300] "POST /cormun/servlet/solicitudot?gx-no-cache=1633355610304 HTTP/1.1" 200 30
190.171.141.90 - - [04/Oct/2021:11:05:08 -0300] "POST /cormun/servlet/solicitudot?gx-no-cache=1633355612155 HTTP/1.1" 200 30
190.171.141.90 - - [04/Oct/2021:11:05:13 -0300] "POST /cormun/servlet/solicitudot?gx-no-cache=1633355616957 HTTP/1.1" 200 1440
190.171.141.90 - - [04/Oct/2021:11:05:13 -0300] "POST /cormun/servlet/solicitudot?gx-no-cache=1633355617049 HTTP/1.1" 200 38
190.171.141.90 - - [04/Oct/2021:11:05:13 -0300] "GET /cormun/servlet/solicitudot?97bfe8dd353e94fabb0ef0dc90f16bbf7450788b4c568bffdeb6047b56fa5fda633d738470d3e1a0c5085ec6f6f0d057af60eac60ddb463a4bd0972439ad5d17afb9caf22bd506b1aba786d10caf760db65b9d4592b9ae25e6d466e2e5f905693c95267e20ec660c7070c8ba5bcb1e16,gx-no-cache=1633355617125 HTTP/1.1" 200 110
186.67.172.234 - - [04/Oct/2021:11:05:19 -0300] "POST /cormun/servlet/solicitudot?ad6f790774ed7906ce2c617bf0dfc462,INS,0,0,false,,gx-no-cache=1633355622481 HTTP/1.1" 200 12907
192.168.10.94 - - [04/Oct/2021:11:05:26 -0300] "GET /cormun/servlet/vesolicitudgral?2021,17573,,SolicitudOTAdjuntos HTTP/1.1" 200 11545
192.168.10.94 - - [04/Oct/2021:11:05:26 -0300] "GET /cormun/pexe_scrolldiv.js HTTP/1.1" 404 1009
192.168.10.94 - - [04/Oct/2021:11:05:27 -0300] "GET /cormun/servlet/vesolicitudgral?2021,17573,,SolicitudOTAdjuntos HTTP/1.1" 200 11544
192.168.10.94 - - [04/Oct/2021:11:05:28 -0300] "POST /cormun/servlet/acontrolpreferencessavestate?None,ABARRERA,true HTTP/1.1" 200 35
192.168.10.94 - - [04/Oct/2021:11:05:32 -0300] "GET /cormun/PublicTempStorage/titulo__carolina20210929_080638875159672.pdf HTTP/1.1" 200 146098
190.171.141.90 - - [04/Oct/2021:11:05:50 -0300] "POST /cormun/servlet/solicitudot?gx-no-cache=1633355653998 HTTP/1.1" 200 97
190.171.143.98 - - [04/Oct/2021:11:05:53 -0300] "GET /cormun/servlet/prbanco?,MD,,gxPopupLevel%3D0%3B HTTP/1.1" 200 6554
190.171.143.98 - - [04/Oct/2021:11:05:58 -0300] "GET /cormun/servlet/solicitudot?0748f47afe76b072def7ff1f5be6ce513b84361056edc8e8b0d614ef55b635eb69690bb1ec85cc25a6f6a6c1a89824873871c517b0c5b7707c5d1e536a013341,gx-no-cache=1633355662216 HTTP/1.1" 200 30
190.171.143.98 - - [04/Oct/2021:11:06:00 -0300] "GET /cormun/servlet/solicitudot?0748f47afe76b072def7ff1f5be6ce51f2260a2395912878a0eb4393ea52a597,gx-no-cache=1633355663628 HTTP/1.1" 200 45
192.168.10.94 - - [04/Oct/2021:11:06:12 -0300] "GET /cormun/servlet/vesolicitudgral?2021,17573,,SolicitudOTAdjuntos HTTP/1.1" 200 11547
192.168.10.94 - - [04/Oct/2021:11:06:13 -0300] "GET /cormun/servlet/vesolicitudgral?2021,17573,,SolicitudOTAdjuntos HTTP/1.1" 200 11546
192.168.10.94 - - [04/Oct/2021:11:06:13 -0300] "POST /cormun/servlet/acontrolpreferencessavestate?None,ABARRERA,true HTTP/1.1" 200 35
190.171.143.98 - - [04/Oct/2021:11:06:15 -0300] "POST /cormun/servlet/solicitudot?gx-no-cache=1633355679122 HTTP/1.1" 200 255
190.171.141.90 - - [04/Oct/2021:11:06:16 -0300] "GET /cormun/servlet/solicitudot?97bfe8dd353e94fabb0ef0dc90f16bbf039e18927ce324d8b67959011a2a48d724ff078b349a6803f7e56b6db3d8f2b551f860d172802865755a8bcb0e4c5d7de03de9bcef695e3822b9ab4f886996a9563176bf3d68a8c1fcdb0c249175466d9e71f742b0d387606d3cc63a7e4b7d0d1ed19f198af082d4b67488a83288a9e2bc9d32dded0b027262d4cf5eb723cffc4229fed244dfe7cf045e7efb647e0a7b,gx-no-cache=1633355679788 HTTP/1.1" 200 29
190.171.141.90 - - [04/Oct/2021:11:06:16 -0300] "GET /cormun/static/menuarrow.gif HTTP/1.1" 404 1015
192.168.10.94 - - [04/Oct/2021:11:06:17 -0300] "GET /cormun/PublicTempStorage/afp_carolina20210929_080235684781477.pdf HTTP/1.1" 200 119634
190.171.143.98 - - [04/Oct/2021:11:06:17 -0300] "GET /cormun/servlet/solicitudot?0748f47afe76b072def7ff1f5be6ce51d0165673e980d07814797c6bbe9a1a30fbadd76474d09011810b7b910f5d887d4fe485381e7937079fcf4fcc259b2f5d1dadd81819e3b0aeea66721532c0cba47a7bf77c612f1dae436e1845b9521faf367a913f599abbcbdc0046a6a55c879de7b7e3f87e91f1e547ca61d11010317e9603331cabbdc243ff0f391c1d2e8ea1ef1b006e6a5c9b63dacc2ab9ad7e1884d806bc6b7a5ac71f88eec3f8da1ba15dddd09cd56dddaae1dca600213b14702b5fb46d21aee760ee945a6fe9238a7a097f0e8e890b048275d19e92ec0cf3e62da5cf987220467475fbf9cb14fa5b9935e63dbac701df389c36189aeb1c4e72852be266a3ea1d7921d5de442b120b8bc87c734f8c3a13f1f3784726af203c5787461061519b9c07f8c6a86a0d7749291bfdf2288c3382025c6bfa80f9d160e733e793e2fc1ea274d58d188e1097ceecd1db5bbca176fee0b7c23e1a49c12546e66b096d65d173f1fa2ba967842e2bccb7e767a4f4bf43b29bf26f0b6af1af8928,gx-no-cache=1633355681110 HTTP/1.1" 200 30
190.171.143.98 - - [04/Oct/2021:11:06:20 -0300] "POST /cormun/servlet/solicitudot?gx-no-cache=1633355683489 HTTP/1.1" 200 30
190.171.143.98 - - [04/Oct/2021:11:06:21 -0300] "POST /cormun/servlet/solicitudot?gx-no-cache=1633355684651 HTTP/1.1" 200 1439
190.171.143.98 - - [04/Oct/2021:11:06:21 -0300] "POST /cormun/servlet/solicitudot?gx-no-cache=1633355685203 HTTP/1.1" 200 38
190.171.141.90 - - [04/Oct/2021:11:06:25 -0300] "GET /cormun/servlet/solicitudot?97bfe8dd353e94fabb0ef0dc90f16bbfe19936790b23a9fc91fa6450f98f6163532ec6651c5697d73701a123f10bda33,gx-no-cache=1633355689010 HTTP/1.1" 200 30
192.168.10.94 - - [04/Oct/2021:11:06:26 -0300] "GET /cormun/servlet/vesolicitudgral?2021,17573,,SolicitudOTAdjuntos HTTP/1.1" 200 11550
192.168.10.94 - - [04/Oct/2021:11:06:27 -0300] "GET /cormun/servlet/vesolicitudgral?2021,17573,,SolicitudOTAdjuntos HTTP/1.1" 200 11546
192.168.10.94 - - [04/Oct/2021:11:06:27 -0300] "POST /cormun/servlet/acontrolpreferencessavestate?None,ABARRERA,true HTTP/1.1" 200 35
192.168.10.94 - - [04/Oct/2021:11:06:29 -0300] "GET /cormun/PublicTempStorage/fonasa_carolina20210929_080334228994898.pdf HTTP/1.1" 200 132159
190.171.143.98 - - [04/Oct/2021:11:06:35 -0300] "GET /cormun/servlet/solicitudot?0748f47afe76b072def7ff1f5be6ce5111b896739a992f3f011fd7027f0b2dccafc5bcae968212dc95e8357133288333fb39d7ce5f96e9b63b4395e43cf3fc5d324463ffdd868eb0dd41c5932ecb8cfa824820c7a1fc76538a4f1db093467befd33c2f7816ea8c2a5ce639627e78c7d6,gx-no-cache=1633355698401 HTTP/1.1" 200 110
190.171.143.98 - - [04/Oct/2021:11:06:35 -0300] "POST /cormun/servlet/solicitudot?gx-no-cache=1633355698495 HTTP/1.1" 200 97
190.171.141.90 - - [04/Oct/2021:11:06:35 -0300] "POST /cormun/servlet/solicitudot?gx-no-cache=1633355698763 HTTP/1.1" 200 30
190.171.143.98 - - [04/Oct/2021:11:06:39 -0300] "GET /cormun/servlet/solicitudot?0748f47afe76b072def7ff1f5be6ce51c09a9f9be2f2d95d4c96bb393024426c29669f2c4d3fef71db5194e5e1251e98d20ceeaec17dd8e97c9cb552b32cf28b53e16bbc0e8ba76fc33a8cc0ccd7fdbd0371ad7150831e56eb043429a3b0209a9088d041ad80c10a12d9b484acc2d217,gx-no-cache=1633355702745 HTTP/1.1" 200 29
190.171.143.98 - - [04/Oct/2021:11:06:39 -0300] "GET /cormun/static/menuarrow.gif HTTP/1.1" 404 1015
190.171.143.98 - - [04/Oct/2021:11:06:42 -0300] "GET /cormun/servlet/solicitudot?0748f47afe76b072def7ff1f5be6ce51f1466e16c4c053daa30b22fdbcd91f80b58134a3fee9270c55893deda532957e,gx-no-cache=1633355705936 HTTP/1.1" 200 30
192.168.10.94 - - [04/Oct/2021:11:06:43 -0300] "GET /cormun/servlet/vesolicitudgral?2021,17573,,SolicitudOTAdjuntos HTTP/1.1" 200 11546
192.168.10.94 - - [04/Oct/2021:11:06:44 -0300] "GET /cormun/servlet/vesolicitudgral?2021,17573,,SolicitudOTAdjuntos HTTP/1.1" 200 11546
192.168.10.94 - - [04/Oct/2021:11:06:44 -0300] "POST /cormun/servlet/acontrolpreferencessavestate?None,ABARRERA,true HTTP/1.1" 200 35
192.168.10.94 - - [04/Oct/2021:11:06:46 -0300] "GET /cormun/servlet/vesolicitudgral?2021,17573,,General HTTP/1.1" 200 9125
192.168.10.94 - - [04/Oct/2021:11:06:46 -0300] "GET /cormun/pexe_scrolldiv.js HTTP/1.1" 404 1009
192.168.10.94 - - [04/Oct/2021:11:06:46 -0300] "GET /cormun/servlet/vesolicitudgral?2021,17573,,General HTTP/1.1" 200 9125
190.171.143.98 - - [04/Oct/2021:11:06:48 -0300] "POST /cormun/servlet/solicitudot?gx-no-cache=1633355712295 HTTP/1.1" 200 30
190.171.141.82 - - [04/Oct/2021:11:07:27 -0300] "GET /cormun/servlet/permisogoce?INS,0,,, HTTP/1.1" 200 6814
190.171.141.82 - - [04/Oct/2021:11:07:29 -0300] "GET /cormun/servlet/permisogoce?INS,0,,, HTTP/1.1" 200 6814
190.171.141.82 - - [04/Oct/2021:11:07:43 -0300] "GET /cormun/servlet/permisogoce?011a2a006ec2da69a32267fe2c8becc579cda2d358ed0fcdc6650b897d5a278f2a439bc7d6e19bf717074553ca87d9f2a4d6b4c0d57c10ee57c84992273e5489,gx-no-cache=1633355767514 HTTP/1.1" 200 76
190.171.143.98 - - [04/Oct/2021:11:07:44 -0300] "POST /cormun/servlet/solicitudot?1c966f0d2eb809c40547664c4526b75f,INS,0,0,false,,gx-no-cache=1633355767724 HTTP/1.1" 200 93
190.171.143.98 - - [04/Oct/2021:11:07:44 -0300] "GET /cormun/servlet/hpexe_return? HTTP/1.1" 200 1013
190.171.143.98 - - [04/Oct/2021:11:07:45 -0300] "GET /cormun/servlet/hhome HTTP/1.1" 200 4270
190.171.143.98 - - [04/Oct/2021:11:07:45 -0300] "GET /cormun/servlet/hhome HTTP/1.1" 200 4264
190.171.141.82 - - [04/Oct/2021:11:07:57 -0300] "GET /cormun/servlet/permisogoce?011a2a006ec2da69a32267fe2c8becc51029a4eedafd2806d0b74f5c3c654d622d51e1119ea83c7d259c43859a5ef17c49e3b6f426b30835d856adff4b89bc0e,gx-no-cache=1633355781421 HTTP/1.1" 200 46
190.171.141.82 - - [04/Oct/2021:11:08:13 -0300] "POST /cormun/servlet/permisogoce?3b0272c74b59d08d8724beb80af00dad,INS,0,,,,gx-no-cache=1633355797139 HTTP/1.1" 200 93
190.171.141.82 - - [04/Oct/2021:11:08:13 -0300] "GET /cormun/servlet/hpexe_return? HTTP/1.1" 200 1030
190.171.141.82 - - [04/Oct/2021:11:08:14 -0300] "GET /cormun/servlet/trpermisosgoce?gx-no-cache=1633355576225 HTTP/1.1" 200 10120
190.171.141.82 - - [04/Oct/2021:11:08:16 -0300] "GET /cormun/servlet/trpermisosgoce?gx-no-cache=1633355576225 HTTP/1.1" 200 10135
190.171.141.82 - - [04/Oct/2021:11:08:23 -0300] "GET /cormun/servlet/permisogoce?INS,0,,, HTTP/1.1" 200 6835
190.171.141.82 - - [04/Oct/2021:11:08:25 -0300] "GET /cormun/servlet/permisogoce?INS,0,,, HTTP/1.1" 200 6813
190.171.141.82 - - [04/Oct/2021:11:08:49 -0300] "GET /cormun/servlet/permisogoce?011a2a006ec2da69a32267fe2c8becc5b7a78ccbb9598693e9cc38250df195ad2a439bc7d6e19bf717074553ca87d9f2a4d6b4c0d57c10ee57c84992273e5489,gx-no-cache=1633355833985 HTTP/1.1" 200 83
190.171.141.82 - - [04/Oct/2021:11:08:57 -0300] "GET /cormun/servlet/permisogoce?011a2a006ec2da69a32267fe2c8becc5100c5c23168b6ff132c5771aad1d32c2c75b554a4999f330be19cc35eb08f7e049e3b6f426b30835d856adff4b89bc0e,gx-no-cache=1633355841919 HTTP/1.1" 200 47
190.171.143.98 - - [04/Oct/2021:11:09:00 -0300] "GET /cormun/servlet/trsolicitudot? HTTP/1.1" 200 8863
190.171.143.98 - - [04/Oct/2021:11:09:00 -0300] "GET /cormun/servlet/trsolicitudot? HTTP/1.1" 200 8861
190.171.141.82 - - [04/Oct/2021:11:09:04 -0300] "POST /cormun/servlet/permisogoce?3b0272c74b59d08d8724beb80af00dad,INS,0,,,,gx-no-cache=1633355848623 HTTP/1.1" 200 93
190.171.141.82 - - [04/Oct/2021:11:09:04 -0300] "GET /cormun/servlet/hpexe_return? HTTP/1.1" 200 1030
190.171.141.82 - - [04/Oct/2021:11:09:05 -0300] "GET /cormun/servlet/trpermisosgoce?gx-no-cache=1633355576225 HTTP/1.1" 200 10342
190.171.141.82 - - [04/Oct/2021:11:09:07 -0300] "GET /cormun/servlet/trpermisosgoce?gx-no-cache=1633355576225 HTTP/1.1" 200 10357
190.171.141.82 - - [04/Oct/2021:11:09:10 -0300] "POST /cormun/servlet/trpermisosgoce?3b0272c74b59d08d8724beb80af00dad,gx-no-cache=1633355576225,gx-no-cache=1633355855008 HTTP/1.1" 200 7678
190.171.141.82 - - [04/Oct/2021:11:09:16 -0300] "GET /cormun/servlet/apermisogoceprn?12294073,P,20211004105333,PU HTTP/1.1" 200 1661
190.171.141.90 - - [04/Oct/2021:11:09:33 -0300] "POST /cormun/servlet/solicitudot?gx-no-cache=1633355876434 HTTP/1.1" 200 30
190.171.141.90 - - [04/Oct/2021:11:09:33 -0300] "POST /cormun/servlet/solicitudot?gx-no-cache=1633355876680 HTTP/1.1" 200 1440
190.171.141.90 - - [04/Oct/2021:11:09:33 -0300] "POST /cormun/servlet/solicitudot?gx-no-cache=1633355876783 HTTP/1.1" 200 41
190.171.141.90 - - [04/Oct/2021:11:09:33 -0300] "GET /cormun/servlet/solicitudot?97bfe8dd353e94fabb0ef0dc90f16bbf7450788b4c568bffdeb6047b56fa5fda633d738470d3e1a0c5085ec6f6f0d057af60eac60ddb463a4bd0972439ad5d17afb9caf22bd506b1aba786d10caf760db65b9d4592b9ae25e6d466e2e5f905693c95267e20ec660c7070c8ba5bcb1e16,gx-no-cache=1633355876897 HTTP/1.1" 200 110
190.171.141.90 - - [04/Oct/2021:11:09:33 -0300] "POST /cormun/servlet/solicitudot?gx-no-cache=1633355877246 HTTP/1.1" 200 97
190.171.141.90 - - [04/Oct/2021:11:09:34 -0300] "GET /cormun/servlet/solicitudot?97bfe8dd353e94fabb0ef0dc90f16bbfe19936790b23a9fc91fa6450f98f6163532ec6651c5697d73701a123f10bda33,gx-no-cache=1633355877383 HTTP/1.1" 200 30
190.171.141.90 - - [04/Oct/2021:11:09:34 -0300] "POST /cormun/servlet/solicitudot?gx-no-cache=1633355877479 HTTP/1.1" 200 30
190.171.143.98 - - [04/Oct/2021:11:09:36 -0300] "POST /cormun/servlet/trsolicitudot?1c966f0d2eb809c40547664c4526b75f,,gx-no-cache=1633355879227 HTTP/1.1" 200 4828
190.171.143.98 - - [04/Oct/2021:11:09:36 -0300] "GET /cormun/static/Shared/jqueryui/images/ui-bg_highlight-soft_100_c6c2c8_1x100.png HTTP/1.1" 404 1117
190.171.143.98 - - [04/Oct/2021:11:09:36 -0300] "GET /cormun/static/Shared/jqueryui/images/ui-icons_82798d_256x240.png HTTP/1.1" 404 1089
190.171.143.98 - - [04/Oct/2021:11:09:36 -0300] "GET /cormun/static/Shared/jqueryui/images/ui-bg_flat_55_fafafa_40x100.png HTTP/1.1" 404 1097
190.171.143.98 - - [04/Oct/2021:11:09:36 -0300] "GET /cormun/static/Shared/jqueryui/images/ui-icons_8d78a5_256x240.png HTTP/1.1" 404 1089
190.171.143.98 - - [04/Oct/2021:11:09:36 -0300] "POST /cormun/servlet/trsolicitudot?1c966f0d2eb809c40547664c4526b75f,,gx-no-cache=1633355879676 HTTP/1.1" 200 4610
190.171.143.98 - - [04/Oct/2021:11:09:41 -0300] "GET /cormun/servlet/solicitudot?INS,0,0,false, HTTP/1.1" 200 15834
190.171.143.98 - - [04/Oct/2021:11:09:42 -0300] "GET /cormun/servlet/solicitudot?INS,0,0,false, HTTP/1.1" 200 15841
190.171.141.82 - - [04/Oct/2021:11:10:00 -0300] "GET /cormun/servlet/apermisogoceprn?13947371,P,20211004105429,PU HTTP/1.1" 200 1665
190.171.143.98 - - [04/Oct/2021:11:10:19 -0300] "POST /cormun/servlet/solicitudot?gx-no-cache=1633355922668 HTTP/1.1" 200 3728
190.171.143.98 - - [04/Oct/2021:11:10:19 -0300] "POST /cormun/servlet/solicitudot?1c966f0d2eb809c40547664c4526b75f,INS,0,0,false,,gx-no-cache=1633355923020 HTTP/1.1" 200 12511
190.171.143.98 - - [04/Oct/2021:11:10:24 -0300] "GET /cormun/servlet/solicitudot?0748f47afe76b072def7ff1f5be6ce5127115e412d38ecf8feb1bdd738179d6ad49fb94cbca98f7f303a8710284d52bf,gx-no-cache=1633355927649 HTTP/1.1" 200 30
186.67.172.234 - - [04/Oct/2021:11:13:07 -0300] "POST /cormun/servlet/solicitudot?ad6f790774ed7906ce2c617bf0dfc462,INS,0,0,false,,gx-no-cache=1633356091270 HTTP/1.1" 200 93
186.67.172.234 - - [04/Oct/2021:11:13:07 -0300] "GET /cormun/servlet/hpexe_return? HTTP/1.1" 200 1009
186.67.172.234 - - [04/Oct/2021:11:13:08 -0300] "GET /cormun/servlet/trsolicitudot HTTP/1.1" 200 7590
186.67.172.234 - - [04/Oct/2021:11:13:08 -0300] "GET /cormun/servlet/trsolicitudot HTTP/1.1" 200 7586
186.67.172.234 - - [04/Oct/2021:11:13:11 -0300] "GET /cormun/servlet/trsolicitudot? HTTP/1.1" 200 7586
186.67.172.234 - - [04/Oct/2021:11:13:11 -0300] "GET /cormun/servlet/trsolicitudot? HTTP/1.1" 200 7586
186.67.172.234 - - [04/Oct/2021:11:13:17 -0300] "GET /cormun/servlet/trcontratounov2? HTTP/1.1" 200 18127
186.67.172.234 - - [04/Oct/2021:11:13:17 -0300] "GET /cormun/static/gxcfg.js?2020121614367 HTTP/1.1" 200 953
186.67.172.234 - - [04/Oct/2021:11:13:17 -0300] "GET /cormun/static/trcontratounov2.js?20201216143065 HTTP/1.1" 200 38486
186.67.172.234 - - [04/Oct/2021:11:13:17 -0300] "GET /cormun/static/Resources/PXToolsAddSelectedAction.png HTTP/1.1" 200 523
186.67.172.234 - - [04/Oct/2021:11:13:17 -0300] "GET /cormun/servlet/trcontratounov2? HTTP/1.1" 200 18130
186.67.172.234 - - [04/Oct/2021:11:13:19 -0300] "GET /cormun/servlet/trsolicitudot? HTTP/1.1" 200 7586
186.67.172.234 - - [04/Oct/2021:11:13:20 -0300] "GET /cormun/servlet/trsolicitudot? HTTP/1.1" 200 7586
190.171.141.90 - - [04/Oct/2021:11:13:24 -0300] "POST /cormun/servlet/solicitudot?30636a63bd81ae4020f382cd05e10cd4,INS,0,0,false,,gx-no-cache=1633356107062 HTTP/1.1" 200 93
190.171.141.90 - - [04/Oct/2021:11:13:24 -0300] "GET /cormun/servlet/hpexe_return? HTTP/1.1" 200 1008
190.171.141.90 - - [04/Oct/2021:11:13:24 -0300] "GET /cormun/servlet/trsolicitudot HTTP/1.1" 200 8961
190.171.141.90 - - [04/Oct/2021:11:13:24 -0300] "GET /cormun/servlet/trsolicitudot HTTP/1.1" 200 8957
71.6.232.4 - - [04/Oct/2021:11:14:55 -0300] "GET / HTTP/1.1" 200 11217
190.171.143.98 - - [04/Oct/2021:11:15:44 -0300] "GET /cormun/servlet/solicitudot?0748f47afe76b072def7ff1f5be6ce513769c490c6c9f2b0f4a69ea8979bf9e2,gx-no-cache=1633356247387 HTTP/1.1" 200 94
190.171.143.98 - - [04/Oct/2021:11:15:44 -0300] "GET /cormun/static/Shared/jqueryui/images/ui-bg_highlight-soft_100_c6c2c8_1x100.png HTTP/1.1" 404 1117
190.171.143.98 - - [04/Oct/2021:11:15:44 -0300] "GET /cormun/static/Shared/jqueryui/images/ui-icons_82798d_256x240.png HTTP/1.1" 404 1089
190.171.143.98 - - [04/Oct/2021:11:15:44 -0300] "GET /cormun/static/Shared/jqueryui/images/ui-bg_flat_55_994d53_40x100.png HTTP/1.1" 404 1097
190.171.143.98 - - [04/Oct/2021:11:15:44 -0300] "GET /cormun/servlet/solicitudot?0748f47afe76b072def7ff1f5be6ce510dae9cb4d75eeca91cecf1d1f5089736,gx-no-cache=1633356247540 HTTP/1.1" 200 29
190.171.143.98 - - [04/Oct/2021:11:15:44 -0300] "GET /cormun/static/Shared/jqueryui/images/ui-icons_ebccce_256x240.png HTTP/1.1" 404 1089
190.171.143.98 - - [04/Oct/2021:11:15:46 -0300] "POST /cormun/servlet/solicitudot?gx-no-cache=1633356249384 HTTP/1.1" 200 255
190.171.143.98 - - [04/Oct/2021:11:15:48 -0300] "GET /cormun/servlet/solicitudot?0748f47afe76b072def7ff1f5be6ce51d0165673e980d07814797c6bbe9a1a30fbadd76474d09011810b7b910f5d887d4fe485381e7937079fcf4fcc259b2f5d1dadd81819e3b0aeea66721532c0cba47a7bf77c612f1dae436e1845b9521faf367a913f599abbcbdc0046a6a55c879de7b7e3f87e91f1e547ca61d11010317e9603331cabbdc243ff0f391c1d2e8ea1ef1b006e6a5c9b63dacc2ab9ad7e1884d806bc6b7a5ac71f88eec3f8da1ba15dddd09cd56dddaae1dca600213b14702b5fb46d21aee760ee945a6fe9238a7a097f0e8e890b048275d19e92ec0cf3e62da5cf987220467475fbf9cb14fa5b9935e63dbac701df389c36189aeb1c4e72852be266a3ea1d7921d5de442b120b8bc87c734f8c3a13f1f3784726af203c5787461061519b9c07f8c6a86a0d7749291bfdf2288c3382025c6bfa80f9d160e733e793e2fc1ea274d58d188e1097ceecd1db5bbca176fee0b7c23e1a49c12546e66b096d65d173f1fa2ba967842e2bccb7e767a4f4bf43b29bf26f0b6af1af8928,gx-no-cache=1633356251547 HTTP/1.1" 200 30
190.171.143.98 - - [04/Oct/2021:11:15:51 -0300] "POST /cormun/servlet/solicitudot?gx-no-cache=1633356254519 HTTP/1.1" 200 30
190.171.143.98 - - [04/Oct/2021:11:15:57 -0300] "POST /cormun/servlet/solicitudot?gx-no-cache=1633356260499 HTTP/1.1" 200 1439
190.171.143.98 - - [04/Oct/2021:11:15:57 -0300] "POST /cormun/servlet/solicitudot?gx-no-cache=1633356260627 HTTP/1.1" 200 38
190.171.143.98 - - [04/Oct/2021:11:16:34 -0300] "GET /cormun/servlet/solicitudot?0748f47afe76b072def7ff1f5be6ce5111b896739a992f3f011fd7027f0b2dccafc5bcae968212dc95e8357133288333fb39d7ce5f96e9b63b4395e43cf3fc5d324463ffdd868eb0dd41c5932ecb8cfa824820c7a1fc76538a4f1db093467befd33c2f7816ea8c2a5ce639627e78c7d6,gx-no-cache=1633356297770 HTTP/1.1" 200 110
190.171.143.98 - - [04/Oct/2021:11:16:38 -0300] "POST /cormun/servlet/solicitudot?gx-no-cache=1633356301816 HTTP/1.1" 200 97
190.171.143.98 - - [04/Oct/2021:11:16:44 -0300] "GET /cormun/servlet/solicitudot?0748f47afe76b072def7ff1f5be6ce51c09a9f9be2f2d95d4c96bb393024426c29669f2c4d3fef71db5194e5e1251e98d20ceeaec17dd8e97c9cb552b32cf28b53e16bbc0e8ba76fc33a8cc0ccd7fdbd0371ad7150831e56eb043429a3b0209a9088d041ad80c10a12d9b484acc2d217,gx-no-cache=1633356307525 HTTP/1.1" 200 29
190.171.143.98 - - [04/Oct/2021:11:16:44 -0300] "GET /cormun/static/menuarrow.gif HTTP/1.1" 404 1015
190.171.143.98 - - [04/Oct/2021:11:16:58 -0300] "GET /cormun/servlet/solicitudot?0748f47afe76b072def7ff1f5be6ce513259381ed85fc7306f18b46343ee6ec08a0bf35e2df76f3e40ce2e4db630e241,gx-no-cache=1633356322132 HTTP/1.1" 200 134
190.171.143.98 - - [04/Oct/2021:11:17:08 -0300] "GET /cormun/servlet/solicitudot?0748f47afe76b072def7ff1f5be6ce51f1466e16c4c053daa30b22fdbcd91f80b58134a3fee9270c55893deda532957e,gx-no-cache=1633356331804 HTTP/1.1" 200 30
190.171.143.98 - - [04/Oct/2021:11:17:16 -0300] "POST /cormun/servlet/solicitudot?gx-no-cache=1633356340171 HTTP/1.1" 200 30
186.67.172.234 - - [04/Oct/2021:11:17:35 -0300] "GET /cormun/servlet/trlicencias? HTTP/1.1" 200 16596
186.67.172.234 - - [04/Oct/2021:11:17:36 -0300] "GET /cormun/servlet/trlicencias? HTTP/1.1" 200 16594
190.171.149.74 - - [04/Oct/2021:11:19:26 -0300] "GET /cormun/servlet/trlicencias? HTTP/1.1" 200 6044
190.171.149.74 - - [04/Oct/2021:11:19:27 -0300] "GET /cormun/servlet/hlogin HTTP/1.1" 200 1744
190.171.149.74 - - [04/Oct/2021:11:19:27 -0300] "GET /cormun/servlet/trlicencias? HTTP/1.1" 200 6039
190.171.149.74 - - [04/Oct/2021:11:19:32 -0300] "POST /cormun/servlet/hlogin?22f87446dbf1bf9a1b302471bed48a79,gx-no-cache=1633360093286 HTTP/1.1" 200 90
190.171.149.74 - - [04/Oct/2021:11:19:32 -0300] "GET /cormun/servlet/hpexe_link HTTP/1.1" 200 959
190.171.149.74 - - [04/Oct/2021:11:19:32 -0300] "GET /cormun/servlet/trlicencias HTTP/1.1" 200 11719
190.171.149.74 - - [04/Oct/2021:11:19:33 -0300] "GET /cormun/servlet/trlicencias HTTP/1.1" 200 11717
147.182.146.220 - - [04/Oct/2021:11:21:05 -0300] "GET / HTTP/1.0" 200 11197
190.171.141.122 - - [04/Oct/2021:11:21:28 -0300] "GET /cormun/servlet/trrenunciasadjuntos?272,8736918, HTTP/1.1" 200 5620
190.171.141.122 - - [04/Oct/2021:11:21:28 -0300] "GET /cormun/servlet/hlogin HTTP/1.1" 200 1756
190.171.141.122 - - [04/Oct/2021:11:21:28 -0300] "GET /cormun/servlet/trrenunciasadjuntos?272,8736918, HTTP/1.1" 200 5621
190.171.141.122 - - [04/Oct/2021:11:21:31 -0300] "POST /cormun/servlet/hlogin?54e4bc73915f5917d8bfdc70ec582c14,gx-no-cache=1633356594637 HTTP/1.1" 200 90
190.171.141.122 - - [04/Oct/2021:11:21:31 -0300] "GET /cormun/servlet/hpexe_link HTTP/1.1" 200 971
190.171.141.122 - - [04/Oct/2021:11:21:31 -0300] "GET /cormun/servlet/trrenunciasadjuntos?272,8736918, HTTP/1.1" 200 6543
190.171.141.122 - - [04/Oct/2021:11:21:32 -0300] "GET /cormun/servlet/trrenunciasadjuntos?272,8736918, HTTP/1.1" 200 6542
190.171.141.82 - - [04/Oct/2021:11:21:41 -0300] "GET /cormun/servlet/permisogoce?INS,0,,, HTTP/1.1" 200 6835
190.171.141.122 - - [04/Oct/2021:11:21:43 -0300] "GET /cormun/servlet/trrenuncias? HTTP/1.1" 200 7906
190.171.141.82 - - [04/Oct/2021:11:21:43 -0300] "GET /cormun/servlet/permisogoce?INS,0,,, HTTP/1.1" 200 6814
190.171.141.122 - - [04/Oct/2021:11:21:43 -0300] "GET /cormun/servlet/trrenuncias? HTTP/1.1" 200 7906
