190.171.141.106 - - [04/Oct/2021:10:33:32 -0300] "GET /cormun/static/PXToolsJavascripts/pexe_griddivfix.js HTTP/1.1" 200 6644
190.171.141.106 - - [04/Oct/2021:10:33:32 -0300] "GET /cormun/static/PXToolsJavascripts/pexe_link.js HTTP/1.1" 200 5671
190.171.141.106 - - [04/Oct/2021:10:33:32 -0300] "GET /cormun/static/PXToolsJavascripts/pexe_menudivfix.js HTTP/1.1" 200 333
190.171.141.106 - - [04/Oct/2021:10:33:32 -0300] "GET /cormun/static/PXToolsJavascripts/pexe_menus.js HTTP/1.1" 200 1286
190.171.141.106 - - [04/Oct/2021:10:33:32 -0300] "GET /cormun/static/PXToolsJavascripts/pexe_layers.js HTTP/1.1" 200 4114
190.171.141.106 - - [04/Oct/2021:10:33:32 -0300] "GET /cormun/static/PXToolsJavascripts/pexe_oav.js HTTP/1.1" 200 645
190.171.141.106 - - [04/Oct/2021:10:33:32 -0300] "GET /cormun/static/PXToolsJavascripts/pexe_oavdivfix.js HTTP/1.1" 200 639
190.171.141.106 - - [04/Oct/2021:10:33:32 -0300] "GET /cormun/static/PXToolsJavascripts/pexe_picture.js HTTP/1.1" 200 689
190.171.141.106 - - [04/Oct/2021:10:33:32 -0300] "GET /cormun/static/gxgral.js?85251 HTTP/1.1" 200 384558
190.171.141.106 - - [04/Oct/2021:10:33:32 -0300] "GET /cormun/static/PXToolsJavascripts/pexe_popup.js HTTP/1.1" 200 13458
190.171.141.106 - - [04/Oct/2021:10:33:32 -0300] "GET /cormun/static/PXToolsJavascripts/pexe_scrolldiv.js HTTP/1.1" 200 4138
190.171.141.106 - - [04/Oct/2021:10:33:32 -0300] "GET /cormun/static/PXToolsJavascripts/pexe_tabdivfix.js HTTP/1.1" 200 876
190.171.141.106 - - [04/Oct/2021:10:33:32 -0300] "GET /cormun/static/Shared/ext/resources/css/ext-all.css?215870 HTTP/1.1" 200 416045
190.171.141.106 - - [04/Oct/2021:10:33:32 -0300] "GET /cormun/static/PXToolsJavascripts/pexe_tabs.js HTTP/1.1" 200 3748
190.171.141.106 - - [04/Oct/2021:10:33:32 -0300] "GET /cormun/static/PXToolsJavascripts/pexe_upload.js HTTP/1.1" 200 1423
190.171.141.106 - - [04/Oct/2021:10:33:32 -0300] "GET /cormun/static/PXToolsJavascripts/PXToolsJavascriptsRender.js HTTP/1.1" 200 367
190.171.141.106 - - [04/Oct/2021:10:33:32 -0300] "GET /cormun/static/Shared/ext/locale/ext-lang-en.js HTTP/1.1" 200 10940
190.171.141.106 - - [04/Oct/2021:10:33:33 -0300] "GET /cormun/static/messages.spa.js?85251 HTTP/1.1" 200 30736
190.171.141.106 - - [04/Oct/2021:10:33:33 -0300] "GET /cormun/static/gxdec.js?85251 HTTP/1.1" 200 19579
190.171.141.106 - - [04/Oct/2021:10:33:33 -0300] "GET /cormun/static/trlicencias.js?202012162481 HTTP/1.1" 200 41883
190.171.141.106 - - [04/Oct/2021:10:33:33 -0300] "GET /cormun/static/hwchdr01.js?20201214473739 HTTP/1.1" 200 996
190.171.141.106 - - [04/Oct/2021:10:33:33 -0300] "GET /cormun/static/hpexe_recentlink.js?20201214471090 HTTP/1.1" 200 2144
190.171.141.106 - - [04/Oct/2021:10:33:33 -0300] "GET /cormun/static/hpexe_scripts.js?20201214471411 HTTP/1.1" 200 1544
190.171.141.106 - - [04/Oct/2021:10:33:33 -0300] "GET /cormun/static/Shared/ext/ext-all.js HTTP/1.1" 200 1289687
190.171.141.106 - - [04/Oct/2021:10:33:33 -0300] "GET /cormun/static/hpexe_messagecontroller.js?201991422154126 HTTP/1.1" 200 870
190.171.141.106 - - [04/Oct/2021:10:33:33 -0300] "GET /cormun/static/hpexe_messagepopupcomponent.js?2020121447232 HTTP/1.1" 200 605
190.171.141.106 - - [04/Oct/2021:10:33:33 -0300] "GET /cormun/static/hpexe_messagegenexuscomponent.js?2020121447173 HTTP/1.1" 200 587
190.171.141.106 - - [04/Oct/2021:10:33:33 -0300] "GET /cormun/static/cmcontrolpreferences.js?20199141926336 HTTP/1.1" 200 1375
190.171.141.106 - - [04/Oct/2021:10:33:33 -0300] "GET /cormun/static/Shared/jquery/jquery-1.4.2.min.js HTTP/1.1" 200 72174
190.171.141.106 - - [04/Oct/2021:10:33:33 -0300] "GET /cormun/static/SmoothNavMenu/resources/SmoothNavMenuRender.js HTTP/1.1" 200 5951
190.171.141.106 - - [04/Oct/2021:10:33:33 -0300] "GET /cormun/static/SmoothNavMenu/resources/ddsmoothmenu.js HTTP/1.1" 200 12712
190.171.141.106 - - [04/Oct/2021:10:33:33 -0300] "GET /cormun/static/scaMessage/js/jquery.pnotify.min.js HTTP/1.1" 200 13038
190.171.141.106 - - [04/Oct/2021:10:33:34 -0300] "GET /cormun/static/scaMessage/scaMessageRender.js HTTP/1.1" 200 11977
190.171.141.106 - - [04/Oct/2021:10:33:34 -0300] "GET /cormun/static/hmpwkw03.js?20201215501896 HTTP/1.1" 200 3973
190.171.141.106 - - [04/Oct/2021:10:33:34 -0300] "GET /cormun/static/Resources/Logo2019_Small.png HTTP/1.1" 200 10855
190.171.141.106 - - [04/Oct/2021:10:33:34 -0300] "GET /cormun/static/Resources/ImgHome.png HTTP/1.1" 200 1364
190.171.141.106 - - [04/Oct/2021:10:33:34 -0300] "GET /cormun/static/Resources/PXToolsDataTitle.png HTTP/1.1" 200 1173
190.171.141.106 - - [04/Oct/2021:10:33:34 -0300] "GET /cormun/static/Resources/ImgLogin.png HTTP/1.1" 200 1432
190.171.141.106 - - [04/Oct/2021:10:33:34 -0300] "GET /cormun/static/Resources/Llave.png HTTP/1.1" 200 1395
190.171.141.106 - - [04/Oct/2021:10:33:34 -0300] "GET /cormun/static/Shared/jquery/jquery-1.10.2.min.js HTTP/1.1" 200 273199
190.171.141.106 - - [04/Oct/2021:10:33:34 -0300] "GET /cormun/static/Shared/jqueryui/jquery-ui.min.js HTTP/1.1" 200 240427
190.171.141.106 - - [04/Oct/2021:10:33:34 -0300] "GET /cormun/static/Resources/PXTools/calendar.png HTTP/1.1" 200 1306
190.171.141.106 - - [04/Oct/2021:10:33:34 -0300] "GET /cormun/static/Resources/PXToolsGridFirstDisabled.gif HTTP/1.1" 200 100
190.171.141.106 - - [04/Oct/2021:10:33:34 -0300] "GET /cormun/static/Resources/PXToolsGridPreviousDisabled.gif HTTP/1.1" 200 90
190.171.141.106 - - [04/Oct/2021:10:33:34 -0300] "GET /cormun/static/Resources/PXToolsGridPage.gif HTTP/1.1" 200 725
190.171.141.106 - - [04/Oct/2021:10:33:34 -0300] "GET /cormun/static/Resources/PXToolsGridLastDisabled.gif HTTP/1.1" 200 98
190.171.141.106 - - [04/Oct/2021:10:33:34 -0300] "GET /cormun/static/Resources/PXToolsActionExcel.png HTTP/1.1" 200 727
190.171.141.106 - - [04/Oct/2021:10:33:34 -0300] "GET /cormun/static/Resources/PXToolsAddAllAction.png HTTP/1.1" 200 495
190.171.141.106 - - [04/Oct/2021:10:33:34 -0300] "GET /cormun/static/Resources/PXToolsGridNextDisabled.gif HTTP/1.1" 200 90
190.171.141.106 - - [04/Oct/2021:10:33:34 -0300] "GET /cormun/static/Resources/indicator.gif HTTP/1.1" 200 1553
190.171.141.106 - - [04/Oct/2021:10:33:34 -0300] "GET /cormun/static/Resources/asc.gif HTTP/1.1" 200 67
190.171.141.106 - - [04/Oct/2021:10:33:34 -0300] "GET /cormun/servlet/hlogin HTTP/1.1" 200 1745
190.171.141.106 - - [04/Oct/2021:10:33:34 -0300] "GET /cormun/static/Resources/desc.gif HTTP/1.1" 200 65
190.171.141.106 - - [04/Oct/2021:10:33:34 -0300] "GET /cormun/static/Shared/ext/resources/themes/images/default/panel/bg-headersPanel.png HTTP/1.1" 200 255
190.171.141.106 - - [04/Oct/2021:10:33:34 -0300] "GET /cormun/static/Shared/ext/resources/themes/images/default/tools/tool-sprites.gif HTTP/1.1" 200 5434
190.171.141.106 - - [04/Oct/2021:10:33:34 -0300] "GET /cormun/servlet/trlicencias? HTTP/1.1" 200 6042
190.171.141.106 - - [04/Oct/2021:10:33:34 -0300] "GET /cormun/servlet/trlicencias? HTTP/1.1" 200 6042
190.171.141.106 - - [04/Oct/2021:10:33:34 -0300] "GET /cormun/static/Resources/Spanish/PXTools.css?2294816 HTTP/1.1" 200 100853
190.171.141.106 - - [04/Oct/2021:10:33:34 -0300] "GET /cormun/static/gxcfg.js?201910216285969 HTTP/1.1" 200 953
190.171.141.106 - - [04/Oct/2021:10:33:34 -0300] "GET /cormun/static/hlogin.js?201910216285995 HTTP/1.1" 200 2136
190.171.141.106 - - [04/Oct/2021:10:33:34 -0300] "GET /cormun/static/Resources/Logo2019_Grande.png HTTP/1.1" 200 31733
190.171.141.106 - - [04/Oct/2021:10:33:34 -0300] "GET /cormun/static/Resources/PXToolsLoginTop.png HTTP/1.1" 200 1337
190.171.141.106 - - [04/Oct/2021:10:33:34 -0300] "GET /cormun/static/Resources/PXToolsLoginBottom.png HTTP/1.1" 200 1389
190.171.141.106 - - [04/Oct/2021:10:33:35 -0300] "GET /cormun/static/Resources/PXToolsButtonLeft.png HTTP/1.1" 200 1310
190.171.141.106 - - [04/Oct/2021:10:33:35 -0300] "GET /cormun/static/Resources/PXToolsLoginBackground.png HTTP/1.1" 200 1164
190.171.141.106 - - [04/Oct/2021:10:33:35 -0300] "GET /cormun/static/Resources/PXToolsButtonRight.png HTTP/1.1" 200 1294
190.171.141.106 - - [04/Oct/2021:10:33:35 -0300] "GET /cormun/static/Resources/PXToolsButtonBackground.png HTTP/1.1" 200 1176
190.171.141.106 - - [04/Oct/2021:10:33:35 -0300] "GET /favicon.ico HTTP/1.1" 200 21630
190.171.141.106 - - [04/Oct/2021:10:33:40 -0300] "POST /cormun/servlet/hlogin?ebfdcd3c2c69877574ea80adc5c16daf,gx-no-cache=1633353759221 HTTP/1.1" 200 455
190.171.141.106 - - [04/Oct/2021:10:33:47 -0300] "POST /cormun/servlet/hlogin?ebfdcd3c2c69877574ea80adc5c16daf,gx-no-cache=1633353765907 HTTP/1.1" 200 90
190.171.141.106 - - [04/Oct/2021:10:33:47 -0300] "GET /cormun/servlet/hpexe_link HTTP/1.1" 200 959
190.171.141.106 - - [04/Oct/2021:10:33:47 -0300] "GET /cormun/static/gxcfg.js?201991422392958 HTTP/1.1" 200 953
190.171.141.106 - - [04/Oct/2021:10:33:47 -0300] "GET /cormun/static/hpexe_link.js?201991422392963 HTTP/1.1" 200 625
190.171.141.106 - - [04/Oct/2021:10:33:47 -0300] "GET /cormun/servlet/trlicencias HTTP/1.1" 200 11371
200.89.75.70 - - [04/Oct/2021:10:33:48 -0300] "GET /cormun/servlet/hlogin HTTP/1.1" 200 1728
190.171.141.106 - - [04/Oct/2021:10:33:48 -0300] "GET /cormun/static/Resources/desc.gif HTTP/1.1" 200 65
190.171.141.106 - - [04/Oct/2021:10:33:48 -0300] "GET /cormun//static/Resources/PXTools/ActionInsert.png HTTP/1.1" 200 1482
190.171.141.106 - - [04/Oct/2021:10:33:48 -0300] "GET /cormun//static/Resources/PXToolsActionPrint.png HTTP/1.1" 200 404
190.171.141.106 - - [04/Oct/2021:10:33:48 -0300] "GET /cormun//static/Resources/PXToolsGridDisplay.png HTTP/1.1" 200 525
190.171.141.106 - - [04/Oct/2021:10:33:48 -0300] "GET /cormun//static/Resources/PXToolsActionDisabled.gif HTTP/1.1" 200 53
190.171.141.106 - - [04/Oct/2021:10:33:48 -0300] "GET /cormun/static/SmoothNavMenu/resources/images/down.gif HTTP/1.1" 200 854
190.171.141.106 - - [04/Oct/2021:10:33:48 -0300] "GET /cormun//static/Resources/PXToolsHeaderFavorites.png HTTP/1.1" 200 1414
190.171.141.106 - - [04/Oct/2021:10:33:48 -0300] "GET /cormun/static/SmoothNavMenu/resources/images/right.gif HTTP/1.1" 200 860
190.171.141.106 - - [04/Oct/2021:10:33:48 -0300] "GET /cormun//static/Resources/PXToolsHeaderHelp.png HTTP/1.1" 200 1333
190.171.141.106 - - [04/Oct/2021:10:33:48 -0300] "GET /cormun/static/Shared/ext/resources/themes/images/default/panel/bg-headersPanel.png HTTP/1.1" 200 255
190.171.141.106 - - [04/Oct/2021:10:33:48 -0300] "GET /cormun/static/Shared/ext/resources/themes/images/default/tools/tool-sprites.gif HTTP/1.1" 200 5434
190.171.141.106 - - [04/Oct/2021:10:33:48 -0300] "GET /cormun/servlet/trlicencias HTTP/1.1" 200 11370
200.89.75.70 - - [04/Oct/2021:10:33:49 -0300] "GET /cormun/static/gxtimezone.js?85251 HTTP/1.1" 200 5781
200.89.75.70 - - [04/Oct/2021:10:33:49 -0300] "GET /cormun/static/gxcfg.js?201910216285969 HTTP/1.1" 200 953
200.89.75.70 - - [04/Oct/2021:10:33:49 -0300] "GET /cormun/static/Resources/Spanish/PXTools.css?2294816 HTTP/1.1" 200 100853
200.89.75.70 - - [04/Oct/2021:10:33:49 -0300] "GET /cormun/static/gxgral.js?85251 HTTP/1.1" 200 384558
200.89.75.70 - - [04/Oct/2021:10:33:49 -0300] "GET /cormun/static/messages.spa.js?85251 HTTP/1.1" 200 30736
200.89.75.70 - - [04/Oct/2021:10:33:50 -0300] "GET /cormun/static/Resources/Logo2019_Grande.png HTTP/1.1" 200 31733
200.89.75.70 - - [04/Oct/2021:10:33:50 -0300] "GET /cormun/static/hlogin.js?201910216285995 HTTP/1.1" 200 2136
200.89.75.70 - - [04/Oct/2021:10:33:51 -0300] "GET /cormun/static/Resources/PXToolsLoginTop.png HTTP/1.1" 200 1337
200.89.75.70 - - [04/Oct/2021:10:33:51 -0300] "GET /cormun/static/Resources/PXToolsButtonLeft.png HTTP/1.1" 200 1310
200.89.75.70 - - [04/Oct/2021:10:33:51 -0300] "GET /cormun/static/Resources/PXToolsButtonBackground.png HTTP/1.1" 200 1176
200.89.75.70 - - [04/Oct/2021:10:33:51 -0300] "GET /cormun/static/Resources/PXToolsButtonRight.png HTTP/1.1" 200 1294
200.89.75.70 - - [04/Oct/2021:10:33:51 -0300] "GET /cormun/static/Resources/PXToolsLoginBackground.png HTTP/1.1" 200 1164
200.89.75.70 - - [04/Oct/2021:10:33:51 -0300] "GET /cormun/static/Resources/PXToolsLoginBottom.png HTTP/1.1" 200 1389
200.89.75.70 - - [04/Oct/2021:10:33:51 -0300] "GET /cormun/servlet/hlogin HTTP/1.1" 200 1738
200.89.75.70 - - [04/Oct/2021:10:33:51 -0300] "GET /cormun/static/Resources/indicator.gif HTTP/1.1" 200 1553
200.89.75.70 - - [04/Oct/2021:10:33:52 -0300] "GET /cormun/static/Resources/indicator.gif HTTP/1.1" 200 1553
192.168.10.78 - - [04/Oct/2021:10:34:48 -0300] "GET /cormun/servlet/hlogin HTTP/1.1" 200 1747
40.77.167.2 - - [04/Oct/2021:10:38:05 -0300] "GET /cormun/servlet/hhome?_escaped_fragment_= HTTP/1.1" 200 3138
192.168.10.78 - - [04/Oct/2021:10:38:39 -0300] "POST /cormun/servlet/hlogin?b2e9a38a427031e6389d14d99c2e3f67,gx-no-cache=1633353884517 HTTP/1.1" 200 90
192.168.10.78 - - [04/Oct/2021:10:38:39 -0300] "GET /cormun/servlet/hpexe_link HTTP/1.1" 200 955
192.168.10.78 - - [04/Oct/2021:10:38:39 -0300] "GET /cormun/servlet/hhome HTTP/1.1" 200 3829
192.168.10.78 - - [04/Oct/2021:10:38:39 -0300] "GET /cormun/servlet/hhome HTTP/1.1" 200 3827
192.168.10.78 - - [04/Oct/2021:10:38:43 -0300] "GET /cormun/servlet/trsolicitudgral? HTTP/1.1" 200 20321
192.168.10.78 - - [04/Oct/2021:10:38:43 -0300] "GET /cormun/servlet/trsolicitudgral? HTTP/1.1" 200 20319
190.171.149.74 - - [04/Oct/2021:10:38:49 -0300] "GET /cormun/servlet/hlogin HTTP/1.1" 200 1729
190.171.149.74 - - [04/Oct/2021:10:38:55 -0300] "POST /cormun/servlet/hlogin?e77e73d12acaf6fc059a15075e977364,gx-no-cache=1633357656255 HTTP/1.1" 200 90
190.171.149.74 - - [04/Oct/2021:10:38:55 -0300] "GET /cormun/servlet/hpexe_link HTTP/1.1" 200 953
190.171.149.74 - - [04/Oct/2021:10:38:55 -0300] "GET /cormun/servlet/hhome HTTP/1.1" 200 3980
190.171.149.74 - - [04/Oct/2021:10:38:55 -0300] "GET /cormun/servlet/hhome HTTP/1.1" 200 3977
190.171.149.74 - - [04/Oct/2021:10:38:58 -0300] "GET /cormun/servlet/trpermisosgoce? HTTP/1.1" 200 10562
190.171.149.74 - - [04/Oct/2021:10:38:58 -0300] "GET /cormun/static/gxcfg.js?2020121631564 HTTP/1.1" 200 953
190.171.149.74 - - [04/Oct/2021:10:38:58 -0300] "GET /cormun/static/trpermisosgoce.js?2020121633681 HTTP/1.1" 200 35904
190.171.149.74 - - [04/Oct/2021:10:38:58 -0300] "GET /cormun//static/Resources/PXToolsGridUpdate.png HTTP/1.1" 200 470
190.171.149.74 - - [04/Oct/2021:10:38:58 -0300] "GET /cormun//static/Resources/PXToolsGridDelete.png HTTP/1.1" 200 538
190.171.149.74 - - [04/Oct/2021:10:38:58 -0300] "GET /cormun/servlet/trpermisosgoce? HTTP/1.1" 200 10561
192.168.10.78 - - [04/Oct/2021:10:39:00 -0300] "POST /cormun/servlet/trsolicitudgral?b2e9a38a427031e6389d14d99c2e3f67,,gx-no-cache=1633353905398 HTTP/1.1" 200 5264
190.171.149.74 - - [04/Oct/2021:10:39:01 -0300] "GET /cormun/servlet/permisogoce?INS,0,,, HTTP/1.1" 200 6846
190.171.149.74 - - [04/Oct/2021:10:39:01 -0300] "GET /cormun/static/gxcfg.js?20201215124560 HTTP/1.1" 200 953
190.171.149.74 - - [04/Oct/2021:10:39:01 -0300] "GET /cormun/static/permisogoce.js?20201215124939 HTTP/1.1" 200 27919
190.171.149.74 - - [04/Oct/2021:10:39:01 -0300] "GET /cormun/static/Resources/prompt.gif HTTP/1.1" 200 902
190.171.149.74 - - [04/Oct/2021:10:39:01 -0300] "GET /cormun/servlet/permisogoce?INS,0,,, HTTP/1.1" 200 6846
192.168.10.78 - - [04/Oct/2021:10:39:07 -0300] "GET /cormun/static/menuarrow.gif HTTP/1.1" 404 1015
190.171.149.74 - - [04/Oct/2021:10:39:08 -0300] "GET /cormun/servlet/permisogoce?1173d9bb5bd4cda0f253f57d119a63861ef3a07249c165e6d37c45aba243475d7011f9188ad5f6e41ab44abcd16821d6874117fe768acde4b43fca9ba821f571,gx-no-cache=1633357669393 HTTP/1.1" 200 76
190.171.149.74 - - [04/Oct/2021:10:39:10 -0300] "GET /cormun/static/menuarrow.gif HTTP/1.1" 404 1015
192.168.10.78 - - [04/Oct/2021:10:39:13 -0300] "POST /cormun/servlet/trsolicitudgral?b2e9a38a427031e6389d14d99c2e3f67,,gx-no-cache=1633353918424 HTTP/1.1" 200 5268
190.171.149.74 - - [04/Oct/2021:10:39:15 -0300] "GET /cormun/servlet/permisogoce?1173d9bb5bd4cda0f253f57d119a63866d47817ba2ae918375cc651c1d75087367845ac35b67498197431ccf211dfbe73d98f9e7df57dbdf4cad596dbf0ba2b7,gx-no-cache=1633357676757 HTTP/1.1" 200 46
190.171.149.74 - - [04/Oct/2021:10:39:26 -0300] "POST /cormun/servlet/permisogoce?e77e73d12acaf6fc059a15075e977364,INS,0,,,,gx-no-cache=1633357687096 HTTP/1.1" 200 93
190.171.149.74 - - [04/Oct/2021:10:39:26 -0300] "GET /cormun/servlet/hpexe_return? HTTP/1.1" 200 1010
190.171.149.74 - - [04/Oct/2021:10:39:26 -0300] "GET /cormun/static/gxcfg.js?201991422392976 HTTP/1.1" 200 953
190.171.149.74 - - [04/Oct/2021:10:39:26 -0300] "GET /cormun/static/hpexe_return.js?201991422392984 HTTP/1.1" 200 1633
190.171.149.74 - - [04/Oct/2021:10:39:26 -0300] "GET /cormun/servlet/trpermisosgoce HTTP/1.1" 200 10818
190.171.149.74 - - [04/Oct/2021:10:39:27 -0300] "GET /cormun/servlet/trpermisosgoce HTTP/1.1" 200 10813
190.171.149.74 - - [04/Oct/2021:10:39:29 -0300] "GET /cormun/servlet/apermisogoceprn?13944631,P,20211004102507,PU HTTP/1.1" 200 1653
192.168.10.78 - - [04/Oct/2021:10:39:30 -0300] "POST /cormun/servlet/trsolicitudgral?b2e9a38a427031e6389d14d99c2e3f67,,gx-no-cache=1633353935531 HTTP/1.1" 200 5268
192.168.10.78 - - [04/Oct/2021:10:39:31 -0300] "POST /cormun/servlet/trsolicitudgral?b2e9a38a427031e6389d14d99c2e3f67,,gx-no-cache=1633353936568 HTTP/1.1" 200 5268
192.168.10.78 - - [04/Oct/2021:10:39:31 -0300] "POST /cormun/servlet/trsolicitudgral?b2e9a38a427031e6389d14d99c2e3f67,,gx-no-cache=1633353937051 HTTP/1.1" 200 5268
192.168.10.78 - - [04/Oct/2021:10:39:32 -0300] "POST /cormun/servlet/trsolicitudgral?b2e9a38a427031e6389d14d99c2e3f67,,gx-no-cache=1633353937273 HTTP/1.1" 200 5268
192.168.10.78 - - [04/Oct/2021:10:39:32 -0300] "POST /cormun/servlet/trsolicitudgral?b2e9a38a427031e6389d14d99c2e3f67,,gx-no-cache=1633353937432 HTTP/1.1" 200 5268
190.171.141.90 - - [04/Oct/2021:10:40:26 -0300] "POST /cormun/servlet/solicitudot?30636a63bd81ae4020f382cd05e10cd4,INS,0,0,false,,gx-no-cache=1633354129417 HTTP/1.1" 200 93
190.171.141.90 - - [04/Oct/2021:10:40:26 -0300] "GET /cormun/servlet/hpexe_return? HTTP/1.1" 200 1008
190.171.141.90 - - [04/Oct/2021:10:40:26 -0300] "GET /cormun/servlet/trsolicitudot HTTP/1.1" 200 7193
190.171.141.90 - - [04/Oct/2021:10:40:26 -0300] "GET /cormun/servlet/trsolicitudot HTTP/1.1" 200 7190
192.168.10.94 - - [04/Oct/2021:10:40:33 -0300] "GET /cormun/servlet/trsolicitudgral HTTP/1.1" 500 10
192.168.10.94 - - [04/Oct/2021:10:40:35 -0300] "GET /cormun/servlet/trsolicitudgral HTTP/1.1" 500 10
192.168.10.94 - - [04/Oct/2021:10:40:37 -0300] "GET /cormun/servlet/trsolicitudot HTTP/1.1" 200 6323
192.168.10.94 - - [04/Oct/2021:10:40:37 -0300] "GET /cormun/servlet/hlogin HTTP/1.1" 200 1746
192.168.10.94 - - [04/Oct/2021:10:40:37 -0300] "GET /cormun/servlet/trsolicitudot HTTP/1.1" 200 6318
192.168.10.94 - - [04/Oct/2021:10:40:46 -0300] "POST /cormun/servlet/hlogin?106a27eb9be6221764d26e129623ab0a,gx-no-cache=1633354012029 HTTP/1.1" 200 90
192.168.10.94 - - [04/Oct/2021:10:40:46 -0300] "GET /cormun/servlet/hpexe_link HTTP/1.1" 200 958
192.168.10.94 - - [04/Oct/2021:10:40:47 -0300] "GET /cormun/servlet/trsolicitudot HTTP/1.1" 200 7572
192.168.10.94 - - [04/Oct/2021:10:40:47 -0300] "GET /cormun/servlet/trsolicitudot HTTP/1.1" 200 7570
190.171.141.138 - - [04/Oct/2021:10:40:53 -0300] "GET /cormun/servlet/hlogin HTTP/1.1" 200 1728
190.171.141.138 - - [04/Oct/2021:10:40:53 -0300] "GET /cormun/servlet/hlogin HTTP/1.1" 200 1738
190.171.141.138 - - [04/Oct/2021:10:40:54 -0300] "GET /favicon.ico HTTP/1.1" 200 21630
192.168.10.78 - - [04/Oct/2021:10:41:46 -0300] "GET /cormun/servlet/trsolicitudgral? HTTP/1.1" 200 8332
192.168.10.78 - - [04/Oct/2021:10:41:46 -0300] "GET /cormun/servlet/trsolicitudgral? HTTP/1.1" 200 8332
192.168.10.78 - - [04/Oct/2021:10:41:55 -0300] "POST /cormun/servlet/trsolicitudgral?b2e9a38a427031e6389d14d99c2e3f67,,gx-no-cache=1633354078376 HTTP/1.1" 200 27115
181.212.43.89 - - [04/Oct/2021:10:42:06 -0300] "GET /cormun/servlet/trlicencias? HTTP/1.1" 200 6039
181.212.43.89 - - [04/Oct/2021:10:42:07 -0300] "GET /cormun/servlet/hlogin HTTP/1.1" 200 1746
181.212.43.89 - - [04/Oct/2021:10:42:07 -0300] "GET /cormun/servlet/trlicencias? HTTP/1.1" 200 6039
181.212.43.89 - - [04/Oct/2021:10:42:16 -0300] "GET /cormun/servlet/hlogin HTTP/1.1" 200 1746
181.212.43.89 - - [04/Oct/2021:10:42:17 -0300] "GET /favicon.ico HTTP/1.1" 200 21630
181.212.43.89 - - [04/Oct/2021:10:42:28 -0300] "POST /cormun/servlet/hlogin?1c5f73a0cd33086919e305a01e927f3b,gx-no-cache=1633354253142 HTTP/1.1" 200 90
181.212.43.89 - - [04/Oct/2021:10:42:28 -0300] "GET /cormun/servlet/hpexe_link HTTP/1.1" 200 959
181.212.43.89 - - [04/Oct/2021:10:42:28 -0300] "GET /cormun/servlet/trlicencias HTTP/1.1" 200 13050
181.212.43.89 - - [04/Oct/2021:10:42:29 -0300] "GET /cormun/servlet/trlicencias HTTP/1.1" 200 13048
186.103.159.44 - - [04/Oct/2021:10:42:41 -0300] "POST /cormun/servlet/trcontratosolicitud?82041349a0c0c8e43778975dc285b289,,gx-no-cache=1633354264560 HTTP/1.1" 440 972
186.103.157.42 - - [04/Oct/2021:10:43:02 -0300] "GET /cormun/servlet/hlogin HTTP/1.1" 200 1718
186.103.159.44 - - [04/Oct/2021:10:43:16 -0300] "GET /cormun/servlet/trcontratosolicitud? HTTP/1.1" 200 5672
186.103.159.44 - - [04/Oct/2021:10:43:16 -0300] "GET /cormun/servlet/hlogin HTTP/1.1" 200 1752
186.103.159.44 - - [04/Oct/2021:10:43:16 -0300] "GET /cormun/servlet/trcontratosolicitud? HTTP/1.1" 200 5672
190.171.141.106 - - [04/Oct/2021:10:43:21 -0300] "GET /cormun/servlet/trlicencias? HTTP/1.1" 200 6046
186.103.157.42 - - [04/Oct/2021:10:43:22 -0300] "POST /cormun/servlet/hlogin?49e1b2205d144593784d2733f8fd484f,gx-no-cache=1633354305500 HTTP/1.1" 200 90
186.103.157.42 - - [04/Oct/2021:10:43:22 -0300] "GET /cormun/servlet/hpexe_link HTTP/1.1" 200 945
190.171.141.106 - - [04/Oct/2021:10:43:22 -0300] "GET /cormun/servlet/hlogin HTTP/1.1" 200 1745
190.171.141.106 - - [04/Oct/2021:10:43:22 -0300] "GET /cormun/servlet/trlicencias? HTTP/1.1" 200 6039
186.103.157.42 - - [04/Oct/2021:10:43:22 -0300] "GET /cormun/servlet/hhome HTTP/1.1" 200 4353
186.103.157.42 - - [04/Oct/2021:10:43:23 -0300] "GET /cormun/servlet/hhome HTTP/1.1" 200 4350
190.171.141.106 - - [04/Oct/2021:10:43:26 -0300] "POST /cormun/servlet/hlogin?a50fe47194a49a09d89990dde4acfe19,gx-no-cache=1633354314220 HTTP/1.1" 200 90
190.171.141.106 - - [04/Oct/2021:10:43:26 -0300] "GET /cormun/servlet/hpexe_link HTTP/1.1" 200 958
190.171.141.106 - - [04/Oct/2021:10:43:27 -0300] "GET /cormun/servlet/trlicencias HTTP/1.1" 200 11373
186.103.157.42 - - [04/Oct/2021:10:43:27 -0300] "GET /cormun/servlet/trlicencias? HTTP/1.1" 200 10318
190.171.141.106 - - [04/Oct/2021:10:43:27 -0300] "GET /cormun/servlet/trlicencias HTTP/1.1" 200 11371
186.103.157.42 - - [04/Oct/2021:10:43:28 -0300] "GET /cormun/servlet/trlicencias? HTTP/1.1" 200 10316
186.67.172.234 - - [04/Oct/2021:10:43:34 -0300] "GET /cormun/servlet/trpermisosgoce? HTTP/1.1" 200 6024
186.67.172.234 - - [04/Oct/2021:10:43:35 -0300] "GET /cormun/servlet/hlogin HTTP/1.1" 200 1745
186.67.172.234 - - [04/Oct/2021:10:43:35 -0300] "GET /cormun/servlet/trpermisosgoce? HTTP/1.1" 200 6020
186.67.172.234 - - [04/Oct/2021:10:43:46 -0300] "POST /cormun/servlet/hlogin?ad6f790774ed7906ce2c617bf0dfc462,gx-no-cache=1633354329505 HTTP/1.1" 200 90
186.67.172.234 - - [04/Oct/2021:10:43:46 -0300] "GET /cormun/servlet/hpexe_link HTTP/1.1" 200 958
186.67.172.234 - - [04/Oct/2021:10:43:46 -0300] "GET /cormun/servlet/trpermisosgoce HTTP/1.1" 200 14460
186.67.172.234 - - [04/Oct/2021:10:43:46 -0300] "GET /cormun/servlet/trpermisosgoce HTTP/1.1" 200 14458
186.67.172.234 - - [04/Oct/2021:10:43:50 -0300] "GET /cormun/servlet/permisogoce?INS,0,,, HTTP/1.1" 200 7263
186.67.172.234 - - [04/Oct/2021:10:43:50 -0300] "GET /cormun/servlet/permisogoce?INS,0,,, HTTP/1.1" 200 7263
181.212.43.89 - - [04/Oct/2021:10:44:37 -0300] "GET /cormun/servlet/trautorizarsolicitud? HTTP/1.1" 200 9729
181.212.43.89 - - [04/Oct/2021:10:44:37 -0300] "GET /cormun/static/gxcfg.js?201991422414522 HTTP/1.1" 200 953
181.212.43.89 - - [04/Oct/2021:10:44:37 -0300] "GET /cormun/static/trautorizarsolicitud.js?201991422415463 HTTP/1.1" 200 53910
181.212.43.89 - - [04/Oct/2021:10:44:38 -0300] "GET /cormun//static/Resources/PXToolsActionView.png HTTP/1.1" 200 398
181.212.43.89 - - [04/Oct/2021:10:44:38 -0300] "GET /cormun/servlet/trautorizarsolicitud? HTTP/1.1" 200 9730
181.212.43.89 - - [04/Oct/2021:10:44:38 -0300] "GET /cormun//static/Resources/PXToolsRemoveAllAction.png HTTP/1.1" 200 487
181.212.43.89 - - [04/Oct/2021:10:44:38 -0300] "GET /cormun//static/Resources/PXToolsGridUpdate.png HTTP/1.1" 200 470
181.212.43.89 - - [04/Oct/2021:10:44:38 -0300] "GET /cormun//static/Resources/PXToolsGridDelete.png HTTP/1.1" 200 538
190.171.141.138 - - [04/Oct/2021:10:44:41 -0300] "GET /cormun/servlet/hlogin HTTP/1.1" 200 1718
181.212.43.89 - - [04/Oct/2021:10:44:50 -0300] "POST /cormun/servlet/trautorizarsolicitud?1c5f73a0cd33086919e305a01e927f3b,,gx-no-cache=1633354394685 HTTP/1.1" 200 6572
181.212.43.89 - - [04/Oct/2021:10:44:50 -0300] "GET /cormun/static/Shared/jqueryui/images/ui-bg_highlight-soft_100_c6c2c8_1x100.png HTTP/1.1" 404 1117
181.212.43.89 - - [04/Oct/2021:10:44:50 -0300] "GET /cormun/static/Shared/jqueryui/images/ui-icons_82798d_256x240.png HTTP/1.1" 404 1089
181.212.43.89 - - [04/Oct/2021:10:44:50 -0300] "GET /cormun/static/Shared/jqueryui/images/ui-bg_flat_55_fafafa_40x100.png HTTP/1.1" 404 1097
181.212.43.89 - - [04/Oct/2021:10:44:50 -0300] "GET /cormun/static/Shared/jqueryui/images/ui-icons_8d78a5_256x240.png HTTP/1.1" 404 1089
181.212.43.89 - - [04/Oct/2021:10:44:50 -0300] "POST /cormun/servlet/trautorizarsolicitud?1c5f73a0cd33086919e305a01e927f3b,,gx-no-cache=1633354395450 HTTP/1.1" 200 6518
181.212.43.89 - - [04/Oct/2021:10:44:55 -0300] "POST /cormun/servlet/trautorizarsolicitud?1c5f73a0cd33086919e305a01e927f3b,,gx-no-cache=1633354400503 HTTP/1.1" 200 6036
181.212.43.89 - - [04/Oct/2021:10:44:55 -0300] "POST /cormun/servlet/trautorizarsolicitud?1c5f73a0cd33086919e305a01e927f3b,,gx-no-cache=1633354400719 HTTP/1.1" 200 5982
181.212.43.89 - - [04/Oct/2021:10:44:59 -0300] "POST /cormun/servlet/trautorizarsolicitud?1c5f73a0cd33086919e305a01e927f3b,,gx-no-cache=1633354402897 HTTP/1.1" 200 4790
181.212.43.89 - - [04/Oct/2021:10:44:59 -0300] "POST /cormun/servlet/trautorizarsolicitud?1c5f73a0cd33086919e305a01e927f3b,,gx-no-cache=1633354404393 HTTP/1.1" 200 4546
186.67.172.234 - - [04/Oct/2021:10:46:58 -0300] "GET /cormun/servlet/permisogoce?17606f2e2ab015a355c6840032ec119272910b06f3346ee21695078b82363f47cc6318eed9bc2dacd6fbee42fad55f393c75877542c618d7da9c5a7e4f5e3952,gx-no-cache=1633354521744 HTTP/1.1" 200 82
192.168.10.94 - - [04/Oct/2021:10:47:37 -0300] "POST /cormun/servlet/trsolicitudot?106a27eb9be6221764d26e129623ab0a,gx-no-cache=1633354422471 HTTP/1.1" 200 4736
192.168.10.94 - - [04/Oct/2021:10:47:41 -0300] "POST /cormun/servlet/trsolicitudot?106a27eb9be6221764d26e129623ab0a,gx-no-cache=1633354427108 HTTP/1.1" 200 4736
192.168.10.94 - - [04/Oct/2021:10:47:48 -0300] "POST /cormun/servlet/trsolicitudot?106a27eb9be6221764d26e129623ab0a,gx-no-cache=1633354433755 HTTP/1.1" 200 4735
192.168.10.94 - - [04/Oct/2021:10:47:57 -0300] "POST /cormun/servlet/trsolicitudot?106a27eb9be6221764d26e129623ab0a,gx-no-cache=1633354442884 HTTP/1.1" 200 4735
190.171.143.82 - - [04/Oct/2021:10:48:10 -0300] "GET /cormun/servlet/hlogin HTTP/1.1" 200 1723
190.171.143.82 - - [04/Oct/2021:10:48:10 -0300] "GET /favicon.ico HTTP/1.1" 200 21630
190.171.143.82 - - [04/Oct/2021:10:48:15 -0300] "POST /cormun/servlet/hlogin?4bb9cffaff53903b2d3fb7348fe4178d,gx-no-cache=1633354597671 HTTP/1.1" 200 90
192.168.10.94 - - [04/Oct/2021:10:48:15 -0300] "POST /cormun/servlet/trsolicitudot?106a27eb9be6221764d26e129623ab0a,gx-no-cache=1633354460329 HTTP/1.1" 200 4734
190.171.143.82 - - [04/Oct/2021:10:48:15 -0300] "GET /cormun/servlet/hpexe_link HTTP/1.1" 200 948
190.171.143.82 - - [04/Oct/2021:10:48:15 -0300] "GET /cormun/servlet/hhome HTTP/1.1" 200 4346
192.168.10.94 - - [04/Oct/2021:10:48:15 -0300] "POST /cormun/servlet/trsolicitudot?106a27eb9be6221764d26e129623ab0a,gx-no-cache=1633354460905 HTTP/1.1" 200 4735
190.171.143.82 - - [04/Oct/2021:10:48:15 -0300] "GET /cormun/servlet/hhome HTTP/1.1" 200 4343
192.168.10.94 - - [04/Oct/2021:10:48:15 -0300] "POST /cormun/servlet/trsolicitudot?106a27eb9be6221764d26e129623ab0a,gx-no-cache=1633354461065 HTTP/1.1" 200 4736
192.168.10.94 - - [04/Oct/2021:10:48:16 -0300] "POST /cormun/servlet/trsolicitudot?106a27eb9be6221764d26e129623ab0a,gx-no-cache=1633354461231 HTTP/1.1" 200 4734
192.168.10.94 - - [04/Oct/2021:10:48:16 -0300] "POST /cormun/servlet/trsolicitudot?106a27eb9be6221764d26e129623ab0a,gx-no-cache=1633354461399 HTTP/1.1" 200 4735
192.168.10.94 - - [04/Oct/2021:10:48:16 -0300] "POST /cormun/servlet/trsolicitudot?106a27eb9be6221764d26e129623ab0a,gx-no-cache=1633354461577 HTTP/1.1" 200 4736
190.171.143.82 - - [04/Oct/2021:10:48:21 -0300] "GET /cormun/servlet/trsolicitudot? HTTP/1.1" 200 8978
190.171.143.82 - - [04/Oct/2021:10:48:21 -0300] "GET /cormun/servlet/trsolicitudot? HTTP/1.1" 200 8976
192.168.10.94 - - [04/Oct/2021:10:48:23 -0300] "GET /cormun/servlet/trsolicitudot HTTP/1.1" 200 7594
192.168.10.94 - - [04/Oct/2021:10:48:23 -0300] "GET /cormun/servlet/trsolicitudot HTTP/1.1" 200 7592
192.168.10.94 - - [04/Oct/2021:10:48:24 -0300] "GET /favicon.ico HTTP/1.1" 200 21630
190.171.143.82 - - [04/Oct/2021:10:48:25 -0300] "POST /cormun/servlet/trsolicitudot?4bb9cffaff53903b2d3fb7348fe4178d,,gx-no-cache=1633354607743 HTTP/1.1" 200 107
190.171.143.82 - - [04/Oct/2021:10:48:25 -0300] "GET /cormun/servlet/trsolicitudadjuntos?2021,17583, HTTP/1.1" 200 9656
190.171.143.82 - - [04/Oct/2021:10:48:25 -0300] "GET /cormun/servlet/trsolicitudadjuntos?2021,17583, HTTP/1.1" 200 9658
192.168.10.94 - - [04/Oct/2021:10:48:37 -0300] "GET /cormun/servlet/hlogin HTTP/1.1" 200 1726
192.168.10.94 - - [04/Oct/2021:10:48:42 -0300] "POST /cormun/servlet/hlogin?106a27eb9be6221764d26e129623ab0a,gx-no-cache=1633354487451 HTTP/1.1" 200 90
192.168.10.94 - - [04/Oct/2021:10:48:42 -0300] "GET /cormun/servlet/hpexe_link HTTP/1.1" 200 958
192.168.10.94 - - [04/Oct/2021:10:48:42 -0300] "GET /cormun/servlet/trsolicitudot HTTP/1.1" 200 7594
192.168.10.94 - - [04/Oct/2021:10:48:42 -0300] "GET /cormun/servlet/trsolicitudot HTTP/1.1" 200 7592
192.168.10.94 - - [04/Oct/2021:10:48:47 -0300] "POST /cormun/servlet/trsolicitudot?106a27eb9be6221764d26e129623ab0a,gx-no-cache=1633354492912 HTTP/1.1" 200 4736
192.168.10.94 - - [04/Oct/2021:10:48:51 -0300] "POST /cormun/servlet/trsolicitudot?106a27eb9be6221764d26e129623ab0a,gx-no-cache=1633354497197 HTTP/1.1" 200 4734
192.168.10.94 - - [04/Oct/2021:10:49:20 -0300] "POST /cormun/servlet/trsolicitudot?106a27eb9be6221764d26e129623ab0a,gx-no-cache=1633354525611 HTTP/1.1" 200 4736
192.168.10.94 - - [04/Oct/2021:10:49:28 -0300] "POST /cormun/servlet/trsolicitudot?106a27eb9be6221764d26e129623ab0a,gx-no-cache=1633354533954 HTTP/1.1" 200 4737
190.171.143.106 - - [04/Oct/2021:10:49:30 -0300] "GET /cormun/servlet/hhome HTTP/1.1" 200 3312
190.171.143.106 - - [04/Oct/2021:10:49:31 -0300] "GET /cormun/servlet/hhome HTTP/1.1" 200 3322
190.171.143.106 - - [04/Oct/2021:10:49:31 -0300] "GET /cormun/servlet/hhome HTTP/1.1" 200 3322
190.171.143.106 - - [04/Oct/2021:10:49:31 -0300] "GET /cormun/servlet/hlogin HTTP/1.1" 200 1736
192.168.10.94 - - [04/Oct/2021:10:49:31 -0300] "POST /cormun/servlet/trsolicitudot?106a27eb9be6221764d26e129623ab0a,gx-no-cache=1633354536932 HTTP/1.1" 200 6242
190.171.143.106 - - [04/Oct/2021:10:49:34 -0300] "POST /cormun/servlet/hlogin?d142e6fb41ed2c85705910e137854913,gx-no-cache=1633354677394 HTTP/1.1" 200 90
190.171.143.106 - - [04/Oct/2021:10:49:34 -0300] "GET /cormun/servlet/hpexe_link HTTP/1.1" 200 948
190.171.143.106 - - [04/Oct/2021:10:49:34 -0300] "GET /cormun/servlet/hhome HTTP/1.1" 200 4331
190.171.143.106 - - [04/Oct/2021:10:49:34 -0300] "GET /cormun/servlet/hhome HTTP/1.1" 200 4327
186.67.172.234 - - [04/Oct/2021:10:49:39 -0300] "GET /cormun/static/menuarrow.gif HTTP/1.1" 404 1015
190.171.143.106 - - [04/Oct/2021:10:49:39 -0300] "GET /cormun/servlet/trlicencias? HTTP/1.1" 200 10816
190.171.143.106 - - [04/Oct/2021:10:49:40 -0300] "GET /cormun/servlet/trlicencias? HTTP/1.1" 200 10813
186.67.172.234 - - [04/Oct/2021:10:49:44 -0300] "GET /cormun/servlet/permisogoce?17606f2e2ab015a355c6840032ec1192deccbfc20743216f63e01de3fa3e521c8826a54718b832cde5056674021441773b4e4fddedfb5e6ced53d073f83c76fd,gx-no-cache=1633354687918 HTTP/1.1" 200 45
186.67.172.234 - - [04/Oct/2021:10:49:47 -0300] "POST /cormun/servlet/permisogoce?ad6f790774ed7906ce2c617bf0dfc462,INS,0,,,,gx-no-cache=1633354690796 HTTP/1.1" 200 93
186.67.172.234 - - [04/Oct/2021:10:49:47 -0300] "GET /cormun/servlet/hpexe_return? HTTP/1.1" 200 1010
186.67.172.234 - - [04/Oct/2021:10:49:48 -0300] "GET /cormun/servlet/trpermisosgoce HTTP/1.1" 200 14798
186.67.172.234 - - [04/Oct/2021:10:49:48 -0300] "GET /cormun/servlet/trpermisosgoce HTTP/1.1" 200 14792
186.67.172.234 - - [04/Oct/2021:10:49:54 -0300] "GET /cormun/servlet/trpermisosadjuntos?7171195,20211004102955,P, HTTP/1.1" 200 6688
186.67.172.234 - - [04/Oct/2021:10:49:54 -0300] "GET /cormun/servlet/trpermisosadjuntos?7171195,20211004102955,P, HTTP/1.1" 200 6689
186.67.172.234 - - [04/Oct/2021:10:49:56 -0300] "GET /cormun/servlet/permisosadjuntos?INS,7171195,P,20211004102955,, HTTP/1.1" 200 6014
186.67.172.234 - - [04/Oct/2021:10:49:56 -0300] "GET /cormun/static/about:blank HTTP/1.1" 404 1011
186.67.172.234 - - [04/Oct/2021:10:49:56 -0300] "GET /cormun/servlet/permisosadjuntos?INS,7171195,P,20211004102955,, HTTP/1.1" 200 6003
190.171.141.90 - - [04/Oct/2021:10:49:58 -0300] "GET /cormun/servlet/solicitudot?INS,0,0,false, HTTP/1.1" 200 15547
190.171.141.90 - - [04/Oct/2021:10:49:58 -0300] "GET /cormun/servlet/solicitudot?INS,0,0,false, HTTP/1.1" 200 15554
192.168.10.94 - - [04/Oct/2021:10:50:00 -0300] "POST /cormun/servlet/trsolicitudot?106a27eb9be6221764d26e129623ab0a,gx-no-cache=1633354566050 HTTP/1.1" 200 4735
190.171.143.106 - - [04/Oct/2021:10:50:11 -0300] "GET /cormun/servlet/hlogin HTTP/1.1" 200 1740
192.168.10.94 - - [04/Oct/2021:10:50:19 -0300] "POST /cormun/servlet/trsolicitudot?106a27eb9be6221764d26e129623ab0a,gx-no-cache=1633354585129 HTTP/1.1" 200 4734
192.168.10.94 - - [04/Oct/2021:10:50:29 -0300] "POST /cormun/servlet/trsolicitudot?106a27eb9be6221764d26e129623ab0a,gx-no-cache=1633354594554 HTTP/1.1" 200 4734
192.168.10.94 - - [04/Oct/2021:10:50:32 -0300] "POST /cormun/servlet/trsolicitudot?106a27eb9be6221764d26e129623ab0a,gx-no-cache=1633354598019 HTTP/1.1" 200 4734
192.168.10.94 - - [04/Oct/2021:10:50:36 -0300] "POST /cormun/servlet/trsolicitudot?106a27eb9be6221764d26e129623ab0a,gx-no-cache=1633354601707 HTTP/1.1" 200 4733
186.67.172.234 - - [04/Oct/2021:10:50:46 -0300] "POST /cormun/servlet/permisosadjuntos?ad6f790774ed7906ce2c617bf0dfc462,INS,7171195,P,20211004102955,, HTTP/1.1" 200 116
186.67.172.234 - - [04/Oct/2021:10:50:46 -0300] "GET /cormun/servlet/hpexe_return? HTTP/1.1" 200 1038
186.67.172.234 - - [04/Oct/2021:10:50:46 -0300] "GET /cormun/servlet/trpermisosadjuntos?7171195,20211004102955,P, HTTP/1.1" 200 7211
186.67.172.234 - - [04/Oct/2021:10:50:46 -0300] "GET /cormun/servlet/trpermisosadjuntos?7171195,20211004102955,P, HTTP/1.1" 200 7207
192.168.10.94 - - [04/Oct/2021:10:50:51 -0300] "POST /cormun/servlet/trsolicitudot?106a27eb9be6221764d26e129623ab0a,gx-no-cache=1633354616315 HTTP/1.1" 200 4733
186.67.172.234 - - [04/Oct/2021:10:50:55 -0300] "POST /cormun/servlet/trpermisosadjuntos?ad6f790774ed7906ce2c617bf0dfc462,7171195,20211004102955,P,,gx-no-cache=1633354758515 HTTP/1.1" 200 90
186.67.172.234 - - [04/Oct/2021:10:50:55 -0300] "GET /cormun/servlet/hpexe_link HTTP/1.1" 200 983
186.67.172.234 - - [04/Oct/2021:10:50:55 -0300] "GET /cormun/servlet/trpermisosgoce HTTP/1.1" 200 14793
186.67.172.234 - - [04/Oct/2021:10:50:55 -0300] "GET /cormun/servlet/trpermisosgoce HTTP/1.1" 200 14797
186.67.172.234 - - [04/Oct/2021:10:51:00 -0300] "POST /cormun/servlet/trpermisosgoce?ad6f790774ed7906ce2c617bf0dfc462,gx-no-cache=1633354763255 HTTP/1.1" 200 11814
186.67.172.234 - - [04/Oct/2021:10:51:00 -0300] "GET /cormun/static/Shared/jqueryui/images/ui-bg_highlight-soft_100_c6c2c8_1x100.png HTTP/1.1" 404 1117
186.67.172.234 - - [04/Oct/2021:10:51:00 -0300] "GET /cormun/static/Shared/jqueryui/images/ui-icons_82798d_256x240.png HTTP/1.1" 404 1089
186.67.172.234 - - [04/Oct/2021:10:51:00 -0300] "GET /cormun/static/Shared/jqueryui/images/ui-bg_flat_55_fafafa_40x100.png HTTP/1.1" 404 1097
186.67.172.234 - - [04/Oct/2021:10:51:00 -0300] "GET /cormun/static/Shared/jqueryui/images/ui-icons_8d78a5_256x240.png HTTP/1.1" 404 1089
192.168.10.94 - - [04/Oct/2021:10:51:01 -0300] "POST /cormun/servlet/trsolicitudot?106a27eb9be6221764d26e129623ab0a,gx-no-cache=1633354626762 HTTP/1.1" 200 4734
192.168.10.94 - - [04/Oct/2021:10:51:15 -0300] "POST /cormun/servlet/trsolicitudot?106a27eb9be6221764d26e129623ab0a,gx-no-cache=1633354640643 HTTP/1.1" 200 4733
192.168.10.94 - - [04/Oct/2021:10:51:17 -0300] "POST /cormun/servlet/trsolicitudot?106a27eb9be6221764d26e129623ab0a,gx-no-cache=1633354643104 HTTP/1.1" 200 4734
192.168.10.94 - - [04/Oct/2021:10:51:18 -0300] "POST /cormun/servlet/trsolicitudot?106a27eb9be6221764d26e129623ab0a,gx-no-cache=1633354643296 HTTP/1.1" 200 4734
192.168.10.94 - - [04/Oct/2021:10:51:18 -0300] "POST /cormun/servlet/trsolicitudot?106a27eb9be6221764d26e129623ab0a,gx-no-cache=1633354643478 HTTP/1.1" 200 4734
192.168.10.94 - - [04/Oct/2021:10:51:20 -0300] "POST /cormun/servlet/trsolicitudot?106a27eb9be6221764d26e129623ab0a,gx-no-cache=1633354645850 HTTP/1.1" 200 4734
186.67.172.234 - - [04/Oct/2021:10:51:20 -0300] "GET /cormun/servlet/permisogoce?INS,0,,, HTTP/1.1" 200 7264
186.67.172.234 - - [04/Oct/2021:10:51:21 -0300] "GET /cormun/servlet/permisogoce?INS,0,,, HTTP/1.1" 200 7264
192.168.10.94 - - [04/Oct/2021:10:51:26 -0300] "POST /cormun/servlet/trsolicitudot?106a27eb9be6221764d26e129623ab0a,gx-no-cache=1633354652034 HTTP/1.1" 200 4734
190.171.141.90 - - [04/Oct/2021:10:51:27 -0300] "POST /cormun/servlet/solicitudot?gx-no-cache=1633354789946 HTTP/1.1" 200 3821
190.171.141.90 - - [04/Oct/2021:10:51:27 -0300] "POST /cormun/servlet/solicitudot?30636a63bd81ae4020f382cd05e10cd4,INS,0,0,false,,gx-no-cache=1633354790451 HTTP/1.1" 200 12315
186.67.172.234 - - [04/Oct/2021:10:51:29 -0300] "GET /cormun/servlet/permisogoce?17606f2e2ab015a355c6840032ec1192fe83632fe60b779e374ada507f61c96b8602a05dae18048634fc74ca773677ed9e56a8dba19e2103061ff7588a4eb607,gx-no-cache=1633354792917 HTTP/1.1" 200 79
190.171.141.90 - - [04/Oct/2021:10:51:32 -0300] "GET /cormun/servlet/solicitudot?97bfe8dd353e94fabb0ef0dc90f16bbf3ebfff8a80c03180b7dec05bb8484cb5519eefc92d24c4ee1baaa314e9dae365,gx-no-cache=1633354795746 HTTP/1.1" 200 30
186.67.172.234 - - [04/Oct/2021:10:51:32 -0300] "GET /cormun/static/menuarrow.gif HTTP/1.1" 404 1015
192.168.10.94 - - [04/Oct/2021:10:51:39 -0300] "POST /cormun/servlet/trsolicitudot?106a27eb9be6221764d26e129623ab0a,gx-no-cache=1633354664819 HTTP/1.1" 200 4736
186.67.172.234 - - [04/Oct/2021:10:51:39 -0300] "GET /cormun/servlet/permisogoce?17606f2e2ab015a355c6840032ec119284f3bd3b961876f4854c4f5192e332ab5642d8a768c8e30f9d886fb23d0ba390cd2493afcea7193dcb9c2ad1344d52a6,gx-no-cache=1633354803238 HTTP/1.1" 200 47
192.168.10.94 - - [04/Oct/2021:10:51:40 -0300] "POST /cormun/servlet/trsolicitudot?106a27eb9be6221764d26e129623ab0a,gx-no-cache=1633354665144 HTTP/1.1" 200 4736
186.103.156.166 - - [04/Oct/2021:10:51:41 -0300] "GET /cormun/servlet/hlogin HTTP/1.1" 200 1725
186.103.156.166 - - [04/Oct/2021:10:51:42 -0300] "GET /cormun/servlet/hlogin HTTP/1.1" 200 1735
192.168.10.94 - - [04/Oct/2021:10:51:48 -0300] "GET /cormun/servlet/trsolicitudgral HTTP/1.1" 200 22233
192.168.10.94 - - [04/Oct/2021:10:51:49 -0300] "GET /cormun/servlet/trsolicitudgral HTTP/1.1" 200 22233
186.103.156.166 - - [04/Oct/2021:10:51:54 -0300] "POST /cormun/servlet/hlogin?e932c69d62a759f6d04424ec9370fef2,gx-no-cache=1633354818209 HTTP/1.1" 200 90
186.103.156.166 - - [04/Oct/2021:10:51:57 -0300] "GET /cormun/servlet/hpexe_link HTTP/1.1" 200 952
186.103.156.166 - - [04/Oct/2021:10:51:57 -0300] "GET /cormun/servlet/hhome HTTP/1.1" 200 3853
186.103.156.166 - - [04/Oct/2021:10:51:58 -0300] "GET /cormun/servlet/hhome HTTP/1.1" 200 3850
192.168.10.94 - - [04/Oct/2021:10:51:59 -0300] "POST /cormun/servlet/trsolicitudgral?106a27eb9be6221764d26e129623ab0a,,gx-no-cache=1633354684328 HTTP/1.1" 200 6010
186.67.172.234 - - [04/Oct/2021:10:52:01 -0300] "POST /cormun/servlet/permisogoce?ad6f790774ed7906ce2c617bf0dfc462,INS,0,,,,gx-no-cache=1633354824546 HTTP/1.1" 200 93
186.67.172.234 - - [04/Oct/2021:10:52:01 -0300] "GET /cormun/servlet/hpexe_return? HTTP/1.1" 200 1032
186.67.172.234 - - [04/Oct/2021:10:52:01 -0300] "GET /cormun/servlet/trpermisosgoce?gx-no-cache=1633354763255 HTTP/1.1" 200 15021
186.103.156.166 - - [04/Oct/2021:10:52:01 -0300] "GET /cormun/servlet/trpermisosgoce? HTTP/1.1" 200 9253
186.67.172.234 - - [04/Oct/2021:10:52:02 -0300] "GET /cormun/servlet/trpermisosgoce?gx-no-cache=1633354763255 HTTP/1.1" 200 15036
186.103.156.166 - - [04/Oct/2021:10:52:02 -0300] "GET /cormun/servlet/trpermisosgoce? HTTP/1.1" 200 9255
186.103.156.166 - - [04/Oct/2021:10:52:05 -0300] "GET /cormun/servlet/permisogoce?INS,0,,, HTTP/1.1" 200 6715
186.103.156.166 - - [04/Oct/2021:10:52:05 -0300] "GET /cormun/static/gxcfg.js?20201215124560 HTTP/1.1" 200 953
186.103.156.166 - - [04/Oct/2021:10:52:05 -0300] "GET /cormun/static/Resources/prompt.gif HTTP/1.1" 200 902
186.103.156.166 - - [04/Oct/2021:10:52:06 -0300] "GET /cormun/static/permisogoce.js?20201215124939 HTTP/1.1" 200 27919
192.168.10.94 - - [04/Oct/2021:10:52:07 -0300] "POST /cormun/servlet/trsolicitudgral?106a27eb9be6221764d26e129623ab0a,,gx-no-cache=1633354692981 HTTP/1.1" 200 6010
186.103.156.166 - - [04/Oct/2021:10:52:09 -0300] "GET /cormun/servlet/permisogoce?INS,0,,, HTTP/1.1" 200 6714
190.171.141.90 - - [04/Oct/2021:10:52:11 -0300] "GET /cormun/servlet/solicitudot?97bfe8dd353e94fabb0ef0dc90f16bbf985ec7a1506a8a5e750736589375c3330314bdb16f0135b6cff3707ee9e5523bddb8db058ab4ca5eb889374a127e67be,gx-no-cache=1633354834502 HTTP/1.1" 200 30
190.171.141.90 - - [04/Oct/2021:10:52:11 -0300] "GET /cormun/servlet/solicitudot?97bfe8dd353e94fabb0ef0dc90f16bbf2257ccac3107fa2eacae977aeb9c1d6f,gx-no-cache=1633354834654 HTTP/1.1" 200 60
192.168.10.94 - - [04/Oct/2021:10:52:11 -0300] "POST /cormun/servlet/trsolicitudgral?106a27eb9be6221764d26e129623ab0a,,gx-no-cache=1633354696605 HTTP/1.1" 200 7427
190.171.141.90 - - [04/Oct/2021:10:52:11 -0300] "POST /cormun/servlet/solicitudot?gx-no-cache=1633354834753 HTTP/1.1" 200 240
190.171.141.90 - - [04/Oct/2021:10:52:11 -0300] "GET /cormun/servlet/solicitudot?97bfe8dd353e94fabb0ef0dc90f16bbfc13a260b1be05452e5c78cf29ba5c4e87740808c857dfeb65c01c91054dd1c812796cb6d8e6a00d9562a8353b9215e55f6280f4e5016248b39e1cdb2d61d48a64b9c8e37ccdfdd1d2f2388c530e86eb21c618ccf1177966cb0add951ee28e62549fb51387cd06a0a3ffbbffbe06b962959eeeae1c2b74202661aabbd8571dbbb97ffc621556ac9c7c2bf9aaa2733b55539acaf9be5fa95e673e7082db287a29df1e62eeb386ac28c78e157f8f1fdac66f58553a3ab24928d69d53379f154511f44179d8d1a1e8c4c116e77af8492db81a1e38c46810c0d2f99c7b810d12d57e59d065c113eb1b7cffa575ce7c952393ba6990f690b8df162bb2d1a2def7b21e796941eaf647d44e8c5ec791b64f1acab24ff36721d68f969ec6faa17ab5a30a27c0cad70b0cce90f6bbea55d22c3121d472dde90d5daaa59f9e48eaad2c192f1593b7ba026b787f6e1691ffff0212b0e7d270439defff20e3cc81d0ef831477d3021e88f2494465099fbd72a691579d5,gx-no-cache=1633354834846 HTTP/1.1" 200 30
186.67.172.234 - - [04/Oct/2021:10:52:14 -0300] "GET /cormun/servlet/trpermisosadjuntos?18105044,20211004103726,P, HTTP/1.1" 200 6702
186.67.172.234 - - [04/Oct/2021:10:52:14 -0300] "GET /cormun/servlet/trpermisosadjuntos?18105044,20211004103726,P, HTTP/1.1" 200 6682
186.67.172.234 - - [04/Oct/2021:10:52:17 -0300] "GET /cormun/servlet/permisosadjuntos?INS,18105044,P,20211004103726,, HTTP/1.1" 200 6010
186.67.172.234 - - [04/Oct/2021:10:52:17 -0300] "GET /cormun/static/about:blank HTTP/1.1" 404 1011
186.67.172.234 - - [04/Oct/2021:10:52:17 -0300] "GET /cormun/servlet/permisosadjuntos?INS,18105044,P,20211004103726,, HTTP/1.1" 200 6000
190.171.141.90 - - [04/Oct/2021:10:52:18 -0300] "POST /cormun/servlet/solicitudot?gx-no-cache=1633354841411 HTTP/1.1" 200 30
186.103.156.166 - - [04/Oct/2021:10:52:22 -0300] "GET /cormun/servlet/permisogoce?8b2d98d390d4443ee9d4370362a61931bb19e39ef568dac1164491c3a02c52dd5c2cd1f7c85aaacf6b44082e61572d028f73a8a5e204a634267a9af52a3d7f82,gx-no-cache=1633354845577 HTTP/1.1" 200 77
192.168.10.94 - - [04/Oct/2021:10:52:25 -0300] "POST /cormun/servlet/trsolicitudgral?106a27eb9be6221764d26e129623ab0a,,gx-no-cache=1633354710916 HTTP/1.1" 200 7725
186.67.172.234 - - [04/Oct/2021:10:52:29 -0300] "POST /cormun/servlet/permisosadjuntos?ad6f790774ed7906ce2c617bf0dfc462,INS,18105044,P,20211004103726,, HTTP/1.1" 200 116
186.67.172.234 - - [04/Oct/2021:10:52:29 -0300] "GET /cormun/servlet/hpexe_return? HTTP/1.1" 200 1038
186.103.156.166 - - [04/Oct/2021:10:52:29 -0300] "GET /cormun/static/menuarrow.gif HTTP/1.1" 404 1015
186.67.172.234 - - [04/Oct/2021:10:52:29 -0300] "GET /cormun/servlet/trpermisosadjuntos?18105044,20211004103726,P, HTTP/1.1" 200 7198
186.67.172.234 - - [04/Oct/2021:10:52:29 -0300] "GET /cormun/servlet/trpermisosadjuntos?18105044,20211004103726,P, HTTP/1.1" 200 7196
186.67.172.234 - - [04/Oct/2021:10:52:32 -0300] "POST /cormun/servlet/trpermisosadjuntos?ad6f790774ed7906ce2c617bf0dfc462,18105044,20211004103726,P,,gx-no-cache=1633354855522 HTTP/1.1" 200 90
186.67.172.234 - - [04/Oct/2021:10:52:32 -0300] "GET /cormun/servlet/hpexe_link HTTP/1.1" 200 1007
186.67.172.234 - - [04/Oct/2021:10:52:32 -0300] "GET /cormun/servlet/trpermisosgoce?gx-no-cache=1633354763255 HTTP/1.1" 200 15010
186.67.172.234 - - [04/Oct/2021:10:52:32 -0300] "GET /cormun/servlet/trpermisosgoce?gx-no-cache=1633354763255 HTTP/1.1" 200 15036
186.67.172.234 - - [04/Oct/2021:10:52:36 -0300] "POST /cormun/servlet/trpermisosgoce?ad6f790774ed7906ce2c617bf0dfc462,gx-no-cache=1633354763255,gx-no-cache=1633354859477 HTTP/1.1" 200 12049
186.67.172.234 - - [04/Oct/2021:10:52:36 -0300] "GET /cormun/static/Shared/jqueryui/images/ui-bg_highlight-soft_100_c6c2c8_1x100.png HTTP/1.1" 404 1117
186.67.172.234 - - [04/Oct/2021:10:52:36 -0300] "GET /cormun/static/Shared/jqueryui/images/ui-icons_82798d_256x240.png HTTP/1.1" 404 1089
186.67.172.234 - - [04/Oct/2021:10:52:36 -0300] "GET /cormun/static/Shared/jqueryui/images/ui-bg_flat_55_fafafa_40x100.png HTTP/1.1" 404 1097
186.67.172.234 - - [04/Oct/2021:10:52:36 -0300] "GET /cormun/static/Shared/jqueryui/images/ui-icons_8d78a5_256x240.png HTTP/1.1" 404 1089
186.103.156.166 - - [04/Oct/2021:10:52:36 -0300] "GET /cormun/servlet/permisogoce?8b2d98d390d4443ee9d4370362a61931ac9b3a71f2c486bbc7d15b61c5ff26b4764654fee8f6087f1cec6608bf0fae558ad20b1a37fffaa08ba6d4409cc9f353,gx-no-cache=1633354860016 HTTP/1.1" 200 46
186.103.156.166 - - [04/Oct/2021:10:52:45 -0300] "POST /cormun/servlet/permisogoce?e932c69d62a759f6d04424ec9370fef2,INS,0,,,,gx-no-cache=1633354868012 HTTP/1.1" 200 93
186.103.156.166 - - [04/Oct/2021:10:52:45 -0300] "GET /cormun/servlet/hpexe_return? HTTP/1.1" 200 1010
186.103.156.166 - - [04/Oct/2021:10:52:46 -0300] "GET /cormun/static/gxcfg.js?201991422392976 HTTP/1.1" 200 953
186.103.156.166 - - [04/Oct/2021:10:52:46 -0300] "GET /cormun/static/hpexe_return.js?201991422392984 HTTP/1.1" 200 1633
186.103.156.166 - - [04/Oct/2021:10:52:47 -0300] "GET /cormun/servlet/trpermisosgoce HTTP/1.1" 200 9525
186.103.156.166 - - [04/Oct/2021:10:52:49 -0300] "GET /cormun//static/Resources/PXToolsGridUpdate.png HTTP/1.1" 200 470
186.103.156.166 - - [04/Oct/2021:10:52:49 -0300] "GET /cormun/servlet/trpermisosgoce HTTP/1.1" 200 9516
186.67.172.234 - - [04/Oct/2021:10:52:53 -0300] "GET /cormun/servlet/trlicencias? HTTP/1.1" 200 16625
186.67.172.234 - - [04/Oct/2021:10:52:53 -0300] "GET /cormun/servlet/trlicencias? HTTP/1.1" 200 16599
186.103.156.166 - - [04/Oct/2021:10:52:54 -0300] "GET /cormun/servlet/apermisogoceprn?17503733,P,20211004103810,PU HTTP/1.1" 200 1647
186.103.156.166 - - [04/Oct/2021:10:53:01 -0300] "GET /cormun/servlet/apermisogoceprn?17503733,P,20211004103810,PU HTTP/1.1" 200 1648
190.171.141.90 - - [04/Oct/2021:10:53:03 -0300] "POST /cormun/servlet/solicitudot?gx-no-cache=1633354886553 HTTP/1.1" 200 1440
190.171.141.90 - - [04/Oct/2021:10:53:08 -0300] "GET /cormun/static/menuarrow.gif HTTP/1.1" 404 1015
190.171.141.90 - - [04/Oct/2021:10:53:19 -0300] "POST /cormun/servlet/solicitudot?gx-no-cache=1633354903142 HTTP/1.1" 200 118
190.171.141.90 - - [04/Oct/2021:10:53:19 -0300] "GET /cormun/static/Shared/jqueryui/images/ui-bg_highlight-soft_100_c6c2c8_1x100.png HTTP/1.1" 404 1117
190.171.141.90 - - [04/Oct/2021:10:53:19 -0300] "GET /cormun/static/Shared/jqueryui/images/ui-bg_flat_55_994d53_40x100.png HTTP/1.1" 404 1097
190.171.141.90 - - [04/Oct/2021:10:53:19 -0300] "GET /cormun/static/Shared/jqueryui/images/ui-icons_82798d_256x240.png HTTP/1.1" 404 1089
190.171.141.90 - - [04/Oct/2021:10:53:19 -0300] "GET /cormun/static/Shared/jqueryui/images/ui-icons_ebccce_256x240.png HTTP/1.1" 404 1089
190.171.141.90 - - [04/Oct/2021:10:53:19 -0300] "GET /cormun/servlet/solicitudot?97bfe8dd353e94fabb0ef0dc90f16bbf7450788b4c568bffdeb6047b56fa5fda633d738470d3e1a0c5085ec6f6f0d057af60eac60ddb463a4bd0972439ad5d17afb9caf22bd506b1aba786d10caf760db65b9d4592b9ae25e6d466e2e5f905693c95267e20ec660c7070c8ba5bcb1e16,gx-no-cache=1633354903233 HTTP/1.1" 200 110
190.171.141.90 - - [04/Oct/2021:10:53:20 -0300] "POST /cormun/servlet/solicitudot?gx-no-cache=1633354903373 HTTP/1.1" 200 97
190.171.141.90 - - [04/Oct/2021:10:53:28 -0300] "POST /cormun/servlet/solicitudot?gx-no-cache=1633354911428 HTTP/1.1" 200 30
190.171.141.90 - - [04/Oct/2021:10:53:32 -0300] "POST /cormun/servlet/solicitudot?gx-no-cache=1633354915740 HTTP/1.1" 200 1440
190.171.141.90 - - [04/Oct/2021:10:53:32 -0300] "POST /cormun/servlet/solicitudot?gx-no-cache=1633354915867 HTTP/1.1" 200 38
