190.171.141.106 - - [04/Oct/2021:09:39:34 -0300] "GET /cormun/servlet/solicitudotadjuntos?8876f3adefbde5af2efcd0e3427f01c040fc515a2f306155d95abcc75bd3683d,gx-no-cache=1633350493236 HTTP/1.1" 200 30
190.171.141.106 - - [04/Oct/2021:09:39:34 -0300] "GET /cormun/servlet/solicitudotadjuntos?8876f3adefbde5af2efcd0e3427f01c040fc515a2f306155d95abcc75bd3683d,gx-no-cache=1633350493257 HTTP/1.1" 200 30
190.171.141.106 - - [04/Oct/2021:09:39:34 -0300] "POST /cormun/servlet/solicitudotadjuntos?0883358c3c4f1429087a633f659791e2,INS,2021,17590,,2, HTTP/1.1" 200 6593
190.171.141.106 - - [04/Oct/2021:09:39:34 -0300] "GET /cormun/static/Shared/jqueryui/images/ui-bg_highlight-soft_100_c6c2c8_1x100.png HTTP/1.1" 404 1117
190.171.141.106 - - [04/Oct/2021:09:39:34 -0300] "GET /cormun/static/Shared/jqueryui/images/ui-icons_82798d_256x240.png HTTP/1.1" 404 1089
190.171.141.106 - - [04/Oct/2021:09:39:34 -0300] "GET /cormun/static/Shared/jqueryui/images/ui-bg_flat_55_994d53_40x100.png HTTP/1.1" 404 1097
190.171.141.106 - - [04/Oct/2021:09:39:34 -0300] "GET /cormun/static/Shared/jqueryui/images/ui-icons_ebccce_256x240.png HTTP/1.1" 404 1089
190.171.141.106 - - [04/Oct/2021:09:39:35 -0300] "GET /cormun/PrivateTempStorage/upload_00001707.pdf HTTP/1.1" 200 124183
190.171.141.106 - - [04/Oct/2021:09:39:43 -0300] "GET /cormun/servlet/solicitudotadjuntos?8876f3adefbde5af2efcd0e3427f01c0892473906e0739750d3d385ac04618aaf226d4e241a60f691417fb5c92610bb8,gx-no-cache=1633350502635 HTTP/1.1" 200 30
190.171.141.106 - - [04/Oct/2021:09:39:43 -0300] "POST /cormun/servlet/solicitudotadjuntos?0883358c3c4f1429087a633f659791e2,INS,2021,17590,,2, HTTP/1.1" 200 6593
190.171.141.106 - - [04/Oct/2021:09:39:44 -0300] "GET /cormun/PrivateTempStorage/upload_00001719.pdf HTTP/1.1" 200 124183
190.171.141.106 - - [04/Oct/2021:09:39:47 -0300] "POST /cormun/servlet/solicitudotadjuntos?0883358c3c4f1429087a633f659791e2,INS,2021,17590,,2, HTTP/1.1" 200 116
190.171.141.106 - - [04/Oct/2021:09:39:47 -0300] "GET /cormun/servlet/hpexe_return? HTTP/1.1" 200 1026
190.171.141.106 - - [04/Oct/2021:09:39:47 -0300] "GET /cormun/servlet/trsolicitudadjuntos?2021,17590, HTTP/1.1" 200 9497
190.171.142.42 - - [04/Oct/2021:09:39:47 -0300] "POST /cormun/servlet/solicitudot?gx-no-cache=1633350491018 HTTP/1.1" 200 3859
190.171.141.106 - - [04/Oct/2021:09:39:47 -0300] "GET /cormun/servlet/trsolicitudadjuntos?2021,17590, HTTP/1.1" 200 9497
190.171.142.42 - - [04/Oct/2021:09:39:48 -0300] "POST /cormun/servlet/solicitudot?ecaa051c14a282c5b3db2f2a7307afef,INS,0,0,false,,gx-no-cache=1633350491197 HTTP/1.1" 200 12668
190.171.141.106 - - [04/Oct/2021:09:39:56 -0300] "GET /cormun/PublicTempStorage/antecedentes2949496.pdf HTTP/1.1" 200 175118
190.171.141.106 - - [04/Oct/2021:09:40:00 -0300] "GET /cormun/servlet/trsolicitudadjuntos?2021,17590, HTTP/1.1" 200 9496
190.171.141.106 - - [04/Oct/2021:09:40:00 -0300] "GET /cormun/servlet/trsolicitudadjuntos?2021,17590, HTTP/1.1" 200 9497
190.171.141.106 - - [04/Oct/2021:09:40:02 -0300] "GET /cormun/PublicTempStorage/cedula15448135.pdf HTTP/1.1" 200 114212
190.171.141.90 - - [04/Oct/2021:09:40:05 -0300] "POST /cormun/servlet/solicitudot?gx-no-cache=1633350508501 HTTP/1.1" 200 30
190.171.141.106 - - [04/Oct/2021:09:40:05 -0300] "GET /cormun/servlet/trsolicitudadjuntos?2021,17590, HTTP/1.1" 200 9497
190.171.141.106 - - [04/Oct/2021:09:40:06 -0300] "GET /cormun/servlet/trsolicitudadjuntos?2021,17590, HTTP/1.1" 200 9496
190.171.141.106 - - [04/Oct/2021:09:40:08 -0300] "GET /cormun/PublicTempStorage/titulo4866665.pdf HTTP/1.1" 200 132678
190.171.141.90 - - [04/Oct/2021:09:40:20 -0300] "POST /cormun/servlet/solicitudot?30636a63bd81ae4020f382cd05e10cd4,INS,0,0,false,,gx-no-cache=1633350523176 HTTP/1.1" 200 12662
190.171.141.106 - - [04/Oct/2021:09:40:20 -0300] "GET /cormun/servlet/hhome HTTP/1.1" 200 3313
190.171.141.106 - - [04/Oct/2021:09:40:21 -0300] "GET /cormun/servlet/hhome HTTP/1.1" 200 3323
190.171.141.106 - - [04/Oct/2021:09:40:21 -0300] "GET /cormun/servlet/hlogin HTTP/1.1" 200 1735
190.171.141.106 - - [04/Oct/2021:09:40:25 -0300] "POST /cormun/servlet/hlogin?3a52db0eebb14e68e67dfd57098c69a3,gx-no-cache=1633350544788 HTTP/1.1" 200 90
190.171.141.106 - - [04/Oct/2021:09:40:25 -0300] "GET /cormun/servlet/hpexe_link HTTP/1.1" 200 950
190.171.141.106 - - [04/Oct/2021:09:40:26 -0300] "GET /cormun/servlet/hhome HTTP/1.1" 200 4226
190.171.141.106 - - [04/Oct/2021:09:40:26 -0300] "GET /cormun/servlet/hhome HTTP/1.1" 200 4222
190.171.141.106 - - [04/Oct/2021:09:40:29 -0300] "GET /cormun/servlet/trsolicitudot? HTTP/1.1" 200 8838
190.171.141.106 - - [04/Oct/2021:09:40:29 -0300] "GET /cormun/servlet/trsolicitudot? HTTP/1.1" 200 8836
190.171.141.106 - - [04/Oct/2021:09:40:33 -0300] "POST /cormun/servlet/trsolicitudot?3a52db0eebb14e68e67dfd57098c69a3,,gx-no-cache=1633350552396 HTTP/1.1" 200 107
190.171.141.106 - - [04/Oct/2021:09:40:33 -0300] "GET /cormun/servlet/trsolicitudadjuntos?2021,17590, HTTP/1.1" 200 9491
190.171.141.106 - - [04/Oct/2021:09:40:34 -0300] "GET /cormun/servlet/trsolicitudadjuntos?2021,17590, HTTP/1.1" 200 9495
190.171.141.90 - - [04/Oct/2021:09:40:38 -0300] "POST /cormun/servlet/solicitudot?gx-no-cache=1633350541411 HTTP/1.1" 200 30
190.171.141.106 - - [04/Oct/2021:09:40:40 -0300] "GET /cormun/servlet/solicitudotadjuntos?INS,2021,17590,,1, HTTP/1.1" 200 6270
190.171.141.106 - - [04/Oct/2021:09:40:40 -0300] "GET /cormun/servlet/solicitudotadjuntos?INS,2021,17590,,1, HTTP/1.1" 200 6263
190.171.141.106 - - [04/Oct/2021:09:40:40 -0300] "GET /cormun/static/about:blank HTTP/1.1" 404 1011
190.171.141.106 - - [04/Oct/2021:09:40:41 -0300] "GET /cormun/servlet/solicitudotadjuntos?c8b18451260ec79eddba3883f40eee6fba82fa7c31aaede6fc1807c526d7440b57abaed80c73870606fa45dc7c0dc1a9,gx-no-cache=1633350560257 HTTP/1.1" 200 30
190.171.141.106 - - [04/Oct/2021:09:40:41 -0300] "POST /cormun/servlet/solicitudotadjuntos?3a52db0eebb14e68e67dfd57098c69a3,INS,2021,17590,,1,,gx-no-cache=1633350560287 HTTP/1.1" 200 4190
190.171.141.90 - - [04/Oct/2021:09:40:44 -0300] "POST /cormun/servlet/solicitudot?gx-no-cache=1633350547499 HTTP/1.1" 200 1522
190.171.141.106 - - [04/Oct/2021:09:40:45 -0300] "POST /cormun/servlet/solicitudotadjuntos?gx-no-cache=1633350564444 HTTP/1.1" 200 26
190.171.141.106 - - [04/Oct/2021:09:40:54 -0300] "GET /cormun/servlet/solicitudotadjuntos?c8b18451260ec79eddba3883f40eee6f9fbf1f5c38e54dd016eded52c1e9ba12,gx-no-cache=1633350573843 HTTP/1.1" 200 30
190.171.141.106 - - [04/Oct/2021:09:40:54 -0300] "GET /cormun/servlet/solicitudotadjuntos?c8b18451260ec79eddba3883f40eee6f9fbf1f5c38e54dd016eded52c1e9ba12,gx-no-cache=1633350573892 HTTP/1.1" 200 30
190.171.141.106 - - [04/Oct/2021:09:40:55 -0300] "POST /cormun/servlet/solicitudotadjuntos?3a52db0eebb14e68e67dfd57098c69a3,INS,2021,17590,,1, HTTP/1.1" 200 6656
190.171.141.106 - - [04/Oct/2021:09:40:55 -0300] "GET /cormun/static/Shared/jqueryui/images/ui-bg_highlight-soft_100_c6c2c8_1x100.png HTTP/1.1" 404 1117
190.171.141.106 - - [04/Oct/2021:09:40:55 -0300] "GET /cormun/static/Shared/jqueryui/images/ui-icons_82798d_256x240.png HTTP/1.1" 404 1089
190.171.141.106 - - [04/Oct/2021:09:40:55 -0300] "GET /cormun/static/Shared/jqueryui/images/ui-bg_flat_55_994d53_40x100.png HTTP/1.1" 404 1097
190.171.141.106 - - [04/Oct/2021:09:40:55 -0300] "GET /cormun/static/Shared/jqueryui/images/ui-icons_ebccce_256x240.png HTTP/1.1" 404 1089
190.171.141.106 - - [04/Oct/2021:09:40:55 -0300] "GET /cormun/PrivateTempStorage/upload_00001743.pdf HTTP/1.1" 200 124183
190.171.141.106 - - [04/Oct/2021:09:41:06 -0300] "GET /cormun/servlet/solicitudotadjuntos?c8b18451260ec79eddba3883f40eee6ff6a864e63c6c5d76b7f3cd182ec5e25751f7ff20a00de6c5cfa6d9297d73a1d8,gx-no-cache=1633350585811 HTTP/1.1" 200 30
190.171.141.106 - - [04/Oct/2021:09:41:06 -0300] "POST /cormun/servlet/solicitudotadjuntos?3a52db0eebb14e68e67dfd57098c69a3,INS,2021,17590,,1, HTTP/1.1" 200 6654
190.171.141.106 - - [04/Oct/2021:09:41:07 -0300] "GET /cormun/PrivateTempStorage/upload_00001755.pdf HTTP/1.1" 200 124183
181.212.43.89 - - [04/Oct/2021:09:41:17 -0300] "GET /cormun/servlet/trsolicitudot? HTTP/1.1" 200 7208
181.212.43.89 - - [04/Oct/2021:09:41:18 -0300] "GET /cormun/servlet/trsolicitudot? HTTP/1.1" 200 7207
181.212.43.89 - - [04/Oct/2021:09:41:21 -0300] "GET /cormun/servlet/solicitudot?INS,0,0,false, HTTP/1.1" 200 15567
181.212.43.89 - - [04/Oct/2021:09:41:22 -0300] "GET /cormun/servlet/solicitudot?INS,0,0,false, HTTP/1.1" 200 15574
190.171.141.106 - - [04/Oct/2021:09:41:23 -0300] "GET /cormun/servlet/solicitudotadjuntos?c8b18451260ec79eddba3883f40eee6f42af14ccb98e4ebbfe97cd59d07a78a151f7ff20a00de6c5cfa6d9297d73a1d8,gx-no-cache=1633350602628 HTTP/1.1" 200 30
190.171.141.106 - - [04/Oct/2021:09:41:23 -0300] "GET /cormun/servlet/solicitudotadjuntos?c8b18451260ec79eddba3883f40eee6f42af14ccb98e4ebbfe97cd59d07a78a151f7ff20a00de6c5cfa6d9297d73a1d8,gx-no-cache=1633350602664 HTTP/1.1" 200 30
190.171.141.106 - - [04/Oct/2021:09:41:23 -0300] "POST /cormun/servlet/solicitudotadjuntos?3a52db0eebb14e68e67dfd57098c69a3,INS,2021,17590,,1, HTTP/1.1" 200 6661
190.171.141.106 - - [04/Oct/2021:09:41:24 -0300] "GET /cormun/PrivateTempStorage/upload_00001767.pdf HTTP/1.1" 200 127718
190.171.141.106 - - [04/Oct/2021:09:41:30 -0300] "GET /cormun/servlet/solicitudotadjuntos?c8b18451260ec79eddba3883f40eee6f42af14ccb98e4ebbfe97cd59d07a78a151f7ff20a00de6c5cfa6d9297d73a1d8,gx-no-cache=1633350609706 HTTP/1.1" 200 30
190.171.141.106 - - [04/Oct/2021:09:41:30 -0300] "POST /cormun/servlet/solicitudotadjuntos?3a52db0eebb14e68e67dfd57098c69a3,INS,2021,17590,,1, HTTP/1.1" 200 6663
190.171.141.106 - - [04/Oct/2021:09:41:31 -0300] "GET /cormun/PrivateTempStorage/upload_00001779.pdf HTTP/1.1" 200 127718
190.171.141.106 - - [04/Oct/2021:09:41:48 -0300] "GET /cormun/servlet/solicitudotadjuntos?c8b18451260ec79eddba3883f40eee6f42af14ccb98e4ebbfe97cd59d07a78a151f7ff20a00de6c5cfa6d9297d73a1d8,gx-no-cache=1633350627907 HTTP/1.1" 200 30
190.171.141.106 - - [04/Oct/2021:09:41:48 -0300] "GET /cormun/servlet/solicitudotadjuntos?c8b18451260ec79eddba3883f40eee6f42af14ccb98e4ebbfe97cd59d07a78a151f7ff20a00de6c5cfa6d9297d73a1d8,gx-no-cache=1633350627925 HTTP/1.1" 200 30
190.171.141.106 - - [04/Oct/2021:09:41:49 -0300] "POST /cormun/servlet/solicitudotadjuntos?3a52db0eebb14e68e67dfd57098c69a3,INS,2021,17590,,1, HTTP/1.1" 200 6685
190.171.141.106 - - [04/Oct/2021:09:41:49 -0300] "GET /cormun/PrivateTempStorage/upload_00001791.pdf HTTP/1.1" 200 101853
190.171.141.106 - - [04/Oct/2021:09:42:03 -0300] "POST /cormun/servlet/solicitudotadjuntos?gx-no-cache=1633350642677 HTTP/1.1" 200 26
190.171.141.90 - - [04/Oct/2021:09:42:08 -0300] "POST /cormun/servlet/solicitudot?gx-no-cache=1633350631643 HTTP/1.1" 200 1440
190.171.141.90 - - [04/Oct/2021:09:42:08 -0300] "GET /cormun/static/menuarrow.gif HTTP/1.1" 404 1015
190.171.141.106 - - [04/Oct/2021:09:42:09 -0300] "POST /cormun/servlet/solicitudotadjuntos?3a52db0eebb14e68e67dfd57098c69a3,INS,2021,17590,,1, HTTP/1.1" 200 116
190.171.141.106 - - [04/Oct/2021:09:42:09 -0300] "GET /cormun/servlet/hpexe_return? HTTP/1.1" 200 1026
190.171.141.106 - - [04/Oct/2021:09:42:10 -0300] "GET /cormun/servlet/trsolicitudadjuntos?2021,17590, HTTP/1.1" 200 9498
190.171.141.106 - - [04/Oct/2021:09:42:10 -0300] "GET /cormun/servlet/trsolicitudadjuntos?2021,17590, HTTP/1.1" 200 9495
190.171.152.242 - - [04/Oct/2021:09:42:13 -0300] "GET /cormun/servlet/hlogin HTTP/1.1" 200 1729
190.171.152.242 - - [04/Oct/2021:09:42:13 -0300] "GET /cormun/servlet/hlogin HTTP/1.1" 200 1740
190.171.141.90 - - [04/Oct/2021:09:42:17 -0300] "POST /cormun/servlet/solicitudot?gx-no-cache=1633350640249 HTTP/1.1" 200 30
190.171.141.90 - - [04/Oct/2021:09:42:17 -0300] "POST /cormun/servlet/solicitudot?gx-no-cache=1633350640293 HTTP/1.1" 200 1440
190.171.141.106 - - [04/Oct/2021:09:42:17 -0300] "GET /cormun/servlet/solicitudotadjuntos?INS,2021,17590,,1, HTTP/1.1" 200 6270
190.171.141.106 - - [04/Oct/2021:09:42:18 -0300] "GET /cormun/static/about:blank HTTP/1.1" 404 1011
190.171.141.106 - - [04/Oct/2021:09:42:18 -0300] "GET /cormun/servlet/solicitudotadjuntos?INS,2021,17590,,1, HTTP/1.1" 200 6263
190.171.141.106 - - [04/Oct/2021:09:42:18 -0300] "GET /cormun/servlet/solicitudotadjuntos?c8b18451260ec79eddba3883f40eee6fba82fa7c31aaede6fc1807c526d7440b57abaed80c73870606fa45dc7c0dc1a9,gx-no-cache=1633350657607 HTTP/1.1" 200 30
190.171.141.106 - - [04/Oct/2021:09:42:18 -0300] "POST /cormun/servlet/solicitudotadjuntos?3a52db0eebb14e68e67dfd57098c69a3,INS,2021,17590,,1,,gx-no-cache=1633350657640 HTTP/1.1" 200 4190
190.171.142.10 - - [04/Oct/2021:09:42:19 -0300] "GET /cormun/servlet/hlogin HTTP/1.1" 200 1729
190.171.142.10 - - [04/Oct/2021:09:42:19 -0300] "GET /cormun/static/gxtimezone.js?85251 HTTP/1.1" 200 5781
190.171.142.10 - - [04/Oct/2021:09:42:19 -0300] "GET /cormun/static/gxcfg.js?201910216285969 HTTP/1.1" 200 953
190.171.142.10 - - [04/Oct/2021:09:42:19 -0300] "GET /cormun/static/hlogin.js?201910216285995 HTTP/1.1" 200 2136
190.171.142.10 - - [04/Oct/2021:09:42:19 -0300] "GET /cormun/static/messages.spa.js?85251 HTTP/1.1" 200 30736
190.171.142.10 - - [04/Oct/2021:09:42:19 -0300] "GET /cormun/static/Resources/Spanish/PXTools.css?2294816 HTTP/1.1" 200 100853
190.171.142.10 - - [04/Oct/2021:09:42:19 -0300] "GET /cormun/static/gxgral.js?85251 HTTP/1.1" 200 384558
190.171.142.10 - - [04/Oct/2021:09:42:20 -0300] "GET /cormun/static/Resources/Logo2019_Grande.png HTTP/1.1" 200 31733
190.171.142.10 - - [04/Oct/2021:09:42:20 -0300] "GET /cormun/static/Resources/PXToolsLoginBackground.png HTTP/1.1" 200 1164
190.171.142.10 - - [04/Oct/2021:09:42:20 -0300] "GET /cormun/static/Resources/PXToolsButtonLeft.png HTTP/1.1" 200 1310
190.171.142.10 - - [04/Oct/2021:09:42:20 -0300] "GET /cormun/static/Resources/PXToolsButtonBackground.png HTTP/1.1" 200 1176
190.171.142.10 - - [04/Oct/2021:09:42:20 -0300] "GET /cormun/static/Resources/PXToolsLoginTop.png HTTP/1.1" 200 1337
190.171.142.10 - - [04/Oct/2021:09:42:20 -0300] "GET /cormun/static/Resources/PXToolsLoginBottom.png HTTP/1.1" 200 1389
190.171.142.10 - - [04/Oct/2021:09:42:20 -0300] "GET /cormun/static/Resources/PXToolsButtonRight.png HTTP/1.1" 200 1294
190.171.142.10 - - [04/Oct/2021:09:42:20 -0300] "GET /cormun/servlet/hlogin HTTP/1.1" 200 1739
190.171.142.10 - - [04/Oct/2021:09:42:20 -0300] "GET /cormun/static/Resources/indicator.gif HTTP/1.1" 200 1553
190.171.142.10 - - [04/Oct/2021:09:42:20 -0300] "GET /cormun/static/Resources/Spanish/PXTools.css?2294816 HTTP/1.1" 200 100853
190.171.142.10 - - [04/Oct/2021:09:42:20 -0300] "GET /cormun/static/gxtimezone.js?85251 HTTP/1.1" 200 5781
190.171.142.10 - - [04/Oct/2021:09:42:20 -0300] "GET /cormun/static/gxcfg.js?201910216285969 HTTP/1.1" 200 953
190.171.142.10 - - [04/Oct/2021:09:42:20 -0300] "GET /cormun/static/hlogin.js?201910216285995 HTTP/1.1" 200 2136
190.171.142.10 - - [04/Oct/2021:09:42:20 -0300] "GET /cormun/static/messages.spa.js?85251 HTTP/1.1" 200 30736
190.171.142.10 - - [04/Oct/2021:09:42:20 -0300] "GET /cormun/static/gxgral.js?85251 HTTP/1.1" 200 384558
190.171.142.10 - - [04/Oct/2021:09:42:20 -0300] "GET /cormun/static/Resources/Logo2019_Grande.png HTTP/1.1" 200 31733
190.171.142.10 - - [04/Oct/2021:09:42:20 -0300] "GET /cormun/static/Resources/indicator.gif HTTP/1.1" 200 1553
190.171.142.10 - - [04/Oct/2021:09:42:20 -0300] "GET /cormun/static/Resources/PXToolsLoginBackground.png HTTP/1.1" 200 1164
190.171.142.10 - - [04/Oct/2021:09:42:20 -0300] "GET /cormun/static/Resources/PXToolsLoginTop.png HTTP/1.1" 200 1337
190.171.142.10 - - [04/Oct/2021:09:42:20 -0300] "GET /cormun/static/Resources/PXToolsButtonLeft.png HTTP/1.1" 200 1310
190.171.142.10 - - [04/Oct/2021:09:42:20 -0300] "GET /cormun/static/Resources/PXToolsButtonRight.png HTTP/1.1" 200 1294
190.171.142.10 - - [04/Oct/2021:09:42:20 -0300] "GET /cormun/static/Resources/PXToolsButtonBackground.png HTTP/1.1" 200 1176
190.171.142.10 - - [04/Oct/2021:09:42:20 -0300] "GET /cormun/static/Resources/PXToolsLoginBottom.png HTTP/1.1" 200 1389
190.171.141.106 - - [04/Oct/2021:09:42:23 -0300] "POST /cormun/servlet/solicitudotadjuntos?gx-no-cache=1633350662876 HTTP/1.1" 200 26
200.111.191.213 - - [04/Oct/2021:09:42:27 -0300] "GET /cormun/servlet/trlicencias? HTTP/1.1" 200 14397
190.171.141.90 - - [04/Oct/2021:09:42:27 -0300] "POST /cormun/servlet/solicitudot?gx-no-cache=1633350651104 HTTP/1.1" 200 118
190.171.141.90 - - [04/Oct/2021:09:42:27 -0300] "GET /cormun/servlet/solicitudot?97bfe8dd353e94fabb0ef0dc90f16bbf7450788b4c568bffdeb6047b56fa5fda633d738470d3e1a0c5085ec6f6f0d057af60eac60ddb463a4bd0972439ad5d17afb9caf22bd506b1aba786d10caf760db65b9d4592b9ae25e6d466e2e5f905693c95267e20ec660c7070c8ba5bcb1e16,gx-no-cache=1633350651158 HTTP/1.1" 200 110
190.171.141.90 - - [04/Oct/2021:09:42:28 -0300] "POST /cormun/servlet/solicitudot?gx-no-cache=1633350651190 HTTP/1.1" 200 97
200.111.191.213 - - [04/Oct/2021:09:42:28 -0300] "GET /cormun/servlet/trlicencias? HTTP/1.1" 200 14409
190.171.152.242 - - [04/Oct/2021:09:42:29 -0300] "POST /cormun/servlet/hlogin?bdb18282615e155723fbb1c72ebc17b0,gx-no-cache=1633350652463 HTTP/1.1" 200 90
190.171.152.242 - - [04/Oct/2021:09:42:29 -0300] "GET /cormun/servlet/hpexe_link HTTP/1.1" 200 953
190.171.152.242 - - [04/Oct/2021:09:42:30 -0300] "GET /cormun/servlet/hhome HTTP/1.1" 200 3996
200.111.191.213 - - [04/Oct/2021:09:42:30 -0300] "POST /cormun/servlet/trlicencias?d705f848190e4d89932ae781a6f8fefb,,gx-no-cache=1633350900539 HTTP/1.1" 200 101
200.111.191.213 - - [04/Oct/2021:09:42:30 -0300] "GET /cormun/Licencias-4581.xls HTTP/1.1" 200 12800
190.171.152.242 - - [04/Oct/2021:09:42:30 -0300] "GET /cormun/servlet/hhome HTTP/1.1" 200 3992
190.171.141.106 - - [04/Oct/2021:09:42:32 -0300] "GET /cormun/servlet/solicitudotadjuntos?c8b18451260ec79eddba3883f40eee6f9fbf1f5c38e54dd016eded52c1e9ba12,gx-no-cache=1633350671363 HTTP/1.1" 200 30
190.171.141.106 - - [04/Oct/2021:09:42:32 -0300] "GET /cormun/servlet/solicitudotadjuntos?c8b18451260ec79eddba3883f40eee6f9fbf1f5c38e54dd016eded52c1e9ba12,gx-no-cache=1633350671383 HTTP/1.1" 200 30
190.171.141.106 - - [04/Oct/2021:09:42:32 -0300] "POST /cormun/servlet/solicitudotadjuntos?3a52db0eebb14e68e67dfd57098c69a3,INS,2021,17590,,1, HTTP/1.1" 200 116
190.171.141.106 - - [04/Oct/2021:09:42:32 -0300] "GET /cormun/servlet/hpexe_return? HTTP/1.1" 200 1026
190.171.141.106 - - [04/Oct/2021:09:42:32 -0300] "GET /cormun/servlet/trsolicitudadjuntos?2021,17590, HTTP/1.1" 200 9712
190.171.141.106 - - [04/Oct/2021:09:42:33 -0300] "GET /cormun/servlet/trsolicitudadjuntos?2021,17590, HTTP/1.1" 200 9709
190.171.152.242 - - [04/Oct/2021:09:42:35 -0300] "GET /cormun/servlet/trlicencias? HTTP/1.1" 200 11505
190.171.152.242 - - [04/Oct/2021:09:42:36 -0300] "GET /cormun/servlet/trlicencias? HTTP/1.1" 200 11502
190.171.141.106 - - [04/Oct/2021:09:42:39 -0300] "GET /cormun/servlet/solicitudotadjuntos?INS,2021,17590,,1, HTTP/1.1" 200 6270
190.171.141.106 - - [04/Oct/2021:09:42:39 -0300] "GET /cormun/static/about:blank HTTP/1.1" 404 1011
190.171.141.106 - - [04/Oct/2021:09:42:39 -0300] "GET /cormun/servlet/solicitudotadjuntos?INS,2021,17590,,1, HTTP/1.1" 200 6263
190.171.141.106 - - [04/Oct/2021:09:42:40 -0300] "GET /cormun/servlet/solicitudotadjuntos?c8b18451260ec79eddba3883f40eee6fba82fa7c31aaede6fc1807c526d7440b57abaed80c73870606fa45dc7c0dc1a9,gx-no-cache=1633350679123 HTTP/1.1" 200 30
190.171.141.106 - - [04/Oct/2021:09:42:40 -0300] "POST /cormun/servlet/solicitudotadjuntos?3a52db0eebb14e68e67dfd57098c69a3,INS,2021,17590,,1,,gx-no-cache=1633350679166 HTTP/1.1" 200 4190
190.171.141.106 - - [04/Oct/2021:09:42:43 -0300] "POST /cormun/servlet/solicitudotadjuntos?gx-no-cache=1633350682996 HTTP/1.1" 200 26
190.171.141.106 - - [04/Oct/2021:09:42:51 -0300] "GET /cormun/servlet/solicitudotadjuntos?c8b18451260ec79eddba3883f40eee6f9fbf1f5c38e54dd016eded52c1e9ba12,gx-no-cache=1633350690435 HTTP/1.1" 200 30
190.171.141.106 - - [04/Oct/2021:09:42:51 -0300] "GET /cormun/servlet/solicitudotadjuntos?c8b18451260ec79eddba3883f40eee6f9fbf1f5c38e54dd016eded52c1e9ba12,gx-no-cache=1633350690467 HTTP/1.1" 200 30
190.171.141.106 - - [04/Oct/2021:09:42:51 -0300] "POST /cormun/servlet/solicitudotadjuntos?3a52db0eebb14e68e67dfd57098c69a3,INS,2021,17590,,1, HTTP/1.1" 200 116
190.171.141.106 - - [04/Oct/2021:09:42:51 -0300] "GET /cormun/servlet/hpexe_return? HTTP/1.1" 200 1026
190.171.141.106 - - [04/Oct/2021:09:42:52 -0300] "GET /cormun/servlet/trsolicitudadjuntos?2021,17590, HTTP/1.1" 200 9981
190.171.141.106 - - [04/Oct/2021:09:42:52 -0300] "GET /cormun/servlet/trsolicitudadjuntos?2021,17590, HTTP/1.1" 200 9979
190.171.141.106 - - [04/Oct/2021:09:43:12 -0300] "GET /cormun/servlet/solicitudotadjuntos?INS,2021,17590,,1, HTTP/1.1" 200 6270
190.171.141.106 - - [04/Oct/2021:09:43:12 -0300] "GET /cormun/static/about:blank HTTP/1.1" 404 1011
190.171.141.106 - - [04/Oct/2021:09:43:13 -0300] "GET /cormun/servlet/solicitudotadjuntos?INS,2021,17590,,1, HTTP/1.1" 200 6264
190.171.141.106 - - [04/Oct/2021:09:43:13 -0300] "GET /cormun/servlet/solicitudotadjuntos?c8b18451260ec79eddba3883f40eee6fba82fa7c31aaede6fc1807c526d7440b57abaed80c73870606fa45dc7c0dc1a9,gx-no-cache=1633350712551 HTTP/1.1" 200 30
190.171.141.106 - - [04/Oct/2021:09:43:13 -0300] "POST /cormun/servlet/solicitudotadjuntos?3a52db0eebb14e68e67dfd57098c69a3,INS,2021,17590,,1,,gx-no-cache=1633350712590 HTTP/1.1" 200 4190
190.171.142.42 - - [04/Oct/2021:09:43:15 -0300] "GET /cormun/servlet/solicitudot?b452cc95e7e4f8062f3fcddb35fbf801e35d7c0f86601eb6dada5043a0f940deb429e3f79870b046d14d60898546d5ea,gx-no-cache=1633350699145 HTTP/1.1" 200 30
190.171.141.106 - - [04/Oct/2021:09:43:20 -0300] "POST /cormun/servlet/solicitudotadjuntos?gx-no-cache=1633350719557 HTTP/1.1" 200 26
190.171.142.42 - - [04/Oct/2021:09:43:23 -0300] "GET /cormun/servlet/solicitudot?b452cc95e7e4f8062f3fcddb35fbf80122ea8917c38848afbcbd2f08d8e0243443e0f6a32fec14fff21a164d043820535644c14dcd3a099c28d3353c585211f9,gx-no-cache=1633350706782 HTTP/1.1" 200 30
190.171.142.42 - - [04/Oct/2021:09:43:23 -0300] "GET /cormun/servlet/solicitudot?b452cc95e7e4f8062f3fcddb35fbf8014aebc43145b4b907ef9b899008adc36d,gx-no-cache=1633350706816 HTTP/1.1" 200 51
190.171.142.42 - - [04/Oct/2021:09:43:23 -0300] "POST /cormun/servlet/solicitudot?gx-no-cache=1633350706850 HTTP/1.1" 200 255
190.171.142.42 - - [04/Oct/2021:09:43:23 -0300] "GET /cormun/servlet/solicitudot?b452cc95e7e4f8062f3fcddb35fbf801a01f164eee68c4d27f63cae6eb1bd7eb9878b2680d6494cd28977e8e2271b7bb5bad6c7d3982ce4c778aea87ec7846ab3b19250d39696916acdfe5fcc80740f175f2402c295d3785ec15e07e9a615821176c3618a5ba57695b1497eafdda2439a69aa78d57b02f8f0280ccf589a3d5262ca8afcebe90ad746b82854809501f9fe0030535272e003e3be26fc85e95468a7de2774053331c9a189a78359d0ffdc1fa3b7bf0cd937a34380ba1106000908edc8ba5cf7de562b48d062652fdcd894242b888e85608a5c24eaab6809ccec16f375f47ad22e2aa97390676e56ed850963b8ff58a30dcee81503caf5c199ae4098118e24617a1901200a810b1cad0a6dcaea7413ad169659cab192eac11bb2377b1c49f0c373c4fbecebfef6e4a906509ee9aaf6348d991cc5ee64d8222c763d3583c8fc5ea37c3e2882a0e5b08e1198495847c4c68cdc263826fd66d8c4e6193b79aed21575e39802972cc895918d51778ac02452349a671d4164d24d53439d0,gx-no-cache=1633350706894 HTTP/1.1" 200 30
190.171.152.114 - - [04/Oct/2021:09:43:27 -0300] "GET /cormun/servlet/trreportecargahoraria? HTTP/1.1" 200 11673
190.171.152.114 - - [04/Oct/2021:09:43:27 -0300] "GET /cormun/servlet/trreportecargahoraria? HTTP/1.1" 200 11672
190.171.142.42 - - [04/Oct/2021:09:43:28 -0300] "POST /cormun/servlet/solicitudot?gx-no-cache=1633350711817 HTTP/1.1" 200 30
190.171.141.106 - - [04/Oct/2021:09:43:28 -0300] "GET /cormun/servlet/solicitudotadjuntos?c8b18451260ec79eddba3883f40eee6f9fbf1f5c38e54dd016eded52c1e9ba12,gx-no-cache=1633350728004 HTTP/1.1" 200 30
190.171.141.106 - - [04/Oct/2021:09:43:28 -0300] "GET /cormun/servlet/solicitudotadjuntos?c8b18451260ec79eddba3883f40eee6f9fbf1f5c38e54dd016eded52c1e9ba12,gx-no-cache=1633350728024 HTTP/1.1" 200 30
190.171.141.106 - - [04/Oct/2021:09:43:29 -0300] "POST /cormun/servlet/solicitudotadjuntos?3a52db0eebb14e68e67dfd57098c69a3,INS,2021,17590,,1, HTTP/1.1" 200 116
190.171.141.106 - - [04/Oct/2021:09:43:29 -0300] "GET /cormun/servlet/hpexe_return? HTTP/1.1" 200 1026
190.171.141.106 - - [04/Oct/2021:09:43:29 -0300] "GET /cormun/servlet/trsolicitudadjuntos?2021,17590, HTTP/1.1" 200 10148
190.171.141.90 - - [04/Oct/2021:09:43:29 -0300] "POST /cormun/servlet/solicitudot?gx-no-cache=1633350712770 HTTP/1.1" 200 118
190.171.141.90 - - [04/Oct/2021:09:43:29 -0300] "GET /cormun/servlet/solicitudot?97bfe8dd353e94fabb0ef0dc90f16bbf7450788b4c568bffdeb6047b56fa5fda633d738470d3e1a0c5085ec6f6f0d057af60eac60ddb463a4bd0972439ad5d17afb9caf22bd506b1aba786d10caf760db65b9d4592b9ae25e6d466e2e5f905693c95267e20ec660c7070c8ba5bcb1e16,gx-no-cache=1633350712823 HTTP/1.1" 200 110
190.171.141.106 - - [04/Oct/2021:09:43:30 -0300] "GET /cormun/servlet/trsolicitudadjuntos?2021,17590, HTTP/1.1" 200 10145
190.171.142.42 - - [04/Oct/2021:09:43:31 -0300] "POST /cormun/servlet/solicitudot?gx-no-cache=1633350715113 HTTP/1.1" 200 30
190.171.141.106 - - [04/Oct/2021:09:43:38 -0300] "GET /cormun/servlet/solicitudotadjuntos?INS,2021,17590,,2, HTTP/1.1" 200 6268
190.171.141.106 - - [04/Oct/2021:09:43:38 -0300] "GET /cormun/static/about:blank HTTP/1.1" 404 1011
190.171.141.106 - - [04/Oct/2021:09:43:38 -0300] "GET /cormun/servlet/solicitudotadjuntos?INS,2021,17590,,2, HTTP/1.1" 200 6261
190.171.141.106 - - [04/Oct/2021:09:43:38 -0300] "GET /cormun/servlet/solicitudotadjuntos?c8b18451260ec79eddba3883f40eee6fba82fa7c31aaede6fc1807c526d7440b57abaed80c73870606fa45dc7c0dc1a9,gx-no-cache=1633350737907 HTTP/1.1" 200 30
190.171.141.106 - - [04/Oct/2021:09:43:39 -0300] "POST /cormun/servlet/solicitudotadjuntos?3a52db0eebb14e68e67dfd57098c69a3,INS,2021,17590,,2,,gx-no-cache=1633350737964 HTTP/1.1" 200 4330
190.171.152.114 - - [04/Oct/2021:09:43:41 -0300] "GET /cormun/servlet/vereportecargahoraria?2021,19400481,E-28,, HTTP/1.1" 200 7393
190.171.152.114 - - [04/Oct/2021:09:43:41 -0300] "GET /cormun/pexe_scrolldiv.js HTTP/1.1" 404 1009
190.171.152.114 - - [04/Oct/2021:09:43:41 -0300] "GET /cormun/servlet/vereportecargahoraria?2021,19400481,E-28,, HTTP/1.1" 200 7393
190.171.152.114 - - [04/Oct/2021:09:43:42 -0300] "POST /cormun/servlet/acontrolpreferencessavestate?None,PRIOS,true HTTP/1.1" 200 35
190.171.141.122 - - [04/Oct/2021:09:43:42 -0300] "GET /cormun/servlet/hlogin HTTP/1.1" 200 1722
190.171.142.42 - - [04/Oct/2021:09:43:43 -0300] "POST /cormun/servlet/solicitudot?gx-no-cache=1633350726768 HTTP/1.1" 200 1440
190.171.142.42 - - [04/Oct/2021:09:43:43 -0300] "POST /cormun/servlet/solicitudot?gx-no-cache=1633350726822 HTTP/1.1" 200 38
190.171.141.122 - - [04/Oct/2021:09:43:43 -0300] "GET /cormun/servlet/hlogin HTTP/1.1" 200 1733
190.171.141.122 - - [04/Oct/2021:09:43:43 -0300] "GET /favicon.ico HTTP/1.1" 200 21630
190.171.141.106 - - [04/Oct/2021:09:43:44 -0300] "POST /cormun/servlet/solicitudotadjuntos?gx-no-cache=1633350743750 HTTP/1.1" 200 26
190.171.141.122 - - [04/Oct/2021:09:43:46 -0300] "POST /cormun/servlet/hlogin?f3f688563b9241f52298f11d08c6741b,gx-no-cache=1633350729624 HTTP/1.1" 200 90
190.171.141.122 - - [04/Oct/2021:09:43:46 -0300] "GET /cormun/servlet/hpexe_link HTTP/1.1" 200 948
190.171.141.122 - - [04/Oct/2021:09:43:46 -0300] "GET /cormun/servlet/hhome HTTP/1.1" 200 4213
190.171.141.122 - - [04/Oct/2021:09:43:47 -0300] "GET /cormun/servlet/hhome HTTP/1.1" 200 4209
190.171.141.122 - - [04/Oct/2021:09:43:51 -0300] "GET /cormun/servlet/trpermisosgoce? HTTP/1.1" 200 8514
190.171.141.122 - - [04/Oct/2021:09:43:51 -0300] "GET /cormun/static/gxcfg.js?2020121631564 HTTP/1.1" 200 953
190.171.141.122 - - [04/Oct/2021:09:43:51 -0300] "GET /cormun/static/trpermisosgoce.js?2020121633681 HTTP/1.1" 200 35904
190.171.141.122 - - [04/Oct/2021:09:43:51 -0300] "GET /cormun/servlet/trpermisosgoce? HTTP/1.1" 200 8512
190.171.152.114 - - [04/Oct/2021:09:43:56 -0300] "GET /cormun/servlet/trcontratosolicitud? HTTP/1.1" 200 14575
190.171.152.114 - - [04/Oct/2021:09:43:56 -0300] "GET /cormun/static/gxcfg.js?20199142011887 HTTP/1.1" 200 953
190.171.152.114 - - [04/Oct/2021:09:43:56 -0300] "GET /cormun/static/trcontratosolicitud.js?201991420111348 HTTP/1.1" 200 28237
190.171.141.106 - - [04/Oct/2021:09:43:56 -0300] "GET /cormun/servlet/solicitudotadjuntos?c8b18451260ec79eddba3883f40eee6f9fbf1f5c38e54dd016eded52c1e9ba12,gx-no-cache=1633350755460 HTTP/1.1" 200 30
190.171.141.106 - - [04/Oct/2021:09:43:56 -0300] "GET /cormun/servlet/solicitudotadjuntos?c8b18451260ec79eddba3883f40eee6f9fbf1f5c38e54dd016eded52c1e9ba12,gx-no-cache=1633350755527 HTTP/1.1" 200 30
190.171.152.114 - - [04/Oct/2021:09:43:56 -0300] "GET /cormun//static/Resources/PXToolsGridNew.png HTTP/1.1" 200 427
190.171.141.106 - - [04/Oct/2021:09:43:56 -0300] "POST /cormun/servlet/solicitudotadjuntos?3a52db0eebb14e68e67dfd57098c69a3,INS,2021,17590,,2, HTTP/1.1" 200 116
190.171.141.106 - - [04/Oct/2021:09:43:56 -0300] "GET /cormun/servlet/hpexe_return? HTTP/1.1" 200 1026
190.171.152.114 - - [04/Oct/2021:09:43:56 -0300] "GET /cormun/servlet/trcontratosolicitud? HTTP/1.1" 200 14582
190.171.141.106 - - [04/Oct/2021:09:43:57 -0300] "GET /cormun/servlet/trsolicitudadjuntos?2021,17590, HTTP/1.1" 200 10295
190.171.141.122 - - [04/Oct/2021:09:43:57 -0300] "GET /cormun/servlet/permisogoce?INS,0,,, HTTP/1.1" 200 7102
190.171.141.122 - - [04/Oct/2021:09:43:57 -0300] "GET /cormun/static/gxcfg.js?20201215124560 HTTP/1.1" 200 953
190.171.141.122 - - [04/Oct/2021:09:43:57 -0300] "GET /cormun/static/permisogoce.js?20201215124939 HTTP/1.1" 200 27919
190.171.141.106 - - [04/Oct/2021:09:43:57 -0300] "GET /cormun/servlet/trsolicitudadjuntos?2021,17590, HTTP/1.1" 200 10294
190.171.141.122 - - [04/Oct/2021:09:43:57 -0300] "GET /cormun/servlet/permisogoce?INS,0,,, HTTP/1.1" 200 7101
190.171.141.122 - - [04/Oct/2021:09:43:59 -0300] "GET /cormun/servlet/prfichaempleado?,MD,,gxPopupLevel%3D0%3B HTTP/1.1" 200 9227
190.171.142.42 - - [04/Oct/2021:09:43:59 -0300] "GET /cormun/servlet/solicitudot?b452cc95e7e4f8062f3fcddb35fbf80173f57c56f990a1db229bb1ea1f40c0197e0333dc015b198290483e14f95d82cd435eaee46ac75f34f2af20a01427b91c52fb22a8f666e0b632c25d6df7022e536f462462222199a5cac46477f5bef5aa65ea8199f50a065458ebaf2016b47022,gx-no-cache=1633350743161 HTTP/1.1" 200 110
190.171.142.42 - - [04/Oct/2021:09:43:59 -0300] "POST /cormun/servlet/solicitudot?gx-no-cache=1633350743200 HTTP/1.1" 200 110
190.171.141.106 - - [04/Oct/2021:09:44:02 -0300] "GET /cormun/servlet/solicitudotadjuntos?INS,2021,17590,,2, HTTP/1.1" 200 6266
190.171.141.106 - - [04/Oct/2021:09:44:03 -0300] "GET /cormun/static/about:blank HTTP/1.1" 404 1011
190.171.141.106 - - [04/Oct/2021:09:44:03 -0300] "GET /cormun/servlet/solicitudotadjuntos?INS,2021,17590,,2, HTTP/1.1" 200 6260
190.171.141.106 - - [04/Oct/2021:09:44:03 -0300] "GET /cormun/servlet/solicitudotadjuntos?c8b18451260ec79eddba3883f40eee6fba82fa7c31aaede6fc1807c526d7440b57abaed80c73870606fa45dc7c0dc1a9,gx-no-cache=1633350762572 HTTP/1.1" 200 30
190.171.141.106 - - [04/Oct/2021:09:44:03 -0300] "POST /cormun/servlet/solicitudotadjuntos?3a52db0eebb14e68e67dfd57098c69a3,INS,2021,17590,,2,,gx-no-cache=1633350762707 HTTP/1.1" 200 4328
190.171.141.106 - - [04/Oct/2021:09:44:07 -0300] "POST /cormun/servlet/solicitudotadjuntos?gx-no-cache=1633350766612 HTTP/1.1" 200 26
190.171.142.42 - - [04/Oct/2021:09:44:08 -0300] "GET /cormun/servlet/solicitudot?b452cc95e7e4f8062f3fcddb35fbf801c7b69c47101118d775a457764f95d3c8e47025bdb3581a0f8e2f02886eb283f98b48ea8f1567c07f6ea0a222c0e2d5a9b87fc30ef8da07473de3cc3a3729f27173af8f4a1379301c521d14a05c5816a8ebf9939ea319164b6e294855fdc49dfac5dcc13270c74001b3f94b957bfb28f2f8b0dc3f211dedb4aa0c4912e034a7eee35c578ff0ab45ebe29f6d12d5b8e3e4,gx-no-cache=1633350751627 HTTP/1.1" 200 29
190.171.141.122 - - [04/Oct/2021:09:44:08 -0300] "POST /cormun/servlet/prfichaempleado?f3f688563b9241f52298f11d08c6741b,,MD,,gxPopupLevel%3D0%3B,gx-no-cache=1633350751883 HTTP/1.1" 200 3160
190.171.141.90 - - [04/Oct/2021:09:44:09 -0300] "POST /cormun/servlet/solicitudot?gx-no-cache=1633350752315 HTTP/1.1" 200 118
190.171.141.90 - - [04/Oct/2021:09:44:09 -0300] "GET /cormun/servlet/solicitudot?97bfe8dd353e94fabb0ef0dc90f16bbf7450788b4c568bffdeb6047b56fa5fda633d738470d3e1a0c5085ec6f6f0d057af60eac60ddb463a4bd0972439ad5d17afb9caf22bd506b1aba786d10caf760db65b9d4592b9ae25e6d466e2e5f905693c95267e20ec660c7070c8ba5bcb1e16,gx-no-cache=1633350752372 HTTP/1.1" 200 110
190.171.142.42 - - [04/Oct/2021:09:44:09 -0300] "GET /cormun/static/menuarrow.gif HTTP/1.1" 404 1015
190.171.142.42 - - [04/Oct/2021:09:44:12 -0300] "GET /cormun/servlet/solicitudot?b452cc95e7e4f8062f3fcddb35fbf80148de26a1f13c9fa4d276e20b9385c0f3ee66911e671e9a3fd4f8079ca2e5458f,gx-no-cache=1633350755642 HTTP/1.1" 200 30
190.171.141.106 - - [04/Oct/2021:09:44:14 -0300] "GET /cormun/servlet/solicitudotadjuntos?c8b18451260ec79eddba3883f40eee6f9fbf1f5c38e54dd016eded52c1e9ba12,gx-no-cache=1633350773907 HTTP/1.1" 200 30
190.171.141.106 - - [04/Oct/2021:09:44:14 -0300] "GET /cormun/servlet/solicitudotadjuntos?c8b18451260ec79eddba3883f40eee6f9fbf1f5c38e54dd016eded52c1e9ba12,gx-no-cache=1633350773925 HTTP/1.1" 200 30
190.171.141.106 - - [04/Oct/2021:09:44:15 -0300] "POST /cormun/servlet/solicitudotadjuntos?3a52db0eebb14e68e67dfd57098c69a3,INS,2021,17590,,2, HTTP/1.1" 200 116
190.171.141.106 - - [04/Oct/2021:09:44:15 -0300] "GET /cormun/servlet/hpexe_return? HTTP/1.1" 200 1026
190.171.141.106 - - [04/Oct/2021:09:44:15 -0300] "GET /cormun/servlet/trsolicitudadjuntos?2021,17590, HTTP/1.1" 200 10456
190.171.141.106 - - [04/Oct/2021:09:44:15 -0300] "GET /cormun/servlet/trsolicitudadjuntos?2021,17590, HTTP/1.1" 200 10455
190.171.142.42 - - [04/Oct/2021:09:44:19 -0300] "POST /cormun/servlet/solicitudot?gx-no-cache=1633350762529 HTTP/1.1" 200 30
190.171.141.106 - - [04/Oct/2021:09:44:22 -0300] "GET /cormun/servlet/solicitudotadjuntos?INS,2021,17590,,2, HTTP/1.1" 200 6266
190.171.141.106 - - [04/Oct/2021:09:44:22 -0300] "GET /cormun/static/about:blank HTTP/1.1" 404 1011
190.171.141.106 - - [04/Oct/2021:09:44:22 -0300] "GET /cormun/servlet/solicitudotadjuntos?INS,2021,17590,,2, HTTP/1.1" 200 6260
190.171.141.106 - - [04/Oct/2021:09:44:22 -0300] "GET /cormun/servlet/solicitudotadjuntos?c8b18451260ec79eddba3883f40eee6fba82fa7c31aaede6fc1807c526d7440b57abaed80c73870606fa45dc7c0dc1a9,gx-no-cache=1633350781928 HTTP/1.1" 200 30
190.171.141.106 - - [04/Oct/2021:09:44:23 -0300] "POST /cormun/servlet/solicitudotadjuntos?3a52db0eebb14e68e67dfd57098c69a3,INS,2021,17590,,2,,gx-no-cache=1633350781965 HTTP/1.1" 200 4328
190.171.141.90 - - [04/Oct/2021:09:44:23 -0300] "GET /cormun/static/Resources/resize.gif HTTP/1.1" 200 77
190.171.141.90 - - [04/Oct/2021:09:44:23 -0300] "GET /cormun/servlet/prlicenciaspermisos?15992008,L,,MD,,gxPopupLevel%3D0%3B HTTP/1.1" 200 5385
190.171.141.90 - - [04/Oct/2021:09:44:23 -0300] "GET /cormun/static/Resources/PXTools/ClosePrompt.png HTTP/1.1" 200 1036
190.171.141.90 - - [04/Oct/2021:09:44:23 -0300] "GET /cormun/static/gxcfg.js?2020121559567 HTTP/1.1" 200 953
190.171.141.90 - - [04/Oct/2021:09:44:23 -0300] "GET /cormun/static/prlicenciaspermisos.js?2020121559821 HTTP/1.1" 200 13379
190.171.141.90 - - [04/Oct/2021:09:44:23 -0300] "GET /cormun/static/menusearch.js?20201214473581 HTTP/1.1" 200 1424
190.171.141.90 - - [04/Oct/2021:09:44:23 -0300] "GET /cormun/static/hmpwkw011.js?20201215495555 HTTP/1.1" 200 1968
190.171.141.90 - - [04/Oct/2021:09:44:23 -0300] "GET /cormun/static/Resources/PXToolsMenuSearch.png HTTP/1.1" 200 336
190.171.141.90 - - [04/Oct/2021:09:44:23 -0300] "GET /cormun/static/Resources/PXToolsMenuSearchCancel.png HTTP/1.1" 200 306
190.171.141.106 - - [04/Oct/2021:09:44:29 -0300] "POST /cormun/servlet/solicitudotadjuntos?gx-no-cache=1633350788877 HTTP/1.1" 200 26
190.171.152.114 - - [04/Oct/2021:09:44:31 -0300] "POST /cormun/servlet/trcontratosolicitud?c913716c9b48eebda38edb0eb0a32bf0,,gx-no-cache=1633350774066 HTTP/1.1" 200 12367
190.171.152.114 - - [04/Oct/2021:09:44:31 -0300] "GET /cormun/static/Resources/PXToolsGridNext.gif HTTP/1.1" 200 369
190.171.152.114 - - [04/Oct/2021:09:44:31 -0300] "GET /cormun/static/Resources/PXToolsGridLast.gif HTTP/1.1" 200 370
190.171.142.42 - - [04/Oct/2021:09:44:34 -0300] "POST /cormun/servlet/solicitudot?ecaa051c14a282c5b3db2f2a7307afef,INS,0,0,false,,gx-no-cache=1633350777817 HTTP/1.1" 200 93
190.171.142.42 - - [04/Oct/2021:09:44:34 -0300] "GET /cormun/servlet/hpexe_return? HTTP/1.1" 200 1009
190.171.142.42 - - [04/Oct/2021:09:44:35 -0300] "GET /cormun/servlet/trsolicitudot HTTP/1.1" 200 8813
190.171.142.42 - - [04/Oct/2021:09:44:35 -0300] "GET /cormun/servlet/trsolicitudot HTTP/1.1" 200 8808
190.171.142.42 - - [04/Oct/2021:09:44:38 -0300] "POST /cormun/servlet/trsolicitudot?ecaa051c14a282c5b3db2f2a7307afef,gx-no-cache=1633350782110 HTTP/1.1" 200 4595
190.171.142.42 - - [04/Oct/2021:09:44:38 -0300] "GET /cormun/static/Shared/jqueryui/images/ui-bg_highlight-soft_100_c6c2c8_1x100.png HTTP/1.1" 404 1117
190.171.142.42 - - [04/Oct/2021:09:44:38 -0300] "GET /cormun/static/Shared/jqueryui/images/ui-icons_82798d_256x240.png HTTP/1.1" 404 1089
190.171.142.42 - - [04/Oct/2021:09:44:38 -0300] "GET /cormun/static/Shared/jqueryui/images/ui-bg_flat_55_fafafa_40x100.png HTTP/1.1" 404 1097
190.171.142.42 - - [04/Oct/2021:09:44:38 -0300] "GET /cormun/static/Shared/jqueryui/images/ui-icons_8d78a5_256x240.png HTTP/1.1" 404 1089
190.171.142.42 - - [04/Oct/2021:09:44:39 -0300] "POST /cormun/servlet/trsolicitudot?ecaa051c14a282c5b3db2f2a7307afef,gx-no-cache=1633350782304 HTTP/1.1" 200 4346
190.171.141.106 - - [04/Oct/2021:09:44:39 -0300] "GET /cormun/servlet/solicitudotadjuntos?c8b18451260ec79eddba3883f40eee6f9fbf1f5c38e54dd016eded52c1e9ba12,gx-no-cache=1633350798307 HTTP/1.1" 200 30
190.171.141.106 - - [04/Oct/2021:09:44:39 -0300] "GET /cormun/servlet/solicitudotadjuntos?c8b18451260ec79eddba3883f40eee6f9fbf1f5c38e54dd016eded52c1e9ba12,gx-no-cache=1633350798342 HTTP/1.1" 200 30
190.171.141.106 - - [04/Oct/2021:09:44:39 -0300] "POST /cormun/servlet/solicitudotadjuntos?3a52db0eebb14e68e67dfd57098c69a3,INS,2021,17590,,2, HTTP/1.1" 200 116
190.171.141.106 - - [04/Oct/2021:09:44:39 -0300] "GET /cormun/servlet/hpexe_return? HTTP/1.1" 200 1026
190.171.141.106 - - [04/Oct/2021:09:44:40 -0300] "GET /cormun/servlet/trsolicitudadjuntos?2021,17590, HTTP/1.1" 200 10588
190.171.141.106 - - [04/Oct/2021:09:44:40 -0300] "GET /cormun/servlet/trsolicitudadjuntos?2021,17590, HTTP/1.1" 200 10591
190.171.141.106 - - [04/Oct/2021:09:45:03 -0300] "GET /cormun/servlet/hhome HTTP/1.1" 200 3318
190.171.141.106 - - [04/Oct/2021:09:45:03 -0300] "GET /cormun/servlet/hhome HTTP/1.1" 200 3327
190.171.141.106 - - [04/Oct/2021:09:45:03 -0300] "GET /cormun/servlet/hlogin HTTP/1.1" 200 1742
190.171.141.122 - - [04/Oct/2021:09:45:06 -0300] "GET /cormun/servlet/trrenuncias? HTTP/1.1" 200 7908
190.171.141.106 - - [04/Oct/2021:09:45:07 -0300] "POST /cormun/servlet/hlogin?b0c6e445eaf3f3abbec8e4ff92fdcb40,gx-no-cache=1633350826252 HTTP/1.1" 200 90
190.171.141.106 - - [04/Oct/2021:09:45:07 -0300] "GET /cormun/servlet/hpexe_link HTTP/1.1" 200 955
190.171.141.106 - - [04/Oct/2021:09:45:07 -0300] "GET /cormun/servlet/hhome HTTP/1.1" 200 4230
190.171.141.122 - - [04/Oct/2021:09:45:07 -0300] "GET /cormun/servlet/trrenuncias? HTTP/1.1" 200 7902
190.171.141.106 - - [04/Oct/2021:09:45:07 -0300] "GET /cormun/servlet/hhome HTTP/1.1" 200 4227
190.171.141.122 - - [04/Oct/2021:09:45:11 -0300] "GET /cormun/servlet/trrenunciasadjuntos?272,8736918, HTTP/1.1" 200 6228
190.171.141.122 - - [04/Oct/2021:09:45:11 -0300] "GET /cormun/static/gxui/gxui-all.css?110300 HTTP/1.1" 200 2179
190.171.141.122 - - [04/Oct/2021:09:45:11 -0300] "GET /cormun/static/gxcfg.js?20199142247550 HTTP/1.1" 200 953
190.171.141.122 - - [04/Oct/2021:09:45:11 -0300] "GET /cormun/static/calendar-system.css?75620 HTTP/1.1" 200 5572
190.171.141.106 - - [04/Oct/2021:09:45:11 -0300] "GET /cormun/servlet/trsolicitudot? HTTP/1.1" 200 8843
190.171.141.122 - - [04/Oct/2021:09:45:11 -0300] "GET /cormun/static/trrenunciasadjuntos.js?201991422475829 HTTP/1.1" 200 15250
190.171.141.122 - - [04/Oct/2021:09:45:11 -0300] "GET /cormun/static/Shared/ext/resources/css/ext-all.css?205870 HTTP/1.1" 200 416045
190.171.141.106 - - [04/Oct/2021:09:45:11 -0300] "GET /cormun/servlet/trsolicitudot? HTTP/1.1" 200 8841
190.171.141.122 - - [04/Oct/2021:09:45:12 -0300] "GET /cormun/servlet/trrenunciasadjuntos?272,8736918, HTTP/1.1" 200 6228
190.171.141.122 - - [04/Oct/2021:09:45:12 -0300] "POST /cormun/servlet/acontrolpreferencessavestate?None,JFERRARI,true HTTP/1.1" 200 35
190.171.141.122 - - [04/Oct/2021:09:45:16 -0300] "GET /cormun/servlet/renunciasadjuntos?INS,272,, HTTP/1.1" 200 5563
190.171.141.122 - - [04/Oct/2021:09:45:16 -0300] "GET /cormun/static/gxcfg.js?20201215181587 HTTP/1.1" 200 953
190.171.141.122 - - [04/Oct/2021:09:45:16 -0300] "GET /cormun/static/renunciasadjuntos.js?20201215181632 HTTP/1.1" 200 5937
190.171.141.122 - - [04/Oct/2021:09:45:16 -0300] "GET /cormun/static/about:blank HTTP/1.1" 404 1011
190.171.141.122 - - [04/Oct/2021:09:45:16 -0300] "GET /cormun/servlet/renunciasadjuntos?INS,272,, HTTP/1.1" 200 5550
190.171.141.106 - - [04/Oct/2021:09:45:22 -0300] "POST /cormun/servlet/trsolicitudot?b0c6e445eaf3f3abbec8e4ff92fdcb40,,gx-no-cache=1633350841108 HTTP/1.1" 200 6151
190.171.141.106 - - [04/Oct/2021:09:45:22 -0300] "GET /cormun/static/Shared/jqueryui/images/ui-bg_highlight-soft_100_c6c2c8_1x100.png HTTP/1.1" 404 1117
190.171.141.106 - - [04/Oct/2021:09:45:22 -0300] "GET /cormun/static/Shared/jqueryui/images/ui-icons_82798d_256x240.png HTTP/1.1" 404 1089
190.171.141.106 - - [04/Oct/2021:09:45:22 -0300] "GET /cormun/static/Shared/jqueryui/images/ui-bg_flat_55_fafafa_40x100.png HTTP/1.1" 404 1097
190.171.141.106 - - [04/Oct/2021:09:45:22 -0300] "GET /cormun/static/Shared/jqueryui/images/ui-icons_8d78a5_256x240.png HTTP/1.1" 404 1089
190.171.141.122 - - [04/Oct/2021:09:45:38 -0300] "POST /cormun/servlet/renunciasadjuntos?f3f688563b9241f52298f11d08c6741b,INS,272,, HTTP/1.1" 200 116
190.171.141.122 - - [04/Oct/2021:09:45:38 -0300] "GET /cormun/servlet/hpexe_return? HTTP/1.1" 200 1018
190.171.141.122 - - [04/Oct/2021:09:45:38 -0300] "GET /cormun/servlet/trrenunciasadjuntos?272,8736918, HTTP/1.1" 200 6657
190.171.141.122 - - [04/Oct/2021:09:45:38 -0300] "GET /cormun/servlet/trrenunciasadjuntos?272,8736918, HTTP/1.1" 200 6654
190.171.141.122 - - [04/Oct/2021:09:45:41 -0300] "POST /cormun/servlet/trrenunciasadjuntos?f3f688563b9241f52298f11d08c6741b,272,8736918,,gx-no-cache=1633350845167 HTTP/1.1" 200 90
190.171.141.122 - - [04/Oct/2021:09:45:42 -0300] "GET /cormun/servlet/hpexe_link HTTP/1.1" 200 967
190.171.141.122 - - [04/Oct/2021:09:45:42 -0300] "GET /cormun/servlet/trrenuncias HTTP/1.1" 200 7908
190.171.141.122 - - [04/Oct/2021:09:45:42 -0300] "GET /cormun/servlet/trrenuncias HTTP/1.1" 200 7907
190.171.141.122 - - [04/Oct/2021:09:45:46 -0300] "GET /cormun/servlet/arenunciaprn?272,PU HTTP/1.1" 200 1560
190.171.141.122 - - [04/Oct/2021:09:46:11 -0300] "GET /cormun/servlet/trpermisosgoce? HTTP/1.1" 200 8516
190.171.141.122 - - [04/Oct/2021:09:46:12 -0300] "GET /cormun/servlet/trpermisosgoce? HTTP/1.1" 200 8516
190.171.141.122 - - [04/Oct/2021:09:46:16 -0300] "GET /cormun/servlet/permisogoce?INS,0,,, HTTP/1.1" 200 7107
190.171.141.122 - - [04/Oct/2021:09:46:17 -0300] "GET /cormun/servlet/permisogoce?INS,0,,, HTTP/1.1" 200 7106
190.171.141.122 - - [04/Oct/2021:09:46:24 -0300] "GET /cormun/servlet/permisogoce?8d50474604dd8dde56ea03818158eded8ab38092eb9b1cea01da486ac3a828393a966dc53462321b117652402b43f09d62d466b18acfd1944e260f8719389df4,gx-no-cache=1633350887390 HTTP/1.1" 200 82
190.171.141.122 - - [04/Oct/2021:09:46:28 -0300] "GET /cormun/static/menuarrow.gif HTTP/1.1" 404 1015
190.171.141.122 - - [04/Oct/2021:09:46:34 -0300] "GET /cormun/servlet/permisogoce?8d50474604dd8dde56ea03818158eded960e6738826d4158219c952734296a62417a5775732b5cb02f8ff68dcc7196acca7489f5f725ee31bcd9d331ab2c5ef7,gx-no-cache=1633350898050 HTTP/1.1" 200 46
190.171.141.122 - - [04/Oct/2021:09:46:36 -0300] "POST /cormun/servlet/permisogoce?f3f688563b9241f52298f11d08c6741b,INS,0,,,,gx-no-cache=1633350899671 HTTP/1.1" 200 93
190.171.141.122 - - [04/Oct/2021:09:46:36 -0300] "GET /cormun/servlet/hpexe_return? HTTP/1.1" 200 1005
190.171.141.122 - - [04/Oct/2021:09:46:37 -0300] "GET /cormun/servlet/trpermisosgoce HTTP/1.1" 200 8802
190.171.141.122 - - [04/Oct/2021:09:46:37 -0300] "GET /cormun/servlet/trpermisosgoce HTTP/1.1" 200 8798
190.171.141.122 - - [04/Oct/2021:09:46:40 -0300] "GET /cormun/servlet/apermisogoceprn?16737009,P,20211004093222,PU HTTP/1.1" 200 1659
190.171.142.42 - - [04/Oct/2021:09:47:48 -0300] "GET /cormun/servlet/hlogin HTTP/1.1" 200 1743
190.171.141.122 - - [04/Oct/2021:09:48:17 -0300] "GET /cormun/servlet/trrenuncias? HTTP/1.1" 200 7908
190.171.141.122 - - [04/Oct/2021:09:48:18 -0300] "GET /cormun/servlet/trrenuncias? HTTP/1.1" 200 7907
192.168.10.94 - - [04/Oct/2021:09:49:02 -0300] "GET /cormun/servlet/trsolicitudgral HTTP/1.1" 200 19387
192.168.10.94 - - [04/Oct/2021:09:49:03 -0300] "GET /cormun/servlet/trsolicitudgral HTTP/1.1" 200 19386
190.171.141.106 - - [04/Oct/2021:09:49:10 -0300] "GET /cormun/servlet/treventos?2021,17590, HTTP/1.1" 200 6293
190.171.141.106 - - [04/Oct/2021:09:49:11 -0300] "GET /cormun/static/gxcfg.js?20201215584657 HTTP/1.1" 200 953
190.171.141.106 - - [04/Oct/2021:09:49:11 -0300] "GET /cormun/static/treventos.js?2020121558506 HTTP/1.1" 200 16064
190.171.141.106 - - [04/Oct/2021:09:49:11 -0300] "GET /cormun/servlet/treventos?2021,17590, HTTP/1.1" 200 6292
190.171.141.106 - - [04/Oct/2021:09:49:14 -0300] "GET /cormun/servlet/trsolicitudot? HTTP/1.1" 200 8843
190.171.141.106 - - [04/Oct/2021:09:49:14 -0300] "GET /cormun/servlet/trsolicitudot? HTTP/1.1" 200 8841
192.168.10.94 - - [04/Oct/2021:09:49:15 -0300] "POST /cormun/servlet/trsolicitudgral?e7d718232ab81459c504eb306cd0dd7c,,gx-no-cache=1633350920296 HTTP/1.1" 200 5997
190.171.141.106 - - [04/Oct/2021:09:49:19 -0300] "POST /cormun/servlet/trsolicitudot?b0c6e445eaf3f3abbec8e4ff92fdcb40,,gx-no-cache=1633351078315 HTTP/1.1" 200 6151
181.212.43.89 - - [04/Oct/2021:09:49:29 -0300] "GET /cormun/servlet/trlicencias? HTTP/1.1" 200 6039
181.212.43.89 - - [04/Oct/2021:09:49:29 -0300] "GET /cormun/servlet/hlogin HTTP/1.1" 200 1743
181.212.43.89 - - [04/Oct/2021:09:49:29 -0300] "GET /cormun/servlet/trlicencias? HTTP/1.1" 200 6038
181.212.43.89 - - [04/Oct/2021:09:49:37 -0300] "POST /cormun/servlet/hlogin?88569861fbe620d1a019001e718fabe3,gx-no-cache=1633351081956 HTTP/1.1" 200 90
181.212.43.89 - - [04/Oct/2021:09:49:37 -0300] "GET /cormun/servlet/hpexe_link HTTP/1.1" 200 958
181.212.43.89 - - [04/Oct/2021:09:49:37 -0300] "GET /cormun/servlet/trlicencias HTTP/1.1" 200 13062
181.212.43.89 - - [04/Oct/2021:09:49:38 -0300] "GET /cormun/servlet/trlicencias HTTP/1.1" 200 13025
181.212.43.89 - - [04/Oct/2021:09:49:41 -0300] "GET /cormun/servlet/trlicencias? HTTP/1.1" 200 13040
181.212.43.89 - - [04/Oct/2021:09:49:42 -0300] "GET /cormun/servlet/trlicencias? HTTP/1.1" 200 13045
190.171.141.106 - - [04/Oct/2021:09:49:43 -0300] "POST /cormun/servlet/trsolicitudot?b0c6e445eaf3f3abbec8e4ff92fdcb40,,gx-no-cache=1633351102044 HTTP/1.1" 200 6151
190.171.142.50 - - [04/Oct/2021:09:50:34 -0300] "GET /cormun/servlet/hlogin HTTP/1.1" 200 1726
190.171.142.50 - - [04/Oct/2021:09:50:34 -0300] "GET /cormun/servlet/hlogin HTTP/1.1" 200 1737
190.171.142.50 - - [04/Oct/2021:09:50:59 -0300] "POST /cormun/servlet/hlogin?3963cf9e78b9ca5382e3f4a7ba51982a,gx-no-cache=1633354758680 HTTP/1.1" 200 90
190.171.142.50 - - [04/Oct/2021:09:50:59 -0300] "GET /cormun/servlet/hpexe_link HTTP/1.1" 200 954
190.171.141.106 - - [04/Oct/2021:09:50:59 -0300] "GET /cormun/servlet/hhome HTTP/1.1" 200 3316
190.171.142.50 - - [04/Oct/2021:09:50:59 -0300] "GET /cormun/servlet/hhome HTTP/1.1" 200 3945
190.171.142.50 - - [04/Oct/2021:09:50:59 -0300] "GET /cormun/servlet/hhome HTTP/1.1" 200 3941
190.171.141.106 - - [04/Oct/2021:09:51:00 -0300] "GET /cormun/servlet/hhome HTTP/1.1" 200 3326
190.171.141.106 - - [04/Oct/2021:09:51:00 -0300] "GET /cormun/servlet/hlogin HTTP/1.1" 200 1737
190.171.141.90 - - [04/Oct/2021:09:51:01 -0300] "POST /cormun/servlet/solicitudot?30636a63bd81ae4020f382cd05e10cd4,INS,0,0,false,,gx-no-cache=1633351164074 HTTP/1.1" 200 93
190.171.141.90 - - [04/Oct/2021:09:51:02 -0300] "GET /cormun/servlet/hpexe_return? HTTP/1.1" 200 1008
190.171.141.90 - - [04/Oct/2021:09:51:02 -0300] "GET /cormun/servlet/trsolicitudot? HTTP/1.1" 200 7193
190.171.142.50 - - [04/Oct/2021:09:51:02 -0300] "GET /cormun/servlet/trsolicitudot? HTTP/1.1" 200 7168
190.171.141.90 - - [04/Oct/2021:09:51:03 -0300] "GET /cormun/servlet/trsolicitudot? HTTP/1.1" 200 7190
190.171.142.50 - - [04/Oct/2021:09:51:03 -0300] "GET /cormun/servlet/trsolicitudot? HTTP/1.1" 200 7167
190.171.141.106 - - [04/Oct/2021:09:51:03 -0300] "POST /cormun/servlet/hlogin?25653dbe30a52d655d6c1ceb21d366c0,gx-no-cache=1633351182627 HTTP/1.1" 200 90
190.171.141.106 - - [04/Oct/2021:09:51:03 -0300] "GET /cormun/servlet/hpexe_link HTTP/1.1" 200 951
190.171.141.106 - - [04/Oct/2021:09:51:04 -0300] "GET /cormun/servlet/hhome HTTP/1.1" 200 4228
190.171.141.106 - - [04/Oct/2021:09:51:04 -0300] "GET /cormun/servlet/hhome HTTP/1.1" 200 4225
190.171.142.50 - - [04/Oct/2021:09:51:06 -0300] "GET /cormun/servlet/solicitudot?INS,0,0,false, HTTP/1.1" 200 15519
190.171.142.50 - - [04/Oct/2021:09:51:06 -0300] "GET /cormun/servlet/solicitudot?INS,0,0,false, HTTP/1.1" 200 15526
190.171.141.106 - - [04/Oct/2021:09:51:07 -0300] "GET /cormun/servlet/trsolicitudot? HTTP/1.1" 200 8842
190.171.141.106 - - [04/Oct/2021:09:51:07 -0300] "GET /cormun/servlet/trsolicitudot? HTTP/1.1" 200 8840
190.171.141.106 - - [04/Oct/2021:09:51:13 -0300] "POST /cormun/servlet/trsolicitudot?25653dbe30a52d655d6c1ceb21d366c0,,gx-no-cache=1633351192236 HTTP/1.1" 200 107
190.171.141.106 - - [04/Oct/2021:09:51:13 -0300] "GET /cormun/servlet/trsolicitudadjuntos?2021,17590, HTTP/1.1" 200 10589
