190.171.141.106 - - [04/Oct/2021:09:51:14 -0300] "GET /cormun/servlet/trsolicitudadjuntos?2021,17590, HTTP/1.1" 200 10595
190.171.142.50 - - [04/Oct/2021:09:51:26 -0300] "POST /cormun/servlet/solicitudot?gx-no-cache=1633354785963 HTTP/1.1" 200 3828
190.171.142.50 - - [04/Oct/2021:09:51:26 -0300] "POST /cormun/servlet/solicitudot?3963cf9e78b9ca5382e3f4a7ba51982a,INS,0,0,false,,gx-no-cache=1633354786137 HTTP/1.1" 200 12358
190.171.141.106 - - [04/Oct/2021:09:51:34 -0300] "GET /cormun/servlet/solicitudotadjuntos?DLT,2021,17590,CERTIF1,0, HTTP/1.1" 200 6243
190.171.141.106 - - [04/Oct/2021:09:51:34 -0300] "GET /cormun/static/Shared/jqueryui/images/ui-bg_highlight-soft_100_c6c2c8_1x100.png HTTP/1.1" 404 1117
190.171.141.106 - - [04/Oct/2021:09:51:34 -0300] "GET /cormun/static/Shared/jqueryui/images/ui-icons_82798d_256x240.png HTTP/1.1" 404 1089
190.171.141.106 - - [04/Oct/2021:09:51:34 -0300] "GET /cormun/static/Shared/jqueryui/images/ui-bg_flat_55_fafafa_40x100.png HTTP/1.1" 404 1097
190.171.141.106 - - [04/Oct/2021:09:51:34 -0300] "GET /cormun/static/Shared/jqueryui/images/ui-icons_8d78a5_256x240.png HTTP/1.1" 404 1089
190.171.141.106 - - [04/Oct/2021:09:51:34 -0300] "GET /cormun/servlet/solicitudotadjuntos?DLT,2021,17590,CERTIF1,0, HTTP/1.1" 200 6236
190.171.141.106 - - [04/Oct/2021:09:51:34 -0300] "GET /cormun/PublicTempStorage/antecedentes2422711.pdf HTTP/1.1" 200 175118
190.171.141.106 - - [04/Oct/2021:09:51:45 -0300] "POST /cormun/servlet/solicitudotadjuntos?25653dbe30a52d655d6c1ceb21d366c0,DLT,2021,17590,CERTIF1,0,,gx-no-cache=1633351224138 HTTP/1.1" 200 93
190.171.141.106 - - [04/Oct/2021:09:51:45 -0300] "GET /cormun/servlet/hpexe_return? HTTP/1.1" 200 1033
190.171.141.106 - - [04/Oct/2021:09:51:46 -0300] "GET /cormun/servlet/trsolicitudadjuntos?2021,17590, HTTP/1.1" 200 10449
190.171.141.106 - - [04/Oct/2021:09:51:46 -0300] "GET /cormun/servlet/trsolicitudadjuntos?2021,17590, HTTP/1.1" 200 10448
190.171.141.106 - - [04/Oct/2021:09:52:05 -0300] "GET /cormun/servlet/solicitudotadjuntos?INS,2021,17590,,1, HTTP/1.1" 200 6272
190.171.141.106 - - [04/Oct/2021:09:52:05 -0300] "GET /cormun/static/about:blank HTTP/1.1" 404 1011
190.171.141.106 - - [04/Oct/2021:09:52:05 -0300] "GET /cormun/servlet/solicitudotadjuntos?INS,2021,17590,,1, HTTP/1.1" 200 6264
190.171.141.106 - - [04/Oct/2021:09:52:05 -0300] "GET /cormun/servlet/solicitudotadjuntos?d38edf6b52e1fb4d4c2799a66675b6dbfaa0f382925f58e3c6429412312296256f57405887ce15005afafdbabf8f3a27,gx-no-cache=1633351244922 HTTP/1.1" 200 30
190.171.141.106 - - [04/Oct/2021:09:52:06 -0300] "POST /cormun/servlet/solicitudotadjuntos?25653dbe30a52d655d6c1ceb21d366c0,INS,2021,17590,,1,,gx-no-cache=1633351244965 HTTP/1.1" 200 4193
190.171.141.90 - - [04/Oct/2021:09:52:08 -0300] "GET /cormun/servlet/solicitudot?INS,0,0,false, HTTP/1.1" 200 15547
190.171.141.90 - - [04/Oct/2021:09:52:08 -0300] "GET /cormun/servlet/solicitudot?INS,0,0,false, HTTP/1.1" 200 15555
190.171.141.106 - - [04/Oct/2021:09:52:11 -0300] "POST /cormun/servlet/solicitudotadjuntos?gx-no-cache=1633351250941 HTTP/1.1" 200 26
190.171.142.50 - - [04/Oct/2021:09:52:13 -0300] "POST /cormun/servlet/solicitudot?3963cf9e78b9ca5382e3f4a7ba51982a,INS,0,0,false,,gx-no-cache=1633354832713 HTTP/1.1" 200 93
190.171.142.50 - - [04/Oct/2021:09:52:13 -0300] "GET /cormun/servlet/hpexe_return? HTTP/1.1" 200 1010
190.171.142.50 - - [04/Oct/2021:09:52:13 -0300] "GET /cormun/servlet/trsolicitudot HTTP/1.1" 200 7171
190.171.142.50 - - [04/Oct/2021:09:52:13 -0300] "GET /cormun/servlet/trsolicitudot HTTP/1.1" 200 7167
190.171.142.50 - - [04/Oct/2021:09:52:16 -0300] "GET /cormun/servlet/solicitudot?INS,0,0,false, HTTP/1.1" 200 15519
190.171.142.50 - - [04/Oct/2021:09:52:17 -0300] "GET /cormun/servlet/solicitudot?INS,0,0,false, HTTP/1.1" 200 15526
190.171.141.106 - - [04/Oct/2021:09:52:22 -0300] "GET /cormun/servlet/solicitudotadjuntos?d38edf6b52e1fb4d4c2799a66675b6dba3d646b606532cfabb456f19bc7e6112,gx-no-cache=1633351261123 HTTP/1.1" 200 30
190.171.141.106 - - [04/Oct/2021:09:52:22 -0300] "GET /cormun/servlet/solicitudotadjuntos?d38edf6b52e1fb4d4c2799a66675b6dba3d646b606532cfabb456f19bc7e6112,gx-no-cache=1633351261146 HTTP/1.1" 200 30
190.171.141.106 - - [04/Oct/2021:09:52:22 -0300] "POST /cormun/servlet/solicitudotadjuntos?25653dbe30a52d655d6c1ceb21d366c0,INS,2021,17590,,1, HTTP/1.1" 200 116
190.171.141.106 - - [04/Oct/2021:09:52:22 -0300] "GET /cormun/servlet/hpexe_return? HTTP/1.1" 200 1026
190.171.141.106 - - [04/Oct/2021:09:52:22 -0300] "GET /cormun/servlet/trsolicitudadjuntos?2021,17590, HTTP/1.1" 200 10595
190.171.141.106 - - [04/Oct/2021:09:52:23 -0300] "GET /cormun/servlet/trsolicitudadjuntos?2021,17590, HTTP/1.1" 200 10593
190.171.142.50 - - [04/Oct/2021:09:52:27 -0300] "POST /cormun/servlet/solicitudot?gx-no-cache=1633354847121 HTTP/1.1" 200 3822
190.171.142.50 - - [04/Oct/2021:09:52:28 -0300] "POST /cormun/servlet/solicitudot?3963cf9e78b9ca5382e3f4a7ba51982a,INS,0,0,false,,gx-no-cache=1633354847297 HTTP/1.1" 200 12347
190.171.142.50 - - [04/Oct/2021:09:52:35 -0300] "GET /cormun/servlet/solicitudot?172a0a81b62e3b2468064f80e19f6e4fc47d63147ed296ecf8ea807f916839a95ee0f6d8a6828dd3f23d9c90bdab0b54,gx-no-cache=1633354855410 HTTP/1.1" 200 30
190.171.142.50 - - [04/Oct/2021:09:52:35 -0300] "GET /cormun/servlet/solicitudot?172a0a81b62e3b2468064f80e19f6e4fff733a55c2c11c0207399e8f9e7a047bc142be0f80a49a1a670d26aaac990108,gx-no-cache=1633354855443 HTTP/1.1" 200 30
190.171.142.50 - - [04/Oct/2021:09:52:35 -0300] "GET /cormun/servlet/solicitudot?172a0a81b62e3b2468064f80e19f6e4f8967cd8bf4c64e8ad723dca7cefbde02,gx-no-cache=1633354855472 HTTP/1.1" 200 45
190.171.142.50 - - [04/Oct/2021:09:52:35 -0300] "POST /cormun/servlet/solicitudot?gx-no-cache=1633354855503 HTTP/1.1" 200 255
190.171.142.50 - - [04/Oct/2021:09:52:35 -0300] "GET /cormun/servlet/solicitudot?172a0a81b62e3b2468064f80e19f6e4f27f703e866ff4cd4fc93623fbd364b5733ababa6c405c407a9711a0cd4cc727f701c9077bf46b80442bc8c7cd913c23351532180631f94412305fc45aac59948e65b16f419516f5aa829787c6a9d88ac7d80d0ad1b4a2cea732338f48ba8b66b1dc48d9212093d10ea45fdc69d74a8b5ce9e757611e6df8f2ab219ac1449c4e9f31a6c0a29e05e98e7a4e45842d8989d7a079b68cc7f99f4efb98817e5661ca61f771431fad5f3eb30829011897cabfb93ebc349e0d0575015a86cfeb5f84e2b0c1f99f7bf3f7d637d15023b29685475f92ed287f2623a5cec5142971baa56cf971ff11bc715e7e0b308a4358696796e5f251627527af8cc7e5b097bfaba9f0cb4898ad3a6531ea8563a0da310333a503b63610e66081f38fc4bf4d69bd2d84b7ff03c44203efafde46461a5ce56903cb86809d8389746524b86e3a4f2e5ffd487b5b374b0ed568bb5dcd7c00ab84013e3eb28fd8ebd82913e8b6945b4fd6e5ed3008c18e4bce7defdc4603af3358810,gx-no-cache=1633354855540 HTTP/1.1" 200 30
190.171.141.106 - - [04/Oct/2021:09:52:38 -0300] "GET /cormun/PublicTempStorage/titulo324085.pdf HTTP/1.1" 200 132678
190.171.142.50 - - [04/Oct/2021:09:52:38 -0300] "POST /cormun/servlet/solicitudot?gx-no-cache=1633354858576 HTTP/1.1" 200 30
190.171.142.50 - - [04/Oct/2021:09:52:42 -0300] "POST /cormun/servlet/solicitudot?gx-no-cache=1633354862091 HTTP/1.1" 200 1439
190.171.142.50 - - [04/Oct/2021:09:52:42 -0300] "POST /cormun/servlet/solicitudot?gx-no-cache=1633354862152 HTTP/1.1" 200 38
190.171.142.50 - - [04/Oct/2021:09:52:42 -0300] "GET /cormun/servlet/solicitudot?172a0a81b62e3b2468064f80e19f6e4fd2c5144bd8e09f7f4dacba1dbbacc5a3c846835708494014da703b8773f006f4b08387aec02f42a703cb9ad39bb4d7b28bfe1517d47b057ba9e3374bd56c1fba87c9d61b0204475423ae66ad951ac1c7279a0e830e228be73c2cb9b7225a807d,gx-no-cache=1633354862189 HTTP/1.1" 200 110
190.171.142.50 - - [04/Oct/2021:09:52:49 -0300] "POST /cormun/servlet/solicitudot?gx-no-cache=1633354868899 HTTP/1.1" 200 97
190.171.142.50 - - [04/Oct/2021:09:52:54 -0300] "GET /cormun/servlet/solicitudot?172a0a81b62e3b2468064f80e19f6e4ff9cfb209ca01d59b0ac2af3eae8d24161b38bcdc8c37a069477a4c83a62456a0c883e5a95b02158e8aa5a518d8cf8fbd827daf65fb98d2e416cbec1a22572b5702d6a8a521db44f562abc039aca0aff2dc721c0c03358e1f66f85e6bba2dbc1bc5b6b1223f663a08a3ebb05df7d87fe4313d9db411ee3415e97e8e5bdfd16117029acbd561d68d35558ee5b8231ed2a551c71e4e1a38edf4976b8e0587c89b39b41c9c5526baf7c67fa4998984a7955b097d4aa46e61b2972d52fc88c8737075,gx-no-cache=1633354874745 HTTP/1.1" 200 29
190.171.142.50 - - [04/Oct/2021:09:52:57 -0300] "GET /cormun/static/menuarrow.gif HTTP/1.1" 404 1015
190.171.142.50 - - [04/Oct/2021:09:53:00 -0300] "GET /cormun/servlet/solicitudot?172a0a81b62e3b2468064f80e19f6e4f6974ac680aea1b6a906ec2bf24509553a7138192d9997a5ca8da3f598cdabb93,gx-no-cache=1633354880503 HTTP/1.1" 200 30
190.171.142.50 - - [04/Oct/2021:09:53:23 -0300] "POST /cormun/servlet/solicitudot?gx-no-cache=1633354903058 HTTP/1.1" 200 30
190.171.142.50 - - [04/Oct/2021:09:53:49 -0300] "POST /cormun/servlet/solicitudot?3963cf9e78b9ca5382e3f4a7ba51982a,INS,0,0,false,,gx-no-cache=1633354928562 HTTP/1.1" 200 93
190.171.142.50 - - [04/Oct/2021:09:53:49 -0300] "GET /cormun/servlet/hpexe_return? HTTP/1.1" 200 1010
190.171.142.50 - - [04/Oct/2021:09:53:49 -0300] "GET /cormun/servlet/trsolicitudot HTTP/1.1" 200 8592
190.171.142.50 - - [04/Oct/2021:09:53:49 -0300] "GET /cormun/servlet/trsolicitudot HTTP/1.1" 200 8588
190.171.142.50 - - [04/Oct/2021:09:53:53 -0300] "GET /cormun/servlet/solicitudot?INS,0,0,false, HTTP/1.1" 200 15519
190.171.142.50 - - [04/Oct/2021:09:53:53 -0300] "GET /cormun/servlet/solicitudot?INS,0,0,false, HTTP/1.1" 200 15526
190.171.142.50 - - [04/Oct/2021:09:54:12 -0300] "POST /cormun/servlet/solicitudot?gx-no-cache=1633354952483 HTTP/1.1" 200 3822
190.171.142.50 - - [04/Oct/2021:09:54:12 -0300] "POST /cormun/servlet/solicitudot?3963cf9e78b9ca5382e3f4a7ba51982a,INS,0,0,false,,gx-no-cache=1633354952641 HTTP/1.1" 200 12346
190.171.142.50 - - [04/Oct/2021:09:54:15 -0300] "GET /cormun/servlet/solicitudot?172a0a81b62e3b2468064f80e19f6e4fc47d63147ed296ecf8ea807f916839a95ee0f6d8a6828dd3f23d9c90bdab0b54,gx-no-cache=1633354955257 HTTP/1.1" 200 30
190.171.142.50 - - [04/Oct/2021:09:54:15 -0300] "GET /cormun/servlet/solicitudot?172a0a81b62e3b2468064f80e19f6e4fff733a55c2c11c0207399e8f9e7a047bc142be0f80a49a1a670d26aaac990108,gx-no-cache=1633354955296 HTTP/1.1" 200 30
190.171.142.50 - - [04/Oct/2021:09:54:15 -0300] "GET /cormun/servlet/solicitudot?172a0a81b62e3b2468064f80e19f6e4f8967cd8bf4c64e8ad723dca7cefbde02,gx-no-cache=1633354955328 HTTP/1.1" 200 45
190.171.142.50 - - [04/Oct/2021:09:54:15 -0300] "POST /cormun/servlet/solicitudot?gx-no-cache=1633354955374 HTTP/1.1" 200 255
190.171.142.50 - - [04/Oct/2021:09:54:15 -0300] "GET /cormun/servlet/solicitudot?172a0a81b62e3b2468064f80e19f6e4f27f703e866ff4cd4fc93623fbd364b5733ababa6c405c407a9711a0cd4cc727f701c9077bf46b80442bc8c7cd913c23351532180631f94412305fc45aac59948e65b16f419516f5aa829787c6a9d88ac7d80d0ad1b4a2cea732338f48ba8b66b1dc48d9212093d10ea45fdc69d74a8b5ce9e757611e6df8f2ab219ac1449c4e9f31a6c0a29e05e98e7a4e45842d8989d7a079b68cc7f99f4efb98817e5661ca61f771431fad5f3eb30829011897cabfb93ebc349e0d0575015a86cfeb5f84e2b0c1f99f7bf3f7d637d15023b29685475f92ed287f2623a5cec5142971baa56cf971ff11bc715e7e0b308a4358696796e5f251627527af8cc7e5b097bfaba9f0cb4898ad3a6531ea8563a0da310333a503b63610e66081f38fc4bf4d69bd2d84b7ff03c44203efafde46461a5ce56903cb86809d8389746524b86e3a4f2e5ffd487b5b374b0ed568bb5dcd7c00ab84013e3eb28fd8ebd82913e8b6945b4fd6e5ed3008c18e4bce7defdc4603af3358810,gx-no-cache=1633354955410 HTTP/1.1" 200 30
190.171.142.50 - - [04/Oct/2021:09:54:19 -0300] "POST /cormun/servlet/solicitudot?gx-no-cache=1633354959576 HTTP/1.1" 200 30
190.171.142.50 - - [04/Oct/2021:09:54:30 -0300] "GET /cormun/static/Resources/resize.gif HTTP/1.1" 200 77
190.171.142.50 - - [04/Oct/2021:09:54:30 -0300] "GET /cormun/static/Resources/PXTools/ClosePrompt.png HTTP/1.1" 200 1036
190.171.142.50 - - [04/Oct/2021:09:54:30 -0300] "GET /cormun/servlet/prsolicitudot?15807225,,,,,MD,,gxPopupLevel%3D0%3B HTTP/1.1" 200 6315
190.171.142.50 - - [04/Oct/2021:09:54:30 -0300] "GET /cormun/static/gxcfg.js?20201215593468 HTTP/1.1" 200 953
190.171.142.50 - - [04/Oct/2021:09:54:30 -0300] "GET /cormun/static/prsolicitudot.js?20201215593721 HTTP/1.1" 200 13680
190.171.142.50 - - [04/Oct/2021:09:54:34 -0300] "POST /cormun/servlet/solicitudot?gx-no-cache=1633354973879 HTTP/1.1" 200 1439
190.171.142.50 - - [04/Oct/2021:09:54:34 -0300] "POST /cormun/servlet/solicitudot?gx-no-cache=1633354973916 HTTP/1.1" 200 38
190.171.142.50 - - [04/Oct/2021:09:54:34 -0300] "GET /cormun/servlet/solicitudot?172a0a81b62e3b2468064f80e19f6e4fd2c5144bd8e09f7f4dacba1dbbacc5a3c846835708494014da703b8773f006f4b08387aec02f42a703cb9ad39bb4d7b28bfe1517d47b057ba9e3374bd56c1fba87c9d61b0204475423ae66ad951ac1c7279a0e830e228be73c2cb9b7225a807d,gx-no-cache=1633354973945 HTTP/1.1" 200 110
190.171.142.50 - - [04/Oct/2021:09:54:34 -0300] "POST /cormun/servlet/solicitudot?gx-no-cache=1633354973976 HTTP/1.1" 200 69
190.171.142.50 - - [04/Oct/2021:09:54:34 -0300] "GET /cormun/servlet/solicitudot?172a0a81b62e3b2468064f80e19f6e4ff9cfb209ca01d59b0ac2af3eae8d24161b38bcdc8c37a069477a4c83a62456a06bcf48f8c760fc8e9fbaa0e830c10a76827daf65fb98d2e416cbec1a22572b5702d6a8a521db44f562abc039aca0aff2dc721c0c03358e1f66f85e6bba2dbc1bc5b6b1223f663a08a3ebb05df7d87fe4313d9db411ee3415e97e8e5bdfd16117029acbd561d68d35558ee5b8231ed2a551c71e4e1a38edf4976b8e0587c89b39b41c9c5526baf7c67fa4998984a7955b097d4aa46e61b2972d52fc88c8737075,gx-no-cache=1633354974009 HTTP/1.1" 200 29
190.171.142.50 - - [04/Oct/2021:09:54:34 -0300] "GET /cormun/servlet/solicitudot?172a0a81b62e3b2468064f80e19f6e4f6974ac680aea1b6a906ec2bf24509553a7138192d9997a5ca8da3f598cdabb93,gx-no-cache=1633354974035 HTTP/1.1" 200 30
190.171.142.50 - - [04/Oct/2021:09:54:46 -0300] "POST /cormun/servlet/solicitudot?gx-no-cache=1633354986155 HTTP/1.1" 200 102
186.67.172.234 - - [04/Oct/2021:09:55:03 -0300] "GET /cormun/servlet/hlogin HTTP/1.1" 200 1719
186.67.172.234 - - [04/Oct/2021:09:55:03 -0300] "GET /cormun/servlet/hlogin HTTP/1.1" 200 1730
186.67.172.234 - - [04/Oct/2021:09:55:12 -0300] "POST /cormun/servlet/hlogin?13b3fc14d4ae85f604ac6229b3706a2b,gx-no-cache=1633351390305 HTTP/1.1" 200 90
186.67.172.234 - - [04/Oct/2021:09:55:12 -0300] "GET /cormun/servlet/hpexe_link HTTP/1.1" 200 947
186.67.172.234 - - [04/Oct/2021:09:55:12 -0300] "GET /cormun/servlet/hhome HTTP/1.1" 200 4365
186.67.172.234 - - [04/Oct/2021:09:55:12 -0300] "GET /cormun/servlet/hhome HTTP/1.1" 200 4361
190.171.142.50 - - [04/Oct/2021:09:55:13 -0300] "POST /cormun/servlet/solicitudot?gx-no-cache=1633355012762 HTTP/1.1" 200 33
190.171.142.50 - - [04/Oct/2021:09:55:13 -0300] "POST /cormun/servlet/solicitudot?3963cf9e78b9ca5382e3f4a7ba51982a,INS,0,0,false,,gx-no-cache=1633355012886 HTTP/1.1" 200 93
190.171.142.50 - - [04/Oct/2021:09:55:13 -0300] "GET /cormun/servlet/hpexe_return? HTTP/1.1" 200 1010
190.171.142.50 - - [04/Oct/2021:09:55:13 -0300] "GET /cormun/servlet/trsolicitudot HTTP/1.1" 200 8927
190.171.142.50 - - [04/Oct/2021:09:55:13 -0300] "GET /cormun/servlet/trsolicitudot HTTP/1.1" 200 8924
181.212.43.89 - - [04/Oct/2021:09:55:14 -0300] "POST /cormun/servlet/solicitudot?633a9afe37c430a5bbb014635050e6e8,INS,0,0,false,,gx-no-cache=1633351417819 HTTP/1.1" 200 12513
181.212.43.89 - - [04/Oct/2021:09:55:14 -0300] "GET /cormun/static/Shared/jqueryui/images/ui-bg_highlight-soft_100_c6c2c8_1x100.png HTTP/1.1" 404 1117
181.212.43.89 - - [04/Oct/2021:09:55:14 -0300] "GET /cormun/static/Shared/jqueryui/images/ui-icons_82798d_256x240.png HTTP/1.1" 404 1089
181.212.43.89 - - [04/Oct/2021:09:55:14 -0300] "GET /cormun/static/Shared/jqueryui/images/ui-bg_flat_55_994d53_40x100.png HTTP/1.1" 404 1097
181.212.43.89 - - [04/Oct/2021:09:55:15 -0300] "GET /cormun/static/Shared/jqueryui/images/ui-icons_ebccce_256x240.png HTTP/1.1" 404 1089
186.67.172.234 - - [04/Oct/2021:09:55:15 -0300] "GET /cormun/servlet/trlicencias? HTTP/1.1" 200 16351
186.67.172.234 - - [04/Oct/2021:09:55:16 -0300] "GET /cormun/servlet/trlicencias? HTTP/1.1" 200 16348
190.171.141.106 - - [04/Oct/2021:09:55:20 -0300] "GET /cormun/servlet/hhome HTTP/1.1" 200 3314
190.171.141.106 - - [04/Oct/2021:09:55:21 -0300] "GET /cormun/servlet/hhome HTTP/1.1" 200 3324
190.171.141.106 - - [04/Oct/2021:09:55:21 -0300] "GET /cormun/servlet/hlogin HTTP/1.1" 200 1736
190.171.141.106 - - [04/Oct/2021:09:55:24 -0300] "POST /cormun/servlet/hlogin?bc3a2d28f02c5f1d85c3a4fbeabf8338,gx-no-cache=1633351443747 HTTP/1.1" 200 90
190.171.141.106 - - [04/Oct/2021:09:55:25 -0300] "GET /cormun/servlet/hpexe_link HTTP/1.1" 200 952
190.171.141.106 - - [04/Oct/2021:09:55:25 -0300] "GET /cormun/servlet/hhome HTTP/1.1" 200 4227
190.171.141.106 - - [04/Oct/2021:09:55:25 -0300] "GET /cormun/servlet/hhome HTTP/1.1" 200 4223
190.171.142.50 - - [04/Oct/2021:09:55:28 -0300] "POST /cormun/servlet/trsolicitudot?3963cf9e78b9ca5382e3f4a7ba51982a,gx-no-cache=1633355028107 HTTP/1.1" 200 112
190.171.142.50 - - [04/Oct/2021:09:55:28 -0300] "GET /cormun/servlet/solicitudot?UPD,2021,17592,false, HTTP/1.1" 200 16097
190.171.142.50 - - [04/Oct/2021:09:55:28 -0300] "GET /cormun/servlet/solicitudot?UPD,2021,17592,false, HTTP/1.1" 200 16108
190.171.141.106 - - [04/Oct/2021:09:55:29 -0300] "GET /cormun/servlet/trsolicitudot? HTTP/1.1" 200 8840
190.171.142.50 - - [04/Oct/2021:09:55:29 -0300] "POST /cormun/servlet/solicitudot?gx-no-cache=1633355029058 HTTP/1.1" 200 3792
190.171.142.50 - - [04/Oct/2021:09:55:29 -0300] "POST /cormun/servlet/solicitudot?3963cf9e78b9ca5382e3f4a7ba51982a,UPD,2021,17592,false,,gx-no-cache=1633355029217 HTTP/1.1" 200 12397
190.171.142.50 - - [04/Oct/2021:09:55:29 -0300] "GET /cormun/servlet/solicitudot?172a0a81b62e3b2468064f80e19f6e4fc47d63147ed296ecf8ea807f916839a9610414179ddbe541f47a9df0d0c473ef,gx-no-cache=1633355029385 HTTP/1.1" 200 30
190.171.142.50 - - [04/Oct/2021:09:55:29 -0300] "GET /cormun/servlet/solicitudot?172a0a81b62e3b2468064f80e19f6e4fff733a55c2c11c0207399e8f9e7a047b50ef792086f95d870ee0be474e705e3e,gx-no-cache=1633355029432 HTTP/1.1" 200 30
190.171.142.50 - - [04/Oct/2021:09:55:29 -0300] "GET /cormun/servlet/solicitudot?172a0a81b62e3b2468064f80e19f6e4fe8d9452b83c9b932872d47ff0d7aef2d65c85ee4854019bf7befed0255fd5ca5,gx-no-cache=1633355029555 HTTP/1.1" 200 45
190.171.141.106 - - [04/Oct/2021:09:55:29 -0300] "GET /cormun/servlet/trsolicitudot? HTTP/1.1" 200 8838
190.171.142.50 - - [04/Oct/2021:09:55:29 -0300] "POST /cormun/servlet/solicitudot?gx-no-cache=1633355029601 HTTP/1.1" 200 254
190.171.142.50 - - [04/Oct/2021:09:55:29 -0300] "GET /cormun/servlet/solicitudot?172a0a81b62e3b2468064f80e19f6e4f27f703e866ff4cd4fc93623fbd364b5733ababa6c405c407a9711a0cd4cc727f701c9077bf46b80442bc8c7cd913c23351532180631f94412305fc45aac59948e65b16f419516f5aa829787c6a9d88ac7d80d0ad1b4a2cea732338f48ba8b66b1dc48d9212093d10ea45fdc69d74a8b5ce9e757611e6df8f2ab219ac1449c4e9f31a6c0a29e05e98e7a4e45842d8989d7a079b68cc7f99f4efb98817e5661ca61f771431fad5f3eb30829011897cabfb93ebc349e0d0575015a86cfeb5f84e2b0c1f99f7bf3f7d637d15023b29685475f92ed287f2623a5cec5142971baa56cf971ff11bc715e7e0b308a4358696796e5f251627527af8cc7e5b097bfaba9f0cb4898ad3a6531ea8563a0da310333a503b63610e66081f38fc4bf4d69bd2d84b7ff03c44203efafde46461a5ce56903cb86809d8389746524b86e3a4f2e5ffd487b5b374b0ed568bb5dcd7c00ab84013e3eb28fd8ebd82913e8b6945b4fd6e5e2ba6dc596a9592e2616e7f78e194de39,gx-no-cache=1633355029640 HTTP/1.1" 200 30
190.171.142.50 - - [04/Oct/2021:09:55:29 -0300] "POST /cormun/servlet/solicitudot?gx-no-cache=1633355029673 HTTP/1.1" 200 30
190.171.142.50 - - [04/Oct/2021:09:55:29 -0300] "POST /cormun/servlet/solicitudot?gx-no-cache=1633355029710 HTTP/1.1" 200 1439
190.171.142.50 - - [04/Oct/2021:09:55:29 -0300] "POST /cormun/servlet/solicitudot?gx-no-cache=1633355029749 HTTP/1.1" 200 41
190.171.142.50 - - [04/Oct/2021:09:55:31 -0300] "GET /cormun/servlet/solicitudot?172a0a81b62e3b2468064f80e19f6e4fd2c5144bd8e09f7f4dacba1dbbacc5a3c846835708494014da703b8773f006f4b08387aec02f42a703cb9ad39bb4d7b28bfe1517d47b057ba9e3374bd56c1fba87c9d61b0204475423ae66ad951ac1c7279a0e830e228be73c2cb9b7225a807d,gx-no-cache=1633355031760 HTTP/1.1" 200 110
190.171.141.106 - - [04/Oct/2021:09:55:32 -0300] "POST /cormun/servlet/trsolicitudot?bc3a2d28f02c5f1d85c3a4fbeabf8338,,gx-no-cache=1633351451744 HTTP/1.1" 200 107
190.171.141.106 - - [04/Oct/2021:09:55:33 -0300] "GET /cormun/servlet/trsolicitudadjuntos?2021,17590, HTTP/1.1" 200 10590
190.171.141.106 - - [04/Oct/2021:09:55:33 -0300] "GET /cormun/servlet/trsolicitudadjuntos?2021,17590, HTTP/1.1" 200 10592
190.171.142.50 - - [04/Oct/2021:09:55:40 -0300] "POST /cormun/servlet/solicitudot?gx-no-cache=1633355040179 HTTP/1.1" 200 102
190.171.141.106 - - [04/Oct/2021:09:55:40 -0300] "GET /cormun/servlet/solicitudotadjuntos?INS,2021,17590,,1, HTTP/1.1" 200 6270
190.171.141.106 - - [04/Oct/2021:09:55:40 -0300] "GET /cormun/servlet/solicitudotadjuntos?INS,2021,17590,,1, HTTP/1.1" 200 6264
190.171.141.106 - - [04/Oct/2021:09:55:41 -0300] "GET /cormun/static/about:blank HTTP/1.1" 404 1011
190.171.141.106 - - [04/Oct/2021:09:55:41 -0300] "GET /cormun/servlet/solicitudotadjuntos?4a4fb8fff81dd6967c6317427c2c351ffd735ba29f5e4fa7eb72783846681d556f52384b311536a1d93307e81a3f0ddf,gx-no-cache=1633351460245 HTTP/1.1" 200 30
190.171.141.106 - - [04/Oct/2021:09:55:41 -0300] "POST /cormun/servlet/solicitudotadjuntos?bc3a2d28f02c5f1d85c3a4fbeabf8338,INS,2021,17590,,1,,gx-no-cache=1633351460327 HTTP/1.1" 200 4191
190.171.141.90 - - [04/Oct/2021:09:55:43 -0300] "POST /cormun/servlet/solicitudot?gx-no-cache=1633351446594 HTTP/1.1" 200 3821
190.171.141.90 - - [04/Oct/2021:09:55:43 -0300] "POST /cormun/servlet/solicitudot?30636a63bd81ae4020f382cd05e10cd4,INS,0,0,false,,gx-no-cache=1633351446850 HTTP/1.1" 200 12316
190.171.142.50 - - [04/Oct/2021:09:55:45 -0300] "GET /cormun/servlet/solicitudot?172a0a81b62e3b2468064f80e19f6e4f041202e279a17597df9dadd1cccb00fdc928167edbe8bd38d9752186916eb4ca0ec174305d31260ecbbb1a4d21909b6cf04698f2c839872c1b9a4c481172b094014a6f6bb0cd77b6d6e73d6263c1c7deab624947428874c2bb8063a39a38bb1f42a83b596f8fed2b4ea1c699ef4a42efcd8ac0824b95f3eb2071225aaf0ff4e9b5559da1fb2a515bdedc1305f2b1bb9d48412f606f7be0d8a105d175fabad420756ef5cf04a118400916e8136a1e1ec815abaec9629e98138227eeec839f6c2b,gx-no-cache=1633355045746 HTTP/1.1" 200 29
190.171.142.50 - - [04/Oct/2021:09:55:46 -0300] "GET /cormun/servlet/solicitudot?172a0a81b62e3b2468064f80e19f6e4f6974ac680aea1b6a906ec2bf24509553a7138192d9997a5ca8da3f598cdabb93,gx-no-cache=1633355045784 HTTP/1.1" 200 30
190.171.142.50 - - [04/Oct/2021:09:55:46 -0300] "POST /cormun/servlet/solicitudot?gx-no-cache=1633355045850 HTTP/1.1" 200 30
190.171.142.50 - - [04/Oct/2021:09:55:46 -0300] "POST /cormun/servlet/solicitudot?3963cf9e78b9ca5382e3f4a7ba51982a,UPD,2021,17592,false,,gx-no-cache=1633355045887 HTTP/1.1" 200 93
190.171.142.50 - - [04/Oct/2021:09:55:46 -0300] "GET /cormun/servlet/hpexe_return? HTTP/1.1" 200 1017
190.171.142.50 - - [04/Oct/2021:09:55:46 -0300] "GET /cormun/servlet/trsolicitudot HTTP/1.1" 200 8948
190.171.142.50 - - [04/Oct/2021:09:55:46 -0300] "GET /cormun/servlet/trsolicitudot HTTP/1.1" 200 8944
190.171.141.90 - - [04/Oct/2021:09:55:47 -0300] "GET /cormun/servlet/solicitudot?97bfe8dd353e94fabb0ef0dc90f16bbf3ebfff8a80c03180b7dec05bb8484cb5519eefc92d24c4ee1baaa314e9dae365,gx-no-cache=1633351450889 HTTP/1.1" 200 30
190.171.141.106 - - [04/Oct/2021:09:55:48 -0300] "POST /cormun/servlet/solicitudotadjuntos?gx-no-cache=1633351468028 HTTP/1.1" 200 26
190.171.142.50 - - [04/Oct/2021:09:55:57 -0300] "POST /cormun/servlet/trsolicitudot?3963cf9e78b9ca5382e3f4a7ba51982a,gx-no-cache=1633355057388 HTTP/1.1" 200 113
190.171.142.50 - - [04/Oct/2021:09:55:57 -0300] "GET /cormun/servlet/solicitudot?UPD,2021,17593,false, HTTP/1.1" 200 16088
190.171.142.50 - - [04/Oct/2021:09:55:58 -0300] "GET /cormun/servlet/solicitudot?UPD,2021,17593,false, HTTP/1.1" 200 16099
190.171.142.50 - - [04/Oct/2021:09:55:58 -0300] "POST /cormun/servlet/solicitudot?gx-no-cache=1633355058349 HTTP/1.1" 200 3792
190.171.142.50 - - [04/Oct/2021:09:55:58 -0300] "POST /cormun/servlet/solicitudot?3963cf9e78b9ca5382e3f4a7ba51982a,UPD,2021,17593,false,,gx-no-cache=1633355058555 HTTP/1.1" 200 12377
190.171.142.50 - - [04/Oct/2021:09:55:58 -0300] "GET /cormun/servlet/solicitudot?172a0a81b62e3b2468064f80e19f6e4fc47d63147ed296ecf8ea807f916839a9610414179ddbe541f47a9df0d0c473ef,gx-no-cache=1633355058747 HTTP/1.1" 200 30
190.171.142.50 - - [04/Oct/2021:09:55:59 -0300] "GET /cormun/servlet/solicitudot?172a0a81b62e3b2468064f80e19f6e4fff733a55c2c11c0207399e8f9e7a047b50ef792086f95d870ee0be474e705e3e,gx-no-cache=1633355058802 HTTP/1.1" 200 30
190.171.142.50 - - [04/Oct/2021:09:55:59 -0300] "GET /cormun/servlet/solicitudot?172a0a81b62e3b2468064f80e19f6e4fe8d9452b83c9b932872d47ff0d7aef2d65c85ee4854019bf7befed0255fd5ca5,gx-no-cache=1633355058853 HTTP/1.1" 200 45
190.171.142.50 - - [04/Oct/2021:09:55:59 -0300] "POST /cormun/servlet/solicitudot?gx-no-cache=1633355058912 HTTP/1.1" 200 256
190.171.142.50 - - [04/Oct/2021:09:55:59 -0300] "GET /cormun/servlet/solicitudot?172a0a81b62e3b2468064f80e19f6e4f27f703e866ff4cd4fc93623fbd364b5733ababa6c405c407a9711a0cd4cc727f701c9077bf46b80442bc8c7cd913c23351532180631f94412305fc45aac59948e65b16f419516f5aa829787c6a9d88ac7d80d0ad1b4a2cea732338f48ba8b66b1dc48d9212093d10ea45fdc69d74a8b5ce9e757611e6df8f2ab219ac1449c4e9f31a6c0a29e05e98e7a4e45842d8989d7a079b68cc7f99f4efb98817e5661ca61f771431fad5f3eb30829011897cabfb93ebc349e0d0575015a86cfeb5f84e2b0c1f99f7bf3f7d637d15023b29685475f92ed287f2623a5cec5142971baa56cf971ff11bc715e7e0b308a4358696796e5f251627527af8cc7e5b097bfaba9f0cb4898ad3a6531ea8563a0da310333a503b63610e66081f38fc4bf4d69bd2d84b7ff03c44203efafde46461a5ce56903cb86809d8389746524b86e3a4f2e5ffd487b5b374b0ed568bb5dcd7c00ab84013e3eb28fd8ebd82913e8b6945b4fd6e5e2ba6dc596a9592e2616e7f78e194de39,gx-no-cache=1633355059007 HTTP/1.1" 200 30
190.171.142.50 - - [04/Oct/2021:09:55:59 -0300] "POST /cormun/servlet/solicitudot?gx-no-cache=1633355059125 HTTP/1.1" 200 30
190.171.142.50 - - [04/Oct/2021:09:55:59 -0300] "POST /cormun/servlet/solicitudot?gx-no-cache=1633355059212 HTTP/1.1" 200 1439
190.171.142.50 - - [04/Oct/2021:09:55:59 -0300] "POST /cormun/servlet/solicitudot?gx-no-cache=1633355059279 HTTP/1.1" 200 41
190.171.141.106 - - [04/Oct/2021:09:55:59 -0300] "GET /cormun/servlet/solicitudotadjuntos?4a4fb8fff81dd6967c6317427c2c351fd560d3d49fffc3d640fecff582a2c680,gx-no-cache=1633351478715 HTTP/1.1" 200 30
190.171.141.106 - - [04/Oct/2021:09:55:59 -0300] "GET /cormun/servlet/solicitudotadjuntos?4a4fb8fff81dd6967c6317427c2c351fd560d3d49fffc3d640fecff582a2c680,gx-no-cache=1633351478769 HTTP/1.1" 200 30
190.171.141.106 - - [04/Oct/2021:09:56:00 -0300] "POST /cormun/servlet/solicitudotadjuntos?bc3a2d28f02c5f1d85c3a4fbeabf8338,INS,2021,17590,,1, HTTP/1.1" 200 116
190.171.141.106 - - [04/Oct/2021:09:56:00 -0300] "GET /cormun/servlet/hpexe_return? HTTP/1.1" 200 1026
190.171.141.106 - - [04/Oct/2021:09:56:00 -0300] "GET /cormun/servlet/trsolicitudadjuntos?2021,17590, HTTP/1.1" 200 10735
190.171.142.50 - - [04/Oct/2021:09:56:00 -0300] "GET /cormun/servlet/solicitudot?172a0a81b62e3b2468064f80e19f6e4fd2c5144bd8e09f7f4dacba1dbbacc5a3c846835708494014da703b8773f006f4b08387aec02f42a703cb9ad39bb4d7b28bfe1517d47b057ba9e3374bd56c1fba87c9d61b0204475423ae66ad951ac1c7279a0e830e228be73c2cb9b7225a807d,gx-no-cache=1633355060738 HTTP/1.1" 200 110
190.171.141.106 - - [04/Oct/2021:09:56:01 -0300] "GET /cormun/servlet/trsolicitudadjuntos?2021,17590, HTTP/1.1" 200 10733
190.171.141.90 - - [04/Oct/2021:09:56:02 -0300] "GET /cormun/servlet/solicitudot?97bfe8dd353e94fabb0ef0dc90f16bbf985ec7a1506a8a5e750736589375c3330314bdb16f0135b6cff3707ee9e5523bddb8db058ab4ca5eb889374a127e67be,gx-no-cache=1633351465924 HTTP/1.1" 200 30
190.171.141.90 - - [04/Oct/2021:09:56:02 -0300] "GET /cormun/servlet/solicitudot?97bfe8dd353e94fabb0ef0dc90f16bbf2257ccac3107fa2eacae977aeb9c1d6f,gx-no-cache=1633351465992 HTTP/1.1" 200 60
190.171.141.90 - - [04/Oct/2021:09:56:02 -0300] "POST /cormun/servlet/solicitudot?gx-no-cache=1633351466068 HTTP/1.1" 200 240
190.171.141.90 - - [04/Oct/2021:09:56:02 -0300] "GET /cormun/servlet/solicitudot?97bfe8dd353e94fabb0ef0dc90f16bbfc13a260b1be05452e5c78cf29ba5c4e87740808c857dfeb65c01c91054dd1c812796cb6d8e6a00d9562a8353b9215e55f6280f4e5016248b39e1cdb2d61d48a64b9c8e37ccdfdd1d2f2388c530e86eb21c618ccf1177966cb0add951ee28e62549fb51387cd06a0a3ffbbffbe06b962959eeeae1c2b74202661aabbd8571dbbb97ffc621556ac9c7c2bf9aaa2733b55539acaf9be5fa95e673e7082db287a29df1e62eeb386ac28c78e157f8f1fdac66f58553a3ab24928d69d53379f154511f44179d8d1a1e8c4c116e77af8492db81a1e38c46810c0d2f99c7b810d12d57e59d065c113eb1b7cffa575ce7c952393ba6990f690b8df162bb2d1a2def7b21e796941eaf647d44e8c5ec791b64f1acab24ff36721d68f969ec6faa17ab5a30a27c0cad70b0cce90f6bbea55d22c3121d472dde90d5daaa59f9e48eaad2c192f1593b7ba026b787f6e1691ffff0212b0e7d270439defff20e3cc81d0ef831477d3021e88f2494465099fbd72a691579d5,gx-no-cache=1633351466145 HTTP/1.1" 200 30
190.171.141.90 - - [04/Oct/2021:09:56:05 -0300] "POST /cormun/servlet/solicitudot?gx-no-cache=1633351468768 HTTP/1.1" 200 30
190.171.142.50 - - [04/Oct/2021:09:56:06 -0300] "POST /cormun/servlet/solicitudot?gx-no-cache=1633355066549 HTTP/1.1" 200 102
190.171.141.106 - - [04/Oct/2021:09:56:13 -0300] "GET /cormun/PublicTempStorage/titulo2129953.pdf HTTP/1.1" 200 114688
190.171.141.106 - - [04/Oct/2021:09:56:13 -0300] "GET /cormun/PublicTempStorage/titulo2129953.pdf HTTP/1.1" 200 132678
190.171.142.50 - - [04/Oct/2021:09:56:17 -0300] "GET /cormun/servlet/solicitudot?172a0a81b62e3b2468064f80e19f6e4fbaf5e33ed5fee49f02800f3574e4fa67c928167edbe8bd38d9752186916eb4ca86b51b2d87101564b5c1d8cabde227f0f04698f2c839872c1b9a4c481172b094014a6f6bb0cd77b6d6e73d6263c1c7deab624947428874c2bb8063a39a38bb1f42a83b596f8fed2b4ea1c699ef4a42efcd8ac0824b95f3eb2071225aaf0ff4e9b5559da1fb2a515bdedc1305f2b1bb9d48412f606f7be0d8a105d175fabad420756ef5cf04a118400916e8136a1e1ec815abaec9629e98138227eeec839f6c2b,gx-no-cache=1633355076931 HTTP/1.1" 200 29
190.171.142.50 - - [04/Oct/2021:09:56:17 -0300] "GET /cormun/servlet/solicitudot?172a0a81b62e3b2468064f80e19f6e4f6974ac680aea1b6a906ec2bf24509553a7138192d9997a5ca8da3f598cdabb93,gx-no-cache=1633355076996 HTTP/1.1" 200 30
190.171.142.50 - - [04/Oct/2021:09:56:17 -0300] "POST /cormun/servlet/solicitudot?gx-no-cache=1633355077063 HTTP/1.1" 200 33
190.171.142.50 - - [04/Oct/2021:09:56:17 -0300] "POST /cormun/servlet/solicitudot?3963cf9e78b9ca5382e3f4a7ba51982a,UPD,2021,17593,false,,gx-no-cache=1633355077229 HTTP/1.1" 200 93
190.171.142.50 - - [04/Oct/2021:09:56:17 -0300] "GET /cormun/servlet/hpexe_return? HTTP/1.1" 200 1017
190.171.142.50 - - [04/Oct/2021:09:56:17 -0300] "GET /cormun/servlet/trsolicitudot HTTP/1.1" 200 8937
190.171.142.50 - - [04/Oct/2021:09:56:18 -0300] "GET /cormun/servlet/trsolicitudot HTTP/1.1" 200 8934
190.171.141.106 - - [04/Oct/2021:09:56:21 -0300] "GET /cormun/servlet/hhome HTTP/1.1" 200 3319
190.171.141.106 - - [04/Oct/2021:09:56:22 -0300] "GET /cormun/servlet/hhome HTTP/1.1" 200 3329
190.171.141.106 - - [04/Oct/2021:09:56:22 -0300] "GET /cormun/servlet/hlogin HTTP/1.1" 200 1743
190.171.141.106 - - [04/Oct/2021:09:56:25 -0300] "POST /cormun/servlet/hlogin?11859a127849061b90fa1f256987fc39,gx-no-cache=1633351504763 HTTP/1.1" 200 90
190.171.141.106 - - [04/Oct/2021:09:56:25 -0300] "GET /cormun/servlet/hpexe_link HTTP/1.1" 200 956
190.171.141.106 - - [04/Oct/2021:09:56:26 -0300] "GET /cormun/servlet/hhome HTTP/1.1" 200 4232
190.171.141.106 - - [04/Oct/2021:09:56:26 -0300] "GET /cormun/servlet/hhome HTTP/1.1" 200 4228
190.171.141.90 - - [04/Oct/2021:09:56:29 -0300] "POST /cormun/servlet/solicitudot?gx-no-cache=1633351492174 HTTP/1.1" 200 1440
190.171.141.90 - - [04/Oct/2021:09:56:29 -0300] "GET /cormun/static/menuarrow.gif HTTP/1.1" 404 1015
190.171.141.106 - - [04/Oct/2021:09:56:29 -0300] "GET /cormun/servlet/trsolicitudot? HTTP/1.1" 200 8846
190.171.141.106 - - [04/Oct/2021:09:56:29 -0300] "GET /cormun/servlet/trsolicitudot? HTTP/1.1" 200 8844
190.171.141.106 - - [04/Oct/2021:09:56:32 -0300] "POST /cormun/servlet/trsolicitudot?11859a127849061b90fa1f256987fc39,,gx-no-cache=1633351511840 HTTP/1.1" 200 107
190.171.141.106 - - [04/Oct/2021:09:56:33 -0300] "GET /cormun/servlet/trsolicitudadjuntos?2021,17590, HTTP/1.1" 200 10736
190.171.141.106 - - [04/Oct/2021:09:56:34 -0300] "GET /cormun/servlet/trsolicitudadjuntos?2021,17590, HTTP/1.1" 200 10737
190.171.141.90 - - [04/Oct/2021:09:56:42 -0300] "POST /cormun/servlet/solicitudot?gx-no-cache=1633351505569 HTTP/1.1" 200 118
190.171.141.90 - - [04/Oct/2021:09:56:42 -0300] "GET /cormun/static/Shared/jqueryui/images/ui-bg_highlight-soft_100_c6c2c8_1x100.png HTTP/1.1" 404 1117
190.171.141.90 - - [04/Oct/2021:09:56:42 -0300] "GET /cormun/static/Shared/jqueryui/images/ui-icons_82798d_256x240.png HTTP/1.1" 404 1089
190.171.141.90 - - [04/Oct/2021:09:56:42 -0300] "GET /cormun/static/Shared/jqueryui/images/ui-bg_flat_55_994d53_40x100.png HTTP/1.1" 404 1097
190.171.141.90 - - [04/Oct/2021:09:56:42 -0300] "GET /cormun/static/Shared/jqueryui/images/ui-icons_ebccce_256x240.png HTTP/1.1" 404 1089
190.171.141.90 - - [04/Oct/2021:09:56:42 -0300] "GET /cormun/servlet/solicitudot?97bfe8dd353e94fabb0ef0dc90f16bbf7450788b4c568bffdeb6047b56fa5fda633d738470d3e1a0c5085ec6f6f0d057af60eac60ddb463a4bd0972439ad5d17afb9caf22bd506b1aba786d10caf760db65b9d4592b9ae25e6d466e2e5f905693c95267e20ec660c7070c8ba5bcb1e16,gx-no-cache=1633351505657 HTTP/1.1" 200 110
190.171.141.90 - - [04/Oct/2021:09:56:42 -0300] "POST /cormun/servlet/solicitudot?gx-no-cache=1633351505813 HTTP/1.1" 200 97
190.171.141.106 - - [04/Oct/2021:09:56:43 -0300] "GET /cormun/servlet/solicitudotadjuntos?DLT,2021,17590,CERTIF2,0, HTTP/1.1" 200 6240
190.171.141.106 - - [04/Oct/2021:09:56:43 -0300] "GET /cormun/static/Shared/jqueryui/images/ui-bg_highlight-soft_100_c6c2c8_1x100.png HTTP/1.1" 404 1117
190.171.141.106 - - [04/Oct/2021:09:56:43 -0300] "GET /cormun/static/Shared/jqueryui/images/ui-icons_82798d_256x240.png HTTP/1.1" 404 1089
190.171.141.106 - - [04/Oct/2021:09:56:43 -0300] "GET /cormun/static/Shared/jqueryui/images/ui-bg_flat_55_fafafa_40x100.png HTTP/1.1" 404 1097
190.171.141.106 - - [04/Oct/2021:09:56:43 -0300] "GET /cormun/static/Shared/jqueryui/images/ui-icons_8d78a5_256x240.png HTTP/1.1" 404 1089
190.171.141.106 - - [04/Oct/2021:09:56:43 -0300] "GET /cormun/servlet/solicitudotadjuntos?DLT,2021,17590,CERTIF2,0, HTTP/1.1" 200 6234
190.171.141.106 - - [04/Oct/2021:09:56:44 -0300] "GET /cormun/PublicTempStorage/titulo988032.pdf HTTP/1.1" 200 132678
190.171.141.106 - - [04/Oct/2021:09:56:45 -0300] "POST /cormun/servlet/solicitudotadjuntos?11859a127849061b90fa1f256987fc39,DLT,2021,17590,CERTIF2,0,,gx-no-cache=1633351524822 HTTP/1.1" 200 93
190.171.141.106 - - [04/Oct/2021:09:56:46 -0300] "GET /cormun/servlet/hpexe_return? HTTP/1.1" 200 1037
190.171.141.106 - - [04/Oct/2021:09:56:46 -0300] "GET /cormun/servlet/trsolicitudadjuntos?2021,17590, HTTP/1.1" 200 10602
190.171.141.106 - - [04/Oct/2021:09:56:47 -0300] "GET /cormun/servlet/trsolicitudadjuntos?2021,17590, HTTP/1.1" 200 10600
190.171.141.106 - - [04/Oct/2021:09:57:01 -0300] "GET /cormun/servlet/hhome HTTP/1.1" 200 3311
190.171.141.106 - - [04/Oct/2021:09:57:02 -0300] "GET /cormun/servlet/hhome HTTP/1.1" 200 3321
190.171.141.106 - - [04/Oct/2021:09:57:02 -0300] "GET /cormun/servlet/hlogin HTTP/1.1" 200 1733
190.171.142.50 - - [04/Oct/2021:09:57:06 -0300] "POST /cormun/servlet/trsolicitudot?3963cf9e78b9ca5382e3f4a7ba51982a,gx-no-cache=1633355125990 HTTP/1.1" 200 113
190.171.142.50 - - [04/Oct/2021:09:57:06 -0300] "GET /cormun/servlet/solicitudot?UPD,2021,17593,false, HTTP/1.1" 200 16115
190.171.142.50 - - [04/Oct/2021:09:57:06 -0300] "GET /cormun/servlet/solicitudot?UPD,2021,17593,false, HTTP/1.1" 200 16126
190.171.141.106 - - [04/Oct/2021:09:57:07 -0300] "POST /cormun/servlet/hlogin?f29b1206ee71fd7f17a9ec6e35e9676b,gx-no-cache=1633351546011 HTTP/1.1" 200 90
190.171.141.106 - - [04/Oct/2021:09:57:07 -0300] "GET /cormun/servlet/hpexe_link HTTP/1.1" 200 946
190.171.142.50 - - [04/Oct/2021:09:57:07 -0300] "POST /cormun/servlet/solicitudot?gx-no-cache=1633355127099 HTTP/1.1" 200 3792
190.171.141.106 - - [04/Oct/2021:09:57:07 -0300] "GET /cormun/servlet/hhome HTTP/1.1" 200 4224
190.171.142.50 - - [04/Oct/2021:09:57:07 -0300] "POST /cormun/servlet/solicitudot?3963cf9e78b9ca5382e3f4a7ba51982a,UPD,2021,17593,false,,gx-no-cache=1633355127266 HTTP/1.1" 200 12392
190.171.141.106 - - [04/Oct/2021:09:57:07 -0300] "GET /cormun/servlet/hhome HTTP/1.1" 200 4220
190.171.142.50 - - [04/Oct/2021:09:57:07 -0300] "GET /cormun/servlet/solicitudot?172a0a81b62e3b2468064f80e19f6e4fc47d63147ed296ecf8ea807f916839a9610414179ddbe541f47a9df0d0c473ef,gx-no-cache=1633355127495 HTTP/1.1" 200 30
190.171.142.50 - - [04/Oct/2021:09:57:07 -0300] "GET /cormun/servlet/solicitudot?172a0a81b62e3b2468064f80e19f6e4fff733a55c2c11c0207399e8f9e7a047b50ef792086f95d870ee0be474e705e3e,gx-no-cache=1633355127556 HTTP/1.1" 200 30
190.171.142.50 - - [04/Oct/2021:09:57:07 -0300] "GET /cormun/servlet/solicitudot?172a0a81b62e3b2468064f80e19f6e4fe8d9452b83c9b932872d47ff0d7aef2d65c85ee4854019bf7befed0255fd5ca5,gx-no-cache=1633355127612 HTTP/1.1" 200 45
190.171.142.50 - - [04/Oct/2021:09:57:07 -0300] "POST /cormun/servlet/solicitudot?gx-no-cache=1633355127676 HTTP/1.1" 200 256
190.171.142.50 - - [04/Oct/2021:09:57:07 -0300] "GET /cormun/servlet/solicitudot?172a0a81b62e3b2468064f80e19f6e4f27f703e866ff4cd4fc93623fbd364b5733ababa6c405c407a9711a0cd4cc727f701c9077bf46b80442bc8c7cd913c23351532180631f94412305fc45aac59948e65b16f419516f5aa829787c6a9d88ac7d80d0ad1b4a2cea732338f48ba8b66b1dc48d9212093d10ea45fdc69d74a8b5ce9e757611e6df8f2ab219ac1449c4e9f31a6c0a29e05e98e7a4e45842d8989d7a079b68cc7f99f4efb98817e5661ca61f771431fad5f3eb30829011897cabfb93ebc349e0d0575015a86cfeb5f84e2b0c1f99f7bf3f7d637d15023b29685475f92ed287f2623a5cec5142971baa56cf971ff11bc715e7e0b308a4358696796e5f251627527af8cc7e5b097bfaba9f0cb4898ad3a6531ea8563a0da310333a503b63610e66081f38fc4bf4d69bd2d84b7ff03c44203efafde46461a5ce56903cb86809d8389746524b86e3a4f2e5ffd487b5b374b0ed568bb5dcd7c00ab84013e3eb28fd8ebd82913e8b6945b4fd6e5e2ba6dc596a9592e2616e7f78e194de39,gx-no-cache=1633355127751 HTTP/1.1" 200 30
190.171.142.50 - - [04/Oct/2021:09:57:08 -0300] "POST /cormun/servlet/solicitudot?gx-no-cache=1633355127805 HTTP/1.1" 200 30
190.171.142.50 - - [04/Oct/2021:09:57:08 -0300] "POST /cormun/servlet/solicitudot?gx-no-cache=1633355127851 HTTP/1.1" 200 1439
190.171.142.50 - - [04/Oct/2021:09:57:08 -0300] "POST /cormun/servlet/solicitudot?gx-no-cache=1633355127899 HTTP/1.1" 200 41
190.171.142.50 - - [04/Oct/2021:09:57:09 -0300] "GET /cormun/servlet/solicitudot?172a0a81b62e3b2468064f80e19f6e4fd2c5144bd8e09f7f4dacba1dbbacc5a3c846835708494014da703b8773f006f4b08387aec02f42a703cb9ad39bb4d7b28bfe1517d47b057ba9e3374bd56c1fba87c9d61b0204475423ae66ad951ac1c7279a0e830e228be73c2cb9b7225a807d,gx-no-cache=1633355129363 HTTP/1.1" 200 110
190.171.141.106 - - [04/Oct/2021:09:57:10 -0300] "GET /cormun/servlet/trsolicitudot? HTTP/1.1" 200 8836
190.171.141.106 - - [04/Oct/2021:09:57:10 -0300] "GET /cormun/servlet/trsolicitudot? HTTP/1.1" 200 8834
190.171.142.50 - - [04/Oct/2021:09:57:14 -0300] "POST /cormun/servlet/solicitudot?gx-no-cache=1633355134447 HTTP/1.1" 200 97
190.171.141.106 - - [04/Oct/2021:09:57:14 -0300] "POST /cormun/servlet/trsolicitudot?f29b1206ee71fd7f17a9ec6e35e9676b,,gx-no-cache=1633351553683 HTTP/1.1" 200 4836
190.171.141.106 - - [04/Oct/2021:09:57:14 -0300] "GET /cormun/static/Shared/jqueryui/images/ui-bg_highlight-soft_100_c6c2c8_1x100.png HTTP/1.1" 404 1117
190.171.141.106 - - [04/Oct/2021:09:57:14 -0300] "GET /cormun/static/Shared/jqueryui/images/ui-icons_82798d_256x240.png HTTP/1.1" 404 1089
190.171.141.106 - - [04/Oct/2021:09:57:14 -0300] "GET /cormun/static/Shared/jqueryui/images/ui-bg_flat_55_fafafa_40x100.png HTTP/1.1" 404 1097
190.171.141.106 - - [04/Oct/2021:09:57:14 -0300] "GET /cormun/static/Shared/jqueryui/images/ui-icons_8d78a5_256x240.png HTTP/1.1" 404 1089
190.171.141.106 - - [04/Oct/2021:09:57:15 -0300] "POST /cormun/servlet/trsolicitudot?f29b1206ee71fd7f17a9ec6e35e9676b,,gx-no-cache=1633351553986 HTTP/1.1" 200 4610
190.171.142.50 - - [04/Oct/2021:09:57:20 -0300] "GET /cormun/servlet/solicitudot?172a0a81b62e3b2468064f80e19f6e4fbaf5e33ed5fee49f02800f3574e4fa67c928167edbe8bd38d9752186916eb4ca86b51b2d87101564b5c1d8cabde227f0f04698f2c839872c1b9a4c481172b094014a6f6bb0cd77b6d6e73d6263c1c7deab624947428874c2bb8063a39a38bb1f42a83b596f8fed2b4ea1c699ef4a42efcd8ac0824b95f3eb2071225aaf0ff4e9b5559da1fb2a515bdedc1305f2b1bb9d48412f606f7be0d8a105d175fabad420756ef5cf04a118400916e8136a1e1ec815abaec9629e98138227eeec839f6c2b,gx-no-cache=1633355140749 HTTP/1.1" 200 29
190.171.142.50 - - [04/Oct/2021:09:57:21 -0300] "GET /cormun/servlet/solicitudot?172a0a81b62e3b2468064f80e19f6e4f6974ac680aea1b6a906ec2bf24509553a7138192d9997a5ca8da3f598cdabb93,gx-no-cache=1633355140811 HTTP/1.1" 200 30
190.171.142.50 - - [04/Oct/2021:09:57:21 -0300] "POST /cormun/servlet/solicitudot?gx-no-cache=1633355140850 HTTP/1.1" 200 33
190.171.142.50 - - [04/Oct/2021:09:57:21 -0300] "POST /cormun/servlet/solicitudot?3963cf9e78b9ca5382e3f4a7ba51982a,UPD,2021,17593,false,,gx-no-cache=1633355140917 HTTP/1.1" 200 93
190.171.142.50 - - [04/Oct/2021:09:57:21 -0300] "GET /cormun/servlet/hpexe_return? HTTP/1.1" 200 1017
190.171.142.50 - - [04/Oct/2021:09:57:21 -0300] "GET /cormun/servlet/trsolicitudot HTTP/1.1" 200 8950
190.171.142.50 - - [04/Oct/2021:09:57:21 -0300] "GET /cormun/servlet/trsolicitudot HTTP/1.1" 200 8945
190.171.142.50 - - [04/Oct/2021:09:57:31 -0300] "POST /cormun/servlet/trsolicitudot?3963cf9e78b9ca5382e3f4a7ba51982a,gx-no-cache=1633355151509 HTTP/1.1" 200 112
190.171.142.50 - - [04/Oct/2021:09:57:31 -0300] "GET /cormun/servlet/solicitudot?UPD,2021,17592,false, HTTP/1.1" 200 16123
190.171.142.50 - - [04/Oct/2021:09:57:32 -0300] "GET /cormun/servlet/solicitudot?UPD,2021,17592,false, HTTP/1.1" 200 16134
190.171.142.50 - - [04/Oct/2021:09:57:32 -0300] "POST /cormun/servlet/solicitudot?gx-no-cache=1633355152406 HTTP/1.1" 200 3792
190.171.142.50 - - [04/Oct/2021:09:57:32 -0300] "POST /cormun/servlet/solicitudot?3963cf9e78b9ca5382e3f4a7ba51982a,UPD,2021,17592,false,,gx-no-cache=1633355152537 HTTP/1.1" 200 12411
190.171.142.50 - - [04/Oct/2021:09:57:32 -0300] "GET /cormun/servlet/solicitudot?172a0a81b62e3b2468064f80e19f6e4fc47d63147ed296ecf8ea807f916839a9610414179ddbe541f47a9df0d0c473ef,gx-no-cache=1633355152704 HTTP/1.1" 200 30
190.171.142.50 - - [04/Oct/2021:09:57:32 -0300] "GET /cormun/servlet/solicitudot?172a0a81b62e3b2468064f80e19f6e4fff733a55c2c11c0207399e8f9e7a047b50ef792086f95d870ee0be474e705e3e,gx-no-cache=1633355152745 HTTP/1.1" 200 30
190.171.142.50 - - [04/Oct/2021:09:57:33 -0300] "GET /cormun/servlet/solicitudot?172a0a81b62e3b2468064f80e19f6e4fe8d9452b83c9b932872d47ff0d7aef2d65c85ee4854019bf7befed0255fd5ca5,gx-no-cache=1633355152780 HTTP/1.1" 200 45
190.171.142.50 - - [04/Oct/2021:09:57:33 -0300] "POST /cormun/servlet/solicitudot?gx-no-cache=1633355152814 HTTP/1.1" 200 254
190.171.142.50 - - [04/Oct/2021:09:57:33 -0300] "GET /cormun/servlet/solicitudot?172a0a81b62e3b2468064f80e19f6e4f27f703e866ff4cd4fc93623fbd364b5733ababa6c405c407a9711a0cd4cc727f701c9077bf46b80442bc8c7cd913c23351532180631f94412305fc45aac59948e65b16f419516f5aa829787c6a9d88ac7d80d0ad1b4a2cea732338f48ba8b66b1dc48d9212093d10ea45fdc69d74a8b5ce9e757611e6df8f2ab219ac1449c4e9f31a6c0a29e05e98e7a4e45842d8989d7a079b68cc7f99f4efb98817e5661ca61f771431fad5f3eb30829011897cabfb93ebc349e0d0575015a86cfeb5f84e2b0c1f99f7bf3f7d637d15023b29685475f92ed287f2623a5cec5142971baa56cf971ff11bc715e7e0b308a4358696796e5f251627527af8cc7e5b097bfaba9f0cb4898ad3a6531ea8563a0da310333a503b63610e66081f38fc4bf4d69bd2d84b7ff03c44203efafde46461a5ce56903cb86809d8389746524b86e3a4f2e5ffd487b5b374b0ed568bb5dcd7c00ab84013e3eb28fd8ebd82913e8b6945b4fd6e5e2ba6dc596a9592e2616e7f78e194de39,gx-no-cache=1633355152854 HTTP/1.1" 200 30
190.171.142.50 - - [04/Oct/2021:09:57:33 -0300] "POST /cormun/servlet/solicitudot?gx-no-cache=1633355152893 HTTP/1.1" 200 30
190.171.142.50 - - [04/Oct/2021:09:57:33 -0300] "POST /cormun/servlet/solicitudot?gx-no-cache=1633355152931 HTTP/1.1" 200 1439
190.171.142.50 - - [04/Oct/2021:09:57:33 -0300] "POST /cormun/servlet/solicitudot?gx-no-cache=1633355152986 HTTP/1.1" 200 41
190.171.142.50 - - [04/Oct/2021:09:57:35 -0300] "GET /cormun/servlet/solicitudot?172a0a81b62e3b2468064f80e19f6e4fd2c5144bd8e09f7f4dacba1dbbacc5a3c846835708494014da703b8773f006f4b08387aec02f42a703cb9ad39bb4d7b28bfe1517d47b057ba9e3374bd56c1fba87c9d61b0204475423ae66ad951ac1c7279a0e830e228be73c2cb9b7225a807d,gx-no-cache=1633355154923 HTTP/1.1" 200 110
190.171.142.50 - - [04/Oct/2021:09:57:43 -0300] "POST /cormun/servlet/solicitudot?gx-no-cache=1633355163775 HTTP/1.1" 200 97
190.171.141.90 - - [04/Oct/2021:09:57:44 -0300] "POST /cormun/servlet/solicitudot?gx-no-cache=1633351567385 HTTP/1.1" 200 118
190.171.141.90 - - [04/Oct/2021:09:57:44 -0300] "GET /cormun/servlet/solicitudot?97bfe8dd353e94fabb0ef0dc90f16bbf7450788b4c568bffdeb6047b56fa5fda633d738470d3e1a0c5085ec6f6f0d057af60eac60ddb463a4bd0972439ad5d17afb9caf22bd506b1aba786d10caf760db65b9d4592b9ae25e6d466e2e5f905693c95267e20ec660c7070c8ba5bcb1e16,gx-no-cache=1633351567457 HTTP/1.1" 200 110
190.171.141.106 - - [04/Oct/2021:09:57:45 -0300] "GET /cormun/servlet/hlogin HTTP/1.1" 200 1729
190.171.142.50 - - [04/Oct/2021:09:57:47 -0300] "GET /cormun/servlet/solicitudot?172a0a81b62e3b2468064f80e19f6e4f041202e279a17597df9dadd1cccb00fdc928167edbe8bd38d9752186916eb4ca0ec174305d31260ecbbb1a4d21909b6cf04698f2c839872c1b9a4c481172b094014a6f6bb0cd77b6d6e73d6263c1c7deab624947428874c2bb8063a39a38bb1f42a83b596f8fed2b4ea1c699ef4a42efcd8ac0824b95f3eb2071225aaf0ff4e9b5559da1fb2a515bdedc1305f2b1bb9d48412f606f7be0d8a105d175fabad420756ef5cf04a118400916e8136a1e1ec815abaec9629e98138227eeec839f6c2b,gx-no-cache=1633355167583 HTTP/1.1" 200 29
190.171.142.50 - - [04/Oct/2021:09:57:47 -0300] "GET /cormun/servlet/solicitudot?172a0a81b62e3b2468064f80e19f6e4f6974ac680aea1b6a906ec2bf24509553a7138192d9997a5ca8da3f598cdabb93,gx-no-cache=1633355167641 HTTP/1.1" 200 30
190.171.142.50 - - [04/Oct/2021:09:57:47 -0300] "POST /cormun/servlet/solicitudot?gx-no-cache=1633355167696 HTTP/1.1" 200 30
190.171.142.50 - - [04/Oct/2021:09:57:48 -0300] "POST /cormun/servlet/solicitudot?3963cf9e78b9ca5382e3f4a7ba51982a,UPD,2021,17592,false,,gx-no-cache=1633355167756 HTTP/1.1" 200 93
190.171.142.50 - - [04/Oct/2021:09:57:48 -0300] "GET /cormun/servlet/hpexe_return? HTTP/1.1" 200 1017
190.171.142.50 - - [04/Oct/2021:09:57:48 -0300] "GET /cormun/servlet/trsolicitudot HTTP/1.1" 200 8931
190.171.142.50 - - [04/Oct/2021:09:57:48 -0300] "GET /cormun/servlet/trsolicitudot HTTP/1.1" 200 8926
190.171.141.106 - - [04/Oct/2021:09:57:52 -0300] "POST /cormun/servlet/hlogin?706a33820708053054dda0953dd5bbea,gx-no-cache=1633351579811 HTTP/1.1" 200 90
190.171.141.106 - - [04/Oct/2021:09:57:52 -0300] "GET /cormun/servlet/hpexe_link HTTP/1.1" 200 956
190.171.141.106 - - [04/Oct/2021:09:57:52 -0300] "GET /cormun/servlet/hhome HTTP/1.1" 200 4230
190.171.141.106 - - [04/Oct/2021:09:57:53 -0300] "GET /cormun/servlet/hhome HTTP/1.1" 200 4226
190.171.141.106 - - [04/Oct/2021:09:57:56 -0300] "GET /cormun/servlet/trlicencias? HTTP/1.1" 200 11508
190.171.141.106 - - [04/Oct/2021:09:57:57 -0300] "GET /cormun/servlet/trlicencias? HTTP/1.1" 200 11506
190.171.141.106 - - [04/Oct/2021:09:58:01 -0300] "GET /cormun/servlet/trautorizarsolicitud? HTTP/1.1" 200 8721
190.171.141.106 - - [04/Oct/2021:09:58:02 -0300] "GET /cormun//static/Resources/PXToolsRemoveAllAction.png HTTP/1.1" 200 487
190.171.141.106 - - [04/Oct/2021:09:58:02 -0300] "GET /cormun//static/Resources/PXToolsActionView.png HTTP/1.1" 200 398
190.171.141.106 - - [04/Oct/2021:09:58:02 -0300] "GET /cormun//static/Resources/PXToolsGridDelete.png HTTP/1.1" 200 538
190.171.141.106 - - [04/Oct/2021:09:58:02 -0300] "GET /cormun//static/Resources/PXToolsGridUpdate.png HTTP/1.1" 200 470
190.171.141.106 - - [04/Oct/2021:09:58:02 -0300] "GET /cormun/servlet/trautorizarsolicitud? HTTP/1.1" 200 8721
190.171.142.50 - - [04/Oct/2021:09:58:05 -0300] "POST /cormun/servlet/trsolicitudot?3963cf9e78b9ca5382e3f4a7ba51982a,gx-no-cache=1633355185632 HTTP/1.1" 200 5821
190.171.142.50 - - [04/Oct/2021:09:58:06 -0300] "GET /cormun/static/Shared/jqueryui/images/ui-bg_highlight-soft_100_c6c2c8_1x100.png HTTP/1.1" 404 1117
190.171.142.50 - - [04/Oct/2021:09:58:06 -0300] "GET /cormun/static/Shared/jqueryui/images/ui-icons_82798d_256x240.png HTTP/1.1" 404 1089
190.171.142.50 - - [04/Oct/2021:09:58:06 -0300] "GET /cormun/static/Shared/jqueryui/images/ui-bg_flat_55_fafafa_40x100.png HTTP/1.1" 404 1097
190.171.142.50 - - [04/Oct/2021:09:58:06 -0300] "GET /cormun/static/Shared/jqueryui/images/ui-icons_8d78a5_256x240.png HTTP/1.1" 404 1089
190.171.142.50 - - [04/Oct/2021:09:58:06 -0300] "POST /cormun/servlet/trsolicitudot?3963cf9e78b9ca5382e3f4a7ba51982a,gx-no-cache=1633355185857 HTTP/1.1" 200 5767
190.171.142.50 - - [04/Oct/2021:09:58:07 -0300] "POST /cormun/servlet/trsolicitudot?3963cf9e78b9ca5382e3f4a7ba51982a,gx-no-cache=1633355186884 HTTP/1.1" 200 4573
190.171.142.50 - - [04/Oct/2021:09:58:07 -0300] "POST /cormun/servlet/trsolicitudot?3963cf9e78b9ca5382e3f4a7ba51982a,gx-no-cache=1633355187152 HTTP/1.1" 200 4336
200.54.103.162 - - [04/Oct/2021:09:58:10 -0300] "GET /cormun/servlet/hlogin HTTP/1.1" 200 1721
200.54.103.162 - - [04/Oct/2021:09:58:11 -0300] "GET /cormun/servlet/hlogin HTTP/1.1" 200 1731
200.54.103.162 - - [04/Oct/2021:09:58:17 -0300] "POST /cormun/servlet/hlogin?4b5beefe4f5f04e70597deeeb5fd3637,gx-no-cache=1633333509303 HTTP/1.1" 200 90
200.54.103.162 - - [04/Oct/2021:09:58:17 -0300] "GET /cormun/servlet/hpexe_link HTTP/1.1" 200 949
200.54.103.162 - - [04/Oct/2021:09:58:17 -0300] "GET /cormun/servlet/hhome HTTP/1.1" 200 4334
200.54.103.162 - - [04/Oct/2021:09:58:18 -0300] "GET /cormun/servlet/hhome HTTP/1.1" 200 4330
190.171.142.50 - - [04/Oct/2021:09:58:21 -0300] "GET /cormun/servlet/hlogin HTTP/1.1" 200 1743
200.54.103.162 - - [04/Oct/2021:09:58:21 -0300] "GET /cormun/servlet/trlicencias? HTTP/1.1" 200 10607
200.54.103.162 - - [04/Oct/2021:09:58:21 -0300] "GET /cormun/servlet/trlicencias? HTTP/1.1" 200 10605
