190.171.149.82 - - [28/Sep/2021:10:07:46 -0300] "GET /cormun/servlet/permisogoce?59181e5afa7d455f972cc742be8d6ac35a9295c04ed4db1cccac760792d00c3bb38c88b838b0a23dca40e6743fbf32e7b0c9d267b8fd91c5eb682ba55bce6ddf,gx-no-cache=1632833771587 HTTP/1.1" 200 74
190.171.154.42 - - [28/Sep/2021:10:07:46 -0300] "GET /cormun/servlet/trpermisosgoce? HTTP/1.1" 200 9558
190.171.149.82 - - [28/Sep/2021:10:07:51 -0300] "GET /cormun/static/menuarrow.gif HTTP/1.1" 404 1015
190.171.154.42 - - [28/Sep/2021:10:07:51 -0300] "GET /cormun/servlet/trpermisosadjuntos?11372929,20210924120700,P, HTTP/1.1" 200 7227
190.171.154.42 - - [28/Sep/2021:10:07:53 -0300] "GET /cormun/servlet/trpermisosadjuntos?11372929,20210924120700,P, HTTP/1.1" 200 7226
190.171.149.82 - - [28/Sep/2021:10:07:58 -0300] "GET /cormun/servlet/permisogoce?59181e5afa7d455f972cc742be8d6ac373bb5b7a7bfffd3c171c59e5ef07a26bb6e08265499272d518794ad52a6f7ce0a40135b716d5aa27eb048cd185b8f46e,gx-no-cache=1632833783870 HTTP/1.1" 200 46
190.171.149.82 - - [28/Sep/2021:10:08:02 -0300] "GET /cormun/servlet/puconsultapgoce?14165536,MD,gxPopupLevel%3D0%3B HTTP/1.1" 200 3768
190.171.149.82 - - [28/Sep/2021:10:08:03 -0300] "GET /cormun/pexe_menus.js HTTP/1.1" 404 1001
190.171.149.82 - - [28/Sep/2021:10:08:03 -0300] "GET /cormun/pexe_layers.js HTTP/1.1" 404 1003
190.171.149.82 - - [28/Sep/2021:10:08:03 -0300] "GET /cormun/pexe_windows.js HTTP/1.1" 404 1005
190.171.149.82 - - [28/Sep/2021:10:08:03 -0300] "GET /cormun/pexe_link.js HTTP/1.1" 404 999
190.171.149.82 - - [28/Sep/2021:10:08:03 -0300] "GET /cormun/pexe_cookies.js HTTP/1.1" 404 1005
190.171.149.82 - - [28/Sep/2021:10:08:03 -0300] "GET /cormun/pexe_grid.js HTTP/1.1" 404 999
190.171.149.82 - - [28/Sep/2021:10:08:03 -0300] "GET /cormun/pexe_griddivfix.js HTTP/1.1" 404 1011
190.171.149.82 - - [28/Sep/2021:10:08:03 -0300] "GET /cormun/pexe_picture.js HTTP/1.1" 404 1005
190.171.149.82 - - [28/Sep/2021:10:08:03 -0300] "GET /cormun/pexe_treedivfix.js HTTP/1.1" 404 1011
190.171.149.82 - - [28/Sep/2021:10:08:03 -0300] "GET /cormun/pexe_menudivfix.js HTTP/1.1" 404 1011
190.171.149.82 - - [28/Sep/2021:10:08:03 -0300] "GET /cormun/pexe_tabdivfix.js HTTP/1.1" 404 1009
190.171.149.82 - - [28/Sep/2021:10:08:03 -0300] "GET /cormun/pexe_autoreload.js HTTP/1.1" 404 1011
190.171.149.82 - - [28/Sep/2021:10:08:03 -0300] "GET /cormun/pexe_tabdivfix.js HTTP/1.1" 404 1009
190.171.154.42 - - [28/Sep/2021:10:08:05 -0300] "GET /cormun/servlet/trpermisosgoce? HTTP/1.1" 200 9558
190.171.154.42 - - [28/Sep/2021:10:08:06 -0300] "GET /cormun/servlet/trpermisosgoce? HTTP/1.1" 200 9558
190.171.149.82 - - [28/Sep/2021:10:08:10 -0300] "POST /cormun/servlet/permisogoce?b40849515b140b33463ad812db10a075,INS,0,,,,gx-no-cache=1632833795777 HTTP/1.1" 200 93
190.171.149.82 - - [28/Sep/2021:10:08:10 -0300] "GET /cormun/servlet/hpexe_return? HTTP/1.1" 200 1006
190.171.149.82 - - [28/Sep/2021:10:08:10 -0300] "GET /cormun/servlet/trpermisosgoce? HTTP/1.1" 200 7978
190.171.149.82 - - [28/Sep/2021:10:08:11 -0300] "GET /cormun/servlet/trpermisosgoce? HTTP/1.1" 200 7974
190.171.154.42 - - [28/Sep/2021:10:08:14 -0300] "POST /cormun/servlet/trpermisosgoce?859b8789d59fabf0ff3fd1595d5eb55b,,gx-no-cache=1632833797157 HTTP/1.1" 200 6622
190.171.154.42 - - [28/Sep/2021:10:08:14 -0300] "GET /cormun/static/Shared/jqueryui/images/ui-bg_highlight-soft_100_c6c2c8_1x100.png HTTP/1.1" 404 1117
190.171.154.42 - - [28/Sep/2021:10:08:14 -0300] "GET /cormun/static/Shared/jqueryui/images/ui-icons_82798d_256x240.png HTTP/1.1" 404 1089
190.171.154.42 - - [28/Sep/2021:10:08:14 -0300] "GET /cormun/static/Shared/jqueryui/images/ui-bg_flat_55_fafafa_40x100.png HTTP/1.1" 404 1097
190.171.154.42 - - [28/Sep/2021:10:08:14 -0300] "GET /cormun/static/Shared/jqueryui/images/ui-icons_8d78a5_256x240.png HTTP/1.1" 404 1089
190.171.149.82 - - [28/Sep/2021:10:08:18 -0300] "GET /cormun/servlet/apermisogoceprn?14165536,P,20210928095313,PU HTTP/1.1" 200 1661
190.171.154.42 - - [28/Sep/2021:10:08:26 -0300] "GET /cormun/servlet/trautorizarpermisogoce? HTTP/1.1" 200 9503
190.171.154.42 - - [28/Sep/2021:10:08:27 -0300] "GET /cormun/servlet/trautorizarpermisogoce? HTTP/1.1" 200 9503
190.171.154.42 - - [28/Sep/2021:10:08:32 -0300] "POST /cormun/servlet/trautorizarpermisogoce?859b8789d59fabf0ff3fd1595d5eb55b,,gx-no-cache=1632833814951 HTTP/1.1" 200 6752
190.171.154.42 - - [28/Sep/2021:10:08:32 -0300] "GET /cormun/static/Shared/jqueryui/images/ui-bg_highlight-soft_100_c6c2c8_1x100.png HTTP/1.1" 404 1117
190.171.154.42 - - [28/Sep/2021:10:08:32 -0300] "GET /cormun/static/Shared/jqueryui/images/ui-icons_82798d_256x240.png HTTP/1.1" 404 1089
190.171.154.42 - - [28/Sep/2021:10:08:32 -0300] "GET /cormun/static/Shared/jqueryui/images/ui-bg_flat_55_fafafa_40x100.png HTTP/1.1" 404 1097
190.171.154.42 - - [28/Sep/2021:10:08:32 -0300] "GET /cormun/static/Shared/jqueryui/images/ui-icons_8d78a5_256x240.png HTTP/1.1" 404 1089
190.171.154.42 - - [28/Sep/2021:10:08:34 -0300] "POST /cormun/servlet/trautorizarpermisogoce?859b8789d59fabf0ff3fd1595d5eb55b,,gx-no-cache=1632833816903 HTTP/1.1" 200 6753
190.171.154.42 - - [28/Sep/2021:10:08:35 -0300] "POST /cormun/servlet/trautorizarpermisogoce?859b8789d59fabf0ff3fd1595d5eb55b,,gx-no-cache=1632833818323 HTTP/1.1" 200 6752
190.171.154.42 - - [28/Sep/2021:10:08:37 -0300] "POST /cormun/servlet/trautorizarpermisogoce?859b8789d59fabf0ff3fd1595d5eb55b,,gx-no-cache=1632833819926 HTTP/1.1" 200 6754
190.171.154.42 - - [28/Sep/2021:10:08:38 -0300] "POST /cormun/servlet/trautorizarpermisogoce?859b8789d59fabf0ff3fd1595d5eb55b,,gx-no-cache=1632833821156 HTTP/1.1" 200 6753
190.171.154.42 - - [28/Sep/2021:10:08:45 -0300] "GET /cormun/servlet/autorizarpermisogoce?DSP,15123859,P,20210923151826, HTTP/1.1" 200 6370
190.171.154.42 - - [28/Sep/2021:10:08:45 -0300] "GET /cormun/static/calendar-system.css?75620 HTTP/1.1" 200 5572
190.171.154.42 - - [28/Sep/2021:10:08:45 -0300] "GET /cormun/static/Resources/Spanish/PXTools.css?19172979 HTTP/1.1" 200 100853
190.171.154.42 - - [28/Sep/2021:10:08:45 -0300] "GET /cormun/static/gxcfg.js?201991419412636 HTTP/1.1" 200 953
190.171.154.42 - - [28/Sep/2021:10:08:45 -0300] "GET /cormun/static/autorizarpermisogoce.js?201991419412687 HTTP/1.1" 200 16019
190.171.154.42 - - [28/Sep/2021:10:08:46 -0300] "GET /cormun/servlet/autorizarpermisogoce?DSP,15123859,P,20210923151826, HTTP/1.1" 200 6370
190.171.154.42 - - [28/Sep/2021:10:08:52 -0300] "POST /cormun/servlet/autorizarpermisogoce?859b8789d59fabf0ff3fd1595d5eb55b,DSP,15123859,P,20210923151826,,gx-no-cache=1632833835434 HTTP/1.1" 200 93
190.171.154.42 - - [28/Sep/2021:10:08:52 -0300] "GET /cormun/servlet/hpexe_return? HTTP/1.1" 200 1031
190.171.154.42 - - [28/Sep/2021:10:08:53 -0300] "GET /cormun/servlet/trautorizarpermisogoce? HTTP/1.1" 200 9507
190.171.154.42 - - [28/Sep/2021:10:08:54 -0300] "GET /cormun/servlet/trautorizarpermisogoce? HTTP/1.1" 200 9503
190.171.149.82 - - [28/Sep/2021:10:08:58 -0300] "GET /cormun/servlet/permisogoce?INS,0,,, HTTP/1.1" 200 7026
190.171.149.82 - - [28/Sep/2021:10:08:58 -0300] "GET /cormun/servlet/permisogoce?INS,0,,, HTTP/1.1" 200 7026
190.171.149.82 - - [28/Sep/2021:10:09:01 -0300] "GET /cormun/servlet/trpermisosgoce? HTTP/1.1" 200 7978
190.171.149.82 - - [28/Sep/2021:10:09:01 -0300] "GET /cormun/servlet/trpermisosgoce? HTTP/1.1" 200 7974
190.171.154.42 - - [28/Sep/2021:10:09:03 -0300] "POST /cormun/servlet/trautorizarpermisogoce?859b8789d59fabf0ff3fd1595d5eb55b,,gx-no-cache=1632833845910 HTTP/1.1" 200 6756
190.171.154.42 - - [28/Sep/2021:10:09:03 -0300] "GET /cormun/static/Shared/jqueryui/images/ui-bg_highlight-soft_100_c6c2c8_1x100.png HTTP/1.1" 404 1117
190.171.154.42 - - [28/Sep/2021:10:09:03 -0300] "GET /cormun/static/Shared/jqueryui/images/ui-icons_82798d_256x240.png HTTP/1.1" 404 1089
190.171.154.42 - - [28/Sep/2021:10:09:03 -0300] "GET /cormun/static/Shared/jqueryui/images/ui-bg_flat_55_fafafa_40x100.png HTTP/1.1" 404 1097
190.171.154.42 - - [28/Sep/2021:10:09:03 -0300] "GET /cormun/static/Shared/jqueryui/images/ui-icons_8d78a5_256x240.png HTTP/1.1" 404 1089
190.171.154.42 - - [28/Sep/2021:10:09:04 -0300] "POST /cormun/servlet/trautorizarpermisogoce?859b8789d59fabf0ff3fd1595d5eb55b,,gx-no-cache=1632833847277 HTTP/1.1" 200 6730
186.67.172.234 - - [28/Sep/2021:10:09:10 -0300] "POST /cormun/servlet/solicitudot?gx-no-cache=1632833854529 HTTP/1.1" 200 3721
186.67.172.234 - - [28/Sep/2021:10:09:10 -0300] "POST /cormun/servlet/solicitudot?d4c0b68bd254fe60db9cb1907372a8cd,INS,0,0,false,,gx-no-cache=1632833854665 HTTP/1.1" 200 12503
190.171.154.42 - - [28/Sep/2021:10:09:12 -0300] "GET /cormun/servlet/trautorizarpermisogoce? HTTP/1.1" 200 9477
186.67.172.234 - - [28/Sep/2021:10:09:13 -0300] "GET /cormun/servlet/solicitudot?8e77746a54e3f92f340c1f67958fb4212f6ce0b70cc217b15d0e2fb8bc56cf526df7d05269ce77fe87d0ecc44cbe7b25,gx-no-cache=1632833857921 HTTP/1.1" 200 30
190.171.154.42 - - [28/Sep/2021:10:09:14 -0300] "GET /cormun/servlet/trautorizarpermisogoce? HTTP/1.1" 200 9477
190.171.149.82 - - [28/Sep/2021:10:09:15 -0300] "GET /cormun/servlet/trlicenciaspermisoslog?14165536,P,20210928095313, HTTP/1.1" 200 6396
190.171.149.82 - - [28/Sep/2021:10:09:15 -0300] "GET /cormun/static/gxcfg.js?201991422452353 HTTP/1.1" 200 953
190.171.149.82 - - [28/Sep/2021:10:09:15 -0300] "GET /cormun/static/trlicenciaspermisoslog.js?201991422452676 HTTP/1.1" 200 20074
190.171.149.82 - - [28/Sep/2021:10:09:15 -0300] "GET /cormun/servlet/trlicenciaspermisoslog?14165536,P,20210928095313, HTTP/1.1" 200 6396
190.171.149.82 - - [28/Sep/2021:10:09:19 -0300] "GET /cormun/servlet/trpermisosgoce? HTTP/1.1" 200 7974
190.171.149.82 - - [28/Sep/2021:10:09:19 -0300] "GET /cormun/servlet/trpermisosgoce? HTTP/1.1" 200 7974
190.171.154.42 - - [28/Sep/2021:10:09:22 -0300] "POST /cormun/servlet/trautorizarpermisogoce?859b8789d59fabf0ff3fd1595d5eb55b,,gx-no-cache=1632833865307 HTTP/1.1" 200 6702
190.171.149.82 - - [28/Sep/2021:10:09:29 -0300] "POST /cormun/servlet/trpermisosgoce?b40849515b140b33463ad812db10a075,,gx-no-cache=1632833874850 HTTP/1.1" 200 90
190.171.149.82 - - [28/Sep/2021:10:09:29 -0300] "GET /cormun/servlet/hpexe_link HTTP/1.1" 200 962
190.171.149.82 - - [28/Sep/2021:10:09:29 -0300] "GET /cormun/servlet/trautorizarpermisogoce? HTTP/1.1" 200 7841
190.171.149.82 - - [28/Sep/2021:10:09:30 -0300] "GET /cormun/servlet/trautorizarpermisogoce? HTTP/1.1" 200 7840
190.171.154.42 - - [28/Sep/2021:10:09:30 -0300] "POST /cormun/servlet/trautorizarpermisogoce?859b8789d59fabf0ff3fd1595d5eb55b,,gx-no-cache=1632833872891 HTTP/1.1" 200 4410
190.171.154.42 - - [28/Sep/2021:10:09:31 -0300] "POST /cormun/servlet/trautorizarpermisogoce?859b8789d59fabf0ff3fd1595d5eb55b,,gx-no-cache=1632833874646 HTTP/1.1" 200 4410
190.171.149.82 - - [28/Sep/2021:10:09:36 -0300] "GET /cormun/servlet/trautorizarpermisogoce? HTTP/1.1" 200 7840
190.171.149.82 - - [28/Sep/2021:10:09:36 -0300] "GET /cormun/servlet/trautorizarpermisogoce? HTTP/1.1" 200 7840
190.171.154.42 - - [28/Sep/2021:10:09:37 -0300] "POST /cormun/servlet/trautorizarpermisogoce?859b8789d59fabf0ff3fd1595d5eb55b,,gx-no-cache=1632833879782 HTTP/1.1" 200 6702
190.171.154.42 - - [28/Sep/2021:10:09:42 -0300] "POST /cormun/servlet/trautorizarpermisogoce?859b8789d59fabf0ff3fd1595d5eb55b,,gx-no-cache=1632833884895 HTTP/1.1" 200 6703
190.171.149.82 - - [28/Sep/2021:10:09:44 -0300] "GET /cormun/servlet/trlicenciaspermisoslog?20372747,P,20210928094405, HTTP/1.1" 200 6404
190.171.149.82 - - [28/Sep/2021:10:09:44 -0300] "GET /cormun/servlet/trlicenciaspermisoslog?20372747,P,20210928094405, HTTP/1.1" 200 6404
190.171.149.82 - - [28/Sep/2021:10:09:48 -0300] "POST /cormun/servlet/trlicenciaspermisoslog?b40849515b140b33463ad812db10a075,20372747,P,20210928094405,,gx-no-cache=1632833894067 HTTP/1.1" 200 90
190.171.149.82 - - [28/Sep/2021:10:09:48 -0300] "GET /cormun/servlet/hpexe_link HTTP/1.1" 200 991
190.171.149.82 - - [28/Sep/2021:10:09:48 -0300] "GET /cormun/servlet/trautorizarpermisogoce HTTP/1.1" 200 7841
190.171.149.82 - - [28/Sep/2021:10:09:49 -0300] "GET /cormun/servlet/trautorizarpermisogoce HTTP/1.1" 200 7840
190.171.154.42 - - [28/Sep/2021:10:09:56 -0300] "POST /cormun/servlet/trautorizarpermisogoce?859b8789d59fabf0ff3fd1595d5eb55b,,gx-no-cache=1632833899611 HTTP/1.1" 200 6703
190.171.154.42 - - [28/Sep/2021:10:09:59 -0300] "POST /cormun/servlet/trautorizarpermisogoce?859b8789d59fabf0ff3fd1595d5eb55b,,gx-no-cache=1632833902486 HTTP/1.1" 200 6704
190.171.149.82 - - [28/Sep/2021:10:10:35 -0300] "GET /cormun/servlet/autorizarpermisogoce?DSP,20372747,P,20210928094405, HTTP/1.1" 200 6162
190.171.149.82 - - [28/Sep/2021:10:10:35 -0300] "GET /cormun/static/gxcfg.js?201991419412636 HTTP/1.1" 200 953
190.171.149.82 - - [28/Sep/2021:10:10:35 -0300] "GET /cormun/static/autorizarpermisogoce.js?201991419412687 HTTP/1.1" 200 16019
190.171.149.82 - - [28/Sep/2021:10:10:35 -0300] "GET /cormun/static/Resources/Spanish/PXTools.css?19172979 HTTP/1.1" 200 100853
190.171.149.82 - - [28/Sep/2021:10:10:36 -0300] "GET /cormun/servlet/autorizarpermisogoce?DSP,20372747,P,20210928094405, HTTP/1.1" 200 6165
190.171.149.82 - - [28/Sep/2021:10:10:38 -0300] "POST /cormun/servlet/autorizarpermisogoce?b40849515b140b33463ad812db10a075,DSP,20372747,P,20210928094405,,gx-no-cache=1632833943770 HTTP/1.1" 200 93
190.171.149.82 - - [28/Sep/2021:10:10:38 -0300] "GET /cormun/servlet/hpexe_return? HTTP/1.1" 200 1028
190.171.149.82 - - [28/Sep/2021:10:10:38 -0300] "GET /cormun/servlet/trautorizarpermisogoce HTTP/1.1" 200 7844
190.171.149.82 - - [28/Sep/2021:10:10:38 -0300] "GET /cormun/servlet/trautorizarpermisogoce HTTP/1.1" 200 7840
190.171.149.82 - - [28/Sep/2021:10:10:47 -0300] "GET /cormun/servlet/trpermisosgoce? HTTP/1.1" 200 7975
190.171.149.82 - - [28/Sep/2021:10:10:47 -0300] "GET /cormun/servlet/trpermisosgoce? HTTP/1.1" 200 7974
190.171.149.82 - - [28/Sep/2021:10:10:53 -0300] "GET /cormun/servlet/permisogoce?DSP,14165536,P,20210928095313, HTTP/1.1" 200 6879
190.171.149.82 - - [28/Sep/2021:10:10:53 -0300] "GET /cormun/servlet/permisogoce?DSP,14165536,P,20210928095313, HTTP/1.1" 200 6879
190.171.149.82 - - [28/Sep/2021:10:10:57 -0300] "POST /cormun/servlet/permisogoce?b40849515b140b33463ad812db10a075,DSP,14165536,P,20210928095313,,gx-no-cache=1632833962898 HTTP/1.1" 200 93
190.171.149.82 - - [28/Sep/2021:10:10:57 -0300] "GET /cormun/servlet/hpexe_return? HTTP/1.1" 200 1024
190.171.149.82 - - [28/Sep/2021:10:10:57 -0300] "GET /cormun/servlet/trpermisosgoce HTTP/1.1" 200 7978
190.171.149.82 - - [28/Sep/2021:10:10:58 -0300] "GET /cormun/servlet/trpermisosgoce HTTP/1.1" 200 7974
190.171.149.82 - - [28/Sep/2021:10:11:13 -0300] "POST /cormun/servlet/trpermisosgoce?b40849515b140b33463ad812db10a075,gx-no-cache=1632833978435 HTTP/1.1" 200 5359
190.171.149.82 - - [28/Sep/2021:10:11:13 -0300] "GET /cormun/static/Shared/jqueryui/images/ui-icons_82798d_256x240.png HTTP/1.1" 404 1089
190.171.149.82 - - [28/Sep/2021:10:11:13 -0300] "GET /cormun/static/Shared/jqueryui/images/ui-bg_highlight-soft_100_c6c2c8_1x100.png HTTP/1.1" 404 1117
190.171.149.82 - - [28/Sep/2021:10:11:13 -0300] "GET /cormun/static/Shared/jqueryui/images/ui-bg_flat_55_fafafa_40x100.png HTTP/1.1" 404 1097
190.171.149.82 - - [28/Sep/2021:10:11:13 -0300] "GET /cormun/static/Shared/jqueryui/images/ui-icons_8d78a5_256x240.png HTTP/1.1" 404 1089
190.171.149.82 - - [28/Sep/2021:10:11:20 -0300] "POST /cormun/servlet/trpermisosgoce?b40849515b140b33463ad812db10a075,gx-no-cache=1632833986305 HTTP/1.1" 200 5335
190.171.149.82 - - [28/Sep/2021:10:11:22 -0300] "POST /cormun/servlet/trpermisosgoce?b40849515b140b33463ad812db10a075,gx-no-cache=1632833987817 HTTP/1.1" 200 5336
190.171.149.82 - - [28/Sep/2021:10:11:23 -0300] "POST /cormun/servlet/trpermisosgoce?b40849515b140b33463ad812db10a075,gx-no-cache=1632833989000 HTTP/1.1" 200 5334
190.171.149.82 - - [28/Sep/2021:10:11:29 -0300] "GET /cormun/servlet/trpermisosgoce? HTTP/1.1" 200 7974
190.171.149.82 - - [28/Sep/2021:10:11:30 -0300] "GET /cormun/servlet/trpermisosgoce? HTTP/1.1" 200 7974
186.67.172.234 - - [28/Sep/2021:10:11:30 -0300] "GET /cormun/servlet/prbanco?,MD,,gxPopupLevel%3D0%3B HTTP/1.1" 200 6674
186.67.172.234 - - [28/Sep/2021:10:11:33 -0300] "GET /cormun/servlet/solicitudot?8e77746a54e3f92f340c1f67958fb4219da03ae85478d5c282a71c057aaf16fe35e9d9e024083205a168f957126ca3ecd88b189077670d0a62fe2caae646204d,gx-no-cache=1632833997632 HTTP/1.1" 200 30
190.171.149.82 - - [28/Sep/2021:10:11:33 -0300] "GET /cormun/static/menuarrow.gif HTTP/1.1" 404 1015
186.67.172.234 - - [28/Sep/2021:10:11:34 -0300] "GET /cormun/servlet/solicitudot?8e77746a54e3f92f340c1f67958fb421174cfff65fc10b679adf9ba540b68f43,gx-no-cache=1632833998593 HTTP/1.1" 200 53
190.171.149.82 - - [28/Sep/2021:10:11:37 -0300] "POST /cormun/servlet/trpermisosgoce?b40849515b140b33463ad812db10a075,,gx-no-cache=1632834002258 HTTP/1.1" 200 90
190.171.149.82 - - [28/Sep/2021:10:11:37 -0300] "GET /cormun/servlet/hpexe_link HTTP/1.1" 200 961
190.171.149.82 - - [28/Sep/2021:10:11:37 -0300] "GET /cormun/servlet/trautorizarpermisogoce HTTP/1.1" 200 7841
190.171.149.82 - - [28/Sep/2021:10:11:38 -0300] "GET /cormun/servlet/trautorizarpermisogoce HTTP/1.1" 200 7840
190.171.149.82 - - [28/Sep/2021:10:11:41 -0300] "POST /cormun/servlet/trautorizarpermisogoce?b40849515b140b33463ad812db10a075,gx-no-cache=1632834006954 HTTP/1.1" 200 90
190.171.149.82 - - [28/Sep/2021:10:11:41 -0300] "GET /cormun/servlet/hpexe_link HTTP/1.1" 200 959
190.171.149.82 - - [28/Sep/2021:10:11:42 -0300] "GET /cormun/servlet/hhome HTTP/1.1" 200 4169
190.171.149.82 - - [28/Sep/2021:10:11:42 -0300] "GET /cormun/servlet/hhome HTTP/1.1" 200 4165
190.171.149.82 - - [28/Sep/2021:10:11:45 -0300] "GET /cormun/servlet/trautorizarsolicitud? HTTP/1.1" 200 7284
190.171.149.82 - - [28/Sep/2021:10:11:45 -0300] "GET /cormun/servlet/trautorizarsolicitud? HTTP/1.1" 200 7284
186.67.172.234 - - [28/Sep/2021:10:11:50 -0300] "POST /cormun/servlet/solicitudot?gx-no-cache=1632834015143 HTTP/1.1" 200 240
190.171.149.82 - - [28/Sep/2021:10:11:51 -0300] "GET /cormun/servlet/trpermisosgoce? HTTP/1.1" 200 7974
190.171.149.82 - - [28/Sep/2021:10:11:52 -0300] "GET /cormun/servlet/trpermisosgoce? HTTP/1.1" 200 7974
186.67.172.234 - - [28/Sep/2021:10:11:52 -0300] "GET /cormun/servlet/solicitudot?8e77746a54e3f92f340c1f67958fb421755893de7c9db268b4bd125d41176ebf7be952db87ab6ea358528716da3bed82481deca9d8e8f3bac0bd197174de7b07dfc69e4976784062bcf339278f24c7060acabb32324a49cfdc757636861ab2fa19a6d65a13df2cd801197a4fa25ac76841f4d40c134681e5214e1282b024338d4201efaf8d6744c91aa192b1a25465fce5dadbe24a85e2f2353b04811abe2cd059ccc8488980cc936a79451f8f958fe5ca34cbde387ba57255836845825b7c582b82fe9b90581e2afaf5ad36d6227edb292cb44581eb1a941ebd3ed5ca600bff9a573858662fbe981ab38a51db97f41ef4de9c9197d078a67bcf520f03ee0e5137b8b77447c78c65b5e779b66992879f0fee8c1cf33daf05325b1373f53a0f8ff948d35c2169fa83df13da746dedf5a767dcbbcbb473568a84779b2288e4d0a59d7d8eb49f72a138d77a0a6858bc8ae18a2bf5529a68d6763a89bde9d018d1c00ef1a444e920427631f85051c7e68ae68a62335f4638ecc009255f02f94ac799,gx-no-cache=1632834017103 HTTP/1.1" 200 30
190.171.149.82 - - [28/Sep/2021:10:11:55 -0300] "GET /cormun/static/menuarrow.gif HTTP/1.1" 404 1015
190.171.153.50 - - [28/Sep/2021:10:12:06 -0300] "GET /cormun/servlet/solicitudot?038d3166604c0ec711858b1c035e5bbec192a86711ac84bc4efbffaed5003cb8b3a81724b2d69a405a6861b60b68699b1a66532b67773e994aaff0905e45446c,gx-no-cache=1632834063423 HTTP/1.1" 200 30
190.171.153.50 - - [28/Sep/2021:10:12:07 -0300] "GET /cormun/static/Resources/resize.gif HTTP/1.1" 200 77
190.171.153.50 - - [28/Sep/2021:10:12:07 -0300] "GET /cormun/static/Resources/PXTools/ClosePrompt.png HTTP/1.1" 200 1036
190.171.153.50 - - [28/Sep/2021:10:12:07 -0300] "GET /cormun/servlet/prbanco?,MD,,gxPopupLevel%3D0%3B HTTP/1.1" 200 6490
190.171.153.50 - - [28/Sep/2021:10:12:07 -0300] "GET /cormun/static/gxcfg.js?20201216131581 HTTP/1.1" 200 953
190.171.153.50 - - [28/Sep/2021:10:12:07 -0300] "GET /cormun/static/menusearch.js?20201214473581 HTTP/1.1" 200 1424
190.171.153.50 - - [28/Sep/2021:10:12:07 -0300] "GET /cormun/static/prbanco.js?20201216132311 HTTP/1.1" 200 10693
190.171.153.50 - - [28/Sep/2021:10:12:07 -0300] "GET /cormun/static/hmpwkw011.js?20201215495555 HTTP/1.1" 200 1968
190.171.153.50 - - [28/Sep/2021:10:12:07 -0300] "GET /cormun/static/Resources/PXToolsMenuSearchCancel.png HTTP/1.1" 200 306
190.171.153.50 - - [28/Sep/2021:10:12:07 -0300] "GET /cormun/static/Resources/PXToolsMenuSearch.png HTTP/1.1" 200 336
190.171.153.50 - - [28/Sep/2021:10:12:12 -0300] "GET /cormun/servlet/solicitudot?038d3166604c0ec711858b1c035e5bbe2e5d2336d49c3c6d8134b49bcbd126fb,gx-no-cache=1632834069915 HTTP/1.1" 200 53
192.168.10.94 - - [28/Sep/2021:10:12:22 -0300] "GET /cormun/servlet/trsolicitudgral HTTP/1.1" 200 10428
192.168.10.94 - - [28/Sep/2021:10:12:22 -0300] "GET /cormun/servlet/trsolicitudgral HTTP/1.1" 200 10428
190.171.149.82 - - [28/Sep/2021:10:12:35 -0300] "POST /cormun/servlet/trpermisosgoce?b40849515b140b33463ad812db10a075,,gx-no-cache=1632834060825 HTTP/1.1" 200 4482
192.168.10.94 - - [28/Sep/2021:10:12:37 -0300] "POST /cormun/servlet/trsolicitudgral?7fb28a0ff2bdacc306a32308ea72b6b0,,gx-no-cache=1632833923593 HTTP/1.1" 200 7430
192.168.10.94 - - [28/Sep/2021:10:12:38 -0300] "GET /cormun/servlet/vesolicitudgral?2021,17541,, HTTP/1.1" 200 9101
192.168.10.94 - - [28/Sep/2021:10:12:38 -0300] "GET /cormun/pexe_scrolldiv.js HTTP/1.1" 404 1009
192.168.10.94 - - [28/Sep/2021:10:12:38 -0300] "GET /cormun/servlet/vesolicitudgral?2021,17541,, HTTP/1.1" 200 9100
190.171.153.50 - - [28/Sep/2021:10:12:39 -0300] "GET /cormun/servlet/solicitudot?038d3166604c0ec711858b1c035e5bbed1460c9913faa43cf864429f682b68c0aa8520bac3fe00c201302939d8c4a8efa61da07696b730b299344b119c526b239bc49540fad0efb538c997efeff0c52b9139ac9e0f43a07c06fd72b84780b32e0a3a0cc9effd2bb476415066881d000d5484b419a6764df3bd2fafa5bf56f2e134c88cf476ba5802bedf215b42c355cc27f35e7ed29d7076655dd8c0c27f8e0672994e7a0d3924cbb543fef504fb629e30cd6e22865723413873f7cacd179cbce64c68f2fbb3fed3cba0f09e9fcb17b3e4a3e57b848c9bbf2eb3039207489dee4e4c8238947c67f34f2ddd01235028b88b05c501ba4a0eabae3311ba176b5fbc5814c0e87362bfc8078da6ba079b4e9cb3eafbb0ed2dd9e6416ac46a815fab6606ab0508c661a712f8cf234594b9bebcaa5146c733588e4044883370a0469adc3ed9a806f71344b9ce23e057c9e985d8,gx-no-cache=1632834096916 HTTP/1.1" 200 256
190.171.149.82 - - [28/Sep/2021:10:12:41 -0300] "GET /cormun/servlet/permisogoce?INS,0,,, HTTP/1.1" 200 7027
190.171.149.82 - - [28/Sep/2021:10:12:41 -0300] "GET /cormun/servlet/permisogoce?INS,0,,, HTTP/1.1" 200 7027
186.67.172.234 - - [28/Sep/2021:10:12:45 -0300] "POST /cormun/servlet/solicitudot?gx-no-cache=1632834069342 HTTP/1.1" 200 30
186.67.172.234 - - [28/Sep/2021:10:12:45 -0300] "POST /cormun/servlet/solicitudot?gx-no-cache=1632834069432 HTTP/1.1" 200 1438
186.67.172.234 - - [28/Sep/2021:10:12:45 -0300] "POST /cormun/servlet/solicitudot?gx-no-cache=1632834069477 HTTP/1.1" 200 38
190.171.153.50 - - [28/Sep/2021:10:12:47 -0300] "GET /cormun/servlet/solicitudot?038d3166604c0ec711858b1c035e5bbe62a6ff7eb23f9bb9cef196db9d59a64f622708b23490dc5cfd32293d781f0e3105c40162fb4152562670bdac4fea9f64e330048bed6471b15366126f1c7235e9e5135046660a1ced2271a06456f01ba10af1400d207f6bf7315085b78abfa67db9f1898720b58106299f9d110093987459574dbd39dcf6b6b808cf826fd773bf4357371476257ddd2fe6eb58d1d06b8faa1185644683620c88e4b9440cb39a6e41a93978445cfb43b02ce0e166660241dea81de314aff9e0fdad9c96889ef8a63ef61cd5d82a8001dfb2d1e85639ef80466a530d31e3c29593f5e58a1a8c270c33ffe68463553ca6dfbba4802b1d740d914294bce2624b36be85307e0c0efd20b92cfd92950cf0cfef63558f4f881021a2c8866416725e5e21ed6c0b8c263ace07f5b2f6f48b079aa1eff10f64065cec759fd88dceaccd1e024073decf719c2df61ff43e641537098369394a332a695ff369d98ca24b8fa3206036bacfe2a5d05a5ad4a1e7629122dee1bf49ad393e2d,gx-no-cache=1632834104407 HTTP/1.1" 200 30
190.171.153.50 - - [28/Sep/2021:10:12:49 -0300] "POST /cormun/servlet/solicitudot?gx-no-cache=1632834106460 HTTP/1.1" 200 30
186.67.172.234 - - [28/Sep/2021:10:13:00 -0300] "POST /cormun/servlet/solicitudot?gx-no-cache=1632834084572 HTTP/1.1" 200 30
192.168.10.94 - - [28/Sep/2021:10:13:05 -0300] "GET /cormun/servlet/vesolicitudgral?2021,17541,,SolicitudOTAdjuntos HTTP/1.1" 200 7776
192.168.10.94 - - [28/Sep/2021:10:13:05 -0300] "GET /cormun/pexe_scrolldiv.js HTTP/1.1" 404 1009
192.168.10.94 - - [28/Sep/2021:10:13:05 -0300] "GET /cormun/servlet/vesolicitudgral?2021,17541,,SolicitudOTAdjuntos HTTP/1.1" 200 7776
192.168.10.94 - - [28/Sep/2021:10:13:06 -0300] "POST /cormun/servlet/acontrolpreferencessavestate?None,ABARRERA,true HTTP/1.1" 200 35
190.171.149.82 - - [28/Sep/2021:10:13:20 -0300] "GET /cormun/servlet/permisogoce?59181e5afa7d455f972cc742be8d6ac3afeaa97dda8013f471695c6cf62d2f3eb38c88b838b0a23dca40e6743fbf32e7b0c9d267b8fd91c5eb682ba55bce6ddf,gx-no-cache=1632834106079 HTTP/1.1" 200 86
190.171.149.82 - - [28/Sep/2021:10:13:20 -0300] "GET /cormun/static/menuarrow.gif HTTP/1.1" 404 1015
190.171.149.82 - - [28/Sep/2021:10:13:28 -0300] "GET /cormun/servlet/permisogoce?59181e5afa7d455f972cc742be8d6ac377835f77a3980feab4c1846e3296899bab3c7f538a002b8ee283796bc7466183a40135b716d5aa27eb048cd185b8f46e,gx-no-cache=1632834114071 HTTP/1.1" 200 46
190.171.149.82 - - [28/Sep/2021:10:13:31 -0300] "GET /cormun/servlet/puconsultapgoce?13098058,MD,gxPopupLevel%3D0%3B HTTP/1.1" 200 3778
190.171.149.82 - - [28/Sep/2021:10:13:31 -0300] "GET /cormun/pexe_menus.js HTTP/1.1" 404 1001
190.171.149.82 - - [28/Sep/2021:10:13:31 -0300] "GET /cormun/pexe_layers.js HTTP/1.1" 404 1003
190.171.149.82 - - [28/Sep/2021:10:13:31 -0300] "GET /cormun/pexe_windows.js HTTP/1.1" 404 1005
190.171.149.82 - - [28/Sep/2021:10:13:31 -0300] "GET /cormun/pexe_cookies.js HTTP/1.1" 404 1005
190.171.149.82 - - [28/Sep/2021:10:13:31 -0300] "GET /cormun/pexe_link.js HTTP/1.1" 404 999
190.171.149.82 - - [28/Sep/2021:10:13:31 -0300] "GET /cormun/pexe_griddivfix.js HTTP/1.1" 404 1011
190.171.149.82 - - [28/Sep/2021:10:13:31 -0300] "GET /cormun/pexe_grid.js HTTP/1.1" 404 999
190.171.149.82 - - [28/Sep/2021:10:13:31 -0300] "GET /cormun/pexe_picture.js HTTP/1.1" 404 1005
190.171.149.82 - - [28/Sep/2021:10:13:31 -0300] "GET /cormun/pexe_treedivfix.js HTTP/1.1" 404 1011
190.171.149.82 - - [28/Sep/2021:10:13:32 -0300] "GET /cormun/pexe_menudivfix.js HTTP/1.1" 404 1011
190.171.149.82 - - [28/Sep/2021:10:13:32 -0300] "GET /cormun/pexe_autoreload.js HTTP/1.1" 404 1011
190.171.149.82 - - [28/Sep/2021:10:13:32 -0300] "GET /cormun/pexe_tabdivfix.js HTTP/1.1" 404 1009
190.171.149.82 - - [28/Sep/2021:10:13:32 -0300] "GET /cormun/pexe_menus.js HTTP/1.1" 404 1001
190.171.149.82 - - [28/Sep/2021:10:13:32 -0300] "GET /cormun/pexe_layers.js HTTP/1.1" 404 1003
190.171.149.82 - - [28/Sep/2021:10:13:32 -0300] "GET /cormun/pexe_windows.js HTTP/1.1" 404 1005
190.171.149.82 - - [28/Sep/2021:10:13:32 -0300] "GET /cormun/pexe_link.js HTTP/1.1" 404 999
190.171.149.82 - - [28/Sep/2021:10:13:32 -0300] "GET /cormun/pexe_cookies.js HTTP/1.1" 404 1005
190.171.149.82 - - [28/Sep/2021:10:13:32 -0300] "GET /cormun/pexe_grid.js HTTP/1.1" 404 999
190.171.149.82 - - [28/Sep/2021:10:13:32 -0300] "GET /cormun/pexe_griddivfix.js HTTP/1.1" 404 1011
190.171.149.82 - - [28/Sep/2021:10:13:32 -0300] "GET /cormun/pexe_picture.js HTTP/1.1" 404 1005
190.171.149.82 - - [28/Sep/2021:10:13:32 -0300] "GET /cormun/pexe_treedivfix.js HTTP/1.1" 404 1011
190.171.149.82 - - [28/Sep/2021:10:13:32 -0300] "GET /cormun/pexe_autoreload.js HTTP/1.1" 404 1011
190.171.149.82 - - [28/Sep/2021:10:13:32 -0300] "GET /cormun/pexe_menudivfix.js HTTP/1.1" 404 1011
190.171.149.82 - - [28/Sep/2021:10:13:32 -0300] "GET /cormun/pexe_tabdivfix.js HTTP/1.1" 404 1009
190.171.153.50 - - [28/Sep/2021:10:13:35 -0300] "POST /cormun/servlet/solicitudot?gx-no-cache=1632834152355 HTTP/1.1" 200 297
190.171.149.82 - - [28/Sep/2021:10:13:40 -0300] "POST /cormun/servlet/permisogoce?b40849515b140b33463ad812db10a075,INS,0,,,,gx-no-cache=1632834125570 HTTP/1.1" 200 93
190.171.149.82 - - [28/Sep/2021:10:13:40 -0300] "GET /cormun/servlet/hpexe_return? HTTP/1.1" 200 1006
190.171.149.82 - - [28/Sep/2021:10:13:40 -0300] "GET /cormun/servlet/trpermisosgoce? HTTP/1.1" 200 7982
190.171.149.82 - - [28/Sep/2021:10:13:41 -0300] "GET /cormun/servlet/trpermisosgoce? HTTP/1.1" 200 7978
190.171.153.50 - - [28/Sep/2021:10:13:42 -0300] "POST /cormun/servlet/solicitudot?gx-no-cache=1632834159801 HTTP/1.1" 200 257
190.171.149.82 - - [28/Sep/2021:10:13:43 -0300] "GET /cormun/servlet/apermisogoceprn?13098058,P,20210928095848,PU HTTP/1.1" 200 1660
190.171.149.82 - - [28/Sep/2021:10:14:17 -0300] "GET /cormun/servlet/permisogoce?DSP,13098058,P,20210928095848, HTTP/1.1" 200 6879
190.171.149.82 - - [28/Sep/2021:10:14:18 -0300] "GET /cormun/servlet/permisogoce?DSP,13098058,P,20210928095848, HTTP/1.1" 200 6879
190.171.149.82 - - [28/Sep/2021:10:14:21 -0300] "POST /cormun/servlet/permisogoce?b40849515b140b33463ad812db10a075,DSP,13098058,P,20210928095848,,gx-no-cache=1632834167226 HTTP/1.1" 200 93
190.171.149.82 - - [28/Sep/2021:10:14:21 -0300] "GET /cormun/servlet/hpexe_return? HTTP/1.1" 200 1025
190.171.149.82 - - [28/Sep/2021:10:14:22 -0300] "GET /cormun/servlet/trpermisosgoce HTTP/1.1" 200 7982
190.171.149.82 - - [28/Sep/2021:10:14:22 -0300] "GET /cormun/servlet/trpermisosgoce HTTP/1.1" 200 7978
190.171.149.82 - - [28/Sep/2021:10:14:26 -0300] "GET /cormun/servlet/hlogin HTTP/1.1" 200 1738
186.67.172.234 - - [28/Sep/2021:10:14:57 -0300] "POST /cormun/servlet/solicitudot?gx-no-cache=1632834201774 HTTP/1.1" 200 1440
186.67.172.234 - - [28/Sep/2021:10:14:57 -0300] "GET /cormun/static/menuarrow.gif HTTP/1.1" 404 1015
186.67.172.234 - - [28/Sep/2021:10:15:04 -0300] "GET /cormun/servlet/prlicenciaspermisos?10409144,L,,MD,,gxPopupLevel%3D0%3B HTTP/1.1" 200 7851
186.67.172.234 - - [28/Sep/2021:10:16:23 -0300] "POST /cormun/servlet/solicitudot?gx-no-cache=1632834287669 HTTP/1.1" 200 40
186.67.172.234 - - [28/Sep/2021:10:16:23 -0300] "GET /cormun/servlet/solicitudot?8e77746a54e3f92f340c1f67958fb421f8475a5b75a3a59f6c328b4cdcd1002a6921677ee6b17704de5d34d566e3c43b630f6f2e73ce48b89f5c2740001c149a04f27212aee293942e85d9bd908a2941980e547723efac58cd456308d8eeee69d638c40db4135654d594de48d11d3ef0,gx-no-cache=1632834287704 HTTP/1.1" 200 110
186.67.172.234 - - [28/Sep/2021:10:16:23 -0300] "POST /cormun/servlet/solicitudot?gx-no-cache=1632834287726 HTTP/1.1" 200 97
186.67.172.234 - - [28/Sep/2021:10:16:33 -0300] "GET /cormun/servlet/solicitudot?8e77746a54e3f92f340c1f67958fb4212afa311cbc610e5b506bb549c05fcc624bc2bccdaf03883b0f819afc7b947d608c876128c8af5435f0059fc293a2bd523eac3991676ad6d992b3c7ccbd8406dfefb9b73cd8e3e98eed0cd183d967fbc173299ea4f0ea0db44dfd6b80c4ba8b57,gx-no-cache=1632834298068 HTTP/1.1" 200 29
192.168.10.94 - - [28/Sep/2021:10:16:56 -0300] "GET /cormun/servlet/vesolicitudgral?2021,17541,, HTTP/1.1" 200 9101
192.168.10.94 - - [28/Sep/2021:10:16:56 -0300] "GET /cormun/servlet/vesolicitudgral?2021,17541,, HTTP/1.1" 200 9100
192.168.10.94 - - [28/Sep/2021:10:16:58 -0300] "GET /cormun/servlet/trsolicitudgral HTTP/1.1" 200 10452
192.168.10.94 - - [28/Sep/2021:10:16:58 -0300] "GET /cormun/servlet/trsolicitudgral HTTP/1.1" 200 10448
192.168.10.94 - - [28/Sep/2021:10:16:59 -0300] "GET /cormun/servlet/wbconsulta HTTP/1.1" 200 5421
192.168.10.94 - - [28/Sep/2021:10:16:59 -0300] "GET /cormun/static/gxcfg.js?201991422433966 HTTP/1.1" 200 953
192.168.10.94 - - [28/Sep/2021:10:16:59 -0300] "GET /cormun/static/wbconsulta.js?20199142243401 HTTP/1.1" 200 4330
192.168.10.94 - - [28/Sep/2021:10:16:59 -0300] "GET /cormun/servlet/wbconsulta HTTP/1.1" 200 5421
192.168.10.94 - - [28/Sep/2021:10:17:01 -0300] "GET /cormun/servlet/trsolicitudgral HTTP/1.1" 200 10452
192.168.10.94 - - [28/Sep/2021:10:17:01 -0300] "GET /cormun/servlet/trsolicitudgral HTTP/1.1" 200 10448
192.168.10.94 - - [28/Sep/2021:10:17:10 -0300] "POST /cormun/servlet/trsolicitudgral?7fb28a0ff2bdacc306a32308ea72b6b0,,gx-no-cache=1632834196919 HTTP/1.1" 200 7396
192.168.10.94 - - [28/Sep/2021:10:17:11 -0300] "GET /cormun/servlet/vesolicitudgral?2021,17465,, HTTP/1.1" 200 9074
192.168.10.94 - - [28/Sep/2021:10:17:12 -0300] "GET /cormun/pexe_scrolldiv.js HTTP/1.1" 404 1009
192.168.10.94 - - [28/Sep/2021:10:17:12 -0300] "GET /cormun/servlet/vesolicitudgral?2021,17465,, HTTP/1.1" 200 9073
192.168.10.94 - - [28/Sep/2021:10:17:21 -0300] "GET /cormun/servlet/vesolicitudgral?2021,17465,,SolicitudOTAdjuntos HTTP/1.1" 200 11477
192.168.10.94 - - [28/Sep/2021:10:17:21 -0300] "GET /cormun/pexe_scrolldiv.js HTTP/1.1" 404 1009
192.168.10.94 - - [28/Sep/2021:10:17:22 -0300] "GET /cormun/servlet/vesolicitudgral?2021,17465,,SolicitudOTAdjuntos HTTP/1.1" 200 11480
192.168.10.94 - - [28/Sep/2021:10:17:22 -0300] "POST /cormun/servlet/acontrolpreferencessavestate?None,ABARRERA,true HTTP/1.1" 200 35
192.168.10.94 - - [28/Sep/2021:10:17:30 -0300] "GET /cormun/PublicTempStorage/antecedentes766803.pdf HTTP/1.1" 200 162961
190.171.152.234 - - [28/Sep/2021:10:18:07 -0300] "GET /cormun/servlet/solicitudotadjuntos?06f144ec77d3eb40c2d27839c61a78eec033300836dc62931274ee04b36947d9,gx-no-cache=1632834411723 HTTP/1.1" 200 30
190.171.152.234 - - [28/Sep/2021:10:18:07 -0300] "GET /cormun/servlet/solicitudotadjuntos?06f144ec77d3eb40c2d27839c61a78eec033300836dc62931274ee04b36947d9,gx-no-cache=1632834411746 HTTP/1.1" 200 30
190.171.152.234 - - [28/Sep/2021:10:18:08 -0300] "POST /cormun/servlet/solicitudotadjuntos?72de78d24467caef56fbfcac4a79c704,INS,2021,17555,,1, HTTP/1.1" 200 116
190.171.152.234 - - [28/Sep/2021:10:18:08 -0300] "GET /cormun/servlet/hpexe_return? HTTP/1.1" 200 1025
190.171.152.234 - - [28/Sep/2021:10:18:08 -0300] "GET /cormun/servlet/trsolicitudadjuntos?2021,17555, HTTP/1.1" 200 10100
190.171.152.234 - - [28/Sep/2021:10:18:08 -0300] "GET /cormun/servlet/trsolicitudadjuntos?2021,17555, HTTP/1.1" 200 10094
190.171.152.234 - - [28/Sep/2021:10:18:12 -0300] "GET /cormun/servlet/solicitudotadjuntos?INS,2021,17555,,1, HTTP/1.1" 200 6307
190.171.152.234 - - [28/Sep/2021:10:18:12 -0300] "GET /cormun/static/about:blank HTTP/1.1" 404 1011
190.171.152.234 - - [28/Sep/2021:10:18:13 -0300] "GET /cormun/servlet/solicitudotadjuntos?INS,2021,17555,,1, HTTP/1.1" 200 6301
190.171.152.234 - - [28/Sep/2021:10:18:13 -0300] "GET /cormun/servlet/solicitudotadjuntos?06f144ec77d3eb40c2d27839c61a78eef548c539651e609f92be3461727b0d72d39a8372d68ee471858a8a052c862a6e,gx-no-cache=1632834417213 HTTP/1.1" 200 30
190.171.152.234 - - [28/Sep/2021:10:18:13 -0300] "POST /cormun/servlet/solicitudotadjuntos?72de78d24467caef56fbfcac4a79c704,INS,2021,17555,,1,,gx-no-cache=1632834417239 HTTP/1.1" 200 4194
192.168.10.94 - - [28/Sep/2021:10:18:16 -0300] "GET /cormun/servlet/vesolicitudgral?2021,17465,,SolicitudOTAdjuntos HTTP/1.1" 200 11480
190.171.152.234 - - [28/Sep/2021:10:18:16 -0300] "POST /cormun/servlet/solicitudotadjuntos?gx-no-cache=1632834420540 HTTP/1.1" 200 26
192.168.10.94 - - [28/Sep/2021:10:18:17 -0300] "GET /cormun/servlet/vesolicitudgral?2021,17465,,SolicitudOTAdjuntos HTTP/1.1" 200 11478
192.168.10.94 - - [28/Sep/2021:10:18:17 -0300] "POST /cormun/servlet/acontrolpreferencessavestate?None,ABARRERA,true HTTP/1.1" 200 35
192.168.10.94 - - [28/Sep/2021:10:18:28 -0300] "GET /cormun/PublicTempStorage/curriculum7556134.pdf HTTP/1.1" 200 278064
186.103.159.189 - - [28/Sep/2021:10:19:11 -0300] "GET /cormun/servlet/trlicencias? HTTP/1.1" 200 6047
192.168.10.94 - - [28/Sep/2021:10:19:13 -0300] "GET /cormun/servlet/vesolicitudgral?2021,17465,,SolicitudOTAdjuntos HTTP/1.1" 200 11479
192.168.10.94 - - [28/Sep/2021:10:19:14 -0300] "GET /cormun/servlet/vesolicitudgral?2021,17465,,SolicitudOTAdjuntos HTTP/1.1" 200 11479
192.168.10.94 - - [28/Sep/2021:10:19:15 -0300] "POST /cormun/servlet/acontrolpreferencessavestate?None,ABARRERA,true HTTP/1.1" 200 35
186.103.159.189 - - [28/Sep/2021:10:19:15 -0300] "GET /cormun/servlet/trlicencias? HTTP/1.1" 200 6045
186.103.159.189 - - [28/Sep/2021:10:19:15 -0300] "GET /cormun/servlet/hlogin HTTP/1.1" 200 1748
186.103.159.189 - - [28/Sep/2021:10:19:17 -0300] "GET /cormun/static/Resources/indicator.gif HTTP/1.1" 200 1553
192.168.10.94 - - [28/Sep/2021:10:19:24 -0300] "GET /cormun/PublicTempStorage/titulo6003348.pdf HTTP/1.1" 200 112495
186.103.159.189 - - [28/Sep/2021:10:19:25 -0300] "POST /cormun/servlet/hlogin?a12909c729b705831442b7146adf9c94,gx-no-cache=1632834469745 HTTP/1.1" 200 90
186.103.159.189 - - [28/Sep/2021:10:19:25 -0300] "GET /cormun/servlet/hpexe_link HTTP/1.1" 200 961
186.103.159.189 - - [28/Sep/2021:10:19:26 -0300] "GET /cormun/servlet/trlicencias HTTP/1.1" 200 10389
186.103.159.189 - - [28/Sep/2021:10:19:30 -0300] "GET /cormun/servlet/trlicencias HTTP/1.1" 200 10387
186.103.159.189 - - [28/Sep/2021:10:19:34 -0300] "GET /cormun/servlet/trlicencias? HTTP/1.1" 200 10387
186.103.159.189 - - [28/Sep/2021:10:19:38 -0300] "GET /cormun/servlet/trlicencias? HTTP/1.1" 200 10387
186.103.159.189 - - [28/Sep/2021:10:19:42 -0300] "POST /cormun/servlet/trlicencias?a12909c729b705831442b7146adf9c94,,gx-no-cache=1632834487062 HTTP/1.1" 200 7778
192.168.10.94 - - [28/Sep/2021:10:20:01 -0300] "GET /cormun/servlet/vesolicitudgral?2021,17465,,SolicitudOTAdjuntos HTTP/1.1" 200 11479
192.168.10.94 - - [28/Sep/2021:10:20:02 -0300] "GET /cormun/servlet/vesolicitudgral?2021,17465,,SolicitudOTAdjuntos HTTP/1.1" 200 11479
190.171.152.234 - - [28/Sep/2021:10:20:02 -0300] "GET /cormun/servlet/solicitudotadjuntos?06f144ec77d3eb40c2d27839c61a78eec033300836dc62931274ee04b36947d9,gx-no-cache=1632834526042 HTTP/1.1" 200 30
190.171.152.234 - - [28/Sep/2021:10:20:02 -0300] "GET /cormun/servlet/solicitudotadjuntos?06f144ec77d3eb40c2d27839c61a78eec033300836dc62931274ee04b36947d9,gx-no-cache=1632834526085 HTTP/1.1" 200 30
190.171.152.234 - - [28/Sep/2021:10:20:02 -0300] "POST /cormun/servlet/solicitudotadjuntos?72de78d24467caef56fbfcac4a79c704,INS,2021,17555,,1, HTTP/1.1" 200 116
190.171.152.234 - - [28/Sep/2021:10:20:02 -0300] "GET /cormun/servlet/hpexe_return? HTTP/1.1" 200 1025
192.168.10.94 - - [28/Sep/2021:10:20:02 -0300] "POST /cormun/servlet/acontrolpreferencessavestate?None,ABARRERA,true HTTP/1.1" 200 35
190.171.152.234 - - [28/Sep/2021:10:20:02 -0300] "GET /cormun/servlet/trsolicitudadjuntos?2021,17555, HTTP/1.1" 200 10266
190.171.152.234 - - [28/Sep/2021:10:20:03 -0300] "GET /cormun/servlet/trsolicitudadjuntos?2021,17555, HTTP/1.1" 200 10265
192.168.10.94 - - [28/Sep/2021:10:20:17 -0300] "GET /cormun/PublicTempStorage/a.f.p.8935734.pdf HTTP/1.1" 200 111227
190.171.152.234 - - [28/Sep/2021:10:20:27 -0300] "GET /cormun/servlet/solicitudotadjuntos?INS,2021,17555,,2, HTTP/1.1" 200 6306
190.171.152.234 - - [28/Sep/2021:10:20:27 -0300] "GET /cormun/static/about:blank HTTP/1.1" 404 1011
190.171.152.234 - - [28/Sep/2021:10:20:27 -0300] "GET /cormun/servlet/solicitudotadjuntos?INS,2021,17555,,2, HTTP/1.1" 200 6299
190.171.152.234 - - [28/Sep/2021:10:20:28 -0300] "GET /cormun/servlet/solicitudotadjuntos?06f144ec77d3eb40c2d27839c61a78eef548c539651e609f92be3461727b0d72d39a8372d68ee471858a8a052c862a6e,gx-no-cache=1632834552124 HTTP/1.1" 200 30
190.171.152.234 - - [28/Sep/2021:10:20:28 -0300] "POST /cormun/servlet/solicitudotadjuntos?72de78d24467caef56fbfcac4a79c704,INS,2021,17555,,2,,gx-no-cache=1632834552145 HTTP/1.1" 200 4334
190.171.153.50 - - [28/Sep/2021:10:21:01 -0300] "GET /cormun/servlet/solicitudot?038d3166604c0ec711858b1c035e5bbe62a6ff7eb23f9bb9cef196db9d59a64f622708b23490dc5cfd32293d781f0e3105c40162fb4152562670bdac4fea9f64e330048bed6471b15366126f1c7235e9e5135046660a1ced2271a06456f01ba10af1400d207f6bf7315085b78abfa67db9f1898720b58106299f9d110093987459574dbd39dcf6b6b808cf826fd773bf4357371476257ddd2fe6eb58d1d06b8faa1185644683620c88e4b9440cb39a6e41a93978445cfb43b02ce0e166660241dea81de314aff9e0fdad9c96889ef8a63ef61cd5d82a8001dfb2d1e85639ef80466a530d31e3c29593f5e58a1a8c270c33ffe68463553ca6dfbba4802b1d740d914294bce2624b36be85307e0c0efd20b92cfd92950cf0cfef63558f4f881021a2c8866416725e5e21ed6c0b8c263ace07f5b2f6f48b079aa1eff10f64065cec759fd88dceaccd1e024073decf719c2df61ff43e641537098369394a332a695ff369d98ca24b8fa3206036bacfe2a5d005e75b3ac87c2831682973ddca18bba7,gx-no-cache=1632834599229 HTTP/1.1" 200 30
190.171.153.50 - - [28/Sep/2021:10:21:01 -0300] "POST /cormun/servlet/solicitudot?gx-no-cache=1632834599271 HTTP/1.1" 200 30
190.171.153.50 - - [28/Sep/2021:10:21:01 -0300] "POST /cormun/servlet/solicitudot?gx-no-cache=1632834599310 HTTP/1.1" 200 1434
190.171.153.50 - - [28/Sep/2021:10:21:02 -0300] "POST /cormun/servlet/solicitudot?gx-no-cache=1632834599356 HTTP/1.1" 200 38
190.171.153.50 - - [28/Sep/2021:10:21:09 -0300] "GET /cormun/servlet/solicitudot?038d3166604c0ec711858b1c035e5bbe636eb522892b78cde5c0655cfcdbff7cbb9e872547630c0ec51f6fbc2cd0582536cfa36de20e226f54cc80bd96874d473e25fa7693f2239f08d0ecf180a564a88039b5a84124c2be26daed18fc1f7c9eb17c9ab34fea08a136cc8304fb79465c,gx-no-cache=1632834606663 HTTP/1.1" 200 110
192.168.10.94 - - [28/Sep/2021:10:21:22 -0300] "GET /cormun/servlet/vesolicitudgral?2021,17465,,SolicitudOTAdjuntos HTTP/1.1" 200 11477
192.168.10.94 - - [28/Sep/2021:10:21:23 -0300] "GET /cormun/servlet/vesolicitudgral?2021,17465,,SolicitudOTAdjuntos HTTP/1.1" 200 11482
192.168.10.94 - - [28/Sep/2021:10:21:24 -0300] "POST /cormun/servlet/acontrolpreferencessavestate?None,ABARRERA,true HTTP/1.1" 200 35
190.171.152.234 - - [28/Sep/2021:10:21:25 -0300] "POST /cormun/servlet/solicitudotadjuntos?gx-no-cache=1632834608787 HTTP/1.1" 200 26
192.168.10.94 - - [28/Sep/2021:10:21:25 -0300] "GET /cormun/PublicTempStorage/fonasa9927281.pdf HTTP/1.1" 200 122116
190.171.152.234 - - [28/Sep/2021:10:21:29 -0300] "GET /cormun/servlet/solicitudotadjuntos?06f144ec77d3eb40c2d27839c61a78eec033300836dc62931274ee04b36947d9,gx-no-cache=1632834613482 HTTP/1.1" 200 30
190.171.152.234 - - [28/Sep/2021:10:21:29 -0300] "GET /cormun/servlet/solicitudotadjuntos?06f144ec77d3eb40c2d27839c61a78eec033300836dc62931274ee04b36947d9,gx-no-cache=1632834613507 HTTP/1.1" 200 30
190.171.152.234 - - [28/Sep/2021:10:21:29 -0300] "POST /cormun/servlet/solicitudotadjuntos?72de78d24467caef56fbfcac4a79c704,INS,2021,17555,,2, HTTP/1.1" 200 116
190.171.152.234 - - [28/Sep/2021:10:21:29 -0300] "GET /cormun/servlet/hpexe_return? HTTP/1.1" 200 1025
190.171.152.234 - - [28/Sep/2021:10:21:30 -0300] "GET /cormun/servlet/trsolicitudadjuntos?2021,17555, HTTP/1.1" 200 10467
190.171.152.234 - - [28/Sep/2021:10:21:30 -0300] "GET /cormun/servlet/trsolicitudadjuntos?2021,17555, HTTP/1.1" 200 10465
190.171.152.234 - - [28/Sep/2021:10:21:32 -0300] "GET /cormun/servlet/solicitudotadjuntos?INS,2021,17555,,2, HTTP/1.1" 200 6306
190.171.152.234 - - [28/Sep/2021:10:21:32 -0300] "GET /cormun/static/about:blank HTTP/1.1" 404 1011
190.171.152.234 - - [28/Sep/2021:10:21:32 -0300] "GET /cormun/servlet/solicitudotadjuntos?INS,2021,17555,,2, HTTP/1.1" 200 6299
190.171.152.234 - - [28/Sep/2021:10:21:33 -0300] "GET /cormun/servlet/solicitudotadjuntos?06f144ec77d3eb40c2d27839c61a78eef548c539651e609f92be3461727b0d72d39a8372d68ee471858a8a052c862a6e,gx-no-cache=1632834617051 HTTP/1.1" 200 30
190.171.152.234 - - [28/Sep/2021:10:21:33 -0300] "POST /cormun/servlet/solicitudotadjuntos?72de78d24467caef56fbfcac4a79c704,INS,2021,17555,,2,,gx-no-cache=1632834617071 HTTP/1.1" 200 4334
192.168.10.94 - - [28/Sep/2021:10:21:35 -0300] "GET /cormun/servlet/vesolicitudgral?2021,17465,,SolicitudOTAdjuntos HTTP/1.1" 200 11475
192.168.10.94 - - [28/Sep/2021:10:21:35 -0300] "GET /cormun/servlet/vesolicitudgral?2021,17465,,SolicitudOTAdjuntos HTTP/1.1" 200 11477
192.168.10.94 - - [28/Sep/2021:10:21:36 -0300] "POST /cormun/servlet/acontrolpreferencessavestate?None,ABARRERA,true HTTP/1.1" 200 35
192.168.10.94 - - [28/Sep/2021:10:21:38 -0300] "GET /cormun/servlet/vesolicitudgral?2021,17465,,General HTTP/1.1" 200 9078
192.168.10.94 - - [28/Sep/2021:10:21:38 -0300] "GET /cormun/pexe_scrolldiv.js HTTP/1.1" 404 1009
192.168.10.94 - - [28/Sep/2021:10:21:38 -0300] "GET /cormun/servlet/vesolicitudgral?2021,17465,,General HTTP/1.1" 200 9078
200.30.252.117 - - [28/Sep/2021:10:21:39 -0300] "GET /cormun/servlet/hlogin HTTP/1.1" 200 1729
200.30.252.117 - - [28/Sep/2021:10:21:39 -0300] "GET /cormun/servlet/hlogin HTTP/1.1" 200 1740
200.30.252.117 - - [28/Sep/2021:10:21:42 -0300] "POST /cormun/servlet/hlogin?3c1ed7277ded5a6a027ce9e1ba00b6c6,gx-no-cache=1632841779358 HTTP/1.1" 200 90
200.30.252.117 - - [28/Sep/2021:10:21:42 -0300] "GET /cormun/servlet/hpexe_link HTTP/1.1" 200 954
200.30.252.117 - - [28/Sep/2021:10:21:42 -0300] "GET /cormun/servlet/hhome HTTP/1.1" 200 3974
200.30.252.117 - - [28/Sep/2021:10:21:44 -0300] "GET /cormun/servlet/hhome HTTP/1.1" 200 3971
186.67.172.234 - - [28/Sep/2021:10:21:44 -0300] "GET /cormun/servlet/solicitudot?8e77746a54e3f92f340c1f67958fb4214f871825e69636d42e0cf21988a7135719855220cc90bbd66391a1077ca437c5,gx-no-cache=1632834608966 HTTP/1.1" 200 30
186.67.172.234 - - [28/Sep/2021:10:21:44 -0300] "POST /cormun/servlet/solicitudot?gx-no-cache=1632834609000 HTTP/1.1" 200 34
200.30.252.117 - - [28/Sep/2021:10:21:46 -0300] "GET /cormun/servlet/trlicencias? HTTP/1.1" 200 10510
200.30.252.117 - - [28/Sep/2021:10:21:46 -0300] "GET /cormun/servlet/trlicencias? HTTP/1.1" 200 10508
192.168.10.78 - - [28/Sep/2021:10:22:06 -0300] "POST /cormun/servlet/trsolicitudgral?63292f255486ae46f45d6467aa57616d,,gx-no-cache=1632834492426 HTTP/1.1" 200 6680
192.168.10.78 - - [28/Sep/2021:10:22:09 -0300] "GET /cormun/servlet/vesolicitudgral?2021,17541,, HTTP/1.1" 200 8414
192.168.10.78 - - [28/Sep/2021:10:22:09 -0300] "GET /cormun/pexe_scrolldiv.js HTTP/1.1" 404 1009
192.168.10.78 - - [28/Sep/2021:10:22:09 -0300] "GET /cormun/pexe_scrolldiv.js HTTP/1.1" 404 1009
192.168.10.78 - - [28/Sep/2021:10:22:10 -0300] "GET /cormun/servlet/vesolicitudgral?2021,17541,, HTTP/1.1" 200 8414
192.168.10.78 - - [28/Sep/2021:10:22:47 -0300] "GET /cormun/servlet/vesolicitudgral?2021,17541,,SolicitudOTAdjuntos HTTP/1.1" 200 7077
192.168.10.78 - - [28/Sep/2021:10:22:48 -0300] "GET /cormun/pexe_scrolldiv.js HTTP/1.1" 404 1009
192.168.10.78 - - [28/Sep/2021:10:22:48 -0300] "GET /cormun/pexe_scrolldiv.js HTTP/1.1" 404 1009
192.168.10.78 - - [28/Sep/2021:10:22:48 -0300] "GET /cormun/servlet/vesolicitudgral?2021,17541,,SolicitudOTAdjuntos HTTP/1.1" 200 7079
192.168.10.78 - - [28/Sep/2021:10:22:49 -0300] "POST /cormun/servlet/acontrolpreferencessavestate?None,RRHH+CATALINA+CACERES,true HTTP/1.1" 200 35
186.67.172.234 - - [28/Sep/2021:10:22:53 -0300] "POST /cormun/servlet/solicitudot?d4c0b68bd254fe60db9cb1907372a8cd,INS,0,0,false,,gx-no-cache=1632834677176 HTTP/1.1" 200 93
186.67.172.234 - - [28/Sep/2021:10:22:53 -0300] "GET /cormun/servlet/hpexe_return? HTTP/1.1" 200 1010
186.67.172.234 - - [28/Sep/2021:10:22:53 -0300] "GET /cormun/servlet/trsolicitudot HTTP/1.1" 200 9046
186.67.172.234 - - [28/Sep/2021:10:22:53 -0300] "GET /cormun/servlet/trsolicitudot HTTP/1.1" 200 9042
190.171.153.50 - - [28/Sep/2021:10:23:08 -0300] "POST /cormun/servlet/solicitudot?gx-no-cache=1632834725564 HTTP/1.1" 200 64
190.171.153.50 - - [28/Sep/2021:10:23:17 -0300] "GET /cormun/servlet/solicitudot?038d3166604c0ec711858b1c035e5bbea6927dbd2d78d9cd668c2d68ae8ec1368b05c501ba4a0eabae3311ba176b5fbc5814c0e87362bfc8078da6ba079b4e9ce7aee88fffb62f584f1679cd5e26a308,gx-no-cache=1632834735280 HTTP/1.1" 200 29
190.171.153.50 - - [28/Sep/2021:10:23:17 -0300] "GET /cormun/static/menuarrow.gif HTTP/1.1" 404 1015
190.171.153.50 - - [28/Sep/2021:10:23:21 -0300] "GET /cormun/servlet/solicitudot?038d3166604c0ec711858b1c035e5bbe91c31a01ecfaa7a16ee456e6ad401b5ba19c5ab1e6829f9b01bd29223510639d,gx-no-cache=1632834739008 HTTP/1.1" 200 30
190.171.153.50 - - [28/Sep/2021:10:23:31 -0300] "POST /cormun/servlet/solicitudot?gx-no-cache=1632834748416 HTTP/1.1" 200 30
190.171.152.234 - - [28/Sep/2021:10:23:54 -0300] "POST /cormun/servlet/solicitudotadjuntos?gx-no-cache=1632834758156 HTTP/1.1" 200 26
190.171.152.234 - - [28/Sep/2021:10:23:59 -0300] "GET /cormun/servlet/solicitudotadjuntos?06f144ec77d3eb40c2d27839c61a78eec033300836dc62931274ee04b36947d9,gx-no-cache=1632834763665 HTTP/1.1" 200 30
190.171.152.234 - - [28/Sep/2021:10:23:59 -0300] "GET /cormun/servlet/solicitudotadjuntos?06f144ec77d3eb40c2d27839c61a78eec033300836dc62931274ee04b36947d9,gx-no-cache=1632834763679 HTTP/1.1" 200 30
190.171.152.234 - - [28/Sep/2021:10:24:00 -0300] "POST /cormun/servlet/solicitudotadjuntos?72de78d24467caef56fbfcac4a79c704,INS,2021,17555,,2, HTTP/1.1" 200 116
190.171.152.234 - - [28/Sep/2021:10:24:00 -0300] "GET /cormun/servlet/hpexe_return? HTTP/1.1" 200 1025
190.171.152.234 - - [28/Sep/2021:10:24:00 -0300] "GET /cormun/servlet/trsolicitudadjuntos?2021,17555, HTTP/1.1" 200 10633
190.171.152.234 - - [28/Sep/2021:10:24:00 -0300] "GET /cormun/servlet/trsolicitudadjuntos?2021,17555, HTTP/1.1" 200 10630
190.171.152.234 - - [28/Sep/2021:10:24:22 -0300] "GET /cormun/servlet/trsolicitudot? HTTP/1.1" 200 8924
190.171.152.234 - - [28/Sep/2021:10:24:23 -0300] "GET /cormun/servlet/trsolicitudot? HTTP/1.1" 200 8917
190.171.152.234 - - [28/Sep/2021:10:24:35 -0300] "POST /cormun/servlet/trsolicitudot?72de78d24467caef56fbfcac4a79c704,,gx-no-cache=1632834799270 HTTP/1.1" 200 107
190.171.152.234 - - [28/Sep/2021:10:24:35 -0300] "GET /cormun/servlet/trsolicitudadjuntos?2021,17555, HTTP/1.1" 200 10629
190.171.152.234 - - [28/Sep/2021:10:24:36 -0300] "GET /cormun/servlet/trsolicitudadjuntos?2021,17555, HTTP/1.1" 200 10631
190.171.152.234 - - [28/Sep/2021:10:24:38 -0300] "GET /cormun/servlet/trsolicitudot? HTTP/1.1" 200 8924
190.171.152.234 - - [28/Sep/2021:10:24:39 -0300] "GET /cormun/servlet/trsolicitudot? HTTP/1.1" 200 8917
190.171.152.234 - - [28/Sep/2021:10:24:44 -0300] "POST /cormun/servlet/trsolicitudot?72de78d24467caef56fbfcac4a79c704,,gx-no-cache=1632834808096 HTTP/1.1" 200 4891
190.171.152.234 - - [28/Sep/2021:10:24:44 -0300] "GET /cormun/static/Shared/jqueryui/images/ui-bg_highlight-soft_100_c6c2c8_1x100.png HTTP/1.1" 404 1117
190.171.152.234 - - [28/Sep/2021:10:24:44 -0300] "GET /cormun/static/Shared/jqueryui/images/ui-icons_82798d_256x240.png HTTP/1.1" 404 1089
190.171.152.234 - - [28/Sep/2021:10:24:44 -0300] "GET /cormun/static/Shared/jqueryui/images/ui-bg_flat_55_fafafa_40x100.png HTTP/1.1" 404 1097
