190.171.149.82 - - [28/Sep/2021:10:59:01 -0300] "GET /cormun/servlet/permisosadjuntos?INS,13098058,P,20210928095848,, HTTP/1.1" 200 5823
190.171.149.82 - - [28/Sep/2021:10:59:01 -0300] "GET /cormun/static/about:blank HTTP/1.1" 404 1011
190.171.149.82 - - [28/Sep/2021:10:59:01 -0300] "GET /cormun/servlet/permisosadjuntos?INS,13098058,P,20210928095848,, HTTP/1.1" 200 5812
190.171.149.82 - - [28/Sep/2021:10:59:16 -0300] "POST /cormun/servlet/permisosadjuntos?536d2253faacc4f8a4220b0aad70a181,INS,13098058,P,20210928095848,, HTTP/1.1" 200 116
190.171.149.82 - - [28/Sep/2021:10:59:16 -0300] "GET /cormun/servlet/hpexe_return? HTTP/1.1" 200 1039
190.171.149.82 - - [28/Sep/2021:10:59:17 -0300] "GET /cormun/servlet/trpermisosadjuntos?13098058,20210928095848,P, HTTP/1.1" 200 6974
190.171.149.82 - - [28/Sep/2021:10:59:17 -0300] "GET /cormun/servlet/trpermisosadjuntos?13098058,20210928095848,P, HTTP/1.1" 200 6971
190.171.153.50 - - [28/Sep/2021:10:59:24 -0300] "GET /cormun/servlet/solicitudot?9b95ae2c4a5ffc664b9381719a0e2080644471f2a23871689b8530ad25514e77c926ca00e3d3a442c87f07fcfc95307b19fca76521e9931637e56a84d5820a143d6ae723a8620eb85049acad47f7c7d467fb79f479a2f7151d14556744f32fd29ad693683458c7a53b876f3ea4c796bf2ae97c05386c3781a3361079c327c34fb986cffbb1cd4a6e4baefa03c713d7fe8080ed01a991f77c8447ba7c2f4d6d8ff6dbbd68a5dfe0b39a6147e3c3881aa593b36f32c203f6233d0df0a66cf1752e1561f4eeb4ce42dc88e2281f80906d10e96c05929ee369d731ceec4278bf3aab14c7413f74a93830471eb9f2a54243af74a4447b8ee97eb2aa59d332f7963309f3c5d4deef1aecfc05b8f5bc4bd29baceeec149fdf3769bc804518dd9a53cead907c33df8b1e8d0378ebaa571de17c738887d80a38e2b5a6287e5426d98586ca4c77ea88fe6165e824538bf38d6e3283,gx-no-cache=1632836901587 HTTP/1.1" 200 256
190.171.149.82 - - [28/Sep/2021:10:59:28 -0300] "POST /cormun/servlet/trpermisosadjuntos?536d2253faacc4f8a4220b0aad70a181,13098058,20210928095848,P,,gx-no-cache=1632836873570 HTTP/1.1" 200 90
190.171.149.82 - - [28/Sep/2021:10:59:28 -0300] "GET /cormun/servlet/hpexe_link HTTP/1.1" 200 994
190.171.153.50 - - [28/Sep/2021:10:59:28 -0300] "GET /cormun/servlet/solicitudot?9b95ae2c4a5ffc664b9381719a0e2080700843b0591fc53294bae89b485280762561bb3119acfb00b1f5f85ab7c742c80a901d23c3d79287f91bc7c75697376bcaa11cab098d8dfde08f09acd177e8925f8dd0fd3f2529e2ef16caf848f3bf4a50e517dd3f72e696d9673c5df97c5f1ed35f5a9f1f3bab2ff907d3d09e596302fa29fc8684f15fe5ff77350bb6bfda397c691e21f21bed794c7f0791f6a79a80b46f3ac7f708db958cb74d2edf31c75d289424f7d5bc7d4da694fae1d0940b5bc298abd473f389a8c11381808af0197bdefb55c0a057a43d52b4e5af7580374b94b06ce44c6b5c1754338a066fda7ea3552ddbcdfe70e5165e87fa34ef5545526c899409bee96c517646d5a5ce9e0c1632c01503ee44cef205716be7592c41d419ae5cfb90bd001aeee2c40dc72bcc3d214fbd438c91e28dbcb076c1a7aeb2744fa57bb873fac5fa602117f44cfc9c9de968cd9c05d9457ada713664523caad30d3f0c92f5f23d10f9f41a9644e4a3faab3ff24ff454a1feea0b5fb15afbd8ea,gx-no-cache=1632836905780 HTTP/1.1" 200 30
190.171.149.82 - - [28/Sep/2021:10:59:28 -0300] "GET /cormun/servlet/trautorizarpermisogoce? HTTP/1.1" 200 8572
190.171.149.82 - - [28/Sep/2021:10:59:28 -0300] "GET /cormun/servlet/trautorizarpermisogoce? HTTP/1.1" 200 8571
190.171.153.50 - - [28/Sep/2021:10:59:31 -0300] "POST /cormun/servlet/solicitudot?gx-no-cache=1632836908818 HTTP/1.1" 200 30
190.171.153.50 - - [28/Sep/2021:10:59:34 -0300] "POST /cormun/servlet/solicitudot?gx-no-cache=1632836912173 HTTP/1.1" 200 1434
190.171.153.50 - - [28/Sep/2021:10:59:34 -0300] "POST /cormun/servlet/solicitudot?gx-no-cache=1632836912217 HTTP/1.1" 200 38
190.171.149.82 - - [28/Sep/2021:10:59:38 -0300] "POST /cormun/servlet/trautorizarpermisogoce?536d2253faacc4f8a4220b0aad70a181,,gx-no-cache=1632836883539 HTTP/1.1" 200 5989
190.171.149.82 - - [28/Sep/2021:10:59:38 -0300] "GET /cormun/static/Shared/jqueryui/images/ui-icons_82798d_256x240.png HTTP/1.1" 404 1089
190.171.149.82 - - [28/Sep/2021:10:59:38 -0300] "GET /cormun/static/Shared/jqueryui/images/ui-bg_highlight-soft_100_c6c2c8_1x100.png HTTP/1.1" 404 1117
190.171.149.82 - - [28/Sep/2021:10:59:38 -0300] "GET /cormun/static/Shared/jqueryui/images/ui-bg_flat_55_fafafa_40x100.png HTTP/1.1" 404 1097
190.171.149.82 - - [28/Sep/2021:10:59:38 -0300] "GET /cormun/static/Shared/jqueryui/images/ui-icons_8d78a5_256x240.png HTTP/1.1" 404 1089
190.171.149.82 - - [28/Sep/2021:10:59:45 -0300] "GET /cormun/servlet/trpermisosadjuntos?13098058,20210928095848,P, HTTP/1.1" 200 6971
190.171.149.82 - - [28/Sep/2021:10:59:45 -0300] "GET /cormun/servlet/trpermisosadjuntos?13098058,20210928095848,P, HTTP/1.1" 200 6970
190.171.153.34 - - [28/Sep/2021:10:59:46 -0300] "GET /cormun/servlet/hlogin HTTP/1.1" 200 1723
190.171.153.34 - - [28/Sep/2021:10:59:46 -0300] "GET /cormun/servlet/hlogin HTTP/1.1" 200 1734
190.171.149.82 - - [28/Sep/2021:10:59:48 -0300] "GET /cormun/PublicTempStorage/tia_carolina6435506.pdf HTTP/1.1" 200 91505
190.171.153.50 - - [28/Sep/2021:10:59:48 -0300] "GET /cormun/servlet/solicitudot?9b95ae2c4a5ffc664b9381719a0e208097bb08ccdd9d3eb89cef86f083c6596a9147865079037a48f7ad1e57f992011f125f4dbc09d8bf65319500edd957db2e866fc87f821898f5f82000a7911cd2182a5eb8173fe2d4bbe74a8c67091af69e2de47b0b14b4fde1f6a2b51324f093ae,gx-no-cache=1632836926056 HTTP/1.1" 200 110
190.171.149.82 - - [28/Sep/2021:10:59:54 -0300] "GET /cormun/servlet/trpermisosadjuntos?13098058,20210928095848,P, HTTP/1.1" 200 6970
190.171.149.82 - - [28/Sep/2021:10:59:55 -0300] "GET /cormun/servlet/trpermisosadjuntos?13098058,20210928095848,P, HTTP/1.1" 200 6970
190.171.153.50 - - [28/Sep/2021:11:00:01 -0300] "POST /cormun/servlet/solicitudot?gx-no-cache=1632836939034 HTTP/1.1" 200 64
190.171.153.50 - - [28/Sep/2021:11:00:11 -0300] "GET /cormun/servlet/solicitudot?9b95ae2c4a5ffc664b9381719a0e20809363c464c767def11ba792ea90f3eca174a4447b8ee97eb2aa59d332f7963309f3c5d4deef1aecfc05b8f5bc4bd29baca741a252fe157bbaca81ed378ba040f6,gx-no-cache=1632836949120 HTTP/1.1" 200 29
190.171.153.50 - - [28/Sep/2021:11:00:11 -0300] "GET /cormun/static/menuarrow.gif HTTP/1.1" 404 1015
190.171.149.82 - - [28/Sep/2021:11:00:14 -0300] "GET /cormun/servlet/permisosadjuntos?INS,13098058,P,20210928095848,, HTTP/1.1" 200 5822
190.171.149.82 - - [28/Sep/2021:11:00:14 -0300] "GET /cormun/static/about:blank HTTP/1.1" 404 1011
190.171.149.82 - - [28/Sep/2021:11:00:15 -0300] "GET /cormun/servlet/permisosadjuntos?INS,13098058,P,20210928095848,, HTTP/1.1" 200 5812
190.171.153.50 - - [28/Sep/2021:11:00:15 -0300] "GET /cormun/servlet/solicitudot?9b95ae2c4a5ffc664b9381719a0e20802f87183651778c1c50d5b52890d22b3e816f5859cb030a20c79426570199836a,gx-no-cache=1632836953071 HTTP/1.1" 200 30
190.171.149.82 - - [28/Sep/2021:11:00:17 -0300] "GET /cormun/servlet/trpermisosadjuntos?13098058,20210928095848,P, HTTP/1.1" 200 6971
190.171.149.82 - - [28/Sep/2021:11:00:18 -0300] "GET /cormun/servlet/trpermisosadjuntos?13098058,20210928095848,P, HTTP/1.1" 200 6970
190.171.149.82 - - [28/Sep/2021:11:00:20 -0300] "GET /cormun/PublicTempStorage/tia_carolina3686764.pdf HTTP/1.1" 200 91505
190.171.153.50 - - [28/Sep/2021:11:00:23 -0300] "POST /cormun/servlet/solicitudot?gx-no-cache=1632836960683 HTTP/1.1" 200 30
190.171.153.34 - - [28/Sep/2021:11:00:25 -0300] "POST /cormun/servlet/hlogin?a20e394f2d22d930cb9eade20929f3a1,gx-no-cache=1632836930178 HTTP/1.1" 200 90
190.171.153.34 - - [28/Sep/2021:11:00:25 -0300] "GET /cormun/servlet/hpexe_link HTTP/1.1" 200 949
190.171.153.34 - - [28/Sep/2021:11:00:25 -0300] "GET /cormun/servlet/hhome HTTP/1.1" 200 4342
190.171.149.82 - - [28/Sep/2021:11:00:25 -0300] "GET /cormun/servlet/trpermisosadjuntos?13098058,20210928095848,P, HTTP/1.1" 200 6971
190.171.149.82 - - [28/Sep/2021:11:00:25 -0300] "GET /cormun/servlet/trpermisosadjuntos?13098058,20210928095848,P, HTTP/1.1" 200 6969
190.171.153.34 - - [28/Sep/2021:11:00:25 -0300] "GET /cormun/servlet/hhome HTTP/1.1" 200 4338
190.171.153.34 - - [28/Sep/2021:11:00:28 -0300] "GET /cormun/servlet/trsolicitudot? HTTP/1.1" 200 7567
190.171.153.34 - - [28/Sep/2021:11:00:28 -0300] "GET /cormun/static/gxcfg.js?201991910464971 HTTP/1.1" 200 953
190.171.153.34 - - [28/Sep/2021:11:00:29 -0300] "GET /cormun/static/trsolicitudot.js?201991910465845 HTTP/1.1" 200 54041
190.171.153.34 - - [28/Sep/2021:11:00:29 -0300] "GET /cormun/servlet/trsolicitudot? HTTP/1.1" 200 7565
190.171.153.34 - - [28/Sep/2021:11:00:31 -0300] "GET /cormun/servlet/solicitudot?INS,0,0,false, HTTP/1.1" 200 15906
190.171.153.34 - - [28/Sep/2021:11:00:31 -0300] "GET /cormun/static/gxcfg.js?20203414241232 HTTP/1.1" 200 953
190.171.153.34 - - [28/Sep/2021:11:00:31 -0300] "GET /cormun/static/Resources/prompt.gif HTTP/1.1" 200 902
190.171.153.34 - - [28/Sep/2021:11:00:31 -0300] "GET /cormun/static/solicitudot.js?20203414242792 HTTP/1.1" 200 74114
190.171.153.34 - - [28/Sep/2021:11:00:32 -0300] "GET /cormun/servlet/solicitudot?INS,0,0,false, HTTP/1.1" 200 15913
190.171.149.82 - - [28/Sep/2021:11:00:37 -0300] "POST /cormun/servlet/trpermisosadjuntos?536d2253faacc4f8a4220b0aad70a181,13098058,20210928095848,P,,gx-no-cache=1632836943155 HTTP/1.1" 200 4844
190.171.149.82 - - [28/Sep/2021:11:00:42 -0300] "POST /cormun/servlet/acontrolpreferencessavestate?None,BROJAS,true HTTP/1.1" 200 35
190.171.153.34 - - [28/Sep/2021:11:00:44 -0300] "POST /cormun/servlet/solicitudot?gx-no-cache=1632836949183 HTTP/1.1" 200 3721
190.171.153.34 - - [28/Sep/2021:11:00:44 -0300] "POST /cormun/servlet/solicitudot?a20e394f2d22d930cb9eade20929f3a1,INS,0,0,false,,gx-no-cache=1632836949327 HTTP/1.1" 200 12505
190.171.149.82 - - [28/Sep/2021:11:00:45 -0300] "POST /cormun/servlet/trpermisosadjuntos?536d2253faacc4f8a4220b0aad70a181,13098058,20210928095848,P,,gx-no-cache=1632836950712 HTTP/1.1" 200 90
190.171.149.82 - - [28/Sep/2021:11:00:45 -0300] "GET /cormun/servlet/hpexe_link HTTP/1.1" 200 994
190.171.149.82 - - [28/Sep/2021:11:00:45 -0300] "GET /cormun/servlet/trautorizarpermisogoce? HTTP/1.1" 200 8570
190.171.149.82 - - [28/Sep/2021:11:00:46 -0300] "GET /cormun/servlet/trautorizarpermisogoce? HTTP/1.1" 200 8569
190.171.153.34 - - [28/Sep/2021:11:00:46 -0300] "GET /cormun/servlet/solicitudot?c73b1054d4651c76b85d1369b2e01a15b433fcca52efbbe953c702dc18812a8b6dccd5c30e17bcc46707b4fc562c6f9d,gx-no-cache=1632836951871 HTTP/1.1" 200 30
190.171.149.82 - - [28/Sep/2021:11:00:49 -0300] "GET /cormun/servlet/autorizarpermisogoce?DSP,13098058,P,20210928095848, HTTP/1.1" 200 6166
190.171.149.82 - - [28/Sep/2021:11:00:49 -0300] "GET /cormun/servlet/autorizarpermisogoce?DSP,13098058,P,20210928095848, HTTP/1.1" 200 6167
190.171.149.82 - - [28/Sep/2021:11:00:51 -0300] "POST /cormun/servlet/autorizarpermisogoce?536d2253faacc4f8a4220b0aad70a181,DSP,13098058,P,20210928095848,,gx-no-cache=1632836956946 HTTP/1.1" 200 93
190.171.149.82 - - [28/Sep/2021:11:00:51 -0300] "GET /cormun/servlet/hpexe_return? HTTP/1.1" 200 1034
190.171.149.82 - - [28/Sep/2021:11:00:51 -0300] "GET /cormun/servlet/trautorizarpermisogoce HTTP/1.1" 200 8573
190.171.149.82 - - [28/Sep/2021:11:00:52 -0300] "GET /cormun/servlet/trautorizarpermisogoce HTTP/1.1" 200 8569
190.171.149.82 - - [28/Sep/2021:11:00:56 -0300] "GET /cormun/servlet/trlicenciaspermisoslog?13098058,P,20210928095848, HTTP/1.1" 200 6409
190.171.149.82 - - [28/Sep/2021:11:00:56 -0300] "GET /cormun/servlet/trlicenciaspermisoslog?13098058,P,20210928095848, HTTP/1.1" 200 6409
190.171.149.82 - - [28/Sep/2021:11:01:01 -0300] "GET /cormun/servlet/trautorizarpermisogoce HTTP/1.1" 200 8573
190.171.149.82 - - [28/Sep/2021:11:01:01 -0300] "GET /cormun/servlet/trautorizarpermisogoce HTTP/1.1" 200 8569
190.171.149.82 - - [28/Sep/2021:11:01:10 -0300] "POST /cormun/servlet/trautorizarpermisogoce?536d2253faacc4f8a4220b0aad70a181,gx-no-cache=1632836975507 HTTP/1.1" 200 5991
190.171.149.82 - - [28/Sep/2021:11:01:10 -0300] "GET /cormun/static/Shared/jqueryui/images/ui-bg_highlight-soft_100_c6c2c8_1x100.png HTTP/1.1" 404 1117
190.171.149.82 - - [28/Sep/2021:11:01:10 -0300] "GET /cormun/static/Shared/jqueryui/images/ui-bg_flat_55_fafafa_40x100.png HTTP/1.1" 404 1097
190.171.149.82 - - [28/Sep/2021:11:01:10 -0300] "GET /cormun/static/Shared/jqueryui/images/ui-icons_8d78a5_256x240.png HTTP/1.1" 404 1089
190.171.149.82 - - [28/Sep/2021:11:01:10 -0300] "GET /cormun/static/Shared/jqueryui/images/ui-icons_82798d_256x240.png HTTP/1.1" 404 1089
190.171.149.82 - - [28/Sep/2021:11:01:13 -0300] "GET /cormun/servlet/trpermisosadjuntos?13098058,20210928095848,P, HTTP/1.1" 200 6969
190.171.149.82 - - [28/Sep/2021:11:01:13 -0300] "GET /cormun/servlet/trpermisosadjuntos?13098058,20210928095848,P, HTTP/1.1" 200 6969
190.171.149.82 - - [28/Sep/2021:11:01:46 -0300] "POST /cormun/servlet/trpermisosadjuntos?536d2253faacc4f8a4220b0aad70a181,13098058,20210928095848,P,,gx-no-cache=1632837011418 HTTP/1.1" 200 90
190.171.149.82 - - [28/Sep/2021:11:01:46 -0300] "GET /cormun/servlet/hpexe_link HTTP/1.1" 200 1014
190.171.149.82 - - [28/Sep/2021:11:01:46 -0300] "GET /cormun/servlet/trautorizarpermisogoce?gx-no-cache=1632836975507 HTTP/1.1" 200 8570
190.171.149.82 - - [28/Sep/2021:11:01:46 -0300] "GET /cormun/servlet/trautorizarpermisogoce?gx-no-cache=1632836975507 HTTP/1.1" 200 8590
190.171.149.82 - - [28/Sep/2021:11:01:50 -0300] "GET /cormun/servlet/trpermisosadjuntos?14165536,20210928095313,P, HTTP/1.1" 200 6510
190.171.149.82 - - [28/Sep/2021:11:01:51 -0300] "GET /cormun/servlet/trpermisosadjuntos?14165536,20210928095313,P, HTTP/1.1" 200 6487
190.171.149.82 - - [28/Sep/2021:11:01:55 -0300] "GET /cormun/servlet/permisosadjuntos?INS,14165536,P,20210928095313,, HTTP/1.1" 200 5811
190.171.149.82 - - [28/Sep/2021:11:01:55 -0300] "GET /cormun/static/about:blank HTTP/1.1" 404 1011
190.171.149.82 - - [28/Sep/2021:11:01:55 -0300] "GET /cormun/servlet/permisosadjuntos?INS,14165536,P,20210928095313,, HTTP/1.1" 200 5800
190.171.149.82 - - [28/Sep/2021:11:02:11 -0300] "POST /cormun/servlet/permisosadjuntos?536d2253faacc4f8a4220b0aad70a181,INS,14165536,P,20210928095313,, HTTP/1.1" 200 116
190.171.149.82 - - [28/Sep/2021:11:02:11 -0300] "GET /cormun/servlet/hpexe_return? HTTP/1.1" 200 1039
190.171.149.82 - - [28/Sep/2021:11:02:11 -0300] "GET /cormun/servlet/trpermisosadjuntos?14165536,20210928095313,P, HTTP/1.1" 200 6966
190.171.149.82 - - [28/Sep/2021:11:02:11 -0300] "GET /cormun/servlet/trpermisosadjuntos?14165536,20210928095313,P, HTTP/1.1" 200 6962
190.171.149.82 - - [28/Sep/2021:11:02:16 -0300] "POST /cormun/servlet/trpermisosadjuntos?536d2253faacc4f8a4220b0aad70a181,14165536,20210928095313,P,,gx-no-cache=1632837041850 HTTP/1.1" 200 4836
190.171.149.82 - - [28/Sep/2021:11:02:18 -0300] "POST /cormun/servlet/trpermisosadjuntos?536d2253faacc4f8a4220b0aad70a181,14165536,20210928095313,P,,gx-no-cache=1632837043992 HTTP/1.1" 200 90
190.171.149.82 - - [28/Sep/2021:11:02:18 -0300] "GET /cormun/servlet/hpexe_link HTTP/1.1" 200 1014
190.171.149.82 - - [28/Sep/2021:11:02:18 -0300] "GET /cormun/servlet/trautorizarpermisogoce?gx-no-cache=1632836975507 HTTP/1.1" 200 8570
190.171.149.82 - - [28/Sep/2021:11:02:19 -0300] "GET /cormun/servlet/trautorizarpermisogoce?gx-no-cache=1632836975507 HTTP/1.1" 200 8590
190.171.149.82 - - [28/Sep/2021:11:02:22 -0300] "GET /cormun/servlet/trpermisosadjuntos?20372747,20210928094405,P, HTTP/1.1" 200 6511
190.171.149.82 - - [28/Sep/2021:11:02:23 -0300] "GET /cormun/servlet/trpermisosadjuntos?20372747,20210928094405,P, HTTP/1.1" 200 6490
190.171.149.82 - - [28/Sep/2021:11:02:25 -0300] "GET /cormun/servlet/permisosadjuntos?INS,20372747,P,20210928094405,, HTTP/1.1" 200 5817
190.171.149.82 - - [28/Sep/2021:11:02:25 -0300] "GET /cormun/static/about:blank HTTP/1.1" 404 1011
190.171.149.82 - - [28/Sep/2021:11:02:26 -0300] "GET /cormun/servlet/permisosadjuntos?INS,20372747,P,20210928094405,, HTTP/1.1" 200 5807
190.171.149.82 - - [28/Sep/2021:11:02:32 -0300] "POST /cormun/servlet/permisosadjuntos?536d2253faacc4f8a4220b0aad70a181,INS,20372747,P,20210928094405,, HTTP/1.1" 200 116
190.171.149.82 - - [28/Sep/2021:11:02:32 -0300] "GET /cormun/servlet/hpexe_return? HTTP/1.1" 200 1039
190.171.149.82 - - [28/Sep/2021:11:02:33 -0300] "GET /cormun/servlet/trpermisosadjuntos?20372747,20210928094405,P, HTTP/1.1" 200 6965
190.171.149.82 - - [28/Sep/2021:11:02:33 -0300] "GET /cormun/servlet/trpermisosadjuntos?20372747,20210928094405,P, HTTP/1.1" 200 6961
190.171.149.82 - - [28/Sep/2021:11:02:35 -0300] "POST /cormun/servlet/trpermisosadjuntos?536d2253faacc4f8a4220b0aad70a181,20372747,20210928094405,P,,gx-no-cache=1632837060613 HTTP/1.1" 200 4836
190.171.149.82 - - [28/Sep/2021:11:02:37 -0300] "POST /cormun/servlet/trpermisosadjuntos?536d2253faacc4f8a4220b0aad70a181,20372747,20210928094405,P,,gx-no-cache=1632837063339 HTTP/1.1" 200 90
190.171.149.82 - - [28/Sep/2021:11:02:38 -0300] "GET /cormun/servlet/hpexe_link HTTP/1.1" 200 1014
190.171.149.82 - - [28/Sep/2021:11:02:38 -0300] "GET /cormun/servlet/trautorizarpermisogoce?gx-no-cache=1632836975507 HTTP/1.1" 200 8570
190.171.149.82 - - [28/Sep/2021:11:02:38 -0300] "GET /cormun/servlet/trautorizarpermisogoce?gx-no-cache=1632836975507 HTTP/1.1" 200 8590
190.171.149.82 - - [28/Sep/2021:11:02:40 -0300] "GET /cormun/servlet/trpermisosadjuntos?10568448,20210927124445,P, HTTP/1.1" 200 6513
190.171.149.82 - - [28/Sep/2021:11:02:41 -0300] "GET /cormun/servlet/trpermisosadjuntos?10568448,20210927124445,P, HTTP/1.1" 200 6491
190.171.149.82 - - [28/Sep/2021:11:02:43 -0300] "GET /cormun/servlet/permisosadjuntos?INS,10568448,P,20210927124445,, HTTP/1.1" 200 5816
190.171.149.82 - - [28/Sep/2021:11:02:43 -0300] "GET /cormun/static/about:blank HTTP/1.1" 404 1011
190.171.149.82 - - [28/Sep/2021:11:02:44 -0300] "GET /cormun/servlet/permisosadjuntos?INS,10568448,P,20210927124445,, HTTP/1.1" 200 5806
190.171.153.50 - - [28/Sep/2021:11:02:46 -0300] "POST /cormun/servlet/solicitudot?gx-no-cache=1632837104178 HTTP/1.1" 200 297
190.171.149.82 - - [28/Sep/2021:11:02:50 -0300] "POST /cormun/servlet/permisosadjuntos?536d2253faacc4f8a4220b0aad70a181,INS,10568448,P,20210927124445,, HTTP/1.1" 200 116
190.171.149.82 - - [28/Sep/2021:11:02:50 -0300] "GET /cormun/servlet/hpexe_return? HTTP/1.1" 200 1039
190.171.149.82 - - [28/Sep/2021:11:02:50 -0300] "GET /cormun/servlet/trpermisosadjuntos?10568448,20210927124445,P, HTTP/1.1" 200 6972
190.171.149.82 - - [28/Sep/2021:11:02:51 -0300] "GET /cormun/servlet/trpermisosadjuntos?10568448,20210927124445,P, HTTP/1.1" 200 6969
190.171.149.82 - - [28/Sep/2021:11:02:54 -0300] "POST /cormun/servlet/trpermisosadjuntos?536d2253faacc4f8a4220b0aad70a181,10568448,20210927124445,P,,gx-no-cache=1632837080117 HTTP/1.1" 200 4841
190.171.149.82 - - [28/Sep/2021:11:02:57 -0300] "POST /cormun/servlet/trpermisosadjuntos?536d2253faacc4f8a4220b0aad70a181,10568448,20210927124445,P,,gx-no-cache=1632837082388 HTTP/1.1" 200 90
190.171.149.82 - - [28/Sep/2021:11:02:57 -0300] "GET /cormun/servlet/hpexe_link HTTP/1.1" 200 1014
190.171.149.82 - - [28/Sep/2021:11:02:57 -0300] "GET /cormun/servlet/trautorizarpermisogoce?gx-no-cache=1632836975507 HTTP/1.1" 200 8570
190.171.149.82 - - [28/Sep/2021:11:02:57 -0300] "GET /cormun/servlet/trautorizarpermisogoce?gx-no-cache=1632836975507 HTTP/1.1" 200 8590
190.171.153.34 - - [28/Sep/2021:11:03:05 -0300] "GET /cormun/static/Resources/resize.gif HTTP/1.1" 200 77
190.171.153.34 - - [28/Sep/2021:11:03:05 -0300] "GET /cormun/static/Resources/PXTools/ClosePrompt.png HTTP/1.1" 200 1036
190.171.153.34 - - [28/Sep/2021:11:03:05 -0300] "GET /cormun/servlet/prbanco?,MD,,gxPopupLevel%3D0%3B HTTP/1.1" 200 6635
190.171.153.34 - - [28/Sep/2021:11:03:05 -0300] "GET /cormun/static/gxcfg.js?20201216131581 HTTP/1.1" 200 953
190.171.153.34 - - [28/Sep/2021:11:03:05 -0300] "GET /cormun/static/prbanco.js?20201216132311 HTTP/1.1" 200 10693
190.171.153.34 - - [28/Sep/2021:11:03:05 -0300] "GET /cormun/static/menusearch.js?20201214473581 HTTP/1.1" 200 1424
190.171.153.34 - - [28/Sep/2021:11:03:05 -0300] "GET /cormun/static/Resources/PXToolsMenuSearch.png HTTP/1.1" 200 336
190.171.153.34 - - [28/Sep/2021:11:03:05 -0300] "GET /cormun/static/Resources/PXToolsMenuSearchCancel.png HTTP/1.1" 200 306
190.171.153.34 - - [28/Sep/2021:11:03:05 -0300] "GET /cormun/static/hmpwkw011.js?20201215495555 HTTP/1.1" 200 1968
190.171.153.34 - - [28/Sep/2021:11:03:09 -0300] "GET /cormun/servlet/solicitudot?c73b1054d4651c76b85d1369b2e01a15e3840d4086756b9189976e84f15a0cadc65992febf826e0f6750ec8e1000a3a1af7cd83af772d868adcf1269bc31a209,gx-no-cache=1632837094978 HTTP/1.1" 200 30
190.171.153.34 - - [28/Sep/2021:11:03:11 -0300] "GET /cormun/servlet/solicitudot?c73b1054d4651c76b85d1369b2e01a152e577baba27ba761b128b73bddc155aa,gx-no-cache=1632837096348 HTTP/1.1" 200 45
190.171.141.90 - - [28/Sep/2021:11:03:12 -0300] "POST /cormun/servlet/solicitudot?496eafce971a727e178dbc7620f5b50e,INS,0,0,false,,gx-no-cache=1632837096413 HTTP/1.1" 200 93
190.171.141.90 - - [28/Sep/2021:11:03:12 -0300] "GET /cormun/servlet/hpexe_return? HTTP/1.1" 200 1013
190.171.141.90 - - [28/Sep/2021:11:03:12 -0300] "GET /cormun/servlet/hpexe_return? HTTP/1.1" 200 1004
190.171.141.90 - - [28/Sep/2021:11:03:12 -0300] "GET /cormun/servlet/trsolicitudot HTTP/1.1" 200 7210
190.171.141.90 - - [28/Sep/2021:11:03:12 -0300] "GET /cormun/servlet/trsolicitudot HTTP/1.1" 200 7206
190.171.141.90 - - [28/Sep/2021:11:03:16 -0300] "GET /cormun/servlet/trlicencias? HTTP/1.1" 200 14824
190.171.141.90 - - [28/Sep/2021:11:03:17 -0300] "GET /cormun/servlet/trlicencias? HTTP/1.1" 200 14800
190.171.153.50 - - [28/Sep/2021:11:03:22 -0300] "GET /cormun/servlet/solicitudot?9b95ae2c4a5ffc664b9381719a0e2080700843b0591fc53294bae89b48528076b2ed94a61cdace55d6025e989c48aea00a901d23c3d79287f91bc7c75697376bcaa11cab098d8dfde08f09acd177e8925f8dd0fd3f2529e2ef16caf848f3bf4a50e517dd3f72e696d9673c5df97c5f1ed35f5a9f1f3bab2ff907d3d09e596302fa29fc8684f15fe5ff77350bb6bfda397c691e21f21bed794c7f0791f6a79a80b46f3ac7f708db958cb74d2edf31c75d289424f7d5bc7d4da694fae1d0940b5bc298abd473f389a8c11381808af0197bdefb55c0a057a43d52b4e5af7580374b94b06ce44c6b5c1754338a066fda7ea3552ddbcdfe70e5165e87fa34ef5545526c899409bee96c517646d5a5ce9e0c1632c01503ee44cef205716be7592c41d419ae5cfb90bd001aeee2c40dc72bcc3d214fbd438c91e28dbcb076c1a7aeb2748647dcd806dc0066187202dc6f8a3755f1d045fcc49e79676d24c49a1e095195e0f9fbf72dbf084ac6c6dadd08236709848de07c2ad0d4e03c652b667b3feda558109b5e7647a467bc406bdb28914b73,gx-no-cache=1632837140226 HTTP/1.1" 200 30
190.171.153.50 - - [28/Sep/2021:11:03:22 -0300] "POST /cormun/servlet/solicitudot?gx-no-cache=1632837140254 HTTP/1.1" 200 30
190.171.153.50 - - [28/Sep/2021:11:03:22 -0300] "POST /cormun/servlet/solicitudot?gx-no-cache=1632837140281 HTTP/1.1" 200 1437
190.171.153.50 - - [28/Sep/2021:11:03:23 -0300] "POST /cormun/servlet/solicitudot?gx-no-cache=1632837140313 HTTP/1.1" 200 41
190.171.153.50 - - [28/Sep/2021:11:03:23 -0300] "GET /cormun/servlet/solicitudot?9b95ae2c4a5ffc664b9381719a0e208097bb08ccdd9d3eb89cef86f083c6596a9147865079037a48f7ad1e57f992011f125f4dbc09d8bf65319500edd957db2e866fc87f821898f5f82000a7911cd2182a5eb8173fe2d4bbe74a8c67091af69e2de47b0b14b4fde1f6a2b51324f093ae,gx-no-cache=1632837140335 HTTP/1.1" 200 110
190.171.153.50 - - [28/Sep/2021:11:03:23 -0300] "POST /cormun/servlet/solicitudot?gx-no-cache=1632837140359 HTTP/1.1" 200 64
190.171.153.50 - - [28/Sep/2021:11:03:23 -0300] "GET /cormun/servlet/solicitudot?9b95ae2c4a5ffc664b9381719a0e20802f87183651778c1c50d5b52890d22b3e816f5859cb030a20c79426570199836a,gx-no-cache=1632837140384 HTTP/1.1" 200 30
190.171.153.50 - - [28/Sep/2021:11:03:23 -0300] "POST /cormun/servlet/solicitudot?gx-no-cache=1632837140413 HTTP/1.1" 200 30
190.171.153.50 - - [28/Sep/2021:11:03:23 -0300] "POST /cormun/servlet/solicitudot?69d641f8e250874e73745bafc350f011,INS,0,0,false,,gx-no-cache=1632837140455 HTTP/1.1" 200 12614
190.171.149.82 - - [28/Sep/2021:11:03:24 -0300] "GET /cormun/servlet/trpermisosadjuntos?13098058,20210928095848,P, HTTP/1.1" 200 6990
190.171.149.82 - - [28/Sep/2021:11:03:24 -0300] "GET /cormun/servlet/trpermisosadjuntos?13098058,20210928095848,P, HTTP/1.1" 200 6969
190.171.149.82 - - [28/Sep/2021:11:03:30 -0300] "POST /cormun/servlet/trpermisosadjuntos?536d2253faacc4f8a4220b0aad70a181,13098058,20210928095848,P,,gx-no-cache=1632837115725 HTTP/1.1" 200 90
190.171.149.82 - - [28/Sep/2021:11:03:30 -0300] "GET /cormun/servlet/hpexe_link HTTP/1.1" 200 1014
190.171.149.82 - - [28/Sep/2021:11:03:30 -0300] "GET /cormun/servlet/trautorizarpermisogoce?gx-no-cache=1632836975507 HTTP/1.1" 200 8570
190.171.149.82 - - [28/Sep/2021:11:03:31 -0300] "GET /cormun/servlet/trautorizarpermisogoce?gx-no-cache=1632836975507 HTTP/1.1" 200 8590
190.171.149.82 - - [28/Sep/2021:11:03:33 -0300] "POST /cormun/servlet/trautorizarpermisogoce?536d2253faacc4f8a4220b0aad70a181,gx-no-cache=1632836975507,gx-no-cache=1632837119261 HTTP/1.1" 200 5966
190.171.153.34 - - [28/Sep/2021:11:03:34 -0300] "POST /cormun/servlet/solicitudot?gx-no-cache=1632837119700 HTTP/1.1" 200 240
190.171.149.82 - - [28/Sep/2021:11:03:36 -0300] "POST /cormun/servlet/trautorizarpermisogoce?536d2253faacc4f8a4220b0aad70a181,gx-no-cache=1632836975507,gx-no-cache=1632837121810 HTTP/1.1" 200 5988
190.171.149.82 - - [28/Sep/2021:11:03:36 -0300] "GET /cormun/static/Shared/jqueryui/images/ui-bg_highlight-soft_100_c6c2c8_1x100.png HTTP/1.1" 404 1117
190.171.149.82 - - [28/Sep/2021:11:03:36 -0300] "GET /cormun/static/Shared/jqueryui/images/ui-bg_flat_55_fafafa_40x100.png HTTP/1.1" 404 1097
190.171.149.82 - - [28/Sep/2021:11:03:36 -0300] "GET /cormun/static/Shared/jqueryui/images/ui-icons_8d78a5_256x240.png HTTP/1.1" 404 1089
190.171.149.82 - - [28/Sep/2021:11:03:36 -0300] "GET /cormun/static/Shared/jqueryui/images/ui-icons_82798d_256x240.png HTTP/1.1" 404 1089
190.171.153.34 - - [28/Sep/2021:11:03:37 -0300] "GET /cormun/servlet/solicitudot?c73b1054d4651c76b85d1369b2e01a1528fc593125b1f880d7f9484b87a890de0a4032584862f5344e352f56578b1f6fb8eab1846cf84a787039778eb6233a0f315389863896263f0bbb79847a247be2106386a964b01c4ff9fcf1c2bd5b3def73d1b3679c684005b839b845e4dbd37d196b4f9b80cfd23e60ec87bec70f1896bde6819e19c5f6ed21a32eab237635e844e8e912ddd3ced7b09c2759e6bf10d770305c58998463eaeacc3f7db413edea1427ff3f4585482e8805ca7cd1c0583481ae9701c469e902386b5ff353cb3ffb6b64f512f038f86f009d378fbbde17dfc7da0c22381e07bbbff9818a39d79ecf6831e345433dacf4fe2430bf95c51aa98d2980b77109c87f296a0f86576cf046def069d21686a848c396c62bdc0ad9e0b6d084782ed82421de3e9837e588f3791c1513518c7f0c197c9322da22cd5800b1e25e38e11c32cb2fd5fceb76cbbf6fdddc9d4ffe08124c6517f6f7221b9680ec7884044fdf0f65e3fede58b3e9ad5a3f4e20119bf987120030406459bf545e,gx-no-cache=1632837122863 HTTP/1.1" 200 30
190.171.153.50 - - [28/Sep/2021:11:03:42 -0300] "GET /cormun/servlet/prfichaempleado?,MD,,gxPopupLevel%3D0%3B HTTP/1.1" 200 9231
190.171.153.50 - - [28/Sep/2021:11:03:42 -0300] "GET /cormun/static/gxcfg.js?20201215571085 HTTP/1.1" 200 953
190.171.153.50 - - [28/Sep/2021:11:03:42 -0300] "GET /cormun/static/prfichaempleado.js?20201215572193 HTTP/1.1" 200 16006
190.171.153.34 - - [28/Sep/2021:11:03:43 -0300] "POST /cormun/servlet/solicitudot?gx-no-cache=1632837128939 HTTP/1.1" 200 30
190.171.149.82 - - [28/Sep/2021:11:03:44 -0300] "GET /cormun/servlet/trautorizarsolicitud? HTTP/1.1" 200 7314
190.171.149.82 - - [28/Sep/2021:11:03:45 -0300] "GET /cormun/servlet/trautorizarsolicitud? HTTP/1.1" 200 7291
190.171.153.50 - - [28/Sep/2021:11:03:49 -0300] "POST /cormun/servlet/solicitudot?gx-no-cache=1632837166244 HTTP/1.1" 200 3880
190.171.149.82 - - [28/Sep/2021:11:03:50 -0300] "POST /cormun/servlet/trautorizarsolicitud?536d2253faacc4f8a4220b0aad70a181,,gx-no-cache=1632837135874 HTTP/1.1" 200 5976
190.171.149.82 - - [28/Sep/2021:11:03:50 -0300] "GET /cormun//static/Resources/PXToolsActionView.png HTTP/1.1" 200 398
190.171.149.82 - - [28/Sep/2021:11:03:50 -0300] "GET /cormun//static/Resources/PXToolsRemoveAllAction.png HTTP/1.1" 200 487
190.171.153.50 - - [28/Sep/2021:11:03:57 -0300] "GET /cormun/servlet/trautorizarsolicitud? HTTP/1.1" 200 7343
190.171.153.50 - - [28/Sep/2021:11:03:57 -0300] "GET /cormun/static/gxcfg.js?201991422414522 HTTP/1.1" 200 953
190.171.153.50 - - [28/Sep/2021:11:03:57 -0300] "GET /cormun/static/trautorizarsolicitud.js?201991422415463 HTTP/1.1" 200 53910
190.171.153.50 - - [28/Sep/2021:11:03:57 -0300] "GET /cormun/servlet/trautorizarsolicitud? HTTP/1.1" 200 7334
190.171.149.82 - - [28/Sep/2021:11:03:59 -0300] "POST /cormun/servlet/trautorizarsolicitud?536d2253faacc4f8a4220b0aad70a181,,gx-no-cache=1632837145193 HTTP/1.1" 200 5988
190.171.149.82 - - [28/Sep/2021:11:03:59 -0300] "GET /cormun/static/Shared/jqueryui/images/ui-bg_highlight-soft_100_c6c2c8_1x100.png HTTP/1.1" 404 1117
190.171.149.82 - - [28/Sep/2021:11:03:59 -0300] "GET /cormun/static/Shared/jqueryui/images/ui-icons_82798d_256x240.png HTTP/1.1" 404 1089
190.171.149.82 - - [28/Sep/2021:11:03:59 -0300] "GET /cormun/static/Shared/jqueryui/images/ui-bg_flat_55_fafafa_40x100.png HTTP/1.1" 404 1097
190.171.149.82 - - [28/Sep/2021:11:03:59 -0300] "GET /cormun/static/Shared/jqueryui/images/ui-icons_8d78a5_256x240.png HTTP/1.1" 404 1089
190.171.153.50 - - [28/Sep/2021:11:04:02 -0300] "POST /cormun/servlet/trautorizarsolicitud?69d641f8e250874e73745bafc350f011,,gx-no-cache=1632837179648 HTTP/1.1" 200 4578
190.171.153.50 - - [28/Sep/2021:11:04:06 -0300] "GET /cormun/servlet/trsolicitudot? HTTP/1.1" 200 7433
190.171.153.50 - - [28/Sep/2021:11:04:07 -0300] "GET /cormun/servlet/trsolicitudot? HTTP/1.1" 200 7432
190.171.153.34 - - [28/Sep/2021:11:04:07 -0300] "POST /cormun/servlet/solicitudot?gx-no-cache=1632837152139 HTTP/1.1" 200 1442
190.171.153.34 - - [28/Sep/2021:11:04:07 -0300] "GET /cormun/static/menuarrow.gif HTTP/1.1" 404 1015
190.171.153.50 - - [28/Sep/2021:11:04:10 -0300] "GET /cormun/servlet/solicitudot?INS,0,0,false, HTTP/1.1" 200 15619
190.171.153.50 - - [28/Sep/2021:11:04:11 -0300] "GET /cormun/servlet/solicitudot?INS,0,0,false, HTTP/1.1" 200 15628
190.171.153.34 - - [28/Sep/2021:11:04:15 -0300] "POST /cormun/servlet/solicitudot?gx-no-cache=1632837160473 HTTP/1.1" 200 40
190.171.149.82 - - [28/Sep/2021:11:04:16 -0300] "POST /cormun/servlet/trautorizarsolicitud?536d2253faacc4f8a4220b0aad70a181,,gx-no-cache=1632837161329 HTTP/1.1" 200 5988
190.171.153.50 - - [28/Sep/2021:11:04:22 -0300] "POST /cormun/servlet/solicitudot?gx-no-cache=1632837199325 HTTP/1.1" 200 3795
190.171.153.50 - - [28/Sep/2021:11:04:22 -0300] "GET /cormun/static/Shared/jqueryui/images/ui-bg_highlight-soft_100_c6c2c8_1x100.png HTTP/1.1" 404 1117
190.171.153.50 - - [28/Sep/2021:11:04:22 -0300] "GET /cormun/static/Shared/jqueryui/images/ui-icons_82798d_256x240.png HTTP/1.1" 404 1089
190.171.153.50 - - [28/Sep/2021:11:04:22 -0300] "GET /cormun/static/Shared/jqueryui/images/ui-bg_flat_55_994d53_40x100.png HTTP/1.1" 404 1097
190.171.153.50 - - [28/Sep/2021:11:04:22 -0300] "GET /cormun/static/Shared/jqueryui/images/ui-icons_ebccce_256x240.png HTTP/1.1" 404 1089
190.171.153.34 - - [28/Sep/2021:11:04:23 -0300] "GET /cormun/servlet/solicitudot?c73b1054d4651c76b85d1369b2e01a1500fd49071744795000402378b9b9bf81c16ef461088d38471d7056762b2b9d45141a20f4b219edcea035877da6cd32993af8a030973a46ad62f014b32d5b6824bd741475b9019a73f51144e3f9bf56e78f39991d3ebe2018feda18a46fed3137,gx-no-cache=1632837168938 HTTP/1.1" 200 110
190.171.153.50 - - [28/Sep/2021:11:04:25 -0300] "GET /cormun/servlet/solicitudot?9b95ae2c4a5ffc664b9381719a0e208029c4a3f43214183fb46833c9c1f08a3cf54a71bfd1dc8f66589ecd8e8b1b56ea,gx-no-cache=1632837203050 HTTP/1.1" 200 30
190.171.153.34 - - [28/Sep/2021:11:04:35 -0300] "POST /cormun/servlet/solicitudot?gx-no-cache=1632837180912 HTTP/1.1" 200 79
190.171.153.34 - - [28/Sep/2021:11:04:42 -0300] "GET /cormun/servlet/solicitudot?c73b1054d4651c76b85d1369b2e01a151db0eb47e8f2cf997e21c64dbb0e45e088714d820d4110115a69affb0bf76d5a5a9c1aadb1a4e0677648c19e928fb1a16dc7d36a9ddaf3f02e2835802445f7ffad35f5fac0e540ebae32d3436fd72daf3a82774721a22b0a9b0bc98996077abb,gx-no-cache=1632837187979 HTTP/1.1" 200 29
190.171.153.34 - - [28/Sep/2021:11:04:52 -0300] "GET /cormun/servlet/solicitudot?c73b1054d4651c76b85d1369b2e01a1523ab625061df5c0771eeca6d1db6c7c5140bd6fc4f0d3b1e138e88a35f30665b,gx-no-cache=1632837197632 HTTP/1.1" 200 30
190.171.153.34 - - [28/Sep/2021:11:04:52 -0300] "POST /cormun/servlet/solicitudot?gx-no-cache=1632837197661 HTTP/1.1" 200 34
190.171.153.50 - - [28/Sep/2021:11:04:56 -0300] "GET /cormun/servlet/prbanco?,MD,,gxPopupLevel%3D0%3B HTTP/1.1" 200 6490
190.171.153.50 - - [28/Sep/2021:11:05:02 -0300] "GET /cormun/servlet/solicitudot?9b95ae2c4a5ffc664b9381719a0e208018f1c717304ac8342159dd9fdc48673b0937da19cf8b1c8809e24feaab01719e89764f2ae4243251057c3c3242f48b89,gx-no-cache=1632837239418 HTTP/1.1" 200 30
190.171.153.50 - - [28/Sep/2021:11:05:03 -0300] "GET /cormun/servlet/solicitudot?9b95ae2c4a5ffc664b9381719a0e20806ef02ce03099d01ea5c70bc9b5f0eb97,gx-no-cache=1632837240786 HTTP/1.1" 200 53
190.171.153.34 - - [28/Sep/2021:11:05:07 -0300] "POST /cormun/servlet/solicitudot?a20e394f2d22d930cb9eade20929f3a1,INS,0,0,false,,gx-no-cache=1632837211749 HTTP/1.1" 200 93
190.171.153.34 - - [28/Sep/2021:11:05:07 -0300] "GET /cormun/servlet/hpexe_return? HTTP/1.1" 200 1006
190.171.153.34 - - [28/Sep/2021:11:05:07 -0300] "GET /cormun/servlet/trsolicitudot HTTP/1.1" 200 8965
190.171.153.34 - - [28/Sep/2021:11:05:07 -0300] "GET /cormun//static/Resources/PXToolsActionView.png HTTP/1.1" 200 398
190.171.153.34 - - [28/Sep/2021:11:05:07 -0300] "GET /cormun//static/Resources/PXToolsRemoveAllAction.png HTTP/1.1" 200 487
190.171.153.34 - - [28/Sep/2021:11:05:07 -0300] "GET /cormun/servlet/trsolicitudot HTTP/1.1" 200 8960
190.171.153.34 - - [28/Sep/2021:11:05:18 -0300] "POST /cormun/servlet/trsolicitudot?a20e394f2d22d930cb9eade20929f3a1,gx-no-cache=1632837223072 HTTP/1.1" 200 107
190.171.153.34 - - [28/Sep/2021:11:05:18 -0300] "GET /cormun/servlet/trsolicitudadjuntos?2021,17559, HTTP/1.1" 200 6447
190.171.153.34 - - [28/Sep/2021:11:05:18 -0300] "GET /cormun/static/gxcfg.js?20201215574222 HTTP/1.1" 200 953
190.171.153.34 - - [28/Sep/2021:11:05:18 -0300] "GET /cormun/static/Resources/PXToolsGridNew.png HTTP/1.1" 200 427
190.171.153.34 - - [28/Sep/2021:11:05:18 -0300] "GET /cormun/static/trsolicitudadjuntos.js?20201215574932 HTTP/1.1" 200 17922
190.171.153.34 - - [28/Sep/2021:11:05:18 -0300] "GET /cormun/servlet/trsolicitudadjuntos?2021,17559, HTTP/1.1" 200 6446
190.171.153.34 - - [28/Sep/2021:11:05:21 -0300] "GET /cormun/servlet/solicitudotadjuntos?INS,2021,17559,,1, HTTP/1.1" 200 6386
190.171.153.34 - - [28/Sep/2021:11:05:21 -0300] "GET /cormun/static/gxcfg.js?202012157947 HTTP/1.1" 200 953
190.171.153.34 - - [28/Sep/2021:11:05:22 -0300] "GET /cormun/static/solicitudotadjuntos.js?202012157966 HTTP/1.1" 200 11771
190.171.153.34 - - [28/Sep/2021:11:05:22 -0300] "GET /cormun/static/about:blank HTTP/1.1" 404 1011
190.171.153.34 - - [28/Sep/2021:11:05:22 -0300] "GET /cormun/servlet/solicitudotadjuntos?INS,2021,17559,,1, HTTP/1.1" 200 6379
190.171.153.50 - - [28/Sep/2021:11:05:22 -0300] "GET /cormun/servlet/solicitudot?9b95ae2c4a5ffc664b9381719a0e2080644471f2a23871689b8530ad25514e77d7f2f1720c15471e9953c00fd70cf07819fca76521e9931637e56a84d5820a143d6ae723a8620eb85049acad47f7c7d467fb79f479a2f7151d14556744f32fd29ad693683458c7a53b876f3ea4c796bf2ae97c05386c3781a3361079c327c34fb986cffbb1cd4a6e4baefa03c713d7fe8080ed01a991f77c8447ba7c2f4d6d8ff6dbbd68a5dfe0b39a6147e3c3881aa593b36f32c203f6233d0df0a66cf1752e1561f4eeb4ce42dc88e2281f80906d10e96c05929ee369d731ceec4278bf3aab14c7413f74a93830471eb9f2a54243af74a4447b8ee97eb2aa59d332f7963309f3c5d4deef1aecfc05b8f5bc4bd29baceeec149fdf3769bc804518dd9a53cead907c33df8b1e8d0378ebaa571de17c738887d80a38e2b5a6287e5426d98586ca4c77ea88fe6165e824538bf38d6e3283,gx-no-cache=1632837259567 HTTP/1.1" 200 297
190.171.153.34 - - [28/Sep/2021:11:05:22 -0300] "GET /cormun/servlet/solicitudotadjuntos?c73b1054d4651c76b85d1369b2e01a153c5434e294ba724a19aa06765cc5648cb433123c35da2dd34e8124820bee1621,gx-no-cache=1632837227695 HTTP/1.1" 200 30
190.171.153.34 - - [28/Sep/2021:11:05:22 -0300] "POST /cormun/servlet/solicitudotadjuntos?a20e394f2d22d930cb9eade20929f3a1,INS,2021,17559,,1,,gx-no-cache=1632837227728 HTTP/1.1" 200 4146
190.171.153.50 - - [28/Sep/2021:11:05:24 -0300] "GET /cormun/servlet/solicitudot?9b95ae2c4a5ffc664b9381719a0e2080700843b0591fc53294bae89b48528076b2ed94a61cdace55d6025e989c48aea00a901d23c3d79287f91bc7c75697376bcaa11cab098d8dfde08f09acd177e8925f8dd0fd3f2529e2ef16caf848f3bf4a50e517dd3f72e696d9673c5df97c5f1ed35f5a9f1f3bab2ff907d3d09e596302fa29fc8684f15fe5ff77350bb6bfda397c691e21f21bed794c7f0791f6a79a80b46f3ac7f708db958cb74d2edf31c75d289424f7d5bc7d4da694fae1d0940b5bc298abd473f389a8c11381808af0197bdefb55c0a057a43d52b4e5af7580374b94b06ce44c6b5c1754338a066fda7ea3552ddbcdfe70e5165e87fa34ef5545526c899409bee96c517646d5a5ce9e0c1632c01503ee44cef205716be7592c41d419ae5cfb90bd001aeee2c40dc72bcc3d214fbd438c91e28dbcb076c1a7aeb2748647dcd806dc0066187202dc6f8a3755f1d045fcc49e79676d24c49a1e095195e0f9fbf72dbf084ac6c6dadd0823670911415906e19cd208b2c53f769b11af9758109b5e7647a467bc406bdb28914b73,gx-no-cache=1632837261491 HTTP/1.1" 200 30
190.171.153.50 - - [28/Sep/2021:11:05:28 -0300] "POST /cormun/servlet/solicitudot?gx-no-cache=1632837265578 HTTP/1.1" 200 30
190.171.153.50 - - [28/Sep/2021:11:05:30 -0300] "POST /cormun/servlet/solicitudot?gx-no-cache=1632837267409 HTTP/1.1" 200 1434
190.171.153.50 - - [28/Sep/2021:11:05:30 -0300] "POST /cormun/servlet/solicitudot?gx-no-cache=1632837267455 HTTP/1.1" 200 38
190.171.153.34 - - [28/Sep/2021:11:05:34 -0300] "POST /cormun/servlet/solicitudotadjuntos?gx-no-cache=1632837239062 HTTP/1.1" 200 26
190.171.153.50 - - [28/Sep/2021:11:05:40 -0300] "GET /cormun/servlet/solicitudot?9b95ae2c4a5ffc664b9381719a0e208097bb08ccdd9d3eb89cef86f083c6596a9147865079037a48f7ad1e57f992011f125f4dbc09d8bf65319500edd957db2e866fc87f821898f5f82000a7911cd2182a5eb8173fe2d4bbe74a8c67091af69e2de47b0b14b4fde1f6a2b51324f093ae,gx-no-cache=1632837278175 HTTP/1.1" 200 110
190.171.153.50 - - [28/Sep/2021:11:05:40 -0300] "POST /cormun/servlet/solicitudot?gx-no-cache=1632837278234 HTTP/1.1" 200 64
190.171.153.50 - - [28/Sep/2021:11:05:44 -0300] "GET /cormun/servlet/solicitudot?9b95ae2c4a5ffc664b9381719a0e20809363c464c767def11ba792ea90f3eca174a4447b8ee97eb2aa59d332f7963309f3c5d4deef1aecfc05b8f5bc4bd29baca741a252fe157bbaca81ed378ba040f6,gx-no-cache=1632837281720 HTTP/1.1" 200 29
190.171.153.50 - - [28/Sep/2021:11:05:44 -0300] "GET /cormun/static/menuarrow.gif HTTP/1.1" 404 1015
190.171.153.50 - - [28/Sep/2021:11:05:48 -0300] "GET /cormun/servlet/solicitudot?9b95ae2c4a5ffc664b9381719a0e20802f87183651778c1c50d5b52890d22b3e816f5859cb030a20c79426570199836a,gx-no-cache=1632837285431 HTTP/1.1" 200 30
190.171.153.50 - - [28/Sep/2021:11:05:53 -0300] "POST /cormun/servlet/solicitudot?gx-no-cache=1632837291199 HTTP/1.1" 200 30
190.171.153.50 - - [28/Sep/2021:11:05:56 -0300] "POST /cormun/servlet/solicitudot?69d641f8e250874e73745bafc350f011,INS,0,0,false,,gx-no-cache=1632837293995 HTTP/1.1" 200 12615
190.171.153.50 - - [28/Sep/2021:11:06:04 -0300] "POST /cormun/servlet/solicitudot?69d641f8e250874e73745bafc350f011,INS,0,0,false,,gx-no-cache=1632837301456 HTTP/1.1" 200 12666
190.171.141.82 - - [28/Sep/2021:11:06:07 -0300] "GET /cormun/servlet/trpermisosadjuntos?12911556,20210928104156,P, HTTP/1.1" 200 6274
190.171.141.82 - - [28/Sep/2021:11:06:09 -0300] "GET /cormun/servlet/trpermisosadjuntos?12911556,20210928104156,P, HTTP/1.1" 200 6274
190.171.141.82 - - [28/Sep/2021:11:06:12 -0300] "GET /cormun/servlet/permisosadjuntos?INS,12911556,P,20210928104156,, HTTP/1.1" 200 5593
190.171.141.82 - - [28/Sep/2021:11:06:12 -0300] "GET /cormun/static/about:blank HTTP/1.1" 404 1011
190.171.141.82 - - [28/Sep/2021:11:06:13 -0300] "GET /cormun/servlet/permisosadjuntos?INS,12911556,P,20210928104156,, HTTP/1.1" 200 5582
190.171.141.82 - - [28/Sep/2021:11:06:23 -0300] "POST /cormun/servlet/permisosadjuntos?58bfd030631870180263a4b74d4904ba,INS,12911556,P,20210928104156,, HTTP/1.1" 200 116
190.171.141.82 - - [28/Sep/2021:11:06:23 -0300] "GET /cormun/servlet/hpexe_return? HTTP/1.1" 200 1039
190.171.141.82 - - [28/Sep/2021:11:06:23 -0300] "GET /cormun/servlet/trpermisosadjuntos?12911556,20210928104156,P, HTTP/1.1" 200 6763
190.171.141.82 - - [28/Sep/2021:11:06:24 -0300] "GET /cormun/servlet/trpermisosadjuntos?12911556,20210928104156,P, HTTP/1.1" 200 6759
190.171.153.50 - - [28/Sep/2021:11:06:25 -0300] "POST /cormun/servlet/solicitudot?69d641f8e250874e73745bafc350f011,INS,0,0,false,,gx-no-cache=1632837323074 HTTP/1.1" 200 12714
190.171.141.82 - - [28/Sep/2021:11:06:29 -0300] "POST /cormun/servlet/trpermisosadjuntos?58bfd030631870180263a4b74d4904ba,12911556,20210928104156,P,,gx-no-cache=1632837294240 HTTP/1.1" 200 4579
190.171.141.82 - - [28/Sep/2021:11:06:33 -0300] "GET /cormun/servlet/trpermisosgoce? HTTP/1.1" 200 10277
190.171.141.82 - - [28/Sep/2021:11:06:34 -0300] "GET /cormun/servlet/trpermisosgoce? HTTP/1.1" 200 10276
190.171.141.82 - - [28/Sep/2021:11:06:36 -0300] "POST /cormun/servlet/trpermisosgoce?58bfd030631870180263a4b74d4904ba,,gx-no-cache=1632837300916 HTTP/1.1" 200 7613
190.171.141.82 - - [28/Sep/2021:11:06:41 -0300] "POST /cormun/servlet/trpermisosgoce?58bfd030631870180263a4b74d4904ba,,gx-no-cache=1632837306015 HTTP/1.1" 200 7609
190.171.141.82 - - [28/Sep/2021:11:06:42 -0300] "GET /cormun/static/Shared/jqueryui/images/ui-icons_82798d_256x240.png HTTP/1.1" 404 1089
190.171.141.82 - - [28/Sep/2021:11:06:42 -0300] "GET /cormun/static/Shared/jqueryui/images/ui-bg_highlight-soft_100_c6c2c8_1x100.png HTTP/1.1" 404 1117
190.171.141.82 - - [28/Sep/2021:11:06:42 -0300] "GET /cormun/static/Shared/jqueryui/images/ui-bg_flat_55_fafafa_40x100.png HTTP/1.1" 404 1097
190.171.141.82 - - [28/Sep/2021:11:06:42 -0300] "GET /cormun/static/Shared/jqueryui/images/ui-icons_8d78a5_256x240.png HTTP/1.1" 404 1089
190.171.141.82 - - [28/Sep/2021:11:06:52 -0300] "GET /cormun/servlet/trlicencias? HTTP/1.1" 200 9649
190.171.141.82 - - [28/Sep/2021:11:06:54 -0300] "GET /cormun/servlet/trlicencias? HTTP/1.1" 200 9648
190.171.153.34 - - [28/Sep/2021:11:06:55 -0300] "GET /cormun/servlet/solicitudotadjuntos?c73b1054d4651c76b85d1369b2e01a156a959598162bddc91453ce9384e1a8c9,gx-no-cache=1632837320850 HTTP/1.1" 200 30
190.171.153.34 - - [28/Sep/2021:11:06:55 -0300] "GET /cormun/servlet/solicitudotadjuntos?c73b1054d4651c76b85d1369b2e01a156a959598162bddc91453ce9384e1a8c9,gx-no-cache=1632837320927 HTTP/1.1" 200 30
190.171.153.34 - - [28/Sep/2021:11:06:56 -0300] "POST /cormun/servlet/solicitudotadjuntos?a20e394f2d22d930cb9eade20929f3a1,INS,2021,17559,,1, HTTP/1.1" 200 116
190.171.153.34 - - [28/Sep/2021:11:06:56 -0300] "GET /cormun/servlet/hpexe_return? HTTP/1.1" 200 1024
190.171.153.34 - - [28/Sep/2021:11:06:56 -0300] "GET /cormun/servlet/trsolicitudadjuntos?2021,17559, HTTP/1.1" 200 9226
190.171.153.34 - - [28/Sep/2021:11:06:56 -0300] "GET /cormun/servlet/trsolicitudadjuntos?2021,17559, HTTP/1.1" 200 9225
190.171.153.34 - - [28/Sep/2021:11:06:59 -0300] "GET /cormun/servlet/solicitudotadjuntos?INS,2021,17559,,1, HTTP/1.1" 200 6386
190.171.153.34 - - [28/Sep/2021:11:07:00 -0300] "GET /cormun/static/about:blank HTTP/1.1" 404 1011
190.171.153.34 - - [28/Sep/2021:11:07:00 -0300] "GET /cormun/servlet/solicitudotadjuntos?INS,2021,17559,,1, HTTP/1.1" 200 6379
190.171.153.34 - - [28/Sep/2021:11:07:00 -0300] "GET /cormun/servlet/solicitudotadjuntos?c73b1054d4651c76b85d1369b2e01a153c5434e294ba724a19aa06765cc5648cb433123c35da2dd34e8124820bee1621,gx-no-cache=1632837325590 HTTP/1.1" 200 30
190.171.153.34 - - [28/Sep/2021:11:07:00 -0300] "POST /cormun/servlet/solicitudotadjuntos?a20e394f2d22d930cb9eade20929f3a1,INS,2021,17559,,1,,gx-no-cache=1632837325638 HTTP/1.1" 200 4147
190.171.153.34 - - [28/Sep/2021:11:07:03 -0300] "POST /cormun/servlet/solicitudotadjuntos?gx-no-cache=1632837328644 HTTP/1.1" 200 26
190.171.153.34 - - [28/Sep/2021:11:07:14 -0300] "GET /cormun/servlet/solicitudotadjuntos?c73b1054d4651c76b85d1369b2e01a156a959598162bddc91453ce9384e1a8c9,gx-no-cache=1632837339169 HTTP/1.1" 200 30
190.171.153.34 - - [28/Sep/2021:11:07:14 -0300] "GET /cormun/servlet/solicitudotadjuntos?c73b1054d4651c76b85d1369b2e01a156a959598162bddc91453ce9384e1a8c9,gx-no-cache=1632837339189 HTTP/1.1" 200 30
190.171.153.34 - - [28/Sep/2021:11:07:14 -0300] "POST /cormun/servlet/solicitudotadjuntos?a20e394f2d22d930cb9eade20929f3a1,INS,2021,17559,,1, HTTP/1.1" 200 116
190.171.153.34 - - [28/Sep/2021:11:07:14 -0300] "GET /cormun/servlet/hpexe_return? HTTP/1.1" 200 1024
190.171.153.34 - - [28/Sep/2021:11:07:14 -0300] "GET /cormun/servlet/trsolicitudadjuntos?2021,17559, HTTP/1.1" 200 9454
190.171.153.34 - - [28/Sep/2021:11:07:14 -0300] "GET /cormun/servlet/trsolicitudadjuntos?2021,17559, HTTP/1.1" 200 9454
190.171.153.50 - - [28/Sep/2021:11:07:15 -0300] "POST /cormun/servlet/solicitudot?69d641f8e250874e73745bafc350f011,INS,0,0,false,,gx-no-cache=1632837373036 HTTP/1.1" 200 12775
190.171.153.34 - - [28/Sep/2021:11:07:18 -0300] "GET /cormun/servlet/solicitudotadjuntos?INS,2021,17559,,1, HTTP/1.1" 200 6386
190.171.153.34 - - [28/Sep/2021:11:07:18 -0300] "GET /cormun/static/about:blank HTTP/1.1" 404 1011
190.171.153.34 - - [28/Sep/2021:11:07:18 -0300] "GET /cormun/servlet/solicitudotadjuntos?INS,2021,17559,,1, HTTP/1.1" 200 6379
190.171.153.34 - - [28/Sep/2021:11:07:19 -0300] "GET /cormun/servlet/solicitudotadjuntos?c73b1054d4651c76b85d1369b2e01a153c5434e294ba724a19aa06765cc5648cb433123c35da2dd34e8124820bee1621,gx-no-cache=1632837344444 HTTP/1.1" 200 30
190.171.153.34 - - [28/Sep/2021:11:07:19 -0300] "POST /cormun/servlet/solicitudotadjuntos?a20e394f2d22d930cb9eade20929f3a1,INS,2021,17559,,1,,gx-no-cache=1632837344479 HTTP/1.1" 200 4147
190.171.153.34 - - [28/Sep/2021:11:07:23 -0300] "POST /cormun/servlet/solicitudotadjuntos?gx-no-cache=1632837348065 HTTP/1.1" 200 26
190.171.153.34 - - [28/Sep/2021:11:07:29 -0300] "GET /cormun/servlet/solicitudotadjuntos?c73b1054d4651c76b85d1369b2e01a156a959598162bddc91453ce9384e1a8c9,gx-no-cache=1632837354512 HTTP/1.1" 200 30
190.171.153.34 - - [28/Sep/2021:11:07:29 -0300] "GET /cormun/servlet/solicitudotadjuntos?c73b1054d4651c76b85d1369b2e01a156a959598162bddc91453ce9384e1a8c9,gx-no-cache=1632837354567 HTTP/1.1" 200 30
190.171.153.34 - - [28/Sep/2021:11:07:29 -0300] "POST /cormun/servlet/solicitudotadjuntos?a20e394f2d22d930cb9eade20929f3a1,INS,2021,17559,,1, HTTP/1.1" 200 116
190.171.153.34 - - [28/Sep/2021:11:07:29 -0300] "GET /cormun/servlet/hpexe_return? HTTP/1.1" 200 1024
190.171.153.34 - - [28/Sep/2021:11:07:29 -0300] "GET /cormun/servlet/trsolicitudadjuntos?2021,17559, HTTP/1.1" 200 9682
190.171.153.34 - - [28/Sep/2021:11:07:30 -0300] "GET /cormun/servlet/trsolicitudadjuntos?2021,17559, HTTP/1.1" 200 9680
190.171.153.34 - - [28/Sep/2021:11:07:33 -0300] "GET /cormun/servlet/solicitudotadjuntos?INS,2021,17559,,1, HTTP/1.1" 200 6386
190.171.153.34 - - [28/Sep/2021:11:07:34 -0300] "GET /cormun/static/about:blank HTTP/1.1" 404 1011
190.171.153.34 - - [28/Sep/2021:11:07:34 -0300] "GET /cormun/servlet/solicitudotadjuntos?INS,2021,17559,,1, HTTP/1.1" 200 6379
190.171.153.34 - - [28/Sep/2021:11:07:34 -0300] "GET /cormun/servlet/solicitudotadjuntos?c73b1054d4651c76b85d1369b2e01a153c5434e294ba724a19aa06765cc5648cb433123c35da2dd34e8124820bee1621,gx-no-cache=1632837359696 HTTP/1.1" 200 30
190.171.153.34 - - [28/Sep/2021:11:07:34 -0300] "POST /cormun/servlet/solicitudotadjuntos?a20e394f2d22d930cb9eade20929f3a1,INS,2021,17559,,1,,gx-no-cache=1632837359722 HTTP/1.1" 200 4147
190.171.153.34 - - [28/Sep/2021:11:07:39 -0300] "POST /cormun/servlet/solicitudotadjuntos?gx-no-cache=1632837364881 HTTP/1.1" 200 26
190.171.153.34 - - [28/Sep/2021:11:07:49 -0300] "GET /cormun/servlet/solicitudotadjuntos?c73b1054d4651c76b85d1369b2e01a156a959598162bddc91453ce9384e1a8c9,gx-no-cache=1632837374896 HTTP/1.1" 200 30
190.171.153.34 - - [28/Sep/2021:11:07:49 -0300] "GET /cormun/servlet/solicitudotadjuntos?c73b1054d4651c76b85d1369b2e01a156a959598162bddc91453ce9384e1a8c9,gx-no-cache=1632837374930 HTTP/1.1" 200 30
190.171.153.34 - - [28/Sep/2021:11:07:50 -0300] "POST /cormun/servlet/solicitudotadjuntos?a20e394f2d22d930cb9eade20929f3a1,INS,2021,17559,,1, HTTP/1.1" 200 116
190.171.153.34 - - [28/Sep/2021:11:07:50 -0300] "GET /cormun/servlet/hpexe_return? HTTP/1.1" 200 1024
190.171.153.34 - - [28/Sep/2021:11:07:50 -0300] "GET /cormun/servlet/trsolicitudadjuntos?2021,17559, HTTP/1.1" 200 9905
190.171.153.34 - - [28/Sep/2021:11:07:50 -0300] "GET /cormun/servlet/trsolicitudadjuntos?2021,17559, HTTP/1.1" 200 9903
190.171.153.34 - - [28/Sep/2021:11:07:52 -0300] "GET /cormun/servlet/solicitudotadjuntos?INS,2021,17559,,1, HTTP/1.1" 200 6386
190.171.153.34 - - [28/Sep/2021:11:07:53 -0300] "GET /cormun/static/about:blank HTTP/1.1" 404 1011
190.171.153.34 - - [28/Sep/2021:11:07:53 -0300] "GET /cormun/servlet/solicitudotadjuntos?INS,2021,17559,,1, HTTP/1.1" 200 6378
190.171.153.34 - - [28/Sep/2021:11:07:53 -0300] "GET /cormun/servlet/solicitudotadjuntos?c73b1054d4651c76b85d1369b2e01a153c5434e294ba724a19aa06765cc5648cb433123c35da2dd34e8124820bee1621,gx-no-cache=1632837378662 HTTP/1.1" 200 30
190.171.153.34 - - [28/Sep/2021:11:07:53 -0300] "POST /cormun/servlet/solicitudotadjuntos?a20e394f2d22d930cb9eade20929f3a1,INS,2021,17559,,1,,gx-no-cache=1632837378717 HTTP/1.1" 200 4147
190.171.153.34 - - [28/Sep/2021:11:07:57 -0300] "POST /cormun/servlet/solicitudotadjuntos?gx-no-cache=1632837382649 HTTP/1.1" 200 26
190.171.153.34 - - [28/Sep/2021:11:08:06 -0300] "GET /cormun/servlet/solicitudotadjuntos?c73b1054d4651c76b85d1369b2e01a156a959598162bddc91453ce9384e1a8c9,gx-no-cache=1632837391890 HTTP/1.1" 200 30
190.171.153.34 - - [28/Sep/2021:11:08:06 -0300] "GET /cormun/servlet/solicitudotadjuntos?c73b1054d4651c76b85d1369b2e01a156a959598162bddc91453ce9384e1a8c9,gx-no-cache=1632837391916 HTTP/1.1" 200 30
190.171.153.34 - - [28/Sep/2021:11:08:07 -0300] "POST /cormun/servlet/solicitudotadjuntos?a20e394f2d22d930cb9eade20929f3a1,INS,2021,17559,,1, HTTP/1.1" 200 116
190.171.153.34 - - [28/Sep/2021:11:08:07 -0300] "GET /cormun/servlet/hpexe_return? HTTP/1.1" 200 1024
190.171.153.34 - - [28/Sep/2021:11:08:07 -0300] "GET /cormun/servlet/trsolicitudadjuntos?2021,17559, HTTP/1.1" 200 10191
190.171.153.34 - - [28/Sep/2021:11:08:07 -0300] "GET /cormun/servlet/trsolicitudadjuntos?2021,17559, HTTP/1.1" 200 10189
