186.67.172.234 - - [28/Sep/2021:11:18:53 -0300] "GET /cormun/static/Shared/jqueryui/images/ui-icons_8d78a5_256x240.png HTTP/1.1" 404 1089
186.67.172.234 - - [28/Sep/2021:11:18:53 -0300] "GET /cormun/static/Shared/jqueryui/images/ui-bg_highlight-soft_100_c6c2c8_1x100.png HTTP/1.1" 404 1117
186.67.172.234 - - [28/Sep/2021:11:18:53 -0300] "POST /cormun/servlet/trautorizarsolicitud?d4c0b68bd254fe60db9cb1907372a8cd,,gx-no-cache=1632838038204 HTTP/1.1" 200 4544
190.171.149.82 - - [28/Sep/2021:11:18:57 -0300] "GET /cormun/PublicTempStorage/tia_carolina2000165.pdf HTTP/1.1" 200 91505
186.67.172.234 - - [28/Sep/2021:11:18:57 -0300] "GET /cormun/servlet/trlicencias? HTTP/1.1" 200 15408
186.67.172.234 - - [28/Sep/2021:11:18:58 -0300] "GET /cormun/servlet/trlicencias? HTTP/1.1" 200 15414
190.171.149.82 - - [28/Sep/2021:11:19:00 -0300] "GET /cormun/servlet/trpermisosadjuntos?13098058,20210928095848,P, HTTP/1.1" 200 6969
190.171.149.82 - - [28/Sep/2021:11:19:00 -0300] "GET /cormun/servlet/trpermisosadjuntos?13098058,20210928095848,P, HTTP/1.1" 200 6969
190.171.149.82 - - [28/Sep/2021:11:19:02 -0300] "POST /cormun/servlet/trpermisosadjuntos?536d2253faacc4f8a4220b0aad70a181,13098058,20210928095848,P,,gx-no-cache=1632838047545 HTTP/1.1" 200 4843
190.171.149.82 - - [28/Sep/2021:11:19:03 -0300] "POST /cormun/servlet/trpermisosadjuntos?536d2253faacc4f8a4220b0aad70a181,13098058,20210928095848,P,,gx-no-cache=1632838048863 HTTP/1.1" 200 4844
190.171.153.50 - - [28/Sep/2021:11:19:03 -0300] "GET /cormun/servlet/solicitudot?9b95ae2c4a5ffc664b9381719a0e2080644471f2a23871689b8530ad25514e77d7f2f1720c15471e9953c00fd70cf07819fca76521e9931637e56a84d5820a143d6ae723a8620eb85049acad47f7c7d467fb79f479a2f7151d14556744f32fd29ad693683458c7a53b876f3ea4c796bf2ae97c05386c3781a3361079c327c34fb986cffbb1cd4a6e4baefa03c713d7fe8080ed01a991f77c8447ba7c2f4d6d8ff6dbbd68a5dfe0b39a6147e3c3881aa593b36f32c203f6233d0df0a66cf1752e1561f4eeb4ce42dc88e2281f80906d10e96c05929ee369d731ceec4278bf3aab14c7413f74a93830471eb9f2a54243af74a4447b8ee97eb2aa59d332f7963309f3c5d4deef1aecfc05b8f5bc4bd29baceeec149fdf3769bc804518dd9a53cead907c33df8b1e8d0378ebaa571de17c738887d80a38e2b5a6287e5426d98586ca4c77ea88fe6165e824538bf38d6e3283,gx-no-cache=1632838080898 HTTP/1.1" 200 297
190.171.149.82 - - [28/Sep/2021:11:19:03 -0300] "POST /cormun/servlet/trpermisosadjuntos?536d2253faacc4f8a4220b0aad70a181,13098058,20210928095848,P,,gx-no-cache=1632838049088 HTTP/1.1" 200 4844
190.171.149.82 - - [28/Sep/2021:11:19:03 -0300] "POST /cormun/servlet/trpermisosadjuntos?536d2253faacc4f8a4220b0aad70a181,13098058,20210928095848,P,,gx-no-cache=1632838049263 HTTP/1.1" 200 4844
190.171.153.50 - - [28/Sep/2021:11:19:05 -0300] "GET /cormun/servlet/solicitudot?9b95ae2c4a5ffc664b9381719a0e2080700843b0591fc53294bae89b48528076b2ed94a61cdace55d6025e989c48aea00a901d23c3d79287f91bc7c75697376bcaa11cab098d8dfde08f09acd177e8925f8dd0fd3f2529e2ef16caf848f3bf4a50e517dd3f72e696d9673c5df97c5f1ed35f5a9f1f3bab2ff907d3d09e596302fa29fc8684f15fe5ff77350bb6bfda397c691e21f21bed794c7f0791f6a79a80b46f3ac7f708db958cb74d2edf31c75d289424f7d5bc7d4da694fae1d0940b5bc298abd473f389a8c11381808af0197bdefb55c0a057a43d52b4e5af7580374b94b06ce44c6b5c1754338a066fda7ea3552ddbcdfe70e5165e87fa34ef5545526c899409bee96c517646d5a5ce9e0c1632c01503ee44cef205716be7592c41d419ae5cfb90bd001aeee2c40dc72bcc3d214fbd438c91e28dbcb076c1a7aeb2748647dcd806dc0066187202dc6f8a3755f1d045fcc49e79676d24c49a1e095195e0f9fbf72dbf084ac6c6dadd0823670911415906e19cd208b2c53f769b11af9758109b5e7647a467bc406bdb28914b73,gx-no-cache=1632838082701 HTTP/1.1" 200 30
190.171.143.106 - - [28/Sep/2021:11:19:07 -0300] "POST /cormun/servlet/permisogoce?f27b5c59360f28fd7b2a4e87dfa5d692,INS,0,,,,gx-no-cache=1632838051661 HTTP/1.1" 200 93
190.171.143.106 - - [28/Sep/2021:11:19:07 -0300] "GET /cormun/servlet/hpexe_return? HTTP/1.1" 200 1012
190.171.143.106 - - [28/Sep/2021:11:19:07 -0300] "GET /cormun/servlet/trpermisosgoce HTTP/1.1" 200 8511
190.171.143.106 - - [28/Sep/2021:11:19:07 -0300] "GET /cormun/servlet/trpermisosgoce HTTP/1.1" 200 8507
190.171.153.50 - - [28/Sep/2021:11:19:08 -0300] "POST /cormun/servlet/solicitudot?gx-no-cache=1632838085674 HTTP/1.1" 200 30
190.171.149.82 - - [28/Sep/2021:11:19:10 -0300] "GET /cormun/servlet/trautorizarpermisogoce? HTTP/1.1" 200 8569
190.171.149.82 - - [28/Sep/2021:11:19:11 -0300] "GET /cormun/servlet/trautorizarpermisogoce? HTTP/1.1" 200 8569
190.171.153.50 - - [28/Sep/2021:11:19:11 -0300] "POST /cormun/servlet/solicitudot?gx-no-cache=1632838088795 HTTP/1.1" 200 1434
190.171.153.50 - - [28/Sep/2021:11:19:11 -0300] "POST /cormun/servlet/solicitudot?gx-no-cache=1632838088861 HTTP/1.1" 200 38
190.171.143.106 - - [28/Sep/2021:11:19:12 -0300] "GET /cormun/servlet/apermisogoceprn?18798678,P,20210928110438,PU HTTP/1.1" 200 1676
190.171.149.82 - - [28/Sep/2021:11:19:17 -0300] "POST /cormun/servlet/trautorizarpermisogoce?536d2253faacc4f8a4220b0aad70a181,,gx-no-cache=1632838062802 HTTP/1.1" 200 111
190.171.149.82 - - [28/Sep/2021:11:19:17 -0300] "GET /cormun/AutorizarPermisoGoce-985.xls HTTP/1.1" 200 5120
190.171.153.50 - - [28/Sep/2021:11:19:23 -0300] "GET /cormun/servlet/solicitudot?9b95ae2c4a5ffc664b9381719a0e208097bb08ccdd9d3eb89cef86f083c6596a9147865079037a48f7ad1e57f992011f125f4dbc09d8bf65319500edd957db2e866fc87f821898f5f82000a7911cd2182a5eb8173fe2d4bbe74a8c67091af69e2de47b0b14b4fde1f6a2b51324f093ae,gx-no-cache=1632838100665 HTTP/1.1" 200 110
190.171.153.50 - - [28/Sep/2021:11:19:37 -0300] "POST /cormun/servlet/solicitudot?gx-no-cache=1632838114660 HTTP/1.1" 200 64
190.171.149.82 - - [28/Sep/2021:11:19:43 -0300] "GET /cormun/servlet/trlicenciaspermisoslog?14165536,P,20210928095313, HTTP/1.1" 200 6405
190.171.149.82 - - [28/Sep/2021:11:19:43 -0300] "GET /cormun/servlet/trlicenciaspermisoslog?14165536,P,20210928095313, HTTP/1.1" 200 6405
190.171.153.50 - - [28/Sep/2021:11:19:47 -0300] "GET /cormun/servlet/solicitudot?9b95ae2c4a5ffc664b9381719a0e20809363c464c767def11ba792ea90f3eca174a4447b8ee97eb2aa59d332f7963309f3c5d4deef1aecfc05b8f5bc4bd29baca741a252fe157bbaca81ed378ba040f6,gx-no-cache=1632838124472 HTTP/1.1" 200 29
190.171.153.50 - - [28/Sep/2021:11:19:47 -0300] "GET /cormun/static/menuarrow.gif HTTP/1.1" 404 1015
190.171.141.90 - - [28/Sep/2021:11:19:48 -0300] "POST /cormun/servlet/hlogin?496eafce971a727e178dbc7620f5b50e,gx-no-cache=1632838092181 HTTP/1.1" 200 90
190.171.141.90 - - [28/Sep/2021:11:19:48 -0300] "GET /cormun/servlet/hpexe_link HTTP/1.1" 200 961
190.171.141.90 - - [28/Sep/2021:11:19:48 -0300] "GET /cormun/servlet/trsolicitudot HTTP/1.1" 200 7208
190.171.149.82 - - [28/Sep/2021:11:19:48 -0300] "GET /cormun/servlet/trautorizarpermisogoce? HTTP/1.1" 200 8569
190.171.149.82 - - [28/Sep/2021:11:19:48 -0300] "GET /cormun/servlet/trautorizarpermisogoce? HTTP/1.1" 200 8569
190.171.141.90 - - [28/Sep/2021:11:19:48 -0300] "GET /cormun/servlet/trsolicitudot HTTP/1.1" 200 7206
190.171.153.50 - - [28/Sep/2021:11:19:51 -0300] "GET /cormun/servlet/solicitudot?9b95ae2c4a5ffc664b9381719a0e20802f87183651778c1c50d5b52890d22b3e816f5859cb030a20c79426570199836a,gx-no-cache=1632838128501 HTTP/1.1" 200 30
190.171.141.90 - - [28/Sep/2021:11:19:52 -0300] "GET /cormun/servlet/solicitudot?INS,0,0,false, HTTP/1.1" 200 15553
190.171.141.90 - - [28/Sep/2021:11:19:52 -0300] "GET /cormun/servlet/solicitudot?INS,0,0,false, HTTP/1.1" 200 15560
190.171.149.82 - - [28/Sep/2021:11:19:53 -0300] "GET /cormun/static/menuarrow.gif HTTP/1.1" 404 1015
190.171.153.50 - - [28/Sep/2021:11:20:00 -0300] "POST /cormun/servlet/solicitudot?gx-no-cache=1632838138247 HTTP/1.1" 200 30
190.171.149.82 - - [28/Sep/2021:11:20:02 -0300] "POST /cormun/servlet/trautorizarpermisogoce?536d2253faacc4f8a4220b0aad70a181,,gx-no-cache=1632838108112 HTTP/1.1" 200 4426
190.171.149.82 - - [28/Sep/2021:11:20:04 -0300] "POST /cormun/servlet/trautorizarpermisogoce?536d2253faacc4f8a4220b0aad70a181,,gx-no-cache=1632838109550 HTTP/1.1" 200 4426
190.171.141.90 - - [28/Sep/2021:11:20:07 -0300] "POST /cormun/servlet/solicitudot?gx-no-cache=1632838111673 HTTP/1.1" 200 3728
190.171.141.90 - - [28/Sep/2021:11:20:07 -0300] "POST /cormun/servlet/solicitudot?496eafce971a727e178dbc7620f5b50e,INS,0,0,false,,gx-no-cache=1632838111873 HTTP/1.1" 200 12236
190.171.141.90 - - [28/Sep/2021:11:20:09 -0300] "GET /cormun/servlet/solicitudot?413764adcb3d16c5ed820ea2752bb4a65c77ed5b229c470f9af70192f2c36560ebc15980ce408da8493debe3c5d2f55a,gx-no-cache=1632838113689 HTTP/1.1" 200 30
190.171.153.50 - - [28/Sep/2021:11:20:10 -0300] "POST /cormun/servlet/solicitudot?69d641f8e250874e73745bafc350f011,INS,0,0,false,,gx-no-cache=1632838147173 HTTP/1.1" 200 12876
190.171.149.82 - - [28/Sep/2021:11:20:12 -0300] "GET /cormun/servlet/trpermisosadjuntos?13098058,20210928095848,P, HTTP/1.1" 200 6968
190.171.149.82 - - [28/Sep/2021:11:20:13 -0300] "GET /cormun/servlet/trpermisosadjuntos?13098058,20210928095848,P, HTTP/1.1" 200 6968
190.171.153.50 - - [28/Sep/2021:11:20:16 -0300] "POST /cormun/servlet/solicitudot?69d641f8e250874e73745bafc350f011,INS,0,0,false,,gx-no-cache=1632838153922 HTTP/1.1" 200 12929
190.171.149.82 - - [28/Sep/2021:11:20:17 -0300] "GET /cormun/servlet/trautorizarpermisogoce? HTTP/1.1" 200 8561
190.171.149.82 - - [28/Sep/2021:11:20:18 -0300] "GET /cormun/servlet/trautorizarpermisogoce? HTTP/1.1" 200 8561
190.171.153.50 - - [28/Sep/2021:11:20:21 -0300] "POST /cormun/servlet/solicitudot?69d641f8e250874e73745bafc350f011,INS,0,0,false,,gx-no-cache=1632838159056 HTTP/1.1" 200 12978
190.171.149.82 - - [28/Sep/2021:11:20:24 -0300] "GET /cormun/servlet/trlicenciaspermisoslog?13098058,P,20210928095848, HTTP/1.1" 200 6409
190.171.149.82 - - [28/Sep/2021:11:20:25 -0300] "GET /cormun/servlet/trlicenciaspermisoslog?13098058,P,20210928095848, HTTP/1.1" 200 6409
190.171.153.50 - - [28/Sep/2021:11:20:25 -0300] "POST /cormun/servlet/solicitudot?69d641f8e250874e73745bafc350f011,INS,0,0,false,,gx-no-cache=1632838163010 HTTP/1.1" 200 13047
190.171.149.82 - - [28/Sep/2021:11:20:27 -0300] "GET /cormun/servlet/trautorizarpermisogoce? HTTP/1.1" 200 8561
190.171.149.82 - - [28/Sep/2021:11:20:27 -0300] "GET /cormun/servlet/trautorizarpermisogoce? HTTP/1.1" 200 8561
190.171.149.82 - - [28/Sep/2021:11:20:30 -0300] "POST /cormun/servlet/trautorizarpermisogoce?536d2253faacc4f8a4220b0aad70a181,,gx-no-cache=1632838135849 HTTP/1.1" 200 5981
190.171.149.82 - - [28/Sep/2021:11:20:30 -0300] "GET /cormun/static/Shared/jqueryui/images/ui-bg_highlight-soft_100_c6c2c8_1x100.png HTTP/1.1" 404 1117
190.171.149.82 - - [28/Sep/2021:11:20:30 -0300] "GET /cormun/static/Shared/jqueryui/images/ui-icons_8d78a5_256x240.png HTTP/1.1" 404 1089
190.171.149.82 - - [28/Sep/2021:11:20:30 -0300] "GET /cormun/static/Shared/jqueryui/images/ui-bg_flat_55_fafafa_40x100.png HTTP/1.1" 404 1097
190.171.149.82 - - [28/Sep/2021:11:20:30 -0300] "GET /cormun/static/Shared/jqueryui/images/ui-icons_82798d_256x240.png HTTP/1.1" 404 1089
190.171.149.82 - - [28/Sep/2021:11:20:44 -0300] "GET /cormun/static/Shared/jqueryui/images/ui-bg_highlight-soft_100_eae6ea_1x100.png HTTP/1.1" 404 1117
190.171.153.50 - - [28/Sep/2021:11:20:47 -0300] "POST /cormun/servlet/solicitudot?69d641f8e250874e73745bafc350f011,INS,0,0,false,,gx-no-cache=1632838185024 HTTP/1.1" 200 13130
190.171.149.82 - - [28/Sep/2021:11:20:51 -0300] "POST /cormun/servlet/trautorizarpermisogoce?536d2253faacc4f8a4220b0aad70a181,,gx-no-cache=1632838156483 HTTP/1.1" 200 90
190.171.149.82 - - [28/Sep/2021:11:20:51 -0300] "GET /cormun/servlet/hpexe_link HTTP/1.1" 200 964
190.171.149.82 - - [28/Sep/2021:11:20:51 -0300] "GET /cormun/servlet/hhome HTTP/1.1" 200 4172
190.171.149.82 - - [28/Sep/2021:11:20:51 -0300] "GET /cormun/servlet/hhome HTTP/1.1" 200 4168
190.171.149.82 - - [28/Sep/2021:11:20:56 -0300] "GET /cormun/servlet/trautorizarsolicitud? HTTP/1.1" 200 8684
190.171.149.82 - - [28/Sep/2021:11:20:56 -0300] "GET /cormun/servlet/trautorizarsolicitud? HTTP/1.1" 200 8682
190.171.141.90 - - [28/Sep/2021:11:20:58 -0300] "GET /cormun/servlet/solicitudot?413764adcb3d16c5ed820ea2752bb4a6a229235108b9ecf257177839fe04ed843cfb1e0110c409bd3811a808a0eeeccaebc15980ce408da8493debe3c5d2f55a,gx-no-cache=1632838162580 HTTP/1.1" 200 30
190.171.141.90 - - [28/Sep/2021:11:20:58 -0300] "GET /cormun/servlet/solicitudot?413764adcb3d16c5ed820ea2752bb4a6a0069e314c2ed9d94af58d20d34e10f9,gx-no-cache=1632838162613 HTTP/1.1" 200 29
190.171.141.90 - - [28/Sep/2021:11:20:59 -0300] "POST /cormun/servlet/solicitudot?gx-no-cache=1632838164216 HTTP/1.1" 200 240
190.171.149.82 - - [28/Sep/2021:11:21:06 -0300] "POST /cormun/servlet/trautorizarsolicitud?536d2253faacc4f8a4220b0aad70a181,,gx-no-cache=1632838171651 HTTP/1.1" 200 5969
190.171.149.82 - - [28/Sep/2021:11:21:06 -0300] "GET /cormun/static/Shared/jqueryui/images/ui-bg_highlight-soft_100_c6c2c8_1x100.png HTTP/1.1" 404 1117
190.171.149.82 - - [28/Sep/2021:11:21:06 -0300] "GET /cormun/static/Shared/jqueryui/images/ui-icons_82798d_256x240.png HTTP/1.1" 404 1089
190.171.149.82 - - [28/Sep/2021:11:21:06 -0300] "GET /cormun/static/Shared/jqueryui/images/ui-bg_flat_55_fafafa_40x100.png HTTP/1.1" 404 1097
190.171.149.82 - - [28/Sep/2021:11:21:06 -0300] "GET /cormun/static/Shared/jqueryui/images/ui-icons_8d78a5_256x240.png HTTP/1.1" 404 1089
190.171.141.90 - - [28/Sep/2021:11:21:14 -0300] "GET /cormun/servlet/solicitudot?413764adcb3d16c5ed820ea2752bb4a6cc7a29b60956d90cf60da38a17f8cd95c537e20188ce0ec47aa985b8dcca68b4221f2aaad09e0e0c06d6772711df75c4ea49330b65f00c9aa5ee48f6f458d79807f2b174a8ceb6aa746d69c241f1deb3dab72b79b60424ca59d24f7e9fa821e9bb6260b8b07ac98dca422bfecc6ae9b63485c73e098a2db1293d8fa9528c1d5e40d475758fa43ff14dbce3736e6d945bf8f630dfff97ad54135c79b9952ab595a4d1195373395268b65ce1467c03f212b2cde62ab397834b9896ef69e3ff160bf77fcca780faaac9fec9b34620ef098d2d224ff19d2b813dab2e7ca908d3eebd93e14ca5218e9c60813e8ec0e6c6ac8179cd9d330e60f29752643c0ff750b6987ad11f249c9dd34fc6c60c2499173ef6bac3c5748647a6a6dfa96eb46b420e99ac7af33a09955a8cccaf2604701db6e933df32678a1b173e55a8211b7404d936ceb8d17af744feea385be4e18f4a35d09694dd5e7c13291d21ca4f9ee1119c1a5cd4560f56b00b516e8e99ac9ec2fdcc,gx-no-cache=1632838178745 HTTP/1.1" 200 30
190.171.141.90 - - [28/Sep/2021:11:21:17 -0300] "POST /cormun/servlet/solicitudot?gx-no-cache=1632838181840 HTTP/1.1" 200 30
190.171.149.82 - - [28/Sep/2021:11:21:20 -0300] "GET /cormun/servlet/treventos?2021,17536, HTTP/1.1" 200 8418
190.171.149.82 - - [28/Sep/2021:11:21:20 -0300] "GET /cormun/static/gxcfg.js?20201215584657 HTTP/1.1" 200 953
190.171.149.82 - - [28/Sep/2021:11:21:20 -0300] "GET /cormun/static/treventos.js?2020121558506 HTTP/1.1" 200 16064
190.171.149.82 - - [28/Sep/2021:11:21:20 -0300] "GET /cormun/servlet/treventos?2021,17536, HTTP/1.1" 200 8423
190.171.149.82 - - [28/Sep/2021:11:21:21 -0300] "POST /cormun/servlet/acontrolpreferencessavestate?None,BROJAS,true HTTP/1.1" 200 35
190.171.149.82 - - [28/Sep/2021:11:21:35 -0300] "GET /cormun/servlet/hhome HTTP/1.1" 200 4184
190.171.149.82 - - [28/Sep/2021:11:21:35 -0300] "GET /cormun/servlet/hhome HTTP/1.1" 200 4171
190.171.149.82 - - [28/Sep/2021:11:21:38 -0300] "GET /cormun/servlet/hhome HTTP/1.1" 200 4171
190.171.149.82 - - [28/Sep/2021:11:21:38 -0300] "GET /cormun/servlet/hhome HTTP/1.1" 200 4171
190.171.149.82 - - [28/Sep/2021:11:21:39 -0300] "GET /cormun/servlet/hlogin HTTP/1.1" 200 1741
190.171.152.234 - - [28/Sep/2021:11:21:46 -0300] "GET /cormun/servlet/hlogin HTTP/1.1" 200 1727
190.171.152.234 - - [28/Sep/2021:11:21:55 -0300] "POST /cormun/servlet/hlogin?bbdfee9fd1f476981ef245fbc256d648,gx-no-cache=1632838238884 HTTP/1.1" 200 90
190.171.152.234 - - [28/Sep/2021:11:21:55 -0300] "GET /cormun/servlet/hpexe_link HTTP/1.1" 200 954
190.171.152.234 - - [28/Sep/2021:11:21:55 -0300] "GET /cormun/servlet/hhome HTTP/1.1" 200 4266
190.171.152.234 - - [28/Sep/2021:11:21:55 -0300] "GET /cormun/servlet/hhome HTTP/1.1" 200 4262
190.171.152.234 - - [28/Sep/2021:11:22:12 -0300] "GET /cormun/servlet/trlicencias? HTTP/1.1" 200 11055
190.171.152.234 - - [28/Sep/2021:11:22:13 -0300] "GET /cormun/servlet/trlicencias? HTTP/1.1" 200 11052
190.171.153.50 - - [28/Sep/2021:11:22:20 -0300] "POST /cormun/servlet/solicitudot?69d641f8e250874e73745bafc350f011,INS,0,0,false,,gx-no-cache=1632838278124 HTTP/1.1" 200 93
190.171.153.50 - - [28/Sep/2021:11:22:20 -0300] "GET /cormun/servlet/hpexe_return? HTTP/1.1" 200 1010
190.171.153.50 - - [28/Sep/2021:11:22:21 -0300] "GET /cormun/servlet/trsolicitudot HTTP/1.1" 200 7439
190.171.153.50 - - [28/Sep/2021:11:22:21 -0300] "GET /cormun/servlet/trsolicitudot HTTP/1.1" 200 7436
190.171.143.106 - - [28/Sep/2021:11:22:35 -0300] "GET /cormun/servlet/trpermisosadjuntos?18798678,20210928110438,P, HTTP/1.1" 200 6662
190.171.143.106 - - [28/Sep/2021:11:22:36 -0300] "GET /cormun/servlet/trpermisosadjuntos?18798678,20210928110438,P, HTTP/1.1" 200 6662
190.171.153.50 - - [28/Sep/2021:11:22:40 -0300] "GET /cormun/servlet/solicitudot?INS,0,0,false, HTTP/1.1" 200 15787
190.171.153.50 - - [28/Sep/2021:11:22:40 -0300] "GET /cormun/servlet/solicitudot?INS,0,0,false, HTTP/1.1" 200 15794
190.171.143.106 - - [28/Sep/2021:11:22:41 -0300] "GET /cormun/servlet/permisosadjuntos?INS,18798678,P,20210928110438,, HTTP/1.1" 200 5992
190.171.143.106 - - [28/Sep/2021:11:22:41 -0300] "GET /cormun/static/permisosadjuntos.js?20201215134285 HTTP/1.1" 200 8724
190.171.143.106 - - [28/Sep/2021:11:22:41 -0300] "GET /cormun/static/gxcfg.js?20201215134212 HTTP/1.1" 200 953
190.171.143.106 - - [28/Sep/2021:11:22:41 -0300] "GET /cormun/servlet/permisosadjuntos?INS,18798678,P,20210928110438,, HTTP/1.1" 200 5982
190.171.143.106 - - [28/Sep/2021:11:22:41 -0300] "GET /cormun/static/about:blank HTTP/1.1" 404 1011
190.171.143.106 - - [28/Sep/2021:11:22:51 -0300] "POST /cormun/servlet/permisosadjuntos?f27b5c59360f28fd7b2a4e87dfa5d692,INS,18798678,P,20210928110438,, HTTP/1.1" 200 116
190.171.143.106 - - [28/Sep/2021:11:22:51 -0300] "GET /cormun/servlet/hpexe_return? HTTP/1.1" 200 1041
190.171.143.106 - - [28/Sep/2021:11:22:51 -0300] "GET /cormun/servlet/trpermisosadjuntos?18798678,20210928110438,P, HTTP/1.1" 200 7194
190.171.143.106 - - [28/Sep/2021:11:22:51 -0300] "GET /cormun/servlet/trpermisosadjuntos?18798678,20210928110438,P, HTTP/1.1" 200 7190
190.171.143.106 - - [28/Sep/2021:11:22:54 -0300] "POST /cormun/servlet/trpermisosadjuntos?f27b5c59360f28fd7b2a4e87dfa5d692,18798678,20210928110438,P,,gx-no-cache=1632838279381 HTTP/1.1" 200 90
190.171.143.106 - - [28/Sep/2021:11:22:54 -0300] "GET /cormun/servlet/hpexe_link HTTP/1.1" 200 987
190.171.143.106 - - [28/Sep/2021:11:22:54 -0300] "GET /cormun/servlet/trpermisosgoce HTTP/1.1" 200 8508
190.171.143.106 - - [28/Sep/2021:11:22:54 -0300] "GET /cormun/servlet/trpermisosgoce HTTP/1.1" 200 8507
190.171.141.90 - - [28/Sep/2021:11:22:56 -0300] "POST /cormun/servlet/solicitudot?gx-no-cache=1632838280834 HTTP/1.1" 200 1441
190.171.141.90 - - [28/Sep/2021:11:23:00 -0300] "GET /cormun/static/menuarrow.gif HTTP/1.1" 404 1015
190.171.153.50 - - [28/Sep/2021:11:23:00 -0300] "POST /cormun/servlet/solicitudot?gx-no-cache=1632838317906 HTTP/1.1" 200 3721
190.171.153.50 - - [28/Sep/2021:11:23:00 -0300] "POST /cormun/servlet/solicitudot?69d641f8e250874e73745bafc350f011,INS,0,0,false,,gx-no-cache=1632838318085 HTTP/1.1" 200 12506
190.171.143.106 - - [28/Sep/2021:11:23:01 -0300] "POST /cormun/servlet/trpermisosgoce?f27b5c59360f28fd7b2a4e87dfa5d692,gx-no-cache=1632838286302 HTTP/1.1" 200 5683
190.171.143.106 - - [28/Sep/2021:11:23:01 -0300] "GET /cormun/static/Shared/jqueryui/images/ui-icons_8d78a5_256x240.png HTTP/1.1" 404 1089
190.171.143.106 - - [28/Sep/2021:11:23:01 -0300] "GET /cormun/static/Shared/jqueryui/images/ui-bg_flat_55_fafafa_40x100.png HTTP/1.1" 404 1097
190.171.153.50 - - [28/Sep/2021:11:23:03 -0300] "GET /cormun/servlet/solicitudot?9b95ae2c4a5ffc664b9381719a0e208029c4a3f43214183fb46833c9c1f08a3cf54a71bfd1dc8f66589ecd8e8b1b56ea,gx-no-cache=1632838320815 HTTP/1.1" 200 30
190.171.143.106 - - [28/Sep/2021:11:23:05 -0300] "POST /cormun/servlet/trpermisosgoce?f27b5c59360f28fd7b2a4e87dfa5d692,gx-no-cache=1632838290717 HTTP/1.1" 200 5658
190.171.143.106 - - [28/Sep/2021:11:23:10 -0300] "GET /cormun/servlet/trautorizarpermisogoce? HTTP/1.1" 200 8046
190.171.143.106 - - [28/Sep/2021:11:23:11 -0300] "GET /cormun/static/gxcfg.js?2020121645532 HTTP/1.1" 200 953
190.171.143.106 - - [28/Sep/2021:11:23:11 -0300] "GET /cormun/static/trautorizarpermisogoce.js?2020121651492 HTTP/1.1" 200 34948
190.171.143.106 - - [28/Sep/2021:11:23:11 -0300] "GET /cormun/servlet/trautorizarpermisogoce? HTTP/1.1" 200 8046
190.171.143.106 - - [28/Sep/2021:11:23:16 -0300] "POST /cormun/servlet/trautorizarpermisogoce?f27b5c59360f28fd7b2a4e87dfa5d692,,gx-no-cache=1632838301721 HTTP/1.1" 200 4550
192.168.10.78 - - [28/Sep/2021:11:23:38 -0300] "GET /cormun/servlet/hlogin HTTP/1.1" 200 1723
190.171.153.50 - - [28/Sep/2021:11:23:50 -0300] "GET /cormun/servlet/prbanco?,MD,,gxPopupLevel%3D0%3B HTTP/1.1" 200 6490
190.171.142.50 - - [28/Sep/2021:11:23:52 -0300] "GET /cormun/servlet/trpermisosadjuntos?10474958,20210927114321,P, HTTP/1.1" 200 6271
190.171.142.50 - - [28/Sep/2021:11:23:53 -0300] "GET /cormun/servlet/trpermisosadjuntos?10474958,20210927114321,P, HTTP/1.1" 200 6271
190.171.153.50 - - [28/Sep/2021:11:23:54 -0300] "GET /cormun/servlet/solicitudot?9b95ae2c4a5ffc664b9381719a0e208018f1c717304ac8342159dd9fdc48673b0937da19cf8b1c8809e24feaab01719e89764f2ae4243251057c3c3242f48b89,gx-no-cache=1632838371408 HTTP/1.1" 200 30
190.171.142.50 - - [28/Sep/2021:11:23:54 -0300] "GET /cormun/servlet/permisosadjuntos?INS,10474958,P,20210927114321,, HTTP/1.1" 200 5592
190.171.142.50 - - [28/Sep/2021:11:23:54 -0300] "GET /cormun/static/about:blank HTTP/1.1" 404 1011
190.171.142.50 - - [28/Sep/2021:11:23:54 -0300] "GET /cormun/servlet/permisosadjuntos?INS,10474958,P,20210927114321,, HTTP/1.1" 200 5582
190.171.153.50 - - [28/Sep/2021:11:23:55 -0300] "GET /cormun/servlet/solicitudot?9b95ae2c4a5ffc664b9381719a0e20806ef02ce03099d01ea5c70bc9b5f0eb97,gx-no-cache=1632838373158 HTTP/1.1" 200 53
190.171.143.106 - - [28/Sep/2021:11:24:00 -0300] "GET /cormun/servlet/trpermisosgoce? HTTP/1.1" 200 8476
190.171.143.106 - - [28/Sep/2021:11:24:00 -0300] "GET /cormun/servlet/trpermisosgoce? HTTP/1.1" 200 8475
190.171.143.106 - - [28/Sep/2021:11:24:02 -0300] "GET /cormun/servlet/permisogoce?INS,0,,, HTTP/1.1" 200 7238
190.171.143.106 - - [28/Sep/2021:11:24:03 -0300] "GET /cormun/servlet/permisogoce?INS,0,,, HTTP/1.1" 200 7238
190.171.142.50 - - [28/Sep/2021:11:24:06 -0300] "POST /cormun/servlet/permisosadjuntos?25289af4886711532450eff1efac8222,INS,10474958,P,20210927114321,, HTTP/1.1" 200 116
190.171.142.50 - - [28/Sep/2021:11:24:06 -0300] "GET /cormun/servlet/hpexe_return? HTTP/1.1" 200 1039
190.171.142.50 - - [28/Sep/2021:11:24:06 -0300] "GET /cormun/servlet/trpermisosadjuntos?10474958,20210927114321,P, HTTP/1.1" 200 6752
190.171.142.50 - - [28/Sep/2021:11:24:06 -0300] "GET /cormun/servlet/trpermisosadjuntos?10474958,20210927114321,P, HTTP/1.1" 200 6748
190.171.142.50 - - [28/Sep/2021:11:24:09 -0300] "POST /cormun/servlet/trpermisosadjuntos?25289af4886711532450eff1efac8222,10474958,20210927114321,P,,gx-no-cache=1632841951752 HTTP/1.1" 200 90
190.171.142.50 - - [28/Sep/2021:11:24:09 -0300] "GET /cormun/servlet/hpexe_link HTTP/1.1" 200 983
190.171.142.50 - - [28/Sep/2021:11:24:09 -0300] "GET /cormun/servlet/trpermisosgoce HTTP/1.1" 200 10483
190.171.142.50 - - [28/Sep/2021:11:24:10 -0300] "GET /cormun/servlet/trpermisosgoce HTTP/1.1" 200 10484
190.171.141.90 - - [28/Sep/2021:11:24:11 -0300] "POST /cormun/servlet/solicitudot?496eafce971a727e178dbc7620f5b50e,INS,0,0,false,,gx-no-cache=1632838355448 HTTP/1.1" 200 93
190.171.141.90 - - [28/Sep/2021:11:24:11 -0300] "GET /cormun/servlet/hpexe_return? HTTP/1.1" 200 1013
190.171.141.90 - - [28/Sep/2021:11:24:11 -0300] "GET /cormun/servlet/trsolicitudot HTTP/1.1" 200 7210
190.171.141.90 - - [28/Sep/2021:11:24:11 -0300] "GET /cormun/servlet/trsolicitudot HTTP/1.1" 200 7206
190.171.153.50 - - [28/Sep/2021:11:24:12 -0300] "POST /cormun/servlet/solicitudot?gx-no-cache=1632838389664 HTTP/1.1" 200 297
190.171.153.50 - - [28/Sep/2021:11:24:12 -0300] "GET /cormun/servlet/solicitudot?9b95ae2c4a5ffc664b9381719a0e2080700843b0591fc53294bae89b48528076b2ed94a61cdace55d6025e989c48aea00a901d23c3d79287f91bc7c75697376bcaa11cab098d8dfde08f09acd177e8925f8dd0fd3f2529e2ef16caf848f3bf4a50e517dd3f72e696d9673c5df97c5f1ed35f5a9f1f3bab2ff907d3d09e596302fa29fc8684f15fe5ff77350bb6bfda397c691e21f21bed794c7f0791f6a79a80b46f3ac7f708db958cb74d2edf31c75d289424f7d5bc7d4da694fae1d0940b5bc298abd473f389a8c11381808af0197bdefb55c0a057a43d52b4e5af7580374b94b06ce44c6b5c1754338a066fda7ea3552ddbcdfe70e5165e87fa34ef5545526c899409bee96c517646d5a5ce9e0c1632c01503ee44cef205716be7592c41d419ae5cfb90bd001aeee2c40dc72bcc3d214fbd438c91e28dbcb076c1a7aeb2748647dcd806dc0066187202dc6f8a3755f1d045fcc49e79676d24c49a1e095195e0f9fbf72dbf084ac6c6dadd0823670911415906e19cd208b2c53f769b11af9758109b5e7647a467bc406bdb28914b73,gx-no-cache=1632838389722 HTTP/1.1" 200 30
190.171.143.106 - - [28/Sep/2021:11:24:13 -0300] "POST /cormun/servlet/permisogoce?f27b5c59360f28fd7b2a4e87dfa5d692,INS,0,,,,gx-no-cache=1632838358056 HTTP/1.1" 200 4783
190.171.142.50 - - [28/Sep/2021:11:24:14 -0300] "POST /cormun/servlet/trpermisosgoce?25289af4886711532450eff1efac8222,gx-no-cache=1632841956128 HTTP/1.1" 200 7854
190.171.142.50 - - [28/Sep/2021:11:24:14 -0300] "GET /cormun/static/Shared/jqueryui/images/ui-bg_highlight-soft_100_c6c2c8_1x100.png HTTP/1.1" 404 1117
190.171.142.50 - - [28/Sep/2021:11:24:14 -0300] "GET /cormun/static/Shared/jqueryui/images/ui-icons_82798d_256x240.png HTTP/1.1" 404 1089
190.171.142.50 - - [28/Sep/2021:11:24:14 -0300] "GET /cormun/static/Shared/jqueryui/images/ui-bg_flat_55_fafafa_40x100.png HTTP/1.1" 404 1097
190.171.142.50 - - [28/Sep/2021:11:24:14 -0300] "GET /cormun/static/Shared/jqueryui/images/ui-icons_8d78a5_256x240.png HTTP/1.1" 404 1089
190.171.153.50 - - [28/Sep/2021:11:24:14 -0300] "POST /cormun/servlet/solicitudot?gx-no-cache=1632838391794 HTTP/1.1" 200 30
190.171.143.106 - - [28/Sep/2021:11:24:15 -0300] "GET /cormun/servlet/permisogoce?c3a89c74a84ab02c50458c52c4a92ecb297ebafd8b4279ea384f27050c1d7acafd13359e305b936e5ff824f68269a5abd792f1e251fd7874ab7c9d08fa04667071c4740f10c7f97ca9a5eea28a5befdb608a22b2cbbb22c4062a1c1f10a0013e1f93ba8e533b890f83a66299c88c414f71c4740f10c7f97ca9a5eea28a5befdb608a22b2cbbb22c4062a1c1f10a0013ed792f1e251fd7874ab7c9d08fa0466707fc078cb5ac7246b96bb31b09ce07e760762da762a86d31588436ed936fab0cf35bfe89650541efa9d4dee01ca457be6c389a1cd33ae8646ce9fd196929fadb5,gx-no-cache=1632838359986 HTTP/1.1" 200 82
190.171.153.50 - - [28/Sep/2021:11:24:19 -0300] "POST /cormun/servlet/solicitudot?gx-no-cache=1632838396430 HTTP/1.1" 200 1438
190.171.153.50 - - [28/Sep/2021:11:24:19 -0300] "POST /cormun/servlet/solicitudot?gx-no-cache=1632838396494 HTTP/1.1" 200 38
190.171.143.106 - - [28/Sep/2021:11:24:19 -0300] "GET /cormun/static/menuarrow.gif HTTP/1.1" 404 1015
190.171.142.50 - - [28/Sep/2021:11:24:24 -0300] "GET /cormun/servlet/hlogin HTTP/1.1" 200 1744
190.171.143.106 - - [28/Sep/2021:11:24:25 -0300] "GET /cormun/servlet/permisogoce?c3a89c74a84ab02c50458c52c4a92ecbc8f6146c6638200df40d63308fb469dbe868e5e64d4290a55edf17911c2140d489f9d74a77c1bed1bed1038e4c2d2355,gx-no-cache=1632838370193 HTTP/1.1" 200 46
190.171.153.50 - - [28/Sep/2021:11:24:26 -0300] "GET /cormun/servlet/solicitudot?9b95ae2c4a5ffc664b9381719a0e208097bb08ccdd9d3eb89cef86f083c6596a9147865079037a48f7ad1e57f992011f125f4dbc09d8bf65319500edd957db2e866fc87f821898f5f82000a7911cd2182a5eb8173fe2d4bbe74a8c67091af69e2de47b0b14b4fde1f6a2b51324f093ae,gx-no-cache=1632838404088 HTTP/1.1" 200 110
190.171.153.50 - - [28/Sep/2021:11:24:31 -0300] "POST /cormun/servlet/solicitudot?gx-no-cache=1632838408707 HTTP/1.1" 200 64
190.171.142.50 - - [28/Sep/2021:11:24:34 -0300] "POST /cormun/servlet/hlogin?25289af4886711532450eff1efac8222,gx-no-cache=1632841976312 HTTP/1.1" 200 90
190.171.142.50 - - [28/Sep/2021:11:24:34 -0300] "GET /cormun/servlet/hpexe_link HTTP/1.1" 200 952
190.171.142.50 - - [28/Sep/2021:11:24:34 -0300] "GET /cormun/servlet/hhome HTTP/1.1" 200 4212
190.171.142.50 - - [28/Sep/2021:11:24:34 -0300] "GET /cormun/static/SmoothNavMenu/resources/images/right.gif HTTP/1.1" 200 860
190.171.142.50 - - [28/Sep/2021:11:24:34 -0300] "GET /cormun/servlet/hhome HTTP/1.1" 200 4209
190.171.142.50 - - [28/Sep/2021:11:24:37 -0300] "GET /cormun/servlet/trautorizarpermisogoce? HTTP/1.1" 200 7899
190.171.142.50 - - [28/Sep/2021:11:24:37 -0300] "GET /cormun/static/gxcfg.js?2020121645532 HTTP/1.1" 200 953
190.171.142.50 - - [28/Sep/2021:11:24:37 -0300] "GET /cormun/static/trautorizarpermisogoce.js?2020121651492 HTTP/1.1" 200 34948
190.171.142.50 - - [28/Sep/2021:11:24:37 -0300] "GET /cormun/servlet/trautorizarpermisogoce? HTTP/1.1" 200 7897
190.171.153.50 - - [28/Sep/2021:11:24:38 -0300] "GET /cormun/servlet/solicitudot?9b95ae2c4a5ffc664b9381719a0e20809363c464c767def11ba792ea90f3eca174a4447b8ee97eb2aa59d332f79633094242182eab781b46507d1be834e361d150a36ddcd9ba249a7130cf45e535d8c05b5f002e8040e5835322b50399d3d452fcccc856b730c0cd03764fc0d3e7da94,gx-no-cache=1632838415696 HTTP/1.1" 200 29
190.171.153.50 - - [28/Sep/2021:11:24:38 -0300] "GET /cormun/static/menuarrow.gif HTTP/1.1" 404 1015
190.171.142.50 - - [28/Sep/2021:11:24:40 -0300] "POST /cormun/servlet/trautorizarpermisogoce?25289af4886711532450eff1efac8222,,gx-no-cache=1632841982521 HTTP/1.1" 200 4534
190.171.142.50 - - [28/Sep/2021:11:24:40 -0300] "GET /cormun/static/Shared/jqueryui/images/ui-icons_82798d_256x240.png HTTP/1.1" 404 1089
190.171.142.50 - - [28/Sep/2021:11:24:40 -0300] "GET /cormun/static/Shared/jqueryui/images/ui-bg_highlight-soft_100_c6c2c8_1x100.png HTTP/1.1" 404 1117
190.171.142.50 - - [28/Sep/2021:11:24:40 -0300] "GET /cormun/static/Shared/jqueryui/images/ui-bg_flat_55_fafafa_40x100.png HTTP/1.1" 404 1097
190.171.142.50 - - [28/Sep/2021:11:24:40 -0300] "GET /cormun/static/Shared/jqueryui/images/ui-icons_8d78a5_256x240.png HTTP/1.1" 404 1089
190.171.153.50 - - [28/Sep/2021:11:24:42 -0300] "GET /cormun/servlet/solicitudot?9b95ae2c4a5ffc664b9381719a0e20802f87183651778c1c50d5b52890d22b3e816f5859cb030a20c79426570199836a,gx-no-cache=1632838420199 HTTP/1.1" 200 30
190.171.143.106 - - [28/Sep/2021:11:24:43 -0300] "POST /cormun/servlet/permisogoce?f27b5c59360f28fd7b2a4e87dfa5d692,INS,0,,,,gx-no-cache=1632838388165 HTTP/1.1" 200 93
190.171.143.106 - - [28/Sep/2021:11:24:43 -0300] "GET /cormun/servlet/hpexe_return? HTTP/1.1" 200 1012
190.171.143.106 - - [28/Sep/2021:11:24:44 -0300] "GET /cormun/servlet/trpermisosgoce HTTP/1.1" 200 8743
190.171.143.106 - - [28/Sep/2021:11:24:44 -0300] "GET /cormun/servlet/trpermisosgoce HTTP/1.1" 200 8739
190.171.143.106 - - [28/Sep/2021:11:24:48 -0300] "GET /cormun/servlet/apermisogoceprn?11891600,P,20210928111009,PU HTTP/1.1" 200 1678
190.171.153.50 - - [28/Sep/2021:11:24:49 -0300] "POST /cormun/servlet/solicitudot?gx-no-cache=1632838426272 HTTP/1.1" 200 30
190.171.153.50 - - [28/Sep/2021:11:24:56 -0300] "POST /cormun/servlet/solicitudot?69d641f8e250874e73745bafc350f011,INS,0,0,false,,gx-no-cache=1632838433492 HTTP/1.1" 200 93
190.171.153.50 - - [28/Sep/2021:11:24:56 -0300] "GET /cormun/servlet/hpexe_return? HTTP/1.1" 200 1010
190.171.153.50 - - [28/Sep/2021:11:24:56 -0300] "GET /cormun/servlet/trsolicitudot HTTP/1.1" 200 8841
190.171.153.50 - - [28/Sep/2021:11:24:57 -0300] "GET /cormun//static/Resources/PXToolsActionView.png HTTP/1.1" 200 398
190.171.153.50 - - [28/Sep/2021:11:24:57 -0300] "GET /cormun//static/Resources/PXToolsRemoveAllAction.png HTTP/1.1" 200 487
190.171.153.50 - - [28/Sep/2021:11:24:57 -0300] "GET /cormun/servlet/trsolicitudot HTTP/1.1" 200 8838
186.103.159.189 - - [28/Sep/2021:11:25:03 -0300] "GET /cormun/servlet/trlicencias? HTTP/1.1" 200 6038
186.103.159.189 - - [28/Sep/2021:11:25:08 -0300] "GET /cormun/servlet/hlogin HTTP/1.1" 200 1740
186.103.159.189 - - [28/Sep/2021:11:25:08 -0300] "GET /cormun/servlet/trlicencias? HTTP/1.1" 200 6038
190.171.153.50 - - [28/Sep/2021:11:25:08 -0300] "POST /cormun/servlet/trsolicitudot?69d641f8e250874e73745bafc350f011,gx-no-cache=1632838445986 HTTP/1.1" 200 107
186.103.159.189 - - [28/Sep/2021:11:25:08 -0300] "GET /cormun/static/Resources/indicator.gif HTTP/1.1" 200 1553
190.171.153.50 - - [28/Sep/2021:11:25:08 -0300] "GET /cormun/servlet/trsolicitudadjuntos?2021,17560, HTTP/1.1" 200 6310
190.171.153.50 - - [28/Sep/2021:11:25:08 -0300] "GET /cormun/static/gxcfg.js?20201215574222 HTTP/1.1" 200 953
190.171.153.50 - - [28/Sep/2021:11:25:09 -0300] "GET /cormun/static/Resources/PXToolsGridNew.png HTTP/1.1" 200 427
190.171.153.50 - - [28/Sep/2021:11:25:09 -0300] "GET /cormun/static/trsolicitudadjuntos.js?20201215574932 HTTP/1.1" 200 17922
190.171.153.50 - - [28/Sep/2021:11:25:09 -0300] "GET /cormun/servlet/trsolicitudadjuntos?2021,17560, HTTP/1.1" 200 6309
186.103.159.189 - - [28/Sep/2021:11:25:19 -0300] "POST /cormun/servlet/hlogin?9bc9979007c5a6d26554278b4a96d608,gx-no-cache=1632838423642 HTTP/1.1" 200 90
186.103.159.189 - - [28/Sep/2021:11:25:19 -0300] "GET /cormun/servlet/hpexe_link HTTP/1.1" 200 955
186.103.159.189 - - [28/Sep/2021:11:25:20 -0300] "GET /cormun/servlet/trlicencias HTTP/1.1" 200 10383
190.171.141.90 - - [28/Sep/2021:11:25:22 -0300] "GET /cormun/servlet/hlogin HTTP/1.1" 200 1729
186.103.159.189 - - [28/Sep/2021:11:25:24 -0300] "GET /cormun/servlet/trlicencias HTTP/1.1" 200 10381
186.103.159.189 - - [28/Sep/2021:11:25:30 -0300] "GET /cormun/servlet/trlicencias? HTTP/1.1" 200 10381
186.103.159.189 - - [28/Sep/2021:11:25:32 -0300] "GET /cormun/servlet/trlicencias? HTTP/1.1" 200 10381
190.171.153.50 - - [28/Sep/2021:11:25:36 -0300] "GET /cormun/servlet/solicitudotadjuntos?INS,2021,17560,,1, HTTP/1.1" 200 6258
190.171.153.50 - - [28/Sep/2021:11:25:36 -0300] "GET /cormun/static/gxcfg.js?202012157947 HTTP/1.1" 200 953
190.171.153.50 - - [28/Sep/2021:11:25:36 -0300] "GET /cormun/static/solicitudotadjuntos.js?202012157966 HTTP/1.1" 200 11771
190.171.153.50 - - [28/Sep/2021:11:25:36 -0300] "GET /cormun/static/about:blank HTTP/1.1" 404 1011
190.171.153.50 - - [28/Sep/2021:11:25:36 -0300] "GET /cormun/servlet/solicitudotadjuntos?INS,2021,17560,,1, HTTP/1.1" 200 6251
190.171.153.50 - - [28/Sep/2021:11:25:37 -0300] "GET /cormun/servlet/solicitudotadjuntos?9b95ae2c4a5ffc664b9381719a0e2080336cabac9bf9ebdf759fa96ff4e19a3af271cea4e718ba98cb649776f5bb8604,gx-no-cache=1632838474645 HTTP/1.1" 200 30
190.171.153.50 - - [28/Sep/2021:11:25:37 -0300] "POST /cormun/servlet/solicitudotadjuntos?69d641f8e250874e73745bafc350f011,INS,2021,17560,,1,,gx-no-cache=1632838474686 HTTP/1.1" 200 4157
186.103.159.189 - - [28/Sep/2021:11:25:43 -0300] "POST /cormun/servlet/trlicencias?9bc9979007c5a6d26554278b4a96d608,,gx-no-cache=1632838448470 HTTP/1.1" 200 7773
190.171.153.50 - - [28/Sep/2021:11:26:09 -0300] "POST /cormun/servlet/solicitudotadjuntos?gx-no-cache=1632838507095 HTTP/1.1" 200 26
190.171.153.50 - - [28/Sep/2021:11:26:31 -0300] "GET /cormun/servlet/solicitudotadjuntos?9b95ae2c4a5ffc664b9381719a0e2080b7966ce5878b1538db64aa0415a2a7eb,gx-no-cache=1632838528992 HTTP/1.1" 200 30
190.171.153.50 - - [28/Sep/2021:11:26:31 -0300] "GET /cormun/servlet/solicitudotadjuntos?9b95ae2c4a5ffc664b9381719a0e2080b7966ce5878b1538db64aa0415a2a7eb,gx-no-cache=1632838529013 HTTP/1.1" 200 30
190.171.153.50 - - [28/Sep/2021:11:26:31 -0300] "POST /cormun/servlet/solicitudotadjuntos?69d641f8e250874e73745bafc350f011,INS,2021,17560,,1, HTTP/1.1" 200 116
190.171.153.50 - - [28/Sep/2021:11:26:31 -0300] "GET /cormun/servlet/hpexe_return? HTTP/1.1" 200 1028
190.171.153.50 - - [28/Sep/2021:11:26:32 -0300] "GET /cormun/servlet/trsolicitudadjuntos?2021,17560, HTTP/1.1" 200 9074
190.171.153.50 - - [28/Sep/2021:11:26:32 -0300] "GET /cormun/servlet/trsolicitudadjuntos?2021,17560, HTTP/1.1" 200 9072
190.171.153.50 - - [28/Sep/2021:11:26:36 -0300] "GET /cormun/servlet/solicitudotadjuntos?INS,2021,17560,,1, HTTP/1.1" 200 6258
190.171.153.50 - - [28/Sep/2021:11:26:36 -0300] "GET /cormun/static/about:blank HTTP/1.1" 404 1011
190.171.153.50 - - [28/Sep/2021:11:26:36 -0300] "GET /cormun/servlet/solicitudotadjuntos?INS,2021,17560,,1, HTTP/1.1" 200 6251
190.171.153.50 - - [28/Sep/2021:11:26:37 -0300] "GET /cormun/servlet/solicitudotadjuntos?9b95ae2c4a5ffc664b9381719a0e2080336cabac9bf9ebdf759fa96ff4e19a3af271cea4e718ba98cb649776f5bb8604,gx-no-cache=1632838534705 HTTP/1.1" 200 30
190.171.153.50 - - [28/Sep/2021:11:26:37 -0300] "POST /cormun/servlet/solicitudotadjuntos?69d641f8e250874e73745bafc350f011,INS,2021,17560,,1,,gx-no-cache=1632838534831 HTTP/1.1" 200 4157
190.171.153.50 - - [28/Sep/2021:11:26:42 -0300] "POST /cormun/servlet/solicitudotadjuntos?gx-no-cache=1632838539362 HTTP/1.1" 200 26
190.171.153.50 - - [28/Sep/2021:11:26:50 -0300] "GET /cormun/servlet/solicitudotadjuntos?9b95ae2c4a5ffc664b9381719a0e2080b7966ce5878b1538db64aa0415a2a7eb,gx-no-cache=1632838548064 HTTP/1.1" 200 30
190.171.153.50 - - [28/Sep/2021:11:26:50 -0300] "GET /cormun/servlet/solicitudotadjuntos?9b95ae2c4a5ffc664b9381719a0e2080b7966ce5878b1538db64aa0415a2a7eb,gx-no-cache=1632838548100 HTTP/1.1" 200 30
190.171.153.50 - - [28/Sep/2021:11:26:51 -0300] "POST /cormun/servlet/solicitudotadjuntos?69d641f8e250874e73745bafc350f011,INS,2021,17560,,1, HTTP/1.1" 200 116
190.171.153.50 - - [28/Sep/2021:11:26:51 -0300] "GET /cormun/servlet/hpexe_return? HTTP/1.1" 200 1028
190.171.153.50 - - [28/Sep/2021:11:26:51 -0300] "GET /cormun/servlet/trsolicitudadjuntos?2021,17560, HTTP/1.1" 200 9303
190.171.153.50 - - [28/Sep/2021:11:26:51 -0300] "GET /cormun/servlet/trsolicitudadjuntos?2021,17560, HTTP/1.1" 200 9301
190.171.153.50 - - [28/Sep/2021:11:26:54 -0300] "GET /cormun/servlet/solicitudotadjuntos?INS,2021,17560,,1, HTTP/1.1" 200 6258
190.171.153.50 - - [28/Sep/2021:11:26:55 -0300] "GET /cormun/static/about:blank HTTP/1.1" 404 1011
190.171.153.50 - - [28/Sep/2021:11:26:55 -0300] "GET /cormun/servlet/solicitudotadjuntos?INS,2021,17560,,1, HTTP/1.1" 200 6251
190.171.153.50 - - [28/Sep/2021:11:26:55 -0300] "GET /cormun/servlet/solicitudotadjuntos?9b95ae2c4a5ffc664b9381719a0e2080336cabac9bf9ebdf759fa96ff4e19a3af271cea4e718ba98cb649776f5bb8604,gx-no-cache=1632838552959 HTTP/1.1" 200 30
190.171.153.50 - - [28/Sep/2021:11:26:55 -0300] "POST /cormun/servlet/solicitudotadjuntos?69d641f8e250874e73745bafc350f011,INS,2021,17560,,1,,gx-no-cache=1632838552995 HTTP/1.1" 200 4157
190.171.153.50 - - [28/Sep/2021:11:27:00 -0300] "POST /cormun/servlet/solicitudotadjuntos?gx-no-cache=1632838557586 HTTP/1.1" 200 26
190.171.143.106 - - [28/Sep/2021:11:28:44 -0300] "GET /cormun/servlet/trpermisosadjuntos?11891600,20210928111009,P, HTTP/1.1" 200 6658
190.171.143.106 - - [28/Sep/2021:11:28:45 -0300] "GET /cormun/servlet/trpermisosadjuntos?11891600,20210928111009,P, HTTP/1.1" 200 6658
190.171.143.106 - - [28/Sep/2021:11:28:46 -0300] "GET /cormun/servlet/permisosadjuntos?INS,11891600,P,20210928111009,, HTTP/1.1" 200 5986
190.171.143.106 - - [28/Sep/2021:11:28:47 -0300] "GET /cormun/static/about:blank HTTP/1.1" 404 1011
190.171.143.106 - - [28/Sep/2021:11:28:47 -0300] "GET /cormun/servlet/permisosadjuntos?INS,11891600,P,20210928111009,, HTTP/1.1" 200 5977
190.171.143.106 - - [28/Sep/2021:11:28:54 -0300] "POST /cormun/servlet/permisosadjuntos?f27b5c59360f28fd7b2a4e87dfa5d692,INS,11891600,P,20210928111009,, HTTP/1.1" 200 116
190.171.143.106 - - [28/Sep/2021:11:28:54 -0300] "GET /cormun/servlet/hpexe_return? HTTP/1.1" 200 1040
190.171.143.106 - - [28/Sep/2021:11:28:55 -0300] "GET /cormun/servlet/trpermisosadjuntos?11891600,20210928111009,P, HTTP/1.1" 200 7180
190.171.143.106 - - [28/Sep/2021:11:28:55 -0300] "GET /cormun/servlet/trpermisosadjuntos?11891600,20210928111009,P, HTTP/1.1" 200 7175
190.171.143.106 - - [28/Sep/2021:11:28:58 -0300] "POST /cormun/servlet/trpermisosadjuntos?f27b5c59360f28fd7b2a4e87dfa5d692,11891600,20210928111009,P,,gx-no-cache=1632838643101 HTTP/1.1" 200 90
190.171.143.106 - - [28/Sep/2021:11:28:58 -0300] "GET /cormun/servlet/hpexe_link HTTP/1.1" 200 985
190.171.143.106 - - [28/Sep/2021:11:28:58 -0300] "GET /cormun/servlet/trpermisosgoce HTTP/1.1" 200 8741
190.171.143.106 - - [28/Sep/2021:11:28:58 -0300] "GET /cormun/servlet/trpermisosgoce HTTP/1.1" 200 8739
190.171.143.106 - - [28/Sep/2021:11:29:03 -0300] "POST /cormun/servlet/trpermisosgoce?f27b5c59360f28fd7b2a4e87dfa5d692,gx-no-cache=1632838648327 HTTP/1.1" 200 5912
190.171.153.50 - - [28/Sep/2021:11:29:10 -0300] "GET /cormun/servlet/solicitudotadjuntos?9b95ae2c4a5ffc664b9381719a0e2080b7966ce5878b1538db64aa0415a2a7eb,gx-no-cache=1632838687346 HTTP/1.1" 200 30
190.171.153.50 - - [28/Sep/2021:11:29:10 -0300] "GET /cormun/servlet/solicitudotadjuntos?9b95ae2c4a5ffc664b9381719a0e2080b7966ce5878b1538db64aa0415a2a7eb,gx-no-cache=1632838687366 HTTP/1.1" 200 30
190.171.143.106 - - [28/Sep/2021:11:29:10 -0300] "GET /cormun/servlet/trautorizarpermisogoce? HTTP/1.1" 200 8049
190.171.153.50 - - [28/Sep/2021:11:29:10 -0300] "POST /cormun/servlet/solicitudotadjuntos?69d641f8e250874e73745bafc350f011,INS,2021,17560,,1, HTTP/1.1" 200 116
190.171.153.50 - - [28/Sep/2021:11:29:10 -0300] "GET /cormun/servlet/hpexe_return? HTTP/1.1" 200 1028
190.171.143.106 - - [28/Sep/2021:11:29:10 -0300] "GET /cormun/servlet/trautorizarpermisogoce? HTTP/1.1" 200 8048
190.171.153.50 - - [28/Sep/2021:11:29:10 -0300] "GET /cormun/servlet/trsolicitudadjuntos?2021,17560, HTTP/1.1" 200 9560
190.171.153.50 - - [28/Sep/2021:11:29:11 -0300] "GET /cormun/servlet/trsolicitudadjuntos?2021,17560, HTTP/1.1" 200 9560
190.171.153.50 - - [28/Sep/2021:11:29:14 -0300] "GET /cormun/servlet/solicitudotadjuntos?INS,2021,17560,,1, HTTP/1.1" 200 6257
190.171.153.50 - - [28/Sep/2021:11:29:14 -0300] "GET /cormun/static/about:blank HTTP/1.1" 404 1011
190.171.153.50 - - [28/Sep/2021:11:29:14 -0300] "GET /cormun/servlet/solicitudotadjuntos?INS,2021,17560,,1, HTTP/1.1" 200 6250
190.171.153.50 - - [28/Sep/2021:11:29:14 -0300] "GET /cormun/servlet/solicitudotadjuntos?9b95ae2c4a5ffc664b9381719a0e2080336cabac9bf9ebdf759fa96ff4e19a3af271cea4e718ba98cb649776f5bb8604,gx-no-cache=1632838692288 HTTP/1.1" 200 30
190.171.143.106 - - [28/Sep/2021:11:29:15 -0300] "POST /cormun/servlet/trautorizarpermisogoce?f27b5c59360f28fd7b2a4e87dfa5d692,,gx-no-cache=1632838659804 HTTP/1.1" 200 4552
190.171.153.50 - - [28/Sep/2021:11:29:15 -0300] "POST /cormun/servlet/solicitudotadjuntos?69d641f8e250874e73745bafc350f011,INS,2021,17560,,1,,gx-no-cache=1632838692341 HTTP/1.1" 200 4157
190.171.153.50 - - [28/Sep/2021:11:29:20 -0300] "POST /cormun/servlet/solicitudotadjuntos?gx-no-cache=1632838697778 HTTP/1.1" 200 26
190.171.153.50 - - [28/Sep/2021:11:29:43 -0300] "GET /cormun/servlet/solicitudotadjuntos?9b95ae2c4a5ffc664b9381719a0e2080b7966ce5878b1538db64aa0415a2a7eb,gx-no-cache=1632838720288 HTTP/1.1" 200 30
190.171.153.50 - - [28/Sep/2021:11:29:43 -0300] "GET /cormun/servlet/solicitudotadjuntos?9b95ae2c4a5ffc664b9381719a0e2080b7966ce5878b1538db64aa0415a2a7eb,gx-no-cache=1632838720360 HTTP/1.1" 200 30
190.171.153.50 - - [28/Sep/2021:11:29:43 -0300] "POST /cormun/servlet/solicitudotadjuntos?69d641f8e250874e73745bafc350f011,INS,2021,17560,,1, HTTP/1.1" 200 116
190.171.153.50 - - [28/Sep/2021:11:29:43 -0300] "GET /cormun/servlet/hpexe_return? HTTP/1.1" 200 1028
190.171.153.50 - - [28/Sep/2021:11:29:43 -0300] "GET /cormun/servlet/trsolicitudadjuntos?2021,17560, HTTP/1.1" 200 9775
190.171.153.50 - - [28/Sep/2021:11:29:44 -0300] "GET /cormun/servlet/trsolicitudadjuntos?2021,17560, HTTP/1.1" 200 9777
190.171.153.50 - - [28/Sep/2021:11:29:48 -0300] "GET /cormun/servlet/solicitudotadjuntos?INS,2021,17560,,1, HTTP/1.1" 200 6257
190.171.153.50 - - [28/Sep/2021:11:29:48 -0300] "GET /cormun/static/about:blank HTTP/1.1" 404 1011
190.171.153.50 - - [28/Sep/2021:11:29:48 -0300] "GET /cormun/servlet/solicitudotadjuntos?INS,2021,17560,,1, HTTP/1.1" 200 6250
190.171.153.50 - - [28/Sep/2021:11:29:49 -0300] "GET /cormun/servlet/solicitudotadjuntos?9b95ae2c4a5ffc664b9381719a0e2080336cabac9bf9ebdf759fa96ff4e19a3af271cea4e718ba98cb649776f5bb8604,gx-no-cache=1632838726594 HTTP/1.1" 200 30
190.171.153.50 - - [28/Sep/2021:11:29:49 -0300] "POST /cormun/servlet/solicitudotadjuntos?69d641f8e250874e73745bafc350f011,INS,2021,17560,,1,,gx-no-cache=1632838726649 HTTP/1.1" 200 4157
190.171.153.50 - - [28/Sep/2021:11:29:55 -0300] "POST /cormun/servlet/solicitudotadjuntos?gx-no-cache=1632838732986 HTTP/1.1" 200 26
190.171.153.50 - - [28/Sep/2021:11:30:05 -0300] "GET /cormun/servlet/solicitudotadjuntos?9b95ae2c4a5ffc664b9381719a0e2080b7966ce5878b1538db64aa0415a2a7eb,gx-no-cache=1632838742448 HTTP/1.1" 200 30
190.171.153.50 - - [28/Sep/2021:11:30:05 -0300] "GET /cormun/servlet/solicitudotadjuntos?9b95ae2c4a5ffc664b9381719a0e2080b7966ce5878b1538db64aa0415a2a7eb,gx-no-cache=1632838742480 HTTP/1.1" 200 30
190.171.153.50 - - [28/Sep/2021:11:30:05 -0300] "POST /cormun/servlet/solicitudotadjuntos?69d641f8e250874e73745bafc350f011,INS,2021,17560,,1, HTTP/1.1" 200 116
190.171.153.50 - - [28/Sep/2021:11:30:05 -0300] "GET /cormun/servlet/hpexe_return? HTTP/1.1" 200 1028
190.171.153.50 - - [28/Sep/2021:11:30:05 -0300] "GET /cormun/servlet/trsolicitudadjuntos?2021,17560, HTTP/1.1" 200 10092
190.171.153.50 - - [28/Sep/2021:11:30:06 -0300] "GET /cormun/servlet/trsolicitudadjuntos?2021,17560, HTTP/1.1" 200 10088
190.171.153.50 - - [28/Sep/2021:11:30:10 -0300] "GET /cormun/servlet/solicitudotadjuntos?INS,2021,17560,,1, HTTP/1.1" 200 6258
190.171.153.50 - - [28/Sep/2021:11:30:10 -0300] "GET /cormun/static/about:blank HTTP/1.1" 404 1011
190.171.153.50 - - [28/Sep/2021:11:30:10 -0300] "GET /cormun/servlet/solicitudotadjuntos?INS,2021,17560,,1, HTTP/1.1" 200 6251
190.171.153.50 - - [28/Sep/2021:11:30:11 -0300] "GET /cormun/servlet/solicitudotadjuntos?9b95ae2c4a5ffc664b9381719a0e2080336cabac9bf9ebdf759fa96ff4e19a3af271cea4e718ba98cb649776f5bb8604,gx-no-cache=1632838748463 HTTP/1.1" 200 30
190.171.153.50 - - [28/Sep/2021:11:30:11 -0300] "POST /cormun/servlet/solicitudotadjuntos?69d641f8e250874e73745bafc350f011,INS,2021,17560,,1,,gx-no-cache=1632838748501 HTTP/1.1" 200 4158
190.171.153.50 - - [28/Sep/2021:11:30:15 -0300] "POST /cormun/servlet/solicitudotadjuntos?gx-no-cache=1632838753018 HTTP/1.1" 200 26
190.171.153.50 - - [28/Sep/2021:11:30:21 -0300] "GET /cormun/servlet/solicitudotadjuntos?9b95ae2c4a5ffc664b9381719a0e2080b7966ce5878b1538db64aa0415a2a7eb,gx-no-cache=1632838758671 HTTP/1.1" 200 30
190.171.153.50 - - [28/Sep/2021:11:30:21 -0300] "GET /cormun/servlet/solicitudotadjuntos?9b95ae2c4a5ffc664b9381719a0e2080b7966ce5878b1538db64aa0415a2a7eb,gx-no-cache=1632838758750 HTTP/1.1" 200 30
190.171.153.50 - - [28/Sep/2021:11:30:21 -0300] "POST /cormun/servlet/solicitudotadjuntos?69d641f8e250874e73745bafc350f011,INS,2021,17560,,1, HTTP/1.1" 200 116
190.171.153.50 - - [28/Sep/2021:11:30:21 -0300] "GET /cormun/servlet/hpexe_return? HTTP/1.1" 200 1028
190.171.153.50 - - [28/Sep/2021:11:30:22 -0300] "GET /cormun/servlet/trsolicitudadjuntos?2021,17560, HTTP/1.1" 200 10251
190.171.153.50 - - [28/Sep/2021:11:30:22 -0300] "GET /cormun/servlet/trsolicitudadjuntos?2021,17560, HTTP/1.1" 200 10252
190.171.153.50 - - [28/Sep/2021:11:30:45 -0300] "GET /cormun/servlet/trautorizarsolicitud? HTTP/1.1" 200 7336
190.171.153.50 - - [28/Sep/2021:11:30:46 -0300] "GET /cormun/servlet/trautorizarsolicitud? HTTP/1.1" 200 7322
190.171.153.50 - - [28/Sep/2021:11:30:49 -0300] "GET /cormun/servlet/trsolicitudot? HTTP/1.1" 200 8838
190.171.153.50 - - [28/Sep/2021:11:30:50 -0300] "GET /cormun/servlet/trsolicitudot? HTTP/1.1" 200 8838
190.171.153.50 - - [28/Sep/2021:11:30:56 -0300] "POST /cormun/servlet/trsolicitudot?69d641f8e250874e73745bafc350f011,,gx-no-cache=1632838793772 HTTP/1.1" 200 107
190.171.153.50 - - [28/Sep/2021:11:30:56 -0300] "GET /cormun/servlet/trsolicitudadjuntos?2021,17560, HTTP/1.1" 200 10246
190.171.153.50 - - [28/Sep/2021:11:30:57 -0300] "GET /cormun/servlet/trsolicitudadjuntos?2021,17560, HTTP/1.1" 200 10249
190.171.153.50 - - [28/Sep/2021:11:31:01 -0300] "GET /cormun/servlet/trsolicitudot? HTTP/1.1" 200 8845
190.171.153.50 - - [28/Sep/2021:11:31:02 -0300] "GET /cormun/servlet/trsolicitudot? HTTP/1.1" 200 8838
190.171.153.50 - - [28/Sep/2021:11:31:11 -0300] "POST /cormun/servlet/trsolicitudot?69d641f8e250874e73745bafc350f011,,gx-no-cache=1632838808353 HTTP/1.1" 200 4885
190.171.153.50 - - [28/Sep/2021:11:31:11 -0300] "GET /cormun/static/Shared/jqueryui/images/ui-bg_highlight-soft_100_c6c2c8_1x100.png HTTP/1.1" 404 1117
190.171.153.50 - - [28/Sep/2021:11:31:11 -0300] "GET /cormun/static/Shared/jqueryui/images/ui-icons_82798d_256x240.png HTTP/1.1" 404 1089
190.171.153.50 - - [28/Sep/2021:11:31:11 -0300] "GET /cormun/static/Shared/jqueryui/images/ui-bg_flat_55_fafafa_40x100.png HTTP/1.1" 404 1097
190.171.153.50 - - [28/Sep/2021:11:31:11 -0300] "GET /cormun/static/Shared/jqueryui/images/ui-icons_8d78a5_256x240.png HTTP/1.1" 404 1089
190.171.153.50 - - [28/Sep/2021:11:31:11 -0300] "POST /cormun/servlet/trsolicitudot?69d641f8e250874e73745bafc350f011,,gx-no-cache=1632838808697 HTTP/1.1" 200 4637
190.171.153.50 - - [28/Sep/2021:11:31:22 -0300] "GET /cormun/servlet/hlogin HTTP/1.1" 200 1746
186.103.156.166 - - [28/Sep/2021:11:34:42 -0300] "GET /cormun/servlet/vesolicitudot?2021,17489,, HTTP/1.1" 200 7513
186.103.156.166 - - [28/Sep/2021:11:34:43 -0300] "GET /cormun/pexe_scrolldiv.js HTTP/1.1" 404 1009
186.103.156.166 - - [28/Sep/2021:11:34:44 -0300] "GET /cormun/pexe_scrolldiv.js HTTP/1.1" 404 1009
186.103.156.166 - - [28/Sep/2021:11:34:45 -0300] "GET /cormun/servlet/vesolicitudot?2021,17489,, HTTP/1.1" 200 7512
186.103.156.166 - - [28/Sep/2021:11:34:45 -0300] "GET /cormun/servlet/vesolicitudot?2021,17489,, HTTP/1.1" 200 7512
186.103.156.166 - - [28/Sep/2021:11:34:45 -0300] "GET /cormun/servlet/hlogin HTTP/1.1" 200 1751
190.171.153.50 - - [28/Sep/2021:11:35:20 -0300] "GET /cormun/servlet/hlogin HTTP/1.1" 200 1726
190.171.153.50 - - [28/Sep/2021:11:35:30 -0300] "POST /cormun/servlet/hlogin?69d641f8e250874e73745bafc350f011,gx-no-cache=1632839067304 HTTP/1.1" 200 90
190.171.153.50 - - [28/Sep/2021:11:35:30 -0300] "GET /cormun/servlet/hpexe_link HTTP/1.1" 200 960
