190.171.152.234 - - [28/Sep/2021:09:24:58 -0300] "GET /cormun/servlet/trautorizarsolicitud? HTTP/1.1" 200 7393
190.171.152.234 - - [28/Sep/2021:09:24:58 -0300] "GET /cormun/static/gxcfg.js?201991422414522 HTTP/1.1" 200 953
190.171.152.234 - - [28/Sep/2021:09:24:58 -0300] "GET /cormun/static/trautorizarsolicitud.js?201991422415463 HTTP/1.1" 200 53910
190.171.152.234 - - [28/Sep/2021:09:24:58 -0300] "GET /cormun/servlet/trautorizarsolicitud? HTTP/1.1" 200 7385
190.171.152.234 - - [28/Sep/2021:09:25:02 -0300] "GET /cormun/servlet/trsolicitudot? HTTP/1.1" 200 7522
190.171.152.234 - - [28/Sep/2021:09:25:02 -0300] "GET /cormun/servlet/trsolicitudot? HTTP/1.1" 200 7522
190.171.152.234 - - [28/Sep/2021:09:25:10 -0300] "GET /cormun/servlet/solicitudot?INS,0,0,false, HTTP/1.1" 200 15835
190.171.152.234 - - [28/Sep/2021:09:25:10 -0300] "GET /cormun/servlet/solicitudot?INS,0,0,false, HTTP/1.1" 200 15843
192.168.10.94 - - [28/Sep/2021:09:25:44 -0300] "GET /cormun/servlet/trsolicitudgral HTTP/1.1" 200 10443
192.168.10.94 - - [28/Sep/2021:09:25:45 -0300] "GET /cormun/servlet/trsolicitudgral HTTP/1.1" 200 10443
192.168.10.94 - - [28/Sep/2021:09:25:53 -0300] "POST /cormun/servlet/trsolicitudgral?7fb28a0ff2bdacc306a32308ea72b6b0,,gx-no-cache=1632831119963 HTTP/1.1" 200 7420
192.168.10.94 - - [28/Sep/2021:09:26:08 -0300] "GET /cormun/servlet/vesolicitudgral?2021,17529,, HTTP/1.1" 200 9125
192.168.10.94 - - [28/Sep/2021:09:26:08 -0300] "GET /cormun/pexe_scrolldiv.js HTTP/1.1" 404 1009
192.168.10.94 - - [28/Sep/2021:09:26:09 -0300] "GET /cormun/servlet/vesolicitudgral?2021,17529,, HTTP/1.1" 200 9124
191.114.224.236 - - [28/Sep/2021:09:26:16 -0300] "GET /cormun/servlet/solicitudot?e36b0e2f96db69ea9105d75568367790e86d0fda0c5487ac65c744fadf2284f9d3fd3ba5a8401a44b1e4e8b3cd8bb99fdbf9fdba03f84e67956abf0214ab98d3a539900919d9eb834c9576f343e75e53,gx-no-cache=1632831281172 HTTP/1.1" 200 30
191.114.224.236 - - [28/Sep/2021:09:26:21 -0300] "GET /cormun/static/Resources/resize.gif HTTP/1.1" 200 77
191.114.224.236 - - [28/Sep/2021:09:26:21 -0300] "GET /cormun/static/Resources/PXTools/ClosePrompt.png HTTP/1.1" 200 1036
191.114.224.236 - - [28/Sep/2021:09:26:21 -0300] "GET /cormun/servlet/prbanco?,MD,,gxPopupLevel%3D0%3B HTTP/1.1" 200 6590
191.114.224.236 - - [28/Sep/2021:09:26:21 -0300] "GET /cormun/static/gxcfg.js?20201216131581 HTTP/1.1" 200 953
191.114.224.236 - - [28/Sep/2021:09:26:21 -0300] "GET /cormun/static/prbanco.js?20201216132311 HTTP/1.1" 200 10693
191.114.224.236 - - [28/Sep/2021:09:26:21 -0300] "GET /cormun/static/menusearch.js?20201214473581 HTTP/1.1" 200 1424
191.114.224.236 - - [28/Sep/2021:09:26:21 -0300] "GET /cormun/static/hmpwkw011.js?20201215495555 HTTP/1.1" 200 1968
191.114.224.236 - - [28/Sep/2021:09:26:31 -0300] "GET /cormun/servlet/solicitudot?e36b0e2f96db69ea9105d7556836779008aa1a21e5cc940d87aaf71440a46724,gx-no-cache=1632831295600 HTTP/1.1" 200 53
190.171.141.90 - - [28/Sep/2021:09:26:36 -0300] "POST /cormun/servlet/trsolicitudot?2850cb6a87fb9dc1c5157290469b6d1c,gx-no-cache=1632831301025 HTTP/1.1" 200 107
190.171.141.90 - - [28/Sep/2021:09:26:36 -0300] "GET /cormun/servlet/trsolicitudadjuntos?2021,17554, HTTP/1.1" 200 6083
190.171.141.90 - - [28/Sep/2021:09:26:37 -0300] "GET /cormun/servlet/trsolicitudadjuntos?2021,17554, HTTP/1.1" 200 6083
190.171.141.90 - - [28/Sep/2021:09:26:40 -0300] "GET /cormun/servlet/solicitudotadjuntos?INS,2021,17554,,1, HTTP/1.1" 200 6032
190.171.141.90 - - [28/Sep/2021:09:26:40 -0300] "GET /cormun/static/about:blank HTTP/1.1" 404 1011
190.171.141.90 - - [28/Sep/2021:09:26:41 -0300] "GET /cormun/servlet/solicitudotadjuntos?INS,2021,17554,,1, HTTP/1.1" 200 6026
190.171.141.90 - - [28/Sep/2021:09:26:41 -0300] "GET /cormun/servlet/solicitudotadjuntos?cd9d0e49539706abf810fdfde8890166caf2334c045fb4be6495e3c514cf0e38c0a98fb8003eea87b6d2bf934fb4cda4,gx-no-cache=1632831306130 HTTP/1.1" 200 30
190.171.141.90 - - [28/Sep/2021:09:26:42 -0300] "POST /cormun/servlet/solicitudotadjuntos?2850cb6a87fb9dc1c5157290469b6d1c,INS,2021,17554,,1,,gx-no-cache=1632831306265 HTTP/1.1" 200 3900
191.114.224.236 - - [28/Sep/2021:09:26:50 -0300] "POST /cormun/servlet/solicitudot?gx-no-cache=1632831314902 HTTP/1.1" 200 297
191.114.224.236 - - [28/Sep/2021:09:26:50 -0300] "GET /cormun/servlet/solicitudot?e36b0e2f96db69ea9105d75568367790eebe0126241e640d1693f880c7103b32ba756062c83438682b254019a5580206862d8743f92169a99e81ebdcc7e674ab13ccc03d71a0846359e2e9ef33a6657dc01556c0a6453e88e3c89535a773080d6dc80b02f151d6b5288e9a642dd7266f69bf6f04a171f01ea36e15db951714f3f5a4fff82a2690ed6beae39437e275601eb5f90a9e2b2199bd5c084423b5375924ba41c5af14687351470b702333c33721522180a14a2bb25bb5d58a4aa100ec8fdd2f4b8c0f4cd030715a09bcded19b89460aa5438d10212aa18ce56ce7becee3204acd10f084fb6e01d4242fea7af580d72ee208e8e101660cb839a706deebe4635d5b66ddf3bdf6504d5c70171a5d2c50d1911dc7e574d068b1b49b9643d2b7930fe93b0f88dca511185b9d30fd8a5eea307bb11e9e161ee49b34bb6bfe553d60cab4e1607cc53e7ef4145fa437c0d19a195c9670e26724ced7336295453eafefa17ebcb917be970fc0e1a7a49b4b65a5c4ef63b8ee2ae8708f7b94254b14f60534f2119c5534e31218c6927b304d,gx-no-cache=1632831314987 HTTP/1.1" 200 30
191.114.224.236 - - [28/Sep/2021:09:26:54 -0300] "POST /cormun/servlet/solicitudot?gx-no-cache=1632831318418 HTTP/1.1" 200 30
191.114.224.236 - - [28/Sep/2021:09:27:00 -0300] "POST /cormun/servlet/solicitudot?gx-no-cache=1632831325026 HTTP/1.1" 200 1438
191.114.224.236 - - [28/Sep/2021:09:27:00 -0300] "POST /cormun/servlet/solicitudot?gx-no-cache=1632831325215 HTTP/1.1" 200 38
191.114.224.236 - - [28/Sep/2021:09:27:10 -0300] "GET /cormun/servlet/solicitudot?e36b0e2f96db69ea9105d75568367790a0f6d8e3709d430cba1e3f0c256d2ef46284fc98e1d70320c611fe0dc58b2ec607013af94c9535eb6990d95d40a6aa4a9265a1f8e45fa545446a78760608d69144cf0e1fbe6e3ccc350a379fac0fd5490655e8dbfd136f3defa8711b8cc02c83,gx-no-cache=1632831334889 HTTP/1.1" 200 110
191.114.224.236 - - [28/Sep/2021:09:27:18 -0300] "POST /cormun/servlet/solicitudot?gx-no-cache=1632831343277 HTTP/1.1" 200 64
191.114.224.236 - - [28/Sep/2021:09:27:26 -0300] "GET /cormun/servlet/solicitudot?e36b0e2f96db69ea9105d75568367790c0559d1485b0e7608b2c4bd0f30403ed03d93e3a1eba563c440cfc8a9730e491f1a8e44f7394c1ee8d93e67340c15c4ff481314beb46ce1d336b076915d043dbc7aa2d5a06cbeaa9f7c0c3414ce7c0ebd85255fa2ee99022697cf1f07c7d6e8d,gx-no-cache=1632831351217 HTTP/1.1" 200 29
191.114.224.236 - - [28/Sep/2021:09:27:26 -0300] "GET /cormun/static/menuarrow.gif HTTP/1.1" 404 1015
191.114.224.236 - - [28/Sep/2021:09:27:31 -0300] "GET /cormun/servlet/solicitudot?e36b0e2f96db69ea9105d755683677904f3cd870936efa3ac1b6f30dc6e15d0d04584155cfe4cde39d003da30e53865b,gx-no-cache=1632831356176 HTTP/1.1" 200 30
190.171.152.234 - - [28/Sep/2021:09:27:39 -0300] "POST /cormun/servlet/solicitudot?gx-no-cache=1632831383422 HTTP/1.1" 200 3844
190.171.152.234 - - [28/Sep/2021:09:27:39 -0300] "POST /cormun/servlet/solicitudot?a626b17a1e0651f2d704d6bb42070d99,INS,0,0,false,,gx-no-cache=1632831383575 HTTP/1.1" 200 12611
191.114.224.236 - - [28/Sep/2021:09:27:39 -0300] "POST /cormun/servlet/solicitudot?gx-no-cache=1632831364387 HTTP/1.1" 200 30
191.114.224.236 - - [28/Sep/2021:09:27:44 -0300] "POST /cormun/servlet/solicitudot?f4da8b21a8403ec64d3f0ac536758352,INS,0,0,false,,gx-no-cache=1632831367636 HTTP/1.1" 200 93
191.114.224.236 - - [28/Sep/2021:09:27:44 -0300] "GET /cormun/servlet/hpexe_return? HTTP/1.1" 200 1010
191.114.224.236 - - [28/Sep/2021:09:27:44 -0300] "GET /cormun/static/gxcfg.js?201991422392976 HTTP/1.1" 200 953
191.114.224.236 - - [28/Sep/2021:09:27:44 -0300] "GET /cormun/static/hpexe_return.js?201991422392984 HTTP/1.1" 200 1633
191.114.224.236 - - [28/Sep/2021:09:27:44 -0300] "GET /cormun/servlet/trsolicitudot HTTP/1.1" 200 8948
191.114.224.236 - - [28/Sep/2021:09:27:44 -0300] "GET /cormun//static/Resources/PXToolsActionView.png HTTP/1.1" 200 398
191.114.224.236 - - [28/Sep/2021:09:27:44 -0300] "GET /cormun//static/Resources/PXToolsGridUpdate.png HTTP/1.1" 200 470
191.114.224.236 - - [28/Sep/2021:09:27:44 -0300] "GET /cormun//static/Resources/PXToolsGridDelete.png HTTP/1.1" 200 538
191.114.224.236 - - [28/Sep/2021:09:27:44 -0300] "GET /cormun//static/Resources/PXToolsRemoveAllAction.png HTTP/1.1" 200 487
191.114.224.236 - - [28/Sep/2021:09:27:44 -0300] "GET /cormun/servlet/trsolicitudot HTTP/1.1" 200 8944
190.171.152.234 - - [28/Sep/2021:09:27:50 -0300] "GET /cormun/servlet/solicitudot?bd449b755056305a0ffbad67e9d2cc569e89dd283084176c28723fac7d6f02484d6aa272d91e500a124c7c7fefe1f322,gx-no-cache=1632831394157 HTTP/1.1" 200 30
190.171.152.234 - - [28/Sep/2021:09:27:50 -0300] "GET /cormun/servlet/solicitudot?bd449b755056305a0ffbad67e9d2cc56b3ab6c753694bbd1942243d78ac207010b343e74773499bedd542e4cf36ea1f020e9b81fd7f65eae90cb089bb363aa0e,gx-no-cache=1632831394192 HTTP/1.1" 200 30
190.171.152.234 - - [28/Sep/2021:09:27:50 -0300] "GET /cormun/servlet/solicitudot?bd449b755056305a0ffbad67e9d2cc56ca0828547d06ce8d1e11c74265b7e44c,gx-no-cache=1632831394222 HTTP/1.1" 200 53
190.171.152.234 - - [28/Sep/2021:09:27:50 -0300] "POST /cormun/servlet/solicitudot?gx-no-cache=1632831394271 HTTP/1.1" 200 240
190.171.152.234 - - [28/Sep/2021:09:27:50 -0300] "GET /cormun/servlet/solicitudot?bd449b755056305a0ffbad67e9d2cc5684abb916ab814f5a7e3f2fecab7f5e794adf8c29c0ebe37b1262ea146b8168c1b0972b40f8a640da18015f629e4b0a5acfe7a2ed4982c16f6b47e7570bec0191699800264bb79c6f4c7e3aab6743ea080c3ffc2ee44e363f93f2f3d5b3e6ff96e978e385c8bb70144eacdc0de505e2b73f32b6a44e4d7a8ecdb3e151fef27e24b27fbbddef4503aad0e34e8f886100a8ccd7b2ce76278bff405ea7e6fa8d801b465432195289caa3628c1a8383b2f1c506e2deef9525b0f6e6fd2251dec732ddfe2ea45a8b99f7aa673b9794f5755af14f2b58f53dbfcdb61c43e8ec1208d49f3f724beeeeb3176382271bc34889cf8c84e8646e71d33924d99b2da2e817ef1731b517baa95fb187e0296fe4069aff3ece32195e4879dcd90fc9420e1996e253ffaaad18ef9af2b85c8e4263117e1361c3d84930c4808234078bda4cee186fa95f27caac15458e442ba55a850e540d11b0e9a1ad1c66c320180333ea3b8c8ba82ba514ed477d1beed88d1bc37b715306,gx-no-cache=1632831394341 HTTP/1.1" 200 30
190.171.152.234 - - [28/Sep/2021:09:27:52 -0300] "POST /cormun/servlet/solicitudot?gx-no-cache=1632831395965 HTTP/1.1" 200 30
190.171.141.90 - - [28/Sep/2021:09:28:06 -0300] "POST /cormun/servlet/solicitudotadjuntos?gx-no-cache=1632831390354 HTTP/1.1" 200 26
191.114.224.236 - - [28/Sep/2021:09:28:13 -0300] "POST /cormun/servlet/trsolicitudot?f4da8b21a8403ec64d3f0ac536758352,gx-no-cache=1632831397886 HTTP/1.1" 200 107
191.114.224.236 - - [28/Sep/2021:09:28:14 -0300] "GET /cormun/servlet/trsolicitudadjuntos?2021,17556, HTTP/1.1" 200 6404
191.114.224.236 - - [28/Sep/2021:09:28:14 -0300] "GET /cormun/static/gxcfg.js?20201215574222 HTTP/1.1" 200 953
191.114.224.236 - - [28/Sep/2021:09:28:14 -0300] "GET /cormun/static/Resources/PXToolsGridNew.png HTTP/1.1" 200 427
191.114.224.236 - - [28/Sep/2021:09:28:14 -0300] "GET /cormun/static/trsolicitudadjuntos.js?20201215574932 HTTP/1.1" 200 17922
191.114.224.236 - - [28/Sep/2021:09:28:14 -0300] "GET /cormun/servlet/trsolicitudadjuntos?2021,17556, HTTP/1.1" 200 6404
190.171.141.90 - - [28/Sep/2021:09:28:14 -0300] "GET /cormun/servlet/solicitudotadjuntos?cd9d0e49539706abf810fdfde889016606387650b6269739bb84e1645738b91b,gx-no-cache=1632831399142 HTTP/1.1" 200 30
190.171.141.90 - - [28/Sep/2021:09:28:14 -0300] "GET /cormun/servlet/solicitudotadjuntos?cd9d0e49539706abf810fdfde889016606387650b6269739bb84e1645738b91b,gx-no-cache=1632831399162 HTTP/1.1" 200 30
190.171.141.90 - - [28/Sep/2021:09:28:15 -0300] "POST /cormun/servlet/solicitudotadjuntos?2850cb6a87fb9dc1c5157290469b6d1c,INS,2021,17554,,1, HTTP/1.1" 200 116
190.171.141.90 - - [28/Sep/2021:09:28:15 -0300] "GET /cormun/servlet/hpexe_return? HTTP/1.1" 200 1030
190.171.141.90 - - [28/Sep/2021:09:28:15 -0300] "GET /cormun/servlet/trsolicitudadjuntos?2021,17554, HTTP/1.1" 200 8870
190.171.141.90 - - [28/Sep/2021:09:28:15 -0300] "GET /cormun/servlet/trsolicitudadjuntos?2021,17554, HTTP/1.1" 200 8866
190.171.141.90 - - [28/Sep/2021:09:28:18 -0300] "GET /cormun/servlet/solicitudotadjuntos?INS,2021,17554,,1, HTTP/1.1" 200 6032
190.171.141.90 - - [28/Sep/2021:09:28:18 -0300] "GET /cormun/static/about:blank HTTP/1.1" 404 1011
190.171.141.90 - - [28/Sep/2021:09:28:18 -0300] "GET /cormun/servlet/solicitudotadjuntos?INS,2021,17554,,1, HTTP/1.1" 200 6025
190.171.141.90 - - [28/Sep/2021:09:28:18 -0300] "GET /cormun/servlet/solicitudotadjuntos?cd9d0e49539706abf810fdfde8890166caf2334c045fb4be6495e3c514cf0e38c0a98fb8003eea87b6d2bf934fb4cda4,gx-no-cache=1632831403014 HTTP/1.1" 200 30
190.171.141.90 - - [28/Sep/2021:09:28:18 -0300] "POST /cormun/servlet/solicitudotadjuntos?2850cb6a87fb9dc1c5157290469b6d1c,INS,2021,17554,,1,,gx-no-cache=1632831403040 HTTP/1.1" 200 3899
190.171.141.90 - - [28/Sep/2021:09:28:21 -0300] "POST /cormun/servlet/solicitudotadjuntos?gx-no-cache=1632831406118 HTTP/1.1" 200 26
190.171.152.234 - - [28/Sep/2021:09:28:24 -0300] "GET /cormun/servlet/prlicenciaspermisos?17234919,L,,MD,,gxPopupLevel%3D0%3B HTTP/1.1" 200 5952
190.171.152.234 - - [28/Sep/2021:09:28:27 -0300] "POST /cormun/servlet/solicitudot?gx-no-cache=1632831431256 HTTP/1.1" 200 1440
190.171.141.90 - - [28/Sep/2021:09:28:42 -0300] "GET /cormun/servlet/solicitudotadjuntos?cd9d0e49539706abf810fdfde889016606387650b6269739bb84e1645738b91b,gx-no-cache=1632831426479 HTTP/1.1" 200 30
190.171.141.90 - - [28/Sep/2021:09:28:42 -0300] "GET /cormun/servlet/solicitudotadjuntos?cd9d0e49539706abf810fdfde889016606387650b6269739bb84e1645738b91b,gx-no-cache=1632831426549 HTTP/1.1" 200 30
190.171.141.90 - - [28/Sep/2021:09:28:42 -0300] "POST /cormun/servlet/solicitudotadjuntos?2850cb6a87fb9dc1c5157290469b6d1c,INS,2021,17554,,1, HTTP/1.1" 200 116
190.171.141.90 - - [28/Sep/2021:09:28:42 -0300] "GET /cormun/servlet/hpexe_return? HTTP/1.1" 200 1030
190.171.141.90 - - [28/Sep/2021:09:28:42 -0300] "GET /cormun/servlet/trsolicitudadjuntos?2021,17554, HTTP/1.1" 200 9099
190.171.141.90 - - [28/Sep/2021:09:28:43 -0300] "GET /cormun/servlet/trsolicitudadjuntos?2021,17554, HTTP/1.1" 200 9096
190.171.141.90 - - [28/Sep/2021:09:28:44 -0300] "GET /cormun/servlet/solicitudotadjuntos?INS,2021,17554,,1, HTTP/1.1" 200 6032
190.171.141.90 - - [28/Sep/2021:09:28:44 -0300] "GET /cormun/static/about:blank HTTP/1.1" 404 1011
190.171.141.90 - - [28/Sep/2021:09:28:45 -0300] "GET /cormun/servlet/solicitudotadjuntos?INS,2021,17554,,1, HTTP/1.1" 200 6025
190.171.141.90 - - [28/Sep/2021:09:28:45 -0300] "GET /cormun/servlet/solicitudotadjuntos?cd9d0e49539706abf810fdfde8890166caf2334c045fb4be6495e3c514cf0e38c0a98fb8003eea87b6d2bf934fb4cda4,gx-no-cache=1632831429757 HTTP/1.1" 200 30
190.171.141.90 - - [28/Sep/2021:09:28:45 -0300] "POST /cormun/servlet/solicitudotadjuntos?2850cb6a87fb9dc1c5157290469b6d1c,INS,2021,17554,,1,,gx-no-cache=1632831429779 HTTP/1.1" 200 3899
190.171.141.90 - - [28/Sep/2021:09:28:50 -0300] "POST /cormun/servlet/solicitudotadjuntos?gx-no-cache=1632831434457 HTTP/1.1" 200 26
190.171.152.234 - - [28/Sep/2021:09:28:52 -0300] "POST /cormun/servlet/solicitudot?gx-no-cache=1632831455909 HTTP/1.1" 200 40
190.171.152.234 - - [28/Sep/2021:09:28:52 -0300] "GET /cormun/servlet/solicitudot?bd449b755056305a0ffbad67e9d2cc56c8b4448aff24cb8017779fd17dc136f608f909aecd392b2915d4035f162cd442ae7ed61ae25001d86d76b176d80a2ea0ea4d9a8cb224afd29fb736e701279eb6eed38e5fdf1ba5730e4348ffaa53f849bc85d3a325dcb8be70f50e77b7659030,gx-no-cache=1632831455953 HTTP/1.1" 200 110
190.171.152.234 - - [28/Sep/2021:09:28:52 -0300] "POST /cormun/servlet/solicitudot?gx-no-cache=1632831455979 HTTP/1.1" 200 97
191.114.224.236 - - [28/Sep/2021:09:28:53 -0300] "GET /cormun/servlet/solicitudotadjuntos?INS,2021,17556,,1, HTTP/1.1" 200 6352
191.114.224.236 - - [28/Sep/2021:09:28:53 -0300] "GET /cormun/static/gxcfg.js?202012157947 HTTP/1.1" 200 953
191.114.224.236 - - [28/Sep/2021:09:28:53 -0300] "GET /cormun/static/solicitudotadjuntos.js?202012157966 HTTP/1.1" 200 11771
191.114.224.236 - - [28/Sep/2021:09:28:53 -0300] "GET /cormun/static/about:blank HTTP/1.1" 404 1011
191.114.224.236 - - [28/Sep/2021:09:28:53 -0300] "GET /cormun/servlet/solicitudotadjuntos?INS,2021,17556,,1, HTTP/1.1" 200 6345
191.114.224.236 - - [28/Sep/2021:09:28:54 -0300] "GET /cormun/servlet/solicitudotadjuntos?e36b0e2f96db69ea9105d755683677909a25eff742fec556c1fe2dc91abdfca110ea159b51f5f00743c73b9e9ca93b42,gx-no-cache=1632831438805 HTTP/1.1" 200 30
191.114.224.236 - - [28/Sep/2021:09:28:54 -0300] "POST /cormun/servlet/solicitudotadjuntos?f4da8b21a8403ec64d3f0ac536758352,INS,2021,17556,,1,,gx-no-cache=1632831438882 HTTP/1.1" 200 4149
191.114.224.236 - - [28/Sep/2021:09:28:58 -0300] "POST /cormun/servlet/solicitudotadjuntos?gx-no-cache=1632831442750 HTTP/1.1" 200 26
190.171.152.234 - - [28/Sep/2021:09:29:03 -0300] "GET /cormun/servlet/solicitudot?bd449b755056305a0ffbad67e9d2cc565c40db74224f6ed1e78b3f7a989a54491cf0f67ce99f166a2766f80125dc2ef4cde34298b24ce50c9eb34836b464a8f48c12b0f97c38f8768ec242b11cb6972959ef8473d3bc37fa3a6b8ef510c1e14b4683e047f57508625cf7170768e5ac03a6f59667dc3f5641be55fcf1025457545656de9d5f4b50bcb06f7d6fe1ad60959ba8ee614cde7e8239f49b9f780259ec,gx-no-cache=1632831467214 HTTP/1.1" 200 29
190.171.152.234 - - [28/Sep/2021:09:29:06 -0300] "GET /cormun/static/menuarrow.gif HTTP/1.1" 404 1015
190.171.152.234 - - [28/Sep/2021:09:29:10 -0300] "GET /cormun/servlet/solicitudot?bd449b755056305a0ffbad67e9d2cc56006eab617e5d1e097b3d3634ae845186d8a2062ea6bd65203580331f3fddcaeb,gx-no-cache=1632831474038 HTTP/1.1" 200 30
190.171.152.234 - - [28/Sep/2021:09:29:10 -0300] "POST /cormun/servlet/solicitudot?gx-no-cache=1632831474064 HTTP/1.1" 200 34
190.171.154.42 - - [28/Sep/2021:09:29:10 -0300] "POST /cormun/servlet/trlicencias?bcf973f152e41c997be7745155eb73e6,,gx-no-cache=1632831453256 HTTP/1.1" 200 10044
190.171.154.42 - - [28/Sep/2021:09:29:14 -0300] "POST /cormun/servlet/trlicencias?bcf973f152e41c997be7745155eb73e6,,gx-no-cache=1632831457029 HTTP/1.1" 200 10040
191.114.224.236 - - [28/Sep/2021:09:29:14 -0300] "GET /cormun/servlet/solicitudotadjuntos?e36b0e2f96db69ea9105d75568367790e68a79d9f6982de4771553f8cd889e60,gx-no-cache=1632831459064 HTTP/1.1" 200 30
191.114.224.236 - - [28/Sep/2021:09:29:14 -0300] "GET /cormun/servlet/solicitudotadjuntos?e36b0e2f96db69ea9105d75568367790e68a79d9f6982de4771553f8cd889e60,gx-no-cache=1632831459109 HTTP/1.1" 200 30
191.114.224.236 - - [28/Sep/2021:09:29:18 -0300] "POST /cormun/servlet/solicitudotadjuntos?f4da8b21a8403ec64d3f0ac536758352,INS,2021,17556,,1, HTTP/1.1" 200 116
191.114.224.236 - - [28/Sep/2021:09:29:18 -0300] "GET /cormun/servlet/hpexe_return? HTTP/1.1" 200 1028
191.114.224.236 - - [28/Sep/2021:09:29:18 -0300] "GET /cormun/servlet/trsolicitudadjuntos?2021,17556, HTTP/1.1" 200 9173
191.114.224.236 - - [28/Sep/2021:09:29:18 -0300] "GET /cormun/servlet/trsolicitudadjuntos?2021,17556, HTTP/1.1" 200 9172
191.114.224.236 - - [28/Sep/2021:09:29:21 -0300] "GET /cormun/servlet/solicitudotadjuntos?INS,2021,17556,,1, HTTP/1.1" 200 6352
191.114.224.236 - - [28/Sep/2021:09:29:21 -0300] "GET /cormun/static/about:blank HTTP/1.1" 404 1011
191.114.224.236 - - [28/Sep/2021:09:29:21 -0300] "GET /cormun/servlet/solicitudotadjuntos?INS,2021,17556,,1, HTTP/1.1" 200 6345
191.114.224.236 - - [28/Sep/2021:09:29:21 -0300] "GET /cormun/servlet/solicitudotadjuntos?e36b0e2f96db69ea9105d755683677909a25eff742fec556c1fe2dc91abdfca110ea159b51f5f00743c73b9e9ca93b42,gx-no-cache=1632831466382 HTTP/1.1" 200 30
191.114.224.236 - - [28/Sep/2021:09:29:22 -0300] "POST /cormun/servlet/solicitudotadjuntos?f4da8b21a8403ec64d3f0ac536758352,INS,2021,17556,,1,,gx-no-cache=1632831466476 HTTP/1.1" 200 4149
191.114.224.236 - - [28/Sep/2021:09:29:24 -0300] "POST /cormun/servlet/solicitudotadjuntos?gx-no-cache=1632831469153 HTTP/1.1" 200 26
191.114.224.236 - - [28/Sep/2021:09:29:31 -0300] "GET /cormun/servlet/solicitudotadjuntos?e36b0e2f96db69ea9105d75568367790e68a79d9f6982de4771553f8cd889e60,gx-no-cache=1632831475536 HTTP/1.1" 200 30
191.114.224.236 - - [28/Sep/2021:09:29:31 -0300] "GET /cormun/servlet/solicitudotadjuntos?e36b0e2f96db69ea9105d75568367790e68a79d9f6982de4771553f8cd889e60,gx-no-cache=1632831475581 HTTP/1.1" 200 30
192.168.10.94 - - [28/Sep/2021:09:29:31 -0300] "GET /cormun/servlet/trsolicitudgral HTTP/1.1" 200 10455
192.168.10.94 - - [28/Sep/2021:09:29:32 -0300] "GET /cormun/servlet/trsolicitudgral HTTP/1.1" 200 10454
186.67.172.234 - - [28/Sep/2021:09:29:35 -0300] "POST /cormun/servlet/hlogin?d4c0b68bd254fe60db9cb1907372a8cd,gx-no-cache=1632831479286 HTTP/1.1" 200 90
186.67.172.234 - - [28/Sep/2021:09:29:35 -0300] "GET /cormun/servlet/hpexe_link HTTP/1.1" 200 958
186.67.172.234 - - [28/Sep/2021:09:29:35 -0300] "GET /cormun/servlet/trpermisosgoce HTTP/1.1" 200 8301
186.67.172.234 - - [28/Sep/2021:09:29:35 -0300] "GET /cormun/servlet/trpermisosgoce HTTP/1.1" 200 8299
186.67.172.234 - - [28/Sep/2021:09:29:35 -0300] "GET /cormun/servlet/trpermisosgoce HTTP/1.1" 200 8299
186.67.172.234 - - [28/Sep/2021:09:29:35 -0300] "GET /cormun/servlet/trpermisosgoce HTTP/1.1" 200 8299
191.114.224.236 - - [28/Sep/2021:09:29:36 -0300] "POST /cormun/servlet/solicitudotadjuntos?f4da8b21a8403ec64d3f0ac536758352,INS,2021,17556,,1, HTTP/1.1" 200 116
191.114.224.236 - - [28/Sep/2021:09:29:36 -0300] "GET /cormun/servlet/hpexe_return? HTTP/1.1" 200 1028
191.114.224.236 - - [28/Sep/2021:09:29:36 -0300] "GET /cormun/servlet/trsolicitudadjuntos?2021,17556, HTTP/1.1" 200 9407
191.114.224.236 - - [28/Sep/2021:09:29:36 -0300] "GET /cormun/servlet/trsolicitudadjuntos?2021,17556, HTTP/1.1" 200 9404
192.168.10.94 - - [28/Sep/2021:09:29:39 -0300] "POST /cormun/servlet/trsolicitudgral?7fb28a0ff2bdacc306a32308ea72b6b0,,gx-no-cache=1632831345733 HTTP/1.1" 200 8087
190.171.149.82 - - [28/Sep/2021:09:29:47 -0300] "GET /cormun/servlet/hlogin HTTP/1.1" 200 1720
190.171.149.82 - - [28/Sep/2021:09:29:47 -0300] "GET /cormun/static/gxtimezone.js?85251 HTTP/1.1" 200 5781
190.171.149.82 - - [28/Sep/2021:09:29:47 -0300] "GET /cormun/static/gxcfg.js?201910216285969 HTTP/1.1" 200 953
190.171.149.82 - - [28/Sep/2021:09:29:47 -0300] "GET /cormun/static/Resources/Spanish/PXTools.css?2294816 HTTP/1.1" 200 100853
190.171.149.82 - - [28/Sep/2021:09:29:47 -0300] "GET /cormun/static/messages.spa.js?85251 HTTP/1.1" 200 30736
190.171.149.82 - - [28/Sep/2021:09:29:47 -0300] "GET /cormun/static/hlogin.js?201910216285995 HTTP/1.1" 200 2136
190.171.149.82 - - [28/Sep/2021:09:29:48 -0300] "GET /cormun/static/Resources/Logo2019_Grande.png HTTP/1.1" 200 31733
190.171.149.82 - - [28/Sep/2021:09:29:48 -0300] "GET /cormun/static/gxgral.js?85251 HTTP/1.1" 200 384558
190.171.149.82 - - [28/Sep/2021:09:29:48 -0300] "GET /cormun/static/Resources/PXToolsLoginTop.png HTTP/1.1" 200 1337
190.171.149.82 - - [28/Sep/2021:09:29:48 -0300] "GET /cormun/static/Resources/PXToolsLoginBackground.png HTTP/1.1" 200 1164
190.171.149.82 - - [28/Sep/2021:09:29:48 -0300] "GET /cormun/static/Resources/PXToolsButtonLeft.png HTTP/1.1" 200 1310
190.171.149.82 - - [28/Sep/2021:09:29:48 -0300] "GET /cormun/static/Resources/PXToolsButtonRight.png HTTP/1.1" 200 1294
190.171.149.82 - - [28/Sep/2021:09:29:48 -0300] "GET /cormun/static/Resources/PXToolsButtonBackground.png HTTP/1.1" 200 1176
190.171.149.82 - - [28/Sep/2021:09:29:48 -0300] "GET /cormun/static/Resources/PXToolsLoginBottom.png HTTP/1.1" 200 1389
190.171.149.82 - - [28/Sep/2021:09:29:48 -0300] "GET /cormun/servlet/hlogin HTTP/1.1" 200 1731
190.171.149.82 - - [28/Sep/2021:09:29:48 -0300] "GET /cormun/static/Resources/indicator.gif HTTP/1.1" 200 1553
190.171.149.82 - - [28/Sep/2021:09:29:49 -0300] "GET /cormun/static/Resources/indicator.gif HTTP/1.1" 200 1553
190.171.149.82 - - [28/Sep/2021:09:29:49 -0300] "GET /favicon.ico HTTP/1.1" 200 21630
190.171.141.90 - - [28/Sep/2021:09:29:52 -0300] "GET /cormun/servlet/solicitudotadjuntos?cd9d0e49539706abf810fdfde889016606387650b6269739bb84e1645738b91b,gx-no-cache=1632831496848 HTTP/1.1" 200 30
190.171.141.90 - - [28/Sep/2021:09:29:52 -0300] "GET /cormun/servlet/solicitudotadjuntos?cd9d0e49539706abf810fdfde889016606387650b6269739bb84e1645738b91b,gx-no-cache=1632831496871 HTTP/1.1" 200 30
190.171.141.90 - - [28/Sep/2021:09:29:52 -0300] "POST /cormun/servlet/solicitudotadjuntos?2850cb6a87fb9dc1c5157290469b6d1c,INS,2021,17554,,1, HTTP/1.1" 200 116
190.171.141.90 - - [28/Sep/2021:09:29:52 -0300] "GET /cormun/servlet/hpexe_return? HTTP/1.1" 200 1030
190.171.141.90 - - [28/Sep/2021:09:29:53 -0300] "GET /cormun/servlet/trsolicitudadjuntos?2021,17554, HTTP/1.1" 200 9291
190.171.141.90 - - [28/Sep/2021:09:29:53 -0300] "GET /cormun/servlet/trsolicitudadjuntos?2021,17554, HTTP/1.1" 200 9288
190.171.152.234 - - [28/Sep/2021:09:29:54 -0300] "POST /cormun/servlet/solicitudot?a626b17a1e0651f2d704d6bb42070d99,INS,0,0,false,,gx-no-cache=1632831518432 HTTP/1.1" 200 93
190.171.152.234 - - [28/Sep/2021:09:29:54 -0300] "GET /cormun/servlet/hpexe_return? HTTP/1.1" 200 1012
190.171.152.234 - - [28/Sep/2021:09:29:55 -0300] "GET /cormun/servlet/trsolicitudot HTTP/1.1" 200 7525
190.171.152.234 - - [28/Sep/2021:09:29:55 -0300] "GET /cormun/servlet/trsolicitudot HTTP/1.1" 200 7522
190.171.141.90 - - [28/Sep/2021:09:29:56 -0300] "GET /cormun/servlet/solicitudotadjuntos?INS,2021,17554,,1, HTTP/1.1" 200 6033
190.171.141.90 - - [28/Sep/2021:09:29:56 -0300] "GET /cormun/static/about:blank HTTP/1.1" 404 1011
190.171.141.90 - - [28/Sep/2021:09:29:56 -0300] "GET /cormun/servlet/solicitudotadjuntos?INS,2021,17554,,1, HTTP/1.1" 200 6026
190.171.141.90 - - [28/Sep/2021:09:29:57 -0300] "GET /cormun/servlet/solicitudotadjuntos?cd9d0e49539706abf810fdfde8890166caf2334c045fb4be6495e3c514cf0e38c0a98fb8003eea87b6d2bf934fb4cda4,gx-no-cache=1632831501531 HTTP/1.1" 200 30
190.171.141.90 - - [28/Sep/2021:09:29:57 -0300] "POST /cormun/servlet/solicitudotadjuntos?2850cb6a87fb9dc1c5157290469b6d1c,INS,2021,17554,,1,,gx-no-cache=1632831501550 HTTP/1.1" 200 3900
186.67.172.234 - - [28/Sep/2021:09:29:58 -0300] "GET /cormun/static/menuarrow.gif HTTP/1.1" 404 1015
190.171.141.90 - - [28/Sep/2021:09:30:01 -0300] "POST /cormun/servlet/solicitudotadjuntos?gx-no-cache=1632831505465 HTTP/1.1" 200 26
190.171.149.82 - - [28/Sep/2021:09:30:03 -0300] "POST /cormun/servlet/hlogin?b40849515b140b33463ad812db10a075,gx-no-cache=1632831509297 HTTP/1.1" 200 440
186.67.172.234 - - [28/Sep/2021:09:30:11 -0300] "POST /cormun/servlet/trpermisosgoce?d4c0b68bd254fe60db9cb1907372a8cd,gx-no-cache=1632831515310 HTTP/1.1" 200 12210
190.171.149.82 - - [28/Sep/2021:09:30:13 -0300] "POST /cormun/servlet/hlogin?b40849515b140b33463ad812db10a075,gx-no-cache=1632831519319 HTTP/1.1" 200 440
192.168.10.94 - - [28/Sep/2021:09:30:14 -0300] "GET /cormun/servlet/vesolicitudgral?2021,17551,, HTTP/1.1" 200 9090
192.168.10.94 - - [28/Sep/2021:09:30:14 -0300] "GET /cormun/pexe_scrolldiv.js HTTP/1.1" 404 1009
192.168.10.94 - - [28/Sep/2021:09:30:15 -0300] "GET /cormun/servlet/vesolicitudgral?2021,17551,, HTTP/1.1" 200 9090
186.67.172.234 - - [28/Sep/2021:09:30:16 -0300] "GET /cormun/servlet/trlicencias? HTTP/1.1" 200 15408
186.67.172.234 - - [28/Sep/2021:09:30:17 -0300] "GET /cormun/servlet/trlicencias? HTTP/1.1" 200 15406
190.171.149.82 - - [28/Sep/2021:09:30:21 -0300] "POST /cormun/servlet/hlogin?b40849515b140b33463ad812db10a075,gx-no-cache=1632831526518 HTTP/1.1" 200 440
190.171.141.90 - - [28/Sep/2021:09:30:25 -0300] "GET /cormun/servlet/solicitudotadjuntos?cd9d0e49539706abf810fdfde889016606387650b6269739bb84e1645738b91b,gx-no-cache=1632831529385 HTTP/1.1" 200 30
190.171.141.90 - - [28/Sep/2021:09:30:25 -0300] "GET /cormun/servlet/solicitudotadjuntos?cd9d0e49539706abf810fdfde889016606387650b6269739bb84e1645738b91b,gx-no-cache=1632831529404 HTTP/1.1" 200 30
190.171.141.90 - - [28/Sep/2021:09:30:25 -0300] "POST /cormun/servlet/solicitudotadjuntos?2850cb6a87fb9dc1c5157290469b6d1c,INS,2021,17554,,1, HTTP/1.1" 200 116
190.171.141.90 - - [28/Sep/2021:09:30:25 -0300] "GET /cormun/servlet/hpexe_return? HTTP/1.1" 200 1030
190.171.141.90 - - [28/Sep/2021:09:30:25 -0300] "GET /cormun/servlet/trsolicitudadjuntos?2021,17554, HTTP/1.1" 200 9558
190.171.141.90 - - [28/Sep/2021:09:30:26 -0300] "GET /cormun/servlet/trsolicitudadjuntos?2021,17554, HTTP/1.1" 200 9555
190.171.141.90 - - [28/Sep/2021:09:30:29 -0300] "GET /cormun/servlet/solicitudotadjuntos?INS,2021,17554,,1, HTTP/1.1" 200 6033
190.171.141.90 - - [28/Sep/2021:09:30:29 -0300] "GET /cormun/static/about:blank HTTP/1.1" 404 1011
190.171.141.90 - - [28/Sep/2021:09:30:29 -0300] "GET /cormun/servlet/solicitudotadjuntos?INS,2021,17554,,1, HTTP/1.1" 200 6026
190.171.141.90 - - [28/Sep/2021:09:30:30 -0300] "GET /cormun/servlet/solicitudotadjuntos?cd9d0e49539706abf810fdfde8890166caf2334c045fb4be6495e3c514cf0e38c0a98fb8003eea87b6d2bf934fb4cda4,gx-no-cache=1632831534462 HTTP/1.1" 200 30
190.171.141.90 - - [28/Sep/2021:09:30:30 -0300] "POST /cormun/servlet/solicitudotadjuntos?2850cb6a87fb9dc1c5157290469b6d1c,INS,2021,17554,,1,,gx-no-cache=1632831534483 HTTP/1.1" 200 3900
192.168.10.94 - - [28/Sep/2021:09:30:36 -0300] "GET /cormun/servlet/vesolicitudgral?2021,17551,,SolicitudOTAdjuntos HTTP/1.1" 200 7777
192.168.10.94 - - [28/Sep/2021:09:30:37 -0300] "GET /cormun/pexe_scrolldiv.js HTTP/1.1" 404 1009
192.168.10.94 - - [28/Sep/2021:09:30:37 -0300] "GET /cormun/servlet/vesolicitudgral?2021,17551,,SolicitudOTAdjuntos HTTP/1.1" 200 7777
192.168.10.94 - - [28/Sep/2021:09:30:38 -0300] "POST /cormun/servlet/acontrolpreferencessavestate?None,ABARRERA,true HTTP/1.1" 200 35
190.171.141.90 - - [28/Sep/2021:09:30:38 -0300] "POST /cormun/servlet/solicitudotadjuntos?gx-no-cache=1632831543114 HTTP/1.1" 200 26
192.168.10.94 - - [28/Sep/2021:09:30:42 -0300] "GET /cormun/servlet/vesolicitudgral?2021,17551,,General HTTP/1.1" 200 9091
192.168.10.94 - - [28/Sep/2021:09:30:42 -0300] "GET /cormun/pexe_scrolldiv.js HTTP/1.1" 404 1009
192.168.10.94 - - [28/Sep/2021:09:30:42 -0300] "GET /cormun/servlet/vesolicitudgral?2021,17551,,General HTTP/1.1" 200 9091
190.171.149.82 - - [28/Sep/2021:09:30:42 -0300] "POST /cormun/servlet/hlogin?b40849515b140b33463ad812db10a075,gx-no-cache=1632831548118 HTTP/1.1" 200 440
190.171.149.82 - - [28/Sep/2021:09:30:49 -0300] "POST /cormun/servlet/hlogin?b40849515b140b33463ad812db10a075,gx-no-cache=1632831554734 HTTP/1.1" 200 440
190.171.149.82 - - [28/Sep/2021:09:30:55 -0300] "POST /cormun/servlet/hlogin?b40849515b140b33463ad812db10a075,gx-no-cache=1632831561343 HTTP/1.1" 200 440
190.171.149.82 - - [28/Sep/2021:09:31:02 -0300] "POST /cormun/servlet/hlogin?b40849515b140b33463ad812db10a075,gx-no-cache=1632831568286 HTTP/1.1" 200 440
190.171.141.90 - - [28/Sep/2021:09:31:05 -0300] "GET /cormun/servlet/solicitudotadjuntos?cd9d0e49539706abf810fdfde889016606387650b6269739bb84e1645738b91b,gx-no-cache=1632831569963 HTTP/1.1" 200 30
190.171.141.90 - - [28/Sep/2021:09:31:05 -0300] "GET /cormun/servlet/solicitudotadjuntos?cd9d0e49539706abf810fdfde889016606387650b6269739bb84e1645738b91b,gx-no-cache=1632831569983 HTTP/1.1" 200 30
190.171.141.90 - - [28/Sep/2021:09:31:05 -0300] "POST /cormun/servlet/solicitudotadjuntos?2850cb6a87fb9dc1c5157290469b6d1c,INS,2021,17554,,1, HTTP/1.1" 200 116
190.171.141.90 - - [28/Sep/2021:09:31:06 -0300] "GET /cormun/servlet/hpexe_return? HTTP/1.1" 200 1030
190.171.141.90 - - [28/Sep/2021:09:31:06 -0300] "GET /cormun/servlet/trsolicitudadjuntos?2021,17554, HTTP/1.1" 200 9851
190.171.141.90 - - [28/Sep/2021:09:31:06 -0300] "GET /cormun/servlet/trsolicitudadjuntos?2021,17554, HTTP/1.1" 200 9850
190.171.141.90 - - [28/Sep/2021:09:31:09 -0300] "GET /cormun/servlet/solicitudotadjuntos?INS,2021,17554,,1, HTTP/1.1" 200 6033
190.171.141.90 - - [28/Sep/2021:09:31:09 -0300] "GET /cormun/static/about:blank HTTP/1.1" 404 1011
190.171.141.90 - - [28/Sep/2021:09:31:09 -0300] "GET /cormun/servlet/solicitudotadjuntos?INS,2021,17554,,1, HTTP/1.1" 200 6026
190.171.141.90 - - [28/Sep/2021:09:31:10 -0300] "GET /cormun/servlet/solicitudotadjuntos?cd9d0e49539706abf810fdfde8890166caf2334c045fb4be6495e3c514cf0e38c0a98fb8003eea87b6d2bf934fb4cda4,gx-no-cache=1632831574337 HTTP/1.1" 200 30
190.171.141.90 - - [28/Sep/2021:09:31:10 -0300] "POST /cormun/servlet/solicitudotadjuntos?2850cb6a87fb9dc1c5157290469b6d1c,INS,2021,17554,,1,,gx-no-cache=1632831574356 HTTP/1.1" 200 3900
190.171.149.82 - - [28/Sep/2021:09:31:12 -0300] "POST /cormun/servlet/hlogin?b40849515b140b33463ad812db10a075,gx-no-cache=1632831577742 HTTP/1.1" 200 440
190.171.149.82 - - [28/Sep/2021:09:31:13 -0300] "POST /cormun/servlet/hlogin?b40849515b140b33463ad812db10a075,gx-no-cache=1632831578942 HTTP/1.1" 200 439
190.171.149.82 - - [28/Sep/2021:09:31:17 -0300] "POST /cormun/servlet/hlogin?b40849515b140b33463ad812db10a075,gx-no-cache=1632831583326 HTTP/1.1" 200 440
190.171.141.90 - - [28/Sep/2021:09:31:20 -0300] "POST /cormun/servlet/solicitudotadjuntos?gx-no-cache=1632831584292 HTTP/1.1" 200 26
190.171.141.90 - - [28/Sep/2021:09:31:54 -0300] "GET /cormun/servlet/solicitudotadjuntos?cd9d0e49539706abf810fdfde889016606387650b6269739bb84e1645738b91b,gx-no-cache=1632831619058 HTTP/1.1" 200 30
190.171.141.90 - - [28/Sep/2021:09:31:54 -0300] "GET /cormun/servlet/solicitudotadjuntos?cd9d0e49539706abf810fdfde889016606387650b6269739bb84e1645738b91b,gx-no-cache=1632831619116 HTTP/1.1" 200 30
190.171.141.90 - - [28/Sep/2021:09:31:55 -0300] "POST /cormun/servlet/solicitudotadjuntos?2850cb6a87fb9dc1c5157290469b6d1c,INS,2021,17554,,1, HTTP/1.1" 200 116
190.171.141.90 - - [28/Sep/2021:09:31:55 -0300] "GET /cormun/servlet/hpexe_return? HTTP/1.1" 200 1030
190.171.141.90 - - [28/Sep/2021:09:31:55 -0300] "GET /cormun/servlet/trsolicitudadjuntos?2021,17554, HTTP/1.1" 200 10017
190.171.141.90 - - [28/Sep/2021:09:31:55 -0300] "GET /cormun/servlet/trsolicitudadjuntos?2021,17554, HTTP/1.1" 200 10014
190.171.141.90 - - [28/Sep/2021:09:32:00 -0300] "GET /cormun/servlet/solicitudotadjuntos?INS,2021,17554,,2, HTTP/1.1" 200 6030
190.171.141.90 - - [28/Sep/2021:09:32:00 -0300] "GET /cormun/static/about:blank HTTP/1.1" 404 1011
190.171.141.90 - - [28/Sep/2021:09:32:01 -0300] "GET /cormun/servlet/solicitudotadjuntos?INS,2021,17554,,2, HTTP/1.1" 200 6024
190.171.141.90 - - [28/Sep/2021:09:32:01 -0300] "GET /cormun/servlet/solicitudotadjuntos?cd9d0e49539706abf810fdfde8890166caf2334c045fb4be6495e3c514cf0e38c0a98fb8003eea87b6d2bf934fb4cda4,gx-no-cache=1632831625764 HTTP/1.1" 200 30
190.171.141.90 - - [28/Sep/2021:09:32:01 -0300] "POST /cormun/servlet/solicitudotadjuntos?2850cb6a87fb9dc1c5157290469b6d1c,INS,2021,17554,,2,,gx-no-cache=1632831625799 HTTP/1.1" 200 4042
45.232.93.129 - - [28/Sep/2021:09:32:48 -0300] "GET /cormun/servlet/hlogin HTTP/1.1" 200 1731
45.232.93.129 - - [28/Sep/2021:09:32:49 -0300] "GET /cormun/static/gxtimezone.js?85251 HTTP/1.1" 200 5781
45.232.93.129 - - [28/Sep/2021:09:32:49 -0300] "GET /cormun/static/gxcfg.js?201910216285969 HTTP/1.1" 200 953
45.232.93.129 - - [28/Sep/2021:09:32:49 -0300] "GET /cormun/static/hlogin.js?201910216285995 HTTP/1.1" 200 2136
45.232.93.129 - - [28/Sep/2021:09:32:49 -0300] "GET /cormun/static/messages.spa.js?85251 HTTP/1.1" 200 30736
45.232.93.129 - - [28/Sep/2021:09:32:49 -0300] "GET /cormun/static/Resources/Spanish/PXTools.css?2294816 HTTP/1.1" 200 100853
45.232.93.129 - - [28/Sep/2021:09:32:49 -0300] "GET /cormun/static/gxgral.js?85251 HTTP/1.1" 200 384558
190.208.14.9 - - [28/Sep/2021:09:32:49 -0300] "GET /cormun/servlet/hlogin HTTP/1.1" 200 1728
45.232.93.129 - - [28/Sep/2021:09:32:49 -0300] "GET /cormun/static/Resources/PXToolsButtonLeft.png HTTP/1.1" 200 1310
45.232.93.129 - - [28/Sep/2021:09:32:49 -0300] "GET /cormun/static/Resources/PXToolsButtonRight.png HTTP/1.1" 200 1294
45.232.93.129 - - [28/Sep/2021:09:32:49 -0300] "GET /cormun/static/Resources/indicator.gif HTTP/1.1" 200 1553
45.232.93.129 - - [28/Sep/2021:09:32:49 -0300] "GET /cormun/static/Resources/PXToolsLoginTop.png HTTP/1.1" 200 1337
45.232.93.129 - - [28/Sep/2021:09:32:49 -0300] "GET /cormun/static/Resources/PXToolsLoginBackground.png HTTP/1.1" 200 1164
45.232.93.129 - - [28/Sep/2021:09:32:49 -0300] "GET /cormun/servlet/hlogin HTTP/1.1" 200 1740
45.232.93.129 - - [28/Sep/2021:09:32:49 -0300] "GET /cormun/static/Resources/Logo2019_Grande.png HTTP/1.1" 200 31733
45.232.93.129 - - [28/Sep/2021:09:32:49 -0300] "GET /cormun/static/Resources/PXToolsButtonBackground.png HTTP/1.1" 200 1176
45.232.93.129 - - [28/Sep/2021:09:32:49 -0300] "GET /cormun/static/Resources/PXToolsLoginBottom.png HTTP/1.1" 200 1389
45.232.93.129 - - [28/Sep/2021:09:32:50 -0300] "GET /favicon.ico HTTP/1.1" 200 21630
190.208.14.9 - - [28/Sep/2021:09:32:50 -0300] "GET /cormun/static/gxcfg.js?201910216285969 HTTP/1.1" 200 953
190.208.14.9 - - [28/Sep/2021:09:32:50 -0300] "GET /cormun/static/gxtimezone.js?85251 HTTP/1.1" 200 5781
190.208.14.9 - - [28/Sep/2021:09:32:50 -0300] "GET /cormun/static/Resources/Spanish/PXTools.css?2294816 HTTP/1.1" 200 100853
190.208.14.9 - - [28/Sep/2021:09:32:51 -0300] "GET /cormun/static/gxgral.js?85251 HTTP/1.1" 200 384558
190.208.14.9 - - [28/Sep/2021:09:32:51 -0300] "GET /cormun/static/messages.spa.js?85251 HTTP/1.1" 200 30736
190.208.14.9 - - [28/Sep/2021:09:32:52 -0300] "GET /cormun/static/hlogin.js?201910216285995 HTTP/1.1" 200 2136
190.208.14.9 - - [28/Sep/2021:09:32:52 -0300] "GET /cormun/static/Resources/Logo2019_Grande.png HTTP/1.1" 200 31733
190.208.14.9 - - [28/Sep/2021:09:32:53 -0300] "GET /cormun/static/Resources/PXToolsLoginTop.png HTTP/1.1" 200 1337
190.208.14.9 - - [28/Sep/2021:09:32:53 -0300] "GET /cormun/static/Resources/PXToolsLoginBackground.png HTTP/1.1" 200 1164
190.208.14.9 - - [28/Sep/2021:09:32:53 -0300] "GET /cormun/static/Resources/PXToolsButtonLeft.png HTTP/1.1" 200 1310
190.208.14.9 - - [28/Sep/2021:09:32:53 -0300] "GET /cormun/static/Resources/PXToolsButtonRight.png HTTP/1.1" 200 1294
190.208.14.9 - - [28/Sep/2021:09:32:53 -0300] "GET /cormun/static/Resources/PXToolsLoginBottom.png HTTP/1.1" 200 1389
190.208.14.9 - - [28/Sep/2021:09:32:53 -0300] "GET /cormun/static/Resources/PXToolsButtonBackground.png HTTP/1.1" 200 1176
190.208.14.9 - - [28/Sep/2021:09:32:54 -0300] "GET /cormun/servlet/hlogin HTTP/1.1" 200 1734
190.208.14.9 - - [28/Sep/2021:09:32:54 -0300] "GET /cormun/static/Resources/indicator.gif HTTP/1.1" 200 1553
190.208.14.9 - - [28/Sep/2021:09:32:54 -0300] "GET /cormun/static/Resources/indicator.gif HTTP/1.1" 200 1553
190.171.141.90 - - [28/Sep/2021:09:33:02 -0300] "POST /cormun/servlet/solicitudotadjuntos?2850cb6a87fb9dc1c5157290469b6d1c,INS,2021,17554,,2,,gx-no-cache=1632831686301 HTTP/1.1" 200 93
190.171.141.90 - - [28/Sep/2021:09:33:02 -0300] "GET /cormun/servlet/hpexe_return? HTTP/1.1" 200 1030
190.171.141.90 - - [28/Sep/2021:09:33:02 -0300] "GET /cormun/servlet/trsolicitudadjuntos?2021,17554, HTTP/1.1" 200 10017
190.171.141.90 - - [28/Sep/2021:09:33:03 -0300] "GET /cormun/servlet/trsolicitudadjuntos?2021,17554, HTTP/1.1" 200 10018
58.97.222.46 - - [28/Sep/2021:09:33:03 -0300] "GET / HTTP/1.1" 200 11217
190.171.141.90 - - [28/Sep/2021:09:33:07 -0300] "GET /cormun/PublicTempStorage/titulo_jose_antonio_ruiz5441998.pdf HTTP/1.1" 200 276603
190.171.141.90 - - [28/Sep/2021:09:33:16 -0300] "GET /cormun/servlet/trsolicitudadjuntos?2021,17554, HTTP/1.1" 200 10012
190.171.141.90 - - [28/Sep/2021:09:33:17 -0300] "GET /cormun/servlet/trsolicitudadjuntos?2021,17554, HTTP/1.1" 200 10014
190.171.141.90 - - [28/Sep/2021:09:33:20 -0300] "GET /cormun/servlet/solicitudotadjuntos?INS,2021,17554,,1, HTTP/1.1" 200 6033
190.171.141.90 - - [28/Sep/2021:09:33:20 -0300] "GET /cormun/static/about:blank HTTP/1.1" 404 1011
190.171.141.90 - - [28/Sep/2021:09:33:20 -0300] "GET /cormun/servlet/solicitudotadjuntos?INS,2021,17554,,1, HTTP/1.1" 200 6026
190.171.141.90 - - [28/Sep/2021:09:33:21 -0300] "GET /cormun/servlet/solicitudotadjuntos?cd9d0e49539706abf810fdfde8890166caf2334c045fb4be6495e3c514cf0e38c0a98fb8003eea87b6d2bf934fb4cda4,gx-no-cache=1632831705498 HTTP/1.1" 200 30
190.171.141.90 - - [28/Sep/2021:09:33:21 -0300] "POST /cormun/servlet/solicitudotadjuntos?2850cb6a87fb9dc1c5157290469b6d1c,INS,2021,17554,,1,,gx-no-cache=1632831705531 HTTP/1.1" 200 3900
190.171.141.90 - - [28/Sep/2021:09:33:24 -0300] "POST /cormun/servlet/solicitudotadjuntos?gx-no-cache=1632831709188 HTTP/1.1" 200 26
190.171.141.106 - - [28/Sep/2021:09:33:31 -0300] "GET /cormun/servlet/hhome HTTP/1.1" 200 3312
190.171.141.106 - - [28/Sep/2021:09:33:32 -0300] "GET /cormun/servlet/hhome HTTP/1.1" 200 3322
190.171.141.106 - - [28/Sep/2021:09:33:32 -0300] "GET /cormun/servlet/hlogin HTTP/1.1" 200 1734
190.171.141.106 - - [28/Sep/2021:09:33:37 -0300] "POST /cormun/servlet/hlogin?7947023495cd4efd6c78bf86fbd89352,gx-no-cache=1632831733451 HTTP/1.1" 200 90
190.171.141.106 - - [28/Sep/2021:09:33:37 -0300] "GET /cormun/servlet/hpexe_link HTTP/1.1" 200 948
190.171.141.106 - - [28/Sep/2021:09:33:37 -0300] "GET /cormun/servlet/hhome HTTP/1.1" 200 4216
190.171.141.106 - - [28/Sep/2021:09:33:38 -0300] "GET /cormun/servlet/hhome HTTP/1.1" 200 4212
191.114.224.236 - - [28/Sep/2021:09:33:38 -0300] "GET /cormun/servlet/solicitudotadjuntos?INS,2021,17556,,1, HTTP/1.1" 200 6352
191.114.224.236 - - [28/Sep/2021:09:33:38 -0300] "GET /cormun/static/about:blank HTTP/1.1" 404 1011
191.114.224.236 - - [28/Sep/2021:09:33:38 -0300] "GET /cormun/servlet/solicitudotadjuntos?INS,2021,17556,,1, HTTP/1.1" 200 6345
191.114.224.236 - - [28/Sep/2021:09:33:38 -0300] "GET /cormun/servlet/solicitudotadjuntos?e36b0e2f96db69ea9105d755683677909a25eff742fec556c1fe2dc91abdfca110ea159b51f5f00743c73b9e9ca93b42,gx-no-cache=1632831723363 HTTP/1.1" 200 30
191.114.224.236 - - [28/Sep/2021:09:33:39 -0300] "POST /cormun/servlet/solicitudotadjuntos?f4da8b21a8403ec64d3f0ac536758352,INS,2021,17556,,1,,gx-no-cache=1632831723433 HTTP/1.1" 200 4149
191.114.224.236 - - [28/Sep/2021:09:33:42 -0300] "POST /cormun/servlet/solicitudotadjuntos?gx-no-cache=1632831726789 HTTP/1.1" 200 26
190.171.141.106 - - [28/Sep/2021:09:33:42 -0300] "GET /cormun/servlet/trlicencias? HTTP/1.1" 200 11119
190.171.141.106 - - [28/Sep/2021:09:33:43 -0300] "GET /cormun/servlet/trlicencias? HTTP/1.1" 200 11117
191.114.224.236 - - [28/Sep/2021:09:33:51 -0300] "GET /cormun/servlet/solicitudotadjuntos?e36b0e2f96db69ea9105d75568367790e68a79d9f6982de4771553f8cd889e60,gx-no-cache=1632831736042 HTTP/1.1" 200 30
191.114.224.236 - - [28/Sep/2021:09:33:51 -0300] "GET /cormun/servlet/solicitudotadjuntos?e36b0e2f96db69ea9105d75568367790e68a79d9f6982de4771553f8cd889e60,gx-no-cache=1632831736085 HTTP/1.1" 200 30
191.114.224.236 - - [28/Sep/2021:09:33:52 -0300] "POST /cormun/servlet/solicitudotadjuntos?f4da8b21a8403ec64d3f0ac536758352,INS,2021,17556,,1, HTTP/1.1" 200 116
191.114.224.236 - - [28/Sep/2021:09:33:53 -0300] "GET /cormun/servlet/hpexe_return? HTTP/1.1" 200 1028
191.114.224.236 - - [28/Sep/2021:09:33:53 -0300] "GET /cormun/servlet/trsolicitudadjuntos?2021,17556, HTTP/1.1" 200 9636
191.114.224.236 - - [28/Sep/2021:09:33:53 -0300] "GET /cormun/servlet/trsolicitudadjuntos?2021,17556, HTTP/1.1" 200 9633
191.114.224.236 - - [28/Sep/2021:09:33:59 -0300] "GET /cormun/servlet/solicitudotadjuntos?INS,2021,17556,,1, HTTP/1.1" 200 6353
191.114.224.236 - - [28/Sep/2021:09:33:59 -0300] "GET /cormun/static/about:blank HTTP/1.1" 404 1011
191.114.224.236 - - [28/Sep/2021:09:33:59 -0300] "GET /cormun/servlet/solicitudotadjuntos?INS,2021,17556,,1, HTTP/1.1" 200 6346
191.114.224.236 - - [28/Sep/2021:09:34:00 -0300] "GET /cormun/servlet/solicitudotadjuntos?e36b0e2f96db69ea9105d755683677909a25eff742fec556c1fe2dc91abdfca110ea159b51f5f00743c73b9e9ca93b42,gx-no-cache=1632831744836 HTTP/1.1" 200 30
191.114.224.236 - - [28/Sep/2021:09:34:00 -0300] "POST /cormun/servlet/solicitudotadjuntos?f4da8b21a8403ec64d3f0ac536758352,INS,2021,17556,,1,,gx-no-cache=1632831744889 HTTP/1.1" 200 4149
191.114.224.236 - - [28/Sep/2021:09:34:03 -0300] "POST /cormun/servlet/solicitudotadjuntos?gx-no-cache=1632831748321 HTTP/1.1" 200 26
191.114.224.236 - - [28/Sep/2021:09:34:10 -0300] "GET /cormun/servlet/solicitudotadjuntos?e36b0e2f96db69ea9105d75568367790e68a79d9f6982de4771553f8cd889e60,gx-no-cache=1632831755401 HTTP/1.1" 200 30
191.114.224.236 - - [28/Sep/2021:09:34:11 -0300] "GET /cormun/servlet/solicitudotadjuntos?e36b0e2f96db69ea9105d75568367790e68a79d9f6982de4771553f8cd889e60,gx-no-cache=1632831755445 HTTP/1.1" 200 30
191.114.224.236 - - [28/Sep/2021:09:34:12 -0300] "POST /cormun/servlet/solicitudotadjuntos?f4da8b21a8403ec64d3f0ac536758352,INS,2021,17556,,1, HTTP/1.1" 200 116
191.114.224.236 - - [28/Sep/2021:09:34:12 -0300] "GET /cormun/servlet/hpexe_return? HTTP/1.1" 200 1028
191.114.224.236 - - [28/Sep/2021:09:34:12 -0300] "GET /cormun/servlet/trsolicitudadjuntos?2021,17556, HTTP/1.1" 200 9837
191.114.224.236 - - [28/Sep/2021:09:34:13 -0300] "GET /cormun/servlet/trsolicitudadjuntos?2021,17556, HTTP/1.1" 200 9836
190.171.141.106 - - [28/Sep/2021:09:34:14 -0300] "GET /cormun/servlet/alicenciaprn?16745353,L,20210927000000,PU HTTP/1.1" 200 1547
191.114.224.236 - - [28/Sep/2021:09:34:16 -0300] "GET /cormun/servlet/solicitudotadjuntos?INS,2021,17556,,1, HTTP/1.1" 200 6353
191.114.224.236 - - [28/Sep/2021:09:34:16 -0300] "GET /cormun/static/about:blank HTTP/1.1" 404 1011
191.114.224.236 - - [28/Sep/2021:09:34:16 -0300] "GET /cormun/servlet/solicitudotadjuntos?INS,2021,17556,,1, HTTP/1.1" 200 6346
191.114.224.236 - - [28/Sep/2021:09:34:16 -0300] "GET /cormun/servlet/solicitudotadjuntos?e36b0e2f96db69ea9105d755683677909a25eff742fec556c1fe2dc91abdfca110ea159b51f5f00743c73b9e9ca93b42,gx-no-cache=1632831761251 HTTP/1.1" 200 30
191.114.224.236 - - [28/Sep/2021:09:34:17 -0300] "POST /cormun/servlet/solicitudotadjuntos?f4da8b21a8403ec64d3f0ac536758352,INS,2021,17556,,1,,gx-no-cache=1632831761314 HTTP/1.1" 200 4149
191.114.224.236 - - [28/Sep/2021:09:34:19 -0300] "POST /cormun/servlet/solicitudotadjuntos?gx-no-cache=1632831764329 HTTP/1.1" 200 26
191.114.224.236 - - [28/Sep/2021:09:34:25 -0300] "GET /cormun/servlet/solicitudotadjuntos?e36b0e2f96db69ea9105d75568367790e68a79d9f6982de4771553f8cd889e60,gx-no-cache=1632831770289 HTTP/1.1" 200 30
191.114.224.236 - - [28/Sep/2021:09:34:25 -0300] "GET /cormun/servlet/solicitudotadjuntos?e36b0e2f96db69ea9105d75568367790e68a79d9f6982de4771553f8cd889e60,gx-no-cache=1632831770332 HTTP/1.1" 200 30
191.114.224.236 - - [28/Sep/2021:09:34:26 -0300] "POST /cormun/servlet/solicitudotadjuntos?f4da8b21a8403ec64d3f0ac536758352,INS,2021,17556,,1, HTTP/1.1" 200 116
191.114.224.236 - - [28/Sep/2021:09:34:27 -0300] "GET /cormun/servlet/hpexe_return? HTTP/1.1" 200 1028
191.114.224.236 - - [28/Sep/2021:09:34:27 -0300] "GET /cormun/servlet/trsolicitudadjuntos?2021,17556, HTTP/1.1" 200 10126
191.114.224.236 - - [28/Sep/2021:09:34:27 -0300] "GET /cormun/servlet/trsolicitudadjuntos?2021,17556, HTTP/1.1" 200 10126
191.114.224.236 - - [28/Sep/2021:09:34:30 -0300] "GET /cormun/servlet/solicitudotadjuntos?INS,2021,17556,,1, HTTP/1.1" 200 6353
191.114.224.236 - - [28/Sep/2021:09:34:30 -0300] "GET /cormun/static/about:blank HTTP/1.1" 404 1011
191.114.224.236 - - [28/Sep/2021:09:34:30 -0300] "GET /cormun/servlet/solicitudotadjuntos?INS,2021,17556,,1, HTTP/1.1" 200 6346
191.114.224.236 - - [28/Sep/2021:09:34:30 -0300] "GET /cormun/servlet/solicitudotadjuntos?e36b0e2f96db69ea9105d755683677909a25eff742fec556c1fe2dc91abdfca110ea159b51f5f00743c73b9e9ca93b42,gx-no-cache=1632831775216 HTTP/1.1" 200 30
191.114.224.236 - - [28/Sep/2021:09:34:31 -0300] "POST /cormun/servlet/solicitudotadjuntos?f4da8b21a8403ec64d3f0ac536758352,INS,2021,17556,,1,,gx-no-cache=1632831775279 HTTP/1.1" 200 4149
191.114.224.236 - - [28/Sep/2021:09:34:34 -0300] "POST /cormun/servlet/solicitudotadjuntos?gx-no-cache=1632831778889 HTTP/1.1" 200 26
191.114.224.236 - - [28/Sep/2021:09:34:40 -0300] "GET /cormun/servlet/solicitudotadjuntos?e36b0e2f96db69ea9105d75568367790e68a79d9f6982de4771553f8cd889e60,gx-no-cache=1632831784472 HTTP/1.1" 200 30
191.114.224.236 - - [28/Sep/2021:09:34:40 -0300] "GET /cormun/servlet/solicitudotadjuntos?e36b0e2f96db69ea9105d75568367790e68a79d9f6982de4771553f8cd889e60,gx-no-cache=1632831784516 HTTP/1.1" 200 30
191.114.224.236 - - [28/Sep/2021:09:34:50 -0300] "POST /cormun/servlet/solicitudotadjuntos?f4da8b21a8403ec64d3f0ac536758352,INS,2021,17556,,1, HTTP/1.1" 200 116
191.114.224.236 - - [28/Sep/2021:09:34:51 -0300] "GET /cormun/servlet/hpexe_return? HTTP/1.1" 200 1028
191.114.224.236 - - [28/Sep/2021:09:34:51 -0300] "GET /cormun/servlet/trsolicitudadjuntos?2021,17556, HTTP/1.1" 200 10304
191.114.224.236 - - [28/Sep/2021:09:34:52 -0300] "GET /cormun/servlet/trsolicitudadjuntos?2021,17556, HTTP/1.1" 200 10301
191.114.224.236 - - [28/Sep/2021:09:34:54 -0300] "GET /cormun/servlet/solicitudotadjuntos?INS,2021,17556,,2, HTTP/1.1" 200 6350
191.114.224.236 - - [28/Sep/2021:09:34:55 -0300] "GET /cormun/static/about:blank HTTP/1.1" 404 1011
191.114.224.236 - - [28/Sep/2021:09:34:55 -0300] "GET /cormun/servlet/solicitudotadjuntos?INS,2021,17556,,2, HTTP/1.1" 200 6344
191.114.224.236 - - [28/Sep/2021:09:34:55 -0300] "GET /cormun/servlet/solicitudotadjuntos?e36b0e2f96db69ea9105d755683677909a25eff742fec556c1fe2dc91abdfca110ea159b51f5f00743c73b9e9ca93b42,gx-no-cache=1632831800082 HTTP/1.1" 200 30
191.114.224.236 - - [28/Sep/2021:09:34:56 -0300] "POST /cormun/servlet/solicitudotadjuntos?f4da8b21a8403ec64d3f0ac536758352,INS,2021,17556,,2,,gx-no-cache=1632831800153 HTTP/1.1" 200 4362
191.114.224.236 - - [28/Sep/2021:09:34:58 -0300] "POST /cormun/servlet/solicitudotadjuntos?gx-no-cache=1632831803321 HTTP/1.1" 200 26
191.114.224.236 - - [28/Sep/2021:09:35:05 -0300] "GET /cormun/servlet/solicitudotadjuntos?e36b0e2f96db69ea9105d75568367790e68a79d9f6982de4771553f8cd889e60,gx-no-cache=1632831810240 HTTP/1.1" 200 30
191.114.224.236 - - [28/Sep/2021:09:35:05 -0300] "GET /cormun/servlet/solicitudotadjuntos?e36b0e2f96db69ea9105d75568367790e68a79d9f6982de4771553f8cd889e60,gx-no-cache=1632831810284 HTTP/1.1" 200 30
191.114.224.236 - - [28/Sep/2021:09:35:07 -0300] "POST /cormun/servlet/solicitudotadjuntos?f4da8b21a8403ec64d3f0ac536758352,INS,2021,17556,,2, HTTP/1.1" 200 116
191.114.224.236 - - [28/Sep/2021:09:35:07 -0300] "GET /cormun/servlet/hpexe_return? HTTP/1.1" 200 1028
191.114.224.236 - - [28/Sep/2021:09:35:07 -0300] "GET /cormun/servlet/trsolicitudadjuntos?2021,17556, HTTP/1.1" 200 10443
