190.171.153.34 - - [28/Sep/2021:11:08:10 -0300] "GET /cormun/servlet/solicitudotadjuntos?INS,2021,17559,,1, HTTP/1.1" 200 6385
190.171.153.34 - - [28/Sep/2021:11:08:11 -0300] "GET /cormun/static/about:blank HTTP/1.1" 404 1011
190.171.153.34 - - [28/Sep/2021:11:08:11 -0300] "GET /cormun/servlet/solicitudotadjuntos?INS,2021,17559,,1, HTTP/1.1" 200 6378
190.171.153.34 - - [28/Sep/2021:11:08:11 -0300] "GET /cormun/servlet/solicitudotadjuntos?c73b1054d4651c76b85d1369b2e01a153c5434e294ba724a19aa06765cc5648cb433123c35da2dd34e8124820bee1621,gx-no-cache=1632837396582 HTTP/1.1" 200 30
190.171.153.34 - - [28/Sep/2021:11:08:11 -0300] "POST /cormun/servlet/solicitudotadjuntos?a20e394f2d22d930cb9eade20929f3a1,INS,2021,17559,,1,,gx-no-cache=1632837396633 HTTP/1.1" 200 4146
190.171.153.34 - - [28/Sep/2021:11:08:17 -0300] "POST /cormun/servlet/solicitudotadjuntos?gx-no-cache=1632837402604 HTTP/1.1" 200 26
190.171.141.90 - - [28/Sep/2021:11:08:20 -0300] "GET /cormun/servlet/trsolicitudot? HTTP/1.1" 200 7206
190.171.141.90 - - [28/Sep/2021:11:08:21 -0300] "GET /cormun/servlet/trsolicitudot? HTTP/1.1" 200 7206
190.171.141.90 - - [28/Sep/2021:11:08:23 -0300] "GET /cormun/servlet/solicitudot?INS,0,0,false, HTTP/1.1" 200 15552
190.171.141.90 - - [28/Sep/2021:11:08:24 -0300] "GET /cormun/servlet/solicitudot?INS,0,0,false, HTTP/1.1" 200 15560
190.171.153.34 - - [28/Sep/2021:11:08:27 -0300] "GET /cormun/servlet/solicitudotadjuntos?c73b1054d4651c76b85d1369b2e01a156a959598162bddc91453ce9384e1a8c9,gx-no-cache=1632837412186 HTTP/1.1" 200 30
190.171.153.34 - - [28/Sep/2021:11:08:27 -0300] "GET /cormun/servlet/solicitudotadjuntos?c73b1054d4651c76b85d1369b2e01a156a959598162bddc91453ce9384e1a8c9,gx-no-cache=1632837412204 HTTP/1.1" 200 30
190.171.153.34 - - [28/Sep/2021:11:08:27 -0300] "POST /cormun/servlet/solicitudotadjuntos?a20e394f2d22d930cb9eade20929f3a1,INS,2021,17559,,1, HTTP/1.1" 200 116
190.171.153.34 - - [28/Sep/2021:11:08:27 -0300] "GET /cormun/servlet/hpexe_return? HTTP/1.1" 200 1024
190.171.153.34 - - [28/Sep/2021:11:08:27 -0300] "GET /cormun/servlet/trsolicitudadjuntos?2021,17559, HTTP/1.1" 200 10390
190.171.153.34 - - [28/Sep/2021:11:08:28 -0300] "GET /cormun/servlet/trsolicitudadjuntos?2021,17559, HTTP/1.1" 200 10389
190.171.149.82 - - [28/Sep/2021:11:08:50 -0300] "GET /cormun/servlet/trautorizarpermisogoce? HTTP/1.1" 200 8570
190.171.149.82 - - [28/Sep/2021:11:08:51 -0300] "GET /cormun/servlet/trautorizarpermisogoce? HTTP/1.1" 200 8569
190.171.153.34 - - [28/Sep/2021:11:08:54 -0300] "GET /cormun/servlet/trautorizarsolicitud? HTTP/1.1" 200 7463
190.171.153.34 - - [28/Sep/2021:11:08:54 -0300] "GET /cormun/static/gxcfg.js?201991422414522 HTTP/1.1" 200 953
190.171.153.34 - - [28/Sep/2021:11:08:55 -0300] "GET /cormun/static/trautorizarsolicitud.js?201991422415463 HTTP/1.1" 200 53910
190.171.153.34 - - [28/Sep/2021:11:08:55 -0300] "GET /cormun/servlet/trautorizarsolicitud? HTTP/1.1" 200 7448
190.171.142.50 - - [28/Sep/2021:11:08:55 -0300] "GET /cormun/servlet/hlogin HTTP/1.1" 200 1726
190.171.149.82 - - [28/Sep/2021:11:08:56 -0300] "GET /cormun/servlet/trpermisosadjuntos?13098058,20210928095848,P, HTTP/1.1" 200 6968
190.171.149.82 - - [28/Sep/2021:11:08:57 -0300] "GET /cormun/servlet/trpermisosadjuntos?13098058,20210928095848,P, HTTP/1.1" 200 6969
190.171.149.82 - - [28/Sep/2021:11:08:59 -0300] "GET /cormun/PublicTempStorage/tia_carolina192671.pdf HTTP/1.1" 200 91505
190.171.153.34 - - [28/Sep/2021:11:09:01 -0300] "GET /cormun/servlet/trsolicitudot? HTTP/1.1" 200 8961
190.171.153.34 - - [28/Sep/2021:11:09:01 -0300] "GET /cormun/servlet/trsolicitudot? HTTP/1.1" 200 8960
190.171.142.50 - - [28/Sep/2021:11:09:02 -0300] "POST /cormun/servlet/hlogin?25289af4886711532450eff1efac8222,gx-no-cache=1632841044688 HTTP/1.1" 200 90
190.171.142.50 - - [28/Sep/2021:11:09:02 -0300] "GET /cormun/servlet/hpexe_link HTTP/1.1" 200 952
190.171.142.50 - - [28/Sep/2021:11:09:02 -0300] "GET /cormun/servlet/hhome HTTP/1.1" 200 3944
190.171.142.50 - - [28/Sep/2021:11:09:02 -0300] "GET /cormun/servlet/hhome HTTP/1.1" 200 3940
190.171.142.50 - - [28/Sep/2021:11:09:06 -0300] "GET /cormun/servlet/trlicencias? HTTP/1.1" 200 10821
190.171.142.50 - - [28/Sep/2021:11:09:06 -0300] "GET /cormun/servlet/trlicencias? HTTP/1.1" 200 10818
190.171.141.90 - - [28/Sep/2021:11:09:07 -0300] "POST /cormun/servlet/solicitudot?gx-no-cache=1632837451811 HTTP/1.1" 200 3728
190.171.141.90 - - [28/Sep/2021:11:09:07 -0300] "POST /cormun/servlet/solicitudot?496eafce971a727e178dbc7620f5b50e,INS,0,0,false,,gx-no-cache=1632837451941 HTTP/1.1" 200 12236
190.171.149.82 - - [28/Sep/2021:11:09:09 -0300] "GET /cormun/servlet/trpermisosadjuntos?13098058,20210928095848,P, HTTP/1.1" 200 6970
190.171.149.82 - - [28/Sep/2021:11:09:09 -0300] "GET /cormun/servlet/trpermisosadjuntos?13098058,20210928095848,P, HTTP/1.1" 200 6969
190.171.141.90 - - [28/Sep/2021:11:09:10 -0300] "GET /cormun/servlet/solicitudot?413764adcb3d16c5ed820ea2752bb4a65c77ed5b229c470f9af70192f2c36560ebc15980ce408da8493debe3c5d2f55a,gx-no-cache=1632837454671 HTTP/1.1" 200 30
190.171.149.82 - - [28/Sep/2021:11:09:12 -0300] "GET /cormun/servlet/trautorizarpermisogoce? HTTP/1.1" 200 8570
190.171.149.82 - - [28/Sep/2021:11:09:12 -0300] "GET /cormun/servlet/trautorizarpermisogoce? HTTP/1.1" 200 8569
190.171.153.34 - - [28/Sep/2021:11:09:13 -0300] "POST /cormun/servlet/trsolicitudot?a20e394f2d22d930cb9eade20929f3a1,,gx-no-cache=1632837458717 HTTP/1.1" 200 4857
190.171.153.34 - - [28/Sep/2021:11:09:13 -0300] "GET /cormun/static/Shared/jqueryui/images/ui-bg_highlight-soft_100_c6c2c8_1x100.png HTTP/1.1" 404 1117
190.171.153.34 - - [28/Sep/2021:11:09:13 -0300] "GET /cormun/static/Shared/jqueryui/images/ui-icons_82798d_256x240.png HTTP/1.1" 404 1089
190.171.153.34 - - [28/Sep/2021:11:09:13 -0300] "GET /cormun/static/Shared/jqueryui/images/ui-icons_8d78a5_256x240.png HTTP/1.1" 404 1089
190.171.153.34 - - [28/Sep/2021:11:09:13 -0300] "GET /cormun/static/Shared/jqueryui/images/ui-bg_flat_55_fafafa_40x100.png HTTP/1.1" 404 1097
190.171.153.34 - - [28/Sep/2021:11:09:13 -0300] "POST /cormun/servlet/trsolicitudot?a20e394f2d22d930cb9eade20929f3a1,,gx-no-cache=1632837458931 HTTP/1.1" 200 4613
190.171.149.82 - - [28/Sep/2021:11:09:17 -0300] "POST /cormun/servlet/trautorizarpermisogoce?536d2253faacc4f8a4220b0aad70a181,,gx-no-cache=1632837462361 HTTP/1.1" 200 4412
190.171.149.82 - - [28/Sep/2021:11:09:21 -0300] "POST /cormun/servlet/trautorizarpermisogoce?536d2253faacc4f8a4220b0aad70a181,,gx-no-cache=1632837466936 HTTP/1.1" 200 5967
190.171.153.34 - - [28/Sep/2021:11:09:21 -0300] "GET /cormun/servlet/trvisualizadoreventos? HTTP/1.1" 200 7128
190.171.153.34 - - [28/Sep/2021:11:09:21 -0300] "GET /cormun/static/gxcfg.js?20199142243133 HTTP/1.1" 200 953
190.171.153.34 - - [28/Sep/2021:11:09:21 -0300] "GET /cormun/static/Resources/PXToolsActionPrint.png HTTP/1.1" 200 404
190.171.153.34 - - [28/Sep/2021:11:09:21 -0300] "GET /cormun/static/trvisualizadoreventos.js?201991422431650 HTTP/1.1" 200 19318
190.171.153.34 - - [28/Sep/2021:11:09:22 -0300] "GET /cormun/servlet/trvisualizadoreventos? HTTP/1.1" 200 7128
190.171.142.50 - - [28/Sep/2021:11:09:24 -0300] "GET /cormun/servlet/trpermisosgoce? HTTP/1.1" 200 10475
190.171.142.50 - - [28/Sep/2021:11:09:24 -0300] "GET /cormun/servlet/trpermisosgoce? HTTP/1.1" 200 10477
190.171.153.34 - - [28/Sep/2021:11:09:30 -0300] "GET /cormun/servlet/trsolicitudot? HTTP/1.1" 200 7566
190.171.153.34 - - [28/Sep/2021:11:09:30 -0300] "GET /cormun/servlet/trsolicitudot? HTTP/1.1" 200 7565
190.171.153.34 - - [28/Sep/2021:11:09:33 -0300] "GET /cormun/servlet/trautorizarsolicitud? HTTP/1.1" 200 8854
190.171.153.34 - - [28/Sep/2021:11:09:33 -0300] "GET /cormun/servlet/trautorizarsolicitud? HTTP/1.1" 200 8853
190.171.153.34 - - [28/Sep/2021:11:09:40 -0300] "POST /cormun/servlet/trautorizarsolicitud?a20e394f2d22d930cb9eade20929f3a1,,gx-no-cache=1632837485724 HTTP/1.1" 200 4783
190.171.153.34 - - [28/Sep/2021:11:09:40 -0300] "GET /cormun/static/Shared/jqueryui/images/ui-bg_highlight-soft_100_c6c2c8_1x100.png HTTP/1.1" 404 1117
190.171.153.34 - - [28/Sep/2021:11:09:40 -0300] "GET /cormun/static/Shared/jqueryui/images/ui-bg_flat_55_fafafa_40x100.png HTTP/1.1" 404 1097
190.171.153.34 - - [28/Sep/2021:11:09:40 -0300] "GET /cormun/static/Shared/jqueryui/images/ui-icons_8d78a5_256x240.png HTTP/1.1" 404 1089
190.171.153.34 - - [28/Sep/2021:11:09:40 -0300] "GET /cormun/static/Shared/jqueryui/images/ui-icons_82798d_256x240.png HTTP/1.1" 404 1089
190.171.153.34 - - [28/Sep/2021:11:09:40 -0300] "POST /cormun/servlet/trautorizarsolicitud?a20e394f2d22d930cb9eade20929f3a1,,gx-no-cache=1632837485896 HTTP/1.1" 200 4540
190.171.153.34 - - [28/Sep/2021:11:09:46 -0300] "GET /cormun/servlet/trvisualizadoreventos? HTTP/1.1" 200 7120
190.171.153.34 - - [28/Sep/2021:11:09:46 -0300] "GET /cormun/servlet/trvisualizadoreventos? HTTP/1.1" 200 7119
190.171.153.34 - - [28/Sep/2021:11:09:49 -0300] "GET /cormun/servlet/trsolicitudot? HTTP/1.1" 200 7566
190.171.153.34 - - [28/Sep/2021:11:09:50 -0300] "GET /cormun/servlet/trsolicitudot? HTTP/1.1" 200 7565
190.171.149.82 - - [28/Sep/2021:11:09:51 -0300] "GET /cormun/servlet/autorizarpermisogoce?DSP,20372747,P,20210928094405, HTTP/1.1" 200 6166
190.171.149.82 - - [28/Sep/2021:11:09:52 -0300] "GET /cormun/servlet/autorizarpermisogoce?DSP,20372747,P,20210928094405, HTTP/1.1" 200 6167
190.171.153.34 - - [28/Sep/2021:11:09:53 -0300] "GET /cormun/servlet/trautorizarsolicitud? HTTP/1.1" 200 7460
190.171.153.34 - - [28/Sep/2021:11:09:53 -0300] "GET /cormun/servlet/trautorizarsolicitud? HTTP/1.1" 200 7460
190.171.149.82 - - [28/Sep/2021:11:09:55 -0300] "POST /cormun/servlet/autorizarpermisogoce?536d2253faacc4f8a4220b0aad70a181,DSP,20372747,P,20210928094405,,gx-no-cache=1632837500522 HTTP/1.1" 200 93
190.171.149.82 - - [28/Sep/2021:11:09:55 -0300] "GET /cormun/servlet/hpexe_return? HTTP/1.1" 200 1033
190.171.149.82 - - [28/Sep/2021:11:09:55 -0300] "GET /cormun/servlet/trautorizarpermisogoce? HTTP/1.1" 200 8573
190.171.149.82 - - [28/Sep/2021:11:09:55 -0300] "GET /cormun/servlet/trautorizarpermisogoce? HTTP/1.1" 200 8569
190.171.153.34 - - [28/Sep/2021:11:09:56 -0300] "GET /cormun/servlet/trvisualizadoreventos? HTTP/1.1" 200 7120
190.171.153.34 - - [28/Sep/2021:11:09:56 -0300] "GET /cormun/servlet/trvisualizadoreventos? HTTP/1.1" 200 7119
190.171.149.82 - - [28/Sep/2021:11:10:02 -0300] "GET /cormun/servlet/trlicenciaspermisoslog?13098058,P,20210928095848, HTTP/1.1" 200 6409
190.171.149.82 - - [28/Sep/2021:11:10:02 -0300] "GET /cormun/servlet/trlicenciaspermisoslog?13098058,P,20210928095848, HTTP/1.1" 200 6409
190.171.149.82 - - [28/Sep/2021:11:10:12 -0300] "GET /cormun/servlet/trautorizarsolicitud? HTTP/1.1" 200 8710
190.171.149.82 - - [28/Sep/2021:11:10:13 -0300] "GET /cormun/servlet/trautorizarsolicitud? HTTP/1.1" 200 8681
190.171.149.82 - - [28/Sep/2021:11:10:19 -0300] "POST /cormun/servlet/trautorizarsolicitud?536d2253faacc4f8a4220b0aad70a181,,gx-no-cache=1632837524363 HTTP/1.1" 200 5998
190.171.149.82 - - [28/Sep/2021:11:10:19 -0300] "GET /cormun/static/Shared/jqueryui/images/ui-bg_highlight-soft_100_c6c2c8_1x100.png HTTP/1.1" 404 1117
190.171.149.82 - - [28/Sep/2021:11:10:19 -0300] "GET /cormun/static/Shared/jqueryui/images/ui-icons_82798d_256x240.png HTTP/1.1" 404 1089
190.171.149.82 - - [28/Sep/2021:11:10:19 -0300] "GET /cormun/static/Shared/jqueryui/images/ui-icons_8d78a5_256x240.png HTTP/1.1" 404 1089
190.171.149.82 - - [28/Sep/2021:11:10:19 -0300] "GET /cormun/static/Shared/jqueryui/images/ui-bg_flat_55_fafafa_40x100.png HTTP/1.1" 404 1097
190.171.149.82 - - [28/Sep/2021:11:10:30 -0300] "GET /cormun/servlet/trautorizarpermisogoce? HTTP/1.1" 200 8570
190.171.149.82 - - [28/Sep/2021:11:10:30 -0300] "GET /cormun/servlet/trautorizarpermisogoce? HTTP/1.1" 200 8569
190.171.141.82 - - [28/Sep/2021:11:10:34 -0300] "POST /cormun/servlet/trlicencias?58bfd030631870180263a4b74d4904ba,,gx-no-cache=1632837538406 HTTP/1.1" 200 101
190.171.141.82 - - [28/Sep/2021:11:10:34 -0300] "GET /cormun/Licencias-7005.xls HTTP/1.1" 200 6656
190.171.149.82 - - [28/Sep/2021:11:10:36 -0300] "POST /cormun/servlet/trautorizarpermisogoce?536d2253faacc4f8a4220b0aad70a181,,gx-no-cache=1632837542155 HTTP/1.1" 200 5991
190.171.149.82 - - [28/Sep/2021:11:10:36 -0300] "GET /cormun/static/Shared/jqueryui/images/ui-bg_highlight-soft_100_c6c2c8_1x100.png HTTP/1.1" 404 1117
190.171.149.82 - - [28/Sep/2021:11:10:36 -0300] "GET /cormun/static/Shared/jqueryui/images/ui-icons_82798d_256x240.png HTTP/1.1" 404 1089
190.171.149.82 - - [28/Sep/2021:11:10:37 -0300] "GET /cormun/static/Shared/jqueryui/images/ui-bg_flat_55_fafafa_40x100.png HTTP/1.1" 404 1097
190.171.149.82 - - [28/Sep/2021:11:10:37 -0300] "GET /cormun/static/Shared/jqueryui/images/ui-icons_8d78a5_256x240.png HTTP/1.1" 404 1089
190.171.149.82 - - [28/Sep/2021:11:10:48 -0300] "GET /cormun/servlet/trpermisosadjuntos?13098058,20210928095848,P, HTTP/1.1" 200 6970
190.171.149.82 - - [28/Sep/2021:11:10:48 -0300] "GET /cormun/servlet/trpermisosadjuntos?13098058,20210928095848,P, HTTP/1.1" 200 6969
186.67.172.234 - - [28/Sep/2021:11:10:51 -0300] "POST /cormun/servlet/trsolicitudot?d4c0b68bd254fe60db9cb1907372a8cd,gx-no-cache=1632837556724 HTTP/1.1" 200 113
186.67.172.234 - - [28/Sep/2021:11:10:52 -0300] "GET /cormun/servlet/solicitudot?UPD,2021,17558,false, HTTP/1.1" 200 16516
186.67.172.234 - - [28/Sep/2021:11:10:52 -0300] "GET /cormun/servlet/solicitudot?UPD,2021,17558,false, HTTP/1.1" 200 16527
186.67.172.234 - - [28/Sep/2021:11:10:52 -0300] "POST /cormun/servlet/solicitudot?gx-no-cache=1632837557762 HTTP/1.1" 200 3800
186.67.172.234 - - [28/Sep/2021:11:10:53 -0300] "POST /cormun/servlet/solicitudot?d4c0b68bd254fe60db9cb1907372a8cd,UPD,2021,17558,false,,gx-no-cache=1632837557888 HTTP/1.1" 200 12696
186.67.172.234 - - [28/Sep/2021:11:10:53 -0300] "GET /cormun/servlet/solicitudot?8e77746a54e3f92f340c1f67958fb4212f6ce0b70cc217b15d0e2fb8bc56cf52b6b6c01ca264ff5393f09269f0e1f6f3,gx-no-cache=1632837558063 HTTP/1.1" 200 30
186.67.172.234 - - [28/Sep/2021:11:10:53 -0300] "GET /cormun/servlet/solicitudot?8e77746a54e3f92f340c1f67958fb4219da03ae85478d5c282a71c057aaf16fe35e9d9e024083205a168f957126ca3ec71043fad474f32e38a1b1b81f09e0d22,gx-no-cache=1632837558084 HTTP/1.1" 200 30
186.67.172.234 - - [28/Sep/2021:11:10:53 -0300] "GET /cormun/servlet/solicitudot?8e77746a54e3f92f340c1f67958fb421d5e74c8939dc0133a5fd6cbd9e71dea8270c41c9e731250633a8bb610c5784105b8b44e38e1ebfff38b720a0ffbe4fe4,gx-no-cache=1632837558102 HTTP/1.1" 200 53
186.67.172.234 - - [28/Sep/2021:11:10:53 -0300] "POST /cormun/servlet/solicitudot?gx-no-cache=1632837558121 HTTP/1.1" 200 240
186.67.172.234 - - [28/Sep/2021:11:10:53 -0300] "GET /cormun/servlet/solicitudot?8e77746a54e3f92f340c1f67958fb421755893de7c9db268b4bd125d41176ebf7be952db87ab6ea358528716da3bed82481deca9d8e8f3bac0bd197174de7b07dfc69e4976784062bcf339278f24c7060acabb32324a49cfdc757636861ab2fa19a6d65a13df2cd801197a4fa25ac76841f4d40c134681e5214e1282b024338d4201efaf8d6744c91aa192b1a25465fce5dadbe24a85e2f2353b04811abe2cd059ccc8488980cc936a79451f8f958fe5ca34cbde387ba57255836845825b7c582b82fe9b90581e2afaf5ad36d6227edb292cb44581eb1a941ebd3ed5ca600bff9a573858662fbe981ab38a51db97f41ef4de9c9197d078a67bcf520f03ee0e5137b8b77447c78c65b5e779b66992879f0fee8c1cf33daf05325b1373f53a0f8ff948d35c2169fa83df13da746dedf5a767dcbbcbb473568a84779b2288e4d0a59d7d8eb49f72a138d77a0a6858bc8ae18a2bf5529a68d6763a89bde9d018d1c00ef1a444e920427631f85051c7e68ae6b19636263ce6fec17b30298960a22860,gx-no-cache=1632837558145 HTTP/1.1" 200 30
186.67.172.234 - - [28/Sep/2021:11:10:53 -0300] "POST /cormun/servlet/solicitudot?gx-no-cache=1632837558164 HTTP/1.1" 200 30
186.67.172.234 - - [28/Sep/2021:11:10:53 -0300] "POST /cormun/servlet/solicitudot?gx-no-cache=1632837558188 HTTP/1.1" 200 1440
186.67.172.234 - - [28/Sep/2021:11:10:53 -0300] "POST /cormun/servlet/solicitudot?gx-no-cache=1632837558260 HTTP/1.1" 200 40
190.171.149.82 - - [28/Sep/2021:11:10:56 -0300] "GET /cormun/servlet/permisosadjuntos?INS,13098058,P,20210928095848,, HTTP/1.1" 200 5821
190.171.149.82 - - [28/Sep/2021:11:10:56 -0300] "GET /cormun/static/about:blank HTTP/1.1" 404 1011
190.171.149.82 - - [28/Sep/2021:11:10:56 -0300] "GET /cormun/servlet/permisosadjuntos?INS,13098058,P,20210928095848,, HTTP/1.1" 200 5811
190.171.149.82 - - [28/Sep/2021:11:11:04 -0300] "POST /cormun/servlet/permisosadjuntos?536d2253faacc4f8a4220b0aad70a181,INS,13098058,P,20210928095848,, HTTP/1.1" 200 116
190.171.149.82 - - [28/Sep/2021:11:11:04 -0300] "GET /cormun/servlet/hpexe_return? HTTP/1.1" 200 1039
190.171.149.82 - - [28/Sep/2021:11:11:04 -0300] "GET /cormun/servlet/trpermisosadjuntos?13098058,20210928095848,P, HTTP/1.1" 200 7092
190.171.149.82 - - [28/Sep/2021:11:11:05 -0300] "GET /cormun/servlet/trpermisosadjuntos?13098058,20210928095848,P, HTTP/1.1" 200 7088
190.171.149.82 - - [28/Sep/2021:11:11:11 -0300] "POST /cormun/servlet/trpermisosadjuntos?536d2253faacc4f8a4220b0aad70a181,13098058,20210928095848,P,,gx-no-cache=1632837577259 HTTP/1.1" 200 90
190.171.149.82 - - [28/Sep/2021:11:11:11 -0300] "GET /cormun/servlet/hpexe_link HTTP/1.1" 200 994
190.171.149.82 - - [28/Sep/2021:11:11:12 -0300] "GET /cormun/servlet/trautorizarpermisogoce? HTTP/1.1" 200 8570
190.171.149.82 - - [28/Sep/2021:11:11:12 -0300] "GET /cormun/servlet/trautorizarpermisogoce? HTTP/1.1" 200 8569
190.171.149.82 - - [28/Sep/2021:11:11:16 -0300] "POST /cormun/servlet/trautorizarpermisogoce?536d2253faacc4f8a4220b0aad70a181,,gx-no-cache=1632837581739 HTTP/1.1" 200 5988
190.171.149.82 - - [28/Sep/2021:11:11:16 -0300] "GET /cormun/static/Shared/jqueryui/images/ui-bg_highlight-soft_100_c6c2c8_1x100.png HTTP/1.1" 404 1117
190.171.149.82 - - [28/Sep/2021:11:11:16 -0300] "GET /cormun/static/Shared/jqueryui/images/ui-bg_flat_55_fafafa_40x100.png HTTP/1.1" 404 1097
190.171.149.82 - - [28/Sep/2021:11:11:16 -0300] "GET /cormun/static/Shared/jqueryui/images/ui-icons_8d78a5_256x240.png HTTP/1.1" 404 1089
190.171.149.82 - - [28/Sep/2021:11:11:16 -0300] "GET /cormun/static/Shared/jqueryui/images/ui-icons_82798d_256x240.png HTTP/1.1" 404 1089
190.171.149.82 - - [28/Sep/2021:11:11:23 -0300] "GET /cormun/servlet/autorizarpermisogoce?DSP,13098058,P,20210928095848, HTTP/1.1" 200 6166
190.171.149.82 - - [28/Sep/2021:11:11:23 -0300] "GET /cormun/servlet/autorizarpermisogoce?DSP,13098058,P,20210928095848, HTTP/1.1" 200 6167
190.171.149.82 - - [28/Sep/2021:11:11:24 -0300] "POST /cormun/servlet/autorizarpermisogoce?536d2253faacc4f8a4220b0aad70a181,DSP,13098058,P,20210928095848,,gx-no-cache=1632837590027 HTTP/1.1" 200 93
190.171.149.82 - - [28/Sep/2021:11:11:24 -0300] "GET /cormun/servlet/hpexe_return? HTTP/1.1" 200 1034
190.171.149.82 - - [28/Sep/2021:11:11:24 -0300] "GET /cormun/servlet/trautorizarpermisogoce? HTTP/1.1" 200 8573
190.171.149.82 - - [28/Sep/2021:11:11:25 -0300] "GET /cormun/servlet/trautorizarpermisogoce? HTTP/1.1" 200 8569
190.171.141.90 - - [28/Sep/2021:11:11:36 -0300] "GET /cormun/servlet/solicitudot?413764adcb3d16c5ed820ea2752bb4a6a229235108b9ecf257177839fe04ed843cfb1e0110c409bd3811a808a0eeeccaebc15980ce408da8493debe3c5d2f55a,gx-no-cache=1632837600887 HTTP/1.1" 200 30
190.171.141.90 - - [28/Sep/2021:11:11:36 -0300] "GET /cormun/servlet/solicitudot?413764adcb3d16c5ed820ea2752bb4a6a0069e314c2ed9d94af58d20d34e10f9,gx-no-cache=1632837600928 HTTP/1.1" 200 29
190.171.141.90 - - [28/Sep/2021:11:11:37 -0300] "POST /cormun/servlet/solicitudot?gx-no-cache=1632837602178 HTTP/1.1" 200 240
190.171.141.90 - - [28/Sep/2021:11:11:40 -0300] "GET /cormun/servlet/solicitudot?413764adcb3d16c5ed820ea2752bb4a6cc7a29b60956d90cf60da38a17f8cd95c537e20188ce0ec47aa985b8dcca68b4221f2aaad09e0e0c06d6772711df75c4ea49330b65f00c9aa5ee48f6f458d79807f2b174a8ceb6aa746d69c241f1deb3dab72b79b60424ca59d24f7e9fa821e9bb6260b8b07ac98dca422bfecc6ae9b63485c73e098a2db1293d8fa9528c1d5e40d475758fa43ff14dbce3736e6d945bf8f630dfff97ad54135c79b9952ab595a4d1195373395268b65ce1467c03f212b2cde62ab397834b9896ef69e3ff160bf77fcca780faaac9fec9b34620ef098d2d224ff19d2b813dab2e7ca908d3eebd93e14ca5218e9c60813e8ec0e6c6ac8179cd9d330e60f29752643c0ff750b6987ad11f249c9dd34fc6c60c2499173ef6bac3c5748647a6a6dfa96eb46b420e99ac7af33a09955a8cccaf2604701db6e933df32678a1b173e55a8211b7404d936ceb8d17af744feea385be4e18f4a35d09694dd5e7c13291d21ca4f9ee1119c1a5cd4560f56b00b516e8e99ac9ec2fdcc,gx-no-cache=1632837604992 HTTP/1.1" 200 30
190.171.141.90 - - [28/Sep/2021:11:11:42 -0300] "POST /cormun/servlet/solicitudot?gx-no-cache=1632837607128 HTTP/1.1" 200 30
190.171.141.90 - - [28/Sep/2021:11:12:23 -0300] "POST /cormun/servlet/solicitudot?gx-no-cache=1632837647843 HTTP/1.1" 200 1441
190.171.141.90 - - [28/Sep/2021:11:12:23 -0300] "GET /cormun/static/menuarrow.gif HTTP/1.1" 404 1015
190.171.141.90 - - [28/Sep/2021:11:12:36 -0300] "POST /cormun/servlet/solicitudot?gx-no-cache=1632837660867 HTTP/1.1" 200 118
190.171.141.90 - - [28/Sep/2021:11:12:36 -0300] "GET /cormun/static/Shared/jqueryui/images/ui-bg_highlight-soft_100_c6c2c8_1x100.png HTTP/1.1" 404 1117
190.171.141.90 - - [28/Sep/2021:11:12:36 -0300] "GET /cormun/static/Shared/jqueryui/images/ui-icons_82798d_256x240.png HTTP/1.1" 404 1089
190.171.141.90 - - [28/Sep/2021:11:12:36 -0300] "GET /cormun/static/Shared/jqueryui/images/ui-bg_flat_55_994d53_40x100.png HTTP/1.1" 404 1097
190.171.141.90 - - [28/Sep/2021:11:12:36 -0300] "GET /cormun/static/Shared/jqueryui/images/ui-icons_ebccce_256x240.png HTTP/1.1" 404 1089
190.171.141.90 - - [28/Sep/2021:11:12:48 -0300] "GET /cormun/servlet/solicitudot?413764adcb3d16c5ed820ea2752bb4a6b3d0c8d63fdc937bf03fe900dbb54143d40d2df0d2d285af5172a7c3b0d8900c99f52ccf410d6cd003a4c1039326e72db6439c2ea0cef9a38bbfccc14da2ca5a41acac69b68fce5b3f522a44ce065054a7e03826f2754ec6192596bef640c1e1,gx-no-cache=1632837672646 HTTP/1.1" 200 110
190.171.141.90 - - [28/Sep/2021:11:12:48 -0300] "POST /cormun/servlet/solicitudot?gx-no-cache=1632837672679 HTTP/1.1" 200 110
190.171.141.90 - - [28/Sep/2021:11:12:57 -0300] "GET /cormun/servlet/solicitudot?413764adcb3d16c5ed820ea2752bb4a62d9d8e345bdf04a3c1132aef3dc3562bb43790f3b7891272df9c9aadca9d227befc4f41ffb8018209de247d6eff9e5f0f56a1caba7a7fc765b5cc521709330fa98a659d6c442f73e74ae2689a020231c93c8e8c77473584fe37cd5179faa0185,gx-no-cache=1632837681658 HTTP/1.1" 200 29
190.171.153.50 - - [28/Sep/2021:11:13:42 -0300] "POST /cormun/servlet/solicitudot?69d641f8e250874e73745bafc350f011,INS,0,0,false,,gx-no-cache=1632837759216 HTTP/1.1" 200 12865
190.171.141.114 - - [28/Sep/2021:11:13:46 -0300] "GET /cormun/servlet/trlicencias? HTTP/1.1" 200 10518
190.171.141.114 - - [28/Sep/2021:11:13:50 -0300] "GET /cormun/servlet/trlicencias? HTTP/1.1" 200 10518
190.171.153.50 - - [28/Sep/2021:11:13:50 -0300] "POST /cormun/servlet/solicitudot?69d641f8e250874e73745bafc350f011,INS,0,0,false,,gx-no-cache=1632837767547 HTTP/1.1" 200 93
190.171.153.50 - - [28/Sep/2021:11:13:50 -0300] "GET /cormun/servlet/hpexe_return? HTTP/1.1" 200 1010
190.171.153.50 - - [28/Sep/2021:11:13:50 -0300] "GET /cormun/servlet/hhome HTTP/1.1" 200 4215
190.171.153.50 - - [28/Sep/2021:11:13:51 -0300] "GET /cormun/servlet/hhome HTTP/1.1" 200 4211
190.171.153.50 - - [28/Sep/2021:11:13:56 -0300] "GET /cormun/servlet/trsolicitudot? HTTP/1.1" 200 7436
190.171.153.50 - - [28/Sep/2021:11:13:56 -0300] "GET /cormun/servlet/trsolicitudot? HTTP/1.1" 200 7436
190.171.141.114 - - [28/Sep/2021:11:13:58 -0300] "GET /cormun/servlet/trlicencias? HTTP/1.1" 200 10518
190.171.141.114 - - [28/Sep/2021:11:13:58 -0300] "GET /cormun/servlet/trlicencias? HTTP/1.1" 200 10518
190.171.141.114 - - [28/Sep/2021:11:14:00 -0300] "GET /cormun/servlet/trlicencias? HTTP/1.1" 200 10518
190.171.149.82 - - [28/Sep/2021:11:14:48 -0300] "GET /cormun/servlet/hlogin HTTP/1.1" 200 1727
200.112.233.47 - - [28/Sep/2021:11:14:49 -0300] "GET /cormun/servlet/hlogin HTTP/1.1" 200 1728
200.112.233.47 - - [28/Sep/2021:11:14:49 -0300] "GET /cormun/static/gxtimezone.js?85251 HTTP/1.1" 200 5781
200.112.233.47 - - [28/Sep/2021:11:14:49 -0300] "GET /cormun/static/gxcfg.js?201910216285969 HTTP/1.1" 200 953
200.112.233.47 - - [28/Sep/2021:11:14:49 -0300] "GET /cormun/static/Resources/Spanish/PXTools.css?2294816 HTTP/1.1" 200 100853
200.112.233.47 - - [28/Sep/2021:11:14:49 -0300] "GET /cormun/static/messages.spa.js?85251 HTTP/1.1" 200 30736
200.112.233.47 - - [28/Sep/2021:11:14:50 -0300] "GET /cormun/static/gxgral.js?85251 HTTP/1.1" 200 384558
200.112.233.47 - - [28/Sep/2021:11:14:50 -0300] "GET /cormun/static/hlogin.js?201910216285995 HTTP/1.1" 200 2136
200.112.233.47 - - [28/Sep/2021:11:14:50 -0300] "GET /cormun/static/Resources/Logo2019_Grande.png HTTP/1.1" 200 31733
200.112.233.47 - - [28/Sep/2021:11:14:50 -0300] "GET /cormun/static/Resources/PXToolsLoginBackground.png HTTP/1.1" 200 1164
200.112.233.47 - - [28/Sep/2021:11:14:50 -0300] "GET /cormun/static/Resources/PXToolsLoginTop.png HTTP/1.1" 200 1337
200.112.233.47 - - [28/Sep/2021:11:14:50 -0300] "GET /cormun/static/Resources/PXToolsButtonLeft.png HTTP/1.1" 200 1310
200.112.233.47 - - [28/Sep/2021:11:14:50 -0300] "GET /cormun/static/Resources/PXToolsButtonBackground.png HTTP/1.1" 200 1176
200.112.233.47 - - [28/Sep/2021:11:14:50 -0300] "GET /cormun/static/Resources/PXToolsLoginBottom.png HTTP/1.1" 200 1389
200.112.233.47 - - [28/Sep/2021:11:14:50 -0300] "GET /cormun/static/Resources/PXToolsButtonRight.png HTTP/1.1" 200 1294
200.112.233.47 - - [28/Sep/2021:11:14:50 -0300] "GET /cormun/static/Resources/indicator.gif HTTP/1.1" 200 1553
200.112.233.47 - - [28/Sep/2021:11:14:50 -0300] "GET /cormun/servlet/hlogin HTTP/1.1" 200 1738
200.112.233.47 - - [28/Sep/2021:11:14:50 -0300] "GET /favicon.ico HTTP/1.1" 200 21630
190.171.149.82 - - [28/Sep/2021:11:14:54 -0300] "POST /cormun/servlet/hlogin?bf8186803c00a85c40b0fc31eca5e5c0,gx-no-cache=1632837802498 HTTP/1.1" 200 90
190.171.149.82 - - [28/Sep/2021:11:14:54 -0300] "GET /cormun/servlet/hpexe_link HTTP/1.1" 200 954
190.171.149.82 - - [28/Sep/2021:11:14:54 -0300] "GET /cormun/servlet/hhome HTTP/1.1" 200 4171
190.171.149.82 - - [28/Sep/2021:11:14:55 -0300] "GET /cormun/servlet/hhome HTTP/1.1" 200 4167
190.171.149.82 - - [28/Sep/2021:11:15:03 -0300] "GET /cormun/servlet/trautorizarpermisogoce? HTTP/1.1" 200 6994
190.171.149.82 - - [28/Sep/2021:11:15:03 -0300] "GET /cormun/servlet/trautorizarpermisogoce? HTTP/1.1" 200 6999
190.171.149.82 - - [28/Sep/2021:11:15:21 -0300] "POST /cormun/servlet/trautorizarpermisogoce?bf8186803c00a85c40b0fc31eca5e5c0,,gx-no-cache=1632837828846 HTTP/1.1" 200 5967
186.67.172.234 - - [28/Sep/2021:11:15:21 -0300] "GET /cormun/servlet/solicitudot?8e77746a54e3f92f340c1f67958fb421f8475a5b75a3a59f6c328b4cdcd1002a6921677ee6b17704de5d34d566e3c43b630f6f2e73ce48b89f5c2740001c149a04f27212aee293942e85d9bd908a2941980e547723efac58cd456308d8eeee69d638c40db4135654d594de48d11d3ef0,gx-no-cache=1632837826456 HTTP/1.1" 200 110
186.67.172.234 - - [28/Sep/2021:11:15:21 -0300] "POST /cormun/servlet/solicitudot?gx-no-cache=1632837826486 HTTP/1.1" 200 97
186.67.172.234 - - [28/Sep/2021:11:15:21 -0300] "GET /cormun/servlet/solicitudot?8e77746a54e3f92f340c1f67958fb42126f62cdc03f89493f7228cee341ac67785d057b1f3c3f29e15a9f3116004dba7c7669eed500e6028c25691792eb03014ca8515e4000f37ba61857d9e3e7ce2c4b5d3a2ad73d66eb7b9ff48a04af3cbc5d7ff847ab2bbfb0d2f2c3ab94640464ce839c84e654ec213daf195c7003f63d837024082cf14c175aff3d6d43beae6191d9b49af41c2b4562d6a95505a685dc5db12b03d3890b7ff7b8f5ad6dcfc1b60e99bff669abef598c0fd5e0365d872956bef60d8a5dd29565d549dcbac5d0d0d,gx-no-cache=1632837826520 HTTP/1.1" 200 29
186.67.172.234 - - [28/Sep/2021:11:15:21 -0300] "GET /cormun/servlet/solicitudot?8e77746a54e3f92f340c1f67958fb4214f871825e69636d42e0cf21988a7135719855220cc90bbd66391a1077ca437c5,gx-no-cache=1632837826538 HTTP/1.1" 200 30
186.67.172.234 - - [28/Sep/2021:11:15:21 -0300] "POST /cormun/servlet/solicitudot?gx-no-cache=1632837826557 HTTP/1.1" 200 34
186.67.172.234 - - [28/Sep/2021:11:15:21 -0300] "POST /cormun/servlet/solicitudot?d4c0b68bd254fe60db9cb1907372a8cd,UPD,2021,17558,false,,gx-no-cache=1632837826582 HTTP/1.1" 200 93
186.67.172.234 - - [28/Sep/2021:11:15:21 -0300] "GET /cormun/servlet/hpexe_return? HTTP/1.1" 200 1016
186.67.172.234 - - [28/Sep/2021:11:15:22 -0300] "GET /cormun/servlet/trsolicitudot HTTP/1.1" 200 9046
186.67.172.234 - - [28/Sep/2021:11:15:22 -0300] "GET /cormun/servlet/trsolicitudot HTTP/1.1" 200 9042
200.112.233.47 - - [28/Sep/2021:11:15:30 -0300] "POST /cormun/servlet/hlogin?eb814deb6244e1977982f9e7cd03edca,gx-no-cache=1632837835485 HTTP/1.1" 200 444
186.67.172.234 - - [28/Sep/2021:11:15:32 -0300] "POST /cormun/servlet/trsolicitudot?d4c0b68bd254fe60db9cb1907372a8cd,gx-no-cache=1632837837702 HTTP/1.1" 200 113
186.67.172.234 - - [28/Sep/2021:11:15:33 -0300] "GET /cormun/servlet/solicitudot?UPD,2021,17558,false, HTTP/1.1" 200 16516
186.67.172.234 - - [28/Sep/2021:11:15:33 -0300] "GET /cormun/servlet/solicitudot?UPD,2021,17558,false, HTTP/1.1" 200 16527
186.67.172.234 - - [28/Sep/2021:11:15:34 -0300] "POST /cormun/servlet/solicitudot?gx-no-cache=1632837838787 HTTP/1.1" 200 3800
186.67.172.234 - - [28/Sep/2021:11:15:34 -0300] "POST /cormun/servlet/solicitudot?d4c0b68bd254fe60db9cb1907372a8cd,UPD,2021,17558,false,,gx-no-cache=1632837838891 HTTP/1.1" 200 12696
186.67.172.234 - - [28/Sep/2021:11:15:34 -0300] "GET /cormun/servlet/solicitudot?8e77746a54e3f92f340c1f67958fb4212f6ce0b70cc217b15d0e2fb8bc56cf52b6b6c01ca264ff5393f09269f0e1f6f3,gx-no-cache=1632837839068 HTTP/1.1" 200 30
186.67.172.234 - - [28/Sep/2021:11:15:34 -0300] "GET /cormun/servlet/solicitudot?8e77746a54e3f92f340c1f67958fb4219da03ae85478d5c282a71c057aaf16fe35e9d9e024083205a168f957126ca3ec71043fad474f32e38a1b1b81f09e0d22,gx-no-cache=1632837839089 HTTP/1.1" 200 30
186.67.172.234 - - [28/Sep/2021:11:15:34 -0300] "GET /cormun/servlet/solicitudot?8e77746a54e3f92f340c1f67958fb421d5e74c8939dc0133a5fd6cbd9e71dea8270c41c9e731250633a8bb610c5784105b8b44e38e1ebfff38b720a0ffbe4fe4,gx-no-cache=1632837839107 HTTP/1.1" 200 53
186.67.172.234 - - [28/Sep/2021:11:15:34 -0300] "POST /cormun/servlet/solicitudot?gx-no-cache=1632837839126 HTTP/1.1" 200 240
186.67.172.234 - - [28/Sep/2021:11:15:34 -0300] "GET /cormun/servlet/solicitudot?8e77746a54e3f92f340c1f67958fb421755893de7c9db268b4bd125d41176ebf7be952db87ab6ea358528716da3bed82481deca9d8e8f3bac0bd197174de7b07dfc69e4976784062bcf339278f24c7060acabb32324a49cfdc757636861ab2fa19a6d65a13df2cd801197a4fa25ac76841f4d40c134681e5214e1282b024338d4201efaf8d6744c91aa192b1a25465fce5dadbe24a85e2f2353b04811abe2cd059ccc8488980cc936a79451f8f958fe5ca34cbde387ba57255836845825b7c582b82fe9b90581e2afaf5ad36d6227edb292cb44581eb1a941ebd3ed5ca600bff9a573858662fbe981ab38a51db97f41ef4de9c9197d078a67bcf520f03ee0e5137b8b77447c78c65b5e779b66992879f0fee8c1cf33daf05325b1373f53a0f8ff948d35c2169fa83df13da746dedf5a767dcbbcbb473568a84779b2288e4d0a59d7d8eb49f72a138d77a0a6858bc8ae18a2bf5529a68d6763a89bde9d018d1c00ef1a444e920427631f85051c7e68ae6b19636263ce6fec17b30298960a22860,gx-no-cache=1632837839151 HTTP/1.1" 200 30
186.67.172.234 - - [28/Sep/2021:11:15:34 -0300] "POST /cormun/servlet/solicitudot?gx-no-cache=1632837839171 HTTP/1.1" 200 30
186.67.172.234 - - [28/Sep/2021:11:15:34 -0300] "POST /cormun/servlet/solicitudot?gx-no-cache=1632837839197 HTTP/1.1" 200 1440
186.67.172.234 - - [28/Sep/2021:11:15:34 -0300] "POST /cormun/servlet/solicitudot?gx-no-cache=1632837839277 HTTP/1.1" 200 40
190.171.149.82 - - [28/Sep/2021:11:15:43 -0300] "GET /cormun/servlet/trpermisosadjuntos?13098058,20210928095848,P, HTTP/1.1" 200 7091
190.171.149.82 - - [28/Sep/2021:11:15:43 -0300] "GET /cormun/servlet/trpermisosadjuntos?13098058,20210928095848,P, HTTP/1.1" 200 7091
200.112.233.47 - - [28/Sep/2021:11:15:48 -0300] "POST /cormun/servlet/hlogin?eb814deb6244e1977982f9e7cd03edca,gx-no-cache=1632837853211 HTTP/1.1" 200 444
190.171.141.90 - - [28/Sep/2021:11:15:48 -0300] "POST /cormun/servlet/solicitudot?gx-no-cache=1632837852677 HTTP/1.1" 200 118
190.171.149.82 - - [28/Sep/2021:11:15:51 -0300] "GET /cormun/servlet/permisosadjuntos?DLT,13098058,P,20210928095848,20210928105703, HTTP/1.1" 200 5851
190.171.149.82 - - [28/Sep/2021:11:15:51 -0300] "GET /cormun/PublicTempStorage/tia_carolina4645723.pdf HTTP/1.1" 200 91505
190.171.149.82 - - [28/Sep/2021:11:15:51 -0300] "GET /cormun/static/Shared/jqueryui/images/ui-bg_highlight-soft_100_c6c2c8_1x100.png HTTP/1.1" 404 1117
190.171.149.82 - - [28/Sep/2021:11:15:51 -0300] "GET /cormun/static/Shared/jqueryui/images/ui-icons_82798d_256x240.png HTTP/1.1" 404 1089
190.171.149.82 - - [28/Sep/2021:11:15:51 -0300] "GET /cormun/static/Shared/jqueryui/images/ui-bg_flat_55_fafafa_40x100.png HTTP/1.1" 404 1097
190.171.149.82 - - [28/Sep/2021:11:15:52 -0300] "GET /cormun/static/Shared/jqueryui/images/ui-icons_8d78a5_256x240.png HTTP/1.1" 404 1089
190.171.149.82 - - [28/Sep/2021:11:15:52 -0300] "GET /cormun/servlet/permisosadjuntos?DLT,13098058,P,20210928095848,20210928105703, HTTP/1.1" 200 5841
190.171.149.82 - - [28/Sep/2021:11:16:00 -0300] "POST /cormun/servlet/permisosadjuntos?bf8186803c00a85c40b0fc31eca5e5c0,DLT,13098058,P,20210928095848,20210928105703,,gx-no-cache=1632837868373 HTTP/1.1" 200 93
190.171.149.82 - - [28/Sep/2021:11:16:00 -0300] "GET /cormun/servlet/hpexe_return? HTTP/1.1" 200 1048
190.171.149.82 - - [28/Sep/2021:11:16:00 -0300] "GET /cormun/servlet/trpermisosadjuntos?13098058,20210928095848,P, HTTP/1.1" 200 7094
190.171.149.82 - - [28/Sep/2021:11:16:01 -0300] "GET /cormun/servlet/trpermisosadjuntos?13098058,20210928095848,P, HTTP/1.1" 200 7091
200.112.233.47 - - [28/Sep/2021:11:16:04 -0300] "POST /cormun/servlet/hlogin?eb814deb6244e1977982f9e7cd03edca,gx-no-cache=1632837868835 HTTP/1.1" 200 444
190.171.149.82 - - [28/Sep/2021:11:16:16 -0300] "GET /cormun/servlet/permisosadjuntos?DLT,13098058,P,20210928095848,20210928105703, HTTP/1.1" 200 5851
190.171.149.82 - - [28/Sep/2021:11:16:16 -0300] "GET /cormun/PublicTempStorage/tia_carolina6509194.pdf HTTP/1.1" 200 91505
190.171.149.82 - - [28/Sep/2021:11:16:16 -0300] "GET /cormun/static/Shared/jqueryui/images/ui-bg_highlight-soft_100_c6c2c8_1x100.png HTTP/1.1" 404 1117
190.171.149.82 - - [28/Sep/2021:11:16:16 -0300] "GET /cormun/static/Shared/jqueryui/images/ui-icons_82798d_256x240.png HTTP/1.1" 404 1089
190.171.149.82 - - [28/Sep/2021:11:16:16 -0300] "GET /cormun/static/Shared/jqueryui/images/ui-bg_flat_55_fafafa_40x100.png HTTP/1.1" 404 1097
190.171.149.82 - - [28/Sep/2021:11:16:16 -0300] "GET /cormun/static/Shared/jqueryui/images/ui-icons_8d78a5_256x240.png HTTP/1.1" 404 1089
190.171.149.82 - - [28/Sep/2021:11:16:16 -0300] "GET /cormun/servlet/permisosadjuntos?DLT,13098058,P,20210928095848,20210928105703, HTTP/1.1" 200 5841
190.171.149.82 - - [28/Sep/2021:11:16:22 -0300] "POST /cormun/servlet/permisosadjuntos?bf8186803c00a85c40b0fc31eca5e5c0,DLT,13098058,P,20210928095848,20210928105703,,gx-no-cache=1632837890229 HTTP/1.1" 200 93
190.171.149.82 - - [28/Sep/2021:11:16:22 -0300] "GET /cormun/servlet/hpexe_return? HTTP/1.1" 200 1048
190.171.149.82 - - [28/Sep/2021:11:16:22 -0300] "GET /cormun/servlet/trpermisosadjuntos?13098058,20210928095848,P, HTTP/1.1" 200 6974
190.171.149.82 - - [28/Sep/2021:11:16:22 -0300] "GET /cormun/servlet/trpermisosadjuntos?13098058,20210928095848,P, HTTP/1.1" 200 6971
190.171.149.82 - - [28/Sep/2021:11:16:32 -0300] "POST /cormun/servlet/trpermisosadjuntos?bf8186803c00a85c40b0fc31eca5e5c0,13098058,20210928095848,P,,gx-no-cache=1632837900723 HTTP/1.1" 200 90
190.171.149.82 - - [28/Sep/2021:11:16:32 -0300] "GET /cormun/servlet/hpexe_link HTTP/1.1" 200 996
190.171.149.82 - - [28/Sep/2021:11:16:33 -0300] "GET /cormun/servlet/trautorizarpermisogoce? HTTP/1.1" 200 8572
190.171.149.82 - - [28/Sep/2021:11:16:33 -0300] "GET /cormun/servlet/trautorizarpermisogoce? HTTP/1.1" 200 8571
192.168.10.78 - - [28/Sep/2021:11:16:44 -0300] "GET /cormun/servlet/hlogin HTTP/1.1" 200 1728
190.171.149.82 - - [28/Sep/2021:11:16:47 -0300] "POST /cormun/servlet/trautorizarpermisogoce?bf8186803c00a85c40b0fc31eca5e5c0,,gx-no-cache=1632837915491 HTTP/1.1" 200 5990
190.171.149.82 - - [28/Sep/2021:11:16:47 -0300] "GET /cormun/static/Shared/jqueryui/images/ui-bg_highlight-soft_100_c6c2c8_1x100.png HTTP/1.1" 404 1117
190.171.149.82 - - [28/Sep/2021:11:16:47 -0300] "GET /cormun/static/Shared/jqueryui/images/ui-icons_82798d_256x240.png HTTP/1.1" 404 1089
190.171.149.82 - - [28/Sep/2021:11:16:47 -0300] "GET /cormun/static/Shared/jqueryui/images/ui-bg_flat_55_fafafa_40x100.png HTTP/1.1" 404 1097
190.171.149.82 - - [28/Sep/2021:11:16:47 -0300] "GET /cormun/static/Shared/jqueryui/images/ui-icons_8d78a5_256x240.png HTTP/1.1" 404 1089
190.171.149.82 - - [28/Sep/2021:11:16:55 -0300] "POST /cormun/servlet/trautorizarpermisogoce?bf8186803c00a85c40b0fc31eca5e5c0,,gx-no-cache=1632837923773 HTTP/1.1" 200 5990
190.171.149.82 - - [28/Sep/2021:11:16:58 -0300] "POST /cormun/servlet/trautorizarpermisogoce?bf8186803c00a85c40b0fc31eca5e5c0,,gx-no-cache=1632837925995 HTTP/1.1" 200 5991
190.171.149.82 - - [28/Sep/2021:11:17:01 -0300] "POST /cormun/servlet/trautorizarpermisogoce?bf8186803c00a85c40b0fc31eca5e5c0,,gx-no-cache=1632837929589 HTTP/1.1" 200 5991
190.171.149.82 - - [28/Sep/2021:11:17:02 -0300] "POST /cormun/servlet/trautorizarpermisogoce?bf8186803c00a85c40b0fc31eca5e5c0,,gx-no-cache=1632837930747 HTTP/1.1" 200 5990
190.171.149.82 - - [28/Sep/2021:11:17:04 -0300] "POST /cormun/servlet/trautorizarpermisogoce?bf8186803c00a85c40b0fc31eca5e5c0,,gx-no-cache=1632837932219 HTTP/1.1" 200 5990
190.171.149.82 - - [28/Sep/2021:11:17:06 -0300] "POST /cormun/servlet/trautorizarpermisogoce?bf8186803c00a85c40b0fc31eca5e5c0,,gx-no-cache=1632837933805 HTTP/1.1" 200 5990
190.171.149.82 - - [28/Sep/2021:11:17:08 -0300] "POST /cormun/servlet/trautorizarpermisogoce?bf8186803c00a85c40b0fc31eca5e5c0,,gx-no-cache=1632837936227 HTTP/1.1" 200 5990
190.171.153.50 - - [28/Sep/2021:11:17:12 -0300] "GET /cormun/servlet/solicitudot?INS,0,0,false, HTTP/1.1" 200 15787
190.171.153.50 - - [28/Sep/2021:11:17:13 -0300] "GET /cormun/servlet/solicitudot?INS,0,0,false, HTTP/1.1" 200 15795
190.171.149.82 - - [28/Sep/2021:11:17:16 -0300] "POST /cormun/servlet/trautorizarpermisogoce?bf8186803c00a85c40b0fc31eca5e5c0,,gx-no-cache=1632837943371 HTTP/1.1" 200 5990
190.171.149.82 - - [28/Sep/2021:11:17:18 -0300] "POST /cormun/servlet/trautorizarpermisogoce?bf8186803c00a85c40b0fc31eca5e5c0,,gx-no-cache=1632837946642 HTTP/1.1" 200 5990
190.171.149.82 - - [28/Sep/2021:11:17:22 -0300] "POST /cormun/servlet/trautorizarpermisogoce?bf8186803c00a85c40b0fc31eca5e5c0,,gx-no-cache=1632837950459 HTTP/1.1" 200 5991
190.171.149.82 - - [28/Sep/2021:11:17:25 -0300] "POST /cormun/servlet/trautorizarpermisogoce?bf8186803c00a85c40b0fc31eca5e5c0,,gx-no-cache=1632837952940 HTTP/1.1" 200 5991
190.171.149.82 - - [28/Sep/2021:11:17:27 -0300] "POST /cormun/servlet/trautorizarpermisogoce?bf8186803c00a85c40b0fc31eca5e5c0,,gx-no-cache=1632837955010 HTTP/1.1" 200 5992
190.171.153.50 - - [28/Sep/2021:11:17:30 -0300] "POST /cormun/servlet/solicitudot?gx-no-cache=1632837987396 HTTP/1.1" 200 3795
190.171.153.50 - - [28/Sep/2021:11:17:30 -0300] "GET /cormun/static/Shared/jqueryui/images/ui-bg_highlight-soft_100_c6c2c8_1x100.png HTTP/1.1" 404 1117
190.171.153.50 - - [28/Sep/2021:11:17:30 -0300] "GET /cormun/static/Shared/jqueryui/images/ui-icons_82798d_256x240.png HTTP/1.1" 404 1089
190.171.153.50 - - [28/Sep/2021:11:17:30 -0300] "GET /cormun/static/Shared/jqueryui/images/ui-bg_flat_55_994d53_40x100.png HTTP/1.1" 404 1097
190.171.153.50 - - [28/Sep/2021:11:17:30 -0300] "GET /cormun/static/Shared/jqueryui/images/ui-icons_ebccce_256x240.png HTTP/1.1" 404 1089
190.171.153.50 - - [28/Sep/2021:11:17:32 -0300] "GET /cormun/servlet/solicitudot?9b95ae2c4a5ffc664b9381719a0e208029c4a3f43214183fb46833c9c1f08a3cf54a71bfd1dc8f66589ecd8e8b1b56ea,gx-no-cache=1632837990008 HTTP/1.1" 200 30
190.171.149.82 - - [28/Sep/2021:11:17:40 -0300] "GET /cormun/servlet/trautorizarsolicitud? HTTP/1.1" 200 7293
190.171.149.82 - - [28/Sep/2021:11:17:40 -0300] "GET /cormun/servlet/trautorizarsolicitud? HTTP/1.1" 200 7292
190.171.149.82 - - [28/Sep/2021:11:17:43 -0300] "POST /cormun/servlet/trautorizarsolicitud?bf8186803c00a85c40b0fc31eca5e5c0,,gx-no-cache=1632837971701 HTTP/1.1" 200 4561
190.171.149.82 - - [28/Sep/2021:11:17:51 -0300] "GET /cormun/servlet/trautorizarpermisogoce? HTTP/1.1" 200 8571
190.171.149.82 - - [28/Sep/2021:11:17:52 -0300] "GET /cormun/servlet/trautorizarpermisogoce? HTTP/1.1" 200 8571
186.67.172.234 - - [28/Sep/2021:11:18:09 -0300] "GET /cormun/servlet/solicitudot?8e77746a54e3f92f340c1f67958fb421f8475a5b75a3a59f6c328b4cdcd1002a6921677ee6b17704de5d34d566e3c43b630f6f2e73ce48b89f5c2740001c149a04f27212aee293942e85d9bd908a2941980e547723efac58cd456308d8eeee69d638c40db4135654d594de48d11d3ef0,gx-no-cache=1632837994355 HTTP/1.1" 200 110
186.67.172.234 - - [28/Sep/2021:11:18:09 -0300] "POST /cormun/servlet/solicitudot?gx-no-cache=1632837994402 HTTP/1.1" 200 97
186.67.172.234 - - [28/Sep/2021:11:18:17 -0300] "GET /cormun/servlet/solicitudot?8e77746a54e3f92f340c1f67958fb42126f62cdc03f89493f7228cee341ac67785d057b1f3c3f29e15a9f3116004dba7c7669eed500e6028c25691792eb03014ca8515e4000f37ba61857d9e3e7ce2c4b5d3a2ad73d66eb7b9ff48a04af3cbc5d7ff847ab2bbfb0d2f2c3ab94640464ce839c84e654ec213daf195c7003f63d837024082cf14c175aff3d6d43beae6191d9b49af41c2b4562d6a95505a685dc5db12b03d3890b7ff7b8f5ad6dcfc1b60e99bff669abef598c0fd5e0365d872956bef60d8a5dd29565d549dcbac5d0d0d,gx-no-cache=1632838002463 HTTP/1.1" 200 29
186.67.172.234 - - [28/Sep/2021:11:18:17 -0300] "GET /cormun/servlet/solicitudot?8e77746a54e3f92f340c1f67958fb4214f871825e69636d42e0cf21988a7135719855220cc90bbd66391a1077ca437c5,gx-no-cache=1632838002484 HTTP/1.1" 200 30
186.67.172.234 - - [28/Sep/2021:11:18:17 -0300] "POST /cormun/servlet/solicitudot?gx-no-cache=1632838002507 HTTP/1.1" 200 34
186.67.172.234 - - [28/Sep/2021:11:18:17 -0300] "POST /cormun/servlet/solicitudot?d4c0b68bd254fe60db9cb1907372a8cd,UPD,2021,17558,false,,gx-no-cache=1632838002534 HTTP/1.1" 200 93
186.67.172.234 - - [28/Sep/2021:11:18:17 -0300] "GET /cormun/servlet/hpexe_return? HTTP/1.1" 200 1016
190.171.143.106 - - [28/Sep/2021:11:18:18 -0300] "GET /cormun/servlet/hhome HTTP/1.1" 200 3318
186.67.172.234 - - [28/Sep/2021:11:18:18 -0300] "GET /cormun/servlet/trsolicitudot HTTP/1.1" 200 9046
186.67.172.234 - - [28/Sep/2021:11:18:18 -0300] "GET /cormun/servlet/trsolicitudot HTTP/1.1" 200 9042
190.171.143.106 - - [28/Sep/2021:11:18:18 -0300] "GET /cormun/servlet/hhome HTTP/1.1" 200 3327
190.171.143.106 - - [28/Sep/2021:11:18:18 -0300] "GET /cormun/servlet/hlogin HTTP/1.1" 200 1740
190.171.143.106 - - [28/Sep/2021:11:18:18 -0300] "GET /favicon.ico HTTP/1.1" 200 21630
190.171.141.90 - - [28/Sep/2021:11:18:19 -0300] "POST /cormun/servlet/solicitudot?496eafce971a727e178dbc7620f5b50e,INS,0,0,false,,gx-no-cache=1632838004126 HTTP/1.1" 200 93
190.171.141.90 - - [28/Sep/2021:11:18:19 -0300] "GET /cormun/servlet/hpexe_return? HTTP/1.1" 200 1013
190.171.141.90 - - [28/Sep/2021:11:18:20 -0300] "GET /cormun/servlet/trsolicitudot HTTP/1.1" 200 7210
190.171.141.90 - - [28/Sep/2021:11:18:20 -0300] "GET /cormun/servlet/trsolicitudot HTTP/1.1" 200 7206
190.171.143.106 - - [28/Sep/2021:11:18:22 -0300] "POST /cormun/servlet/hlogin?f27b5c59360f28fd7b2a4e87dfa5d692,gx-no-cache=1632838007053 HTTP/1.1" 200 90
190.171.143.106 - - [28/Sep/2021:11:18:22 -0300] "GET /cormun/servlet/hpexe_link HTTP/1.1" 200 954
190.171.143.106 - - [28/Sep/2021:11:18:22 -0300] "GET /cormun/servlet/hhome HTTP/1.1" 200 4339
190.171.143.106 - - [28/Sep/2021:11:18:22 -0300] "GET /cormun/servlet/hhome HTTP/1.1" 200 4334
190.171.143.106 - - [28/Sep/2021:11:18:25 -0300] "GET /cormun/servlet/trpermisosgoce? HTTP/1.1" 200 8161
190.171.143.106 - - [28/Sep/2021:11:18:25 -0300] "GET /cormun/servlet/trpermisosgoce? HTTP/1.1" 200 8159
190.171.149.82 - - [28/Sep/2021:11:18:30 -0300] "GET /cormun/servlet/trautorizarpermisogoce? HTTP/1.1" 200 8569
190.171.149.82 - - [28/Sep/2021:11:18:30 -0300] "GET /cormun/servlet/trautorizarpermisogoce? HTTP/1.1" 200 8569
190.171.143.106 - - [28/Sep/2021:11:18:31 -0300] "GET /cormun/servlet/permisogoce?INS,0,,, HTTP/1.1" 200 7238
190.171.143.106 - - [28/Sep/2021:11:18:31 -0300] "GET /cormun/static/gxcfg.js?20201215124560 HTTP/1.1" 200 953
190.171.143.106 - - [28/Sep/2021:11:18:31 -0300] "GET /cormun/static/permisogoce.js?20201215124939 HTTP/1.1" 200 27919
190.171.143.106 - - [28/Sep/2021:11:18:31 -0300] "GET /cormun/static/Resources/prompt.gif HTTP/1.1" 200 902
190.171.143.106 - - [28/Sep/2021:11:18:32 -0300] "GET /cormun/servlet/permisogoce?INS,0,,, HTTP/1.1" 200 7239
190.171.153.50 - - [28/Sep/2021:11:18:33 -0300] "GET /cormun/servlet/prbanco?,MD,,gxPopupLevel%3D0%3B HTTP/1.1" 200 6490
190.171.149.82 - - [28/Sep/2021:11:18:34 -0300] "POST /cormun/servlet/trautorizarpermisogoce?536d2253faacc4f8a4220b0aad70a181,,gx-no-cache=1632838019450 HTTP/1.1" 200 5988
190.171.149.82 - - [28/Sep/2021:11:18:34 -0300] "GET /cormun/static/Shared/jqueryui/images/ui-bg_highlight-soft_100_c6c2c8_1x100.png HTTP/1.1" 404 1117
190.171.149.82 - - [28/Sep/2021:11:18:34 -0300] "GET /cormun/static/Shared/jqueryui/images/ui-bg_flat_55_fafafa_40x100.png HTTP/1.1" 404 1097
190.171.149.82 - - [28/Sep/2021:11:18:34 -0300] "GET /cormun/static/Shared/jqueryui/images/ui-icons_8d78a5_256x240.png HTTP/1.1" 404 1089
190.171.149.82 - - [28/Sep/2021:11:18:34 -0300] "GET /cormun/static/Shared/jqueryui/images/ui-icons_82798d_256x240.png HTTP/1.1" 404 1089
190.171.143.106 - - [28/Sep/2021:11:18:39 -0300] "POST /cormun/servlet/permisogoce?f27b5c59360f28fd7b2a4e87dfa5d692,INS,0,,,,gx-no-cache=1632838023966 HTTP/1.1" 200 4778
190.171.143.106 - - [28/Sep/2021:11:18:39 -0300] "GET /cormun/static/Shared/jqueryui/images/ui-bg_flat_55_994d53_40x100.png HTTP/1.1" 404 1097
190.171.143.106 - - [28/Sep/2021:11:18:39 -0300] "GET /cormun/static/Shared/jqueryui/images/ui-icons_ebccce_256x240.png HTTP/1.1" 404 1089
190.171.143.106 - - [28/Sep/2021:11:18:39 -0300] "GET /cormun/static/Shared/jqueryui/images/ui-icons_82798d_256x240.png HTTP/1.1" 404 1089
190.171.143.106 - - [28/Sep/2021:11:18:39 -0300] "GET /cormun/static/Shared/jqueryui/images/ui-bg_highlight-soft_100_c6c2c8_1x100.png HTTP/1.1" 404 1117
190.171.153.50 - - [28/Sep/2021:11:18:40 -0300] "GET /cormun/servlet/solicitudot?9b95ae2c4a5ffc664b9381719a0e208018f1c717304ac8342159dd9fdc48673b0937da19cf8b1c8809e24feaab01719e89764f2ae4243251057c3c3242f48b89,gx-no-cache=1632838057813 HTTP/1.1" 200 30
190.171.149.82 - - [28/Sep/2021:11:18:42 -0300] "GET /cormun/servlet/trpermisosadjuntos?13098058,20210928095848,P, HTTP/1.1" 200 6969
190.171.143.106 - - [28/Sep/2021:11:18:42 -0300] "GET /cormun/servlet/permisogoce?c3a89c74a84ab02c50458c52c4a92ecb15d3018a46a70260aa3afb867f37c0c2fee6c2db71984ec19da54531187081a92a934c84242b0c6dcc7636ccc74395bed792f1e251fd7874ab7c9d08fa04667071c4740f10c7f97ca9a5eea28a5befdb477efcc8c8fd7307ebea08d1bc0ce0a571c4740f10c7f97ca9a5eea28a5befdb608a22b2cbbb22c4062a1c1f10a0013ed792f1e251fd7874ab7c9d08fa046670db7a3b0b92e3bafddc0d3ab7672af43877e8883623bdd0313be5a5e971dcbb70867796e850b80b5f2669f64351d7386f448403655c7710d50a4293989046b910,gx-no-cache=1632838027649 HTTP/1.1" 200 83
190.171.149.82 - - [28/Sep/2021:11:18:42 -0300] "GET /cormun/servlet/trpermisosadjuntos?13098058,20210928095848,P, HTTP/1.1" 200 6969
190.171.153.50 - - [28/Sep/2021:11:18:42 -0300] "GET /cormun/servlet/solicitudot?9b95ae2c4a5ffc664b9381719a0e20806ef02ce03099d01ea5c70bc9b5f0eb97,gx-no-cache=1632838060300 HTTP/1.1" 200 53
190.171.143.106 - - [28/Sep/2021:11:18:43 -0300] "GET /cormun/static/menuarrow.gif HTTP/1.1" 404 1015
186.67.172.234 - - [28/Sep/2021:11:18:43 -0300] "POST /cormun/servlet/trsolicitudot?d4c0b68bd254fe60db9cb1907372a8cd,gx-no-cache=1632838028716 HTTP/1.1" 200 4871
186.67.172.234 - - [28/Sep/2021:11:18:44 -0300] "GET /cormun/static/Shared/jqueryui/images/ui-bg_highlight-soft_100_c6c2c8_1x100.png HTTP/1.1" 404 1117
186.67.172.234 - - [28/Sep/2021:11:18:44 -0300] "GET /cormun/static/Shared/jqueryui/images/ui-icons_82798d_256x240.png HTTP/1.1" 404 1089
186.67.172.234 - - [28/Sep/2021:11:18:44 -0300] "GET /cormun/static/Shared/jqueryui/images/ui-bg_flat_55_fafafa_40x100.png HTTP/1.1" 404 1097
186.67.172.234 - - [28/Sep/2021:11:18:44 -0300] "GET /cormun/static/Shared/jqueryui/images/ui-icons_8d78a5_256x240.png HTTP/1.1" 404 1089
186.67.172.234 - - [28/Sep/2021:11:18:44 -0300] "POST /cormun/servlet/trsolicitudot?d4c0b68bd254fe60db9cb1907372a8cd,gx-no-cache=1632838028913 HTTP/1.1" 200 4612
190.171.149.82 - - [28/Sep/2021:11:18:44 -0300] "GET /cormun/PublicTempStorage/tia_carolina8852400.pdf HTTP/1.1" 200 91505
190.171.143.106 - - [28/Sep/2021:11:18:46 -0300] "GET /cormun/servlet/permisogoce?c3a89c74a84ab02c50458c52c4a92ecb8969ca68f3d3d982b93da2cd69321506d58776d44fa373aac29fd19931ba12a189f9d74a77c1bed1bed1038e4c2d2355,gx-no-cache=1632838031217 HTTP/1.1" 200 129
186.67.172.234 - - [28/Sep/2021:11:18:49 -0300] "GET /cormun/servlet/trautorizarsolicitud? HTTP/1.1" 200 8936
186.67.172.234 - - [28/Sep/2021:11:18:49 -0300] "GET /cormun/servlet/trautorizarsolicitud? HTTP/1.1" 200 8936
190.171.141.90 - - [28/Sep/2021:11:18:50 -0300] "GET /cormun/servlet/hlogin HTTP/1.1" 200 1729
190.171.149.82 - - [28/Sep/2021:11:18:51 -0300] "GET /cormun/servlet/trpermisosadjuntos?13098058,20210928095848,P, HTTP/1.1" 200 6968
190.171.143.106 - - [28/Sep/2021:11:18:51 -0300] "GET /cormun/servlet/permisogoce?c3a89c74a84ab02c50458c52c4a92ecb8969ca68f3d3d982b93da2cd6932150689fc65905616ac8cec3a2e7afdc905cb89f9d74a77c1bed1bed1038e4c2d2355,gx-no-cache=1632838036642 HTTP/1.1" 200 46
190.171.149.82 - - [28/Sep/2021:11:18:51 -0300] "GET /cormun/servlet/trpermisosadjuntos?13098058,20210928095848,P, HTTP/1.1" 200 6969
186.67.172.234 - - [28/Sep/2021:11:18:53 -0300] "POST /cormun/servlet/trautorizarsolicitud?d4c0b68bd254fe60db9cb1907372a8cd,,gx-no-cache=1632838038042 HTTP/1.1" 200 4799
186.67.172.234 - - [28/Sep/2021:11:18:53 -0300] "GET /cormun/static/Shared/jqueryui/images/ui-icons_82798d_256x240.png HTTP/1.1" 404 1089
186.67.172.234 - - [28/Sep/2021:11:18:53 -0300] "GET /cormun/static/Shared/jqueryui/images/ui-bg_flat_55_fafafa_40x100.png HTTP/1.1" 404 1097
