192.168.10.78 - - [28/Sep/2021:08:55:30 -0300] "POST /cormun/servlet/vesolicitudgral?63292f255486ae46f45d6467aa57616d,2021,17551,,,gx-no-cache=1632829296814 HTTP/1.1" 200 90
192.168.10.78 - - [28/Sep/2021:08:55:30 -0300] "GET /cormun/servlet/hpexe_link HTTP/1.1" 200 968
192.168.10.78 - - [28/Sep/2021:08:55:30 -0300] "GET /cormun/servlet/trsolicitudgral HTTP/1.1" 200 10366
192.168.10.78 - - [28/Sep/2021:08:55:31 -0300] "GET /cormun/servlet/trsolicitudgral HTTP/1.1" 200 10364
192.168.10.94 - - [28/Sep/2021:08:56:07 -0300] "POST /cormun/servlet/trsolicitudgral?7fb28a0ff2bdacc306a32308ea72b6b0,,gx-no-cache=1632829333655 HTTP/1.1" 200 7829
192.168.10.94 - - [28/Sep/2021:08:56:07 -0300] "GET /cormun/static/Shared/jqueryui/images/ui-bg_highlight-soft_100_c6c2c8_1x100.png HTTP/1.1" 404 1117
192.168.10.94 - - [28/Sep/2021:08:56:07 -0300] "GET /cormun/static/Shared/jqueryui/images/ui-icons_82798d_256x240.png HTTP/1.1" 404 1089
192.168.10.94 - - [28/Sep/2021:08:56:07 -0300] "GET /cormun/static/Shared/jqueryui/images/ui-bg_flat_55_fafafa_40x100.png HTTP/1.1" 404 1097
192.168.10.94 - - [28/Sep/2021:08:56:07 -0300] "GET /cormun/static/Shared/jqueryui/images/ui-icons_8d78a5_256x240.png HTTP/1.1" 404 1089
192.168.10.94 - - [28/Sep/2021:08:56:11 -0300] "GET /cormun/servlet/vesolicitudgral?2021,17550,, HTTP/1.1" 200 9100
192.168.10.94 - - [28/Sep/2021:08:56:11 -0300] "GET /cormun/pexe_scrolldiv.js HTTP/1.1" 404 1009
192.168.10.94 - - [28/Sep/2021:08:56:12 -0300] "GET /cormun/servlet/vesolicitudgral?2021,17550,, HTTP/1.1" 200 9100
186.67.172.234 - - [28/Sep/2021:08:56:16 -0300] "POST /cormun/servlet/trpermisosgoce?d4c0b68bd254fe60db9cb1907372a8cd,gx-no-cache=1632829480723 HTTP/1.1" 200 4212
192.168.10.94 - - [28/Sep/2021:08:56:17 -0300] "POST /cormun/servlet/vesolicitudgral?7fb28a0ff2bdacc306a32308ea72b6b0,2021,17550,,,gx-no-cache=1632829344151 HTTP/1.1" 200 116
192.168.10.94 - - [28/Sep/2021:08:56:17 -0300] "GET /cormun/servlet/solicitudotlog?INS,2021,17550,0,REC, HTTP/1.1" 200 6346
192.168.10.94 - - [28/Sep/2021:08:56:18 -0300] "GET /cormun/static/calendar-system.css?85620 HTTP/1.1" 200 5572
192.168.10.94 - - [28/Sep/2021:08:56:18 -0300] "GET /cormun/static/gxcfg.js?2020121572485 HTTP/1.1" 200 953
192.168.10.94 - - [28/Sep/2021:08:56:18 -0300] "GET /cormun/static/solicitudotlog.js?2020121572497 HTTP/1.1" 200 8934
192.168.10.94 - - [28/Sep/2021:08:56:18 -0300] "GET /cormun/servlet/solicitudotlog?INS,2021,17550,0,REC, HTTP/1.1" 200 6341
192.168.10.94 - - [28/Sep/2021:08:56:18 -0300] "GET /cormun/servlet/solicitudotlog?7075718564a9fabf14297711f0b4659b342e1815472777e29b45ddc108d28bf246097521fbcbfdbcacee907e06b9c6b913479fa1018f7ac335757ef5df4e88e89342698bba756339542e6a5bf9073b57a63984b8175d55ebb992c11972b9320a3753abc643d6116333212135d42fe526ffab5db3abda734ada560ae5e1582eeb857b47ab9267b017dcee3b0ba6fe9918bc93295f10f8f6ffe6ccea132fc89144,gx-no-cache=1632829345162 HTTP/1.1" 200 94
186.67.172.234 - - [28/Sep/2021:08:56:19 -0300] "GET /cormun/static/menuarrow.gif HTTP/1.1" 404 1015
190.171.152.234 - - [28/Sep/2021:08:56:21 -0300] "POST /cormun/servlet/solicitudot?gx-no-cache=1632829504796 HTTP/1.1" 200 3844
190.171.152.234 - - [28/Sep/2021:08:56:21 -0300] "POST /cormun/servlet/solicitudot?a626b17a1e0651f2d704d6bb42070d99,INS,0,0,false,,gx-no-cache=1632829504952 HTTP/1.1" 200 12611
192.168.10.94 - - [28/Sep/2021:08:56:25 -0300] "POST /cormun/servlet/solicitudotlog?7fb28a0ff2bdacc306a32308ea72b6b0,INS,2021,17550,0,REC,,gx-no-cache=1632829352018 HTTP/1.1" 200 93
192.168.10.94 - - [28/Sep/2021:08:56:25 -0300] "GET /cormun/servlet/hpexe_return HTTP/1.1" 200 1027
192.168.10.94 - - [28/Sep/2021:08:56:25 -0300] "GET /cormun/static/gxcfg.js?201991422392976 HTTP/1.1" 200 953
192.168.10.94 - - [28/Sep/2021:08:56:25 -0300] "GET /cormun/static/hpexe_return.js?201991422392984 HTTP/1.1" 200 1633
192.168.10.94 - - [28/Sep/2021:08:56:26 -0300] "GET /cormun/servlet/vesolicitudgral?2021,17550,, HTTP/1.1" 200 9111
192.168.10.94 - - [28/Sep/2021:08:56:26 -0300] "GET /cormun/pexe_scrolldiv.js HTTP/1.1" 404 1009
192.168.10.94 - - [28/Sep/2021:08:56:26 -0300] "GET /cormun/servlet/vesolicitudgral?2021,17550,, HTTP/1.1" 200 9108
192.168.10.94 - - [28/Sep/2021:08:56:31 -0300] "GET /cormun/servlet/solicitudotlog?INS,2021,17550,0,REC, HTTP/1.1" 200 6346
192.168.10.94 - - [28/Sep/2021:08:56:31 -0300] "GET /cormun/servlet/solicitudotlog?INS,2021,17550,0,REC, HTTP/1.1" 200 6341
192.168.10.94 - - [28/Sep/2021:08:56:31 -0300] "GET /cormun/servlet/solicitudotlog?7075718564a9fabf14297711f0b4659b342e1815472777e29b45ddc108d28bf246097521fbcbfdbcacee907e06b9c6b913479fa1018f7ac335757ef5df4e88e89342698bba756339542e6a5bf9073b57a63984b8175d55ebb992c11972b9320a3753abc643d6116333212135d42fe526ffab5db3abda734ada560ae5e1582eeb857b47ab9267b017dcee3b0ba6fe9918bc93295f10f8f6ffe6ccea132fc89144,gx-no-cache=1632829358317 HTTP/1.1" 200 94
192.168.10.94 - - [28/Sep/2021:08:56:36 -0300] "GET /cormun/servlet/trsolicitudgral HTTP/1.1" 200 10460
192.168.10.94 - - [28/Sep/2021:08:56:36 -0300] "GET /cormun/servlet/trsolicitudgral HTTP/1.1" 200 10444
186.67.172.234 - - [28/Sep/2021:08:56:38 -0300] "POST /cormun/servlet/trpermisosgoce?d4c0b68bd254fe60db9cb1907372a8cd,gx-no-cache=1632829502290 HTTP/1.1" 200 5347
192.168.10.78 - - [28/Sep/2021:08:56:57 -0300] "GET /cormun/servlet/vesolicitudgral?2021,17551,, HTTP/1.1" 200 8399
192.168.10.78 - - [28/Sep/2021:08:56:57 -0300] "GET /cormun/pexe_scrolldiv.js HTTP/1.1" 404 1009
192.168.10.78 - - [28/Sep/2021:08:56:58 -0300] "GET /cormun/servlet/vesolicitudgral?2021,17551,, HTTP/1.1" 200 8398
190.171.152.234 - - [28/Sep/2021:08:57:48 -0300] "GET /cormun/static/Resources/PXTools/ClosePrompt.png HTTP/1.1" 200 1036
190.171.152.234 - - [28/Sep/2021:08:57:48 -0300] "GET /cormun/static/Resources/resize.gif HTTP/1.1" 200 77
190.171.152.234 - - [28/Sep/2021:08:57:48 -0300] "GET /cormun/servlet/prbanco?,MD,,gxPopupLevel%3D0%3B HTTP/1.1" 200 6551
190.171.152.234 - - [28/Sep/2021:08:57:48 -0300] "GET /cormun/static/gxcfg.js?20201216131581 HTTP/1.1" 200 953
190.171.152.234 - - [28/Sep/2021:08:57:48 -0300] "GET /cormun/static/menusearch.js?20201214473581 HTTP/1.1" 200 1424
190.171.152.234 - - [28/Sep/2021:08:57:48 -0300] "GET /cormun/static/prbanco.js?20201216132311 HTTP/1.1" 200 10693
190.171.152.234 - - [28/Sep/2021:08:57:48 -0300] "GET /cormun/static/Resources/PXToolsMenuSearch.png HTTP/1.1" 200 336
190.171.152.234 - - [28/Sep/2021:08:57:48 -0300] "GET /cormun/static/Resources/PXToolsMenuSearchCancel.png HTTP/1.1" 200 306
190.171.152.234 - - [28/Sep/2021:08:57:48 -0300] "GET /cormun/static/hmpwkw011.js?20201215495555 HTTP/1.1" 200 1968
190.171.152.234 - - [28/Sep/2021:08:57:49 -0300] "POST /cormun/servlet/acontrolpreferencessavestate?None,EGONZALEZ,true HTTP/1.1" 200 35
190.171.141.138 - - [28/Sep/2021:08:57:51 -0300] "GET /cormun/servlet/hlogin HTTP/1.1" 200 1722
190.171.141.138 - - [28/Sep/2021:08:57:55 -0300] "POST /cormun/servlet/hlogin?a90e5a8ba65dacff1db57001dcd3e156,gx-no-cache=1632833179136 HTTP/1.1" 200 90
190.171.141.138 - - [28/Sep/2021:08:57:55 -0300] "GET /cormun/servlet/hpexe_link HTTP/1.1" 200 947
190.171.141.138 - - [28/Sep/2021:08:57:56 -0300] "GET /cormun/servlet/hhome HTTP/1.1" 200 4463
190.171.141.138 - - [28/Sep/2021:08:57:57 -0300] "GET /cormun/servlet/hhome HTTP/1.1" 200 4460
190.171.141.138 - - [28/Sep/2021:08:58:00 -0300] "GET /cormun/servlet/trlicencias? HTTP/1.1" 200 13213
190.171.141.138 - - [28/Sep/2021:08:58:01 -0300] "GET /cormun/servlet/trlicencias? HTTP/1.1" 200 13199
190.171.141.138 - - [28/Sep/2021:08:58:08 -0300] "POST /cormun/servlet/trlicencias?a90e5a8ba65dacff1db57001dcd3e156,,gx-no-cache=1632833191727 HTTP/1.1" 200 5689
190.171.141.138 - - [28/Sep/2021:08:58:13 -0300] "POST /cormun/servlet/trlicencias?a90e5a8ba65dacff1db57001dcd3e156,,gx-no-cache=1632833196843 HTTP/1.1" 200 10783
192.168.10.94 - - [28/Sep/2021:08:58:23 -0300] "POST /cormun/servlet/trsolicitudgral?7fb28a0ff2bdacc306a32308ea72b6b0,,gx-no-cache=1632829469359 HTTP/1.1" 200 6246
192.168.10.94 - - [28/Sep/2021:08:58:23 -0300] "GET /cormun/static/Shared/jqueryui/images/ui-bg_highlight-soft_100_c6c2c8_1x100.png HTTP/1.1" 404 1117
192.168.10.94 - - [28/Sep/2021:08:58:23 -0300] "GET /cormun/static/Shared/jqueryui/images/ui-icons_82798d_256x240.png HTTP/1.1" 404 1089
192.168.10.94 - - [28/Sep/2021:08:58:23 -0300] "GET /cormun/static/Shared/jqueryui/images/ui-icons_8d78a5_256x240.png HTTP/1.1" 404 1089
192.168.10.94 - - [28/Sep/2021:08:58:23 -0300] "GET /cormun/static/Shared/jqueryui/images/ui-bg_flat_55_fafafa_40x100.png HTTP/1.1" 404 1097
190.171.152.234 - - [28/Sep/2021:08:58:29 -0300] "GET /cormun/servlet/solicitudot?bd449b755056305a0ffbad67e9d2cc569e89dd283084176c28723fac7d6f02484d6aa272d91e500a124c7c7fefe1f322,gx-no-cache=1632829633272 HTTP/1.1" 200 30
190.171.152.234 - - [28/Sep/2021:08:58:29 -0300] "GET /cormun/servlet/solicitudot?bd449b755056305a0ffbad67e9d2cc56b3ab6c753694bbd1942243d78ac207010b343e74773499bedd542e4cf36ea1f020e9b81fd7f65eae90cb089bb363aa0e,gx-no-cache=1632829633322 HTTP/1.1" 200 30
192.168.10.94 - - [28/Sep/2021:08:58:38 -0300] "POST /cormun/servlet/trsolicitudgral?7fb28a0ff2bdacc306a32308ea72b6b0,,gx-no-cache=1632829484825 HTTP/1.1" 200 7460
192.168.10.94 - - [28/Sep/2021:08:58:49 -0300] "POST /cormun/servlet/trsolicitudgral?7fb28a0ff2bdacc306a32308ea72b6b0,,gx-no-cache=1632829495668 HTTP/1.1" 200 6271
192.168.10.94 - - [28/Sep/2021:08:59:01 -0300] "POST /cormun/servlet/trsolicitudgral?7fb28a0ff2bdacc306a32308ea72b6b0,,gx-no-cache=1632829507850 HTTP/1.1" 200 7416
190.171.141.90 - - [28/Sep/2021:08:59:08 -0300] "POST /cormun/servlet/solicitudot?2850cb6a87fb9dc1c5157290469b6d1c,INS,0,0,false,,gx-no-cache=1632829651987 HTTP/1.1" 200 93
190.171.141.90 - - [28/Sep/2021:08:59:08 -0300] "GET /cormun/servlet/hpexe_return? HTTP/1.1" 200 1012
190.171.141.90 - - [28/Sep/2021:08:59:08 -0300] "GET /cormun/servlet/trsolicitudot HTTP/1.1" 200 8660
190.171.141.90 - - [28/Sep/2021:08:59:09 -0300] "GET /cormun/servlet/trsolicitudot HTTP/1.1" 200 8656
192.168.10.94 - - [28/Sep/2021:08:59:13 -0300] "POST /cormun/servlet/trsolicitudgral?7fb28a0ff2bdacc306a32308ea72b6b0,,gx-no-cache=1632829519760 HTTP/1.1" 200 6234
192.168.10.94 - - [28/Sep/2021:08:59:27 -0300] "POST /cormun/servlet/trsolicitudgral?7fb28a0ff2bdacc306a32308ea72b6b0,,gx-no-cache=1632829533328 HTTP/1.1" 200 7401
190.171.141.138 - - [28/Sep/2021:08:59:37 -0300] "POST /cormun/servlet/trlicencias?a90e5a8ba65dacff1db57001dcd3e156,,gx-no-cache=1632833280686 HTTP/1.1" 200 5967
192.168.10.94 - - [28/Sep/2021:08:59:37 -0300] "POST /cormun/servlet/trsolicitudgral?7fb28a0ff2bdacc306a32308ea72b6b0,,gx-no-cache=1632829543908 HTTP/1.1" 200 6230
186.67.172.234 - - [28/Sep/2021:09:00:14 -0300] "GET /cormun/servlet/trpermisosgoce? HTTP/1.1" 200 8299
186.67.172.234 - - [28/Sep/2021:09:00:14 -0300] "GET /cormun/servlet/trpermisosgoce? HTTP/1.1" 200 8299
186.67.172.234 - - [28/Sep/2021:09:00:32 -0300] "GET /cormun/servlet/trpermisosgoce? HTTP/1.1" 200 8299
186.67.172.234 - - [28/Sep/2021:09:00:32 -0300] "GET /cormun/servlet/trpermisosgoce? HTTP/1.1" 200 8299
186.67.172.234 - - [28/Sep/2021:09:00:36 -0300] "GET /cormun/servlet/trsolicitudot? HTTP/1.1" 200 7597
186.67.172.234 - - [28/Sep/2021:09:00:36 -0300] "GET /cormun/servlet/trsolicitudot? HTTP/1.1" 200 7596
186.67.172.234 - - [28/Sep/2021:09:00:40 -0300] "GET /cormun/servlet/trpermisosgoce? HTTP/1.1" 200 8300
186.67.172.234 - - [28/Sep/2021:09:00:40 -0300] "GET /cormun/servlet/trpermisosgoce? HTTP/1.1" 200 8299
186.67.172.234 - - [28/Sep/2021:09:00:52 -0300] "GET /cormun/servlet/trpermisosgoce? HTTP/1.1" 200 8299
186.67.172.234 - - [28/Sep/2021:09:00:52 -0300] "GET /cormun/servlet/trpermisosgoce? HTTP/1.1" 200 8299
186.67.172.234 - - [28/Sep/2021:09:00:57 -0300] "GET /cormun/servlet/hlogin HTTP/1.1" 200 1746
192.168.10.78 - - [28/Sep/2021:09:01:05 -0300] "GET /cormun/servlet/trsolicitudgral? HTTP/1.1" 200 8342
192.168.10.78 - - [28/Sep/2021:09:01:05 -0300] "GET /cormun/servlet/trsolicitudgral? HTTP/1.1" 200 8331
192.168.10.94 - - [28/Sep/2021:09:01:10 -0300] "POST /cormun/servlet/trsolicitudgral?7fb28a0ff2bdacc306a32308ea72b6b0,,gx-no-cache=1632829636620 HTTP/1.1" 200 7432
192.168.10.78 - - [28/Sep/2021:09:01:12 -0300] "POST /cormun/servlet/trsolicitudgral?63292f255486ae46f45d6467aa57616d,,gx-no-cache=1632829638308 HTTP/1.1" 200 13103
192.168.10.94 - - [28/Sep/2021:09:01:12 -0300] "POST /cormun/servlet/trsolicitudgral?7fb28a0ff2bdacc306a32308ea72b6b0,,gx-no-cache=1632829638825 HTTP/1.1" 200 6260
192.168.10.78 - - [28/Sep/2021:09:01:20 -0300] "GET /cormun/servlet/trautorizarot? HTTP/1.1" 200 13556
192.168.10.78 - - [28/Sep/2021:09:01:21 -0300] "GET /cormun/servlet/trautorizarot? HTTP/1.1" 200 13555
192.168.10.78 - - [28/Sep/2021:09:02:18 -0300] "GET /cormun/servlet/veautorizarot?2021,17534,, HTTP/1.1" 200 8358
192.168.10.78 - - [28/Sep/2021:09:02:19 -0300] "GET /cormun/pexe_scrolldiv.js HTTP/1.1" 404 1009
192.168.10.78 - - [28/Sep/2021:09:02:19 -0300] "GET /cormun/pexe_scrolldiv.js HTTP/1.1" 404 1009
192.168.10.78 - - [28/Sep/2021:09:02:19 -0300] "GET /cormun/servlet/veautorizarot?2021,17534,, HTTP/1.1" 200 8358
190.171.154.42 - - [28/Sep/2021:09:04:51 -0300] "GET /cormun/servlet/hlogin HTTP/1.1" 200 1727
190.171.154.42 - - [28/Sep/2021:09:04:57 -0300] "POST /cormun/servlet/hlogin?bcf973f152e41c997be7745155eb73e6,gx-no-cache=1632829999690 HTTP/1.1" 200 90
190.171.154.42 - - [28/Sep/2021:09:04:57 -0300] "GET /cormun/servlet/hpexe_link HTTP/1.1" 200 952
190.171.154.42 - - [28/Sep/2021:09:04:57 -0300] "GET /cormun/servlet/hhome HTTP/1.1" 200 4355
190.171.154.42 - - [28/Sep/2021:09:04:59 -0300] "GET /cormun/servlet/hhome HTTP/1.1" 200 4354
190.171.154.42 - - [28/Sep/2021:09:05:16 -0300] "GET /cormun/servlet/trlicencias? HTTP/1.1" 200 12515
190.171.154.42 - - [28/Sep/2021:09:05:18 -0300] "GET /cormun/servlet/trlicencias? HTTP/1.1" 200 12511
190.171.154.42 - - [28/Sep/2021:09:05:28 -0300] "POST /cormun/servlet/trlicencias?bcf973f152e41c997be7745155eb73e6,,gx-no-cache=1632830030571 HTTP/1.1" 200 10039
190.171.154.42 - - [28/Sep/2021:09:05:36 -0300] "POST /cormun/servlet/trlicencias?bcf973f152e41c997be7745155eb73e6,,gx-no-cache=1632830038742 HTTP/1.1" 200 10033
190.171.154.42 - - [28/Sep/2021:09:05:46 -0300] "POST /cormun/servlet/trlicencias?bcf973f152e41c997be7745155eb73e6,,gx-no-cache=1632830048462 HTTP/1.1" 200 10050
200.111.191.213 - - [28/Sep/2021:09:06:18 -0300] "GET /cormun/servlet/trsolicitudot? HTTP/1.1" 200 6342
200.111.191.213 - - [28/Sep/2021:09:06:18 -0300] "GET /cormun/servlet/hlogin HTTP/1.1" 200 1748
200.111.191.213 - - [28/Sep/2021:09:06:18 -0300] "GET /cormun/servlet/trsolicitudot? HTTP/1.1" 200 6325
200.111.191.213 - - [28/Sep/2021:09:06:26 -0300] "POST /cormun/servlet/hlogin?1297d004959ca4301898a3a3080c7106,gx-no-cache=1632830327731 HTTP/1.1" 200 90
200.111.191.213 - - [28/Sep/2021:09:06:26 -0300] "GET /cormun/servlet/hpexe_link HTTP/1.1" 200 961
200.111.191.213 - - [28/Sep/2021:09:06:26 -0300] "GET /cormun/servlet/trsolicitudot HTTP/1.1" 200 8484
200.111.191.213 - - [28/Sep/2021:09:06:26 -0300] "GET /cormun/servlet/trsolicitudot HTTP/1.1" 200 8482
200.111.191.213 - - [28/Sep/2021:09:06:37 -0300] "POST /cormun/servlet/trsolicitudot?1297d004959ca4301898a3a3080c7106,gx-no-cache=1632830339074 HTTP/1.1" 200 8287
200.111.191.213 - - [28/Sep/2021:09:07:13 -0300] "GET /cormun/servlet/vesolicitudot?2021,17539,, HTTP/1.1" 200 8316
200.111.191.213 - - [28/Sep/2021:09:07:13 -0300] "GET /cormun/pexe_scrolldiv.js HTTP/1.1" 404 1009
200.111.191.213 - - [28/Sep/2021:09:07:13 -0300] "GET /cormun/servlet/vesolicitudot?2021,17539,, HTTP/1.1" 200 8316
200.111.191.213 - - [28/Sep/2021:09:07:16 -0300] "GET /cormun/servlet/trsolicitudot HTTP/1.1" 200 11194
200.111.191.213 - - [28/Sep/2021:09:07:16 -0300] "GET /cormun/servlet/trsolicitudot HTTP/1.1" 200 11193
200.111.191.213 - - [28/Sep/2021:09:07:20 -0300] "GET /cormun/servlet/vesolicitudot?2021,17549,, HTTP/1.1" 200 8346
200.111.191.213 - - [28/Sep/2021:09:07:20 -0300] "GET /cormun/pexe_scrolldiv.js HTTP/1.1" 404 1009
200.111.191.213 - - [28/Sep/2021:09:07:20 -0300] "GET /cormun/servlet/vesolicitudot?2021,17549,, HTTP/1.1" 200 8346
200.111.191.213 - - [28/Sep/2021:09:07:23 -0300] "GET /cormun/servlet/trsolicitudot HTTP/1.1" 200 11193
200.111.191.213 - - [28/Sep/2021:09:07:23 -0300] "GET /cormun/servlet/trsolicitudot HTTP/1.1" 200 11193
200.111.191.213 - - [28/Sep/2021:09:07:50 -0300] "GET /cormun/servlet/vesolicitudot?2021,17549,, HTTP/1.1" 200 8346
200.111.191.213 - - [28/Sep/2021:09:07:50 -0300] "GET /cormun/pexe_scrolldiv.js HTTP/1.1" 404 1009
200.111.191.213 - - [28/Sep/2021:09:07:50 -0300] "GET /cormun/servlet/vesolicitudot?2021,17549,, HTTP/1.1" 200 8346
200.111.191.213 - - [28/Sep/2021:09:07:53 -0300] "GET /cormun/servlet/trsolicitudot HTTP/1.1" 200 11193
200.111.191.213 - - [28/Sep/2021:09:07:53 -0300] "GET /cormun/servlet/trsolicitudot HTTP/1.1" 200 11193
200.111.191.213 - - [28/Sep/2021:09:07:59 -0300] "GET /cormun/servlet/vesolicitudot?2021,17522,, HTTP/1.1" 200 8363
200.111.191.213 - - [28/Sep/2021:09:07:59 -0300] "GET /cormun/pexe_scrolldiv.js HTTP/1.1" 404 1009
200.111.191.213 - - [28/Sep/2021:09:07:59 -0300] "GET /cormun/servlet/vesolicitudot?2021,17522,, HTTP/1.1" 200 8363
200.111.191.213 - - [28/Sep/2021:09:08:06 -0300] "GET /cormun/servlet/trsolicitudot HTTP/1.1" 200 11193
200.111.191.213 - - [28/Sep/2021:09:08:06 -0300] "GET /cormun/servlet/trsolicitudot HTTP/1.1" 200 11193
190.171.152.234 - - [28/Sep/2021:09:08:31 -0300] "GET /cormun/servlet/solicitudot?bd449b755056305a0ffbad67e9d2cc56ca0828547d06ce8d1e11c74265b7e44c,gx-no-cache=1632830235546 HTTP/1.1" 200 53
190.171.152.234 - - [28/Sep/2021:09:08:31 -0300] "POST /cormun/servlet/solicitudot?gx-no-cache=1632830235593 HTTP/1.1" 200 240
190.171.152.234 - - [28/Sep/2021:09:08:31 -0300] "GET /cormun/servlet/solicitudot?bd449b755056305a0ffbad67e9d2cc5684abb916ab814f5a7e3f2fecab7f5e794adf8c29c0ebe37b1262ea146b8168c1b0972b40f8a640da18015f629e4b0a5acfe7a2ed4982c16f6b47e7570bec0191699800264bb79c6f4c7e3aab6743ea080c3ffc2ee44e363f93f2f3d5b3e6ff96e978e385c8bb70144eacdc0de505e2b73f32b6a44e4d7a8ecdb3e151fef27e24b27fbbddef4503aad0e34e8f886100a8ccd7b2ce76278bff405ea7e6fa8d801b465432195289caa3628c1a8383b2f1c506e2deef9525b0f6e6fd2251dec732ddfe2ea45a8b99f7aa673b9794f5755af14f2b58f53dbfcdb61c43e8ec1208d49f3f724beeeeb3176382271bc34889cf8c84e8646e71d33924d99b2da2e817ef1731b517baa95fb187e0296fe4069aff3ece32195e4879dcd90fc9420e1996e253ffaaad18ef9af2b85c8e4263117e1361c3d84930c4808234078bda4cee186fa95f27caac15458e442ba55a850e540d11b0e9a1ad1c66c320180333ea3b8c8ba82ba514ed477d1beed88d1bc37b715306,gx-no-cache=1632830235625 HTTP/1.1" 200 30
190.171.152.234 - - [28/Sep/2021:09:08:33 -0300] "POST /cormun/servlet/solicitudot?gx-no-cache=1632830237219 HTTP/1.1" 200 30
190.171.152.234 - - [28/Sep/2021:09:08:45 -0300] "GET /cormun/servlet/prlicenciaspermisos?17234919,L,,MD,,gxPopupLevel%3D0%3B HTTP/1.1" 200 5952
190.171.152.234 - - [28/Sep/2021:09:08:45 -0300] "GET /cormun/static/gxcfg.js?2020121559567 HTTP/1.1" 200 953
190.171.152.234 - - [28/Sep/2021:09:08:45 -0300] "GET /cormun/static/prlicenciaspermisos.js?2020121559821 HTTP/1.1" 200 13379
190.171.152.234 - - [28/Sep/2021:09:08:59 -0300] "POST /cormun/servlet/solicitudot?gx-no-cache=1632830263527 HTTP/1.1" 200 1440
200.111.191.213 - - [28/Sep/2021:09:09:33 -0300] "POST /cormun/servlet/trsolicitudot?1297d004959ca4301898a3a3080c7106,gx-no-cache=1632830515489 HTTP/1.1" 200 4097
200.111.191.213 - - [28/Sep/2021:09:09:40 -0300] "GET /cormun/static/menuarrow.gif HTTP/1.1" 404 1015
200.111.191.213 - - [28/Sep/2021:09:09:45 -0300] "POST /cormun/servlet/trsolicitudot?1297d004959ca4301898a3a3080c7106,gx-no-cache=1632830527079 HTTP/1.1" 200 5572
200.111.191.213 - - [28/Sep/2021:09:09:48 -0300] "GET /cormun/servlet/vesolicitudot?2021,17039,, HTTP/1.1" 200 8302
200.111.191.213 - - [28/Sep/2021:09:09:48 -0300] "GET /cormun/pexe_scrolldiv.js HTTP/1.1" 404 1009
200.111.191.213 - - [28/Sep/2021:09:09:48 -0300] "GET /cormun/servlet/vesolicitudot?2021,17039,, HTTP/1.1" 200 8302
190.171.142.42 - - [28/Sep/2021:09:10:06 -0300] "GET /cormun/servlet/trsolicitudot? HTTP/1.1" 200 8887
190.171.142.42 - - [28/Sep/2021:09:10:07 -0300] "GET /cormun/servlet/trsolicitudot? HTTP/1.1" 200 8887
190.171.152.234 - - [28/Sep/2021:09:10:35 -0300] "POST /cormun/servlet/solicitudot?gx-no-cache=1632830359717 HTTP/1.1" 200 40
192.168.10.78 - - [28/Sep/2021:09:11:24 -0300] "GET /cormun/servlet/trautorizarot? HTTP/1.1" 200 13556
192.168.10.78 - - [28/Sep/2021:09:11:25 -0300] "GET /cormun/servlet/trautorizarot? HTTP/1.1" 200 13555
192.168.10.78 - - [28/Sep/2021:09:11:30 -0300] "GET /cormun/servlet/trsolicitudgral? HTTP/1.1" 200 15741
192.168.10.78 - - [28/Sep/2021:09:11:31 -0300] "GET /cormun/servlet/trsolicitudgral? HTTP/1.1" 200 15740
192.168.10.78 - - [28/Sep/2021:09:11:43 -0300] "POST /cormun/servlet/trsolicitudgral?63292f255486ae46f45d6467aa57616d,,gx-no-cache=1632830269740 HTTP/1.1" 200 6680
192.168.10.78 - - [28/Sep/2021:09:11:45 -0300] "GET /cormun/servlet/vesolicitudgral?2021,17539,, HTTP/1.1" 200 8385
192.168.10.78 - - [28/Sep/2021:09:11:45 -0300] "GET /cormun/pexe_scrolldiv.js HTTP/1.1" 404 1009
192.168.10.78 - - [28/Sep/2021:09:11:45 -0300] "GET /cormun/pexe_scrolldiv.js HTTP/1.1" 404 1009
192.168.10.78 - - [28/Sep/2021:09:11:45 -0300] "GET /cormun/servlet/vesolicitudgral?2021,17539,, HTTP/1.1" 200 8385
192.168.10.78 - - [28/Sep/2021:09:12:14 -0300] "GET /cormun/servlet/vesolicitudgral?2021,17539,,SolicitudOTAdjuntos HTTP/1.1" 200 10833
192.168.10.78 - - [28/Sep/2021:09:12:14 -0300] "GET /cormun/pexe_scrolldiv.js HTTP/1.1" 404 1009
192.168.10.78 - - [28/Sep/2021:09:12:14 -0300] "GET /cormun/pexe_scrolldiv.js HTTP/1.1" 404 1009
192.168.10.78 - - [28/Sep/2021:09:12:14 -0300] "GET /cormun/servlet/vesolicitudgral?2021,17539,,SolicitudOTAdjuntos HTTP/1.1" 200 10837
192.168.10.78 - - [28/Sep/2021:09:12:15 -0300] "POST /cormun/servlet/acontrolpreferencessavestate?None,RRHH+CATALINA+CACERES,true HTTP/1.1" 200 35
192.168.10.78 - - [28/Sep/2021:09:12:16 -0300] "GET /cormun/PublicTempStorage/certificado_de_antecedentes5931110.pdf HTTP/1.1" 200 34224
192.168.10.78 - - [28/Sep/2021:09:12:40 -0300] "GET /cormun/servlet/vesolicitudgral?2021,17539,,SolicitudOTAdjuntos HTTP/1.1" 200 10838
192.168.10.78 - - [28/Sep/2021:09:12:41 -0300] "GET /cormun/servlet/vesolicitudgral?2021,17539,,SolicitudOTAdjuntos HTTP/1.1" 200 10834
192.168.10.78 - - [28/Sep/2021:09:12:41 -0300] "POST /cormun/servlet/acontrolpreferencessavestate?None,RRHH+CATALINA+CACERES,true HTTP/1.1" 200 35
192.168.10.78 - - [28/Sep/2021:09:12:43 -0300] "GET /cormun/PublicTempStorage/curriculum7120622.pdf HTTP/1.1" 200 290641
192.168.10.78 - - [28/Sep/2021:09:12:55 -0300] "GET /cormun/servlet/vesolicitudgral?2021,17539,,SolicitudOTAdjuntos HTTP/1.1" 200 10836
192.168.10.78 - - [28/Sep/2021:09:12:55 -0300] "GET /cormun/servlet/vesolicitudgral?2021,17539,,SolicitudOTAdjuntos HTTP/1.1" 200 10841
192.168.10.78 - - [28/Sep/2021:09:12:56 -0300] "POST /cormun/servlet/acontrolpreferencessavestate?None,RRHH+CATALINA+CACERES,true HTTP/1.1" 200 35
192.168.10.78 - - [28/Sep/2021:09:12:58 -0300] "POST /cormun/servlet/vesolicitudgral?63292f255486ae46f45d6467aa57616d,2021,17539,,SolicitudOTAdjuntos,gx-no-cache=1632830345327 HTTP/1.1" 200 90
192.168.10.78 - - [28/Sep/2021:09:12:58 -0300] "GET /cormun/servlet/hpexe_link HTTP/1.1" 200 980
192.168.10.78 - - [28/Sep/2021:09:12:59 -0300] "GET /cormun/servlet/trsolicitudgral? HTTP/1.1" 200 9739
192.168.10.78 - - [28/Sep/2021:09:12:59 -0300] "GET /cormun/servlet/trsolicitudgral? HTTP/1.1" 200 9740
192.168.10.78 - - [28/Sep/2021:09:13:01 -0300] "GET /cormun/servlet/trautorizarot? HTTP/1.1" 200 13556
192.168.10.78 - - [28/Sep/2021:09:13:02 -0300] "GET /cormun/servlet/trautorizarot? HTTP/1.1" 200 13555
192.168.10.78 - - [28/Sep/2021:09:13:25 -0300] "POST /cormun/servlet/trautorizarot?63292f255486ae46f45d6467aa57616d,,gx-no-cache=1632830371197 HTTP/1.1" 200 5338
192.168.10.78 - - [28/Sep/2021:09:13:29 -0300] "GET /cormun/servlet/trsolicitudgral? HTTP/1.1" 200 9740
192.168.10.78 - - [28/Sep/2021:09:13:29 -0300] "GET /cormun/servlet/trsolicitudgral? HTTP/1.1" 200 9740
192.168.10.78 - - [28/Sep/2021:09:13:33 -0300] "GET /cormun/servlet/vesolicitudgral?2021,17539,, HTTP/1.1" 200 8385
192.168.10.78 - - [28/Sep/2021:09:13:33 -0300] "GET /cormun/pexe_scrolldiv.js HTTP/1.1" 404 1009
192.168.10.78 - - [28/Sep/2021:09:13:33 -0300] "GET /cormun/pexe_scrolldiv.js HTTP/1.1" 404 1009
192.168.10.78 - - [28/Sep/2021:09:13:33 -0300] "GET /cormun/servlet/vesolicitudgral?2021,17539,, HTTP/1.1" 200 8385
192.168.10.78 - - [28/Sep/2021:09:13:39 -0300] "GET /cormun/servlet/vesolicitudgral?2021,17539,,SolicitudOTAdjuntos HTTP/1.1" 200 10836
192.168.10.78 - - [28/Sep/2021:09:13:39 -0300] "GET /cormun/pexe_scrolldiv.js HTTP/1.1" 404 1009
192.168.10.78 - - [28/Sep/2021:09:13:39 -0300] "GET /cormun/pexe_scrolldiv.js HTTP/1.1" 404 1009
192.168.10.78 - - [28/Sep/2021:09:13:39 -0300] "GET /cormun/servlet/vesolicitudgral?2021,17539,,SolicitudOTAdjuntos HTTP/1.1" 200 10838
192.168.10.78 - - [28/Sep/2021:09:13:40 -0300] "POST /cormun/servlet/acontrolpreferencessavestate?None,RRHH+CATALINA+CACERES,true HTTP/1.1" 200 35
192.168.10.78 - - [28/Sep/2021:09:13:40 -0300] "GET /cormun/PublicTempStorage/curriculum9494996.pdf HTTP/1.1" 200 290641
192.168.10.78 - - [28/Sep/2021:09:13:51 -0300] "GET /cormun/servlet/vesolicitudgral?2021,17539,,SolicitudOTAdjuntos HTTP/1.1" 200 10836
192.168.10.78 - - [28/Sep/2021:09:13:51 -0300] "GET /cormun/servlet/vesolicitudgral?2021,17539,,SolicitudOTAdjuntos HTTP/1.1" 200 10839
192.168.10.78 - - [28/Sep/2021:09:13:52 -0300] "POST /cormun/servlet/acontrolpreferencessavestate?None,RRHH+CATALINA+CACERES,true HTTP/1.1" 200 35
192.168.10.78 - - [28/Sep/2021:09:13:55 -0300] "GET /cormun/PublicTempStorage/certificado_de_titulo8372174.pdf HTTP/1.1" 200 75455
192.168.10.78 - - [28/Sep/2021:09:14:08 -0300] "GET /cormun/servlet/vesolicitudgral?2021,17539,,SolicitudOTAdjuntos HTTP/1.1" 200 10836
192.168.10.78 - - [28/Sep/2021:09:14:08 -0300] "GET /cormun/servlet/vesolicitudgral?2021,17539,,SolicitudOTAdjuntos HTTP/1.1" 200 10837
192.168.10.78 - - [28/Sep/2021:09:14:09 -0300] "POST /cormun/servlet/acontrolpreferencessavestate?None,RRHH+CATALINA+CACERES,true HTTP/1.1" 200 35
192.168.10.94 - - [28/Sep/2021:09:14:10 -0300] "POST /cormun/servlet/trsolicitudgral?7fb28a0ff2bdacc306a32308ea72b6b0,,gx-no-cache=1632830416852 HTTP/1.1" 200 6017
192.168.10.78 - - [28/Sep/2021:09:14:11 -0300] "GET /cormun/PublicTempStorage/certificado_fonasa1511063.pdf HTTP/1.1" 200 74218
192.168.10.94 - - [28/Sep/2021:09:14:14 -0300] "POST /cormun/servlet/trsolicitudgral?7fb28a0ff2bdacc306a32308ea72b6b0,,gx-no-cache=1632830420838 HTTP/1.1" 200 7423
192.168.10.94 - - [28/Sep/2021:09:14:16 -0300] "GET /cormun/servlet/vesolicitudgral?2021,17538,, HTTP/1.1" 200 9097
192.168.10.94 - - [28/Sep/2021:09:14:16 -0300] "GET /cormun/pexe_scrolldiv.js HTTP/1.1" 404 1009
192.168.10.94 - - [28/Sep/2021:09:14:16 -0300] "GET /cormun/servlet/vesolicitudgral?2021,17538,, HTTP/1.1" 200 9096
192.168.10.78 - - [28/Sep/2021:09:14:17 -0300] "GET /cormun/servlet/vesolicitudgral?2021,17539,,SolicitudOTAdjuntos HTTP/1.1" 200 10835
192.168.10.78 - - [28/Sep/2021:09:14:18 -0300] "GET /cormun/servlet/vesolicitudgral?2021,17539,,SolicitudOTAdjuntos HTTP/1.1" 200 10838
192.168.10.78 - - [28/Sep/2021:09:14:18 -0300] "POST /cormun/servlet/acontrolpreferencessavestate?None,RRHH+CATALINA+CACERES,true HTTP/1.1" 200 35
192.168.10.78 - - [28/Sep/2021:09:14:21 -0300] "GET /cormun/PublicTempStorage/certificado_afp5959287.PDF HTTP/1.1" 200 400058
190.171.152.234 - - [28/Sep/2021:09:14:32 -0300] "GET /cormun/servlet/hlogin HTTP/1.1" 200 1730
190.171.152.234 - - [28/Sep/2021:09:14:32 -0300] "GET /cormun/static/gxcfg.js?201910216285969 HTTP/1.1" 200 953
190.171.152.234 - - [28/Sep/2021:09:14:32 -0300] "GET /cormun/static/hlogin.js?201910216285995 HTTP/1.1" 200 2136
190.171.152.234 - - [28/Sep/2021:09:14:32 -0300] "GET /cormun/static/Resources/PXToolsLoginTop.png HTTP/1.1" 200 1337
190.171.152.234 - - [28/Sep/2021:09:14:32 -0300] "GET /cormun/static/Resources/PXToolsLoginBackground.png HTTP/1.1" 200 1164
190.171.152.234 - - [28/Sep/2021:09:14:32 -0300] "GET /cormun/static/Resources/Logo2019_Grande.png HTTP/1.1" 200 31733
190.171.152.234 - - [28/Sep/2021:09:14:32 -0300] "GET /cormun/static/Resources/PXToolsLoginBottom.png HTTP/1.1" 200 1389
190.171.152.234 - - [28/Sep/2021:09:14:41 -0300] "POST /cormun/servlet/hlogin?a626b17a1e0651f2d704d6bb42070d99,gx-no-cache=1632830605273 HTTP/1.1" 200 90
190.171.152.234 - - [28/Sep/2021:09:14:41 -0300] "GET /cormun/servlet/hpexe_link HTTP/1.1" 200 980
190.171.152.234 - - [28/Sep/2021:09:14:41 -0300] "GET /cormun/static/hpexe_link.js?201991422392963 HTTP/1.1" 200 625
190.171.152.234 - - [28/Sep/2021:09:14:41 -0300] "GET /cormun/static/gxcfg.js?201991422392958 HTTP/1.1" 200 953
190.171.152.234 - - [28/Sep/2021:09:14:41 -0300] "GET /cormun/servlet/prlicenciaspermisos?17234919,L,,MD, HTTP/1.1" 200 5943
192.168.10.78 - - [28/Sep/2021:09:14:43 -0300] "GET /cormun/servlet/vesolicitudgral?2021,17539,,SolicitudOTAdjuntos HTTP/1.1" 200 10837
192.168.10.78 - - [28/Sep/2021:09:14:44 -0300] "GET /cormun/servlet/vesolicitudgral?2021,17539,,SolicitudOTAdjuntos HTTP/1.1" 200 10839
192.168.10.78 - - [28/Sep/2021:09:14:44 -0300] "POST /cormun/servlet/acontrolpreferencessavestate?None,RRHH+CATALINA+CACERES,true HTTP/1.1" 200 35
192.168.10.78 - - [28/Sep/2021:09:14:45 -0300] "GET /cormun/servlet/vesolicitudgral?2021,17539,,General HTTP/1.1" 200 8392
192.168.10.78 - - [28/Sep/2021:09:14:45 -0300] "GET /cormun/pexe_scrolldiv.js HTTP/1.1" 404 1009
192.168.10.78 - - [28/Sep/2021:09:14:45 -0300] "GET /cormun/pexe_scrolldiv.js HTTP/1.1" 404 1009
192.168.10.78 - - [28/Sep/2021:09:14:45 -0300] "GET /cormun/servlet/vesolicitudgral?2021,17539,,General HTTP/1.1" 200 8392
190.171.152.234 - - [28/Sep/2021:09:15:00 -0300] "GET /cormun/servlet/hlogin HTTP/1.1" 200 1763
190.171.152.234 - - [28/Sep/2021:09:15:28 -0300] "GET /cormun/servlet/trcontratosolicitud? HTTP/1.1" 200 5859
190.171.152.234 - - [28/Sep/2021:09:15:28 -0300] "GET /cormun/static/gxcfg.js?20199142011887 HTTP/1.1" 200 953
190.171.152.234 - - [28/Sep/2021:09:15:28 -0300] "GET /cormun/static/trcontratosolicitud.js?201991420111348 HTTP/1.1" 200 28237
190.171.152.234 - - [28/Sep/2021:09:15:28 -0300] "GET /cormun/static/Resources/Spanish/PXTools.css?19172979 HTTP/1.1" 200 100853
190.171.152.234 - - [28/Sep/2021:09:15:29 -0300] "GET /cormun/servlet/hlogin HTTP/1.1" 200 1750
190.171.152.234 - - [28/Sep/2021:09:15:29 -0300] "GET /cormun/servlet/trcontratosolicitud? HTTP/1.1" 200 5849
190.171.152.234 - - [28/Sep/2021:09:15:38 -0300] "POST /cormun/servlet/hlogin?a626b17a1e0651f2d704d6bb42070d99,gx-no-cache=1632830662752 HTTP/1.1" 200 90
190.171.152.234 - - [28/Sep/2021:09:15:38 -0300] "GET /cormun/servlet/hpexe_link HTTP/1.1" 200 963
190.171.152.234 - - [28/Sep/2021:09:15:39 -0300] "GET /cormun/servlet/trcontratosolicitud HTTP/1.1" 200 14827
190.171.152.234 - - [28/Sep/2021:09:15:39 -0300] "GET /cormun//static/Resources/PXToolsGridNew.png HTTP/1.1" 200 427
190.171.152.234 - - [28/Sep/2021:09:15:39 -0300] "GET /cormun/servlet/trcontratosolicitud HTTP/1.1" 200 14821
190.171.152.234 - - [28/Sep/2021:09:15:44 -0300] "GET /cormun/servlet/trcontratosolicitud? HTTP/1.1" 200 14818
190.171.152.234 - - [28/Sep/2021:09:15:44 -0300] "GET /cormun/servlet/trcontratosolicitud? HTTP/1.1" 200 14820
190.171.152.234 - - [28/Sep/2021:09:15:59 -0300] "POST /cormun/servlet/trcontratosolicitud?a626b17a1e0651f2d704d6bb42070d99,,gx-no-cache=1632830683492 HTTP/1.1" 200 12630
190.171.152.234 - - [28/Sep/2021:09:16:00 -0300] "GET /cormun/static/Resources/PXToolsGridNext.gif HTTP/1.1" 200 369
190.171.152.234 - - [28/Sep/2021:09:16:00 -0300] "GET /cormun/static/Resources/PXToolsGridLast.gif HTTP/1.1" 200 370
190.171.152.234 - - [28/Sep/2021:09:16:01 -0300] "POST /cormun/servlet/trcontratosolicitud?a626b17a1e0651f2d704d6bb42070d99,,gx-no-cache=1632830685192 HTTP/1.1" 200 7071
190.171.152.234 - - [28/Sep/2021:09:16:01 -0300] "GET /cormun/static/Resources/PXToolsGridFirst.gif HTTP/1.1" 200 379
190.171.152.234 - - [28/Sep/2021:09:16:01 -0300] "GET /cormun/static/Resources/PXToolsGridPrevious.gif HTTP/1.1" 200 369
192.168.10.78 - - [28/Sep/2021:09:16:08 -0300] "GET /cormun/servlet/trsolicitudgral? HTTP/1.1" 200 9745
192.168.10.78 - - [28/Sep/2021:09:16:08 -0300] "GET /cormun/servlet/trsolicitudgral? HTTP/1.1" 200 9741
192.168.10.78 - - [28/Sep/2021:09:18:13 -0300] "POST /cormun/servlet/trsolicitudgral?63292f255486ae46f45d6467aa57616d,,gx-no-cache=1632830659564 HTTP/1.1" 200 6654
190.171.152.234 - - [28/Sep/2021:09:19:03 -0300] "POST /cormun/servlet/trcontratosolicitud?a626b17a1e0651f2d704d6bb42070d99,,gx-no-cache=1632830866544 HTTP/1.1" 200 12642
190.171.152.234 - - [28/Sep/2021:09:19:24 -0300] "POST /cormun/servlet/trcontratosolicitud?a626b17a1e0651f2d704d6bb42070d99,,gx-no-cache=1632830887802 HTTP/1.1" 200 7071
192.168.10.78 - - [28/Sep/2021:09:19:28 -0300] "GET /cormun/servlet/vesolicitudgral?2021,17537,, HTTP/1.1" 200 8361
192.168.10.78 - - [28/Sep/2021:09:19:28 -0300] "GET /cormun/pexe_scrolldiv.js HTTP/1.1" 404 1009
192.168.10.78 - - [28/Sep/2021:09:19:28 -0300] "GET /cormun/pexe_scrolldiv.js HTTP/1.1" 404 1009
192.168.10.78 - - [28/Sep/2021:09:19:28 -0300] "GET /cormun/servlet/vesolicitudgral?2021,17537,, HTTP/1.1" 200 8360
200.111.191.213 - - [28/Sep/2021:09:19:35 -0300] "GET /cormun/servlet/trsolicitudot HTTP/1.1" 200 8504
200.111.191.213 - - [28/Sep/2021:09:19:36 -0300] "GET /cormun/servlet/trsolicitudot HTTP/1.1" 200 8504
192.168.10.78 - - [28/Sep/2021:09:19:37 -0300] "GET /cormun/servlet/vesolicitudgral?2021,17537,,SolicitudOTAdjuntos HTTP/1.1" 200 10903
192.168.10.78 - - [28/Sep/2021:09:19:37 -0300] "GET /cormun/pexe_scrolldiv.js HTTP/1.1" 404 1009
192.168.10.78 - - [28/Sep/2021:09:19:37 -0300] "GET /cormun/pexe_scrolldiv.js HTTP/1.1" 404 1009
192.168.10.78 - - [28/Sep/2021:09:19:37 -0300] "GET /cormun/servlet/vesolicitudgral?2021,17537,,SolicitudOTAdjuntos HTTP/1.1" 200 10903
192.168.10.78 - - [28/Sep/2021:09:19:38 -0300] "POST /cormun/servlet/acontrolpreferencessavestate?None,RRHH+CATALINA+CACERES,true HTTP/1.1" 200 35
192.168.10.78 - - [28/Sep/2021:09:19:46 -0300] "GET /cormun/PublicTempStorage/cert._antecedentes4952100.pdf HTTP/1.1" 200 34625
200.111.191.213 - - [28/Sep/2021:09:19:47 -0300] "POST /cormun/servlet/trsolicitudot?1297d004959ca4301898a3a3080c7106,gx-no-cache=1632831128370 HTTP/1.1" 200 20100
200.111.191.213 - - [28/Sep/2021:09:19:50 -0300] "POST /cormun/servlet/trsolicitudot?1297d004959ca4301898a3a3080c7106,gx-no-cache=1632831131430 HTTP/1.1" 200 102
200.111.191.213 - - [28/Sep/2021:09:19:50 -0300] "GET /cormun/SolicitudOT-421.xls HTTP/1.1" 200 21504
190.171.152.234 - - [28/Sep/2021:09:19:50 -0300] "GET /cormun/servlet/trsolicitudot? HTTP/1.1" 200 7522
190.171.152.234 - - [28/Sep/2021:09:19:51 -0300] "GET /cormun/servlet/trsolicitudot? HTTP/1.1" 200 7522
190.171.152.234 - - [28/Sep/2021:09:19:54 -0300] "GET /cormun/servlet/solicitudot?INS,0,0,false, HTTP/1.1" 200 15836
190.171.152.234 - - [28/Sep/2021:09:19:54 -0300] "GET /cormun/servlet/solicitudot?INS,0,0,false, HTTP/1.1" 200 15844
190.171.152.234 - - [28/Sep/2021:09:20:02 -0300] "POST /cormun/servlet/solicitudot?gx-no-cache=1632830926576 HTTP/1.1" 200 3844
190.171.152.234 - - [28/Sep/2021:09:20:03 -0300] "POST /cormun/servlet/solicitudot?a626b17a1e0651f2d704d6bb42070d99,INS,0,0,false,,gx-no-cache=1632830926761 HTTP/1.1" 200 12612
190.171.152.234 - - [28/Sep/2021:09:20:07 -0300] "GET /cormun/servlet/solicitudot?bd449b755056305a0ffbad67e9d2cc569e89dd283084176c28723fac7d6f02484d6aa272d91e500a124c7c7fefe1f322,gx-no-cache=1632830931104 HTTP/1.1" 200 30
190.171.152.234 - - [28/Sep/2021:09:20:07 -0300] "GET /cormun/servlet/solicitudot?bd449b755056305a0ffbad67e9d2cc56b3ab6c753694bbd1942243d78ac207010b343e74773499bedd542e4cf36ea1f020e9b81fd7f65eae90cb089bb363aa0e,gx-no-cache=1632830931133 HTTP/1.1" 200 30
190.171.152.234 - - [28/Sep/2021:09:20:07 -0300] "GET /cormun/servlet/solicitudot?bd449b755056305a0ffbad67e9d2cc56ca0828547d06ce8d1e11c74265b7e44c,gx-no-cache=1632830931156 HTTP/1.1" 200 53
190.171.152.234 - - [28/Sep/2021:09:20:07 -0300] "POST /cormun/servlet/solicitudot?gx-no-cache=1632830931182 HTTP/1.1" 200 240
190.171.152.234 - - [28/Sep/2021:09:20:07 -0300] "GET /cormun/servlet/solicitudot?bd449b755056305a0ffbad67e9d2cc5684abb916ab814f5a7e3f2fecab7f5e794adf8c29c0ebe37b1262ea146b8168c1b0972b40f8a640da18015f629e4b0a5acfe7a2ed4982c16f6b47e7570bec0191699800264bb79c6f4c7e3aab6743ea080c3ffc2ee44e363f93f2f3d5b3e6ff96e978e385c8bb70144eacdc0de505e2b73f32b6a44e4d7a8ecdb3e151fef27e24b27fbbddef4503aad0e34e8f886100a8ccd7b2ce76278bff405ea7e6fa8d801b465432195289caa3628c1a8383b2f1c506e2deef9525b0f6e6fd2251dec732ddfe2ea45a8b99f7aa673b9794f5755af14f2b58f53dbfcdb61c43e8ec1208d49f3f724beeeeb3176382271bc34889cf8c84e8646e71d33924d99b2da2e817ef1731b517baa95fb187e0296fe4069aff3ece32195e4879dcd90fc9420e1996e253ffaaad18ef9af2b85c8e4263117e1361c3d84930c4808234078bda4cee186fa95f27caac15458e442ba55a850e540d11b0e9a1ad1c66c320180333ea3b8c8ba82ba514ed477d1beed88d1bc37b715306,gx-no-cache=1632830931214 HTTP/1.1" 200 30
190.171.152.234 - - [28/Sep/2021:09:20:09 -0300] "POST /cormun/servlet/solicitudot?gx-no-cache=1632830933175 HTTP/1.1" 200 30
192.168.10.78 - - [28/Sep/2021:09:20:20 -0300] "GET /cormun/servlet/vesolicitudgral?2021,17537,,SolicitudOTAdjuntos HTTP/1.1" 200 10903
192.168.10.78 - - [28/Sep/2021:09:20:20 -0300] "GET /cormun/servlet/vesolicitudgral?2021,17537,,SolicitudOTAdjuntos HTTP/1.1" 200 10909
192.168.10.78 - - [28/Sep/2021:09:20:20 -0300] "GET /cormun/pexe_scrolldiv.js HTTP/1.1" 404 1009
192.168.10.78 - - [28/Sep/2021:09:20:20 -0300] "GET /cormun/pexe_scrolldiv.js HTTP/1.1" 404 1009
192.168.10.78 - - [28/Sep/2021:09:20:20 -0300] "GET /cormun/servlet/vesolicitudgral?2021,17537,,SolicitudOTAdjuntos HTTP/1.1" 200 10806
192.168.10.78 - - [28/Sep/2021:09:20:21 -0300] "GET /cormun/servlet/vesolicitudgral?2021,17537,,SolicitudOTAdjuntos HTTP/1.1" 200 10909
192.168.10.78 - - [28/Sep/2021:09:20:21 -0300] "POST /cormun/servlet/acontrolpreferencessavestate?None,RRHH+CATALINA+CACERES,true HTTP/1.1" 200 35
192.168.10.78 - - [28/Sep/2021:09:20:26 -0300] "GET /cormun/PublicTempStorage/curriculum_fonoaudiologico8264922.pdf HTTP/1.1" 200 59801
190.171.152.234 - - [28/Sep/2021:09:20:28 -0300] "GET /cormun/servlet/prlicenciaspermisos?17234919,L,,MD,,gxPopupLevel%3D0%3B HTTP/1.1" 200 5952
190.171.152.234 - - [28/Sep/2021:09:20:34 -0300] "POST /cormun/servlet/solicitudot?gx-no-cache=1632830958220 HTTP/1.1" 200 1440
191.114.224.236 - - [28/Sep/2021:09:20:41 -0300] "GET /cormun/servlet/hlogin HTTP/1.1" 200 1725
190.171.152.234 - - [28/Sep/2021:09:20:42 -0300] "POST /cormun/servlet/solicitudot?gx-no-cache=1632830965855 HTTP/1.1" 200 40
190.171.152.234 - - [28/Sep/2021:09:20:42 -0300] "GET /cormun/servlet/solicitudot?bd449b755056305a0ffbad67e9d2cc56c8b4448aff24cb8017779fd17dc136f608f909aecd392b2915d4035f162cd442ae7ed61ae25001d86d76b176d80a2ea0ea4d9a8cb224afd29fb736e701279eb6eed38e5fdf1ba5730e4348ffaa53f849bc85d3a325dcb8be70f50e77b7659030,gx-no-cache=1632830965884 HTTP/1.1" 200 110
190.171.152.234 - - [28/Sep/2021:09:20:42 -0300] "POST /cormun/servlet/solicitudot?gx-no-cache=1632830965909 HTTP/1.1" 200 97
191.114.224.236 - - [28/Sep/2021:09:20:57 -0300] "POST /cormun/servlet/hlogin?f4da8b21a8403ec64d3f0ac536758352,gx-no-cache=1632830961770 HTTP/1.1" 200 90
191.114.224.236 - - [28/Sep/2021:09:20:57 -0300] "GET /cormun/servlet/hpexe_link HTTP/1.1" 200 952
191.114.224.236 - - [28/Sep/2021:09:20:57 -0300] "GET /cormun/servlet/hhome HTTP/1.1" 200 4304
191.114.224.236 - - [28/Sep/2021:09:20:58 -0300] "GET /cormun/servlet/hhome HTTP/1.1" 200 4301
190.171.152.234 - - [28/Sep/2021:09:21:00 -0300] "GET /cormun/servlet/solicitudot?bd449b755056305a0ffbad67e9d2cc565c40db74224f6ed1e78b3f7a989a54491cf0f67ce99f166a2766f80125dc2ef41f330949d72f923fc3b161c14edb0ad48c12b0f97c38f8768ec242b11cb6972959ef8473d3bc37fa3a6b8ef510c1e14b4683e047f57508625cf7170768e5ac03a6f59667dc3f5641be55fcf1025457545656de9d5f4b50bcb06f7d6fe1ad60959ba8ee614cde7e8239f49b9f780259ec,gx-no-cache=1632830984753 HTTP/1.1" 200 29
190.171.152.234 - - [28/Sep/2021:09:21:00 -0300] "GET /cormun/static/menuarrow.gif HTTP/1.1" 404 1015
191.114.224.236 - - [28/Sep/2021:09:21:01 -0300] "GET /cormun/servlet/trsolicitudot? HTTP/1.1" 200 7526
191.114.224.236 - - [28/Sep/2021:09:21:01 -0300] "GET /cormun/static/gxui/gxui-all.css?110300 HTTP/1.1" 200 2179
191.114.224.236 - - [28/Sep/2021:09:21:01 -0300] "GET /cormun/static/calendar-system.css?75620 HTTP/1.1" 200 5572
191.114.224.236 - - [28/Sep/2021:09:21:01 -0300] "GET /cormun/static/gxcfg.js?201991910464971 HTTP/1.1" 200 953
191.114.224.236 - - [28/Sep/2021:09:21:01 -0300] "GET /cormun/static/trsolicitudot.js?201991910465845 HTTP/1.1" 200 54041
191.114.224.236 - - [28/Sep/2021:09:21:01 -0300] "GET /cormun/static/Shared/ext/resources/css/ext-all.css?205870 HTTP/1.1" 200 416045
191.114.224.236 - - [28/Sep/2021:09:21:02 -0300] "GET /cormun/servlet/trsolicitudot? HTTP/1.1" 200 7524
190.171.152.234 - - [28/Sep/2021:09:21:07 -0300] "GET /cormun/servlet/solicitudot?bd449b755056305a0ffbad67e9d2cc56006eab617e5d1e097b3d3634ae845186d8a2062ea6bd65203580331f3fddcaeb,gx-no-cache=1632830991630 HTTP/1.1" 200 30
190.171.152.234 - - [28/Sep/2021:09:21:07 -0300] "POST /cormun/servlet/solicitudot?gx-no-cache=1632830991653 HTTP/1.1" 200 34
190.171.141.138 - - [28/Sep/2021:09:21:18 -0300] "POST /cormun/servlet/trlicencias?a90e5a8ba65dacff1db57001dcd3e156,,gx-no-cache=1632834573887 HTTP/1.1" 200 18211
190.171.141.138 - - [28/Sep/2021:09:21:19 -0300] "GET /cormun/static/Resources/PXToolsGridNext.gif HTTP/1.1" 200 369
190.171.141.138 - - [28/Sep/2021:09:21:19 -0300] "GET /cormun/static/Resources/PXToolsGridLast.gif HTTP/1.1" 200 370
192.168.10.78 - - [28/Sep/2021:09:21:44 -0300] "GET /cormun/servlet/vesolicitudgral?2021,17537,,SolicitudOTAdjuntos HTTP/1.1" 200 10908
192.168.10.78 - - [28/Sep/2021:09:21:45 -0300] "GET /cormun/servlet/vesolicitudgral?2021,17537,,SolicitudOTAdjuntos HTTP/1.1" 200 10906
192.168.10.78 - - [28/Sep/2021:09:21:46 -0300] "POST /cormun/servlet/acontrolpreferencessavestate?None,RRHH+CATALINA+CACERES,true HTTP/1.1" 200 35
192.168.10.78 - - [28/Sep/2021:09:21:48 -0300] "GET /cormun/PublicTempStorage/certificado_titulo_grado_%281%29_%281%298514857.pdf HTTP/1.1" 200 129730
191.114.224.236 - - [28/Sep/2021:09:22:15 -0300] "GET /cormun/servlet/solicitudot?INS,0,0,false, HTTP/1.1" 200 15864
191.114.224.236 - - [28/Sep/2021:09:22:15 -0300] "GET /cormun/static/gxcfg.js?20203414241232 HTTP/1.1" 200 953
191.114.224.236 - - [28/Sep/2021:09:22:15 -0300] "GET /cormun/static/Resources/prompt.gif HTTP/1.1" 200 902
191.114.224.236 - - [28/Sep/2021:09:22:15 -0300] "GET /cormun/static/solicitudot.js?20203414242792 HTTP/1.1" 200 74114
191.114.224.236 - - [28/Sep/2021:09:22:15 -0300] "GET /cormun/servlet/solicitudot?INS,0,0,false, HTTP/1.1" 200 15872
192.168.10.78 - - [28/Sep/2021:09:23:22 -0300] "GET /cormun/servlet/vesolicitudgral?2021,17537,,SolicitudOTAdjuntos HTTP/1.1" 200 10906
192.168.10.78 - - [28/Sep/2021:09:23:23 -0300] "GET /cormun/servlet/vesolicitudgral?2021,17537,,SolicitudOTAdjuntos HTTP/1.1" 200 10908
191.114.224.236 - - [28/Sep/2021:09:23:23 -0300] "POST /cormun/servlet/solicitudot?gx-no-cache=1632831107243 HTTP/1.1" 200 3795
191.114.224.236 - - [28/Sep/2021:09:23:23 -0300] "GET /cormun/static/Shared/jqueryui/images/ui-bg_highlight-soft_100_c6c2c8_1x100.png HTTP/1.1" 404 1117
191.114.224.236 - - [28/Sep/2021:09:23:23 -0300] "GET /cormun/static/Shared/jqueryui/images/ui-icons_82798d_256x240.png HTTP/1.1" 404 1089
191.114.224.236 - - [28/Sep/2021:09:23:23 -0300] "GET /cormun/static/Shared/jqueryui/images/ui-bg_flat_55_994d53_40x100.png HTTP/1.1" 404 1097
191.114.224.236 - - [28/Sep/2021:09:23:23 -0300] "GET /cormun/static/Shared/jqueryui/images/ui-icons_ebccce_256x240.png HTTP/1.1" 404 1089
192.168.10.78 - - [28/Sep/2021:09:23:23 -0300] "POST /cormun/servlet/acontrolpreferencessavestate?None,RRHH+CATALINA+CACERES,true HTTP/1.1" 200 35
192.168.10.78 - - [28/Sep/2021:09:23:25 -0300] "GET /cormun/servlet/trsolicitudgral? HTTP/1.1" 200 9722
192.168.10.78 - - [28/Sep/2021:09:23:26 -0300] "GET /cormun/servlet/trsolicitudgral? HTTP/1.1" 200 9714
190.171.152.234 - - [28/Sep/2021:09:23:31 -0300] "GET /cormun/servlet/solicitudot?bd449b755056305a0ffbad67e9d2cc565c40db74224f6ed1e78b3f7a989a54491cf0f67ce99f166a2766f80125dc2ef4cde34298b24ce50c9eb34836b464a8f48c12b0f97c38f8768ec242b11cb6972959ef8473d3bc37fa3a6b8ef510c1e14b4683e047f57508625cf7170768e5ac03a6f59667dc3f5641be55fcf1025457545656de9d5f4b50bcb06f7d6fe1ad60959ba8ee614cde7e8239f49b9f780259ec,gx-no-cache=1632831134847 HTTP/1.1" 200 29
192.168.10.78 - - [28/Sep/2021:09:23:34 -0300] "POST /cormun/servlet/trsolicitudgral?63292f255486ae46f45d6467aa57616d,,gx-no-cache=1632830980739 HTTP/1.1" 200 12642
191.114.224.236 - - [28/Sep/2021:09:23:39 -0300] "GET /cormun/servlet/trsolicitudot? HTTP/1.1" 200 7525
191.114.224.236 - - [28/Sep/2021:09:23:40 -0300] "GET /cormun/servlet/trsolicitudot? HTTP/1.1" 200 7524
191.114.224.236 - - [28/Sep/2021:09:23:42 -0300] "GET /cormun/servlet/solicitudot?INS,0,0,false, HTTP/1.1" 200 15864
191.114.224.236 - - [28/Sep/2021:09:23:42 -0300] "GET /cormun/servlet/solicitudot?INS,0,0,false, HTTP/1.1" 200 15872
192.168.10.78 - - [28/Sep/2021:09:23:43 -0300] "GET /cormun/servlet/vesolicitudgral?2021,17546,, HTTP/1.1" 200 8370
192.168.10.78 - - [28/Sep/2021:09:23:43 -0300] "GET /cormun/pexe_scrolldiv.js HTTP/1.1" 404 1009
192.168.10.78 - - [28/Sep/2021:09:23:43 -0300] "GET /cormun/pexe_scrolldiv.js HTTP/1.1" 404 1009
192.168.10.78 - - [28/Sep/2021:09:23:44 -0300] "GET /cormun/servlet/vesolicitudgral?2021,17546,, HTTP/1.1" 200 8366
190.171.152.234 - - [28/Sep/2021:09:23:47 -0300] "GET /cormun/servlet/solicitudot?bd449b755056305a0ffbad67e9d2cc56006eab617e5d1e097b3d3634ae845186a6e63d375ea0dcbabef3fc4f3b0d9e8c,gx-no-cache=1632831151462 HTTP/1.1" 200 30
190.171.152.234 - - [28/Sep/2021:09:23:47 -0300] "POST /cormun/servlet/solicitudot?gx-no-cache=1632831151485 HTTP/1.1" 200 34
190.171.152.234 - - [28/Sep/2021:09:23:47 -0300] "POST /cormun/servlet/solicitudot?a626b17a1e0651f2d704d6bb42070d99,INS,0,0,false,,gx-no-cache=1632831151514 HTTP/1.1" 200 93
190.171.152.234 - - [28/Sep/2021:09:23:48 -0300] "GET /cormun/servlet/hpexe_return? HTTP/1.1" 200 1012
190.171.152.234 - - [28/Sep/2021:09:23:48 -0300] "GET /cormun/static/gxcfg.js?201991422392976 HTTP/1.1" 200 953
190.171.152.234 - - [28/Sep/2021:09:23:48 -0300] "GET /cormun/static/hpexe_return.js?201991422392984 HTTP/1.1" 200 1633
190.171.152.234 - - [28/Sep/2021:09:23:48 -0300] "GET /cormun/servlet/trsolicitudot HTTP/1.1" 200 7525
190.171.152.234 - - [28/Sep/2021:09:23:48 -0300] "GET /cormun/servlet/trsolicitudot HTTP/1.1" 200 7522
192.168.10.78 - - [28/Sep/2021:09:23:58 -0300] "POST /cormun/servlet/vesolicitudgral?63292f255486ae46f45d6467aa57616d,2021,17546,,,gx-no-cache=1632831004724 HTTP/1.1" 200 116
192.168.10.78 - - [28/Sep/2021:09:23:58 -0300] "GET /cormun/servlet/solicitudotlog?INS,2021,17546,0,REC, HTTP/1.1" 200 5658
191.114.224.236 - - [28/Sep/2021:09:23:59 -0300] "POST /cormun/servlet/solicitudot?gx-no-cache=1632831143133 HTTP/1.1" 200 3721
192.168.10.78 - - [28/Sep/2021:09:23:59 -0300] "GET /cormun/servlet/solicitudotlog?INS,2021,17546,0,REC, HTTP/1.1" 200 5653
191.114.224.236 - - [28/Sep/2021:09:23:59 -0300] "POST /cormun/servlet/solicitudot?f4da8b21a8403ec64d3f0ac536758352,INS,0,0,false,,gx-no-cache=1632831143598 HTTP/1.1" 200 12501
192.168.10.78 - - [28/Sep/2021:09:23:59 -0300] "GET /cormun/servlet/solicitudotlog?b334e55410b27a1a35dd170d8a4a1c8c224f5c095bbe975c7ef2aaf8e7e0cf966d21c9cce0e29cec4f532c338c02416a3e343b949a721d6ca357217420211044fa6e9e467eb906f1d5a54a95c314a9f2c31da81ed446291b8174b7e89def9d7dc1b319087b04c874ccaf7eaad7d77e227e8ded7802395c744704ae463eb6023412996a43823173ed09e1a1271de6fbdc4617e6f3f31180ac2389e7299a618528,gx-no-cache=1632831006339 HTTP/1.1" 200 94
190.171.152.234 - - [28/Sep/2021:09:24:02 -0300] "GET /cormun/servlet/trsolicitudot? HTTP/1.1" 200 7522
190.171.152.234 - - [28/Sep/2021:09:24:02 -0300] "GET /cormun/servlet/trsolicitudot? HTTP/1.1" 200 7522
192.168.10.78 - - [28/Sep/2021:09:24:08 -0300] "POST /cormun/servlet/solicitudotlog?63292f255486ae46f45d6467aa57616d,INS,2021,17546,0,REC,,gx-no-cache=1632831014690 HTTP/1.1" 200 93
192.168.10.78 - - [28/Sep/2021:09:24:08 -0300] "GET /cormun/servlet/hpexe_return? HTTP/1.1" 200 1028
192.168.10.78 - - [28/Sep/2021:09:24:09 -0300] "GET /cormun/servlet/vesolicitudgral?2021,17546,, HTTP/1.1" 200 8384
192.168.10.78 - - [28/Sep/2021:09:24:09 -0300] "GET /cormun/pexe_scrolldiv.js HTTP/1.1" 404 1009
192.168.10.78 - - [28/Sep/2021:09:24:09 -0300] "GET /cormun/pexe_scrolldiv.js HTTP/1.1" 404 1009
192.168.10.78 - - [28/Sep/2021:09:24:09 -0300] "GET /cormun/servlet/vesolicitudgral?2021,17546,, HTTP/1.1" 200 8380
191.114.224.236 - - [28/Sep/2021:09:24:11 -0300] "GET /cormun/servlet/solicitudot?e36b0e2f96db69ea9105d755683677908653b4cf028be8d7109b145a3a5245b8a539900919d9eb834c9576f343e75e53,gx-no-cache=1632831155824 HTTP/1.1" 200 30
192.168.10.78 - - [28/Sep/2021:09:24:12 -0300] "GET /cormun/servlet/trsolicitudgral? HTTP/1.1" 200 15375
192.168.10.78 - - [28/Sep/2021:09:24:12 -0300] "GET /cormun/servlet/trsolicitudgral? HTTP/1.1" 200 15371
190.171.152.234 - - [28/Sep/2021:09:24:23 -0300] "GET /cormun/servlet/solicitudot?INS,0,0,false, HTTP/1.1" 200 15834
190.171.152.234 - - [28/Sep/2021:09:24:24 -0300] "GET /cormun/servlet/solicitudot?INS,0,0,false, HTTP/1.1" 200 15842
190.171.152.234 - - [28/Sep/2021:09:24:53 -0300] "POST /cormun/servlet/solicitudot?gx-no-cache=1632831216951 HTTP/1.1" 200 3844
190.171.152.234 - - [28/Sep/2021:09:24:53 -0300] "POST /cormun/servlet/solicitudot?a626b17a1e0651f2d704d6bb42070d99,INS,0,0,false,,gx-no-cache=1632831217103 HTTP/1.1" 200 12611
