190.171.152.242 - - [27/Sep/2021:10:32:51 -0300] "GET /cormun/servlet/treventos?2021,17547, HTTP/1.1" 200 6061
186.67.172.234 - - [27/Sep/2021:10:32:54 -0300] "GET /cormun/servlet/permisogoce?fc82f8a4546e925ba7b41ff0c6f8f0a62ed2a7a21a75cb60fdebbdaa744ee27149804411040bcc12617490ee7b6c07aea2f23cdbcb7b55366a75dffe742ca119,gx-no-cache=1632748879388 HTTP/1.1" 200 84
190.171.152.242 - - [27/Sep/2021:10:32:55 -0300] "GET /cormun/servlet/trsolicitudot? HTTP/1.1" 200 8627
190.171.152.242 - - [27/Sep/2021:10:32:55 -0300] "GET /cormun/servlet/trsolicitudot? HTTP/1.1" 200 8629
190.171.152.242 - - [27/Sep/2021:10:32:59 -0300] "POST /cormun/servlet/trsolicitudot?822b79400364605f83d4ef8f95d24532,,gx-no-cache=1632748885465 HTTP/1.1" 200 107
190.171.152.242 - - [27/Sep/2021:10:33:00 -0300] "GET /cormun/servlet/trsolicitudadjuntos?2021,17547, HTTP/1.1" 200 6094
190.171.152.242 - - [27/Sep/2021:10:33:00 -0300] "GET /cormun/static/gxcfg.js?20201215574222 HTTP/1.1" 200 953
190.171.152.242 - - [27/Sep/2021:10:33:00 -0300] "GET /cormun/static/trsolicitudadjuntos.js?20201215574932 HTTP/1.1" 200 17922
190.171.152.242 - - [27/Sep/2021:10:33:00 -0300] "GET /cormun/static/Resources/PXToolsGridNew.png HTTP/1.1" 200 427
190.171.152.242 - - [27/Sep/2021:10:33:00 -0300] "GET /cormun/servlet/trsolicitudadjuntos?2021,17547, HTTP/1.1" 200 6094
190.171.152.242 - - [27/Sep/2021:10:33:02 -0300] "GET /cormun/servlet/solicitudotadjuntos?INS,2021,17547,,1, HTTP/1.1" 200 6044
190.171.152.242 - - [27/Sep/2021:10:33:03 -0300] "GET /cormun/static/gxcfg.js?202012157947 HTTP/1.1" 200 953
190.171.152.242 - - [27/Sep/2021:10:33:03 -0300] "GET /cormun/static/solicitudotadjuntos.js?202012157966 HTTP/1.1" 200 11771
190.171.152.242 - - [27/Sep/2021:10:33:03 -0300] "GET /cormun/servlet/solicitudotadjuntos?INS,2021,17547,,1, HTTP/1.1" 200 6038
190.171.152.242 - - [27/Sep/2021:10:33:03 -0300] "GET /cormun/static/about:blank HTTP/1.1" 404 1011
190.171.152.242 - - [27/Sep/2021:10:33:03 -0300] "GET /cormun/servlet/solicitudotadjuntos?43464a3db886f23025f6d139b18100af89d7ddfdff5da3ec4872c627b4a2d7e14644bfb247be4feae0280f15dd19bc60,gx-no-cache=1632748889355 HTTP/1.1" 200 30
190.171.152.242 - - [27/Sep/2021:10:33:03 -0300] "POST /cormun/servlet/solicitudotadjuntos?822b79400364605f83d4ef8f95d24532,INS,2021,17547,,1,,gx-no-cache=1632748889397 HTTP/1.1" 200 3872
186.67.172.234 - - [27/Sep/2021:10:33:32 -0300] "GET /cormun/static/menuarrow.gif HTTP/1.1" 404 1015
186.67.172.234 - - [27/Sep/2021:10:33:56 -0300] "GET /cormun/servlet/permisogoce?fc82f8a4546e925ba7b41ff0c6f8f0a674f2212fe7318cd5f6adf1d2305bd4fc4f26649945425517d535c8c9e52017b8e638912d1c221b2f480a93db72ca160c,gx-no-cache=1632748941429 HTTP/1.1" 200 46
186.67.172.234 - - [27/Sep/2021:10:34:03 -0300] "POST /cormun/servlet/permisogoce?46edac1dcdf21be3019acc4b4055b5a0,INS,0,,,,gx-no-cache=1632748947905 HTTP/1.1" 200 93
186.67.172.234 - - [27/Sep/2021:10:34:03 -0300] "GET /cormun/servlet/hpexe_return? HTTP/1.1" 200 1008
186.67.172.234 - - [27/Sep/2021:10:34:04 -0300] "GET /cormun/servlet/trpermisosgoce HTTP/1.1" 200 14935
186.67.172.234 - - [27/Sep/2021:10:34:04 -0300] "GET /cormun/servlet/trpermisosgoce HTTP/1.1" 200 14936
186.67.172.234 - - [27/Sep/2021:10:34:10 -0300] "GET /cormun/servlet/trpermisosadjuntos?8326894,20210927101849,P, HTTP/1.1" 200 6687
186.67.172.234 - - [27/Sep/2021:10:34:10 -0300] "GET /cormun/servlet/trpermisosadjuntos?8326894,20210927101849,P, HTTP/1.1" 200 6687
186.67.172.234 - - [27/Sep/2021:10:34:12 -0300] "GET /cormun/servlet/permisosadjuntos?INS,8326894,P,20210927101849,, HTTP/1.1" 200 6013
186.67.172.234 - - [27/Sep/2021:10:34:12 -0300] "GET /cormun/static/about:blank HTTP/1.1" 404 1011
186.67.172.234 - - [27/Sep/2021:10:34:12 -0300] "GET /cormun/servlet/permisosadjuntos?INS,8326894,P,20210927101849,, HTTP/1.1" 200 6003
190.171.143.82 - - [27/Sep/2021:10:34:32 -0300] "GET /cormun/servlet/trsolicitudot? HTTP/1.1" 200 8974
190.171.143.82 - - [27/Sep/2021:10:34:34 -0300] "GET /cormun/servlet/trsolicitudot? HTTP/1.1" 200 8973
186.67.172.234 - - [27/Sep/2021:10:34:35 -0300] "POST /cormun/servlet/permisosadjuntos?46edac1dcdf21be3019acc4b4055b5a0,INS,8326894,P,20210927101849,, HTTP/1.1" 200 116
186.67.172.234 - - [27/Sep/2021:10:34:35 -0300] "GET /cormun/servlet/hpexe_return? HTTP/1.1" 200 1036
186.67.172.234 - - [27/Sep/2021:10:34:35 -0300] "GET /cormun/servlet/trpermisosadjuntos?8326894,20210927101849,P, HTTP/1.1" 200 7208
186.67.172.234 - - [27/Sep/2021:10:34:35 -0300] "GET /cormun/servlet/trpermisosadjuntos?8326894,20210927101849,P, HTTP/1.1" 200 7203
186.67.172.234 - - [27/Sep/2021:10:34:38 -0300] "POST /cormun/servlet/trpermisosadjuntos?46edac1dcdf21be3019acc4b4055b5a0,8326894,20210927101849,P,,gx-no-cache=1632748983248 HTTP/1.1" 200 90
186.67.172.234 - - [27/Sep/2021:10:34:38 -0300] "GET /cormun/servlet/hpexe_link HTTP/1.1" 200 982
186.67.172.234 - - [27/Sep/2021:10:34:39 -0300] "GET /cormun/servlet/trpermisosgoce HTTP/1.1" 200 14942
186.67.172.234 - - [27/Sep/2021:10:34:39 -0300] "GET /cormun/servlet/trpermisosgoce HTTP/1.1" 200 14935
186.67.172.234 - - [27/Sep/2021:10:34:44 -0300] "POST /cormun/servlet/trpermisosgoce?46edac1dcdf21be3019acc4b4055b5a0,gx-no-cache=1632748988272 HTTP/1.1" 200 12096
186.67.172.234 - - [27/Sep/2021:10:34:44 -0300] "GET /cormun/static/Shared/jqueryui/images/ui-bg_highlight-soft_100_c6c2c8_1x100.png HTTP/1.1" 404 1117
186.67.172.234 - - [27/Sep/2021:10:34:44 -0300] "GET /cormun/static/Shared/jqueryui/images/ui-icons_82798d_256x240.png HTTP/1.1" 404 1089
186.67.172.234 - - [27/Sep/2021:10:34:44 -0300] "GET /cormun/static/Shared/jqueryui/images/ui-bg_flat_55_fafafa_40x100.png HTTP/1.1" 404 1097
186.67.172.234 - - [27/Sep/2021:10:34:44 -0300] "GET /cormun/static/Shared/jqueryui/images/ui-icons_8d78a5_256x240.png HTTP/1.1" 404 1089
186.67.172.234 - - [27/Sep/2021:10:34:46 -0300] "GET /cormun/servlet/permisogoce?INS,0,,, HTTP/1.1" 200 7260
190.171.143.82 - - [27/Sep/2021:10:34:46 -0300] "POST /cormun/servlet/trsolicitudot?39f57f0ee5be46bd92deff55ea925eb3,,gx-no-cache=1632748990133 HTTP/1.1" 200 107
186.67.172.234 - - [27/Sep/2021:10:34:46 -0300] "GET /cormun/servlet/permisogoce?INS,0,,, HTTP/1.1" 200 7260
190.171.143.82 - - [27/Sep/2021:10:34:46 -0300] "GET /cormun/servlet/trsolicitudadjuntos?2021,17546, HTTP/1.1" 200 6456
190.171.143.82 - - [27/Sep/2021:10:34:47 -0300] "GET /cormun/static/gxcfg.js?20201215574222 HTTP/1.1" 200 953
190.171.143.82 - - [27/Sep/2021:10:34:47 -0300] "GET /cormun/static/trsolicitudadjuntos.js?20201215574932 HTTP/1.1" 200 17922
190.171.143.82 - - [27/Sep/2021:10:34:47 -0300] "GET /cormun/static/Resources/PXToolsGridNew.png HTTP/1.1" 200 427
190.171.143.82 - - [27/Sep/2021:10:34:47 -0300] "GET /cormun/servlet/trsolicitudadjuntos?2021,17546, HTTP/1.1" 200 6455
190.171.143.82 - - [27/Sep/2021:10:34:50 -0300] "GET /cormun/servlet/solicitudotadjuntos?INS,2021,17546,,1, HTTP/1.1" 200 6401
190.171.143.82 - - [27/Sep/2021:10:34:50 -0300] "GET /cormun/static/gxcfg.js?202012157947 HTTP/1.1" 200 953
190.171.143.82 - - [27/Sep/2021:10:34:50 -0300] "GET /cormun/static/solicitudotadjuntos.js?202012157966 HTTP/1.1" 200 11771
190.171.143.82 - - [27/Sep/2021:10:34:51 -0300] "GET /cormun/static/about:blank HTTP/1.1" 404 1011
190.171.143.82 - - [27/Sep/2021:10:34:51 -0300] "GET /cormun/servlet/solicitudotadjuntos?INS,2021,17546,,1, HTTP/1.1" 200 6394
190.171.143.82 - - [27/Sep/2021:10:34:51 -0300] "GET /cormun/servlet/solicitudotadjuntos?88cbaf19f0de8b46e55dad759fa27599ec522dc295b2daab127d5a8a18e36d9a99ccd3d6ea31feae07ebd5ff11169248,gx-no-cache=1632748995042 HTTP/1.1" 200 30
190.171.143.82 - - [27/Sep/2021:10:34:51 -0300] "POST /cormun/servlet/solicitudotadjuntos?39f57f0ee5be46bd92deff55ea925eb3,INS,2021,17546,,1,,gx-no-cache=1632748995085 HTTP/1.1" 200 4150
190.171.143.82 - - [27/Sep/2021:10:34:55 -0300] "POST /cormun/servlet/solicitudotadjuntos?gx-no-cache=1632748998981 HTTP/1.1" 200 26
186.67.172.234 - - [27/Sep/2021:10:35:11 -0300] "GET /cormun/servlet/permisogoce?fc82f8a4546e925ba7b41ff0c6f8f0a62228ad38b10543c9a22f7c7e1061bb2249804411040bcc12617490ee7b6c07aea2f23cdbcb7b55366a75dffe742ca119,gx-no-cache=1632749016347 HTTP/1.1" 200 79
186.67.172.234 - - [27/Sep/2021:10:35:11 -0300] "GET /cormun/static/menuarrow.gif HTTP/1.1" 404 1015
186.67.172.234 - - [27/Sep/2021:10:35:20 -0300] "GET /cormun/servlet/permisogoce?fc82f8a4546e925ba7b41ff0c6f8f0a661f4986dffecdef5163f8a63855cb8f4aad3b7042b127f8695514f578b1c18c6e638912d1c221b2f480a93db72ca160c,gx-no-cache=1632749024654 HTTP/1.1" 200 46
186.67.172.234 - - [27/Sep/2021:10:35:25 -0300] "POST /cormun/servlet/permisogoce?46edac1dcdf21be3019acc4b4055b5a0,INS,0,,,,gx-no-cache=1632749029312 HTTP/1.1" 200 93
186.67.172.234 - - [27/Sep/2021:10:35:25 -0300] "GET /cormun/servlet/hpexe_return? HTTP/1.1" 200 1030
186.67.172.234 - - [27/Sep/2021:10:35:25 -0300] "GET /cormun/servlet/trpermisosgoce?gx-no-cache=1632748988272 HTTP/1.1" 200 15143
186.67.172.234 - - [27/Sep/2021:10:35:25 -0300] "GET /cormun/servlet/trpermisosgoce?gx-no-cache=1632748988272 HTTP/1.1" 200 15143
186.67.172.234 - - [27/Sep/2021:10:35:29 -0300] "GET /cormun/servlet/trpermisosadjuntos?6862513,20210927102053,P, HTTP/1.1" 200 6706
186.67.172.234 - - [27/Sep/2021:10:35:29 -0300] "GET /cormun/servlet/trpermisosadjuntos?6862513,20210927102053,P, HTTP/1.1" 200 6683
186.67.172.234 - - [27/Sep/2021:10:35:31 -0300] "GET /cormun/servlet/permisosadjuntos?INS,6862513,P,20210927102053,, HTTP/1.1" 200 6008
186.67.172.234 - - [27/Sep/2021:10:35:31 -0300] "GET /cormun/static/about:blank HTTP/1.1" 404 1011
186.67.172.234 - - [27/Sep/2021:10:35:31 -0300] "GET /cormun/servlet/permisosadjuntos?INS,6862513,P,20210927102053,, HTTP/1.1" 200 5997
186.67.172.234 - - [27/Sep/2021:10:35:41 -0300] "POST /cormun/servlet/permisosadjuntos?46edac1dcdf21be3019acc4b4055b5a0,INS,6862513,P,20210927102053,, HTTP/1.1" 200 116
186.67.172.234 - - [27/Sep/2021:10:35:41 -0300] "GET /cormun/servlet/hpexe_return? HTTP/1.1" 200 1035
186.67.172.234 - - [27/Sep/2021:10:35:41 -0300] "GET /cormun/servlet/trpermisosadjuntos?6862513,20210927102053,P, HTTP/1.1" 200 7234
186.67.172.234 - - [27/Sep/2021:10:35:41 -0300] "GET /cormun/servlet/trpermisosadjuntos?6862513,20210927102053,P, HTTP/1.1" 200 7230
186.67.172.234 - - [27/Sep/2021:10:35:43 -0300] "POST /cormun/servlet/trpermisosadjuntos?46edac1dcdf21be3019acc4b4055b5a0,6862513,20210927102053,P,,gx-no-cache=1632749048469 HTTP/1.1" 200 90
186.67.172.234 - - [27/Sep/2021:10:35:43 -0300] "GET /cormun/servlet/hpexe_link HTTP/1.1" 200 1003
186.67.172.234 - - [27/Sep/2021:10:35:44 -0300] "GET /cormun/servlet/trpermisosgoce?gx-no-cache=1632748988272 HTTP/1.1" 200 15136
186.67.172.234 - - [27/Sep/2021:10:35:44 -0300] "GET /cormun/servlet/trpermisosgoce?gx-no-cache=1632748988272 HTTP/1.1" 200 15143
186.67.172.234 - - [27/Sep/2021:10:35:48 -0300] "POST /cormun/servlet/trpermisosgoce?46edac1dcdf21be3019acc4b4055b5a0,gx-no-cache=1632748988272,gx-no-cache=1632749052928 HTTP/1.1" 200 12313
186.67.172.234 - - [27/Sep/2021:10:35:48 -0300] "GET /cormun/static/Shared/jqueryui/images/ui-bg_highlight-soft_100_c6c2c8_1x100.png HTTP/1.1" 404 1117
186.67.172.234 - - [27/Sep/2021:10:35:48 -0300] "GET /cormun/static/Shared/jqueryui/images/ui-icons_82798d_256x240.png HTTP/1.1" 404 1089
186.67.172.234 - - [27/Sep/2021:10:35:48 -0300] "GET /cormun/static/Shared/jqueryui/images/ui-icons_8d78a5_256x240.png HTTP/1.1" 404 1089
186.67.172.234 - - [27/Sep/2021:10:35:48 -0300] "GET /cormun/static/Shared/jqueryui/images/ui-bg_flat_55_fafafa_40x100.png HTTP/1.1" 404 1097
190.171.143.82 - - [27/Sep/2021:10:35:56 -0300] "GET /cormun/servlet/solicitudotadjuntos?88cbaf19f0de8b46e55dad759fa27599d21ca28a481413612d2cbcf22982f53b,gx-no-cache=1632749060098 HTTP/1.1" 200 30
190.171.143.82 - - [27/Sep/2021:10:35:56 -0300] "GET /cormun/servlet/solicitudotadjuntos?88cbaf19f0de8b46e55dad759fa27599d21ca28a481413612d2cbcf22982f53b,gx-no-cache=1632749060175 HTTP/1.1" 200 30
190.171.143.82 - - [27/Sep/2021:10:35:56 -0300] "POST /cormun/servlet/solicitudotadjuntos?39f57f0ee5be46bd92deff55ea925eb3,INS,2021,17546,,1, HTTP/1.1" 200 116
190.171.143.82 - - [27/Sep/2021:10:35:56 -0300] "GET /cormun/servlet/hpexe_return? HTTP/1.1" 200 1027
190.171.143.82 - - [27/Sep/2021:10:35:57 -0300] "GET /cormun/servlet/trsolicitudadjuntos?2021,17546, HTTP/1.1" 200 9217
190.171.143.82 - - [27/Sep/2021:10:35:57 -0300] "GET /cormun/servlet/trsolicitudadjuntos?2021,17546, HTTP/1.1" 200 9214
190.171.152.242 - - [27/Sep/2021:10:36:26 -0300] "POST /cormun/servlet/solicitudotadjuntos?gx-no-cache=1632749091617 HTTP/1.1" 200 26
190.171.152.242 - - [27/Sep/2021:10:36:34 -0300] "GET /cormun/servlet/solicitudotadjuntos?43464a3db886f23025f6d139b18100afe1eaa98ec9eb8b4132efbf4faf2e1bac,gx-no-cache=1632749100405 HTTP/1.1" 200 30
190.171.152.242 - - [27/Sep/2021:10:36:34 -0300] "GET /cormun/servlet/solicitudotadjuntos?43464a3db886f23025f6d139b18100afe1eaa98ec9eb8b4132efbf4faf2e1bac,gx-no-cache=1632749100429 HTTP/1.1" 200 30
190.171.152.242 - - [27/Sep/2021:10:36:35 -0300] "POST /cormun/servlet/solicitudotadjuntos?822b79400364605f83d4ef8f95d24532,INS,2021,17547,,1, HTTP/1.1" 200 116
190.171.152.242 - - [27/Sep/2021:10:36:35 -0300] "GET /cormun/servlet/hpexe_return? HTTP/1.1" 200 1022
190.171.152.242 - - [27/Sep/2021:10:36:35 -0300] "GET /cormun/servlet/trsolicitudadjuntos?2021,17547, HTTP/1.1" 200 8854
190.171.152.242 - - [27/Sep/2021:10:36:35 -0300] "GET /cormun/servlet/trsolicitudadjuntos?2021,17547, HTTP/1.1" 200 8849
190.171.152.242 - - [27/Sep/2021:10:36:37 -0300] "GET /cormun/servlet/solicitudotadjuntos?INS,2021,17547,,1, HTTP/1.1" 200 6045
190.171.152.242 - - [27/Sep/2021:10:36:37 -0300] "GET /cormun/static/about:blank HTTP/1.1" 404 1011
190.171.152.242 - - [27/Sep/2021:10:36:37 -0300] "GET /cormun/servlet/solicitudotadjuntos?INS,2021,17547,,1, HTTP/1.1" 200 6038
190.171.152.242 - - [27/Sep/2021:10:36:38 -0300] "GET /cormun/servlet/solicitudotadjuntos?43464a3db886f23025f6d139b18100af89d7ddfdff5da3ec4872c627b4a2d7e14644bfb247be4feae0280f15dd19bc60,gx-no-cache=1632749103788 HTTP/1.1" 200 30
190.171.152.242 - - [27/Sep/2021:10:36:38 -0300] "POST /cormun/servlet/solicitudotadjuntos?822b79400364605f83d4ef8f95d24532,INS,2021,17547,,1,,gx-no-cache=1632749103841 HTTP/1.1" 200 3873
190.171.152.242 - - [27/Sep/2021:10:36:52 -0300] "POST /cormun/servlet/solicitudotadjuntos?gx-no-cache=1632749118544 HTTP/1.1" 200 26
190.171.152.242 - - [27/Sep/2021:10:37:33 -0300] "GET /cormun/servlet/solicitudotadjuntos?43464a3db886f23025f6d139b18100afe1eaa98ec9eb8b4132efbf4faf2e1bac,gx-no-cache=1632749158702 HTTP/1.1" 200 30
190.171.152.242 - - [27/Sep/2021:10:37:33 -0300] "GET /cormun/servlet/solicitudotadjuntos?43464a3db886f23025f6d139b18100afe1eaa98ec9eb8b4132efbf4faf2e1bac,gx-no-cache=1632749158732 HTTP/1.1" 200 30
190.171.152.242 - - [27/Sep/2021:10:37:33 -0300] "POST /cormun/servlet/solicitudotadjuntos?822b79400364605f83d4ef8f95d24532,INS,2021,17547,,1, HTTP/1.1" 200 116
190.171.152.242 - - [27/Sep/2021:10:37:33 -0300] "GET /cormun/servlet/hpexe_return? HTTP/1.1" 200 1022
190.171.152.242 - - [27/Sep/2021:10:37:33 -0300] "GET /cormun/servlet/trsolicitudadjuntos?2021,17547, HTTP/1.1" 200 9121
190.171.152.242 - - [27/Sep/2021:10:37:34 -0300] "GET /cormun/servlet/trsolicitudadjuntos?2021,17547, HTTP/1.1" 200 9120
190.171.152.242 - - [27/Sep/2021:10:37:36 -0300] "GET /cormun/servlet/solicitudotadjuntos?INS,2021,17547,,1, HTTP/1.1" 200 6044
190.171.152.242 - - [27/Sep/2021:10:37:36 -0300] "GET /cormun/static/about:blank HTTP/1.1" 404 1011
190.171.152.242 - - [27/Sep/2021:10:37:36 -0300] "GET /cormun/servlet/solicitudotadjuntos?INS,2021,17547,,1, HTTP/1.1" 200 6037
190.171.152.242 - - [27/Sep/2021:10:37:37 -0300] "GET /cormun/servlet/solicitudotadjuntos?43464a3db886f23025f6d139b18100af89d7ddfdff5da3ec4872c627b4a2d7e14644bfb247be4feae0280f15dd19bc60,gx-no-cache=1632749162776 HTTP/1.1" 200 30
190.171.152.242 - - [27/Sep/2021:10:37:37 -0300] "POST /cormun/servlet/solicitudotadjuntos?822b79400364605f83d4ef8f95d24532,INS,2021,17547,,1,,gx-no-cache=1632749162817 HTTP/1.1" 200 3872
190.171.152.242 - - [27/Sep/2021:10:37:40 -0300] "POST /cormun/servlet/solicitudotadjuntos?gx-no-cache=1632749165565 HTTP/1.1" 200 26
190.171.152.242 - - [27/Sep/2021:10:37:54 -0300] "GET /cormun/servlet/solicitudotadjuntos?43464a3db886f23025f6d139b18100afe1eaa98ec9eb8b4132efbf4faf2e1bac,gx-no-cache=1632749180453 HTTP/1.1" 200 30
190.171.152.242 - - [27/Sep/2021:10:37:54 -0300] "GET /cormun/servlet/solicitudotadjuntos?43464a3db886f23025f6d139b18100afe1eaa98ec9eb8b4132efbf4faf2e1bac,gx-no-cache=1632749180470 HTTP/1.1" 200 30
190.171.152.242 - - [27/Sep/2021:10:37:55 -0300] "POST /cormun/servlet/solicitudotadjuntos?822b79400364605f83d4ef8f95d24532,INS,2021,17547,,1, HTTP/1.1" 200 116
190.171.152.242 - - [27/Sep/2021:10:37:55 -0300] "GET /cormun/servlet/hpexe_return? HTTP/1.1" 200 1022
190.171.152.242 - - [27/Sep/2021:10:37:56 -0300] "GET /cormun/servlet/trsolicitudadjuntos?2021,17547, HTTP/1.1" 200 9297
190.171.152.242 - - [27/Sep/2021:10:37:56 -0300] "GET /cormun/servlet/trsolicitudadjuntos?2021,17547, HTTP/1.1" 200 9293
190.171.152.242 - - [27/Sep/2021:10:37:59 -0300] "GET /cormun/servlet/solicitudotadjuntos?INS,2021,17547,,1, HTTP/1.1" 200 6044
190.171.152.242 - - [27/Sep/2021:10:37:59 -0300] "GET /cormun/static/about:blank HTTP/1.1" 404 1011
190.171.152.242 - - [27/Sep/2021:10:37:59 -0300] "GET /cormun/servlet/solicitudotadjuntos?INS,2021,17547,,1, HTTP/1.1" 200 6037
190.171.152.242 - - [27/Sep/2021:10:37:59 -0300] "GET /cormun/servlet/solicitudotadjuntos?43464a3db886f23025f6d139b18100af89d7ddfdff5da3ec4872c627b4a2d7e14644bfb247be4feae0280f15dd19bc60,gx-no-cache=1632749185508 HTTP/1.1" 200 30
190.171.152.242 - - [27/Sep/2021:10:38:00 -0300] "POST /cormun/servlet/solicitudotadjuntos?822b79400364605f83d4ef8f95d24532,INS,2021,17547,,1,,gx-no-cache=1632749185541 HTTP/1.1" 200 3872
190.171.152.242 - - [27/Sep/2021:10:38:04 -0300] "POST /cormun/servlet/solicitudotadjuntos?gx-no-cache=1632749190292 HTTP/1.1" 200 26
190.171.152.242 - - [27/Sep/2021:10:38:14 -0300] "GET /cormun/servlet/solicitudotadjuntos?43464a3db886f23025f6d139b18100afe1eaa98ec9eb8b4132efbf4faf2e1bac,gx-no-cache=1632749200260 HTTP/1.1" 200 30
190.171.152.242 - - [27/Sep/2021:10:38:14 -0300] "GET /cormun/servlet/solicitudotadjuntos?43464a3db886f23025f6d139b18100afe1eaa98ec9eb8b4132efbf4faf2e1bac,gx-no-cache=1632749200327 HTTP/1.1" 200 30
190.171.152.242 - - [27/Sep/2021:10:38:14 -0300] "POST /cormun/servlet/solicitudotadjuntos?822b79400364605f83d4ef8f95d24532,INS,2021,17547,,1, HTTP/1.1" 200 116
190.171.152.242 - - [27/Sep/2021:10:38:15 -0300] "GET /cormun/servlet/hpexe_return? HTTP/1.1" 200 1022
190.171.152.242 - - [27/Sep/2021:10:38:15 -0300] "GET /cormun/servlet/trsolicitudadjuntos?2021,17547, HTTP/1.1" 200 9543
190.171.152.242 - - [27/Sep/2021:10:38:15 -0300] "GET /cormun/servlet/trsolicitudadjuntos?2021,17547, HTTP/1.1" 200 9542
190.171.152.242 - - [27/Sep/2021:10:38:17 -0300] "GET /cormun/servlet/solicitudotadjuntos?INS,2021,17547,,1, HTTP/1.1" 200 6044
190.171.152.242 - - [27/Sep/2021:10:38:17 -0300] "GET /cormun/static/about:blank HTTP/1.1" 404 1011
190.171.152.242 - - [27/Sep/2021:10:38:17 -0300] "GET /cormun/servlet/solicitudotadjuntos?INS,2021,17547,,1, HTTP/1.1" 200 6037
190.171.152.242 - - [27/Sep/2021:10:38:18 -0300] "GET /cormun/servlet/solicitudotadjuntos?43464a3db886f23025f6d139b18100af89d7ddfdff5da3ec4872c627b4a2d7e14644bfb247be4feae0280f15dd19bc60,gx-no-cache=1632749203957 HTTP/1.1" 200 30
190.171.152.242 - - [27/Sep/2021:10:38:18 -0300] "POST /cormun/servlet/solicitudotadjuntos?822b79400364605f83d4ef8f95d24532,INS,2021,17547,,1,,gx-no-cache=1632749203985 HTTP/1.1" 200 3872
190.171.152.242 - - [27/Sep/2021:10:38:21 -0300] "POST /cormun/servlet/solicitudotadjuntos?gx-no-cache=1632749206812 HTTP/1.1" 200 26
190.171.152.242 - - [27/Sep/2021:10:38:29 -0300] "GET /cormun/servlet/solicitudotadjuntos?43464a3db886f23025f6d139b18100afe1eaa98ec9eb8b4132efbf4faf2e1bac,gx-no-cache=1632749214651 HTTP/1.1" 200 30
190.171.152.242 - - [27/Sep/2021:10:38:29 -0300] "GET /cormun/servlet/solicitudotadjuntos?43464a3db886f23025f6d139b18100afe1eaa98ec9eb8b4132efbf4faf2e1bac,gx-no-cache=1632749214675 HTTP/1.1" 200 30
190.171.152.242 - - [27/Sep/2021:10:38:29 -0300] "POST /cormun/servlet/solicitudotadjuntos?822b79400364605f83d4ef8f95d24532,INS,2021,17547,,1, HTTP/1.1" 200 116
190.171.152.242 - - [27/Sep/2021:10:38:29 -0300] "GET /cormun/servlet/hpexe_return? HTTP/1.1" 200 1022
190.171.152.242 - - [27/Sep/2021:10:38:29 -0300] "GET /cormun/servlet/trsolicitudadjuntos?2021,17547, HTTP/1.1" 200 9840
190.171.152.242 - - [27/Sep/2021:10:38:29 -0300] "GET /cormun/servlet/trsolicitudadjuntos?2021,17547, HTTP/1.1" 200 9838
190.171.152.242 - - [27/Sep/2021:10:38:31 -0300] "GET /cormun/servlet/solicitudotadjuntos?INS,2021,17547,,1, HTTP/1.1" 200 6044
190.171.152.242 - - [27/Sep/2021:10:38:32 -0300] "GET /cormun/static/about:blank HTTP/1.1" 404 1011
190.171.152.242 - - [27/Sep/2021:10:38:32 -0300] "GET /cormun/servlet/solicitudotadjuntos?INS,2021,17547,,1, HTTP/1.1" 200 6037
190.171.152.242 - - [27/Sep/2021:10:38:32 -0300] "GET /cormun/servlet/solicitudotadjuntos?43464a3db886f23025f6d139b18100af89d7ddfdff5da3ec4872c627b4a2d7e14644bfb247be4feae0280f15dd19bc60,gx-no-cache=1632749218193 HTTP/1.1" 200 30
190.171.152.242 - - [27/Sep/2021:10:38:32 -0300] "POST /cormun/servlet/solicitudotadjuntos?822b79400364605f83d4ef8f95d24532,INS,2021,17547,,1,,gx-no-cache=1632749218252 HTTP/1.1" 200 3872
190.171.152.242 - - [27/Sep/2021:10:38:34 -0300] "POST /cormun/servlet/solicitudotadjuntos?gx-no-cache=1632749220300 HTTP/1.1" 200 26
190.171.152.242 - - [27/Sep/2021:10:38:51 -0300] "GET /cormun/servlet/solicitudotadjuntos?43464a3db886f23025f6d139b18100afe1eaa98ec9eb8b4132efbf4faf2e1bac,gx-no-cache=1632749237259 HTTP/1.1" 200 30
190.171.152.242 - - [27/Sep/2021:10:38:51 -0300] "GET /cormun/servlet/solicitudotadjuntos?43464a3db886f23025f6d139b18100afe1eaa98ec9eb8b4132efbf4faf2e1bac,gx-no-cache=1632749237276 HTTP/1.1" 200 30
190.171.152.242 - - [27/Sep/2021:10:38:51 -0300] "POST /cormun/servlet/solicitudotadjuntos?822b79400364605f83d4ef8f95d24532,INS,2021,17547,,1, HTTP/1.1" 200 116
190.171.152.242 - - [27/Sep/2021:10:38:51 -0300] "GET /cormun/servlet/hpexe_return? HTTP/1.1" 200 1022
190.171.152.242 - - [27/Sep/2021:10:38:52 -0300] "GET /cormun/servlet/trsolicitudadjuntos?2021,17547, HTTP/1.1" 200 9988
190.171.152.242 - - [27/Sep/2021:10:38:52 -0300] "GET /cormun/servlet/trsolicitudadjuntos?2021,17547, HTTP/1.1" 200 9991
190.171.143.82 - - [27/Sep/2021:10:38:54 -0300] "GET /cormun/servlet/solicitudotadjuntos?INS,2021,17546,,1, HTTP/1.1" 200 6400
190.171.143.82 - - [27/Sep/2021:10:38:55 -0300] "GET /cormun/static/about:blank HTTP/1.1" 404 1011
190.171.143.82 - - [27/Sep/2021:10:38:55 -0300] "GET /cormun/servlet/solicitudotadjuntos?INS,2021,17546,,1, HTTP/1.1" 200 6393
190.171.143.82 - - [27/Sep/2021:10:38:55 -0300] "GET /cormun/servlet/solicitudotadjuntos?88cbaf19f0de8b46e55dad759fa27599ec522dc295b2daab127d5a8a18e36d9a99ccd3d6ea31feae07ebd5ff11169248,gx-no-cache=1632749238998 HTTP/1.1" 200 30
190.171.143.82 - - [27/Sep/2021:10:38:55 -0300] "POST /cormun/servlet/solicitudotadjuntos?39f57f0ee5be46bd92deff55ea925eb3,INS,2021,17546,,1,,gx-no-cache=1632749239039 HTTP/1.1" 200 4150
190.171.152.242 - - [27/Sep/2021:10:38:56 -0300] "GET /cormun/servlet/trsolicitudot? HTTP/1.1" 200 8633
190.171.152.242 - - [27/Sep/2021:10:38:57 -0300] "GET /cormun/servlet/trsolicitudot? HTTP/1.1" 200 8629
190.171.143.82 - - [27/Sep/2021:10:38:57 -0300] "POST /cormun/servlet/solicitudotadjuntos?gx-no-cache=1632749241417 HTTP/1.1" 200 26
190.171.152.242 - - [27/Sep/2021:10:39:00 -0300] "POST /cormun/servlet/trsolicitudot?822b79400364605f83d4ef8f95d24532,,gx-no-cache=1632749246069 HTTP/1.1" 200 4595
190.171.152.242 - - [27/Sep/2021:10:39:00 -0300] "GET /cormun/static/Shared/jqueryui/images/ui-bg_highlight-soft_100_c6c2c8_1x100.png HTTP/1.1" 404 1117
190.171.152.242 - - [27/Sep/2021:10:39:00 -0300] "GET /cormun/static/Shared/jqueryui/images/ui-icons_82798d_256x240.png HTTP/1.1" 404 1089
190.171.152.242 - - [27/Sep/2021:10:39:00 -0300] "GET /cormun/static/Shared/jqueryui/images/ui-bg_flat_55_fafafa_40x100.png HTTP/1.1" 404 1097
190.171.152.242 - - [27/Sep/2021:10:39:00 -0300] "GET /cormun/static/Shared/jqueryui/images/ui-icons_8d78a5_256x240.png HTTP/1.1" 404 1089
190.171.152.242 - - [27/Sep/2021:10:39:00 -0300] "POST /cormun/servlet/trsolicitudot?822b79400364605f83d4ef8f95d24532,,gx-no-cache=1632749246306 HTTP/1.1" 200 4347
190.171.143.82 - - [27/Sep/2021:10:39:02 -0300] "GET /cormun/servlet/solicitudotadjuntos?88cbaf19f0de8b46e55dad759fa27599d21ca28a481413612d2cbcf22982f53b,gx-no-cache=1632749245764 HTTP/1.1" 200 30
190.171.143.82 - - [27/Sep/2021:10:39:02 -0300] "GET /cormun/servlet/solicitudotadjuntos?88cbaf19f0de8b46e55dad759fa27599d21ca28a481413612d2cbcf22982f53b,gx-no-cache=1632749245795 HTTP/1.1" 200 30
190.171.143.82 - - [27/Sep/2021:10:39:02 -0300] "POST /cormun/servlet/solicitudotadjuntos?39f57f0ee5be46bd92deff55ea925eb3,INS,2021,17546,,1, HTTP/1.1" 200 116
190.171.143.82 - - [27/Sep/2021:10:39:02 -0300] "GET /cormun/servlet/hpexe_return? HTTP/1.1" 200 1027
190.171.143.82 - - [27/Sep/2021:10:39:02 -0300] "GET /cormun/servlet/trsolicitudadjuntos?2021,17546, HTTP/1.1" 200 9446
190.171.143.82 - - [27/Sep/2021:10:39:02 -0300] "GET /cormun/servlet/trsolicitudadjuntos?2021,17546, HTTP/1.1" 200 9444
190.171.143.82 - - [27/Sep/2021:10:39:05 -0300] "GET /cormun/servlet/solicitudotadjuntos?INS,2021,17546,,1, HTTP/1.1" 200 6400
190.171.143.82 - - [27/Sep/2021:10:39:05 -0300] "GET /cormun/static/about:blank HTTP/1.1" 404 1011
190.171.143.82 - - [27/Sep/2021:10:39:05 -0300] "GET /cormun/servlet/solicitudotadjuntos?INS,2021,17546,,1, HTTP/1.1" 200 6393
190.171.143.82 - - [27/Sep/2021:10:39:06 -0300] "GET /cormun/servlet/solicitudotadjuntos?88cbaf19f0de8b46e55dad759fa27599ec522dc295b2daab127d5a8a18e36d9a99ccd3d6ea31feae07ebd5ff11169248,gx-no-cache=1632749249808 HTTP/1.1" 200 30
190.171.143.82 - - [27/Sep/2021:10:39:06 -0300] "POST /cormun/servlet/solicitudotadjuntos?39f57f0ee5be46bd92deff55ea925eb3,INS,2021,17546,,1,,gx-no-cache=1632749249828 HTTP/1.1" 200 4150
190.171.152.242 - - [27/Sep/2021:10:39:11 -0300] "GET /cormun/servlet/hlogin HTTP/1.1" 200 1737
190.171.152.242 - - [27/Sep/2021:10:39:21 -0300] "POST /cormun/servlet/hlogin?822b79400364605f83d4ef8f95d24532,gx-no-cache=1632749267100 HTTP/1.1" 200 90
190.171.152.242 - - [27/Sep/2021:10:39:21 -0300] "GET /cormun/servlet/hpexe_link HTTP/1.1" 200 946
190.171.152.242 - - [27/Sep/2021:10:39:22 -0300] "GET /cormun/servlet/hhome HTTP/1.1" 200 4120
190.171.152.242 - - [27/Sep/2021:10:39:22 -0300] "GET /cormun/static/SmoothNavMenu/resources/images/right.gif HTTP/1.1" 200 860
190.171.152.242 - - [27/Sep/2021:10:39:22 -0300] "GET /cormun/servlet/hhome HTTP/1.1" 200 4117
190.171.152.242 - - [27/Sep/2021:10:39:35 -0300] "GET /cormun/servlet/trautorizarsolicitud? HTTP/1.1" 200 8628
190.171.152.242 - - [27/Sep/2021:10:39:35 -0300] "GET /cormun/static/gxcfg.js?201991422414522 HTTP/1.1" 200 953
190.171.152.242 - - [27/Sep/2021:10:39:35 -0300] "GET /cormun/static/trautorizarsolicitud.js?201991422415463 HTTP/1.1" 200 53910
190.171.152.242 - - [27/Sep/2021:10:39:35 -0300] "GET /cormun/servlet/trautorizarsolicitud? HTTP/1.1" 200 8626
190.171.152.242 - - [27/Sep/2021:10:39:39 -0300] "POST /cormun/servlet/trautorizarsolicitud?822b79400364605f83d4ef8f95d24532,,gx-no-cache=1632749285240 HTTP/1.1" 200 4777
190.171.152.242 - - [27/Sep/2021:10:39:39 -0300] "GET /cormun/static/Shared/jqueryui/images/ui-bg_highlight-soft_100_c6c2c8_1x100.png HTTP/1.1" 404 1117
190.171.152.242 - - [27/Sep/2021:10:39:39 -0300] "GET /cormun/static/Shared/jqueryui/images/ui-icons_82798d_256x240.png HTTP/1.1" 404 1089
190.171.152.242 - - [27/Sep/2021:10:39:39 -0300] "GET /cormun/static/Shared/jqueryui/images/ui-icons_8d78a5_256x240.png HTTP/1.1" 404 1089
190.171.152.242 - - [27/Sep/2021:10:39:39 -0300] "GET /cormun/static/Shared/jqueryui/images/ui-bg_flat_55_fafafa_40x100.png HTTP/1.1" 404 1097
190.171.152.242 - - [27/Sep/2021:10:39:40 -0300] "POST /cormun/servlet/trautorizarsolicitud?822b79400364605f83d4ef8f95d24532,,gx-no-cache=1632749285479 HTTP/1.1" 200 4524
190.171.143.82 - - [27/Sep/2021:10:39:47 -0300] "POST /cormun/servlet/solicitudotadjuntos?gx-no-cache=1632749290566 HTTP/1.1" 200 26
190.171.143.82 - - [27/Sep/2021:10:39:55 -0300] "GET /cormun/servlet/solicitudotadjuntos?88cbaf19f0de8b46e55dad759fa27599d21ca28a481413612d2cbcf22982f53b,gx-no-cache=1632749299189 HTTP/1.1" 200 30
190.171.143.82 - - [27/Sep/2021:10:39:55 -0300] "GET /cormun/servlet/solicitudotadjuntos?88cbaf19f0de8b46e55dad759fa27599d21ca28a481413612d2cbcf22982f53b,gx-no-cache=1632749299211 HTTP/1.1" 200 30
190.171.143.82 - - [27/Sep/2021:10:39:56 -0300] "POST /cormun/servlet/solicitudotadjuntos?39f57f0ee5be46bd92deff55ea925eb3,INS,2021,17546,,1, HTTP/1.1" 200 116
190.171.143.82 - - [27/Sep/2021:10:39:56 -0300] "GET /cormun/servlet/hpexe_return? HTTP/1.1" 200 1027
190.171.143.82 - - [27/Sep/2021:10:39:57 -0300] "GET /cormun/servlet/trsolicitudadjuntos?2021,17546, HTTP/1.1" 200 9705
190.171.143.82 - - [27/Sep/2021:10:39:57 -0300] "GET /cormun/servlet/trsolicitudadjuntos?2021,17546, HTTP/1.1" 200 9704
190.171.143.82 - - [27/Sep/2021:10:40:00 -0300] "GET /cormun/servlet/solicitudotadjuntos?INS,2021,17546,,1, HTTP/1.1" 200 6399
190.171.143.82 - - [27/Sep/2021:10:40:00 -0300] "GET /cormun/static/about:blank HTTP/1.1" 404 1011
190.171.143.82 - - [27/Sep/2021:10:40:00 -0300] "GET /cormun/servlet/solicitudotadjuntos?INS,2021,17546,,1, HTTP/1.1" 200 6392
190.171.143.82 - - [27/Sep/2021:10:40:01 -0300] "GET /cormun/servlet/solicitudotadjuntos?88cbaf19f0de8b46e55dad759fa27599ec522dc295b2daab127d5a8a18e36d9a99ccd3d6ea31feae07ebd5ff11169248,gx-no-cache=1632749304566 HTTP/1.1" 200 30
190.171.143.82 - - [27/Sep/2021:10:40:01 -0300] "POST /cormun/servlet/solicitudotadjuntos?39f57f0ee5be46bd92deff55ea925eb3,INS,2021,17546,,1,,gx-no-cache=1632749304587 HTTP/1.1" 200 4149
190.171.152.242 - - [27/Sep/2021:10:40:18 -0300] "GET /cormun/servlet/hlogin HTTP/1.1" 200 1741
190.171.143.82 - - [27/Sep/2021:10:40:57 -0300] "POST /cormun/servlet/solicitudotadjuntos?gx-no-cache=1632749361434 HTTP/1.1" 200 26
190.171.143.82 - - [27/Sep/2021:10:41:13 -0300] "GET /cormun/servlet/solicitudotadjuntos?88cbaf19f0de8b46e55dad759fa27599d21ca28a481413612d2cbcf22982f53b,gx-no-cache=1632749376586 HTTP/1.1" 200 30
190.171.143.82 - - [27/Sep/2021:10:41:13 -0300] "GET /cormun/servlet/solicitudotadjuntos?88cbaf19f0de8b46e55dad759fa27599d21ca28a481413612d2cbcf22982f53b,gx-no-cache=1632749376601 HTTP/1.1" 200 30
190.171.143.82 - - [27/Sep/2021:10:41:13 -0300] "POST /cormun/servlet/solicitudotadjuntos?39f57f0ee5be46bd92deff55ea925eb3,INS,2021,17546,,1, HTTP/1.1" 200 116
190.171.143.82 - - [27/Sep/2021:10:41:13 -0300] "GET /cormun/servlet/hpexe_return? HTTP/1.1" 200 1027
190.171.143.82 - - [27/Sep/2021:10:41:14 -0300] "GET /cormun/servlet/trsolicitudadjuntos?2021,17546, HTTP/1.1" 200 9972
190.171.143.82 - - [27/Sep/2021:10:41:14 -0300] "GET /cormun/servlet/trsolicitudadjuntos?2021,17546, HTTP/1.1" 200 9968
190.171.143.82 - - [27/Sep/2021:10:41:45 -0300] "GET /cormun/PublicTempStorage/tamara_-_tamara_cardenas_%281%296065491.pdf HTTP/1.1" 200 154578
190.171.143.82 - - [27/Sep/2021:10:41:45 -0300] "GET /cormun/PublicTempStorage/tamara_-_tamara_cardenas_%281%296065491.pdf HTTP/1.1" 200 154578
190.171.143.82 - - [27/Sep/2021:10:41:49 -0300] "GET /cormun/servlet/trsolicitudadjuntos?2021,17546, HTTP/1.1" 200 9972
190.171.143.82 - - [27/Sep/2021:10:41:50 -0300] "GET /cormun/servlet/trsolicitudadjuntos?2021,17546, HTTP/1.1" 200 9973
190.171.143.82 - - [27/Sep/2021:10:41:53 -0300] "GET /cormun/servlet/solicitudotadjuntos?INS,2021,17546,,1, HTTP/1.1" 200 6400
190.171.143.82 - - [27/Sep/2021:10:41:53 -0300] "GET /cormun/static/about:blank HTTP/1.1" 404 1011
190.171.143.82 - - [27/Sep/2021:10:41:53 -0300] "GET /cormun/servlet/solicitudotadjuntos?INS,2021,17546,,1, HTTP/1.1" 200 6393
190.171.143.82 - - [27/Sep/2021:10:41:54 -0300] "GET /cormun/servlet/solicitudotadjuntos?88cbaf19f0de8b46e55dad759fa27599ec522dc295b2daab127d5a8a18e36d9a99ccd3d6ea31feae07ebd5ff11169248,gx-no-cache=1632749417897 HTTP/1.1" 200 30
190.171.143.82 - - [27/Sep/2021:10:41:54 -0300] "POST /cormun/servlet/solicitudotadjuntos?39f57f0ee5be46bd92deff55ea925eb3,INS,2021,17546,,1,,gx-no-cache=1632749417935 HTTP/1.1" 200 4150
186.67.172.234 - - [27/Sep/2021:10:47:43 -0300] "GET /cormun/servlet/trsolicitudot? HTTP/1.1" 200 7614
186.67.172.234 - - [27/Sep/2021:10:47:44 -0300] "GET /cormun/servlet/trsolicitudot? HTTP/1.1" 200 7591
186.67.172.234 - - [27/Sep/2021:10:47:46 -0300] "GET /cormun/servlet/solicitudot?INS,0,0,false, HTTP/1.1" 200 15920
186.67.172.234 - - [27/Sep/2021:10:47:47 -0300] "GET /cormun/servlet/solicitudot?INS,0,0,false, HTTP/1.1" 200 15928
186.67.172.234 - - [27/Sep/2021:10:47:56 -0300] "POST /cormun/servlet/solicitudot?gx-no-cache=1632749780861 HTTP/1.1" 200 3721
186.67.172.234 - - [27/Sep/2021:10:47:56 -0300] "POST /cormun/servlet/solicitudot?46edac1dcdf21be3019acc4b4055b5a0,INS,0,0,false,,gx-no-cache=1632749780982 HTTP/1.1" 200 12498
186.67.172.234 - - [27/Sep/2021:10:47:58 -0300] "GET /cormun/servlet/solicitudot?5dd2e8b8465b1ef8c2be15f4741867f4104e9f46d4d6d9296b4226bbcaa00e9dd9d859bc4af3c74a2a84996c5b2790ba,gx-no-cache=1632749783164 HTTP/1.1" 200 30
186.67.172.234 - - [27/Sep/2021:10:48:21 -0300] "GET /cormun/servlet/hlogin HTTP/1.1" 200 1729
186.67.172.234 - - [27/Sep/2021:10:48:21 -0300] "GET /cormun/servlet/hlogin HTTP/1.1" 200 1740
186.67.172.234 - - [27/Sep/2021:10:48:30 -0300] "POST /cormun/servlet/hlogin?6c53679bb701b39d836b8009b966006b,gx-no-cache=1632749794244 HTTP/1.1" 200 90
186.67.172.234 - - [27/Sep/2021:10:48:30 -0300] "GET /cormun/servlet/hpexe_link HTTP/1.1" 200 955
186.67.172.234 - - [27/Sep/2021:10:48:30 -0300] "GET /cormun/servlet/hhome HTTP/1.1" 200 4372
186.67.172.234 - - [27/Sep/2021:10:48:31 -0300] "GET /cormun/servlet/hhome HTTP/1.1" 200 4368
200.111.191.213 - - [27/Sep/2021:10:48:33 -0300] "GET /cormun/servlet/hlogin HTTP/1.1" 200 1724
200.111.191.213 - - [27/Sep/2021:10:48:33 -0300] "GET /cormun/servlet/hlogin HTTP/1.1" 200 1735
200.111.191.213 - - [27/Sep/2021:10:48:33 -0300] "GET /favicon.ico HTTP/1.1" 200 21630
186.67.172.234 - - [27/Sep/2021:10:48:35 -0300] "GET /cormun/servlet/trlicencias? HTTP/1.1" 200 15228
186.67.172.234 - - [27/Sep/2021:10:48:35 -0300] "GET /cormun/servlet/trlicencias? HTTP/1.1" 200 15225
200.111.191.213 - - [27/Sep/2021:10:48:53 -0300] "POST /cormun/servlet/hlogin?be6d46855946f779e24705e0bbc03f9b,gx-no-cache=1632750073554 HTTP/1.1" 200 438
200.111.191.213 - - [27/Sep/2021:10:48:56 -0300] "POST /cormun/servlet/hlogin?be6d46855946f779e24705e0bbc03f9b,gx-no-cache=1632750077160 HTTP/1.1" 200 90
200.111.191.213 - - [27/Sep/2021:10:48:56 -0300] "GET /cormun/servlet/hpexe_link HTTP/1.1" 200 949
200.111.191.213 - - [27/Sep/2021:10:48:56 -0300] "GET /cormun/servlet/hhome HTTP/1.1" 200 3962
200.111.191.213 - - [27/Sep/2021:10:48:57 -0300] "GET /cormun/servlet/hhome HTTP/1.1" 200 3958
200.111.191.213 - - [27/Sep/2021:10:48:59 -0300] "GET /cormun/servlet/trlicencias? HTTP/1.1" 200 16507
186.67.172.234 - - [27/Sep/2021:10:48:59 -0300] "GET /cormun/servlet/prbanco?,MD,,gxPopupLevel%3D0%3B HTTP/1.1" 200 6669
200.111.191.213 - - [27/Sep/2021:10:49:00 -0300] "GET /cormun/servlet/trlicencias? HTTP/1.1" 200 16503
186.67.172.234 - - [27/Sep/2021:10:49:02 -0300] "GET /cormun/servlet/solicitudot?5dd2e8b8465b1ef8c2be15f4741867f4bae1ba9838a3f13d2a4a2bb9120cf242e1d053a52503deaba4fce01ffb2b7a05abed0440f738704d08de141476fadf08,gx-no-cache=1632749847421 HTTP/1.1" 200 30
186.67.172.234 - - [27/Sep/2021:10:49:04 -0300] "GET /cormun/servlet/solicitudot?5dd2e8b8465b1ef8c2be15f4741867f46c7b7f14b121eb8f4858fb2fe5b4ab80,gx-no-cache=1632749848598 HTTP/1.1" 200 53
200.111.191.213 - - [27/Sep/2021:10:49:27 -0300] "GET /cormun/servlet/trsolicitudot? HTTP/1.1" 200 7180
200.111.191.213 - - [27/Sep/2021:10:49:28 -0300] "GET /cormun/servlet/trsolicitudot? HTTP/1.1" 200 7180
200.111.191.213 - - [27/Sep/2021:10:49:30 -0300] "GET /cormun/servlet/solicitudot?INS,0,0,false, HTTP/1.1" 200 15528
200.111.191.213 - - [27/Sep/2021:10:49:30 -0300] "GET /cormun/servlet/solicitudot?INS,0,0,false, HTTP/1.1" 200 15536
190.171.143.82 - - [27/Sep/2021:10:50:13 -0300] "POST /cormun/servlet/solicitudotadjuntos?gx-no-cache=1632749916642 HTTP/1.1" 200 26
190.171.143.82 - - [27/Sep/2021:10:50:25 -0300] "GET /cormun/servlet/solicitudotadjuntos?88cbaf19f0de8b46e55dad759fa27599d21ca28a481413612d2cbcf22982f53b,gx-no-cache=1632749929113 HTTP/1.1" 200 30
190.171.143.82 - - [27/Sep/2021:10:50:25 -0300] "GET /cormun/servlet/solicitudotadjuntos?88cbaf19f0de8b46e55dad759fa27599d21ca28a481413612d2cbcf22982f53b,gx-no-cache=1632749929127 HTTP/1.1" 200 30
190.171.143.82 - - [27/Sep/2021:10:50:25 -0300] "POST /cormun/servlet/solicitudotadjuntos?39f57f0ee5be46bd92deff55ea925eb3,INS,2021,17546,,1, HTTP/1.1" 200 116
190.171.143.82 - - [27/Sep/2021:10:50:25 -0300] "GET /cormun/servlet/hpexe_return? HTTP/1.1" 200 1027
190.171.143.82 - - [27/Sep/2021:10:50:27 -0300] "GET /cormun/servlet/trsolicitudadjuntos?2021,17546, HTTP/1.1" 200 10228
190.171.143.82 - - [27/Sep/2021:10:50:28 -0300] "GET /cormun/servlet/trsolicitudadjuntos?2021,17546, HTTP/1.1" 200 10227
190.171.143.82 - - [27/Sep/2021:10:50:31 -0300] "GET /cormun/servlet/solicitudotadjuntos?INS,2021,17546,,1, HTTP/1.1" 200 6399
190.171.143.82 - - [27/Sep/2021:10:50:31 -0300] "GET /cormun/static/about:blank HTTP/1.1" 404 1011
190.171.143.82 - - [27/Sep/2021:10:50:31 -0300] "GET /cormun/servlet/solicitudotadjuntos?INS,2021,17546,,1, HTTP/1.1" 200 6392
190.171.143.82 - - [27/Sep/2021:10:50:32 -0300] "GET /cormun/servlet/solicitudotadjuntos?88cbaf19f0de8b46e55dad759fa27599ec522dc295b2daab127d5a8a18e36d9a99ccd3d6ea31feae07ebd5ff11169248,gx-no-cache=1632749935722 HTTP/1.1" 200 30
190.171.143.82 - - [27/Sep/2021:10:50:32 -0300] "POST /cormun/servlet/solicitudotadjuntos?39f57f0ee5be46bd92deff55ea925eb3,INS,2021,17546,,1,,gx-no-cache=1632749935743 HTTP/1.1" 200 4149
190.171.141.138 - - [27/Sep/2021:10:50:44 -0300] "GET /cormun/servlet/trlicencias HTTP/1.1" 200 12884
190.171.141.138 - - [27/Sep/2021:10:50:46 -0300] "GET /cormun/servlet/trlicencias HTTP/1.1" 200 12867
186.67.172.234 - - [27/Sep/2021:10:51:38 -0300] "POST /cormun/servlet/solicitudot?gx-no-cache=1632750003131 HTTP/1.1" 200 240
186.67.172.234 - - [27/Sep/2021:10:51:45 -0300] "POST /cormun/servlet/solicitudot?gx-no-cache=1632750010250 HTTP/1.1" 200 298
186.67.172.234 - - [27/Sep/2021:10:51:46 -0300] "GET /cormun/servlet/solicitudot?5dd2e8b8465b1ef8c2be15f4741867f48e3db36f7c027892bc9a393a658568eedeb8df46dc0e4ff2768be38584ee4e3a7d645e7d9dae7a4addc1f08dfec8cdcf88d9454fd2462c60f70815bbd994205f38701ce4a8718a311a5b83e3454af0ab713870d4377af117232648cd6f5457dc48129adda6cad18425efe8c89a6893adf5f67dca04b893ab41b08333f90afe0e79845181fe734fd2244a40f46b596be2d005685eca96c8b1ca4dfc05d2cc51a8447e0ce5af7b32e6df0be384cdb1d11b81dbcf6bbbbf86ab4feaf86dc70a82493b7c0cb4c2856ea7d6c6cbc95f876ec941ecf5f6dc64d538ecd7385b03c10cb548e2819ea696ef4413522ad4c7469de6195eb448deda0b968603c7405009bdaa6eacc94e131d6af9117ce54d8a6a3ffcf5c78916a75e50065994d2d598c4e22a505e4177d714361706b9c938fb532b3385e4a241b8ed1db9774b260a29c962bcca967a205c0df16f24a135afa44b5404118133ce6deb3395e48ac819d0dc863d84bdce68f5941cc9218791059c5b2541d03a81d59f5dfed6eafed6cb033fab24,gx-no-cache=1632750011024 HTTP/1.1" 200 30
186.67.172.234 - - [27/Sep/2021:10:51:48 -0300] "POST /cormun/servlet/solicitudot?gx-no-cache=1632750013250 HTTP/1.1" 200 30
186.67.172.234 - - [27/Sep/2021:10:51:50 -0300] "POST /cormun/servlet/solicitudot?gx-no-cache=1632750015271 HTTP/1.1" 200 1438
186.67.172.234 - - [27/Sep/2021:10:51:50 -0300] "POST /cormun/servlet/solicitudot?gx-no-cache=1632750015313 HTTP/1.1" 200 38
186.67.172.234 - - [27/Sep/2021:10:52:03 -0300] "GET /cormun/servlet/solicitudot?5dd2e8b8465b1ef8c2be15f4741867f469a541450ecd6211e8afc06531597c918f08c99b985b1185b8e61117b4a6f47441ab90961f606ea1c2242c8a60f08033b46972fedaaa5f07f2b0392dc1aa76d6acca01db1a522a2acca460abff8a30545dcd51c81e040123ff04ae791af1101d,gx-no-cache=1632750027989 HTTP/1.1" 200 110
186.67.172.234 - - [27/Sep/2021:10:52:03 -0300] "POST /cormun/servlet/solicitudot?gx-no-cache=1632750028012 HTTP/1.1" 200 64
186.67.172.234 - - [27/Sep/2021:10:52:09 -0300] "GET /cormun/servlet/solicitudot?5dd2e8b8465b1ef8c2be15f4741867f45eda1819d891e1603f0fd98a4b2cc24d94f282bb4725ffc58ae4128f6dde0c6d37a6254555e5acd7213ab4140b4c161ffebf7c7218a143e048941b3b2a5a969e348a67c2f10e1415a44bb70a9dffe5c7ef938bf6655bce9e017b5a5cdc65829e,gx-no-cache=1632750034082 HTTP/1.1" 200 29
186.67.172.234 - - [27/Sep/2021:10:52:09 -0300] "GET /cormun/static/menuarrow.gif HTTP/1.1" 404 1015
186.67.172.234 - - [27/Sep/2021:10:52:12 -0300] "GET /cormun/servlet/solicitudot?5dd2e8b8465b1ef8c2be15f4741867f4df67aa1be2e00b2c92987b3a81230e68699178014adc76f2f1c4d53742a244bf,gx-no-cache=1632750037185 HTTP/1.1" 200 30
186.67.172.234 - - [27/Sep/2021:10:52:17 -0300] "POST /cormun/servlet/solicitudot?gx-no-cache=1632750042030 HTTP/1.1" 200 30
190.171.143.82 - - [27/Sep/2021:10:52:27 -0300] "POST /cormun/servlet/solicitudotadjuntos?gx-no-cache=1632750050612 HTTP/1.1" 200 26
190.171.143.82 - - [27/Sep/2021:10:53:11 -0300] "GET /cormun/servlet/solicitudotadjuntos?88cbaf19f0de8b46e55dad759fa27599d21ca28a481413612d2cbcf22982f53b,gx-no-cache=1632750095156 HTTP/1.1" 200 30
190.171.143.82 - - [27/Sep/2021:10:53:11 -0300] "GET /cormun/servlet/solicitudotadjuntos?88cbaf19f0de8b46e55dad759fa27599d21ca28a481413612d2cbcf22982f53b,gx-no-cache=1632750095188 HTTP/1.1" 200 30
190.171.143.82 - - [27/Sep/2021:10:53:11 -0300] "POST /cormun/servlet/solicitudotadjuntos?39f57f0ee5be46bd92deff55ea925eb3,INS,2021,17546,,1, HTTP/1.1" 200 116
190.171.143.82 - - [27/Sep/2021:10:53:11 -0300] "GET /cormun/servlet/hpexe_return? HTTP/1.1" 200 1027
190.171.143.82 - - [27/Sep/2021:10:53:12 -0300] "GET /cormun/servlet/trsolicitudadjuntos?2021,17546, HTTP/1.1" 200 10397
190.171.143.82 - - [27/Sep/2021:10:53:13 -0300] "GET /cormun/servlet/trsolicitudadjuntos?2021,17546, HTTP/1.1" 200 10392
200.111.191.213 - - [27/Sep/2021:10:53:16 -0300] "POST /cormun/servlet/solicitudot?gx-no-cache=1632750336549 HTTP/1.1" 200 3829
190.171.143.82 - - [27/Sep/2021:10:53:16 -0300] "GET /cormun/servlet/trsolicitudot? HTTP/1.1" 200 8980
200.111.191.213 - - [27/Sep/2021:10:53:16 -0300] "POST /cormun/servlet/solicitudot?be6d46855946f779e24705e0bbc03f9b,INS,0,0,false,,gx-no-cache=1632750336696 HTTP/1.1" 200 12337
190.171.143.82 - - [27/Sep/2021:10:53:16 -0300] "GET /cormun/servlet/trsolicitudot? HTTP/1.1" 200 8973
200.111.191.213 - - [27/Sep/2021:10:53:22 -0300] "GET /cormun/servlet/solicitudot?7cbb20b8c2da1d62793d11adce537f92bdd71038a22c92e7fab9121e560aee926ea45523492e2f76281508495bf0d832,gx-no-cache=1632750342473 HTTP/1.1" 200 30
190.171.143.82 - - [27/Sep/2021:10:53:22 -0300] "POST /cormun/servlet/trsolicitudot?39f57f0ee5be46bd92deff55ea925eb3,,gx-no-cache=1632750105369 HTTP/1.1" 200 4875
200.111.191.213 - - [27/Sep/2021:10:53:22 -0300] "GET /cormun/servlet/solicitudot?7cbb20b8c2da1d62793d11adce537f92ec6214bcdc67dfbda9002dd0a701778b6d9d727decf1140ea9076b68141b90c01ce9882507243f45764aaf8d50b9c55f,gx-no-cache=1632750342501 HTTP/1.1" 200 30
200.111.191.213 - - [27/Sep/2021:10:53:22 -0300] "GET /cormun/servlet/solicitudot?7cbb20b8c2da1d62793d11adce537f920cd6fb9112053557699b0902e7468983,gx-no-cache=1632750342525 HTTP/1.1" 200 53
190.171.143.82 - - [27/Sep/2021:10:53:22 -0300] "GET /cormun/static/Shared/jqueryui/images/ui-bg_highlight-soft_100_c6c2c8_1x100.png HTTP/1.1" 404 1117
190.171.143.82 - - [27/Sep/2021:10:53:22 -0300] "GET /cormun/static/Shared/jqueryui/images/ui-icons_82798d_256x240.png HTTP/1.1" 404 1089
190.171.143.82 - - [27/Sep/2021:10:53:22 -0300] "GET /cormun/static/Shared/jqueryui/images/ui-bg_flat_55_fafafa_40x100.png HTTP/1.1" 404 1097
190.171.143.82 - - [27/Sep/2021:10:53:22 -0300] "GET /cormun/static/Shared/jqueryui/images/ui-icons_8d78a5_256x240.png HTTP/1.1" 404 1089
200.111.191.213 - - [27/Sep/2021:10:53:22 -0300] "POST /cormun/servlet/solicitudot?gx-no-cache=1632750342551 HTTP/1.1" 200 255
200.111.191.213 - - [27/Sep/2021:10:53:22 -0300] "GET /cormun/servlet/solicitudot?7cbb20b8c2da1d62793d11adce537f92c9ebfb2243b32e60f04bab243148f076b413b411283dab303af2ef703cad138b0eeb2a3d25993551e76a17de894c4133a2bccde7183a13ac3574aca3aad465a9776dcc36c0bb97c35a7f8cdf09f9a87db0f3a8f40e9940ad8965896444d30b41e655a3499a632ffc4c29c12542904de0dfa9c742703abe60425db65c7917632233c8c79bc21edd8944ec74805a4bcdc2fe0ff4dbfe422d2bbd28a14b3d396127e1d3aa5344c6e8e8dc097e5d5e4216177cf3fb0362b2b06305fcf7e15d37a5e8110d0c70274e63172dcc77066f08e3f4ed564b5d6b6eff1490981a267cc330a1c15bfee0d67b08ae3da8e002f1be8b6b608683f2f34d7063f760337df99210acaf166a06d5944ed64940a0a0d268e1dc896789875a6744fa44d1eb1a08764bc5f8648771816780862baf1338ae763d1df83a9424b9415b2a24e456925e21624fcfe3f42a09bf6d7839f6d06bb3ca879a6a2a880022ec6f65b6caac11c38399c577b614d6b62f1022cbebb84b752cb6c9,gx-no-cache=1632750342593 HTTP/1.1" 200 30
190.171.143.82 - - [27/Sep/2021:10:53:22 -0300] "POST /cormun/servlet/trsolicitudot?39f57f0ee5be46bd92deff55ea925eb3,,gx-no-cache=1632750105572 HTTP/1.1" 200 4629
190.171.143.82 - - [27/Sep/2021:10:53:26 -0300] "GET /cormun/servlet/trautorizarsolicitud? HTTP/1.1" 200 8869
190.171.143.82 - - [27/Sep/2021:10:53:26 -0300] "GET /cormun/static/gxcfg.js?201991422414522 HTTP/1.1" 200 953
190.171.143.82 - - [27/Sep/2021:10:53:26 -0300] "GET /cormun/static/trautorizarsolicitud.js?201991422415463 HTTP/1.1" 200 53910
190.171.143.82 - - [27/Sep/2021:10:53:26 -0300] "GET /cormun/servlet/trautorizarsolicitud? HTTP/1.1" 200 8868
186.67.172.234 - - [27/Sep/2021:10:53:28 -0300] "POST /cormun/servlet/solicitudot?46edac1dcdf21be3019acc4b4055b5a0,INS,0,0,false,,gx-no-cache=1632750112806 HTTP/1.1" 200 93
186.67.172.234 - - [27/Sep/2021:10:53:28 -0300] "GET /cormun/servlet/hpexe_return? HTTP/1.1" 200 1007
186.67.172.234 - - [27/Sep/2021:10:53:28 -0300] "GET /cormun/servlet/trsolicitudot HTTP/1.1" 200 8999
186.67.172.234 - - [27/Sep/2021:10:53:29 -0300] "GET /cormun/servlet/trsolicitudot HTTP/1.1" 200 8995
186.67.172.234 - - [27/Sep/2021:10:53:33 -0300] "POST /cormun/servlet/trsolicitudot?46edac1dcdf21be3019acc4b4055b5a0,gx-no-cache=1632750117988 HTTP/1.1" 200 107
186.67.172.234 - - [27/Sep/2021:10:53:33 -0300] "GET /cormun/servlet/trsolicitudadjuntos?2021,17548, HTTP/1.1" 200 6470
190.171.143.82 - - [27/Sep/2021:10:53:33 -0300] "POST /cormun/servlet/trautorizarsolicitud?39f57f0ee5be46bd92deff55ea925eb3,,gx-no-cache=1632750116928 HTTP/1.1" 200 4792
190.171.143.82 - - [27/Sep/2021:10:53:33 -0300] "GET /cormun/static/Shared/jqueryui/images/ui-icons_82798d_256x240.png HTTP/1.1" 404 1089
190.171.143.82 - - [27/Sep/2021:10:53:33 -0300] "GET /cormun/static/Shared/jqueryui/images/ui-bg_highlight-soft_100_c6c2c8_1x100.png HTTP/1.1" 404 1117
190.171.143.82 - - [27/Sep/2021:10:53:33 -0300] "GET /cormun/static/Shared/jqueryui/images/ui-icons_8d78a5_256x240.png HTTP/1.1" 404 1089
190.171.143.82 - - [27/Sep/2021:10:53:33 -0300] "GET /cormun/static/Shared/jqueryui/images/ui-bg_flat_55_fafafa_40x100.png HTTP/1.1" 404 1097
190.171.143.82 - - [27/Sep/2021:10:53:33 -0300] "POST /cormun/servlet/trautorizarsolicitud?39f57f0ee5be46bd92deff55ea925eb3,,gx-no-cache=1632750117186 HTTP/1.1" 200 4544
186.67.172.234 - - [27/Sep/2021:10:53:33 -0300] "GET /cormun/servlet/trsolicitudadjuntos?2021,17548, HTTP/1.1" 200 6469
200.111.191.213 - - [27/Sep/2021:10:53:35 -0300] "POST /cormun/servlet/solicitudot?gx-no-cache=1632750356033 HTTP/1.1" 200 30
186.67.172.234 - - [27/Sep/2021:10:53:36 -0300] "GET /cormun/servlet/solicitudotadjuntos?INS,2021,17548,,1, HTTP/1.1" 200 6411
186.67.172.234 - - [27/Sep/2021:10:53:36 -0300] "GET /cormun/static/about:blank HTTP/1.1" 404 1011
186.67.172.234 - - [27/Sep/2021:10:53:36 -0300] "GET /cormun/servlet/solicitudotadjuntos?INS,2021,17548,,1, HTTP/1.1" 200 6404
186.67.172.234 - - [27/Sep/2021:10:53:37 -0300] "GET /cormun/servlet/solicitudotadjuntos?5dd2e8b8465b1ef8c2be15f4741867f4c4354ebea6c0257be45957d34c6802e8408a96ba2e756086e98717485380d691,gx-no-cache=1632750121640 HTTP/1.1" 200 30
186.67.172.234 - - [27/Sep/2021:10:53:37 -0300] "POST /cormun/servlet/solicitudotadjuntos?46edac1dcdf21be3019acc4b4055b5a0,INS,2021,17548,,1,,gx-no-cache=1632750121656 HTTP/1.1" 200 4150
200.111.191.213 - - [27/Sep/2021:10:53:37 -0300] "GET /cormun/servlet/prcontratosol?12914316,,,,,MD,,gxPopupLevel%3D0%3B HTTP/1.1" 200 8310
200.111.191.213 - - [27/Sep/2021:10:53:37 -0300] "GET /cormun/static/gxcfg.js?2019914201458 HTTP/1.1" 200 953
200.111.191.213 - - [27/Sep/2021:10:53:37 -0300] "GET /cormun/static/Resources/Spanish/PXTools.css?19172979 HTTP/1.1" 200 100853
200.111.191.213 - - [27/Sep/2021:10:53:37 -0300] "GET /cormun/static/prcontratosol.js?20199142014772 HTTP/1.1" 200 15806
200.111.191.213 - - [27/Sep/2021:10:53:40 -0300] "POST /cormun/servlet/solicitudot?gx-no-cache=1632750360927 HTTP/1.1" 200 1521
200.111.191.213 - - [27/Sep/2021:10:53:40 -0300] "GET /cormun/static/Shared/jqueryui/images/ui-icons_82798d_256x240.png HTTP/1.1" 404 1089
200.111.191.213 - - [27/Sep/2021:10:53:40 -0300] "GET /cormun/static/Shared/jqueryui/images/ui-bg_highlight-soft_100_c6c2c8_1x100.png HTTP/1.1" 404 1117
200.111.191.213 - - [27/Sep/2021:10:53:40 -0300] "GET /cormun/static/Shared/jqueryui/images/ui-bg_flat_55_994d53_40x100.png HTTP/1.1" 404 1097
200.111.191.213 - - [27/Sep/2021:10:53:40 -0300] "GET /cormun/static/Shared/jqueryui/images/ui-icons_ebccce_256x240.png HTTP/1.1" 404 1089
200.111.191.213 - - [27/Sep/2021:10:53:40 -0300] "POST /cormun/servlet/solicitudot?gx-no-cache=1632750360974 HTTP/1.1" 200 117
