210.108.70.119 - - [27/Sep/2021:13:09:40 -0300] "GET /manager/html HTTP/1.1" 401 2474
210.108.70.119 - - [27/Sep/2021:13:09:40 -0300] "GET /manager/html HTTP/1.1" 401 2474
186.103.157.42 - - [27/Sep/2021:13:09:41 -0300] "GET /cormun/servlet/hlogin HTTP/1.1" 200 1728
210.108.70.119 - - [27/Sep/2021:13:09:41 -0300] "GET /manager/html HTTP/1.1" 401 2474
186.103.157.42 - - [27/Sep/2021:13:09:41 -0300] "GET /cormun/servlet/hlogin HTTP/1.1" 200 1739
186.103.157.42 - - [27/Sep/2021:13:09:41 -0300] "GET /favicon.ico HTTP/1.1" 200 21630
210.108.70.119 - - [27/Sep/2021:13:09:41 -0300] "GET /manager/html HTTP/1.1" 401 2474
210.108.70.119 - - [27/Sep/2021:13:09:41 -0300] "GET /manager/html HTTP/1.1" 401 2474
210.108.70.119 - - [27/Sep/2021:13:09:42 -0300] "GET /manager/html HTTP/1.1" 401 2474
210.108.70.119 - - [27/Sep/2021:13:09:42 -0300] "GET /manager/html HTTP/1.1" 401 2474
210.108.70.119 - - [27/Sep/2021:13:09:43 -0300] "GET /manager/html HTTP/1.1" 401 2474
210.108.70.119 - - [27/Sep/2021:13:09:43 -0300] "GET /manager/html HTTP/1.1" 401 2474
210.108.70.119 - - [27/Sep/2021:13:09:43 -0300] "GET /manager/html HTTP/1.1" 401 2474
210.108.70.119 - - [27/Sep/2021:13:09:44 -0300] "GET /manager/html HTTP/1.1" 401 2474
210.108.70.119 - - [27/Sep/2021:13:09:44 -0300] "GET /manager/html HTTP/1.1" 401 2474
210.108.70.119 - - [27/Sep/2021:13:09:44 -0300] "GET /manager/html HTTP/1.1" 401 2474
210.108.70.119 - - [27/Sep/2021:13:09:45 -0300] "GET /manager/html HTTP/1.1" 401 2474
210.108.70.119 - - [27/Sep/2021:13:09:45 -0300] "GET /manager/html HTTP/1.1" 401 2474
210.108.70.119 - - [27/Sep/2021:13:09:45 -0300] "GET /manager/html HTTP/1.1" 401 2474
210.108.70.119 - - [27/Sep/2021:13:09:46 -0300] "GET /manager/html HTTP/1.1" 401 2474
210.108.70.119 - - [27/Sep/2021:13:09:46 -0300] "GET /manager/html HTTP/1.1" 401 2474
210.108.70.119 - - [27/Sep/2021:13:09:46 -0300] "GET /manager/html HTTP/1.1" 401 2474
210.108.70.119 - - [27/Sep/2021:13:09:47 -0300] "GET /manager/html HTTP/1.1" 401 2474
210.108.70.119 - - [27/Sep/2021:13:09:47 -0300] "GET /manager/html HTTP/1.1" 401 2474
210.108.70.119 - - [27/Sep/2021:13:09:47 -0300] "GET /manager/html HTTP/1.1" 401 2474
210.108.70.119 - - [27/Sep/2021:13:09:48 -0300] "GET /manager/html HTTP/1.1" 401 2474
210.108.70.119 - - [27/Sep/2021:13:09:48 -0300] "GET /manager/html HTTP/1.1" 401 2474
210.108.70.119 - - [27/Sep/2021:13:09:48 -0300] "GET /manager/html HTTP/1.1" 401 2474
210.108.70.119 - - [27/Sep/2021:13:09:49 -0300] "GET /manager/html HTTP/1.1" 401 2474
210.108.70.119 - - [27/Sep/2021:13:09:49 -0300] "GET /manager/html HTTP/1.1" 401 2474
210.108.70.119 - - [27/Sep/2021:13:09:49 -0300] "GET /manager/html HTTP/1.1" 401 2474
210.108.70.119 - - [27/Sep/2021:13:09:50 -0300] "GET /manager/html HTTP/1.1" 401 2474
210.108.70.119 - - [27/Sep/2021:13:09:50 -0300] "GET /manager/html HTTP/1.1" 401 2474
210.108.70.119 - - [27/Sep/2021:13:09:50 -0300] "GET /manager/html HTTP/1.1" 401 2474
210.108.70.119 - - [27/Sep/2021:13:09:51 -0300] "GET /manager/html HTTP/1.1" 401 2474
192.168.10.78 - - [27/Sep/2021:13:09:51 -0300] "POST /cormun/servlet/trsolicitudgral?a16aebdc69a32a07cbdcacfe05237369,,gx-no-cache=1632758157892 HTTP/1.1" 200 6691
210.108.70.119 - - [27/Sep/2021:13:09:51 -0300] "GET /manager/html HTTP/1.1" 401 2474
210.108.70.119 - - [27/Sep/2021:13:09:51 -0300] "GET /manager/html HTTP/1.1" 401 2474
210.108.70.119 - - [27/Sep/2021:13:09:52 -0300] "GET /manager/html HTTP/1.1" 401 2474
210.108.70.119 - - [27/Sep/2021:13:09:52 -0300] "GET /manager/html HTTP/1.1" 401 2474
210.108.70.119 - - [27/Sep/2021:13:09:52 -0300] "GET /manager/html HTTP/1.1" 401 2474
210.108.70.119 - - [27/Sep/2021:13:09:53 -0300] "GET /manager/html HTTP/1.1" 401 2474
210.108.70.119 - - [27/Sep/2021:13:09:53 -0300] "GET /manager/html HTTP/1.1" 401 2474
210.108.70.119 - - [27/Sep/2021:13:09:54 -0300] "GET /manager/html HTTP/1.1" 401 2474
210.108.70.119 - - [27/Sep/2021:13:09:54 -0300] "GET /manager/html HTTP/1.1" 401 2474
210.108.70.119 - - [27/Sep/2021:13:09:54 -0300] "GET /manager/html HTTP/1.1" 401 2474
210.108.70.119 - - [27/Sep/2021:13:09:55 -0300] "GET /manager/html HTTP/1.1" 401 2474
192.168.10.78 - - [27/Sep/2021:13:09:55 -0300] "GET /cormun/servlet/vesolicitudgral?2021,17536,, HTTP/1.1" 200 8294
192.168.10.78 - - [27/Sep/2021:13:09:55 -0300] "GET /cormun/pexe_scrolldiv.js HTTP/1.1" 404 1009
192.168.10.78 - - [27/Sep/2021:13:09:55 -0300] "GET /cormun/pexe_scrolldiv.js HTTP/1.1" 404 1009
210.108.70.119 - - [27/Sep/2021:13:09:55 -0300] "GET /manager/html HTTP/1.1" 401 2474
192.168.10.78 - - [27/Sep/2021:13:09:55 -0300] "GET /cormun/servlet/vesolicitudgral?2021,17536,, HTTP/1.1" 200 8294
210.108.70.119 - - [27/Sep/2021:13:09:55 -0300] "GET /manager/html HTTP/1.1" 401 2474
210.108.70.119 - - [27/Sep/2021:13:09:56 -0300] "GET /manager/html HTTP/1.1" 401 2474
210.108.70.119 - - [27/Sep/2021:13:09:56 -0300] "GET /manager/html HTTP/1.1" 401 2474
210.108.70.119 - - [27/Sep/2021:13:09:57 -0300] "GET /manager/html HTTP/1.1" 401 2474
210.108.70.119 - - [27/Sep/2021:13:09:57 -0300] "GET /manager/html HTTP/1.1" 401 2474
210.108.70.119 - - [27/Sep/2021:13:09:57 -0300] "GET /manager/html HTTP/1.1" 401 2474
186.103.157.42 - - [27/Sep/2021:13:09:57 -0300] "POST /cormun/servlet/hlogin?c7eb5ef629c7872534de65fe909a06bf,gx-no-cache=1632758302464 HTTP/1.1" 200 90
210.108.70.119 - - [27/Sep/2021:13:09:58 -0300] "GET /manager/html HTTP/1.1" 401 2474
186.103.157.42 - - [27/Sep/2021:13:09:58 -0300] "GET /cormun/servlet/hpexe_link HTTP/1.1" 200 953
186.103.157.42 - - [27/Sep/2021:13:09:58 -0300] "GET /cormun/servlet/hhome HTTP/1.1" 200 4362
210.108.70.119 - - [27/Sep/2021:13:09:58 -0300] "GET /manager/html HTTP/1.1" 401 2474
186.103.157.42 - - [27/Sep/2021:13:09:58 -0300] "GET /cormun/servlet/hhome HTTP/1.1" 200 4358
210.108.70.119 - - [27/Sep/2021:13:09:58 -0300] "GET /manager/html HTTP/1.1" 401 2474
210.108.70.119 - - [27/Sep/2021:13:09:59 -0300] "GET /manager/html HTTP/1.1" 401 2474
210.108.70.119 - - [27/Sep/2021:13:09:59 -0300] "GET /manager/html HTTP/1.1" 401 2474
210.108.70.119 - - [27/Sep/2021:13:09:59 -0300] "GET /manager/html HTTP/1.1" 401 2474
192.168.10.78 - - [27/Sep/2021:13:09:59 -0300] "GET /cormun/servlet/vesolicitudgral?2021,17536,,SolicitudOTLog HTTP/1.1" 200 8964
192.168.10.78 - - [27/Sep/2021:13:09:59 -0300] "GET /cormun/pexe_scrolldiv.js HTTP/1.1" 404 1009
192.168.10.78 - - [27/Sep/2021:13:09:59 -0300] "GET /cormun/pexe_scrolldiv.js HTTP/1.1" 404 1009
192.168.10.78 - - [27/Sep/2021:13:09:59 -0300] "GET /cormun/static/tbsolicitudgral03.js?20199142214306 HTTP/1.1" 200 13342
192.168.10.78 - - [27/Sep/2021:13:09:59 -0300] "GET /cormun/static/Resources/PXToolsTabLastSelected.png HTTP/1.1" 200 1274
210.108.70.119 - - [27/Sep/2021:13:10:00 -0300] "GET /manager/html HTTP/1.1" 401 2474
192.168.10.78 - - [27/Sep/2021:13:10:00 -0300] "GET /cormun/servlet/vesolicitudgral?2021,17536,,SolicitudOTLog HTTP/1.1" 200 8965
210.108.70.119 - - [27/Sep/2021:13:10:00 -0300] "GET /manager/html HTTP/1.1" 401 2474
210.108.70.119 - - [27/Sep/2021:13:10:00 -0300] "GET /manager/html HTTP/1.1" 401 2474
192.168.10.78 - - [27/Sep/2021:13:10:00 -0300] "POST /cormun/servlet/acontrolpreferencessavestate?None,RRHH+CATALINA+CACERES,true HTTP/1.1" 200 35
210.108.70.119 - - [27/Sep/2021:13:10:01 -0300] "GET /manager/html HTTP/1.1" 401 2474
210.108.70.119 - - [27/Sep/2021:13:10:01 -0300] "GET /manager/html HTTP/1.1" 401 2474
210.108.70.119 - - [27/Sep/2021:13:10:01 -0300] "GET /manager/html HTTP/1.1" 401 2474
210.108.70.119 - - [27/Sep/2021:13:10:02 -0300] "GET /manager/html HTTP/1.1" 401 2474
186.103.157.42 - - [27/Sep/2021:13:10:02 -0300] "GET /cormun/servlet/trlicencias? HTTP/1.1" 200 10810
210.108.70.119 - - [27/Sep/2021:13:10:02 -0300] "GET /manager/html HTTP/1.1" 401 2474
186.103.157.42 - - [27/Sep/2021:13:10:02 -0300] "GET /cormun/servlet/trlicencias? HTTP/1.1" 200 10808
210.108.70.119 - - [27/Sep/2021:13:10:02 -0300] "GET /manager/html HTTP/1.1" 401 2474
210.108.70.119 - - [27/Sep/2021:13:10:03 -0300] "GET /manager/html HTTP/1.1" 401 2474
210.108.70.119 - - [27/Sep/2021:13:10:03 -0300] "GET /manager/html HTTP/1.1" 401 2474
210.108.70.119 - - [27/Sep/2021:13:10:04 -0300] "GET /manager/html HTTP/1.1" 401 2474
210.108.70.119 - - [27/Sep/2021:13:10:04 -0300] "GET /manager/html HTTP/1.1" 401 2474
210.108.70.119 - - [27/Sep/2021:13:10:04 -0300] "GET /manager/html HTTP/1.1" 401 2474
210.108.70.119 - - [27/Sep/2021:13:10:05 -0300] "GET /manager/html HTTP/1.1" 401 2474
210.108.70.119 - - [27/Sep/2021:13:10:05 -0300] "GET /manager/html HTTP/1.1" 401 2474
210.108.70.119 - - [27/Sep/2021:13:10:05 -0300] "GET /manager/html HTTP/1.1" 401 2474
210.108.70.119 - - [27/Sep/2021:13:10:06 -0300] "GET /manager/html HTTP/1.1" 401 2474
210.108.70.119 - - [27/Sep/2021:13:10:06 -0300] "GET /manager/html HTTP/1.1" 401 2474
210.108.70.119 - - [27/Sep/2021:13:10:06 -0300] "GET /manager/html HTTP/1.1" 401 2474
210.108.70.119 - - [27/Sep/2021:13:10:07 -0300] "GET /manager/html HTTP/1.1" 401 2474
210.108.70.119 - - [27/Sep/2021:13:10:07 -0300] "GET /manager/html HTTP/1.1" 401 2474
210.108.70.119 - - [27/Sep/2021:13:10:07 -0300] "GET /manager/html HTTP/1.1" 401 2474
210.108.70.119 - - [27/Sep/2021:13:10:08 -0300] "GET /manager/html HTTP/1.1" 401 2474
210.108.70.119 - - [27/Sep/2021:13:10:08 -0300] "GET /manager/html HTTP/1.1" 401 2474
210.108.70.119 - - [27/Sep/2021:13:10:08 -0300] "GET /manager/html HTTP/1.1" 401 2474
210.108.70.119 - - [27/Sep/2021:13:10:09 -0300] "GET /manager/html HTTP/1.1" 401 2474
210.108.70.119 - - [27/Sep/2021:13:10:09 -0300] "GET /manager/html HTTP/1.1" 401 2474
210.108.70.119 - - [27/Sep/2021:13:10:09 -0300] "GET /manager/html HTTP/1.1" 401 2474
210.108.70.119 - - [27/Sep/2021:13:10:10 -0300] "GET /manager/html HTTP/1.1" 401 2474
210.108.70.119 - - [27/Sep/2021:13:10:10 -0300] "GET /manager/html HTTP/1.1" 401 2474
210.108.70.119 - - [27/Sep/2021:13:10:10 -0300] "GET /manager/html HTTP/1.1" 401 2474
210.108.70.119 - - [27/Sep/2021:13:10:11 -0300] "GET /manager/html HTTP/1.1" 401 2474
210.108.70.119 - - [27/Sep/2021:13:10:11 -0300] "GET /manager/html HTTP/1.1" 401 2474
210.108.70.119 - - [27/Sep/2021:13:10:11 -0300] "GET /manager/html HTTP/1.1" 401 2474
210.108.70.119 - - [27/Sep/2021:13:10:12 -0300] "GET /manager/html HTTP/1.1" 401 2474
210.108.70.119 - - [27/Sep/2021:13:10:12 -0300] "GET /manager/html HTTP/1.1" 401 2474
210.108.70.119 - - [27/Sep/2021:13:10:12 -0300] "GET /manager/html HTTP/1.1" 401 2474
210.108.70.119 - - [27/Sep/2021:13:10:13 -0300] "GET /manager/html HTTP/1.1" 401 2474
210.108.70.119 - - [27/Sep/2021:13:10:13 -0300] "GET /manager/html HTTP/1.1" 401 2474
210.108.70.119 - - [27/Sep/2021:13:10:14 -0300] "GET /manager/html HTTP/1.1" 401 2474
210.108.70.119 - - [27/Sep/2021:13:10:14 -0300] "GET /manager/html HTTP/1.1" 401 2474
210.108.70.119 - - [27/Sep/2021:13:10:14 -0300] "GET /manager/html HTTP/1.1" 401 2474
210.108.70.119 - - [27/Sep/2021:13:10:15 -0300] "GET /manager/html HTTP/1.1" 401 2474
210.108.70.119 - - [27/Sep/2021:13:10:15 -0300] "GET /manager/html HTTP/1.1" 401 2474
210.108.70.119 - - [27/Sep/2021:13:10:15 -0300] "GET /manager/html HTTP/1.1" 401 2474
210.108.70.119 - - [27/Sep/2021:13:10:16 -0300] "GET /manager/html HTTP/1.1" 401 2474
210.108.70.119 - - [27/Sep/2021:13:10:16 -0300] "GET /manager/html HTTP/1.1" 401 2474
210.108.70.119 - - [27/Sep/2021:13:10:16 -0300] "GET /manager/html HTTP/1.1" 401 2474
210.108.70.119 - - [27/Sep/2021:13:10:17 -0300] "GET /manager/html HTTP/1.1" 401 2474
210.108.70.119 - - [27/Sep/2021:13:10:17 -0300] "GET /manager/html HTTP/1.1" 401 2474
210.108.70.119 - - [27/Sep/2021:13:10:17 -0300] "GET /manager/html HTTP/1.1" 401 2474
210.108.70.119 - - [27/Sep/2021:13:10:18 -0300] "GET /manager/html HTTP/1.1" 401 2474
210.108.70.119 - - [27/Sep/2021:13:10:18 -0300] "GET /manager/html HTTP/1.1" 401 2474
210.108.70.119 - - [27/Sep/2021:13:10:18 -0300] "GET /manager/html HTTP/1.1" 401 2474
210.108.70.119 - - [27/Sep/2021:13:10:19 -0300] "GET /manager/html HTTP/1.1" 401 2474
210.108.70.119 - - [27/Sep/2021:13:10:19 -0300] "GET /manager/html HTTP/1.1" 401 2474
210.108.70.119 - - [27/Sep/2021:13:10:19 -0300] "GET /manager/html HTTP/1.1" 401 2474
210.108.70.119 - - [27/Sep/2021:13:10:20 -0300] "GET /manager/html HTTP/1.1" 401 2474
210.108.70.119 - - [27/Sep/2021:13:10:20 -0300] "GET /manager/html HTTP/1.1" 401 2474
210.108.70.119 - - [27/Sep/2021:13:10:20 -0300] "GET /manager/html HTTP/1.1" 401 2474
210.108.70.119 - - [27/Sep/2021:13:10:21 -0300] "GET /manager/html HTTP/1.1" 401 2474
210.108.70.119 - - [27/Sep/2021:13:10:21 -0300] "GET /manager/html HTTP/1.1" 401 2474
210.108.70.119 - - [27/Sep/2021:13:10:22 -0300] "GET /manager/html HTTP/1.1" 401 2474
210.108.70.119 - - [27/Sep/2021:13:10:22 -0300] "GET /manager/html HTTP/1.1" 401 2474
210.108.70.119 - - [27/Sep/2021:13:10:22 -0300] "GET /manager/html HTTP/1.1" 401 2474
210.108.70.119 - - [27/Sep/2021:13:10:23 -0300] "GET /manager/html HTTP/1.1" 401 2474
210.108.70.119 - - [27/Sep/2021:13:10:23 -0300] "GET /manager/html HTTP/1.1" 401 2474
210.108.70.119 - - [27/Sep/2021:13:10:23 -0300] "GET /manager/html HTTP/1.1" 401 2474
210.108.70.119 - - [27/Sep/2021:13:10:24 -0300] "GET /manager/html HTTP/1.1" 401 2474
210.108.70.119 - - [27/Sep/2021:13:10:24 -0300] "GET /manager/html HTTP/1.1" 401 2474
210.108.70.119 - - [27/Sep/2021:13:10:24 -0300] "GET /manager/html HTTP/1.1" 401 2474
210.108.70.119 - - [27/Sep/2021:13:10:25 -0300] "GET /manager/html HTTP/1.1" 401 2474
210.108.70.119 - - [27/Sep/2021:13:10:25 -0300] "GET /manager/html HTTP/1.1" 401 2474
210.108.70.119 - - [27/Sep/2021:13:10:25 -0300] "GET /manager/html HTTP/1.1" 401 2474
210.108.70.119 - - [27/Sep/2021:13:10:26 -0300] "GET /manager/html HTTP/1.1" 401 2474
210.108.70.119 - - [27/Sep/2021:13:10:26 -0300] "GET /manager/html HTTP/1.1" 401 2474
210.108.70.119 - - [27/Sep/2021:13:10:26 -0300] "GET /manager/html HTTP/1.1" 401 2474
210.108.70.119 - - [27/Sep/2021:13:10:27 -0300] "GET /manager/html HTTP/1.1" 401 2474
210.108.70.119 - - [27/Sep/2021:13:10:27 -0300] "GET /manager/html HTTP/1.1" 401 2474
210.108.70.119 - - [27/Sep/2021:13:10:27 -0300] "GET /manager/html HTTP/1.1" 401 2474
210.108.70.119 - - [27/Sep/2021:13:10:28 -0300] "GET /manager/html HTTP/1.1" 401 2474
210.108.70.119 - - [27/Sep/2021:13:10:28 -0300] "GET /manager/html HTTP/1.1" 401 2474
210.108.70.119 - - [27/Sep/2021:13:10:28 -0300] "GET /manager/html HTTP/1.1" 401 2474
210.108.70.119 - - [27/Sep/2021:13:10:29 -0300] "GET /manager/html HTTP/1.1" 401 2474
210.108.70.119 - - [27/Sep/2021:13:10:29 -0300] "GET /manager/html HTTP/1.1" 401 2474
210.108.70.119 - - [27/Sep/2021:13:10:29 -0300] "GET /manager/html HTTP/1.1" 401 2474
210.108.70.119 - - [27/Sep/2021:13:10:30 -0300] "GET /manager/html HTTP/1.1" 401 2474
210.108.70.119 - - [27/Sep/2021:13:10:31 -0300] "GET /manager/html HTTP/1.1" 401 2474
210.108.70.119 - - [27/Sep/2021:13:10:31 -0300] "GET /manager/html HTTP/1.1" 401 2474
210.108.70.119 - - [27/Sep/2021:13:10:31 -0300] "GET /manager/html HTTP/1.1" 401 2474
210.108.70.119 - - [27/Sep/2021:13:10:32 -0300] "GET /manager/html HTTP/1.1" 401 2474
210.108.70.119 - - [27/Sep/2021:13:10:32 -0300] "GET /manager/html HTTP/1.1" 401 2474
210.108.70.119 - - [27/Sep/2021:13:10:32 -0300] "GET /manager/html HTTP/1.1" 401 2474
210.108.70.119 - - [27/Sep/2021:13:10:33 -0300] "GET /manager/html HTTP/1.1" 401 2474
210.108.70.119 - - [27/Sep/2021:13:10:33 -0300] "GET /manager/html HTTP/1.1" 401 2474
210.108.70.119 - - [27/Sep/2021:13:10:33 -0300] "GET /manager/html HTTP/1.1" 401 2474
210.108.70.119 - - [27/Sep/2021:13:10:34 -0300] "GET /manager/html HTTP/1.1" 401 2474
210.108.70.119 - - [27/Sep/2021:13:10:34 -0300] "GET /manager/html HTTP/1.1" 401 2474
210.108.70.119 - - [27/Sep/2021:13:10:34 -0300] "GET /manager/html HTTP/1.1" 401 2474
210.108.70.119 - - [27/Sep/2021:13:10:35 -0300] "GET /manager/html HTTP/1.1" 401 2474
210.108.70.119 - - [27/Sep/2021:13:10:35 -0300] "GET /manager/html HTTP/1.1" 401 2474
210.108.70.119 - - [27/Sep/2021:13:10:36 -0300] "GET /manager/html HTTP/1.1" 401 2474
210.108.70.119 - - [27/Sep/2021:13:10:36 -0300] "GET /manager/html HTTP/1.1" 401 2474
210.108.70.119 - - [27/Sep/2021:13:10:36 -0300] "GET /manager/html HTTP/1.1" 401 2474
210.108.70.119 - - [27/Sep/2021:13:10:37 -0300] "GET /manager/html HTTP/1.1" 401 2474
210.108.70.119 - - [27/Sep/2021:13:10:37 -0300] "GET /manager/html HTTP/1.1" 401 2474
210.108.70.119 - - [27/Sep/2021:13:10:37 -0300] "GET /manager/html HTTP/1.1" 401 2474
210.108.70.119 - - [27/Sep/2021:13:10:38 -0300] "GET /manager/html HTTP/1.1" 401 2474
210.108.70.119 - - [27/Sep/2021:13:10:38 -0300] "GET /manager/html HTTP/1.1" 401 2474
210.108.70.119 - - [27/Sep/2021:13:10:38 -0300] "GET /manager/html HTTP/1.1" 401 2474
210.108.70.119 - - [27/Sep/2021:13:10:39 -0300] "GET /manager/html HTTP/1.1" 401 2474
210.108.70.119 - - [27/Sep/2021:13:10:39 -0300] "GET /manager/html HTTP/1.1" 401 2474
210.108.70.119 - - [27/Sep/2021:13:10:39 -0300] "GET /manager/html HTTP/1.1" 401 2474
210.108.70.119 - - [27/Sep/2021:13:10:40 -0300] "GET /manager/html HTTP/1.1" 401 2474
210.108.70.119 - - [27/Sep/2021:13:10:40 -0300] "GET /manager/html HTTP/1.1" 401 2474
210.108.70.119 - - [27/Sep/2021:13:10:40 -0300] "GET /manager/html HTTP/1.1" 401 2474
210.108.70.119 - - [27/Sep/2021:13:10:41 -0300] "GET /manager/html HTTP/1.1" 401 2474
210.108.70.119 - - [27/Sep/2021:13:10:41 -0300] "GET /manager/html HTTP/1.1" 401 2474
210.108.70.119 - - [27/Sep/2021:13:10:41 -0300] "GET /manager/html HTTP/1.1" 401 2474
210.108.70.119 - - [27/Sep/2021:13:10:42 -0300] "GET /manager/html HTTP/1.1" 401 2474
210.108.70.119 - - [27/Sep/2021:13:10:42 -0300] "GET /manager/html HTTP/1.1" 401 2474
210.108.70.119 - - [27/Sep/2021:13:10:42 -0300] "GET /manager/html HTTP/1.1" 401 2474
210.108.70.119 - - [27/Sep/2021:13:10:43 -0300] "GET /manager/html HTTP/1.1" 401 2474
210.108.70.119 - - [27/Sep/2021:13:10:43 -0300] "GET /manager/html HTTP/1.1" 401 2474
210.108.70.119 - - [27/Sep/2021:13:10:43 -0300] "GET /manager/html HTTP/1.1" 401 2474
210.108.70.119 - - [27/Sep/2021:13:10:44 -0300] "GET /manager/html HTTP/1.1" 401 2474
210.108.70.119 - - [27/Sep/2021:13:10:44 -0300] "GET /manager/html HTTP/1.1" 401 2474
210.108.70.119 - - [27/Sep/2021:13:10:44 -0300] "GET /manager/html HTTP/1.1" 401 2474
210.108.70.119 - - [27/Sep/2021:13:10:45 -0300] "GET /manager/html HTTP/1.1" 401 2474
190.171.149.82 - - [27/Sep/2021:13:10:45 -0300] "GET /cormun/servlet/trautorizarsolicitud? HTTP/1.1" 200 8665
210.108.70.119 - - [27/Sep/2021:13:10:45 -0300] "GET /manager/html HTTP/1.1" 401 2474
210.108.70.119 - - [27/Sep/2021:13:10:45 -0300] "GET /manager/html HTTP/1.1" 401 2474
190.171.149.82 - - [27/Sep/2021:13:10:46 -0300] "GET /cormun/servlet/trautorizarsolicitud? HTTP/1.1" 200 8665
210.108.70.119 - - [27/Sep/2021:13:10:46 -0300] "GET /manager/html HTTP/1.1" 401 2474
210.108.70.119 - - [27/Sep/2021:13:10:46 -0300] "GET /manager/html HTTP/1.1" 401 2474
210.108.70.119 - - [27/Sep/2021:13:10:46 -0300] "GET /manager/html HTTP/1.1" 401 2474
210.108.70.119 - - [27/Sep/2021:13:10:47 -0300] "GET /manager/html HTTP/1.1" 401 2474
210.108.70.119 - - [27/Sep/2021:13:10:47 -0300] "GET /manager/html HTTP/1.1" 401 2474
210.108.70.119 - - [27/Sep/2021:13:10:47 -0300] "GET /manager/html HTTP/1.1" 401 2474
210.108.70.119 - - [27/Sep/2021:13:10:48 -0300] "GET /manager/html HTTP/1.1" 401 2474
210.108.70.119 - - [27/Sep/2021:13:10:48 -0300] "GET /manager/html HTTP/1.1" 401 2474
210.108.70.119 - - [27/Sep/2021:13:10:49 -0300] "GET /manager/html HTTP/1.1" 401 2474
210.108.70.119 - - [27/Sep/2021:13:10:49 -0300] "GET /manager/html HTTP/1.1" 401 2474
210.108.70.119 - - [27/Sep/2021:13:10:49 -0300] "GET /manager/html HTTP/1.1" 401 2474
210.108.70.119 - - [27/Sep/2021:13:10:50 -0300] "GET /manager/html HTTP/1.1" 401 2474
210.108.70.119 - - [27/Sep/2021:13:10:50 -0300] "GET /manager/html HTTP/1.1" 401 2474
210.108.70.119 - - [27/Sep/2021:13:10:50 -0300] "GET /manager/html HTTP/1.1" 401 2474
210.108.70.119 - - [27/Sep/2021:13:10:51 -0300] "GET /manager/html HTTP/1.1" 401 2474
210.108.70.119 - - [27/Sep/2021:13:10:51 -0300] "GET /manager/html HTTP/1.1" 401 2474
210.108.70.119 - - [27/Sep/2021:13:10:51 -0300] "GET /manager/html HTTP/1.1" 401 2474
210.108.70.119 - - [27/Sep/2021:13:10:52 -0300] "GET /manager/html HTTP/1.1" 401 2474
210.108.70.119 - - [27/Sep/2021:13:10:52 -0300] "GET /manager/html HTTP/1.1" 401 2474
210.108.70.119 - - [27/Sep/2021:13:10:52 -0300] "GET /manager/html HTTP/1.1" 401 2474
210.108.70.119 - - [27/Sep/2021:13:10:53 -0300] "GET /manager/html HTTP/1.1" 401 2474
210.108.70.119 - - [27/Sep/2021:13:10:53 -0300] "GET /manager/html HTTP/1.1" 401 2474
210.108.70.119 - - [27/Sep/2021:13:10:53 -0300] "GET /manager/html HTTP/1.1" 401 2474
210.108.70.119 - - [27/Sep/2021:13:10:54 -0300] "GET /manager/html HTTP/1.1" 401 2474
210.108.70.119 - - [27/Sep/2021:13:10:54 -0300] "GET /manager/html HTTP/1.1" 401 2474
210.108.70.119 - - [27/Sep/2021:13:10:54 -0300] "GET /manager/html HTTP/1.1" 401 2474
210.108.70.119 - - [27/Sep/2021:13:10:55 -0300] "GET /manager/html HTTP/1.1" 401 2474
210.108.70.119 - - [27/Sep/2021:13:10:55 -0300] "GET /manager/html HTTP/1.1" 401 2474
210.108.70.119 - - [27/Sep/2021:13:10:55 -0300] "GET /manager/html HTTP/1.1" 401 2474
210.108.70.119 - - [27/Sep/2021:13:10:56 -0300] "GET /manager/html HTTP/1.1" 401 2474
210.108.70.119 - - [27/Sep/2021:13:10:56 -0300] "GET /manager/html HTTP/1.1" 401 2474
210.108.70.119 - - [27/Sep/2021:13:10:56 -0300] "GET /manager/html HTTP/1.1" 401 2474
210.108.70.119 - - [27/Sep/2021:13:10:57 -0300] "GET /manager/html HTTP/1.1" 401 2474
210.108.70.119 - - [27/Sep/2021:13:10:57 -0300] "GET /manager/html HTTP/1.1" 401 2474
210.108.70.119 - - [27/Sep/2021:13:10:57 -0300] "GET /manager/html HTTP/1.1" 401 2474
210.108.70.119 - - [27/Sep/2021:13:10:58 -0300] "GET /manager/html HTTP/1.1" 401 2474
210.108.70.119 - - [27/Sep/2021:13:10:58 -0300] "GET /manager/html HTTP/1.1" 401 2474
210.108.70.119 - - [27/Sep/2021:13:10:58 -0300] "GET /manager/html HTTP/1.1" 401 2474
210.108.70.119 - - [27/Sep/2021:13:10:59 -0300] "GET /manager/html HTTP/1.1" 401 2474
210.108.70.119 - - [27/Sep/2021:13:10:59 -0300] "GET /manager/html HTTP/1.1" 401 2474
210.108.70.119 - - [27/Sep/2021:13:10:59 -0300] "GET /manager/html HTTP/1.1" 401 2474
210.108.70.119 - - [27/Sep/2021:13:11:00 -0300] "GET /manager/html HTTP/1.1" 401 2474
210.108.70.119 - - [27/Sep/2021:13:11:00 -0300] "GET /manager/html HTTP/1.1" 401 2474
210.108.70.119 - - [27/Sep/2021:13:11:00 -0300] "GET /manager/html HTTP/1.1" 401 2474
210.108.70.119 - - [27/Sep/2021:13:11:01 -0300] "GET /manager/html HTTP/1.1" 401 2474
210.108.70.119 - - [27/Sep/2021:13:11:01 -0300] "GET /manager/html HTTP/1.1" 401 2474
210.108.70.119 - - [27/Sep/2021:13:11:01 -0300] "GET /manager/html HTTP/1.1" 401 2474
210.108.70.119 - - [27/Sep/2021:13:11:02 -0300] "GET /manager/html HTTP/1.1" 401 2474
210.108.70.119 - - [27/Sep/2021:13:11:02 -0300] "GET /manager/html HTTP/1.1" 401 2474
210.108.70.119 - - [27/Sep/2021:13:11:03 -0300] "GET /manager/html HTTP/1.1" 401 2474
210.108.70.119 - - [27/Sep/2021:13:11:03 -0300] "GET /manager/html HTTP/1.1" 401 2474
210.108.70.119 - - [27/Sep/2021:13:11:04 -0300] "GET /manager/html HTTP/1.1" 401 2474
210.108.70.119 - - [27/Sep/2021:13:11:04 -0300] "GET /manager/html HTTP/1.1" 401 2474
210.108.70.119 - - [27/Sep/2021:13:11:04 -0300] "GET /manager/html HTTP/1.1" 401 2474
210.108.70.119 - - [27/Sep/2021:13:11:05 -0300] "GET /manager/html HTTP/1.1" 401 2474
210.108.70.119 - - [27/Sep/2021:13:11:05 -0300] "GET /manager/html HTTP/1.1" 401 2474
210.108.70.119 - - [27/Sep/2021:13:11:06 -0300] "GET /manager/html HTTP/1.1" 401 2474
210.108.70.119 - - [27/Sep/2021:13:11:06 -0300] "GET /manager/html HTTP/1.1" 401 2474
210.108.70.119 - - [27/Sep/2021:13:11:07 -0300] "GET /manager/html HTTP/1.1" 401 2474
210.108.70.119 - - [27/Sep/2021:13:11:07 -0300] "GET /manager/html HTTP/1.1" 401 2474
210.108.70.119 - - [27/Sep/2021:13:11:07 -0300] "GET /manager/html HTTP/1.1" 401 2474
210.108.70.119 - - [27/Sep/2021:13:11:08 -0300] "GET /manager/html HTTP/1.1" 401 2474
210.108.70.119 - - [27/Sep/2021:13:11:08 -0300] "GET /manager/html HTTP/1.1" 401 2474
210.108.70.119 - - [27/Sep/2021:13:11:08 -0300] "GET /manager/html HTTP/1.1" 401 2474
210.108.70.119 - - [27/Sep/2021:13:11:09 -0300] "GET /manager/html HTTP/1.1" 401 2474
210.108.70.119 - - [27/Sep/2021:13:11:09 -0300] "GET /manager/html HTTP/1.1" 401 2474
210.108.70.119 - - [27/Sep/2021:13:11:09 -0300] "GET /manager/html HTTP/1.1" 401 2474
210.108.70.119 - - [27/Sep/2021:13:11:10 -0300] "GET /manager/html HTTP/1.1" 401 2474
192.168.10.78 - - [27/Sep/2021:13:11:10 -0300] "GET /cormun/servlet/vesolicitudgral?2021,17536,,General HTTP/1.1" 200 8297
192.168.10.78 - - [27/Sep/2021:13:11:10 -0300] "GET /cormun/pexe_scrolldiv.js HTTP/1.1" 404 1009
192.168.10.78 - - [27/Sep/2021:13:11:10 -0300] "GET /cormun/pexe_scrolldiv.js HTTP/1.1" 404 1009
210.108.70.119 - - [27/Sep/2021:13:11:10 -0300] "GET /manager/html HTTP/1.1" 401 2474
192.168.10.78 - - [27/Sep/2021:13:11:10 -0300] "GET /cormun/servlet/vesolicitudgral?2021,17536,,General HTTP/1.1" 200 8297
210.108.70.119 - - [27/Sep/2021:13:11:10 -0300] "GET /manager/html HTTP/1.1" 401 2474
210.108.70.119 - - [27/Sep/2021:13:11:11 -0300] "GET /manager/html HTTP/1.1" 401 2474
210.108.70.119 - - [27/Sep/2021:13:11:11 -0300] "GET /manager/html HTTP/1.1" 401 2474
210.108.70.119 - - [27/Sep/2021:13:11:11 -0300] "GET /manager/html HTTP/1.1" 401 2474
210.108.70.119 - - [27/Sep/2021:13:11:12 -0300] "GET /manager/html HTTP/1.1" 401 2474
210.108.70.119 - - [27/Sep/2021:13:11:12 -0300] "GET /manager/html HTTP/1.1" 401 2474
210.108.70.119 - - [27/Sep/2021:13:11:12 -0300] "GET /manager/html HTTP/1.1" 401 2474
210.108.70.119 - - [27/Sep/2021:13:11:13 -0300] "GET /manager/html HTTP/1.1" 401 2474
210.108.70.119 - - [27/Sep/2021:13:11:13 -0300] "GET /manager/html HTTP/1.1" 401 2474
210.108.70.119 - - [27/Sep/2021:13:11:13 -0300] "GET /manager/html HTTP/1.1" 401 2474
210.108.70.119 - - [27/Sep/2021:13:11:14 -0300] "GET /manager/html HTTP/1.1" 401 2474
210.108.70.119 - - [27/Sep/2021:13:11:14 -0300] "GET /manager/html HTTP/1.1" 401 2474
190.171.149.82 - - [27/Sep/2021:13:11:14 -0300] "GET /cormun/servlet/trautorizarsolicitud? HTTP/1.1" 200 8665
210.108.70.119 - - [27/Sep/2021:13:11:14 -0300] "GET /manager/html HTTP/1.1" 401 2474
190.171.149.82 - - [27/Sep/2021:13:11:15 -0300] "GET /cormun/servlet/trautorizarsolicitud? HTTP/1.1" 200 8665
210.108.70.119 - - [27/Sep/2021:13:11:15 -0300] "GET /manager/html HTTP/1.1" 401 2474
210.108.70.119 - - [27/Sep/2021:13:11:15 -0300] "GET /manager/html HTTP/1.1" 401 2474
210.108.70.119 - - [27/Sep/2021:13:11:15 -0300] "GET /manager/html HTTP/1.1" 401 2474
210.108.70.119 - - [27/Sep/2021:13:11:16 -0300] "GET /manager/html HTTP/1.1" 401 2474
210.108.70.119 - - [27/Sep/2021:13:11:16 -0300] "GET /manager/html HTTP/1.1" 401 2474
210.108.70.119 - - [27/Sep/2021:13:11:16 -0300] "GET /manager/html HTTP/1.1" 401 2474
210.108.70.119 - - [27/Sep/2021:13:11:17 -0300] "GET /manager/html HTTP/1.1" 401 2474
210.108.70.119 - - [27/Sep/2021:13:11:17 -0300] "GET /manager/html HTTP/1.1" 401 2474
192.168.10.78 - - [27/Sep/2021:13:11:17 -0300] "GET /cormun/servlet/trautorizarot? HTTP/1.1" 200 10502
210.108.70.119 - - [27/Sep/2021:13:11:18 -0300] "GET /manager/html HTTP/1.1" 401 2474
192.168.10.78 - - [27/Sep/2021:13:11:18 -0300] "GET /cormun/servlet/trautorizarot? HTTP/1.1" 200 10492
210.108.70.119 - - [27/Sep/2021:13:11:18 -0300] "GET /manager/html HTTP/1.1" 401 2474
210.108.70.119 - - [27/Sep/2021:13:11:18 -0300] "GET /manager/html HTTP/1.1" 401 2474
210.108.70.119 - - [27/Sep/2021:13:11:19 -0300] "GET /manager/html HTTP/1.1" 401 2474
210.108.70.119 - - [27/Sep/2021:13:11:19 -0300] "GET /manager/html HTTP/1.1" 401 2474
210.108.70.119 - - [27/Sep/2021:13:11:19 -0300] "GET /manager/html HTTP/1.1" 401 2474
210.108.70.119 - - [27/Sep/2021:13:11:20 -0300] "GET /manager/html HTTP/1.1" 401 2474
210.108.70.119 - - [27/Sep/2021:13:11:20 -0300] "GET /manager/html HTTP/1.1" 401 2474
210.108.70.119 - - [27/Sep/2021:13:11:20 -0300] "GET /manager/html HTTP/1.1" 401 2474
210.108.70.119 - - [27/Sep/2021:13:11:21 -0300] "GET /manager/html HTTP/1.1" 401 2474
210.108.70.119 - - [27/Sep/2021:13:11:21 -0300] "GET /manager/html HTTP/1.1" 401 2474
210.108.70.119 - - [27/Sep/2021:13:11:21 -0300] "GET /manager/html HTTP/1.1" 401 2474
210.108.70.119 - - [27/Sep/2021:13:11:22 -0300] "GET /manager/html HTTP/1.1" 401 2474
210.108.70.119 - - [27/Sep/2021:13:11:22 -0300] "GET /manager/html HTTP/1.1" 401 2474
210.108.70.119 - - [27/Sep/2021:13:11:22 -0300] "GET /manager/html HTTP/1.1" 401 2474
210.108.70.119 - - [27/Sep/2021:13:11:23 -0300] "GET /manager/html HTTP/1.1" 401 2474
210.108.70.119 - - [27/Sep/2021:13:11:23 -0300] "GET /manager/html HTTP/1.1" 401 2474
210.108.70.119 - - [27/Sep/2021:13:11:23 -0300] "GET /manager/html HTTP/1.1" 401 2474
210.108.70.119 - - [27/Sep/2021:13:11:24 -0300] "GET /manager/html HTTP/1.1" 401 2474
210.108.70.119 - - [27/Sep/2021:13:11:24 -0300] "GET /manager/html HTTP/1.1" 401 2474
210.108.70.119 - - [27/Sep/2021:13:11:24 -0300] "GET /manager/html HTTP/1.1" 401 2474
210.108.70.119 - - [27/Sep/2021:13:11:25 -0300] "GET /manager/html HTTP/1.1" 401 2474
210.108.70.119 - - [27/Sep/2021:13:11:25 -0300] "GET /manager/html HTTP/1.1" 401 2474
210.108.70.119 - - [27/Sep/2021:13:11:25 -0300] "GET /manager/html HTTP/1.1" 401 2474
210.108.70.119 - - [27/Sep/2021:13:11:26 -0300] "GET /manager/html HTTP/1.1" 401 2474
210.108.70.119 - - [27/Sep/2021:13:11:26 -0300] "GET /manager/html HTTP/1.1" 401 2474
210.108.70.119 - - [27/Sep/2021:13:11:26 -0300] "GET /manager/html HTTP/1.1" 401 2474
210.108.70.119 - - [27/Sep/2021:13:11:27 -0300] "GET /manager/html HTTP/1.1" 401 2474
190.171.149.82 - - [27/Sep/2021:13:11:27 -0300] "GET /cormun/servlet/veautorizarsolicitud?2021,17536,, HTTP/1.1" 200 8526
190.171.149.82 - - [27/Sep/2021:13:11:27 -0300] "GET /cormun/static/gxcfg.js?201991422424023 HTTP/1.1" 200 953
210.108.70.119 - - [27/Sep/2021:13:11:27 -0300] "GET /manager/html HTTP/1.1" 401 2474
190.171.149.82 - - [27/Sep/2021:13:11:27 -0300] "GET /cormun/pexe_scrolldiv.js HTTP/1.1" 404 1009
190.171.149.82 - - [27/Sep/2021:13:11:27 -0300] "GET /cormun/static/veautorizarsolicitud.js?201991422424092 HTTP/1.1" 200 6140
190.171.149.82 - - [27/Sep/2021:13:11:27 -0300] "GET /cormun/static/hwcviewtabs.js?201991422154026 HTTP/1.1" 200 1074
190.171.149.82 - - [27/Sep/2021:13:11:27 -0300] "GET /cormun/static/tbautorizarsolicitud01.js?201991419252835 HTTP/1.1" 200 30580
190.171.149.82 - - [27/Sep/2021:13:11:27 -0300] "GET /cormun/static/Resources/PXToolsTabFirstSelected.png HTTP/1.1" 200 1270
190.171.149.82 - - [27/Sep/2021:13:11:27 -0300] "GET /cormun/static/hpexe_tabsview.js?2020121447381 HTTP/1.1" 200 1661
190.171.149.82 - - [27/Sep/2021:13:11:27 -0300] "GET /cormun/static/Resources/PXToolsTabLastUnselected.png HTTP/1.1" 200 1297
190.171.149.82 - - [27/Sep/2021:13:11:27 -0300] "GET /cormun/static/Resources/PXToolsTabNext.gif HTTP/1.1" 200 168
190.171.149.82 - - [27/Sep/2021:13:11:27 -0300] "GET /cormun/static/Resources/PXToolsTabPrevious.gif HTTP/1.1" 200 172
190.171.149.82 - - [27/Sep/2021:13:11:27 -0300] "GET /cormun/static/calendar-system.css HTTP/1.1" 200 5572
190.171.149.82 - - [27/Sep/2021:13:11:27 -0300] "GET /cormun/static/Resources/PXToolsTabSelectedUnselected.png HTTP/1.1" 200 1451
190.171.149.82 - - [27/Sep/2021:13:11:27 -0300] "GET /cormun/static/Resources/PXToolsTabBackSelected.png HTTP/1.1" 200 1157
190.171.149.82 - - [27/Sep/2021:13:11:27 -0300] "GET /cormun/static/Resources/PXToolsTabUnselectedUnselected.png HTTP/1.1" 200 1470
190.171.149.82 - - [27/Sep/2021:13:11:27 -0300] "GET /cormun/static/Resources/PXToolsTabBackUnselected.png HTTP/1.1" 200 1175
210.108.70.119 - - [27/Sep/2021:13:11:27 -0300] "GET /manager/html HTTP/1.1" 401 2474
190.171.149.82 - - [27/Sep/2021:13:11:28 -0300] "GET /cormun/servlet/veautorizarsolicitud?2021,17536,, HTTP/1.1" 200 8526
210.108.70.119 - - [27/Sep/2021:13:11:28 -0300] "GET /manager/html HTTP/1.1" 401 2474
210.108.70.119 - - [27/Sep/2021:13:11:28 -0300] "GET /manager/html HTTP/1.1" 401 2474
210.108.70.119 - - [27/Sep/2021:13:11:28 -0300] "GET /manager/html HTTP/1.1" 401 2474
192.168.10.78 - - [27/Sep/2021:13:11:29 -0300] "GET /cormun/servlet/trsolicitudgral? HTTP/1.1" 200 9761
192.168.10.78 - - [27/Sep/2021:13:11:29 -0300] "GET /cormun/servlet/trsolicitudgral? HTTP/1.1" 200 9760
210.108.70.119 - - [27/Sep/2021:13:11:29 -0300] "GET /manager/html HTTP/1.1" 401 2474
210.108.70.119 - - [27/Sep/2021:13:11:29 -0300] "GET /manager/html HTTP/1.1" 401 2474
210.108.70.119 - - [27/Sep/2021:13:11:30 -0300] "GET /manager/html HTTP/1.1" 401 2474
210.108.70.119 - - [27/Sep/2021:13:11:30 -0300] "GET /manager/html HTTP/1.1" 401 2474
210.108.70.119 - - [27/Sep/2021:13:11:30 -0300] "GET /manager/html HTTP/1.1" 401 2474
210.108.70.119 - - [27/Sep/2021:13:11:31 -0300] "GET /manager/html HTTP/1.1" 401 2474
190.171.149.82 - - [27/Sep/2021:13:11:31 -0300] "GET /cormun/servlet/trautorizarsolicitud? HTTP/1.1" 200 8665
210.108.70.119 - - [27/Sep/2021:13:11:31 -0300] "GET /manager/html HTTP/1.1" 401 2474
192.168.10.78 - - [27/Sep/2021:13:11:31 -0300] "GET /cormun/servlet/vesolicitudgral?2021,17536,, HTTP/1.1" 200 8294
192.168.10.78 - - [27/Sep/2021:13:11:31 -0300] "GET /cormun/pexe_scrolldiv.js HTTP/1.1" 404 1009
192.168.10.78 - - [27/Sep/2021:13:11:31 -0300] "GET /cormun/pexe_scrolldiv.js HTTP/1.1" 404 1009
190.171.149.82 - - [27/Sep/2021:13:11:31 -0300] "GET /cormun/servlet/trautorizarsolicitud? HTTP/1.1" 200 8665
210.108.70.119 - - [27/Sep/2021:13:11:31 -0300] "GET /manager/html HTTP/1.1" 401 2474
192.168.10.78 - - [27/Sep/2021:13:11:31 -0300] "GET /cormun/servlet/vesolicitudgral?2021,17536,, HTTP/1.1" 200 8294
210.108.70.119 - - [27/Sep/2021:13:11:32 -0300] "GET /manager/html HTTP/1.1" 401 2474
210.108.70.119 - - [27/Sep/2021:13:11:32 -0300] "GET /manager/html HTTP/1.1" 401 2474
210.108.70.119 - - [27/Sep/2021:13:11:32 -0300] "GET /manager/html HTTP/1.1" 401 2474
210.108.70.119 - - [27/Sep/2021:13:11:33 -0300] "GET /manager/html HTTP/1.1" 401 2474
210.108.70.119 - - [27/Sep/2021:13:11:33 -0300] "GET /manager/html HTTP/1.1" 401 2474
210.108.70.119 - - [27/Sep/2021:13:11:33 -0300] "GET /manager/html HTTP/1.1" 401 2474
210.108.70.119 - - [27/Sep/2021:13:11:34 -0300] "GET /manager/html HTTP/1.1" 401 2474
210.108.70.119 - - [27/Sep/2021:13:11:34 -0300] "GET /manager/html HTTP/1.1" 401 2474
210.108.70.119 - - [27/Sep/2021:13:11:34 -0300] "GET /manager/html HTTP/1.1" 401 2474
210.108.70.119 - - [27/Sep/2021:13:11:35 -0300] "GET /manager/html HTTP/1.1" 401 2474
210.108.70.119 - - [27/Sep/2021:13:11:35 -0300] "GET /manager/html HTTP/1.1" 401 2474
210.108.70.119 - - [27/Sep/2021:13:11:35 -0300] "GET /manager/html HTTP/1.1" 401 2474
210.108.70.119 - - [27/Sep/2021:13:11:36 -0300] "GET /manager/html HTTP/1.1" 401 2474
210.108.70.119 - - [27/Sep/2021:13:11:36 -0300] "GET /manager/html HTTP/1.1" 401 2474
210.108.70.119 - - [27/Sep/2021:13:11:36 -0300] "GET /manager/html HTTP/1.1" 401 2474
210.108.70.119 - - [27/Sep/2021:13:11:37 -0300] "GET /manager/html HTTP/1.1" 401 2474
210.108.70.119 - - [27/Sep/2021:13:11:37 -0300] "GET /manager/html HTTP/1.1" 401 2474
210.108.70.119 - - [27/Sep/2021:13:11:37 -0300] "GET /manager/html HTTP/1.1" 401 2474
210.108.70.119 - - [27/Sep/2021:13:11:38 -0300] "GET /manager/html HTTP/1.1" 401 2474
210.108.70.119 - - [27/Sep/2021:13:11:38 -0300] "GET /manager/html HTTP/1.1" 401 2474
210.108.70.119 - - [27/Sep/2021:13:11:38 -0300] "GET /manager/html HTTP/1.1" 401 2474
210.108.70.119 - - [27/Sep/2021:13:11:39 -0300] "GET /manager/html HTTP/1.1" 401 2474
210.108.70.119 - - [27/Sep/2021:13:11:39 -0300] "GET /manager/html HTTP/1.1" 401 2474
210.108.70.119 - - [27/Sep/2021:13:11:39 -0300] "GET /manager/html HTTP/1.1" 401 2474
210.108.70.119 - - [27/Sep/2021:13:11:40 -0300] "GET /manager/html HTTP/1.1" 401 2474
210.108.70.119 - - [27/Sep/2021:13:11:40 -0300] "GET /manager/html HTTP/1.1" 401 2474
210.108.70.119 - - [27/Sep/2021:13:11:41 -0300] "GET /manager/html HTTP/1.1" 401 2474
210.108.70.119 - - [27/Sep/2021:13:11:41 -0300] "GET /manager/html HTTP/1.1" 401 2474
210.108.70.119 - - [27/Sep/2021:13:11:41 -0300] "GET /manager/html HTTP/1.1" 401 2474
210.108.70.119 - - [27/Sep/2021:13:11:42 -0300] "GET /manager/html HTTP/1.1" 401 2474
210.108.70.119 - - [27/Sep/2021:13:11:42 -0300] "GET /manager/html HTTP/1.1" 401 2474
210.108.70.119 - - [27/Sep/2021:13:11:42 -0300] "GET /manager/html HTTP/1.1" 401 2474
210.108.70.119 - - [27/Sep/2021:13:11:43 -0300] "GET /manager/html HTTP/1.1" 401 2474
210.108.70.119 - - [27/Sep/2021:13:11:43 -0300] "GET /manager/html HTTP/1.1" 401 2474
210.108.70.119 - - [27/Sep/2021:13:11:43 -0300] "GET /manager/html HTTP/1.1" 401 2474
210.108.70.119 - - [27/Sep/2021:13:11:44 -0300] "GET /manager/html HTTP/1.1" 401 2474
192.168.10.78 - - [27/Sep/2021:13:11:44 -0300] "GET /cormun/servlet/hlogin HTTP/1.1" 200 1758
210.108.70.119 - - [27/Sep/2021:13:11:44 -0300] "GET /manager/html HTTP/1.1" 401 2474
210.108.70.119 - - [27/Sep/2021:13:11:44 -0300] "GET /manager/html HTTP/1.1" 401 2474
210.108.70.119 - - [27/Sep/2021:13:11:45 -0300] "GET /manager/html HTTP/1.1" 401 2474
210.108.70.119 - - [27/Sep/2021:13:11:45 -0300] "GET /manager/html HTTP/1.1" 401 2474
210.108.70.119 - - [27/Sep/2021:13:11:45 -0300] "GET /manager/html HTTP/1.1" 401 2474
210.108.70.119 - - [27/Sep/2021:13:11:46 -0300] "GET /manager/html HTTP/1.1" 401 2474
210.108.70.119 - - [27/Sep/2021:13:11:46 -0300] "GET /manager/html HTTP/1.1" 401 2474
210.108.70.119 - - [27/Sep/2021:13:11:46 -0300] "GET /manager/html HTTP/1.1" 401 2474
210.108.70.119 - - [27/Sep/2021:13:11:47 -0300] "GET /manager/html HTTP/1.1" 401 2474
210.108.70.119 - - [27/Sep/2021:13:11:47 -0300] "GET /manager/html HTTP/1.1" 401 2474
210.108.70.119 - - [27/Sep/2021:13:11:47 -0300] "GET /manager/html HTTP/1.1" 401 2474
210.108.70.119 - - [27/Sep/2021:13:11:48 -0300] "GET /manager/html HTTP/1.1" 401 2474
210.108.70.119 - - [27/Sep/2021:13:11:48 -0300] "GET /manager/html HTTP/1.1" 401 2474
210.108.70.119 - - [27/Sep/2021:13:11:49 -0300] "GET /manager/html HTTP/1.1" 401 2474
210.108.70.119 - - [27/Sep/2021:13:11:49 -0300] "GET /manager/html HTTP/1.1" 401 2474
210.108.70.119 - - [27/Sep/2021:13:11:49 -0300] "GET /manager/html HTTP/1.1" 401 2474
210.108.70.119 - - [27/Sep/2021:13:11:50 -0300] "GET /manager/html HTTP/1.1" 401 2474
210.108.70.119 - - [27/Sep/2021:13:11:50 -0300] "GET /manager/html HTTP/1.1" 401 2474
210.108.70.119 - - [27/Sep/2021:13:11:50 -0300] "GET /manager/html HTTP/1.1" 401 2474
210.108.70.119 - - [27/Sep/2021:13:11:51 -0300] "GET /manager/html HTTP/1.1" 401 2474
210.108.70.119 - - [27/Sep/2021:13:11:51 -0300] "GET /manager/html HTTP/1.1" 401 2474
210.108.70.119 - - [27/Sep/2021:13:11:51 -0300] "GET /manager/html HTTP/1.1" 401 2474
210.108.70.119 - - [27/Sep/2021:13:11:52 -0300] "GET /manager/html HTTP/1.1" 401 2474
210.108.70.119 - - [27/Sep/2021:13:11:52 -0300] "GET /manager/html HTTP/1.1" 401 2474
210.108.70.119 - - [27/Sep/2021:13:11:52 -0300] "GET /manager/html HTTP/1.1" 401 2474
210.108.70.119 - - [27/Sep/2021:13:11:53 -0300] "GET /manager/html HTTP/1.1" 401 2474
210.108.70.119 - - [27/Sep/2021:13:11:53 -0300] "GET /manager/html HTTP/1.1" 401 2474
210.108.70.119 - - [27/Sep/2021:13:11:53 -0300] "GET /manager/html HTTP/1.1" 401 2474
210.108.70.119 - - [27/Sep/2021:13:11:54 -0300] "GET /manager/html HTTP/1.1" 401 2474
210.108.70.119 - - [27/Sep/2021:13:11:54 -0300] "GET /manager/html HTTP/1.1" 401 2474
210.108.70.119 - - [27/Sep/2021:13:11:54 -0300] "GET /manager/html HTTP/1.1" 401 2474
210.108.70.119 - - [27/Sep/2021:13:11:55 -0300] "GET /manager/html HTTP/1.1" 401 2474
210.108.70.119 - - [27/Sep/2021:13:11:55 -0300] "GET /manager/html HTTP/1.1" 401 2474
210.108.70.119 - - [27/Sep/2021:13:11:55 -0300] "GET /manager/html HTTP/1.1" 401 2474
190.171.149.82 - - [27/Sep/2021:13:11:55 -0300] "GET /cormun/servlet/veautorizarsolicitud?2021,17536,, HTTP/1.1" 200 8526
190.171.149.82 - - [27/Sep/2021:13:11:55 -0300] "GET /cormun/pexe_scrolldiv.js HTTP/1.1" 404 1009
210.108.70.119 - - [27/Sep/2021:13:11:56 -0300] "GET /manager/html HTTP/1.1" 401 2474
190.171.149.82 - - [27/Sep/2021:13:11:56 -0300] "GET /cormun/servlet/veautorizarsolicitud?2021,17536,, HTTP/1.1" 200 8526
210.108.70.119 - - [27/Sep/2021:13:11:56 -0300] "GET /manager/html HTTP/1.1" 401 2474
210.108.70.119 - - [27/Sep/2021:13:11:56 -0300] "GET /manager/html HTTP/1.1" 401 2474
210.108.70.119 - - [27/Sep/2021:13:11:57 -0300] "GET /manager/html HTTP/1.1" 401 2474
210.108.70.119 - - [27/Sep/2021:13:11:57 -0300] "GET /manager/html HTTP/1.1" 401 2474
210.108.70.119 - - [27/Sep/2021:13:11:57 -0300] "GET /manager/html HTTP/1.1" 401 2474
210.108.70.119 - - [27/Sep/2021:13:11:58 -0300] "GET /manager/html HTTP/1.1" 401 2474
210.108.70.119 - - [27/Sep/2021:13:11:58 -0300] "GET /manager/html HTTP/1.1" 401 2474
210.108.70.119 - - [27/Sep/2021:13:11:58 -0300] "GET /manager/html HTTP/1.1" 401 2474
210.108.70.119 - - [27/Sep/2021:13:11:59 -0300] "GET /manager/html HTTP/1.1" 401 2474
210.108.70.119 - - [27/Sep/2021:13:11:59 -0300] "GET /manager/html HTTP/1.1" 401 2474
210.108.70.119 - - [27/Sep/2021:13:11:59 -0300] "GET /manager/html HTTP/1.1" 401 2474
210.108.70.119 - - [27/Sep/2021:13:12:00 -0300] "GET /manager/html HTTP/1.1" 401 2474
210.108.70.119 - - [27/Sep/2021:13:12:00 -0300] "GET /manager/html HTTP/1.1" 401 2474
190.171.149.82 - - [27/Sep/2021:13:12:00 -0300] "GET /cormun/servlet/veautorizarsolicitud?2021,17536,,SolicitudOTAdjuntos HTTP/1.1" 200 11156
190.171.149.82 - - [27/Sep/2021:13:12:00 -0300] "GET /cormun/pexe_scrolldiv.js HTTP/1.1" 404 1009
190.171.149.82 - - [27/Sep/2021:13:12:00 -0300] "GET /cormun/static/tbautorizarsolicitud02.js?201991419251923 HTTP/1.1" 200 14747
190.171.149.82 - - [27/Sep/2021:13:12:00 -0300] "GET /cormun/static/gxui/gxui-all.css HTTP/1.1" 200 2179
210.108.70.119 - - [27/Sep/2021:13:12:00 -0300] "GET /manager/html HTTP/1.1" 401 2474
190.171.149.82 - - [27/Sep/2021:13:12:00 -0300] "GET /cormun/static/Resources/PXToolsTabFirstUnselected.png HTTP/1.1" 200 1278
190.171.149.82 - - [27/Sep/2021:13:12:00 -0300] "GET /cormun/static/Resources/PXToolsTabUnselectedSelected.png HTTP/1.1" 200 1458
190.171.149.82 - - [27/Sep/2021:13:12:01 -0300] "GET /cormun/static/Shared/ext/resources/css/ext-all.css HTTP/1.1" 200 416045
190.171.149.82 - - [27/Sep/2021:13:12:01 -0300] "GET /cormun/servlet/veautorizarsolicitud?2021,17536,,SolicitudOTAdjuntos HTTP/1.1" 200 11156
210.108.70.119 - - [27/Sep/2021:13:12:01 -0300] "GET /manager/html HTTP/1.1" 401 2474
210.108.70.119 - - [27/Sep/2021:13:12:01 -0300] "GET /manager/html HTTP/1.1" 401 2474
190.171.149.82 - - [27/Sep/2021:13:12:01 -0300] "POST /cormun/servlet/acontrolpreferencessavestate?None,BROJAS,true HTTP/1.1" 200 35
210.108.70.119 - - [27/Sep/2021:13:12:02 -0300] "GET /manager/html HTTP/1.1" 401 2474
210.108.70.119 - - [27/Sep/2021:13:12:02 -0300] "GET /manager/html HTTP/1.1" 401 2474
210.108.70.119 - - [27/Sep/2021:13:12:02 -0300] "GET /manager/html HTTP/1.1" 401 2474
210.108.70.119 - - [27/Sep/2021:13:12:03 -0300] "GET /manager/html HTTP/1.1" 401 2474
210.108.70.119 - - [27/Sep/2021:13:12:03 -0300] "GET /manager/html HTTP/1.1" 401 2474
190.171.149.82 - - [27/Sep/2021:13:12:03 -0300] "GET /cormun/servlet/veautorizarsolicitud?2021,17536,,SolicitudOTLog HTTP/1.1" 200 9358
210.108.70.119 - - [27/Sep/2021:13:12:03 -0300] "GET /manager/html HTTP/1.1" 401 2474
190.171.149.82 - - [27/Sep/2021:13:12:03 -0300] "GET /cormun/pexe_scrolldiv.js HTTP/1.1" 404 1009
190.171.149.82 - - [27/Sep/2021:13:12:03 -0300] "GET /cormun/static/tbautorizarsolicitud03.js?20201214455732 HTTP/1.1" 200 13367
190.171.149.82 - - [27/Sep/2021:13:12:03 -0300] "GET /cormun/static/Resources/PXToolsTabLastSelected.png HTTP/1.1" 200 1274
190.171.149.82 - - [27/Sep/2021:13:12:03 -0300] "GET /cormun/pexe_scrolldiv.js HTTP/1.1" 404 1009
190.171.149.82 - - [27/Sep/2021:13:12:04 -0300] "GET /cormun/servlet/veautorizarsolicitud?2021,17536,,SolicitudOTLog HTTP/1.1" 200 9358
210.108.70.119 - - [27/Sep/2021:13:12:04 -0300] "GET /manager/html HTTP/1.1" 401 2474
210.108.70.119 - - [27/Sep/2021:13:12:04 -0300] "GET /manager/html HTTP/1.1" 401 2474
210.108.70.119 - - [27/Sep/2021:13:12:04 -0300] "GET /manager/html HTTP/1.1" 401 2474
190.171.149.82 - - [27/Sep/2021:13:12:04 -0300] "POST /cormun/servlet/acontrolpreferencessavestate?None,BROJAS,true HTTP/1.1" 200 35
210.108.70.119 - - [27/Sep/2021:13:12:05 -0300] "GET /manager/html HTTP/1.1" 401 2474
210.108.70.119 - - [27/Sep/2021:13:12:05 -0300] "GET /manager/html HTTP/1.1" 401 2474
210.108.70.119 - - [27/Sep/2021:13:12:05 -0300] "GET /manager/html HTTP/1.1" 401 2474
210.108.70.119 - - [27/Sep/2021:13:12:06 -0300] "GET /manager/html HTTP/1.1" 401 2474
210.108.70.119 - - [27/Sep/2021:13:12:06 -0300] "GET /manager/html HTTP/1.1" 401 2474
210.108.70.119 - - [27/Sep/2021:13:12:06 -0300] "GET /manager/html HTTP/1.1" 401 2474
210.108.70.119 - - [27/Sep/2021:13:12:07 -0300] "GET /manager/html HTTP/1.1" 401 2474
210.108.70.119 - - [27/Sep/2021:13:12:07 -0300] "GET /manager/html HTTP/1.1" 401 2474
210.108.70.119 - - [27/Sep/2021:13:12:07 -0300] "GET /manager/html HTTP/1.1" 401 2474
210.108.70.119 - - [27/Sep/2021:13:12:08 -0300] "GET /manager/html HTTP/1.1" 401 2474
210.108.70.119 - - [27/Sep/2021:13:12:08 -0300] "GET /manager/html HTTP/1.1" 401 2474
190.171.149.82 - - [27/Sep/2021:13:12:08 -0300] "GET /cormun/servlet/veautorizarsolicitud?2021,17536,,General HTTP/1.1" 200 8545
190.171.149.82 - - [27/Sep/2021:13:12:08 -0300] "GET /cormun/pexe_scrolldiv.js HTTP/1.1" 404 1009
210.108.70.119 - - [27/Sep/2021:13:12:08 -0300] "GET /manager/html HTTP/1.1" 401 2474
190.171.149.82 - - [27/Sep/2021:13:12:09 -0300] "GET /cormun/servlet/veautorizarsolicitud?2021,17536,,General HTTP/1.1" 200 8545
210.108.70.119 - - [27/Sep/2021:13:12:09 -0300] "GET /manager/html HTTP/1.1" 401 2474
210.108.70.119 - - [27/Sep/2021:13:12:09 -0300] "GET /manager/html HTTP/1.1" 401 2474
210.108.70.119 - - [27/Sep/2021:13:12:09 -0300] "GET /manager/html HTTP/1.1" 401 2474
210.108.70.119 - - [27/Sep/2021:13:12:10 -0300] "GET /manager/html HTTP/1.1" 401 2474
210.108.70.119 - - [27/Sep/2021:13:12:10 -0300] "GET /manager/html HTTP/1.1" 401 2474
210.108.70.119 - - [27/Sep/2021:13:12:11 -0300] "GET /manager/html HTTP/1.1" 401 2474
190.171.149.82 - - [27/Sep/2021:13:12:12 -0300] "GET /cormun/servlet/trautorizarsolicitud? HTTP/1.1" 200 8687
210.108.70.119 - - [27/Sep/2021:13:12:12 -0300] "GET /manager/html HTTP/1.1" 401 2474
192.168.10.78 - - [27/Sep/2021:13:12:12 -0300] "POST /cormun/servlet/hlogin?a16aebdc69a32a07cbdcacfe05237369,gx-no-cache=1632758299160 HTTP/1.1" 200 90
192.168.10.78 - - [27/Sep/2021:13:12:12 -0300] "GET /cormun/servlet/hpexe_link HTTP/1.1" 200 972
190.171.149.82 - - [27/Sep/2021:13:12:12 -0300] "GET /cormun/servlet/trautorizarsolicitud? HTTP/1.1" 200 8682
210.108.70.119 - - [27/Sep/2021:13:12:12 -0300] "GET /manager/html HTTP/1.1" 401 2474
192.168.10.78 - - [27/Sep/2021:13:12:12 -0300] "GET /cormun/servlet/vesolicitudgral?2021,17536,, HTTP/1.1" 200 8295
192.168.10.78 - - [27/Sep/2021:13:12:12 -0300] "GET /cormun/pexe_scrolldiv.js HTTP/1.1" 404 1009
210.108.70.119 - - [27/Sep/2021:13:12:12 -0300] "GET /manager/html HTTP/1.1" 401 2474
192.168.10.78 - - [27/Sep/2021:13:12:13 -0300] "GET /cormun/servlet/vesolicitudgral?2021,17536,, HTTP/1.1" 200 8294
210.108.70.119 - - [27/Sep/2021:13:12:13 -0300] "GET /manager/html HTTP/1.1" 401 2474
210.108.70.119 - - [27/Sep/2021:13:12:13 -0300] "GET /manager/html HTTP/1.1" 401 2474
210.108.70.119 - - [27/Sep/2021:13:12:14 -0300] "GET /manager/html HTTP/1.1" 401 2474
210.108.70.119 - - [27/Sep/2021:13:12:14 -0300] "GET /manager/html HTTP/1.1" 401 2474
210.108.70.119 - - [27/Sep/2021:13:12:14 -0300] "GET /manager/html HTTP/1.1" 401 2474
210.108.70.119 - - [27/Sep/2021:13:12:15 -0300] "GET /manager/html HTTP/1.1" 401 2474
210.108.70.119 - - [27/Sep/2021:13:12:15 -0300] "GET /manager/html HTTP/1.1" 401 2474
210.108.70.119 - - [27/Sep/2021:13:12:15 -0300] "GET /manager/html HTTP/1.1" 401 2474
210.108.70.119 - - [27/Sep/2021:13:12:16 -0300] "GET /manager/html HTTP/1.1" 401 2474
210.108.70.119 - - [27/Sep/2021:13:12:16 -0300] "GET /manager/html HTTP/1.1" 401 2474
210.108.70.119 - - [27/Sep/2021:13:12:17 -0300] "GET /manager/html HTTP/1.1" 401 2474
210.108.70.119 - - [27/Sep/2021:13:12:17 -0300] "GET /manager/html HTTP/1.1" 401 2474
210.108.70.119 - - [27/Sep/2021:13:12:17 -0300] "GET /manager/html HTTP/1.1" 401 2474
210.108.70.119 - - [27/Sep/2021:13:12:18 -0300] "GET /manager/html HTTP/1.1" 401 2474
210.108.70.119 - - [27/Sep/2021:13:12:18 -0300] "GET /manager/html HTTP/1.1" 401 2474
210.108.70.119 - - [27/Sep/2021:13:12:18 -0300] "GET /manager/html HTTP/1.1" 401 2474
210.108.70.119 - - [27/Sep/2021:13:12:19 -0300] "GET /manager/html HTTP/1.1" 401 2474
210.108.70.119 - - [27/Sep/2021:13:12:19 -0300] "GET /manager/html HTTP/1.1" 401 2474
192.168.10.78 - - [27/Sep/2021:13:12:19 -0300] "GET /cormun/servlet/hlogin HTTP/1.1" 200 1758
210.108.70.119 - - [27/Sep/2021:13:12:19 -0300] "GET /manager/html HTTP/1.1" 401 2474
210.108.70.119 - - [27/Sep/2021:13:12:20 -0300] "GET /manager/html HTTP/1.1" 401 2474
210.108.70.119 - - [27/Sep/2021:13:12:20 -0300] "GET /manager/html HTTP/1.1" 401 2474
210.108.70.119 - - [27/Sep/2021:13:12:20 -0300] "GET /manager/html HTTP/1.1" 401 2474
210.108.70.119 - - [27/Sep/2021:13:12:21 -0300] "GET /manager/html HTTP/1.1" 401 2474
210.108.70.119 - - [27/Sep/2021:13:12:21 -0300] "GET /manager/html HTTP/1.1" 401 2474
210.108.70.119 - - [27/Sep/2021:13:12:21 -0300] "GET /manager/html HTTP/1.1" 401 2474
190.171.149.82 - - [27/Sep/2021:13:12:21 -0300] "POST /cormun/servlet/trautorizarsolicitud?110e6cf2a541ace339be23fe357793c0,,gx-no-cache=1632758449378 HTTP/1.1" 200 4802
190.171.149.82 - - [27/Sep/2021:13:12:22 -0300] "GET /cormun/static/Shared/jqueryui/images/ui-bg_highlight-soft_100_c6c2c8_1x100.png HTTP/1.1" 404 1117
