210.108.70.119 - - [27/Sep/2021:12:52:43 -0300] "GET /manager/html HTTP/1.1" 401 2474
210.108.70.119 - - [27/Sep/2021:12:52:44 -0300] "GET /manager/html HTTP/1.1" 401 2474
210.108.70.119 - - [27/Sep/2021:12:52:44 -0300] "GET /manager/html HTTP/1.1" 401 2474
210.108.70.119 - - [27/Sep/2021:12:52:44 -0300] "GET /manager/html HTTP/1.1" 401 2474
210.108.70.119 - - [27/Sep/2021:12:52:45 -0300] "GET /manager/html HTTP/1.1" 401 2474
210.108.70.119 - - [27/Sep/2021:12:52:45 -0300] "GET /manager/html HTTP/1.1" 401 2474
210.108.70.119 - - [27/Sep/2021:12:52:46 -0300] "GET /manager/html HTTP/1.1" 401 2474
210.108.70.119 - - [27/Sep/2021:12:52:46 -0300] "GET /manager/html HTTP/1.1" 401 2474
210.108.70.119 - - [27/Sep/2021:12:52:46 -0300] "GET /manager/html HTTP/1.1" 401 2474
210.108.70.119 - - [27/Sep/2021:12:52:47 -0300] "GET /manager/html HTTP/1.1" 401 2474
210.108.70.119 - - [27/Sep/2021:12:52:47 -0300] "GET /manager/html HTTP/1.1" 401 2474
210.108.70.119 - - [27/Sep/2021:12:52:47 -0300] "GET /manager/html HTTP/1.1" 401 2474
210.108.70.119 - - [27/Sep/2021:12:52:48 -0300] "GET /manager/html HTTP/1.1" 401 2474
210.108.70.119 - - [27/Sep/2021:12:52:48 -0300] "GET /manager/html HTTP/1.1" 401 2474
210.108.70.119 - - [27/Sep/2021:12:52:48 -0300] "GET /manager/html HTTP/1.1" 401 2474
210.108.70.119 - - [27/Sep/2021:12:52:49 -0300] "GET /manager/html HTTP/1.1" 401 2474
210.108.70.119 - - [27/Sep/2021:12:52:49 -0300] "GET /manager/html HTTP/1.1" 401 2474
210.108.70.119 - - [27/Sep/2021:12:52:49 -0300] "GET /manager/html HTTP/1.1" 401 2474
210.108.70.119 - - [27/Sep/2021:12:52:50 -0300] "GET /manager/html HTTP/1.1" 401 2474
210.108.70.119 - - [27/Sep/2021:12:52:50 -0300] "GET /manager/html HTTP/1.1" 401 2474
210.108.70.119 - - [27/Sep/2021:12:52:50 -0300] "GET /manager/html HTTP/1.1" 401 2474
210.108.70.119 - - [27/Sep/2021:12:52:51 -0300] "GET /manager/html HTTP/1.1" 401 2474
210.108.70.119 - - [27/Sep/2021:12:52:51 -0300] "GET /manager/html HTTP/1.1" 401 2474
210.108.70.119 - - [27/Sep/2021:12:52:52 -0300] "GET /manager/html HTTP/1.1" 401 2474
210.108.70.119 - - [27/Sep/2021:12:52:52 -0300] "GET /manager/html HTTP/1.1" 401 2474
210.108.70.119 - - [27/Sep/2021:12:52:52 -0300] "GET /manager/html HTTP/1.1" 401 2474
210.108.70.119 - - [27/Sep/2021:12:52:53 -0300] "GET /manager/html HTTP/1.1" 401 2474
210.108.70.119 - - [27/Sep/2021:12:52:53 -0300] "GET /manager/html HTTP/1.1" 401 2474
210.108.70.119 - - [27/Sep/2021:12:52:54 -0300] "GET /manager/html HTTP/1.1" 401 2474
190.171.149.82 - - [27/Sep/2021:12:52:54 -0300] "GET /cormun/servlet/trpermisosadjuntos?10568448,20210927122946,P, HTTP/1.1" 200 6907
210.108.70.119 - - [27/Sep/2021:12:52:54 -0300] "GET /manager/html HTTP/1.1" 401 2474
190.171.149.82 - - [27/Sep/2021:12:52:54 -0300] "GET /cormun/servlet/trpermisosadjuntos?10568448,20210927122946,P, HTTP/1.1" 200 6907
210.108.70.119 - - [27/Sep/2021:12:52:54 -0300] "GET /manager/html HTTP/1.1" 401 2474
210.108.70.119 - - [27/Sep/2021:12:52:55 -0300] "GET /manager/html HTTP/1.1" 401 2474
210.108.70.119 - - [27/Sep/2021:12:52:55 -0300] "GET /manager/html HTTP/1.1" 401 2474
210.108.70.119 - - [27/Sep/2021:12:52:55 -0300] "GET /manager/html HTTP/1.1" 401 2474
210.108.70.119 - - [27/Sep/2021:12:52:56 -0300] "GET /manager/html HTTP/1.1" 401 2474
190.171.149.82 - - [27/Sep/2021:12:52:56 -0300] "GET /cormun/servlet/permisosadjuntos?INS,10568448,P,20210927122946,, HTTP/1.1" 200 5772
210.108.70.119 - - [27/Sep/2021:12:52:56 -0300] "GET /manager/html HTTP/1.1" 401 2474
190.171.149.82 - - [27/Sep/2021:12:52:56 -0300] "GET /cormun/static/about:blank HTTP/1.1" 404 1011
190.171.149.82 - - [27/Sep/2021:12:52:56 -0300] "GET /cormun/servlet/permisosadjuntos?INS,10568448,P,20210927122946,, HTTP/1.1" 200 5762
210.108.70.119 - - [27/Sep/2021:12:52:56 -0300] "GET /manager/html HTTP/1.1" 401 2474
210.108.70.119 - - [27/Sep/2021:12:52:57 -0300] "GET /manager/html HTTP/1.1" 401 2474
210.108.70.119 - - [27/Sep/2021:12:52:57 -0300] "GET /manager/html HTTP/1.1" 401 2474
210.108.70.119 - - [27/Sep/2021:12:52:57 -0300] "GET /manager/html HTTP/1.1" 401 2474
210.108.70.119 - - [27/Sep/2021:12:52:58 -0300] "GET /manager/html HTTP/1.1" 401 2474
210.108.70.119 - - [27/Sep/2021:12:52:58 -0300] "GET /manager/html HTTP/1.1" 401 2474
210.108.70.119 - - [27/Sep/2021:12:52:59 -0300] "GET /manager/html HTTP/1.1" 401 2474
210.108.70.119 - - [27/Sep/2021:12:52:59 -0300] "GET /manager/html HTTP/1.1" 401 2474
210.108.70.119 - - [27/Sep/2021:12:53:00 -0300] "GET /manager/html HTTP/1.1" 401 2474
210.108.70.119 - - [27/Sep/2021:12:53:00 -0300] "GET /manager/html HTTP/1.1" 401 2474
210.108.70.119 - - [27/Sep/2021:12:53:00 -0300] "GET /manager/html HTTP/1.1" 401 2474
210.108.70.119 - - [27/Sep/2021:12:53:01 -0300] "GET /manager/html HTTP/1.1" 401 2474
210.108.70.119 - - [27/Sep/2021:12:53:01 -0300] "GET /manager/html HTTP/1.1" 401 2474
210.108.70.119 - - [27/Sep/2021:12:53:01 -0300] "GET /manager/html HTTP/1.1" 401 2474
210.108.70.119 - - [27/Sep/2021:12:53:02 -0300] "GET /manager/html HTTP/1.1" 401 2474
210.108.70.119 - - [27/Sep/2021:12:53:02 -0300] "GET /manager/html HTTP/1.1" 401 2474
190.171.149.82 - - [27/Sep/2021:12:53:02 -0300] "POST /cormun/servlet/permisosadjuntos?110e6cf2a541ace339be23fe357793c0,INS,10568448,P,20210927122946,, HTTP/1.1" 200 116
190.171.149.82 - - [27/Sep/2021:12:53:02 -0300] "GET /cormun/servlet/hpexe_return? HTTP/1.1" 200 1034
210.108.70.119 - - [27/Sep/2021:12:53:03 -0300] "GET /manager/html HTTP/1.1" 401 2474
190.171.149.82 - - [27/Sep/2021:12:53:03 -0300] "GET /cormun/servlet/trpermisosadjuntos?10568448,20210927122946,P, HTTP/1.1" 200 7053
190.171.149.82 - - [27/Sep/2021:12:53:03 -0300] "GET /cormun/servlet/trpermisosadjuntos?10568448,20210927122946,P, HTTP/1.1" 200 7048
210.108.70.119 - - [27/Sep/2021:12:53:03 -0300] "GET /manager/html HTTP/1.1" 401 2474
210.108.70.119 - - [27/Sep/2021:12:53:03 -0300] "GET /manager/html HTTP/1.1" 401 2474
210.108.70.119 - - [27/Sep/2021:12:53:04 -0300] "GET /manager/html HTTP/1.1" 401 2474
210.108.70.119 - - [27/Sep/2021:12:53:04 -0300] "GET /manager/html HTTP/1.1" 401 2474
210.108.70.119 - - [27/Sep/2021:12:53:04 -0300] "GET /manager/html HTTP/1.1" 401 2474
210.108.70.119 - - [27/Sep/2021:12:53:05 -0300] "GET /manager/html HTTP/1.1" 401 2474
210.108.70.119 - - [27/Sep/2021:12:53:05 -0300] "GET /manager/html HTTP/1.1" 401 2474
210.108.70.119 - - [27/Sep/2021:12:53:05 -0300] "GET /manager/html HTTP/1.1" 401 2474
210.108.70.119 - - [27/Sep/2021:12:53:06 -0300] "GET /manager/html HTTP/1.1" 401 2474
210.108.70.119 - - [27/Sep/2021:12:53:06 -0300] "GET /manager/html HTTP/1.1" 401 2474
210.108.70.119 - - [27/Sep/2021:12:53:06 -0300] "GET /manager/html HTTP/1.1" 401 2474
210.108.70.119 - - [27/Sep/2021:12:53:07 -0300] "GET /manager/html HTTP/1.1" 401 2474
190.171.149.82 - - [27/Sep/2021:12:53:07 -0300] "GET /cormun/servlet/trautorizarpermisogoce? HTTP/1.1" 200 7795
210.108.70.119 - - [27/Sep/2021:12:53:07 -0300] "GET /manager/html HTTP/1.1" 401 2474
190.171.149.82 - - [27/Sep/2021:12:53:07 -0300] "GET /cormun/servlet/trautorizarpermisogoce? HTTP/1.1" 200 7795
210.108.70.119 - - [27/Sep/2021:12:53:07 -0300] "GET /manager/html HTTP/1.1" 401 2474
210.108.70.119 - - [27/Sep/2021:12:53:08 -0300] "GET /manager/html HTTP/1.1" 401 2474
210.108.70.119 - - [27/Sep/2021:12:53:08 -0300] "GET /manager/html HTTP/1.1" 401 2474
210.108.70.119 - - [27/Sep/2021:12:53:08 -0300] "GET /manager/html HTTP/1.1" 401 2474
210.108.70.119 - - [27/Sep/2021:12:53:09 -0300] "GET /manager/html HTTP/1.1" 401 2474
210.108.70.119 - - [27/Sep/2021:12:53:09 -0300] "GET /manager/html HTTP/1.1" 401 2474
210.108.70.119 - - [27/Sep/2021:12:53:09 -0300] "GET /manager/html HTTP/1.1" 401 2474
190.171.149.82 - - [27/Sep/2021:12:53:10 -0300] "POST /cormun/servlet/trautorizarpermisogoce?110e6cf2a541ace339be23fe357793c0,,gx-no-cache=1632757297579 HTTP/1.1" 200 5266
190.171.149.82 - - [27/Sep/2021:12:53:10 -0300] "GET /cormun/static/Shared/jqueryui/images/ui-bg_highlight-soft_100_c6c2c8_1x100.png HTTP/1.1" 404 1117
190.171.149.82 - - [27/Sep/2021:12:53:10 -0300] "GET /cormun/static/Shared/jqueryui/images/ui-icons_82798d_256x240.png HTTP/1.1" 404 1089
190.171.149.82 - - [27/Sep/2021:12:53:10 -0300] "GET /cormun/static/Shared/jqueryui/images/ui-icons_8d78a5_256x240.png HTTP/1.1" 404 1089
190.171.149.82 - - [27/Sep/2021:12:53:10 -0300] "GET /cormun/static/Shared/jqueryui/images/ui-bg_flat_55_fafafa_40x100.png HTTP/1.1" 404 1097
210.108.70.119 - - [27/Sep/2021:12:53:10 -0300] "GET /manager/html HTTP/1.1" 401 2474
210.108.70.119 - - [27/Sep/2021:12:53:10 -0300] "GET /manager/html HTTP/1.1" 401 2474
210.108.70.119 - - [27/Sep/2021:12:53:10 -0300] "GET /manager/html HTTP/1.1" 401 2474
210.108.70.119 - - [27/Sep/2021:12:53:11 -0300] "GET /manager/html HTTP/1.1" 401 2474
210.108.70.119 - - [27/Sep/2021:12:53:11 -0300] "GET /manager/html HTTP/1.1" 401 2474
210.108.70.119 - - [27/Sep/2021:12:53:12 -0300] "GET /manager/html HTTP/1.1" 401 2474
210.108.70.119 - - [27/Sep/2021:12:53:12 -0300] "GET /manager/html HTTP/1.1" 401 2474
210.108.70.119 - - [27/Sep/2021:12:53:12 -0300] "GET /manager/html HTTP/1.1" 401 2474
210.108.70.119 - - [27/Sep/2021:12:53:13 -0300] "GET /manager/html HTTP/1.1" 401 2474
210.108.70.119 - - [27/Sep/2021:12:53:13 -0300] "GET /manager/html HTTP/1.1" 401 2474
210.108.70.119 - - [27/Sep/2021:12:53:13 -0300] "GET /manager/html HTTP/1.1" 401 2474
190.171.149.82 - - [27/Sep/2021:12:53:13 -0300] "GET /cormun/static/Shared/jqueryui/images/ui-bg_highlight-soft_100_eae6ea_1x100.png HTTP/1.1" 404 1117
210.108.70.119 - - [27/Sep/2021:12:53:14 -0300] "GET /manager/html HTTP/1.1" 401 2474
210.108.70.119 - - [27/Sep/2021:12:53:14 -0300] "GET /manager/html HTTP/1.1" 401 2474
210.108.70.119 - - [27/Sep/2021:12:53:14 -0300] "GET /manager/html HTTP/1.1" 401 2474
210.108.70.119 - - [27/Sep/2021:12:53:15 -0300] "GET /manager/html HTTP/1.1" 401 2474
210.108.70.119 - - [27/Sep/2021:12:53:16 -0300] "GET /manager/html HTTP/1.1" 401 2474
210.108.70.119 - - [27/Sep/2021:12:53:16 -0300] "GET /manager/html HTTP/1.1" 401 2474
210.108.70.119 - - [27/Sep/2021:12:53:16 -0300] "GET /manager/html HTTP/1.1" 401 2474
190.171.141.90 - - [27/Sep/2021:12:53:16 -0300] "POST /cormun/servlet/hlogin?c7a7b4fce5b93d22bbc122f0f7ebaa2a,gx-no-cache=1632757301165 HTTP/1.1" 200 90
190.171.141.90 - - [27/Sep/2021:12:53:16 -0300] "GET /cormun/servlet/hpexe_link HTTP/1.1" 200 953
210.108.70.119 - - [27/Sep/2021:12:53:17 -0300] "GET /manager/html HTTP/1.1" 401 2474
190.171.141.90 - - [27/Sep/2021:12:53:17 -0300] "GET /cormun/servlet/trlicencias HTTP/1.1" 200 14376
210.108.70.119 - - [27/Sep/2021:12:53:17 -0300] "GET /manager/html HTTP/1.1" 401 2474
210.108.70.119 - - [27/Sep/2021:12:53:17 -0300] "GET /manager/html HTTP/1.1" 401 2474
210.108.70.119 - - [27/Sep/2021:12:53:18 -0300] "GET /manager/html HTTP/1.1" 401 2474
190.171.141.90 - - [27/Sep/2021:12:53:18 -0300] "GET /cormun/servlet/trlicencias HTTP/1.1" 200 14389
210.108.70.119 - - [27/Sep/2021:12:53:18 -0300] "GET /manager/html HTTP/1.1" 401 2474
210.108.70.119 - - [27/Sep/2021:12:53:18 -0300] "GET /manager/html HTTP/1.1" 401 2474
210.108.70.119 - - [27/Sep/2021:12:53:19 -0300] "GET /manager/html HTTP/1.1" 401 2474
210.108.70.119 - - [27/Sep/2021:12:53:19 -0300] "GET /manager/html HTTP/1.1" 401 2474
210.108.70.119 - - [27/Sep/2021:12:53:19 -0300] "GET /manager/html HTTP/1.1" 401 2474
210.108.70.119 - - [27/Sep/2021:12:53:20 -0300] "GET /manager/html HTTP/1.1" 401 2474
210.108.70.119 - - [27/Sep/2021:12:53:20 -0300] "GET /manager/html HTTP/1.1" 401 2474
210.108.70.119 - - [27/Sep/2021:12:53:20 -0300] "GET /manager/html HTTP/1.1" 401 2474
210.108.70.119 - - [27/Sep/2021:12:53:21 -0300] "GET /manager/html HTTP/1.1" 401 2474
210.108.70.119 - - [27/Sep/2021:12:53:21 -0300] "GET /manager/html HTTP/1.1" 401 2474
190.171.141.90 - - [27/Sep/2021:12:53:21 -0300] "GET /cormun/servlet/trsolicitudot? HTTP/1.1" 200 7194
210.108.70.119 - - [27/Sep/2021:12:53:22 -0300] "GET /manager/html HTTP/1.1" 401 2474
210.108.70.119 - - [27/Sep/2021:12:53:22 -0300] "GET /manager/html HTTP/1.1" 401 2474
190.171.141.90 - - [27/Sep/2021:12:53:22 -0300] "GET /cormun/servlet/trsolicitudot? HTTP/1.1" 200 7193
210.108.70.119 - - [27/Sep/2021:12:53:22 -0300] "GET /manager/html HTTP/1.1" 401 2474
210.108.70.119 - - [27/Sep/2021:12:53:23 -0300] "GET /manager/html HTTP/1.1" 401 2474
210.108.70.119 - - [27/Sep/2021:12:53:23 -0300] "GET /manager/html HTTP/1.1" 401 2474
210.108.70.119 - - [27/Sep/2021:12:53:24 -0300] "GET /manager/html HTTP/1.1" 401 2474
210.108.70.119 - - [27/Sep/2021:12:53:24 -0300] "GET /manager/html HTTP/1.1" 401 2474
210.108.70.119 - - [27/Sep/2021:12:53:24 -0300] "GET /manager/html HTTP/1.1" 401 2474
210.108.70.119 - - [27/Sep/2021:12:53:25 -0300] "GET /manager/html HTTP/1.1" 401 2474
190.171.149.82 - - [27/Sep/2021:12:53:25 -0300] "GET /cormun/servlet/trlicenciaspermisoslog?10568448,P,20210927122946, HTTP/1.1" 200 6364
210.108.70.119 - - [27/Sep/2021:12:53:25 -0300] "GET /manager/html HTTP/1.1" 401 2474
190.171.149.82 - - [27/Sep/2021:12:53:25 -0300] "GET /cormun/servlet/trlicenciaspermisoslog?10568448,P,20210927122946, HTTP/1.1" 200 6364
210.108.70.119 - - [27/Sep/2021:12:53:25 -0300] "GET /manager/html HTTP/1.1" 401 2474
210.108.70.119 - - [27/Sep/2021:12:53:26 -0300] "GET /manager/html HTTP/1.1" 401 2474
210.108.70.119 - - [27/Sep/2021:12:53:26 -0300] "GET /manager/html HTTP/1.1" 401 2474
210.108.70.119 - - [27/Sep/2021:12:53:26 -0300] "GET /manager/html HTTP/1.1" 401 2474
210.108.70.119 - - [27/Sep/2021:12:53:27 -0300] "GET /manager/html HTTP/1.1" 401 2474
210.108.70.119 - - [27/Sep/2021:12:53:27 -0300] "GET /manager/html HTTP/1.1" 401 2474
190.171.149.82 - - [27/Sep/2021:12:53:27 -0300] "GET /cormun/servlet/trautorizarpermisogoce? HTTP/1.1" 200 7795
210.108.70.119 - - [27/Sep/2021:12:53:27 -0300] "GET /manager/html HTTP/1.1" 401 2474
210.108.70.119 - - [27/Sep/2021:12:53:28 -0300] "GET /manager/html HTTP/1.1" 401 2474
190.171.149.82 - - [27/Sep/2021:12:53:28 -0300] "GET /cormun/servlet/trautorizarpermisogoce? HTTP/1.1" 200 7795
210.108.70.119 - - [27/Sep/2021:12:53:28 -0300] "GET /manager/html HTTP/1.1" 401 2474
210.108.70.119 - - [27/Sep/2021:12:53:28 -0300] "GET /manager/html HTTP/1.1" 401 2474
210.108.70.119 - - [27/Sep/2021:12:53:29 -0300] "GET /manager/html HTTP/1.1" 401 2474
210.108.70.119 - - [27/Sep/2021:12:53:29 -0300] "GET /manager/html HTTP/1.1" 401 2474
210.108.70.119 - - [27/Sep/2021:12:53:29 -0300] "GET /manager/html HTTP/1.1" 401 2474
210.108.70.119 - - [27/Sep/2021:12:53:30 -0300] "GET /manager/html HTTP/1.1" 401 2474
210.108.70.119 - - [27/Sep/2021:12:53:30 -0300] "GET /manager/html HTTP/1.1" 401 2474
210.108.70.119 - - [27/Sep/2021:12:53:30 -0300] "GET /manager/html HTTP/1.1" 401 2474
210.108.70.119 - - [27/Sep/2021:12:53:31 -0300] "GET /manager/html HTTP/1.1" 401 2474
210.108.70.119 - - [27/Sep/2021:12:53:31 -0300] "GET /manager/html HTTP/1.1" 401 2474
210.108.70.119 - - [27/Sep/2021:12:53:32 -0300] "GET /manager/html HTTP/1.1" 401 2474
210.108.70.119 - - [27/Sep/2021:12:53:32 -0300] "GET /manager/html HTTP/1.1" 401 2474
210.108.70.119 - - [27/Sep/2021:12:53:32 -0300] "GET /manager/html HTTP/1.1" 401 2474
210.108.70.119 - - [27/Sep/2021:12:53:33 -0300] "GET /manager/html HTTP/1.1" 401 2474
210.108.70.119 - - [27/Sep/2021:12:53:33 -0300] "GET /manager/html HTTP/1.1" 401 2474
210.108.70.119 - - [27/Sep/2021:12:53:33 -0300] "GET /manager/html HTTP/1.1" 401 2474
210.108.70.119 - - [27/Sep/2021:12:53:34 -0300] "GET /manager/html HTTP/1.1" 401 2474
210.108.70.119 - - [27/Sep/2021:12:53:34 -0300] "GET /manager/html HTTP/1.1" 401 2474
210.108.70.119 - - [27/Sep/2021:12:53:34 -0300] "GET /manager/html HTTP/1.1" 401 2474
210.108.70.119 - - [27/Sep/2021:12:53:35 -0300] "GET /manager/html HTTP/1.1" 401 2474
210.108.70.119 - - [27/Sep/2021:12:53:35 -0300] "GET /manager/html HTTP/1.1" 401 2474
210.108.70.119 - - [27/Sep/2021:12:53:36 -0300] "GET /manager/html HTTP/1.1" 401 2474
210.108.70.119 - - [27/Sep/2021:12:53:36 -0300] "GET /manager/html HTTP/1.1" 401 2474
210.108.70.119 - - [27/Sep/2021:12:53:36 -0300] "GET /manager/html HTTP/1.1" 401 2474
210.108.70.119 - - [27/Sep/2021:12:53:37 -0300] "GET /manager/html HTTP/1.1" 401 2474
210.108.70.119 - - [27/Sep/2021:12:53:37 -0300] "GET /manager/html HTTP/1.1" 401 2474
210.108.70.119 - - [27/Sep/2021:12:53:37 -0300] "GET /manager/html HTTP/1.1" 401 2474
210.108.70.119 - - [27/Sep/2021:12:53:38 -0300] "GET /manager/html HTTP/1.1" 401 2474
210.108.70.119 - - [27/Sep/2021:12:53:38 -0300] "GET /manager/html HTTP/1.1" 401 2474
210.108.70.119 - - [27/Sep/2021:12:53:38 -0300] "GET /manager/html HTTP/1.1" 401 2474
210.108.70.119 - - [27/Sep/2021:12:53:39 -0300] "GET /manager/html HTTP/1.1" 401 2474
210.108.70.119 - - [27/Sep/2021:12:53:39 -0300] "GET /manager/html HTTP/1.1" 401 2474
210.108.70.119 - - [27/Sep/2021:12:53:40 -0300] "GET /manager/html HTTP/1.1" 401 2474
210.108.70.119 - - [27/Sep/2021:12:53:40 -0300] "GET /manager/html HTTP/1.1" 401 2474
210.108.70.119 - - [27/Sep/2021:12:53:40 -0300] "GET /manager/html HTTP/1.1" 401 2474
210.108.70.119 - - [27/Sep/2021:12:53:41 -0300] "GET /manager/html HTTP/1.1" 401 2474
210.108.70.119 - - [27/Sep/2021:12:53:41 -0300] "GET /manager/html HTTP/1.1" 401 2474
210.108.70.119 - - [27/Sep/2021:12:53:41 -0300] "GET /manager/html HTTP/1.1" 401 2474
210.108.70.119 - - [27/Sep/2021:12:53:42 -0300] "GET /manager/html HTTP/1.1" 401 2474
210.108.70.119 - - [27/Sep/2021:12:53:42 -0300] "GET /manager/html HTTP/1.1" 401 2474
190.171.141.90 - - [27/Sep/2021:12:53:42 -0300] "GET /cormun/servlet/solicitudot?INS,0,0,false, HTTP/1.1" 200 15545
210.108.70.119 - - [27/Sep/2021:12:53:42 -0300] "GET /manager/html HTTP/1.1" 401 2474
210.108.70.119 - - [27/Sep/2021:12:53:43 -0300] "GET /manager/html HTTP/1.1" 401 2474
190.171.141.90 - - [27/Sep/2021:12:53:43 -0300] "GET /cormun/servlet/solicitudot?INS,0,0,false, HTTP/1.1" 200 15553
210.108.70.119 - - [27/Sep/2021:12:53:43 -0300] "GET /manager/html HTTP/1.1" 401 2474
210.108.70.119 - - [27/Sep/2021:12:53:43 -0300] "GET /manager/html HTTP/1.1" 401 2474
210.108.70.119 - - [27/Sep/2021:12:53:44 -0300] "GET /manager/html HTTP/1.1" 401 2474
210.108.70.119 - - [27/Sep/2021:12:53:44 -0300] "GET /manager/html HTTP/1.1" 401 2474
210.108.70.119 - - [27/Sep/2021:12:53:44 -0300] "GET /manager/html HTTP/1.1" 401 2474
210.108.70.119 - - [27/Sep/2021:12:53:45 -0300] "GET /manager/html HTTP/1.1" 401 2474
210.108.70.119 - - [27/Sep/2021:12:53:45 -0300] "GET /manager/html HTTP/1.1" 401 2474
210.108.70.119 - - [27/Sep/2021:12:53:45 -0300] "GET /manager/html HTTP/1.1" 401 2474
210.108.70.119 - - [27/Sep/2021:12:53:46 -0300] "GET /manager/html HTTP/1.1" 401 2474
210.108.70.119 - - [27/Sep/2021:12:53:46 -0300] "GET /manager/html HTTP/1.1" 401 2474
210.108.70.119 - - [27/Sep/2021:12:53:46 -0300] "GET /manager/html HTTP/1.1" 401 2474
210.108.70.119 - - [27/Sep/2021:12:53:47 -0300] "GET /manager/html HTTP/1.1" 401 2474
210.108.70.119 - - [27/Sep/2021:12:53:48 -0300] "GET /manager/html HTTP/1.1" 401 2474
210.108.70.119 - - [27/Sep/2021:12:53:48 -0300] "GET /manager/html HTTP/1.1" 401 2474
210.108.70.119 - - [27/Sep/2021:12:53:49 -0300] "GET /manager/html HTTP/1.1" 401 2474
210.108.70.119 - - [27/Sep/2021:12:53:49 -0300] "GET /manager/html HTTP/1.1" 401 2474
210.108.70.119 - - [27/Sep/2021:12:53:49 -0300] "GET /manager/html HTTP/1.1" 401 2474
210.108.70.119 - - [27/Sep/2021:12:53:50 -0300] "GET /manager/html HTTP/1.1" 401 2474
210.108.70.119 - - [27/Sep/2021:12:53:50 -0300] "GET /manager/html HTTP/1.1" 401 2474
190.171.149.82 - - [27/Sep/2021:12:53:50 -0300] "GET /cormun/servlet/trpermisosgoce? HTTP/1.1" 200 7939
210.108.70.119 - - [27/Sep/2021:12:53:51 -0300] "GET /manager/html HTTP/1.1" 401 2474
190.171.149.82 - - [27/Sep/2021:12:53:51 -0300] "GET /cormun/servlet/trpermisosgoce? HTTP/1.1" 200 7939
210.108.70.119 - - [27/Sep/2021:12:53:51 -0300] "GET /manager/html HTTP/1.1" 401 2474
210.108.70.119 - - [27/Sep/2021:12:53:51 -0300] "GET /manager/html HTTP/1.1" 401 2474
210.108.70.119 - - [27/Sep/2021:12:53:52 -0300] "GET /manager/html HTTP/1.1" 401 2474
210.108.70.119 - - [27/Sep/2021:12:53:52 -0300] "GET /manager/html HTTP/1.1" 401 2474
210.108.70.119 - - [27/Sep/2021:12:53:53 -0300] "GET /manager/html HTTP/1.1" 401 2474
210.108.70.119 - - [27/Sep/2021:12:53:53 -0300] "GET /manager/html HTTP/1.1" 401 2474
210.108.70.119 - - [27/Sep/2021:12:53:53 -0300] "GET /manager/html HTTP/1.1" 401 2474
210.108.70.119 - - [27/Sep/2021:12:53:54 -0300] "GET /manager/html HTTP/1.1" 401 2474
210.108.70.119 - - [27/Sep/2021:12:53:54 -0300] "GET /manager/html HTTP/1.1" 401 2474
210.108.70.119 - - [27/Sep/2021:12:53:55 -0300] "GET /manager/html HTTP/1.1" 401 2474
210.108.70.119 - - [27/Sep/2021:12:53:55 -0300] "GET /manager/html HTTP/1.1" 401 2474
210.108.70.119 - - [27/Sep/2021:12:53:55 -0300] "GET /manager/html HTTP/1.1" 401 2474
210.108.70.119 - - [27/Sep/2021:12:53:56 -0300] "GET /manager/html HTTP/1.1" 401 2474
210.108.70.119 - - [27/Sep/2021:12:53:56 -0300] "GET /manager/html HTTP/1.1" 401 2474
210.108.70.119 - - [27/Sep/2021:12:53:56 -0300] "GET /manager/html HTTP/1.1" 401 2474
210.108.70.119 - - [27/Sep/2021:12:53:57 -0300] "GET /manager/html HTTP/1.1" 401 2474
210.108.70.119 - - [27/Sep/2021:12:53:57 -0300] "GET /manager/html HTTP/1.1" 401 2474
190.171.141.90 - - [27/Sep/2021:12:53:57 -0300] "POST /cormun/servlet/solicitudot?gx-no-cache=1632757342121 HTTP/1.1" 200 3721
210.108.70.119 - - [27/Sep/2021:12:53:57 -0300] "GET /manager/html HTTP/1.1" 401 2474
190.171.149.82 - - [27/Sep/2021:12:53:57 -0300] "POST /cormun/servlet/trpermisosgoce?110e6cf2a541ace339be23fe357793c0,,gx-no-cache=1632757345234 HTTP/1.1" 200 4561
190.171.141.90 - - [27/Sep/2021:12:53:57 -0300] "POST /cormun/servlet/solicitudot?c7a7b4fce5b93d22bbc122f0f7ebaa2a,INS,0,0,false,,gx-no-cache=1632757342310 HTTP/1.1" 200 12225
210.108.70.119 - - [27/Sep/2021:12:53:58 -0300] "GET /manager/html HTTP/1.1" 401 2474
210.108.70.119 - - [27/Sep/2021:12:53:58 -0300] "GET /manager/html HTTP/1.1" 401 2474
190.171.149.82 - - [27/Sep/2021:12:53:58 -0300] "POST /cormun/servlet/trpermisosgoce?110e6cf2a541ace339be23fe357793c0,,gx-no-cache=1632757345907 HTTP/1.1" 200 4450
210.108.70.119 - - [27/Sep/2021:12:53:58 -0300] "GET /manager/html HTTP/1.1" 401 2474
210.108.70.119 - - [27/Sep/2021:12:53:59 -0300] "GET /manager/html HTTP/1.1" 401 2474
210.108.70.119 - - [27/Sep/2021:12:53:59 -0300] "GET /manager/html HTTP/1.1" 401 2474
210.108.70.119 - - [27/Sep/2021:12:53:59 -0300] "GET /manager/html HTTP/1.1" 401 2474
210.108.70.119 - - [27/Sep/2021:12:54:00 -0300] "GET /manager/html HTTP/1.1" 401 2474
190.171.141.90 - - [27/Sep/2021:12:54:00 -0300] "GET /cormun/servlet/solicitudot?1aad8eb3c18e7397fa42bccc4ed9cbe4184f75f442d8965c16747413cfbe15afde568b356524d7d64e7c30648c6d9e7b,gx-no-cache=1632757344814 HTTP/1.1" 200 30
210.108.70.119 - - [27/Sep/2021:12:54:00 -0300] "GET /manager/html HTTP/1.1" 401 2474
210.108.70.119 - - [27/Sep/2021:12:54:00 -0300] "GET /manager/html HTTP/1.1" 401 2474
210.108.70.119 - - [27/Sep/2021:12:54:01 -0300] "GET /manager/html HTTP/1.1" 401 2474
210.108.70.119 - - [27/Sep/2021:12:54:01 -0300] "GET /manager/html HTTP/1.1" 401 2474
210.108.70.119 - - [27/Sep/2021:12:54:01 -0300] "GET /manager/html HTTP/1.1" 401 2474
210.108.70.119 - - [27/Sep/2021:12:54:02 -0300] "GET /manager/html HTTP/1.1" 401 2474
210.108.70.119 - - [27/Sep/2021:12:54:02 -0300] "GET /manager/html HTTP/1.1" 401 2474
210.108.70.119 - - [27/Sep/2021:12:54:02 -0300] "GET /manager/html HTTP/1.1" 401 2474
210.108.70.119 - - [27/Sep/2021:12:54:03 -0300] "GET /manager/html HTTP/1.1" 401 2474
210.108.70.119 - - [27/Sep/2021:12:54:03 -0300] "GET /manager/html HTTP/1.1" 401 2474
210.108.70.119 - - [27/Sep/2021:12:54:04 -0300] "GET /manager/html HTTP/1.1" 401 2474
210.108.70.119 - - [27/Sep/2021:12:54:04 -0300] "GET /manager/html HTTP/1.1" 401 2474
210.108.70.119 - - [27/Sep/2021:12:54:04 -0300] "GET /manager/html HTTP/1.1" 401 2474
190.171.149.82 - - [27/Sep/2021:12:54:04 -0300] "GET /cormun/servlet/trsolicitudot? HTTP/1.1" 200 8759
210.108.70.119 - - [27/Sep/2021:12:54:05 -0300] "GET /manager/html HTTP/1.1" 401 2474
190.171.149.82 - - [27/Sep/2021:12:54:05 -0300] "GET /cormun/servlet/trsolicitudot? HTTP/1.1" 200 8759
210.108.70.119 - - [27/Sep/2021:12:54:05 -0300] "GET /manager/html HTTP/1.1" 401 2474
210.108.70.119 - - [27/Sep/2021:12:54:05 -0300] "GET /manager/html HTTP/1.1" 401 2474
210.108.70.119 - - [27/Sep/2021:12:54:06 -0300] "GET /manager/html HTTP/1.1" 401 2474
210.108.70.119 - - [27/Sep/2021:12:54:06 -0300] "GET /manager/html HTTP/1.1" 401 2474
210.108.70.119 - - [27/Sep/2021:12:54:06 -0300] "GET /manager/html HTTP/1.1" 401 2474
210.108.70.119 - - [27/Sep/2021:12:54:07 -0300] "GET /manager/html HTTP/1.1" 401 2474
210.108.70.119 - - [27/Sep/2021:12:54:07 -0300] "GET /manager/html HTTP/1.1" 401 2474
210.108.70.119 - - [27/Sep/2021:12:54:07 -0300] "GET /manager/html HTTP/1.1" 401 2474
210.108.70.119 - - [27/Sep/2021:12:54:08 -0300] "GET /manager/html HTTP/1.1" 401 2474
210.108.70.119 - - [27/Sep/2021:12:54:08 -0300] "GET /manager/html HTTP/1.1" 401 2474
210.108.70.119 - - [27/Sep/2021:12:54:08 -0300] "GET /manager/html HTTP/1.1" 401 2474
210.108.70.119 - - [27/Sep/2021:12:54:09 -0300] "GET /manager/html HTTP/1.1" 401 2474
190.171.149.82 - - [27/Sep/2021:12:54:09 -0300] "GET /cormun/static/menuarrow.gif HTTP/1.1" 404 1015
210.108.70.119 - - [27/Sep/2021:12:54:09 -0300] "GET /manager/html HTTP/1.1" 401 2474
210.108.70.119 - - [27/Sep/2021:12:54:09 -0300] "GET /manager/html HTTP/1.1" 401 2474
210.108.70.119 - - [27/Sep/2021:12:54:10 -0300] "GET /manager/html HTTP/1.1" 401 2474
210.108.70.119 - - [27/Sep/2021:12:54:10 -0300] "GET /manager/html HTTP/1.1" 401 2474
210.108.70.119 - - [27/Sep/2021:12:54:10 -0300] "GET /manager/html HTTP/1.1" 401 2474
210.108.70.119 - - [27/Sep/2021:12:54:11 -0300] "GET /manager/html HTTP/1.1" 401 2474
210.108.70.119 - - [27/Sep/2021:12:54:11 -0300] "GET /manager/html HTTP/1.1" 401 2474
210.108.70.119 - - [27/Sep/2021:12:54:12 -0300] "GET /manager/html HTTP/1.1" 401 2474
210.108.70.119 - - [27/Sep/2021:12:54:12 -0300] "GET /manager/html HTTP/1.1" 401 2474
210.108.70.119 - - [27/Sep/2021:12:54:12 -0300] "GET /manager/html HTTP/1.1" 401 2474
210.108.70.119 - - [27/Sep/2021:12:54:13 -0300] "GET /manager/html HTTP/1.1" 401 2474
210.108.70.119 - - [27/Sep/2021:12:54:13 -0300] "GET /manager/html HTTP/1.1" 401 2474
210.108.70.119 - - [27/Sep/2021:12:54:14 -0300] "GET /manager/html HTTP/1.1" 401 2474
210.108.70.119 - - [27/Sep/2021:12:54:14 -0300] "GET /manager/html HTTP/1.1" 401 2474
210.108.70.119 - - [27/Sep/2021:12:54:14 -0300] "GET /manager/html HTTP/1.1" 401 2474
210.108.70.119 - - [27/Sep/2021:12:54:15 -0300] "GET /manager/html HTTP/1.1" 401 2474
210.108.70.119 - - [27/Sep/2021:12:54:15 -0300] "GET /manager/html HTTP/1.1" 401 2474
210.108.70.119 - - [27/Sep/2021:12:54:15 -0300] "GET /manager/html HTTP/1.1" 401 2474
179.56.245.164 - - [27/Sep/2021:12:54:15 -0300] "GET /cormun/servlet/hlogin HTTP/1.1" 200 1731
179.56.245.164 - - [27/Sep/2021:12:54:15 -0300] "GET /cormun/static/gxtimezone.js?85251 HTTP/1.1" 200 5781
179.56.245.164 - - [27/Sep/2021:12:54:16 -0300] "GET /cormun/static/gxcfg.js?201910216285969 HTTP/1.1" 200 953
179.56.245.164 - - [27/Sep/2021:12:54:16 -0300] "GET /cormun/static/Resources/Spanish/PXTools.css?2294816 HTTP/1.1" 200 100853
210.108.70.119 - - [27/Sep/2021:12:54:16 -0300] "GET /manager/html HTTP/1.1" 401 2474
210.108.70.119 - - [27/Sep/2021:12:54:16 -0300] "GET /manager/html HTTP/1.1" 401 2474
210.108.70.119 - - [27/Sep/2021:12:54:16 -0300] "GET /manager/html HTTP/1.1" 401 2474
179.56.245.164 - - [27/Sep/2021:12:54:16 -0300] "GET /cormun/static/messages.spa.js?85251 HTTP/1.1" 200 30736
179.56.245.164 - - [27/Sep/2021:12:54:17 -0300] "GET /cormun/static/gxgral.js?85251 HTTP/1.1" 200 384558
210.108.70.119 - - [27/Sep/2021:12:54:17 -0300] "GET /manager/html HTTP/1.1" 401 2474
179.56.245.164 - - [27/Sep/2021:12:54:17 -0300] "GET /cormun/static/hlogin.js?201910216285995 HTTP/1.1" 200 2136
210.108.70.119 - - [27/Sep/2021:12:54:17 -0300] "GET /manager/html HTTP/1.1" 401 2474
210.108.70.119 - - [27/Sep/2021:12:54:17 -0300] "GET /manager/html HTTP/1.1" 401 2474
179.56.245.164 - - [27/Sep/2021:12:54:18 -0300] "GET /cormun/static/Resources/PXToolsButtonLeft.png HTTP/1.1" 200 1310
179.56.245.164 - - [27/Sep/2021:12:54:18 -0300] "GET /cormun/static/Resources/PXToolsLoginBackground.png HTTP/1.1" 200 1164
179.56.245.164 - - [27/Sep/2021:12:54:18 -0300] "GET /cormun/static/Resources/Logo2019_Grande.png HTTP/1.1" 200 31733
179.56.245.164 - - [27/Sep/2021:12:54:18 -0300] "GET /cormun/static/Resources/PXToolsLoginTop.png HTTP/1.1" 200 1337
179.56.245.164 - - [27/Sep/2021:12:54:18 -0300] "GET /cormun/static/Resources/PXToolsButtonRight.png HTTP/1.1" 200 1294
210.108.70.119 - - [27/Sep/2021:12:54:18 -0300] "GET /manager/html HTTP/1.1" 401 2474
179.56.245.164 - - [27/Sep/2021:12:54:18 -0300] "GET /cormun/static/Resources/PXToolsButtonBackground.png HTTP/1.1" 200 1176
210.108.70.119 - - [27/Sep/2021:12:54:18 -0300] "GET /manager/html HTTP/1.1" 401 2474
210.108.70.119 - - [27/Sep/2021:12:54:18 -0300] "GET /manager/html HTTP/1.1" 401 2474
179.56.245.164 - - [27/Sep/2021:12:54:19 -0300] "GET /cormun/static/Resources/PXToolsLoginBottom.png HTTP/1.1" 200 1389
210.108.70.119 - - [27/Sep/2021:12:54:19 -0300] "GET /manager/html HTTP/1.1" 401 2474
210.108.70.119 - - [27/Sep/2021:12:54:19 -0300] "GET /manager/html HTTP/1.1" 401 2474
210.108.70.119 - - [27/Sep/2021:12:54:20 -0300] "GET /manager/html HTTP/1.1" 401 2474
210.108.70.119 - - [27/Sep/2021:12:54:20 -0300] "GET /manager/html HTTP/1.1" 401 2474
210.108.70.119 - - [27/Sep/2021:12:54:20 -0300] "GET /manager/html HTTP/1.1" 401 2474
179.56.245.164 - - [27/Sep/2021:12:54:20 -0300] "GET /cormun/static/Resources/indicator.gif HTTP/1.1" 200 1553
179.56.245.164 - - [27/Sep/2021:12:54:20 -0300] "GET /cormun/servlet/hlogin HTTP/1.1" 200 1741
210.108.70.119 - - [27/Sep/2021:12:54:21 -0300] "GET /manager/html HTTP/1.1" 401 2474
210.108.70.119 - - [27/Sep/2021:12:54:21 -0300] "GET /manager/html HTTP/1.1" 401 2474
179.56.245.164 - - [27/Sep/2021:12:54:21 -0300] "GET /cormun/static/Resources/PXToolsLoginBottom.png HTTP/1.1" 200 1389
179.56.245.164 - - [27/Sep/2021:12:54:21 -0300] "GET /cormun/static/Resources/indicator.gif HTTP/1.1" 200 1553
210.108.70.119 - - [27/Sep/2021:12:54:21 -0300] "GET /manager/html HTTP/1.1" 401 2474
210.108.70.119 - - [27/Sep/2021:12:54:22 -0300] "GET /manager/html HTTP/1.1" 401 2474
210.108.70.119 - - [27/Sep/2021:12:54:22 -0300] "GET /manager/html HTTP/1.1" 401 2474
210.108.70.119 - - [27/Sep/2021:12:54:22 -0300] "GET /manager/html HTTP/1.1" 401 2474
179.56.245.164 - - [27/Sep/2021:12:54:23 -0300] "GET /favicon.ico HTTP/1.1" 200 21630
210.108.70.119 - - [27/Sep/2021:12:54:23 -0300] "GET /manager/html HTTP/1.1" 401 2474
210.108.70.119 - - [27/Sep/2021:12:54:23 -0300] "GET /manager/html HTTP/1.1" 401 2474
210.108.70.119 - - [27/Sep/2021:12:54:24 -0300] "GET /manager/html HTTP/1.1" 401 2474
210.108.70.119 - - [27/Sep/2021:12:54:24 -0300] "GET /manager/html HTTP/1.1" 401 2474
210.108.70.119 - - [27/Sep/2021:12:54:24 -0300] "GET /manager/html HTTP/1.1" 401 2474
210.108.70.119 - - [27/Sep/2021:12:54:25 -0300] "GET /manager/html HTTP/1.1" 401 2474
210.108.70.119 - - [27/Sep/2021:12:54:25 -0300] "GET /manager/html HTTP/1.1" 401 2474
210.108.70.119 - - [27/Sep/2021:12:54:25 -0300] "GET /manager/html HTTP/1.1" 401 2474
210.108.70.119 - - [27/Sep/2021:12:54:26 -0300] "GET /manager/html HTTP/1.1" 401 2474
210.108.70.119 - - [27/Sep/2021:12:54:26 -0300] "GET /manager/html HTTP/1.1" 401 2474
210.108.70.119 - - [27/Sep/2021:12:54:26 -0300] "GET /manager/html HTTP/1.1" 401 2474
210.108.70.119 - - [27/Sep/2021:12:54:27 -0300] "GET /manager/html HTTP/1.1" 401 2474
210.108.70.119 - - [27/Sep/2021:12:54:27 -0300] "GET /manager/html HTTP/1.1" 401 2474
210.108.70.119 - - [27/Sep/2021:12:54:27 -0300] "GET /manager/html HTTP/1.1" 401 2474
210.108.70.119 - - [27/Sep/2021:12:54:28 -0300] "GET /manager/html HTTP/1.1" 401 2474
210.108.70.119 - - [27/Sep/2021:12:54:28 -0300] "GET /manager/html HTTP/1.1" 401 2474
190.171.141.90 - - [27/Sep/2021:12:54:28 -0300] "GET /cormun/servlet/solicitudot?1aad8eb3c18e7397fa42bccc4ed9cbe448a87652769a493952bed6c5a9189ba0fddb7821ff9167cd435ea09dfb6e7f38,gx-no-cache=1632757373209 HTTP/1.1" 200 30
210.108.70.119 - - [27/Sep/2021:12:54:28 -0300] "GET /manager/html HTTP/1.1" 401 2474
190.171.141.90 - - [27/Sep/2021:12:54:28 -0300] "GET /cormun/servlet/solicitudot?1aad8eb3c18e7397fa42bccc4ed9cbe4b87ff26f5a946b901fc1ec668780bafb,gx-no-cache=1632757373237 HTTP/1.1" 200 29
210.108.70.119 - - [27/Sep/2021:12:54:29 -0300] "GET /manager/html HTTP/1.1" 401 2474
210.108.70.119 - - [27/Sep/2021:12:54:29 -0300] "GET /manager/html HTTP/1.1" 401 2474
210.108.70.119 - - [27/Sep/2021:12:54:29 -0300] "GET /manager/html HTTP/1.1" 401 2474
210.108.70.119 - - [27/Sep/2021:12:54:30 -0300] "GET /manager/html HTTP/1.1" 401 2474
210.108.70.119 - - [27/Sep/2021:12:54:30 -0300] "GET /manager/html HTTP/1.1" 401 2474
190.171.141.90 - - [27/Sep/2021:12:54:30 -0300] "POST /cormun/servlet/solicitudot?gx-no-cache=1632757375155 HTTP/1.1" 200 240
210.108.70.119 - - [27/Sep/2021:12:54:30 -0300] "GET /manager/html HTTP/1.1" 401 2474
210.108.70.119 - - [27/Sep/2021:12:54:31 -0300] "GET /manager/html HTTP/1.1" 401 2474
210.108.70.119 - - [27/Sep/2021:12:54:32 -0300] "GET /manager/html HTTP/1.1" 401 2474
210.108.70.119 - - [27/Sep/2021:12:54:32 -0300] "GET /manager/html HTTP/1.1" 401 2474
210.108.70.119 - - [27/Sep/2021:12:54:33 -0300] "GET /manager/html HTTP/1.1" 401 2474
210.108.70.119 - - [27/Sep/2021:12:54:33 -0300] "GET /manager/html HTTP/1.1" 401 2474
210.108.70.119 - - [27/Sep/2021:12:54:33 -0300] "GET /manager/html HTTP/1.1" 401 2474
210.108.70.119 - - [27/Sep/2021:12:54:34 -0300] "GET /manager/html HTTP/1.1" 401 2474
210.108.70.119 - - [27/Sep/2021:12:54:34 -0300] "GET /manager/html HTTP/1.1" 401 2474
210.108.70.119 - - [27/Sep/2021:12:54:34 -0300] "GET /manager/html HTTP/1.1" 401 2474
210.108.70.119 - - [27/Sep/2021:12:54:35 -0300] "GET /manager/html HTTP/1.1" 401 2474
210.108.70.119 - - [27/Sep/2021:12:54:35 -0300] "GET /manager/html HTTP/1.1" 401 2474
210.108.70.119 - - [27/Sep/2021:12:54:36 -0300] "GET /manager/html HTTP/1.1" 401 2474
210.108.70.119 - - [27/Sep/2021:12:54:36 -0300] "GET /manager/html HTTP/1.1" 401 2474
210.108.70.119 - - [27/Sep/2021:12:54:36 -0300] "GET /manager/html HTTP/1.1" 401 2474
210.108.70.119 - - [27/Sep/2021:12:54:37 -0300] "GET /manager/html HTTP/1.1" 401 2474
210.108.70.119 - - [27/Sep/2021:12:54:37 -0300] "GET /manager/html HTTP/1.1" 401 2474
210.108.70.119 - - [27/Sep/2021:12:54:37 -0300] "GET /manager/html HTTP/1.1" 401 2474
210.108.70.119 - - [27/Sep/2021:12:54:38 -0300] "GET /manager/html HTTP/1.1" 401 2474
210.108.70.119 - - [27/Sep/2021:12:54:38 -0300] "GET /manager/html HTTP/1.1" 401 2474
190.171.141.90 - - [27/Sep/2021:12:54:38 -0300] "GET /cormun/servlet/solicitudot?1aad8eb3c18e7397fa42bccc4ed9cbe4db0cf7076199e962627e3044d25ec82804276b76f2a744a12fec4fc84f7abd323452a71eaad2938983bb07efcecc841dadffe2d7db6db067a43c0c6444194455b9aac369aa0f57691f761f32fdd41c62221a8c101de67e1b945df70b2c20ef820c3026acb60368e57d23eeb0acd257cd30923e07b8c5d700443197d35df9a9935fd0a94333379161ec765c958a180f65605f73eb101481e80b414b1084dfb966cc68e06b3fb1df0fa8f905da11dda04738a90a5a38fe2c6c35254f7338afe8d2651b7cb8ef9fe4eab6daf262d563824b18fd5b980570a0fead200a43583065552dd10eb57d951992fedfe61d567bc07d3fa3c8531840375cf81e932bb7c25805ee5376c2305d9895dbe504312a27dad4c09d398cfa4c74ffa957c6f606be0c263da25ca3888cac4e6a3c398334b249a60d19e94a65a3d13e2840dd341401ca714864b559394b4b73bb37d8405e781819c7a4e1c03fe6fbea7f21498746e714d18a695f64c6bc6c2504e36c5c815553c0,gx-no-cache=1632757383336 HTTP/1.1" 200 30
210.108.70.119 - - [27/Sep/2021:12:54:38 -0300] "GET /manager/html HTTP/1.1" 401 2474
210.108.70.119 - - [27/Sep/2021:12:54:39 -0300] "GET /manager/html HTTP/1.1" 401 2474
210.108.70.119 - - [27/Sep/2021:12:54:39 -0300] "GET /manager/html HTTP/1.1" 401 2474
210.108.70.119 - - [27/Sep/2021:12:54:39 -0300] "GET /manager/html HTTP/1.1" 401 2474
210.108.70.119 - - [27/Sep/2021:12:54:40 -0300] "GET /manager/html HTTP/1.1" 401 2474
210.108.70.119 - - [27/Sep/2021:12:54:40 -0300] "GET /manager/html HTTP/1.1" 401 2474
210.108.70.119 - - [27/Sep/2021:12:54:41 -0300] "GET /manager/html HTTP/1.1" 401 2474
210.108.70.119 - - [27/Sep/2021:12:54:41 -0300] "GET /manager/html HTTP/1.1" 401 2474
210.108.70.119 - - [27/Sep/2021:12:54:41 -0300] "GET /manager/html HTTP/1.1" 401 2474
210.108.70.119 - - [27/Sep/2021:12:54:42 -0300] "GET /manager/html HTTP/1.1" 401 2474
210.108.70.119 - - [27/Sep/2021:12:54:42 -0300] "GET /manager/html HTTP/1.1" 401 2474
210.108.70.119 - - [27/Sep/2021:12:54:42 -0300] "GET /manager/html HTTP/1.1" 401 2474
210.108.70.119 - - [27/Sep/2021:12:54:43 -0300] "GET /manager/html HTTP/1.1" 401 2474
210.108.70.119 - - [27/Sep/2021:12:54:43 -0300] "GET /manager/html HTTP/1.1" 401 2474
210.108.70.119 - - [27/Sep/2021:12:54:44 -0300] "GET /manager/html HTTP/1.1" 401 2474
210.108.70.119 - - [27/Sep/2021:12:54:44 -0300] "GET /manager/html HTTP/1.1" 401 2474
210.108.70.119 - - [27/Sep/2021:12:54:44 -0300] "GET /manager/html HTTP/1.1" 401 2474
210.108.70.119 - - [27/Sep/2021:12:54:45 -0300] "GET /manager/html HTTP/1.1" 401 2474
210.108.70.119 - - [27/Sep/2021:12:54:45 -0300] "GET /manager/html HTTP/1.1" 401 2474
210.108.70.119 - - [27/Sep/2021:12:54:45 -0300] "GET /manager/html HTTP/1.1" 401 2474
210.108.70.119 - - [27/Sep/2021:12:54:46 -0300] "GET /manager/html HTTP/1.1" 401 2474
190.171.141.90 - - [27/Sep/2021:12:54:46 -0300] "POST /cormun/servlet/solicitudot?gx-no-cache=1632757390682 HTTP/1.1" 200 30
210.108.70.119 - - [27/Sep/2021:12:54:46 -0300] "GET /manager/html HTTP/1.1" 401 2474
210.108.70.119 - - [27/Sep/2021:12:54:46 -0300] "GET /manager/html HTTP/1.1" 401 2474
210.108.70.119 - - [27/Sep/2021:12:54:47 -0300] "GET /manager/html HTTP/1.1" 401 2474
210.108.70.119 - - [27/Sep/2021:12:54:47 -0300] "GET /manager/html HTTP/1.1" 401 2474
210.108.70.119 - - [27/Sep/2021:12:54:47 -0300] "GET /manager/html HTTP/1.1" 401 2474
210.108.70.119 - - [27/Sep/2021:12:54:48 -0300] "GET /manager/html HTTP/1.1" 401 2474
210.108.70.119 - - [27/Sep/2021:12:54:49 -0300] "GET /manager/html HTTP/1.1" 401 2474
210.108.70.119 - - [27/Sep/2021:12:54:49 -0300] "GET /manager/html HTTP/1.1" 401 2474
210.108.70.119 - - [27/Sep/2021:12:54:49 -0300] "GET /manager/html HTTP/1.1" 401 2474
210.108.70.119 - - [27/Sep/2021:12:54:50 -0300] "GET /manager/html HTTP/1.1" 401 2474
210.108.70.119 - - [27/Sep/2021:12:54:50 -0300] "GET /manager/html HTTP/1.1" 401 2474
210.108.70.119 - - [27/Sep/2021:12:54:50 -0300] "GET /manager/html HTTP/1.1" 401 2474
210.108.70.119 - - [27/Sep/2021:12:54:51 -0300] "GET /manager/html HTTP/1.1" 401 2474
210.108.70.119 - - [27/Sep/2021:12:54:51 -0300] "GET /manager/html HTTP/1.1" 401 2474
210.108.70.119 - - [27/Sep/2021:12:54:51 -0300] "GET /manager/html HTTP/1.1" 401 2474
190.171.149.82 - - [27/Sep/2021:12:54:51 -0300] "GET /cormun/Manuales/ManualSolicitud.pdf HTTP/1.1" 200 850295
210.108.70.119 - - [27/Sep/2021:12:54:52 -0300] "GET /manager/html HTTP/1.1" 401 2474
210.108.70.119 - - [27/Sep/2021:12:54:52 -0300] "GET /manager/html HTTP/1.1" 401 2474
210.108.70.119 - - [27/Sep/2021:12:54:53 -0300] "GET /manager/html HTTP/1.1" 401 2474
210.108.70.119 - - [27/Sep/2021:12:54:53 -0300] "GET /manager/html HTTP/1.1" 401 2474
210.108.70.119 - - [27/Sep/2021:12:54:53 -0300] "GET /manager/html HTTP/1.1" 401 2474
210.108.70.119 - - [27/Sep/2021:12:54:54 -0300] "GET /manager/html HTTP/1.1" 401 2474
210.108.70.119 - - [27/Sep/2021:12:54:54 -0300] "GET /manager/html HTTP/1.1" 401 2474
210.108.70.119 - - [27/Sep/2021:12:54:54 -0300] "GET /manager/html HTTP/1.1" 401 2474
210.108.70.119 - - [27/Sep/2021:12:54:55 -0300] "GET /manager/html HTTP/1.1" 401 2474
210.108.70.119 - - [27/Sep/2021:12:54:55 -0300] "GET /manager/html HTTP/1.1" 401 2474
210.108.70.119 - - [27/Sep/2021:12:54:55 -0300] "GET /manager/html HTTP/1.1" 401 2474
190.171.149.82 - - [27/Sep/2021:12:54:56 -0300] "GET /cormun/servlet/trdiat? HTTP/1.1" 200 7012
190.171.149.82 - - [27/Sep/2021:12:54:56 -0300] "GET /cormun/static/gxcfg.js?20201216295890 HTTP/1.1" 200 953
190.171.149.82 - - [27/Sep/2021:12:54:56 -0300] "GET /cormun/static/trdiat.js?2020121630440 HTTP/1.1" 200 35345
210.108.70.119 - - [27/Sep/2021:12:54:56 -0300] "GET /manager/html HTTP/1.1" 401 2474
190.171.149.82 - - [27/Sep/2021:12:54:56 -0300] "GET /cormun/servlet/trdiat? HTTP/1.1" 200 7012
210.108.70.119 - - [27/Sep/2021:12:54:56 -0300] "GET /manager/html HTTP/1.1" 401 2474
210.108.70.119 - - [27/Sep/2021:12:54:57 -0300] "GET /manager/html HTTP/1.1" 401 2474
190.171.149.82 - - [27/Sep/2021:12:54:57 -0300] "POST /cormun/servlet/acontrolpreferencessavestate?None,BROJAS,true HTTP/1.1" 200 35
210.108.70.119 - - [27/Sep/2021:12:54:57 -0300] "GET /manager/html HTTP/1.1" 401 2474
210.108.70.119 - - [27/Sep/2021:12:54:57 -0300] "GET /manager/html HTTP/1.1" 401 2474
210.108.70.119 - - [27/Sep/2021:12:54:58 -0300] "GET /manager/html HTTP/1.1" 401 2474
210.108.70.119 - - [27/Sep/2021:12:54:58 -0300] "GET /manager/html HTTP/1.1" 401 2474
210.108.70.119 - - [27/Sep/2021:12:54:58 -0300] "GET /manager/html HTTP/1.1" 401 2474
210.108.70.119 - - [27/Sep/2021:12:54:59 -0300] "GET /manager/html HTTP/1.1" 401 2474
210.108.70.119 - - [27/Sep/2021:12:54:59 -0300] "GET /manager/html HTTP/1.1" 401 2474
210.108.70.119 - - [27/Sep/2021:12:54:59 -0300] "GET /manager/html HTTP/1.1" 401 2474
210.108.70.119 - - [27/Sep/2021:12:55:00 -0300] "GET /manager/html HTTP/1.1" 401 2474
210.108.70.119 - - [27/Sep/2021:12:55:00 -0300] "GET /manager/html HTTP/1.1" 401 2474
210.108.70.119 - - [27/Sep/2021:12:55:00 -0300] "GET /manager/html HTTP/1.1" 401 2474
210.108.70.119 - - [27/Sep/2021:12:55:01 -0300] "GET /manager/html HTTP/1.1" 401 2474
210.108.70.119 - - [27/Sep/2021:12:55:01 -0300] "GET /manager/html HTTP/1.1" 401 2474
210.108.70.119 - - [27/Sep/2021:12:55:02 -0300] "GET /manager/html HTTP/1.1" 401 2474
210.108.70.119 - - [27/Sep/2021:12:55:02 -0300] "GET /manager/html HTTP/1.1" 401 2474
210.108.70.119 - - [27/Sep/2021:12:55:02 -0300] "GET /manager/html HTTP/1.1" 401 2474
210.108.70.119 - - [27/Sep/2021:12:55:03 -0300] "GET /manager/html HTTP/1.1" 401 2474
210.108.70.119 - - [27/Sep/2021:12:55:03 -0300] "GET /manager/html HTTP/1.1" 401 2474
210.108.70.119 - - [27/Sep/2021:12:55:03 -0300] "GET /manager/html HTTP/1.1" 401 2474
210.108.70.119 - - [27/Sep/2021:12:55:04 -0300] "GET /manager/html HTTP/1.1" 401 2474
210.108.70.119 - - [27/Sep/2021:12:55:04 -0300] "GET /manager/html HTTP/1.1" 401 2474
210.108.70.119 - - [27/Sep/2021:12:55:04 -0300] "GET /manager/html HTTP/1.1" 401 2474
210.108.70.119 - - [27/Sep/2021:12:55:05 -0300] "GET /manager/html HTTP/1.1" 401 2474
210.108.70.119 - - [27/Sep/2021:12:55:05 -0300] "GET /manager/html HTTP/1.1" 401 2474
210.108.70.119 - - [27/Sep/2021:12:55:06 -0300] "GET /manager/html HTTP/1.1" 401 2474
210.108.70.119 - - [27/Sep/2021:12:55:06 -0300] "GET /manager/html HTTP/1.1" 401 2474
210.108.70.119 - - [27/Sep/2021:12:55:06 -0300] "GET /manager/html HTTP/1.1" 401 2474
210.108.70.119 - - [27/Sep/2021:12:55:07 -0300] "GET /manager/html HTTP/1.1" 401 2474
210.108.70.119 - - [27/Sep/2021:12:55:07 -0300] "GET /manager/html HTTP/1.1" 401 2474
210.108.70.119 - - [27/Sep/2021:12:55:07 -0300] "GET /manager/html HTTP/1.1" 401 2474
210.108.70.119 - - [27/Sep/2021:12:55:08 -0300] "GET /manager/html HTTP/1.1" 401 2474
210.108.70.119 - - [27/Sep/2021:12:55:08 -0300] "GET /manager/html HTTP/1.1" 401 2474
190.171.152.234 - - [27/Sep/2021:12:55:08 -0300] "GET /cormun/servlet/trcontratosolicitud? HTTP/1.1" 200 14812
190.171.152.234 - - [27/Sep/2021:12:55:08 -0300] "GET /cormun/static/gxui/gxui-all.css?110300 HTTP/1.1" 200 2179
190.171.152.234 - - [27/Sep/2021:12:55:08 -0300] "GET /cormun/static/calendar-system.css?75620 HTTP/1.1" 200 5572
190.171.152.234 - - [27/Sep/2021:12:55:08 -0300] "GET /cormun/static/gxcfg.js?20199142011887 HTTP/1.1" 200 953
190.171.152.234 - - [27/Sep/2021:12:55:08 -0300] "GET /cormun/static/Resources/Spanish/PXTools.css?19172979 HTTP/1.1" 200 100853
190.171.152.234 - - [27/Sep/2021:12:55:08 -0300] "GET /cormun/static/trcontratosolicitud.js?201991420111348 HTTP/1.1" 200 28237
210.108.70.119 - - [27/Sep/2021:12:55:08 -0300] "GET /manager/html HTTP/1.1" 401 2474
190.171.152.234 - - [27/Sep/2021:12:55:09 -0300] "GET /cormun/static/Shared/ext/resources/css/ext-all.css?205870 HTTP/1.1" 200 416045
210.108.70.119 - - [27/Sep/2021:12:55:09 -0300] "GET /manager/html HTTP/1.1" 401 2474
210.108.70.119 - - [27/Sep/2021:12:55:09 -0300] "GET /manager/html HTTP/1.1" 401 2474
190.171.152.234 - - [27/Sep/2021:12:55:09 -0300] "GET /cormun//static/Resources/PXToolsGridNew.png HTTP/1.1" 200 427
190.171.152.234 - - [27/Sep/2021:12:55:09 -0300] "GET /cormun/servlet/trcontratosolicitud? HTTP/1.1" 200 14815
210.108.70.119 - - [27/Sep/2021:12:55:09 -0300] "GET /manager/html HTTP/1.1" 401 2474
210.108.70.119 - - [27/Sep/2021:12:55:10 -0300] "GET /manager/html HTTP/1.1" 401 2474
210.108.70.119 - - [27/Sep/2021:12:55:10 -0300] "GET /manager/html HTTP/1.1" 401 2474
210.108.70.119 - - [27/Sep/2021:12:55:11 -0300] "GET /manager/html HTTP/1.1" 401 2474
210.108.70.119 - - [27/Sep/2021:12:55:11 -0300] "GET /manager/html HTTP/1.1" 401 2474
210.108.70.119 - - [27/Sep/2021:12:55:11 -0300] "GET /manager/html HTTP/1.1" 401 2474
210.108.70.119 - - [27/Sep/2021:12:55:12 -0300] "GET /manager/html HTTP/1.1" 401 2474
210.108.70.119 - - [27/Sep/2021:12:55:12 -0300] "GET /manager/html HTTP/1.1" 401 2474
210.108.70.119 - - [27/Sep/2021:12:55:12 -0300] "GET /manager/html HTTP/1.1" 401 2474
210.108.70.119 - - [27/Sep/2021:12:55:13 -0300] "GET /manager/html HTTP/1.1" 401 2474
210.108.70.119 - - [27/Sep/2021:12:55:13 -0300] "GET /manager/html HTTP/1.1" 401 2474
210.108.70.119 - - [27/Sep/2021:12:55:13 -0300] "GET /manager/html HTTP/1.1" 401 2474
210.108.70.119 - - [27/Sep/2021:12:55:14 -0300] "GET /manager/html HTTP/1.1" 401 2474
210.108.70.119 - - [27/Sep/2021:12:55:14 -0300] "GET /manager/html HTTP/1.1" 401 2474
210.108.70.119 - - [27/Sep/2021:12:55:15 -0300] "GET /manager/html HTTP/1.1" 401 2474
210.108.70.119 - - [27/Sep/2021:12:55:15 -0300] "GET /manager/html HTTP/1.1" 401 2474
210.108.70.119 - - [27/Sep/2021:12:55:15 -0300] "GET /manager/html HTTP/1.1" 401 2474
210.108.70.119 - - [27/Sep/2021:12:55:16 -0300] "GET /manager/html HTTP/1.1" 401 2474
210.108.70.119 - - [27/Sep/2021:12:55:16 -0300] "GET /manager/html HTTP/1.1" 401 2474
210.108.70.119 - - [27/Sep/2021:12:55:16 -0300] "GET /manager/html HTTP/1.1" 401 2474
210.108.70.119 - - [27/Sep/2021:12:55:17 -0300] "GET /manager/html HTTP/1.1" 401 2474
210.108.70.119 - - [27/Sep/2021:12:55:17 -0300] "GET /manager/html HTTP/1.1" 401 2474
210.108.70.119 - - [27/Sep/2021:12:55:17 -0300] "GET /manager/html HTTP/1.1" 401 2474
210.108.70.119 - - [27/Sep/2021:12:55:18 -0300] "GET /manager/html HTTP/1.1" 401 2474
210.108.70.119 - - [27/Sep/2021:12:55:18 -0300] "GET /manager/html HTTP/1.1" 401 2474
210.108.70.119 - - [27/Sep/2021:12:55:18 -0300] "GET /manager/html HTTP/1.1" 401 2474
210.108.70.119 - - [27/Sep/2021:12:55:19 -0300] "GET /manager/html HTTP/1.1" 401 2474
190.171.141.90 - - [27/Sep/2021:12:55:19 -0300] "POST /cormun/servlet/solicitudot?gx-no-cache=1632757423795 HTTP/1.1" 200 1440
210.108.70.119 - - [27/Sep/2021:12:55:19 -0300] "GET /manager/html HTTP/1.1" 401 2474
210.108.70.119 - - [27/Sep/2021:12:55:19 -0300] "GET /manager/html HTTP/1.1" 401 2474
210.108.70.119 - - [27/Sep/2021:12:55:20 -0300] "GET /manager/html HTTP/1.1" 401 2474
210.108.70.119 - - [27/Sep/2021:12:55:20 -0300] "GET /manager/html HTTP/1.1" 401 2474
210.108.70.119 - - [27/Sep/2021:12:55:21 -0300] "GET /manager/html HTTP/1.1" 401 2474
210.108.70.119 - - [27/Sep/2021:12:55:21 -0300] "GET /manager/html HTTP/1.1" 401 2474
210.108.70.119 - - [27/Sep/2021:12:55:21 -0300] "GET /manager/html HTTP/1.1" 401 2474
210.108.70.119 - - [27/Sep/2021:12:55:22 -0300] "GET /manager/html HTTP/1.1" 401 2474
210.108.70.119 - - [27/Sep/2021:12:55:22 -0300] "GET /manager/html HTTP/1.1" 401 2474
210.108.70.119 - - [27/Sep/2021:12:55:22 -0300] "GET /manager/html HTTP/1.1" 401 2474
210.108.70.119 - - [27/Sep/2021:12:55:23 -0300] "GET /manager/html HTTP/1.1" 401 2474
190.171.141.90 - - [27/Sep/2021:12:55:23 -0300] "GET /cormun/static/menuarrow.gif HTTP/1.1" 404 1015
210.108.70.119 - - [27/Sep/2021:12:55:23 -0300] "GET /manager/html HTTP/1.1" 401 2474
210.108.70.119 - - [27/Sep/2021:12:55:23 -0300] "GET /manager/html HTTP/1.1" 401 2474
210.108.70.119 - - [27/Sep/2021:12:55:24 -0300] "GET /manager/html HTTP/1.1" 401 2474
210.108.70.119 - - [27/Sep/2021:12:55:24 -0300] "GET /manager/html HTTP/1.1" 401 2474
210.108.70.119 - - [27/Sep/2021:12:55:25 -0300] "GET /manager/html HTTP/1.1" 401 2474
210.108.70.119 - - [27/Sep/2021:12:55:25 -0300] "GET /manager/html HTTP/1.1" 401 2474
210.108.70.119 - - [27/Sep/2021:12:55:26 -0300] "GET /manager/html HTTP/1.1" 401 2474
210.108.70.119 - - [27/Sep/2021:12:55:26 -0300] "GET /manager/html HTTP/1.1" 401 2474
210.108.70.119 - - [27/Sep/2021:12:55:26 -0300] "GET /manager/html HTTP/1.1" 401 2474
210.108.70.119 - - [27/Sep/2021:12:55:27 -0300] "GET /manager/html HTTP/1.1" 401 2474
210.108.70.119 - - [27/Sep/2021:12:55:27 -0300] "GET /manager/html HTTP/1.1" 401 2474
210.108.70.119 - - [27/Sep/2021:12:55:28 -0300] "GET /manager/html HTTP/1.1" 401 2474
210.108.70.119 - - [27/Sep/2021:12:55:28 -0300] "GET /manager/html HTTP/1.1" 401 2474
210.108.70.119 - - [27/Sep/2021:12:55:28 -0300] "GET /manager/html HTTP/1.1" 401 2474
190.171.141.90 - - [27/Sep/2021:12:55:29 -0300] "POST /cormun/servlet/solicitudot?gx-no-cache=1632757433447 HTTP/1.1" 200 118
210.108.70.119 - - [27/Sep/2021:12:55:29 -0300] "GET /manager/html HTTP/1.1" 401 2474
