210.108.70.119 - - [27/Sep/2021:12:45:26 -0300] "GET /manager/html HTTP/1.1" 401 2474
210.108.70.119 - - [27/Sep/2021:12:45:26 -0300] "GET /manager/html HTTP/1.1" 401 2474
210.108.70.119 - - [27/Sep/2021:12:45:27 -0300] "GET /manager/html HTTP/1.1" 401 2474
210.108.70.119 - - [27/Sep/2021:12:45:27 -0300] "GET /manager/html HTTP/1.1" 401 2474
210.108.70.119 - - [27/Sep/2021:12:45:27 -0300] "GET /manager/html HTTP/1.1" 401 2474
210.108.70.119 - - [27/Sep/2021:12:45:28 -0300] "GET /manager/html HTTP/1.1" 401 2474
210.108.70.119 - - [27/Sep/2021:12:45:28 -0300] "GET /manager/html HTTP/1.1" 401 2474
210.108.70.119 - - [27/Sep/2021:12:45:28 -0300] "GET /manager/html HTTP/1.1" 401 2474
210.108.70.119 - - [27/Sep/2021:12:45:29 -0300] "GET /manager/html HTTP/1.1" 401 2474
210.108.70.119 - - [27/Sep/2021:12:45:29 -0300] "GET /manager/html HTTP/1.1" 401 2474
190.171.149.82 - - [27/Sep/2021:12:45:29 -0300] "GET /cormun/servlet/trautorizarpermisogoce? HTTP/1.1" 200 6936
210.108.70.119 - - [27/Sep/2021:12:45:29 -0300] "GET /manager/html HTTP/1.1" 401 2474
190.171.149.82 - - [27/Sep/2021:12:45:29 -0300] "GET /cormun/servlet/trautorizarpermisogoce? HTTP/1.1" 200 6936
190.171.143.82 - - [27/Sep/2021:12:45:29 -0300] "POST /cormun/servlet/trsolicitudot?01e8163fb8bbe0c68f42b1ed3f546204,,gx-no-cache=1632756833869 HTTP/1.1" 200 6009
210.108.70.119 - - [27/Sep/2021:12:45:30 -0300] "GET /manager/html HTTP/1.1" 401 2474
210.108.70.119 - - [27/Sep/2021:12:45:30 -0300] "GET /manager/html HTTP/1.1" 401 2474
210.108.70.119 - - [27/Sep/2021:12:45:30 -0300] "GET /manager/html HTTP/1.1" 401 2474
210.108.70.119 - - [27/Sep/2021:12:45:31 -0300] "GET /manager/html HTTP/1.1" 401 2474
210.108.70.119 - - [27/Sep/2021:12:45:31 -0300] "GET /manager/html HTTP/1.1" 401 2474
210.108.70.119 - - [27/Sep/2021:12:45:31 -0300] "GET /manager/html HTTP/1.1" 401 2474
210.108.70.119 - - [27/Sep/2021:12:45:32 -0300] "GET /manager/html HTTP/1.1" 401 2474
192.168.10.78 - - [27/Sep/2021:12:45:32 -0300] "POST /cormun/servlet/vesolicitudgral?a16aebdc69a32a07cbdcacfe05237369,2021,17539,,,gx-no-cache=1632756698987 HTTP/1.1" 200 11760
210.108.70.119 - - [27/Sep/2021:12:45:32 -0300] "GET /manager/html HTTP/1.1" 401 2474
192.168.10.78 - - [27/Sep/2021:12:45:32 -0300] "GET /cormun/static/Shared/jqueryui/images/ui-bg_highlight-soft_100_c6c2c8_1x100.png HTTP/1.1" 404 1117
192.168.10.78 - - [27/Sep/2021:12:45:32 -0300] "GET /cormun/static/Shared/jqueryui/images/ui-icons_8d78a5_256x240.png HTTP/1.1" 404 1089
192.168.10.78 - - [27/Sep/2021:12:45:32 -0300] "GET /cormun/static/Shared/jqueryui/images/ui-icons_82798d_256x240.png HTTP/1.1" 404 1089
192.168.10.78 - - [27/Sep/2021:12:45:32 -0300] "GET /cormun/static/Shared/jqueryui/images/ui-bg_flat_55_fafafa_40x100.png HTTP/1.1" 404 1097
192.168.10.78 - - [27/Sep/2021:12:45:32 -0300] "POST /cormun/servlet/vesolicitudgral?a16aebdc69a32a07cbdcacfe05237369,2021,17539,,,gx-no-cache=1632756699229 HTTP/1.1" 200 11694
210.108.70.119 - - [27/Sep/2021:12:45:32 -0300] "GET /manager/html HTTP/1.1" 401 2474
210.108.70.119 - - [27/Sep/2021:12:45:33 -0300] "GET /manager/html HTTP/1.1" 401 2474
210.108.70.119 - - [27/Sep/2021:12:45:33 -0300] "GET /manager/html HTTP/1.1" 401 2474
210.108.70.119 - - [27/Sep/2021:12:45:33 -0300] "GET /manager/html HTTP/1.1" 401 2474
210.108.70.119 - - [27/Sep/2021:12:45:34 -0300] "GET /manager/html HTTP/1.1" 401 2474
210.108.70.119 - - [27/Sep/2021:12:45:34 -0300] "GET /manager/html HTTP/1.1" 401 2474
210.108.70.119 - - [27/Sep/2021:12:45:34 -0300] "GET /manager/html HTTP/1.1" 401 2474
192.168.10.78 - - [27/Sep/2021:12:45:35 -0300] "GET /cormun/servlet/trsolicitudgral? HTTP/1.1" 200 19390
210.108.70.119 - - [27/Sep/2021:12:45:35 -0300] "GET /manager/html HTTP/1.1" 401 2474
210.108.70.119 - - [27/Sep/2021:12:45:35 -0300] "GET /manager/html HTTP/1.1" 401 2474
192.168.10.78 - - [27/Sep/2021:12:45:35 -0300] "GET /cormun/servlet/trsolicitudgral? HTTP/1.1" 200 19389
210.108.70.119 - - [27/Sep/2021:12:45:35 -0300] "GET /manager/html HTTP/1.1" 401 2474
210.108.70.119 - - [27/Sep/2021:12:45:36 -0300] "GET /manager/html HTTP/1.1" 401 2474
210.108.70.119 - - [27/Sep/2021:12:45:36 -0300] "GET /manager/html HTTP/1.1" 401 2474
210.108.70.119 - - [27/Sep/2021:12:45:37 -0300] "GET /manager/html HTTP/1.1" 401 2474
210.108.70.119 - - [27/Sep/2021:12:45:37 -0300] "GET /manager/html HTTP/1.1" 401 2474
210.108.70.119 - - [27/Sep/2021:12:45:37 -0300] "GET /manager/html HTTP/1.1" 401 2474
210.108.70.119 - - [27/Sep/2021:12:45:38 -0300] "GET /manager/html HTTP/1.1" 401 2474
210.108.70.119 - - [27/Sep/2021:12:45:38 -0300] "GET /manager/html HTTP/1.1" 401 2474
210.108.70.119 - - [27/Sep/2021:12:45:38 -0300] "GET /manager/html HTTP/1.1" 401 2474
190.171.143.82 - - [27/Sep/2021:12:45:38 -0300] "GET /cormun/servlet/hlogin HTTP/1.1" 200 1723
210.108.70.119 - - [27/Sep/2021:12:45:39 -0300] "GET /manager/html HTTP/1.1" 401 2474
210.108.70.119 - - [27/Sep/2021:12:45:39 -0300] "GET /manager/html HTTP/1.1" 401 2474
210.108.70.119 - - [27/Sep/2021:12:45:39 -0300] "GET /manager/html HTTP/1.1" 401 2474
210.108.70.119 - - [27/Sep/2021:12:45:40 -0300] "GET /manager/html HTTP/1.1" 401 2474
210.108.70.119 - - [27/Sep/2021:12:45:40 -0300] "GET /manager/html HTTP/1.1" 401 2474
210.108.70.119 - - [27/Sep/2021:12:45:40 -0300] "GET /manager/html HTTP/1.1" 401 2474
210.108.70.119 - - [27/Sep/2021:12:45:41 -0300] "GET /manager/html HTTP/1.1" 401 2474
190.171.149.82 - - [27/Sep/2021:12:45:41 -0300] "GET /cormun/servlet/trpermisosgoce? HTTP/1.1" 200 7930
210.108.70.119 - - [27/Sep/2021:12:45:41 -0300] "GET /manager/html HTTP/1.1" 401 2474
190.171.149.82 - - [27/Sep/2021:12:45:41 -0300] "GET /cormun/servlet/trpermisosgoce? HTTP/1.1" 200 7929
210.108.70.119 - - [27/Sep/2021:12:45:41 -0300] "GET /manager/html HTTP/1.1" 401 2474
192.168.10.78 - - [27/Sep/2021:12:45:41 -0300] "GET /cormun/servlet/vesolicitudgral?2021,17552,, HTTP/1.1" 200 8328
192.168.10.78 - - [27/Sep/2021:12:45:41 -0300] "GET /cormun/pexe_scrolldiv.js HTTP/1.1" 404 1009
192.168.10.78 - - [27/Sep/2021:12:45:41 -0300] "GET /cormun/pexe_scrolldiv.js HTTP/1.1" 404 1009
192.168.10.78 - - [27/Sep/2021:12:45:42 -0300] "GET /cormun/servlet/vesolicitudgral?2021,17552,, HTTP/1.1" 200 8327
210.108.70.119 - - [27/Sep/2021:12:45:42 -0300] "GET /manager/html HTTP/1.1" 401 2474
210.108.70.119 - - [27/Sep/2021:12:45:42 -0300] "GET /manager/html HTTP/1.1" 401 2474
210.108.70.119 - - [27/Sep/2021:12:45:43 -0300] "GET /manager/html HTTP/1.1" 401 2474
210.108.70.119 - - [27/Sep/2021:12:45:43 -0300] "GET /manager/html HTTP/1.1" 401 2474
210.108.70.119 - - [27/Sep/2021:12:45:43 -0300] "GET /manager/html HTTP/1.1" 401 2474
210.108.70.119 - - [27/Sep/2021:12:45:44 -0300] "GET /manager/html HTTP/1.1" 401 2474
210.108.70.119 - - [27/Sep/2021:12:45:44 -0300] "GET /manager/html HTTP/1.1" 401 2474
210.108.70.119 - - [27/Sep/2021:12:45:44 -0300] "GET /manager/html HTTP/1.1" 401 2474
190.171.149.82 - - [27/Sep/2021:12:45:45 -0300] "POST /cormun/servlet/trpermisosgoce?110e6cf2a541ace339be23fe357793c0,,gx-no-cache=1632756852406 HTTP/1.1" 200 5373
190.171.149.82 - - [27/Sep/2021:12:45:45 -0300] "GET /cormun/static/Shared/jqueryui/images/ui-bg_highlight-soft_100_c6c2c8_1x100.png HTTP/1.1" 404 1117
190.171.149.82 - - [27/Sep/2021:12:45:45 -0300] "GET /cormun/static/Shared/jqueryui/images/ui-icons_82798d_256x240.png HTTP/1.1" 404 1089
190.171.149.82 - - [27/Sep/2021:12:45:45 -0300] "GET /cormun/static/Shared/jqueryui/images/ui-icons_8d78a5_256x240.png HTTP/1.1" 404 1089
190.171.149.82 - - [27/Sep/2021:12:45:45 -0300] "GET /cormun/static/Shared/jqueryui/images/ui-bg_flat_55_fafafa_40x100.png HTTP/1.1" 404 1097
210.108.70.119 - - [27/Sep/2021:12:45:45 -0300] "GET /manager/html HTTP/1.1" 401 2474
210.108.70.119 - - [27/Sep/2021:12:45:45 -0300] "GET /manager/html HTTP/1.1" 401 2474
210.108.70.119 - - [27/Sep/2021:12:45:45 -0300] "GET /manager/html HTTP/1.1" 401 2474
210.108.70.119 - - [27/Sep/2021:12:45:46 -0300] "GET /manager/html HTTP/1.1" 401 2474
210.108.70.119 - - [27/Sep/2021:12:45:46 -0300] "GET /manager/html HTTP/1.1" 401 2474
210.108.70.119 - - [27/Sep/2021:12:45:46 -0300] "GET /manager/html HTTP/1.1" 401 2474
210.108.70.119 - - [27/Sep/2021:12:45:47 -0300] "GET /manager/html HTTP/1.1" 401 2474
210.108.70.119 - - [27/Sep/2021:12:45:47 -0300] "GET /manager/html HTTP/1.1" 401 2474
210.108.70.119 - - [27/Sep/2021:12:45:48 -0300] "GET /manager/html HTTP/1.1" 401 2474
190.171.143.82 - - [27/Sep/2021:12:45:48 -0300] "POST /cormun/servlet/hlogin?01e8163fb8bbe0c68f42b1ed3f546204,gx-no-cache=1632756852195 HTTP/1.1" 200 90
190.171.143.82 - - [27/Sep/2021:12:45:48 -0300] "GET /cormun/servlet/hpexe_link HTTP/1.1" 200 959
210.108.70.119 - - [27/Sep/2021:12:45:48 -0300] "GET /manager/html HTTP/1.1" 401 2474
190.171.143.82 - - [27/Sep/2021:12:45:48 -0300] "GET /cormun/servlet/trsolicitudot? HTTP/1.1" 200 8974
210.108.70.119 - - [27/Sep/2021:12:45:48 -0300] "GET /manager/html HTTP/1.1" 401 2474
210.108.70.119 - - [27/Sep/2021:12:45:49 -0300] "GET /manager/html HTTP/1.1" 401 2474
210.108.70.119 - - [27/Sep/2021:12:45:49 -0300] "GET /manager/html HTTP/1.1" 401 2474
210.108.70.119 - - [27/Sep/2021:12:45:49 -0300] "GET /manager/html HTTP/1.1" 401 2474
210.108.70.119 - - [27/Sep/2021:12:45:50 -0300] "GET /manager/html HTTP/1.1" 401 2474
190.171.143.82 - - [27/Sep/2021:12:45:50 -0300] "GET /cormun/servlet/trsolicitudot? HTTP/1.1" 200 8972
210.108.70.119 - - [27/Sep/2021:12:45:50 -0300] "GET /manager/html HTTP/1.1" 401 2474
210.108.70.119 - - [27/Sep/2021:12:45:50 -0300] "GET /manager/html HTTP/1.1" 401 2474
210.108.70.119 - - [27/Sep/2021:12:45:51 -0300] "GET /manager/html HTTP/1.1" 401 2474
210.108.70.119 - - [27/Sep/2021:12:45:51 -0300] "GET /manager/html HTTP/1.1" 401 2474
210.108.70.119 - - [27/Sep/2021:12:45:51 -0300] "GET /manager/html HTTP/1.1" 401 2474
210.108.70.119 - - [27/Sep/2021:12:45:52 -0300] "GET /manager/html HTTP/1.1" 401 2474
210.108.70.119 - - [27/Sep/2021:12:45:52 -0300] "GET /manager/html HTTP/1.1" 401 2474
210.108.70.119 - - [27/Sep/2021:12:45:52 -0300] "GET /manager/html HTTP/1.1" 401 2474
210.108.70.119 - - [27/Sep/2021:12:45:53 -0300] "GET /manager/html HTTP/1.1" 401 2474
210.108.70.119 - - [27/Sep/2021:12:45:53 -0300] "GET /manager/html HTTP/1.1" 401 2474
210.108.70.119 - - [27/Sep/2021:12:45:53 -0300] "GET /manager/html HTTP/1.1" 401 2474
192.168.10.78 - - [27/Sep/2021:12:45:54 -0300] "POST /cormun/servlet/vesolicitudgral?a16aebdc69a32a07cbdcacfe05237369,2021,17552,,,gx-no-cache=1632756720757 HTTP/1.1" 200 116
192.168.10.78 - - [27/Sep/2021:12:45:54 -0300] "GET /cormun/servlet/solicitudotlog?INS,2021,17552,0,REC, HTTP/1.1" 200 5659
210.108.70.119 - - [27/Sep/2021:12:45:54 -0300] "GET /manager/html HTTP/1.1" 401 2474
192.168.10.78 - - [27/Sep/2021:12:45:54 -0300] "GET /cormun/servlet/solicitudotlog?INS,2021,17552,0,REC, HTTP/1.1" 200 5654
210.108.70.119 - - [27/Sep/2021:12:45:54 -0300] "GET /manager/html HTTP/1.1" 401 2474
210.108.70.119 - - [27/Sep/2021:12:45:54 -0300] "GET /manager/html HTTP/1.1" 401 2474
192.168.10.78 - - [27/Sep/2021:12:45:55 -0300] "GET /cormun/servlet/solicitudotlog?b3e5121468f621a4f8743fdd4c065a357c2069d829ac2d073cfdde041c0230da26ff9315a44c8b6bc165b1775b7688caeb533dfd37e7f580841e59b82cb00b0885dcd307d46b42e5727150636f4a981235adebd5894053191d5f2a76ff4323f7b5e922be816443a14e73f28f0d811cf9862c9415dd0f49436f81c063e92334829b0baccd41e2f2108e58201f77f8e4505668a9ce0cb55a739ce5e6e20c3608a7,gx-no-cache=1632756721716 HTTP/1.1" 200 94
210.108.70.119 - - [27/Sep/2021:12:45:55 -0300] "GET /manager/html HTTP/1.1" 401 2474
190.171.143.82 - - [27/Sep/2021:12:45:55 -0300] "POST /cormun/servlet/trsolicitudot?01e8163fb8bbe0c68f42b1ed3f546204,,gx-no-cache=1632756859518 HTTP/1.1" 200 6006
210.108.70.119 - - [27/Sep/2021:12:45:55 -0300] "GET /manager/html HTTP/1.1" 401 2474
210.108.70.119 - - [27/Sep/2021:12:45:55 -0300] "GET /manager/html HTTP/1.1" 401 2474
210.108.70.119 - - [27/Sep/2021:12:45:56 -0300] "GET /manager/html HTTP/1.1" 401 2474
190.171.143.98 - - [27/Sep/2021:12:45:56 -0300] "GET /cormun/servlet/hlogin HTTP/1.1" 200 1728
190.171.143.98 - - [27/Sep/2021:12:45:56 -0300] "GET /cormun/static/gxtimezone.js?85251 HTTP/1.1" 200 5781
190.171.143.98 - - [27/Sep/2021:12:45:56 -0300] "GET /cormun/static/gxcfg.js?201910216285969 HTTP/1.1" 200 953
190.171.143.98 - - [27/Sep/2021:12:45:56 -0300] "GET /cormun/static/Resources/Spanish/PXTools.css?2294816 HTTP/1.1" 200 100853
210.108.70.119 - - [27/Sep/2021:12:45:56 -0300] "GET /manager/html HTTP/1.1" 401 2474
190.171.143.98 - - [27/Sep/2021:12:45:56 -0300] "GET /cormun/static/messages.spa.js?85251 HTTP/1.1" 200 30736
190.171.143.98 - - [27/Sep/2021:12:45:56 -0300] "GET /cormun/static/hlogin.js?201910216285995 HTTP/1.1" 200 2136
190.171.143.98 - - [27/Sep/2021:12:45:56 -0300] "GET /cormun/static/Resources/Logo2019_Grande.png HTTP/1.1" 200 31733
190.171.143.98 - - [27/Sep/2021:12:45:56 -0300] "GET /cormun/static/gxgral.js?85251 HTTP/1.1" 200 384558
190.171.143.98 - - [27/Sep/2021:12:45:56 -0300] "GET /cormun/static/Resources/PXToolsLoginTop.png HTTP/1.1" 200 1337
190.171.143.98 - - [27/Sep/2021:12:45:56 -0300] "GET /cormun/static/Resources/PXToolsLoginBackground.png HTTP/1.1" 200 1164
190.171.143.98 - - [27/Sep/2021:12:45:56 -0300] "GET /cormun/static/Resources/PXToolsButtonRight.png HTTP/1.1" 200 1294
190.171.143.98 - - [27/Sep/2021:12:45:56 -0300] "GET /cormun/static/Resources/PXToolsButtonLeft.png HTTP/1.1" 200 1310
190.171.143.98 - - [27/Sep/2021:12:45:56 -0300] "GET /cormun/static/Resources/PXToolsButtonBackground.png HTTP/1.1" 200 1176
190.171.143.98 - - [27/Sep/2021:12:45:56 -0300] "GET /cormun/static/Resources/PXToolsLoginBottom.png HTTP/1.1" 200 1389
210.108.70.119 - - [27/Sep/2021:12:45:57 -0300] "GET /manager/html HTTP/1.1" 401 2474
190.171.143.98 - - [27/Sep/2021:12:45:57 -0300] "GET /cormun/servlet/hlogin HTTP/1.1" 200 1738
190.171.143.98 - - [27/Sep/2021:12:45:57 -0300] "GET /cormun/static/Resources/indicator.gif HTTP/1.1" 200 1553
190.171.149.82 - - [27/Sep/2021:12:45:57 -0300] "GET /cormun/servlet/trautorizarpermisogoce? HTTP/1.1" 200 6936
190.171.143.98 - - [27/Sep/2021:12:45:57 -0300] "GET /cormun/static/Resources/indicator.gif HTTP/1.1" 200 1553
210.108.70.119 - - [27/Sep/2021:12:45:57 -0300] "GET /manager/html HTTP/1.1" 401 2474
190.171.149.82 - - [27/Sep/2021:12:45:57 -0300] "GET /cormun/servlet/trautorizarpermisogoce? HTTP/1.1" 200 6936
210.108.70.119 - - [27/Sep/2021:12:45:57 -0300] "GET /manager/html HTTP/1.1" 401 2474
210.108.70.119 - - [27/Sep/2021:12:45:58 -0300] "GET /manager/html HTTP/1.1" 401 2474
210.108.70.119 - - [27/Sep/2021:12:45:58 -0300] "GET /manager/html HTTP/1.1" 401 2474
210.108.70.119 - - [27/Sep/2021:12:45:58 -0300] "GET /manager/html HTTP/1.1" 401 2474
210.108.70.119 - - [27/Sep/2021:12:45:59 -0300] "GET /manager/html HTTP/1.1" 401 2474
210.108.70.119 - - [27/Sep/2021:12:45:59 -0300] "GET /manager/html HTTP/1.1" 401 2474
210.108.70.119 - - [27/Sep/2021:12:45:59 -0300] "GET /manager/html HTTP/1.1" 401 2474
210.108.70.119 - - [27/Sep/2021:12:46:00 -0300] "GET /manager/html HTTP/1.1" 401 2474
210.108.70.119 - - [27/Sep/2021:12:46:00 -0300] "GET /manager/html HTTP/1.1" 401 2474
210.108.70.119 - - [27/Sep/2021:12:46:00 -0300] "GET /manager/html HTTP/1.1" 401 2474
210.108.70.119 - - [27/Sep/2021:12:46:01 -0300] "GET /manager/html HTTP/1.1" 401 2474
210.108.70.119 - - [27/Sep/2021:12:46:01 -0300] "GET /manager/html HTTP/1.1" 401 2474
210.108.70.119 - - [27/Sep/2021:12:46:01 -0300] "GET /manager/html HTTP/1.1" 401 2474
210.108.70.119 - - [27/Sep/2021:12:46:02 -0300] "GET /manager/html HTTP/1.1" 401 2474
210.108.70.119 - - [27/Sep/2021:12:46:02 -0300] "GET /manager/html HTTP/1.1" 401 2474
210.108.70.119 - - [27/Sep/2021:12:46:02 -0300] "GET /manager/html HTTP/1.1" 401 2474
210.108.70.119 - - [27/Sep/2021:12:46:03 -0300] "GET /manager/html HTTP/1.1" 401 2474
210.108.70.119 - - [27/Sep/2021:12:46:03 -0300] "GET /manager/html HTTP/1.1" 401 2474
210.108.70.119 - - [27/Sep/2021:12:46:03 -0300] "GET /manager/html HTTP/1.1" 401 2474
210.108.70.119 - - [27/Sep/2021:12:46:04 -0300] "GET /manager/html HTTP/1.1" 401 2474
210.108.70.119 - - [27/Sep/2021:12:46:04 -0300] "GET /manager/html HTTP/1.1" 401 2474
210.108.70.119 - - [27/Sep/2021:12:46:04 -0300] "GET /manager/html HTTP/1.1" 401 2474
190.171.149.82 - - [27/Sep/2021:12:46:05 -0300] "GET /cormun/servlet/trpermisosgoce? HTTP/1.1" 200 7930
190.171.143.98 - - [27/Sep/2021:12:46:05 -0300] "POST /cormun/servlet/hlogin?fc1581843804b0007ea0ed8ac7cab0bc,gx-no-cache=1632756869499 HTTP/1.1" 200 444
210.108.70.119 - - [27/Sep/2021:12:46:05 -0300] "GET /manager/html HTTP/1.1" 401 2474
190.171.149.82 - - [27/Sep/2021:12:46:05 -0300] "GET /cormun/servlet/trpermisosgoce? HTTP/1.1" 200 7929
192.168.10.78 - - [27/Sep/2021:12:46:05 -0300] "POST /cormun/servlet/solicitudotlog?a16aebdc69a32a07cbdcacfe05237369,INS,2021,17552,0,REC,,gx-no-cache=1632756732109 HTTP/1.1" 200 93
192.168.10.78 - - [27/Sep/2021:12:46:05 -0300] "GET /cormun/servlet/hpexe_return? HTTP/1.1" 200 1030
210.108.70.119 - - [27/Sep/2021:12:46:05 -0300] "GET /manager/html HTTP/1.1" 401 2474
192.168.10.78 - - [27/Sep/2021:12:46:05 -0300] "GET /cormun/servlet/vesolicitudgral?2021,17552,, HTTP/1.1" 200 8342
192.168.10.78 - - [27/Sep/2021:12:46:05 -0300] "GET /cormun/pexe_scrolldiv.js HTTP/1.1" 404 1009
192.168.10.78 - - [27/Sep/2021:12:46:05 -0300] "GET /cormun/pexe_scrolldiv.js HTTP/1.1" 404 1009
210.108.70.119 - - [27/Sep/2021:12:46:05 -0300] "GET /manager/html HTTP/1.1" 401 2474
192.168.10.78 - - [27/Sep/2021:12:46:06 -0300] "GET /cormun/servlet/vesolicitudgral?2021,17552,, HTTP/1.1" 200 8338
210.108.70.119 - - [27/Sep/2021:12:46:06 -0300] "GET /manager/html HTTP/1.1" 401 2474
210.108.70.119 - - [27/Sep/2021:12:46:06 -0300] "GET /manager/html HTTP/1.1" 401 2474
210.108.70.119 - - [27/Sep/2021:12:46:07 -0300] "GET /manager/html HTTP/1.1" 401 2474
210.108.70.119 - - [27/Sep/2021:12:46:07 -0300] "GET /manager/html HTTP/1.1" 401 2474
192.168.10.78 - - [27/Sep/2021:12:46:07 -0300] "GET /cormun/servlet/trsolicitudgral? HTTP/1.1" 200 18803
210.108.70.119 - - [27/Sep/2021:12:46:07 -0300] "GET /manager/html HTTP/1.1" 401 2474
192.168.10.78 - - [27/Sep/2021:12:46:07 -0300] "GET /cormun/servlet/trsolicitudgral? HTTP/1.1" 200 18800
210.108.70.119 - - [27/Sep/2021:12:46:08 -0300] "GET /manager/html HTTP/1.1" 401 2474
210.108.70.119 - - [27/Sep/2021:12:46:08 -0300] "GET /manager/html HTTP/1.1" 401 2474
210.108.70.119 - - [27/Sep/2021:12:46:08 -0300] "GET /manager/html HTTP/1.1" 401 2474
210.108.70.119 - - [27/Sep/2021:12:46:09 -0300] "GET /manager/html HTTP/1.1" 401 2474
210.108.70.119 - - [27/Sep/2021:12:46:09 -0300] "GET /manager/html HTTP/1.1" 401 2474
190.171.143.98 - - [27/Sep/2021:12:46:09 -0300] "POST /cormun/servlet/hlogin?fc1581843804b0007ea0ed8ac7cab0bc,gx-no-cache=1632756873994 HTTP/1.1" 200 90
210.108.70.119 - - [27/Sep/2021:12:46:09 -0300] "GET /manager/html HTTP/1.1" 401 2474
190.171.143.98 - - [27/Sep/2021:12:46:09 -0300] "GET /cormun/servlet/hpexe_link HTTP/1.1" 200 953
190.171.143.98 - - [27/Sep/2021:12:46:09 -0300] "GET /cormun/static/hpexe_link.js?201991422392963 HTTP/1.1" 200 625
190.171.143.98 - - [27/Sep/2021:12:46:09 -0300] "GET /cormun/static/gxcfg.js?201991422392958 HTTP/1.1" 200 953
190.171.143.98 - - [27/Sep/2021:12:46:09 -0300] "GET /cormun/servlet/hhome HTTP/1.1" 200 4266
190.171.143.98 - - [27/Sep/2021:12:46:10 -0300] "GET /cormun/static/SmoothNavMenu/resources/ddsmoothmenu.css?1112540 HTTP/1.1" 200 2223
190.171.143.98 - - [27/Sep/2021:12:46:10 -0300] "GET /cormun/static/SmoothNavMenu/resources/ddsmoothmenu-v.css?1112540 HTTP/1.1" 200 1188
190.171.143.98 - - [27/Sep/2021:12:46:10 -0300] "GET /cormun/static/Shared/jqueryui/jquery-ui.min.css?1345370 HTTP/1.1" 200 30288
190.171.143.98 - - [27/Sep/2021:12:46:10 -0300] "GET /cormun/static/Resources/Spanish/PXTools.css?14345360 HTTP/1.1" 200 100853
190.171.143.98 - - [27/Sep/2021:12:46:10 -0300] "GET /cormun/static/PXToolsJavascripts/pexe_autoreload.js HTTP/1.1" 200 1762
190.171.143.98 - - [27/Sep/2021:12:46:10 -0300] "GET /cormun/static/gxcfg.js?20201215495537 HTTP/1.1" 200 953
190.171.143.98 - - [27/Sep/2021:12:46:10 -0300] "GET /cormun/static/scaMessage/css/jquery.pnotify.default.css?1816380 HTTP/1.1" 200 1707
190.171.143.98 - - [27/Sep/2021:12:46:10 -0300] "GET /cormun/static/PXToolsJavascripts/pexe_cookies.js HTTP/1.1" 200 792
190.171.143.98 - - [27/Sep/2021:12:46:10 -0300] "GET /cormun/static/PXToolsJavascripts/pexe_windows.js HTTP/1.1" 200 15207
190.171.143.98 - - [27/Sep/2021:12:46:10 -0300] "GET /cormun/static/PXToolsJavascripts/pexe_grid.js HTTP/1.1" 200 7559
190.171.143.98 - - [27/Sep/2021:12:46:10 -0300] "GET /cormun/static/PXToolsJavascripts/pexe_griddivfix.js HTTP/1.1" 200 6644
190.171.143.98 - - [27/Sep/2021:12:46:10 -0300] "GET /cormun/static/PXToolsJavascripts/pexe_menudivfix.js HTTP/1.1" 200 333
190.171.143.98 - - [27/Sep/2021:12:46:10 -0300] "GET /cormun/static/PXToolsJavascripts/pexe_link.js HTTP/1.1" 200 5671
210.108.70.119 - - [27/Sep/2021:12:46:10 -0300] "GET /manager/html HTTP/1.1" 401 2474
190.171.143.98 - - [27/Sep/2021:12:46:10 -0300] "GET /cormun/static/PXToolsJavascripts/pexe_menus.js HTTP/1.1" 200 1286
190.171.143.98 - - [27/Sep/2021:12:46:10 -0300] "GET /cormun/static/PXToolsJavascripts/pexe_layers.js HTTP/1.1" 200 4114
190.171.143.98 - - [27/Sep/2021:12:46:10 -0300] "GET /cormun/static/PXToolsJavascripts/pexe_oav.js HTTP/1.1" 200 645
190.171.143.98 - - [27/Sep/2021:12:46:10 -0300] "GET /cormun/static/PXToolsJavascripts/pexe_picture.js HTTP/1.1" 200 689
190.171.143.98 - - [27/Sep/2021:12:46:10 -0300] "GET /cormun/static/PXToolsJavascripts/pexe_oavdivfix.js HTTP/1.1" 200 639
190.171.143.98 - - [27/Sep/2021:12:46:10 -0300] "GET /cormun/static/PXToolsJavascripts/pexe_popup.js HTTP/1.1" 200 13458
190.171.143.98 - - [27/Sep/2021:12:46:10 -0300] "GET /cormun/static/PXToolsJavascripts/pexe_tabdivfix.js HTTP/1.1" 200 876
190.171.143.98 - - [27/Sep/2021:12:46:10 -0300] "GET /cormun/static/PXToolsJavascripts/pexe_tabs.js HTTP/1.1" 200 3748
190.171.143.98 - - [27/Sep/2021:12:46:10 -0300] "GET /cormun/static/PXToolsJavascripts/pexe_upload.js HTTP/1.1" 200 1423
190.171.143.98 - - [27/Sep/2021:12:46:10 -0300] "GET /cormun/static/PXToolsJavascripts/pexe_scrolldiv.js HTTP/1.1" 200 4138
190.171.143.98 - - [27/Sep/2021:12:46:10 -0300] "GET /cormun/static/PXToolsJavascripts/PXToolsJavascriptsRender.js HTTP/1.1" 200 367
190.171.143.98 - - [27/Sep/2021:12:46:10 -0300] "GET /cormun/static/RunJS/RunJS.js HTTP/1.1" 200 288
190.171.143.98 - - [27/Sep/2021:12:46:10 -0300] "GET /cormun/static/gxui/gxui-all.js HTTP/1.1" 200 107772
190.171.143.98 - - [27/Sep/2021:12:46:10 -0300] "GET /cormun/static/Shared/ext/locale/ext-lang-en.js HTTP/1.1" 200 10940
190.171.143.98 - - [27/Sep/2021:12:46:10 -0300] "GET /cormun/static/hwchdr01.js?20201214473739 HTTP/1.1" 200 996
190.171.143.98 - - [27/Sep/2021:12:46:10 -0300] "GET /cormun/static/hhome.js?20201215495544 HTTP/1.1" 200 777
190.171.143.98 - - [27/Sep/2021:12:46:10 -0300] "GET /cormun/static/hpexe_recentlink.js?20201214471090 HTTP/1.1" 200 2144
190.171.143.98 - - [27/Sep/2021:12:46:10 -0300] "GET /cormun/static/hpexe_scripts.js?20201214471411 HTTP/1.1" 200 1544
210.108.70.119 - - [27/Sep/2021:12:46:10 -0300] "GET /manager/html HTTP/1.1" 401 2474
190.171.143.98 - - [27/Sep/2021:12:46:10 -0300] "GET /cormun/static/hpexe_messagecontroller.js?201991422154126 HTTP/1.1" 200 870
190.171.143.98 - - [27/Sep/2021:12:46:10 -0300] "GET /cormun/static/hpexe_messagepopupcomponent.js?2020121447232 HTTP/1.1" 200 605
190.171.143.98 - - [27/Sep/2021:12:46:10 -0300] "GET /cormun/static/hpexe_messagegenexuscomponent.js?2020121447173 HTTP/1.1" 200 587
190.171.143.98 - - [27/Sep/2021:12:46:10 -0300] "GET /cormun/static/Resources/ImgLogin.png HTTP/1.1" 200 1432
190.171.143.98 - - [27/Sep/2021:12:46:10 -0300] "GET /cormun/static/Resources/PXToolsDataTitle.png HTTP/1.1" 200 1173
190.171.143.98 - - [27/Sep/2021:12:46:10 -0300] "GET /cormun/static/Resources/Llave.png HTTP/1.1" 200 1395
190.171.143.98 - - [27/Sep/2021:12:46:10 -0300] "GET /cormun/static/Resources/ImgHome.png HTTP/1.1" 200 1364
190.171.143.98 - - [27/Sep/2021:12:46:10 -0300] "GET /cormun/static/Resources/Logo2019_Small.png HTTP/1.1" 200 10855
190.171.143.98 - - [27/Sep/2021:12:46:10 -0300] "GET /cormun/static/cmcontrolpreferences.js?20199141926336 HTTP/1.1" 200 1375
190.171.143.98 - - [27/Sep/2021:12:46:10 -0300] "GET /cormun/static/SmoothNavMenu/resources/SmoothNavMenuRender.js HTTP/1.1" 200 5951
190.171.143.98 - - [27/Sep/2021:12:46:10 -0300] "GET /cormun/static/SmoothNavMenu/resources/ddsmoothmenu.js HTTP/1.1" 200 12712
190.171.143.98 - - [27/Sep/2021:12:46:10 -0300] "GET /cormun/static/scaMessage/js/jquery.pnotify.min.js HTTP/1.1" 200 13038
190.171.143.98 - - [27/Sep/2021:12:46:10 -0300] "GET /cormun/static/scaMessage/scaMessageRender.js HTTP/1.1" 200 11977
190.171.143.98 - - [27/Sep/2021:12:46:10 -0300] "GET /cormun/static/Shared/jqueryui/jquery-ui.min.js HTTP/1.1" 200 240427
190.171.143.98 - - [27/Sep/2021:12:46:10 -0300] "GET /cormun/static/hmpwkw03.js?20201215501896 HTTP/1.1" 200 3973
190.171.143.98 - - [27/Sep/2021:12:46:10 -0300] "GET /cormun/static/Shared/ext/ext-all.js HTTP/1.1" 200 1289687
190.171.143.98 - - [27/Sep/2021:12:46:10 -0300] "GET /cormun/static/Shared/jquery/jquery-1.10.2.min.js HTTP/1.1" 200 273199
210.108.70.119 - - [27/Sep/2021:12:46:10 -0300] "GET /manager/html HTTP/1.1" 401 2474
190.171.143.98 - - [27/Sep/2021:12:46:10 -0300] "GET /cormun/static/Shared/jquery/jquery-1.4.2.min.js HTTP/1.1" 200 72174
210.108.70.119 - - [27/Sep/2021:12:46:11 -0300] "GET /manager/html HTTP/1.1" 401 2474
190.171.143.98 - - [27/Sep/2021:12:46:11 -0300] "GET /cormun/static/SmoothNavMenu/resources/images/down.gif HTTP/1.1" 200 854
190.171.143.98 - - [27/Sep/2021:12:46:11 -0300] "GET /cormun/static/SmoothNavMenu/resources/images/right.gif HTTP/1.1" 200 860
190.171.143.98 - - [27/Sep/2021:12:46:11 -0300] "GET /cormun/servlet/hhome HTTP/1.1" 200 4262
210.108.70.119 - - [27/Sep/2021:12:46:11 -0300] "GET /manager/html HTTP/1.1" 401 2474
190.171.149.82 - - [27/Sep/2021:12:46:11 -0300] "GET /cormun/servlet/trautorizarsolicitud? HTTP/1.1" 200 8624
210.108.70.119 - - [27/Sep/2021:12:46:11 -0300] "GET /manager/html HTTP/1.1" 401 2474
210.108.70.119 - - [27/Sep/2021:12:46:12 -0300] "GET /manager/html HTTP/1.1" 401 2474
190.171.149.82 - - [27/Sep/2021:12:46:12 -0300] "GET /cormun/servlet/trautorizarsolicitud? HTTP/1.1" 200 8624
210.108.70.119 - - [27/Sep/2021:12:46:12 -0300] "GET /manager/html HTTP/1.1" 401 2474
210.108.70.119 - - [27/Sep/2021:12:46:12 -0300] "GET /manager/html HTTP/1.1" 401 2474
210.108.70.119 - - [27/Sep/2021:12:46:13 -0300] "GET /manager/html HTTP/1.1" 401 2474
210.108.70.119 - - [27/Sep/2021:12:46:13 -0300] "GET /manager/html HTTP/1.1" 401 2474
210.108.70.119 - - [27/Sep/2021:12:46:13 -0300] "GET /manager/html HTTP/1.1" 401 2474
210.108.70.119 - - [27/Sep/2021:12:46:14 -0300] "GET /manager/html HTTP/1.1" 401 2474
190.171.143.98 - - [27/Sep/2021:12:46:14 -0300] "GET /cormun/servlet/trlicencias? HTTP/1.1" 200 11293
190.171.143.98 - - [27/Sep/2021:12:46:14 -0300] "GET /cormun/static/gxui/gxui-all.css?120300 HTTP/1.1" 200 2179
190.171.143.98 - - [27/Sep/2021:12:46:14 -0300] "GET /cormun/static/calendar-system.css?85620 HTTP/1.1" 200 5572
190.171.143.98 - - [27/Sep/2021:12:46:14 -0300] "GET /cormun/static/gxcfg.js?2020121613995 HTTP/1.1" 200 953
190.171.143.98 - - [27/Sep/2021:12:46:14 -0300] "GET /cormun/static/calendar-setup.js?85251 HTTP/1.1" 200 2588
190.171.143.98 - - [27/Sep/2021:12:46:14 -0300] "GET /cormun/static/calendar.js?85251 HTTP/1.1" 200 26246
190.171.143.98 - - [27/Sep/2021:12:46:14 -0300] "GET /cormun/static/calendar-es.js?85251 HTTP/1.1" 200 1901
190.171.143.98 - - [27/Sep/2021:12:46:14 -0300] "GET /cormun/static/gxdec.js?85251 HTTP/1.1" 200 19579
190.171.143.98 - - [27/Sep/2021:12:46:14 -0300] "GET /cormun/static/Shared/ext/resources/css/ext-all.css?215870 HTTP/1.1" 200 416045
190.171.143.98 - - [27/Sep/2021:12:46:14 -0300] "GET /cormun/static/trlicencias.js?202012162481 HTTP/1.1" 200 41883
190.171.143.98 - - [27/Sep/2021:12:46:14 -0300] "GET /cormun/static/Resources/PXTools/calendar.png HTTP/1.1" 200 1306
210.108.70.119 - - [27/Sep/2021:12:46:14 -0300] "GET /manager/html HTTP/1.1" 401 2474
190.171.143.98 - - [27/Sep/2021:12:46:14 -0300] "GET /cormun/static/Resources/PXToolsDataSearch.png HTTP/1.1" 200 435
190.171.143.98 - - [27/Sep/2021:12:46:14 -0300] "GET /cormun/static/Resources/PXToolsGridFirstDisabled.gif HTTP/1.1" 200 100
190.171.143.98 - - [27/Sep/2021:12:46:14 -0300] "GET /cormun/static/Resources/PXToolsGridNextDisabled.gif HTTP/1.1" 200 90
190.171.143.98 - - [27/Sep/2021:12:46:14 -0300] "GET /cormun/static/Resources/PXToolsGridLastDisabled.gif HTTP/1.1" 200 98
190.171.143.98 - - [27/Sep/2021:12:46:14 -0300] "GET /cormun/static/Resources/PXToolsGridPreviousDisabled.gif HTTP/1.1" 200 90
190.171.143.98 - - [27/Sep/2021:12:46:14 -0300] "GET /cormun/static/Resources/PXToolsGridPage.gif HTTP/1.1" 200 725
190.171.143.98 - - [27/Sep/2021:12:46:14 -0300] "GET /cormun/static/Resources/PXToolsActionExcel.png HTTP/1.1" 200 727
190.171.143.98 - - [27/Sep/2021:12:46:14 -0300] "GET /cormun/static/Resources/PXToolsAddAllAction.png HTTP/1.1" 200 495
190.171.143.98 - - [27/Sep/2021:12:46:14 -0300] "GET /cormun//static/Resources/PXToolsGridDisplay.png HTTP/1.1" 200 525
190.171.143.98 - - [27/Sep/2021:12:46:14 -0300] "GET /cormun//static/Resources/PXToolsActionPrint.png HTTP/1.1" 200 404
190.171.143.98 - - [27/Sep/2021:12:46:14 -0300] "GET /cormun//static/Resources/PXToolsActionDisabled.gif HTTP/1.1" 200 53
210.108.70.119 - - [27/Sep/2021:12:46:15 -0300] "GET /manager/html HTTP/1.1" 401 2474
190.171.143.98 - - [27/Sep/2021:12:46:15 -0300] "GET /cormun/servlet/trlicencias? HTTP/1.1" 200 11290
190.171.143.98 - - [27/Sep/2021:12:46:15 -0300] "GET /cormun//static/Resources/PXToolsHeaderHelp.png HTTP/1.1" 200 1333
190.171.143.98 - - [27/Sep/2021:12:46:15 -0300] "GET /cormun//static/Resources/PXToolsHeaderFavorites.png HTTP/1.1" 200 1414
190.171.143.98 - - [27/Sep/2021:12:46:15 -0300] "GET /cormun//static/Resources/PXTools/ActionInsert.png HTTP/1.1" 200 1482
190.171.143.98 - - [27/Sep/2021:12:46:15 -0300] "GET /cormun/static/Resources/desc.gif HTTP/1.1" 200 65
190.171.143.98 - - [27/Sep/2021:12:46:15 -0300] "GET /cormun/static/Shared/ext/resources/themes/images/default/panel/bg-headersPanel.png HTTP/1.1" 200 255
210.108.70.119 - - [27/Sep/2021:12:46:15 -0300] "GET /manager/html HTTP/1.1" 401 2474
190.171.143.98 - - [27/Sep/2021:12:46:15 -0300] "GET /cormun/static/Resources/asc.gif HTTP/1.1" 200 67
190.171.143.98 - - [27/Sep/2021:12:46:15 -0300] "GET /cormun/static/Shared/ext/resources/themes/images/default/tools/tool-sprites.gif HTTP/1.1" 200 5434
210.108.70.119 - - [27/Sep/2021:12:46:15 -0300] "GET /manager/html HTTP/1.1" 401 2474
210.108.70.119 - - [27/Sep/2021:12:46:16 -0300] "GET /manager/html HTTP/1.1" 401 2474
210.108.70.119 - - [27/Sep/2021:12:46:16 -0300] "GET /manager/html HTTP/1.1" 401 2474
210.108.70.119 - - [27/Sep/2021:12:46:16 -0300] "GET /manager/html HTTP/1.1" 401 2474
210.108.70.119 - - [27/Sep/2021:12:46:17 -0300] "GET /manager/html HTTP/1.1" 401 2474
210.108.70.119 - - [27/Sep/2021:12:46:18 -0300] "GET /manager/html HTTP/1.1" 401 2474
210.108.70.119 - - [27/Sep/2021:12:46:18 -0300] "GET /manager/html HTTP/1.1" 401 2474
210.108.70.119 - - [27/Sep/2021:12:46:18 -0300] "GET /manager/html HTTP/1.1" 401 2474
210.108.70.119 - - [27/Sep/2021:12:46:19 -0300] "GET /manager/html HTTP/1.1" 401 2474
210.108.70.119 - - [27/Sep/2021:12:46:19 -0300] "GET /manager/html HTTP/1.1" 401 2474
210.108.70.119 - - [27/Sep/2021:12:46:19 -0300] "GET /manager/html HTTP/1.1" 401 2474
190.171.143.98 - - [27/Sep/2021:12:46:20 -0300] "GET /cormun/servlet/alicenciaprn?6743471,L,20210924000000,PU HTTP/1.1" 200 1529
210.108.70.119 - - [27/Sep/2021:12:46:20 -0300] "GET /manager/html HTTP/1.1" 401 2474
190.171.143.98 - - [27/Sep/2021:12:46:20 -0300] "GET /cormun/servlet/alicenciaprn?6743471,L,20210924000000,PU HTTP/1.1" 200 1532
210.108.70.119 - - [27/Sep/2021:12:46:20 -0300] "GET /manager/html HTTP/1.1" 401 2474
210.108.70.119 - - [27/Sep/2021:12:46:20 -0300] "GET /manager/html HTTP/1.1" 401 2474
210.108.70.119 - - [27/Sep/2021:12:46:21 -0300] "GET /manager/html HTTP/1.1" 401 2474
210.108.70.119 - - [27/Sep/2021:12:46:21 -0300] "GET /manager/html HTTP/1.1" 401 2474
210.108.70.119 - - [27/Sep/2021:12:46:21 -0300] "GET /manager/html HTTP/1.1" 401 2474
210.108.70.119 - - [27/Sep/2021:12:46:22 -0300] "GET /manager/html HTTP/1.1" 401 2474
210.108.70.119 - - [27/Sep/2021:12:46:22 -0300] "GET /manager/html HTTP/1.1" 401 2474
210.108.70.119 - - [27/Sep/2021:12:46:22 -0300] "GET /manager/html HTTP/1.1" 401 2474
210.108.70.119 - - [27/Sep/2021:12:46:23 -0300] "GET /manager/html HTTP/1.1" 401 2474
210.108.70.119 - - [27/Sep/2021:12:46:24 -0300] "GET /manager/html HTTP/1.1" 401 2474
190.171.143.98 - - [27/Sep/2021:12:46:24 -0300] "GET /cormun/servlet/alicenciaprn?6743471,L,20210924000000,PU HTTP/1.1" 200 1532
210.108.70.119 - - [27/Sep/2021:12:46:24 -0300] "GET /manager/html HTTP/1.1" 401 2474
190.171.143.98 - - [27/Sep/2021:12:46:24 -0300] "GET /cormun/servlet/alicenciaprn?6743471,L,20210924000000,PU HTTP/1.1" 200 1532
210.108.70.119 - - [27/Sep/2021:12:46:24 -0300] "GET /manager/html HTTP/1.1" 401 2474
210.108.70.119 - - [27/Sep/2021:12:46:25 -0300] "GET /manager/html HTTP/1.1" 401 2474
210.108.70.119 - - [27/Sep/2021:12:46:25 -0300] "GET /manager/html HTTP/1.1" 401 2474
210.108.70.119 - - [27/Sep/2021:12:46:25 -0300] "GET /manager/html HTTP/1.1" 401 2474
210.108.70.119 - - [27/Sep/2021:12:46:26 -0300] "GET /manager/html HTTP/1.1" 401 2474
192.168.10.78 - - [27/Sep/2021:12:46:26 -0300] "GET /cormun/servlet/trautorizarot? HTTP/1.1" 200 11363
210.108.70.119 - - [27/Sep/2021:12:46:26 -0300] "GET /manager/html HTTP/1.1" 401 2474
192.168.10.78 - - [27/Sep/2021:12:46:26 -0300] "GET /cormun/servlet/trautorizarot? HTTP/1.1" 200 11363
210.108.70.119 - - [27/Sep/2021:12:46:26 -0300] "GET /manager/html HTTP/1.1" 401 2474
210.108.70.119 - - [27/Sep/2021:12:46:27 -0300] "GET /manager/html HTTP/1.1" 401 2474
210.108.70.119 - - [27/Sep/2021:12:46:27 -0300] "GET /manager/html HTTP/1.1" 401 2474
210.108.70.119 - - [27/Sep/2021:12:46:27 -0300] "GET /manager/html HTTP/1.1" 401 2474
210.108.70.119 - - [27/Sep/2021:12:46:28 -0300] "GET /manager/html HTTP/1.1" 401 2474
210.108.70.119 - - [27/Sep/2021:12:46:28 -0300] "GET /manager/html HTTP/1.1" 401 2474
210.108.70.119 - - [27/Sep/2021:12:46:28 -0300] "GET /manager/html HTTP/1.1" 401 2474
210.108.70.119 - - [27/Sep/2021:12:46:29 -0300] "GET /manager/html HTTP/1.1" 401 2474
210.108.70.119 - - [27/Sep/2021:12:46:29 -0300] "GET /manager/html HTTP/1.1" 401 2474
210.108.70.119 - - [27/Sep/2021:12:46:29 -0300] "GET /manager/html HTTP/1.1" 401 2474
210.108.70.119 - - [27/Sep/2021:12:46:30 -0300] "GET /manager/html HTTP/1.1" 401 2474
210.108.70.119 - - [27/Sep/2021:12:46:30 -0300] "GET /manager/html HTTP/1.1" 401 2474
210.108.70.119 - - [27/Sep/2021:12:46:31 -0300] "GET /manager/html HTTP/1.1" 401 2474
210.108.70.119 - - [27/Sep/2021:12:46:31 -0300] "GET /manager/html HTTP/1.1" 401 2474
210.108.70.119 - - [27/Sep/2021:12:46:31 -0300] "GET /manager/html HTTP/1.1" 401 2474
190.171.149.82 - - [27/Sep/2021:12:46:31 -0300] "GET /cormun/servlet/trpermisosgoce? HTTP/1.1" 200 7930
210.108.70.119 - - [27/Sep/2021:12:46:32 -0300] "GET /manager/html HTTP/1.1" 401 2474
190.171.149.82 - - [27/Sep/2021:12:46:32 -0300] "GET /cormun/servlet/trpermisosgoce? HTTP/1.1" 200 7929
210.108.70.119 - - [27/Sep/2021:12:46:32 -0300] "GET /manager/html HTTP/1.1" 401 2474
210.108.70.119 - - [27/Sep/2021:12:46:32 -0300] "GET /manager/html HTTP/1.1" 401 2474
210.108.70.119 - - [27/Sep/2021:12:46:33 -0300] "GET /manager/html HTTP/1.1" 401 2474
210.108.70.119 - - [27/Sep/2021:12:46:33 -0300] "GET /manager/html HTTP/1.1" 401 2474
210.108.70.119 - - [27/Sep/2021:12:46:33 -0300] "GET /manager/html HTTP/1.1" 401 2474
192.168.10.78 - - [27/Sep/2021:12:46:33 -0300] "GET /cormun/servlet/veautorizarot?2021,17540,, HTTP/1.1" 200 8379
192.168.10.78 - - [27/Sep/2021:12:46:33 -0300] "GET /cormun/pexe_scrolldiv.js HTTP/1.1" 404 1009
192.168.10.78 - - [27/Sep/2021:12:46:33 -0300] "GET /cormun/pexe_scrolldiv.js HTTP/1.1" 404 1009
210.108.70.119 - - [27/Sep/2021:12:46:34 -0300] "GET /manager/html HTTP/1.1" 401 2474
192.168.10.78 - - [27/Sep/2021:12:46:34 -0300] "GET /cormun/servlet/veautorizarot?2021,17540,, HTTP/1.1" 200 8378
210.108.70.119 - - [27/Sep/2021:12:46:34 -0300] "GET /manager/html HTTP/1.1" 401 2474
210.108.70.119 - - [27/Sep/2021:12:46:34 -0300] "GET /manager/html HTTP/1.1" 401 2474
210.108.70.119 - - [27/Sep/2021:12:46:35 -0300] "GET /manager/html HTTP/1.1" 401 2474
210.108.70.119 - - [27/Sep/2021:12:46:35 -0300] "GET /manager/html HTTP/1.1" 401 2474
210.108.70.119 - - [27/Sep/2021:12:46:35 -0300] "GET /manager/html HTTP/1.1" 401 2474
190.171.149.82 - - [27/Sep/2021:12:46:35 -0300] "GET /cormun/servlet/trpermisosadjuntos?10568448,20210927122946,P, HTTP/1.1" 200 6436
192.168.10.78 - - [27/Sep/2021:12:46:35 -0300] "POST /cormun/servlet/veautorizarot?a16aebdc69a32a07cbdcacfe05237369,2021,17540,,,gx-no-cache=1632756762514 HTTP/1.1" 200 11978
192.168.10.78 - - [27/Sep/2021:12:46:36 -0300] "GET /cormun/static/Shared/jqueryui/images/ui-icons_82798d_256x240.png HTTP/1.1" 404 1089
192.168.10.78 - - [27/Sep/2021:12:46:36 -0300] "GET /cormun/static/Shared/jqueryui/images/ui-bg_highlight-soft_100_c6c2c8_1x100.png HTTP/1.1" 404 1117
192.168.10.78 - - [27/Sep/2021:12:46:36 -0300] "GET /cormun/static/Shared/jqueryui/images/ui-icons_8d78a5_256x240.png HTTP/1.1" 404 1089
192.168.10.78 - - [27/Sep/2021:12:46:36 -0300] "GET /cormun/static/Shared/jqueryui/images/ui-bg_flat_55_fafafa_40x100.png HTTP/1.1" 404 1097
210.108.70.119 - - [27/Sep/2021:12:46:36 -0300] "GET /manager/html HTTP/1.1" 401 2474
192.168.10.78 - - [27/Sep/2021:12:46:36 -0300] "POST /cormun/servlet/veautorizarot?a16aebdc69a32a07cbdcacfe05237369,2021,17540,,,gx-no-cache=1632756762721 HTTP/1.1" 200 11919
190.171.149.82 - - [27/Sep/2021:12:46:36 -0300] "GET /cormun/servlet/trpermisosadjuntos?10568448,20210927122946,P, HTTP/1.1" 200 6435
210.108.70.119 - - [27/Sep/2021:12:46:36 -0300] "GET /manager/html HTTP/1.1" 401 2474
210.108.70.119 - - [27/Sep/2021:12:46:36 -0300] "GET /manager/html HTTP/1.1" 401 2474
210.108.70.119 - - [27/Sep/2021:12:46:37 -0300] "GET /manager/html HTTP/1.1" 401 2474
210.108.70.119 - - [27/Sep/2021:12:46:37 -0300] "GET /manager/html HTTP/1.1" 401 2474
210.108.70.119 - - [27/Sep/2021:12:46:37 -0300] "GET /manager/html HTTP/1.1" 401 2474
210.108.70.119 - - [27/Sep/2021:12:46:38 -0300] "GET /manager/html HTTP/1.1" 401 2474
190.171.149.82 - - [27/Sep/2021:12:46:38 -0300] "GET /cormun/servlet/permisosadjuntos?INS,10568448,P,20210927122946,, HTTP/1.1" 200 5762
210.108.70.119 - - [27/Sep/2021:12:46:38 -0300] "GET /manager/html HTTP/1.1" 401 2474
190.171.149.82 - - [27/Sep/2021:12:46:38 -0300] "GET /cormun/static/gxcfg.js?20201215134212 HTTP/1.1" 200 953
190.171.149.82 - - [27/Sep/2021:12:46:38 -0300] "GET /cormun/static/permisosadjuntos.js?20201215134285 HTTP/1.1" 200 8724
190.171.149.82 - - [27/Sep/2021:12:46:38 -0300] "GET /cormun/static/about:blank HTTP/1.1" 404 1011
210.108.70.119 - - [27/Sep/2021:12:46:38 -0300] "GET /manager/html HTTP/1.1" 401 2474
190.171.149.82 - - [27/Sep/2021:12:46:38 -0300] "GET /cormun/servlet/permisosadjuntos?INS,10568448,P,20210927122946,, HTTP/1.1" 200 5752
210.108.70.119 - - [27/Sep/2021:12:46:39 -0300] "GET /manager/html HTTP/1.1" 401 2474
210.108.70.119 - - [27/Sep/2021:12:46:39 -0300] "GET /manager/html HTTP/1.1" 401 2474
210.108.70.119 - - [27/Sep/2021:12:46:39 -0300] "GET /manager/html HTTP/1.1" 401 2474
210.108.70.119 - - [27/Sep/2021:12:46:40 -0300] "GET /manager/html HTTP/1.1" 401 2474
210.108.70.119 - - [27/Sep/2021:12:46:40 -0300] "GET /manager/html HTTP/1.1" 401 2474
210.108.70.119 - - [27/Sep/2021:12:46:40 -0300] "GET /manager/html HTTP/1.1" 401 2474
210.108.70.119 - - [27/Sep/2021:12:46:41 -0300] "GET /manager/html HTTP/1.1" 401 2474
210.108.70.119 - - [27/Sep/2021:12:46:41 -0300] "GET /manager/html HTTP/1.1" 401 2474
210.108.70.119 - - [27/Sep/2021:12:46:41 -0300] "GET /manager/html HTTP/1.1" 401 2474
210.108.70.119 - - [27/Sep/2021:12:46:42 -0300] "GET /manager/html HTTP/1.1" 401 2474
210.108.70.119 - - [27/Sep/2021:12:46:42 -0300] "GET /manager/html HTTP/1.1" 401 2474
210.108.70.119 - - [27/Sep/2021:12:46:42 -0300] "GET /manager/html HTTP/1.1" 401 2474
210.108.70.119 - - [27/Sep/2021:12:46:43 -0300] "GET /manager/html HTTP/1.1" 401 2474
210.108.70.119 - - [27/Sep/2021:12:46:43 -0300] "GET /manager/html HTTP/1.1" 401 2474
210.108.70.119 - - [27/Sep/2021:12:46:43 -0300] "GET /manager/html HTTP/1.1" 401 2474
210.108.70.119 - - [27/Sep/2021:12:46:44 -0300] "GET /manager/html HTTP/1.1" 401 2474
210.108.70.119 - - [27/Sep/2021:12:46:44 -0300] "GET /manager/html HTTP/1.1" 401 2474
210.108.70.119 - - [27/Sep/2021:12:46:44 -0300] "GET /manager/html HTTP/1.1" 401 2474
210.108.70.119 - - [27/Sep/2021:12:46:45 -0300] "GET /manager/html HTTP/1.1" 401 2474
210.108.70.119 - - [27/Sep/2021:12:46:45 -0300] "GET /manager/html HTTP/1.1" 401 2474
210.108.70.119 - - [27/Sep/2021:12:46:46 -0300] "GET /manager/html HTTP/1.1" 401 2474
210.108.70.119 - - [27/Sep/2021:12:46:46 -0300] "GET /manager/html HTTP/1.1" 401 2474
210.108.70.119 - - [27/Sep/2021:12:46:46 -0300] "GET /manager/html HTTP/1.1" 401 2474
210.108.70.119 - - [27/Sep/2021:12:46:47 -0300] "GET /manager/html HTTP/1.1" 401 2474
210.108.70.119 - - [27/Sep/2021:12:46:47 -0300] "GET /manager/html HTTP/1.1" 401 2474
210.108.70.119 - - [27/Sep/2021:12:46:47 -0300] "GET /manager/html HTTP/1.1" 401 2474
210.108.70.119 - - [27/Sep/2021:12:46:48 -0300] "GET /manager/html HTTP/1.1" 401 2474
210.108.70.119 - - [27/Sep/2021:12:46:48 -0300] "GET /manager/html HTTP/1.1" 401 2474
210.108.70.119 - - [27/Sep/2021:12:46:48 -0300] "GET /manager/html HTTP/1.1" 401 2474
210.108.70.119 - - [27/Sep/2021:12:46:49 -0300] "GET /manager/html HTTP/1.1" 401 2474
210.108.70.119 - - [27/Sep/2021:12:46:49 -0300] "GET /manager/html HTTP/1.1" 401 2474
210.108.70.119 - - [27/Sep/2021:12:46:50 -0300] "GET /manager/html HTTP/1.1" 401 2474
210.108.70.119 - - [27/Sep/2021:12:46:50 -0300] "GET /manager/html HTTP/1.1" 401 2474
210.108.70.119 - - [27/Sep/2021:12:46:50 -0300] "GET /manager/html HTTP/1.1" 401 2474
210.108.70.119 - - [27/Sep/2021:12:46:51 -0300] "GET /manager/html HTTP/1.1" 401 2474
210.108.70.119 - - [27/Sep/2021:12:46:51 -0300] "GET /manager/html HTTP/1.1" 401 2474
210.108.70.119 - - [27/Sep/2021:12:46:51 -0300] "GET /manager/html HTTP/1.1" 401 2474
210.108.70.119 - - [27/Sep/2021:12:46:52 -0300] "GET /manager/html HTTP/1.1" 401 2474
210.108.70.119 - - [27/Sep/2021:12:46:52 -0300] "GET /manager/html HTTP/1.1" 401 2474
210.108.70.119 - - [27/Sep/2021:12:46:53 -0300] "GET /manager/html HTTP/1.1" 401 2474
210.108.70.119 - - [27/Sep/2021:12:46:53 -0300] "GET /manager/html HTTP/1.1" 401 2474
210.108.70.119 - - [27/Sep/2021:12:46:53 -0300] "GET /manager/html HTTP/1.1" 401 2474
210.108.70.119 - - [27/Sep/2021:12:46:54 -0300] "GET /manager/html HTTP/1.1" 401 2474
210.108.70.119 - - [27/Sep/2021:12:46:54 -0300] "GET /manager/html HTTP/1.1" 401 2474
210.108.70.119 - - [27/Sep/2021:12:46:54 -0300] "GET /manager/html HTTP/1.1" 401 2474
210.108.70.119 - - [27/Sep/2021:12:46:55 -0300] "GET /manager/html HTTP/1.1" 401 2474
210.108.70.119 - - [27/Sep/2021:12:46:55 -0300] "GET /manager/html HTTP/1.1" 401 2474
210.108.70.119 - - [27/Sep/2021:12:46:55 -0300] "GET /manager/html HTTP/1.1" 401 2474
210.108.70.119 - - [27/Sep/2021:12:46:56 -0300] "GET /manager/html HTTP/1.1" 401 2474
210.108.70.119 - - [27/Sep/2021:12:46:56 -0300] "GET /manager/html HTTP/1.1" 401 2474
210.108.70.119 - - [27/Sep/2021:12:46:56 -0300] "GET /manager/html HTTP/1.1" 401 2474
210.108.70.119 - - [27/Sep/2021:12:46:57 -0300] "GET /manager/html HTTP/1.1" 401 2474
210.108.70.119 - - [27/Sep/2021:12:46:57 -0300] "GET /manager/html HTTP/1.1" 401 2474
210.108.70.119 - - [27/Sep/2021:12:46:57 -0300] "GET /manager/html HTTP/1.1" 401 2474
210.108.70.119 - - [27/Sep/2021:12:46:58 -0300] "GET /manager/html HTTP/1.1" 401 2474
210.108.70.119 - - [27/Sep/2021:12:46:58 -0300] "GET /manager/html HTTP/1.1" 401 2474
210.108.70.119 - - [27/Sep/2021:12:46:58 -0300] "GET /manager/html HTTP/1.1" 401 2474
210.108.70.119 - - [27/Sep/2021:12:46:59 -0300] "GET /manager/html HTTP/1.1" 401 2474
210.108.70.119 - - [27/Sep/2021:12:46:59 -0300] "GET /manager/html HTTP/1.1" 401 2474
210.108.70.119 - - [27/Sep/2021:12:46:59 -0300] "GET /manager/html HTTP/1.1" 401 2474
210.108.70.119 - - [27/Sep/2021:12:47:00 -0300] "GET /manager/html HTTP/1.1" 401 2474
210.108.70.119 - - [27/Sep/2021:12:47:00 -0300] "GET /manager/html HTTP/1.1" 401 2474
210.108.70.119 - - [27/Sep/2021:12:47:00 -0300] "GET /manager/html HTTP/1.1" 401 2474
210.108.70.119 - - [27/Sep/2021:12:47:01 -0300] "GET /manager/html HTTP/1.1" 401 2474
210.108.70.119 - - [27/Sep/2021:12:47:01 -0300] "GET /manager/html HTTP/1.1" 401 2474
210.108.70.119 - - [27/Sep/2021:12:47:01 -0300] "GET /manager/html HTTP/1.1" 401 2474
210.108.70.119 - - [27/Sep/2021:12:47:02 -0300] "GET /manager/html HTTP/1.1" 401 2474
210.108.70.119 - - [27/Sep/2021:12:47:02 -0300] "GET /manager/html HTTP/1.1" 401 2474
210.108.70.119 - - [27/Sep/2021:12:47:02 -0300] "GET /manager/html HTTP/1.1" 401 2474
210.108.70.119 - - [27/Sep/2021:12:47:03 -0300] "GET /manager/html HTTP/1.1" 401 2474
210.108.70.119 - - [27/Sep/2021:12:47:03 -0300] "GET /manager/html HTTP/1.1" 401 2474
210.108.70.119 - - [27/Sep/2021:12:47:04 -0300] "GET /manager/html HTTP/1.1" 401 2474
210.108.70.119 - - [27/Sep/2021:12:47:04 -0300] "GET /manager/html HTTP/1.1" 401 2474
210.108.70.119 - - [27/Sep/2021:12:47:04 -0300] "GET /manager/html HTTP/1.1" 401 2474
210.108.70.119 - - [27/Sep/2021:12:47:05 -0300] "GET /manager/html HTTP/1.1" 401 2474
210.108.70.119 - - [27/Sep/2021:12:47:05 -0300] "GET /manager/html HTTP/1.1" 401 2474
210.108.70.119 - - [27/Sep/2021:12:47:05 -0300] "GET /manager/html HTTP/1.1" 401 2474
210.108.70.119 - - [27/Sep/2021:12:47:06 -0300] "GET /manager/html HTTP/1.1" 401 2474
210.108.70.119 - - [27/Sep/2021:12:47:06 -0300] "GET /manager/html HTTP/1.1" 401 2474
210.108.70.119 - - [27/Sep/2021:12:47:06 -0300] "GET /manager/html HTTP/1.1" 401 2474
210.108.70.119 - - [27/Sep/2021:12:47:07 -0300] "GET /manager/html HTTP/1.1" 401 2474
210.108.70.119 - - [27/Sep/2021:12:47:07 -0300] "GET /manager/html HTTP/1.1" 401 2474
210.108.70.119 - - [27/Sep/2021:12:47:07 -0300] "GET /manager/html HTTP/1.1" 401 2474
210.108.70.119 - - [27/Sep/2021:12:47:08 -0300] "GET /manager/html HTTP/1.1" 401 2474
210.108.70.119 - - [27/Sep/2021:12:47:08 -0300] "GET /manager/html HTTP/1.1" 401 2474
210.108.70.119 - - [27/Sep/2021:12:47:08 -0300] "GET /manager/html HTTP/1.1" 401 2474
210.108.70.119 - - [27/Sep/2021:12:47:09 -0300] "GET /manager/html HTTP/1.1" 401 2474
210.108.70.119 - - [27/Sep/2021:12:47:09 -0300] "GET /manager/html HTTP/1.1" 401 2474
210.108.70.119 - - [27/Sep/2021:12:47:09 -0300] "GET /manager/html HTTP/1.1" 401 2474
210.108.70.119 - - [27/Sep/2021:12:47:10 -0300] "GET /manager/html HTTP/1.1" 401 2474
210.108.70.119 - - [27/Sep/2021:12:47:10 -0300] "GET /manager/html HTTP/1.1" 401 2474
210.108.70.119 - - [27/Sep/2021:12:47:10 -0300] "GET /manager/html HTTP/1.1" 401 2474
210.108.70.119 - - [27/Sep/2021:12:47:11 -0300] "GET /manager/html HTTP/1.1" 401 2474
210.108.70.119 - - [27/Sep/2021:12:47:11 -0300] "GET /manager/html HTTP/1.1" 401 2474
210.108.70.119 - - [27/Sep/2021:12:47:11 -0300] "GET /manager/html HTTP/1.1" 401 2474
210.108.70.119 - - [27/Sep/2021:12:47:12 -0300] "GET /manager/html HTTP/1.1" 401 2474
210.108.70.119 - - [27/Sep/2021:12:47:12 -0300] "GET /manager/html HTTP/1.1" 401 2474
210.108.70.119 - - [27/Sep/2021:12:47:12 -0300] "GET /manager/html HTTP/1.1" 401 2474
210.108.70.119 - - [27/Sep/2021:12:47:13 -0300] "GET /manager/html HTTP/1.1" 401 2474
210.108.70.119 - - [27/Sep/2021:12:47:13 -0300] "GET /manager/html HTTP/1.1" 401 2474
210.108.70.119 - - [27/Sep/2021:12:47:13 -0300] "GET /manager/html HTTP/1.1" 401 2474
210.108.70.119 - - [27/Sep/2021:12:47:14 -0300] "GET /manager/html HTTP/1.1" 401 2474
210.108.70.119 - - [27/Sep/2021:12:47:14 -0300] "GET /manager/html HTTP/1.1" 401 2474
210.108.70.119 - - [27/Sep/2021:12:47:15 -0300] "GET /manager/html HTTP/1.1" 401 2474
210.108.70.119 - - [27/Sep/2021:12:47:15 -0300] "GET /manager/html HTTP/1.1" 401 2474
210.108.70.119 - - [27/Sep/2021:12:47:15 -0300] "GET /manager/html HTTP/1.1" 401 2474
210.108.70.119 - - [27/Sep/2021:12:47:16 -0300] "GET /manager/html HTTP/1.1" 401 2474
210.108.70.119 - - [27/Sep/2021:12:47:16 -0300] "GET /manager/html HTTP/1.1" 401 2474
210.108.70.119 - - [27/Sep/2021:12:47:17 -0300] "GET /manager/html HTTP/1.1" 401 2474
210.108.70.119 - - [27/Sep/2021:12:47:17 -0300] "GET /manager/html HTTP/1.1" 401 2474
210.108.70.119 - - [27/Sep/2021:12:47:17 -0300] "GET /manager/html HTTP/1.1" 401 2474
210.108.70.119 - - [27/Sep/2021:12:47:18 -0300] "GET /manager/html HTTP/1.1" 401 2474
210.108.70.119 - - [27/Sep/2021:12:47:18 -0300] "GET /manager/html HTTP/1.1" 401 2474
210.108.70.119 - - [27/Sep/2021:12:47:18 -0300] "GET /manager/html HTTP/1.1" 401 2474
210.108.70.119 - - [27/Sep/2021:12:47:19 -0300] "GET /manager/html HTTP/1.1" 401 2474
210.108.70.119 - - [27/Sep/2021:12:47:19 -0300] "GET /manager/html HTTP/1.1" 401 2474
210.108.70.119 - - [27/Sep/2021:12:47:19 -0300] "GET /manager/html HTTP/1.1" 401 2474
210.108.70.119 - - [27/Sep/2021:12:47:20 -0300] "GET /manager/html HTTP/1.1" 401 2474
210.108.70.119 - - [27/Sep/2021:12:47:20 -0300] "GET /manager/html HTTP/1.1" 401 2474
210.108.70.119 - - [27/Sep/2021:12:47:21 -0300] "GET /manager/html HTTP/1.1" 401 2474
210.108.70.119 - - [27/Sep/2021:12:47:21 -0300] "GET /manager/html HTTP/1.1" 401 2474
210.108.70.119 - - [27/Sep/2021:12:47:21 -0300] "GET /manager/html HTTP/1.1" 401 2474
