210.108.70.119 - - [27/Sep/2021:12:42:35 -0300] "GET /manager/html HTTP/1.1" 401 2474
210.108.70.119 - - [27/Sep/2021:12:42:35 -0300] "GET /manager/html HTTP/1.1" 401 2474
210.108.70.119 - - [27/Sep/2021:12:42:35 -0300] "GET /manager/html HTTP/1.1" 401 2474
210.108.70.119 - - [27/Sep/2021:12:42:36 -0300] "GET /manager/html HTTP/1.1" 401 2474
210.108.70.119 - - [27/Sep/2021:12:42:36 -0300] "GET /manager/html HTTP/1.1" 401 2474
210.108.70.119 - - [27/Sep/2021:12:42:36 -0300] "GET /manager/html HTTP/1.1" 401 2474
210.108.70.119 - - [27/Sep/2021:12:42:37 -0300] "GET /manager/html HTTP/1.1" 401 2474
210.108.70.119 - - [27/Sep/2021:12:42:37 -0300] "GET /manager/html HTTP/1.1" 401 2474
210.108.70.119 - - [27/Sep/2021:12:42:37 -0300] "GET /manager/html HTTP/1.1" 401 2474
210.108.70.119 - - [27/Sep/2021:12:42:38 -0300] "GET /manager/html HTTP/1.1" 401 2474
210.108.70.119 - - [27/Sep/2021:12:42:38 -0300] "GET /manager/html HTTP/1.1" 401 2474
190.171.149.82 - - [27/Sep/2021:12:42:38 -0300] "GET /cormun/servlet/trsolicitudot? HTTP/1.1" 200 7339
210.108.70.119 - - [27/Sep/2021:12:42:39 -0300] "GET /manager/html HTTP/1.1" 401 2474
190.171.149.82 - - [27/Sep/2021:12:42:39 -0300] "GET /cormun/servlet/trsolicitudot? HTTP/1.1" 200 7338
210.108.70.119 - - [27/Sep/2021:12:42:39 -0300] "GET /manager/html HTTP/1.1" 401 2474
210.108.70.119 - - [27/Sep/2021:12:42:39 -0300] "GET /manager/html HTTP/1.1" 401 2474
210.108.70.119 - - [27/Sep/2021:12:42:40 -0300] "GET /manager/html HTTP/1.1" 401 2474
210.108.70.119 - - [27/Sep/2021:12:42:40 -0300] "GET /manager/html HTTP/1.1" 401 2474
210.108.70.119 - - [27/Sep/2021:12:42:40 -0300] "GET /manager/html HTTP/1.1" 401 2474
210.108.70.119 - - [27/Sep/2021:12:42:41 -0300] "GET /manager/html HTTP/1.1" 401 2474
210.108.70.119 - - [27/Sep/2021:12:42:41 -0300] "GET /manager/html HTTP/1.1" 401 2474
210.108.70.119 - - [27/Sep/2021:12:42:41 -0300] "GET /manager/html HTTP/1.1" 401 2474
210.108.70.119 - - [27/Sep/2021:12:42:42 -0300] "GET /manager/html HTTP/1.1" 401 2474
210.108.70.119 - - [27/Sep/2021:12:42:42 -0300] "GET /manager/html HTTP/1.1" 401 2474
210.108.70.119 - - [27/Sep/2021:12:42:42 -0300] "GET /manager/html HTTP/1.1" 401 2474
210.108.70.119 - - [27/Sep/2021:12:42:43 -0300] "GET /manager/html HTTP/1.1" 401 2474
210.108.70.119 - - [27/Sep/2021:12:42:43 -0300] "GET /manager/html HTTP/1.1" 401 2474
210.108.70.119 - - [27/Sep/2021:12:42:44 -0300] "GET /manager/html HTTP/1.1" 401 2474
210.108.70.119 - - [27/Sep/2021:12:42:44 -0300] "GET /manager/html HTTP/1.1" 401 2474
210.108.70.119 - - [27/Sep/2021:12:42:44 -0300] "GET /manager/html HTTP/1.1" 401 2474
210.108.70.119 - - [27/Sep/2021:12:42:45 -0300] "GET /manager/html HTTP/1.1" 401 2474
210.108.70.119 - - [27/Sep/2021:12:42:45 -0300] "GET /manager/html HTTP/1.1" 401 2474
210.108.70.119 - - [27/Sep/2021:12:42:45 -0300] "GET /manager/html HTTP/1.1" 401 2474
210.108.70.119 - - [27/Sep/2021:12:42:46 -0300] "GET /manager/html HTTP/1.1" 401 2474
210.108.70.119 - - [27/Sep/2021:12:42:46 -0300] "GET /manager/html HTTP/1.1" 401 2474
210.108.70.119 - - [27/Sep/2021:12:42:46 -0300] "GET /manager/html HTTP/1.1" 401 2474
210.108.70.119 - - [27/Sep/2021:12:42:47 -0300] "GET /manager/html HTTP/1.1" 401 2474
210.108.70.119 - - [27/Sep/2021:12:42:47 -0300] "GET /manager/html HTTP/1.1" 401 2474
210.108.70.119 - - [27/Sep/2021:12:42:47 -0300] "GET /manager/html HTTP/1.1" 401 2474
210.108.70.119 - - [27/Sep/2021:12:42:48 -0300] "GET /manager/html HTTP/1.1" 401 2474
210.108.70.119 - - [27/Sep/2021:12:42:48 -0300] "GET /manager/html HTTP/1.1" 401 2474
210.108.70.119 - - [27/Sep/2021:12:42:49 -0300] "GET /manager/html HTTP/1.1" 401 2474
210.108.70.119 - - [27/Sep/2021:12:42:49 -0300] "GET /manager/html HTTP/1.1" 401 2474
210.108.70.119 - - [27/Sep/2021:12:42:49 -0300] "GET /manager/html HTTP/1.1" 401 2474
210.108.70.119 - - [27/Sep/2021:12:42:50 -0300] "GET /manager/html HTTP/1.1" 401 2474
210.108.70.119 - - [27/Sep/2021:12:42:50 -0300] "GET /manager/html HTTP/1.1" 401 2474
210.108.70.119 - - [27/Sep/2021:12:42:50 -0300] "GET /manager/html HTTP/1.1" 401 2474
210.108.70.119 - - [27/Sep/2021:12:42:51 -0300] "GET /manager/html HTTP/1.1" 401 2474
210.108.70.119 - - [27/Sep/2021:12:42:51 -0300] "GET /manager/html HTTP/1.1" 401 2474
210.108.70.119 - - [27/Sep/2021:12:42:51 -0300] "GET /manager/html HTTP/1.1" 401 2474
210.108.70.119 - - [27/Sep/2021:12:42:52 -0300] "GET /manager/html HTTP/1.1" 401 2474
210.108.70.119 - - [27/Sep/2021:12:42:52 -0300] "GET /manager/html HTTP/1.1" 401 2474
210.108.70.119 - - [27/Sep/2021:12:42:52 -0300] "GET /manager/html HTTP/1.1" 401 2474
210.108.70.119 - - [27/Sep/2021:12:42:53 -0300] "GET /manager/html HTTP/1.1" 401 2474
210.108.70.119 - - [27/Sep/2021:12:42:53 -0300] "GET /manager/html HTTP/1.1" 401 2474
210.108.70.119 - - [27/Sep/2021:12:42:53 -0300] "GET /manager/html HTTP/1.1" 401 2474
210.108.70.119 - - [27/Sep/2021:12:42:54 -0300] "GET /manager/html HTTP/1.1" 401 2474
210.108.70.119 - - [27/Sep/2021:12:42:54 -0300] "GET /manager/html HTTP/1.1" 401 2474
210.108.70.119 - - [27/Sep/2021:12:42:54 -0300] "GET /manager/html HTTP/1.1" 401 2474
210.108.70.119 - - [27/Sep/2021:12:42:55 -0300] "GET /manager/html HTTP/1.1" 401 2474
210.108.70.119 - - [27/Sep/2021:12:42:55 -0300] "GET /manager/html HTTP/1.1" 401 2474
210.108.70.119 - - [27/Sep/2021:12:42:55 -0300] "GET /manager/html HTTP/1.1" 401 2474
210.108.70.119 - - [27/Sep/2021:12:42:56 -0300] "GET /manager/html HTTP/1.1" 401 2474
210.108.70.119 - - [27/Sep/2021:12:42:56 -0300] "GET /manager/html HTTP/1.1" 401 2474
210.108.70.119 - - [27/Sep/2021:12:42:56 -0300] "GET /manager/html HTTP/1.1" 401 2474
210.108.70.119 - - [27/Sep/2021:12:42:57 -0300] "GET /manager/html HTTP/1.1" 401 2474
210.108.70.119 - - [27/Sep/2021:12:42:57 -0300] "GET /manager/html HTTP/1.1" 401 2474
210.108.70.119 - - [27/Sep/2021:12:42:57 -0300] "GET /manager/html HTTP/1.1" 401 2474
210.108.70.119 - - [27/Sep/2021:12:42:58 -0300] "GET /manager/html HTTP/1.1" 401 2474
210.108.70.119 - - [27/Sep/2021:12:42:58 -0300] "GET /manager/html HTTP/1.1" 401 2474
210.108.70.119 - - [27/Sep/2021:12:42:58 -0300] "GET /manager/html HTTP/1.1" 401 2474
210.108.70.119 - - [27/Sep/2021:12:42:59 -0300] "GET /manager/html HTTP/1.1" 401 2474
210.108.70.119 - - [27/Sep/2021:12:42:59 -0300] "GET /manager/html HTTP/1.1" 401 2474
210.108.70.119 - - [27/Sep/2021:12:42:59 -0300] "GET /manager/html HTTP/1.1" 401 2474
210.108.70.119 - - [27/Sep/2021:12:43:00 -0300] "GET /manager/html HTTP/1.1" 401 2474
210.108.70.119 - - [27/Sep/2021:12:43:00 -0300] "GET /manager/html HTTP/1.1" 401 2474
210.108.70.119 - - [27/Sep/2021:12:43:00 -0300] "GET /manager/html HTTP/1.1" 401 2474
190.171.149.82 - - [27/Sep/2021:12:43:00 -0300] "GET /cormun/servlet/trpermisosgoce? HTTP/1.1" 200 8138
210.108.70.119 - - [27/Sep/2021:12:43:01 -0300] "GET /manager/html HTTP/1.1" 401 2474
190.171.149.82 - - [27/Sep/2021:12:43:01 -0300] "GET /cormun//static/Resources/PXToolsGridDisplay.png HTTP/1.1" 200 525
190.171.149.82 - - [27/Sep/2021:12:43:01 -0300] "GET /cormun//static/Resources/PXToolsActionPrint.png HTTP/1.1" 200 404
190.171.149.82 - - [27/Sep/2021:12:43:01 -0300] "GET /cormun//static/Resources/PXToolsHeaderHelp.png HTTP/1.1" 200 1333
190.171.149.82 - - [27/Sep/2021:12:43:01 -0300] "GET /cormun//static/Resources/PXToolsHeaderFavorites.png HTTP/1.1" 200 1414
210.108.70.119 - - [27/Sep/2021:12:43:01 -0300] "GET /manager/html HTTP/1.1" 401 2474
190.171.149.82 - - [27/Sep/2021:12:43:01 -0300] "GET /cormun/servlet/trpermisosgoce? HTTP/1.1" 200 8138
210.108.70.119 - - [27/Sep/2021:12:43:01 -0300] "GET /manager/html HTTP/1.1" 401 2474
210.108.70.119 - - [27/Sep/2021:12:43:02 -0300] "GET /manager/html HTTP/1.1" 401 2474
210.108.70.119 - - [27/Sep/2021:12:43:02 -0300] "GET /manager/html HTTP/1.1" 401 2474
210.108.70.119 - - [27/Sep/2021:12:43:02 -0300] "GET /manager/html HTTP/1.1" 401 2474
210.108.70.119 - - [27/Sep/2021:12:43:03 -0300] "GET /manager/html HTTP/1.1" 401 2474
210.108.70.119 - - [27/Sep/2021:12:43:03 -0300] "GET /manager/html HTTP/1.1" 401 2474
210.108.70.119 - - [27/Sep/2021:12:43:03 -0300] "GET /manager/html HTTP/1.1" 401 2474
210.108.70.119 - - [27/Sep/2021:12:43:04 -0300] "GET /manager/html HTTP/1.1" 401 2474
210.108.70.119 - - [27/Sep/2021:12:43:04 -0300] "GET /manager/html HTTP/1.1" 401 2474
210.108.70.119 - - [27/Sep/2021:12:43:04 -0300] "GET /manager/html HTTP/1.1" 401 2474
210.108.70.119 - - [27/Sep/2021:12:43:05 -0300] "GET /manager/html HTTP/1.1" 401 2474
210.108.70.119 - - [27/Sep/2021:12:43:05 -0300] "GET /manager/html HTTP/1.1" 401 2474
210.108.70.119 - - [27/Sep/2021:12:43:05 -0300] "GET /manager/html HTTP/1.1" 401 2474
210.108.70.119 - - [27/Sep/2021:12:43:06 -0300] "GET /manager/html HTTP/1.1" 401 2474
210.108.70.119 - - [27/Sep/2021:12:43:06 -0300] "GET /manager/html HTTP/1.1" 401 2474
210.108.70.119 - - [27/Sep/2021:12:43:06 -0300] "GET /manager/html HTTP/1.1" 401 2474
210.108.70.119 - - [27/Sep/2021:12:43:07 -0300] "GET /manager/html HTTP/1.1" 401 2474
210.108.70.119 - - [27/Sep/2021:12:43:07 -0300] "GET /manager/html HTTP/1.1" 401 2474
210.108.70.119 - - [27/Sep/2021:12:43:07 -0300] "GET /manager/html HTTP/1.1" 401 2474
210.108.70.119 - - [27/Sep/2021:12:43:08 -0300] "GET /manager/html HTTP/1.1" 401 2474
210.108.70.119 - - [27/Sep/2021:12:43:08 -0300] "GET /manager/html HTTP/1.1" 401 2474
210.108.70.119 - - [27/Sep/2021:12:43:08 -0300] "GET /manager/html HTTP/1.1" 401 2474
210.108.70.119 - - [27/Sep/2021:12:43:09 -0300] "GET /manager/html HTTP/1.1" 401 2474
210.108.70.119 - - [27/Sep/2021:12:43:09 -0300] "GET /manager/html HTTP/1.1" 401 2474
210.108.70.119 - - [27/Sep/2021:12:43:09 -0300] "GET /manager/html HTTP/1.1" 401 2474
210.108.70.119 - - [27/Sep/2021:12:43:10 -0300] "GET /manager/html HTTP/1.1" 401 2474
210.108.70.119 - - [27/Sep/2021:12:43:10 -0300] "GET /manager/html HTTP/1.1" 401 2474
210.108.70.119 - - [27/Sep/2021:12:43:10 -0300] "GET /manager/html HTTP/1.1" 401 2474
210.108.70.119 - - [27/Sep/2021:12:43:11 -0300] "GET /manager/html HTTP/1.1" 401 2474
210.108.70.119 - - [27/Sep/2021:12:43:11 -0300] "GET /manager/html HTTP/1.1" 401 2474
210.108.70.119 - - [27/Sep/2021:12:43:11 -0300] "GET /manager/html HTTP/1.1" 401 2474
210.108.70.119 - - [27/Sep/2021:12:43:12 -0300] "GET /manager/html HTTP/1.1" 401 2474
210.108.70.119 - - [27/Sep/2021:12:43:12 -0300] "GET /manager/html HTTP/1.1" 401 2474
210.108.70.119 - - [27/Sep/2021:12:43:12 -0300] "GET /manager/html HTTP/1.1" 401 2474
210.108.70.119 - - [27/Sep/2021:12:43:13 -0300] "GET /manager/html HTTP/1.1" 401 2474
210.108.70.119 - - [27/Sep/2021:12:43:13 -0300] "GET /manager/html HTTP/1.1" 401 2474
210.108.70.119 - - [27/Sep/2021:12:43:13 -0300] "GET /manager/html HTTP/1.1" 401 2474
190.171.154.42 - - [27/Sep/2021:12:43:14 -0300] "GET /cormun/servlet/hlogin HTTP/1.1" 200 1726
210.108.70.119 - - [27/Sep/2021:12:43:14 -0300] "GET /manager/html HTTP/1.1" 401 2474
210.108.70.119 - - [27/Sep/2021:12:43:14 -0300] "GET /manager/html HTTP/1.1" 401 2474
210.108.70.119 - - [27/Sep/2021:12:43:14 -0300] "GET /manager/html HTTP/1.1" 401 2474
210.108.70.119 - - [27/Sep/2021:12:43:15 -0300] "GET /manager/html HTTP/1.1" 401 2474
190.171.154.42 - - [27/Sep/2021:12:43:15 -0300] "GET /cormun/servlet/hlogin HTTP/1.1" 200 1736
210.108.70.119 - - [27/Sep/2021:12:43:15 -0300] "GET /manager/html HTTP/1.1" 401 2474
210.108.70.119 - - [27/Sep/2021:12:43:15 -0300] "GET /manager/html HTTP/1.1" 401 2474
210.108.70.119 - - [27/Sep/2021:12:43:16 -0300] "GET /manager/html HTTP/1.1" 401 2474
190.171.154.42 - - [27/Sep/2021:12:43:16 -0300] "GET /favicon.ico HTTP/1.1" 200 21630
210.108.70.119 - - [27/Sep/2021:12:43:16 -0300] "GET /manager/html HTTP/1.1" 401 2474
210.108.70.119 - - [27/Sep/2021:12:43:16 -0300] "GET /manager/html HTTP/1.1" 401 2474
210.108.70.119 - - [27/Sep/2021:12:43:17 -0300] "GET /manager/html HTTP/1.1" 401 2474
210.108.70.119 - - [27/Sep/2021:12:43:17 -0300] "GET /manager/html HTTP/1.1" 401 2474
210.108.70.119 - - [27/Sep/2021:12:43:17 -0300] "GET /manager/html HTTP/1.1" 401 2474
210.108.70.119 - - [27/Sep/2021:12:43:18 -0300] "GET /manager/html HTTP/1.1" 401 2474
210.108.70.119 - - [27/Sep/2021:12:43:18 -0300] "GET /manager/html HTTP/1.1" 401 2474
210.108.70.119 - - [27/Sep/2021:12:43:18 -0300] "GET /manager/html HTTP/1.1" 401 2474
210.108.70.119 - - [27/Sep/2021:12:43:19 -0300] "GET /manager/html HTTP/1.1" 401 2474
210.108.70.119 - - [27/Sep/2021:12:43:19 -0300] "GET /manager/html HTTP/1.1" 401 2474
190.171.154.42 - - [27/Sep/2021:12:43:19 -0300] "POST /cormun/servlet/hlogin?2331adfa46e51c6e38750edc055c6db8,gx-no-cache=1632756704652 HTTP/1.1" 200 90
190.171.154.42 - - [27/Sep/2021:12:43:19 -0300] "GET /cormun/servlet/hpexe_link HTTP/1.1" 200 951
210.108.70.119 - - [27/Sep/2021:12:43:19 -0300] "GET /manager/html HTTP/1.1" 401 2474
210.108.70.119 - - [27/Sep/2021:12:43:20 -0300] "GET /manager/html HTTP/1.1" 401 2474
190.171.154.42 - - [27/Sep/2021:12:43:20 -0300] "GET /cormun/servlet/hhome HTTP/1.1" 200 4358
210.108.70.119 - - [27/Sep/2021:12:43:20 -0300] "GET /manager/html HTTP/1.1" 401 2474
210.108.70.119 - - [27/Sep/2021:12:43:20 -0300] "GET /manager/html HTTP/1.1" 401 2474
210.108.70.119 - - [27/Sep/2021:12:43:21 -0300] "GET /manager/html HTTP/1.1" 401 2474
210.108.70.119 - - [27/Sep/2021:12:43:21 -0300] "GET /manager/html HTTP/1.1" 401 2474
192.168.10.78 - - [27/Sep/2021:12:43:21 -0300] "GET /cormun/servlet/vesolicitudgral?2021,17539,, HTTP/1.1" 200 7742
210.108.70.119 - - [27/Sep/2021:12:43:21 -0300] "GET /manager/html HTTP/1.1" 401 2474
210.108.70.119 - - [27/Sep/2021:12:43:22 -0300] "GET /manager/html HTTP/1.1" 401 2474
192.168.10.78 - - [27/Sep/2021:12:43:22 -0300] "GET /cormun/pexe_scrolldiv.js HTTP/1.1" 404 1009
192.168.10.78 - - [27/Sep/2021:12:43:22 -0300] "GET /cormun/pexe_scrolldiv.js HTTP/1.1" 404 1009
192.168.10.78 - - [27/Sep/2021:12:43:22 -0300] "GET /cormun/servlet/hlogin HTTP/1.1" 200 1758
210.108.70.119 - - [27/Sep/2021:12:43:22 -0300] "GET /manager/html HTTP/1.1" 401 2474
190.171.154.42 - - [27/Sep/2021:12:43:23 -0300] "GET /cormun/servlet/hhome HTTP/1.1" 200 4354
192.168.10.78 - - [27/Sep/2021:12:43:23 -0300] "GET /cormun/servlet/vesolicitudgral?2021,17539,, HTTP/1.1" 200 7740
190.171.149.82 - - [27/Sep/2021:12:43:23 -0300] "POST /cormun/servlet/trpermisosgoce?110e6cf2a541ace339be23fe357793c0,,gx-no-cache=1632756710421 HTTP/1.1" 200 4560
210.108.70.119 - - [27/Sep/2021:12:43:23 -0300] "GET /manager/html HTTP/1.1" 401 2474
190.171.149.82 - - [27/Sep/2021:12:43:23 -0300] "POST /cormun/servlet/trpermisosgoce?110e6cf2a541ace339be23fe357793c0,,gx-no-cache=1632756710736 HTTP/1.1" 200 4449
210.108.70.119 - - [27/Sep/2021:12:43:23 -0300] "GET /manager/html HTTP/1.1" 401 2474
210.108.70.119 - - [27/Sep/2021:12:43:23 -0300] "GET /manager/html HTTP/1.1" 401 2474
210.108.70.119 - - [27/Sep/2021:12:43:24 -0300] "GET /manager/html HTTP/1.1" 401 2474
210.108.70.119 - - [27/Sep/2021:12:43:24 -0300] "GET /manager/html HTTP/1.1" 401 2474
210.108.70.119 - - [27/Sep/2021:12:43:24 -0300] "GET /manager/html HTTP/1.1" 401 2474
210.108.70.119 - - [27/Sep/2021:12:43:25 -0300] "GET /manager/html HTTP/1.1" 401 2474
210.108.70.119 - - [27/Sep/2021:12:43:25 -0300] "GET /manager/html HTTP/1.1" 401 2474
210.108.70.119 - - [27/Sep/2021:12:43:26 -0300] "GET /manager/html HTTP/1.1" 401 2474
210.108.70.119 - - [27/Sep/2021:12:43:26 -0300] "GET /manager/html HTTP/1.1" 401 2474
210.108.70.119 - - [27/Sep/2021:12:43:26 -0300] "GET /manager/html HTTP/1.1" 401 2474
210.108.70.119 - - [27/Sep/2021:12:43:27 -0300] "GET /manager/html HTTP/1.1" 401 2474
210.108.70.119 - - [27/Sep/2021:12:43:27 -0300] "GET /manager/html HTTP/1.1" 401 2474
210.108.70.119 - - [27/Sep/2021:12:43:27 -0300] "GET /manager/html HTTP/1.1" 401 2474
210.108.70.119 - - [27/Sep/2021:12:43:28 -0300] "GET /manager/html HTTP/1.1" 401 2474
210.108.70.119 - - [27/Sep/2021:12:43:28 -0300] "GET /manager/html HTTP/1.1" 401 2474
210.108.70.119 - - [27/Sep/2021:12:43:28 -0300] "GET /manager/html HTTP/1.1" 401 2474
210.108.70.119 - - [27/Sep/2021:12:43:29 -0300] "GET /manager/html HTTP/1.1" 401 2474
210.108.70.119 - - [27/Sep/2021:12:43:29 -0300] "GET /manager/html HTTP/1.1" 401 2474
210.108.70.119 - - [27/Sep/2021:12:43:29 -0300] "GET /manager/html HTTP/1.1" 401 2474
192.168.10.78 - - [27/Sep/2021:12:43:29 -0300] "POST /cormun/servlet/hlogin?a16aebdc69a32a07cbdcacfe05237369,gx-no-cache=1632756576491 HTTP/1.1" 200 90
192.168.10.78 - - [27/Sep/2021:12:43:29 -0300] "GET /cormun/servlet/hpexe_link HTTP/1.1" 200 972
210.108.70.119 - - [27/Sep/2021:12:43:30 -0300] "GET /manager/html HTTP/1.1" 401 2474
192.168.10.78 - - [27/Sep/2021:12:43:30 -0300] "GET /cormun/servlet/vesolicitudgral?2021,17539,, HTTP/1.1" 200 8270
192.168.10.78 - - [27/Sep/2021:12:43:30 -0300] "GET /cormun/pexe_scrolldiv.js HTTP/1.1" 404 1009
192.168.10.78 - - [27/Sep/2021:12:43:30 -0300] "GET /cormun/pexe_scrolldiv.js HTTP/1.1" 404 1009
210.108.70.119 - - [27/Sep/2021:12:43:30 -0300] "GET /manager/html HTTP/1.1" 401 2474
192.168.10.78 - - [27/Sep/2021:12:43:30 -0300] "GET /cormun/servlet/vesolicitudgral?2021,17539,, HTTP/1.1" 200 8269
210.108.70.119 - - [27/Sep/2021:12:43:30 -0300] "GET /manager/html HTTP/1.1" 401 2474
210.108.70.119 - - [27/Sep/2021:12:43:31 -0300] "GET /manager/html HTTP/1.1" 401 2474
210.108.70.119 - - [27/Sep/2021:12:43:31 -0300] "GET /manager/html HTTP/1.1" 401 2474
210.108.70.119 - - [27/Sep/2021:12:43:31 -0300] "GET /manager/html HTTP/1.1" 401 2474
190.171.149.82 - - [27/Sep/2021:12:43:32 -0300] "GET /cormun/servlet/trpermisosgoce? HTTP/1.1" 200 7039
210.108.70.119 - - [27/Sep/2021:12:43:32 -0300] "GET /manager/html HTTP/1.1" 401 2474
190.171.149.82 - - [27/Sep/2021:12:43:32 -0300] "GET /cormun/servlet/trpermisosgoce? HTTP/1.1" 200 7039
210.108.70.119 - - [27/Sep/2021:12:43:32 -0300] "GET /manager/html HTTP/1.1" 401 2474
210.108.70.119 - - [27/Sep/2021:12:43:32 -0300] "GET /manager/html HTTP/1.1" 401 2474
190.171.154.42 - - [27/Sep/2021:12:43:32 -0300] "GET /cormun/servlet/trlicencias? HTTP/1.1" 200 12524
210.108.70.119 - - [27/Sep/2021:12:43:33 -0300] "GET /manager/html HTTP/1.1" 401 2474
210.108.70.119 - - [27/Sep/2021:12:43:33 -0300] "GET /manager/html HTTP/1.1" 401 2474
210.108.70.119 - - [27/Sep/2021:12:43:33 -0300] "GET /manager/html HTTP/1.1" 401 2474
210.108.70.119 - - [27/Sep/2021:12:43:34 -0300] "GET /manager/html HTTP/1.1" 401 2474
210.108.70.119 - - [27/Sep/2021:12:43:34 -0300] "GET /manager/html HTTP/1.1" 401 2474
210.108.70.119 - - [27/Sep/2021:12:43:35 -0300] "GET /manager/html HTTP/1.1" 401 2474
190.171.154.42 - - [27/Sep/2021:12:43:35 -0300] "GET /cormun/servlet/trlicencias? HTTP/1.1" 200 12523
210.108.70.119 - - [27/Sep/2021:12:43:35 -0300] "GET /manager/html HTTP/1.1" 401 2474
210.108.70.119 - - [27/Sep/2021:12:43:35 -0300] "GET /manager/html HTTP/1.1" 401 2474
210.108.70.119 - - [27/Sep/2021:12:43:36 -0300] "GET /manager/html HTTP/1.1" 401 2474
210.108.70.119 - - [27/Sep/2021:12:43:36 -0300] "GET /manager/html HTTP/1.1" 401 2474
210.108.70.119 - - [27/Sep/2021:12:43:36 -0300] "GET /manager/html HTTP/1.1" 401 2474
210.108.70.119 - - [27/Sep/2021:12:43:37 -0300] "GET /manager/html HTTP/1.1" 401 2474
210.108.70.119 - - [27/Sep/2021:12:43:37 -0300] "GET /manager/html HTTP/1.1" 401 2474
210.108.70.119 - - [27/Sep/2021:12:43:38 -0300] "GET /manager/html HTTP/1.1" 401 2474
190.171.154.42 - - [27/Sep/2021:12:43:38 -0300] "POST /cormun/servlet/trlicencias?2331adfa46e51c6e38750edc055c6db8,,gx-no-cache=1632756722871 HTTP/1.1" 200 10068
210.108.70.119 - - [27/Sep/2021:12:43:38 -0300] "GET /manager/html HTTP/1.1" 401 2474
210.108.70.119 - - [27/Sep/2021:12:43:38 -0300] "GET /manager/html HTTP/1.1" 401 2474
210.108.70.119 - - [27/Sep/2021:12:43:39 -0300] "GET /manager/html HTTP/1.1" 401 2474
190.171.149.82 - - [27/Sep/2021:12:43:39 -0300] "GET /cormun/servlet/permisogoce?INS,0,,, HTTP/1.1" 200 6978
210.108.70.119 - - [27/Sep/2021:12:43:39 -0300] "GET /manager/html HTTP/1.1" 401 2474
190.171.149.82 - - [27/Sep/2021:12:43:39 -0300] "GET /cormun/servlet/permisogoce?INS,0,,, HTTP/1.1" 200 6978
210.108.70.119 - - [27/Sep/2021:12:43:39 -0300] "GET /manager/html HTTP/1.1" 401 2474
210.108.70.119 - - [27/Sep/2021:12:43:40 -0300] "GET /manager/html HTTP/1.1" 401 2474
210.108.70.119 - - [27/Sep/2021:12:43:40 -0300] "GET /manager/html HTTP/1.1" 401 2474
210.108.70.119 - - [27/Sep/2021:12:43:40 -0300] "GET /manager/html HTTP/1.1" 401 2474
210.108.70.119 - - [27/Sep/2021:12:43:41 -0300] "GET /manager/html HTTP/1.1" 401 2474
210.108.70.119 - - [27/Sep/2021:12:43:41 -0300] "GET /manager/html HTTP/1.1" 401 2474
210.108.70.119 - - [27/Sep/2021:12:43:41 -0300] "GET /manager/html HTTP/1.1" 401 2474
210.108.70.119 - - [27/Sep/2021:12:43:42 -0300] "GET /manager/html HTTP/1.1" 401 2474
210.108.70.119 - - [27/Sep/2021:12:43:42 -0300] "GET /manager/html HTTP/1.1" 401 2474
210.108.70.119 - - [27/Sep/2021:12:43:43 -0300] "GET /manager/html HTTP/1.1" 401 2474
210.108.70.119 - - [27/Sep/2021:12:43:43 -0300] "GET /manager/html HTTP/1.1" 401 2474
210.108.70.119 - - [27/Sep/2021:12:43:43 -0300] "GET /manager/html HTTP/1.1" 401 2474
210.108.70.119 - - [27/Sep/2021:12:43:44 -0300] "GET /manager/html HTTP/1.1" 401 2474
210.108.70.119 - - [27/Sep/2021:12:43:44 -0300] "GET /manager/html HTTP/1.1" 401 2474
210.108.70.119 - - [27/Sep/2021:12:43:44 -0300] "GET /manager/html HTTP/1.1" 401 2474
210.108.70.119 - - [27/Sep/2021:12:43:45 -0300] "GET /manager/html HTTP/1.1" 401 2474
210.108.70.119 - - [27/Sep/2021:12:43:45 -0300] "GET /manager/html HTTP/1.1" 401 2474
210.108.70.119 - - [27/Sep/2021:12:43:45 -0300] "GET /manager/html HTTP/1.1" 401 2474
210.108.70.119 - - [27/Sep/2021:12:43:46 -0300] "GET /manager/html HTTP/1.1" 401 2474
210.108.70.119 - - [27/Sep/2021:12:43:46 -0300] "GET /manager/html HTTP/1.1" 401 2474
210.108.70.119 - - [27/Sep/2021:12:43:46 -0300] "GET /manager/html HTTP/1.1" 401 2474
210.108.70.119 - - [27/Sep/2021:12:43:47 -0300] "GET /manager/html HTTP/1.1" 401 2474
210.108.70.119 - - [27/Sep/2021:12:43:47 -0300] "GET /manager/html HTTP/1.1" 401 2474
210.108.70.119 - - [27/Sep/2021:12:43:47 -0300] "GET /manager/html HTTP/1.1" 401 2474
210.108.70.119 - - [27/Sep/2021:12:43:48 -0300] "GET /manager/html HTTP/1.1" 401 2474
210.108.70.119 - - [27/Sep/2021:12:43:48 -0300] "GET /manager/html HTTP/1.1" 401 2474
210.108.70.119 - - [27/Sep/2021:12:43:48 -0300] "GET /manager/html HTTP/1.1" 401 2474
210.108.70.119 - - [27/Sep/2021:12:43:49 -0300] "GET /manager/html HTTP/1.1" 401 2474
210.108.70.119 - - [27/Sep/2021:12:43:49 -0300] "GET /manager/html HTTP/1.1" 401 2474
210.108.70.119 - - [27/Sep/2021:12:43:49 -0300] "GET /manager/html HTTP/1.1" 401 2474
210.108.70.119 - - [27/Sep/2021:12:43:50 -0300] "GET /manager/html HTTP/1.1" 401 2474
210.108.70.119 - - [27/Sep/2021:12:43:50 -0300] "GET /manager/html HTTP/1.1" 401 2474
210.108.70.119 - - [27/Sep/2021:12:43:50 -0300] "GET /manager/html HTTP/1.1" 401 2474
210.108.70.119 - - [27/Sep/2021:12:43:51 -0300] "GET /manager/html HTTP/1.1" 401 2474
210.108.70.119 - - [27/Sep/2021:12:43:51 -0300] "GET /manager/html HTTP/1.1" 401 2474
210.108.70.119 - - [27/Sep/2021:12:43:51 -0300] "GET /manager/html HTTP/1.1" 401 2474
210.108.70.119 - - [27/Sep/2021:12:43:52 -0300] "GET /manager/html HTTP/1.1" 401 2474
210.108.70.119 - - [27/Sep/2021:12:43:52 -0300] "GET /manager/html HTTP/1.1" 401 2474
210.108.70.119 - - [27/Sep/2021:12:43:52 -0300] "GET /manager/html HTTP/1.1" 401 2474
210.108.70.119 - - [27/Sep/2021:12:43:53 -0300] "GET /manager/html HTTP/1.1" 401 2474
210.108.70.119 - - [27/Sep/2021:12:43:53 -0300] "GET /manager/html HTTP/1.1" 401 2474
210.108.70.119 - - [27/Sep/2021:12:43:54 -0300] "GET /manager/html HTTP/1.1" 401 2474
190.171.149.82 - - [27/Sep/2021:12:43:54 -0300] "GET /cormun/servlet/permisogoce?7b154404fc1f6308613abc81d45e8b6daa745a3d80a4948bddde05ecab347d2050fe074b6653265815e922ca093ffbe7a47498122c77d07066aaa9e96131bcf4,gx-no-cache=1632756741541 HTTP/1.1" 200 226
190.171.149.82 - - [27/Sep/2021:12:43:54 -0300] "GET /cormun/static/Shared/jqueryui/images/ui-bg_highlight-soft_100_c6c2c8_1x100.png HTTP/1.1" 404 1117
190.171.149.82 - - [27/Sep/2021:12:43:54 -0300] "GET /cormun/static/Shared/jqueryui/images/ui-icons_82798d_256x240.png HTTP/1.1" 404 1089
190.171.149.82 - - [27/Sep/2021:12:43:54 -0300] "GET /cormun/static/Shared/jqueryui/images/ui-bg_flat_55_994d53_40x100.png HTTP/1.1" 404 1097
190.171.149.82 - - [27/Sep/2021:12:43:54 -0300] "GET /cormun/static/Shared/jqueryui/images/ui-icons_ebccce_256x240.png HTTP/1.1" 404 1089
210.108.70.119 - - [27/Sep/2021:12:43:54 -0300] "GET /manager/html HTTP/1.1" 401 2474
210.108.70.119 - - [27/Sep/2021:12:43:54 -0300] "GET /manager/html HTTP/1.1" 401 2474
210.108.70.119 - - [27/Sep/2021:12:43:55 -0300] "GET /manager/html HTTP/1.1" 401 2474
210.108.70.119 - - [27/Sep/2021:12:43:55 -0300] "GET /manager/html HTTP/1.1" 401 2474
210.108.70.119 - - [27/Sep/2021:12:43:56 -0300] "GET /manager/html HTTP/1.1" 401 2474
210.108.70.119 - - [27/Sep/2021:12:43:57 -0300] "GET /manager/html HTTP/1.1" 401 2474
210.108.70.119 - - [27/Sep/2021:12:43:57 -0300] "GET /manager/html HTTP/1.1" 401 2474
210.108.70.119 - - [27/Sep/2021:12:43:57 -0300] "GET /manager/html HTTP/1.1" 401 2474
210.108.70.119 - - [27/Sep/2021:12:43:58 -0300] "GET /manager/html HTTP/1.1" 401 2474
210.108.70.119 - - [27/Sep/2021:12:43:58 -0300] "GET /manager/html HTTP/1.1" 401 2474
190.171.149.82 - - [27/Sep/2021:12:43:58 -0300] "GET /cormun/servlet/prfichaempleado?,MD,,gxPopupLevel%3D0%3B HTTP/1.1" 200 9120
210.108.70.119 - - [27/Sep/2021:12:43:59 -0300] "GET /manager/html HTTP/1.1" 401 2474
210.108.70.119 - - [27/Sep/2021:12:43:59 -0300] "GET /manager/html HTTP/1.1" 401 2474
210.108.70.119 - - [27/Sep/2021:12:43:59 -0300] "GET /manager/html HTTP/1.1" 401 2474
210.108.70.119 - - [27/Sep/2021:12:44:00 -0300] "GET /manager/html HTTP/1.1" 401 2474
210.108.70.119 - - [27/Sep/2021:12:44:00 -0300] "GET /manager/html HTTP/1.1" 401 2474
210.108.70.119 - - [27/Sep/2021:12:44:00 -0300] "GET /manager/html HTTP/1.1" 401 2474
210.108.70.119 - - [27/Sep/2021:12:44:01 -0300] "GET /manager/html HTTP/1.1" 401 2474
210.108.70.119 - - [27/Sep/2021:12:44:01 -0300] "GET /manager/html HTTP/1.1" 401 2474
210.108.70.119 - - [27/Sep/2021:12:44:01 -0300] "GET /manager/html HTTP/1.1" 401 2474
210.108.70.119 - - [27/Sep/2021:12:44:02 -0300] "GET /manager/html HTTP/1.1" 401 2474
210.108.70.119 - - [27/Sep/2021:12:44:02 -0300] "GET /manager/html HTTP/1.1" 401 2474
210.108.70.119 - - [27/Sep/2021:12:44:02 -0300] "GET /manager/html HTTP/1.1" 401 2474
210.108.70.119 - - [27/Sep/2021:12:44:03 -0300] "GET /manager/html HTTP/1.1" 401 2474
210.108.70.119 - - [27/Sep/2021:12:44:03 -0300] "GET /manager/html HTTP/1.1" 401 2474
210.108.70.119 - - [27/Sep/2021:12:44:03 -0300] "GET /manager/html HTTP/1.1" 401 2474
210.108.70.119 - - [27/Sep/2021:12:44:04 -0300] "GET /manager/html HTTP/1.1" 401 2474
210.108.70.119 - - [27/Sep/2021:12:44:04 -0300] "GET /manager/html HTTP/1.1" 401 2474
210.108.70.119 - - [27/Sep/2021:12:44:04 -0300] "GET /manager/html HTTP/1.1" 401 2474
210.108.70.119 - - [27/Sep/2021:12:44:05 -0300] "GET /manager/html HTTP/1.1" 401 2474
210.108.70.119 - - [27/Sep/2021:12:44:05 -0300] "GET /manager/html HTTP/1.1" 401 2474
210.108.70.119 - - [27/Sep/2021:12:44:05 -0300] "GET /manager/html HTTP/1.1" 401 2474
210.108.70.119 - - [27/Sep/2021:12:44:06 -0300] "GET /manager/html HTTP/1.1" 401 2474
210.108.70.119 - - [27/Sep/2021:12:44:06 -0300] "GET /manager/html HTTP/1.1" 401 2474
210.108.70.119 - - [27/Sep/2021:12:44:06 -0300] "GET /manager/html HTTP/1.1" 401 2474
210.108.70.119 - - [27/Sep/2021:12:44:07 -0300] "GET /manager/html HTTP/1.1" 401 2474
210.108.70.119 - - [27/Sep/2021:12:44:07 -0300] "GET /manager/html HTTP/1.1" 401 2474
210.108.70.119 - - [27/Sep/2021:12:44:07 -0300] "GET /manager/html HTTP/1.1" 401 2474
210.108.70.119 - - [27/Sep/2021:12:44:08 -0300] "GET /manager/html HTTP/1.1" 401 2474
210.108.70.119 - - [27/Sep/2021:12:44:08 -0300] "GET /manager/html HTTP/1.1" 401 2474
210.108.70.119 - - [27/Sep/2021:12:44:08 -0300] "GET /manager/html HTTP/1.1" 401 2474
210.108.70.119 - - [27/Sep/2021:12:44:09 -0300] "GET /manager/html HTTP/1.1" 401 2474
210.108.70.119 - - [27/Sep/2021:12:44:09 -0300] "GET /manager/html HTTP/1.1" 401 2474
210.108.70.119 - - [27/Sep/2021:12:44:09 -0300] "GET /manager/html HTTP/1.1" 401 2474
210.108.70.119 - - [27/Sep/2021:12:44:10 -0300] "GET /manager/html HTTP/1.1" 401 2474
210.108.70.119 - - [27/Sep/2021:12:44:10 -0300] "GET /manager/html HTTP/1.1" 401 2474
210.108.70.119 - - [27/Sep/2021:12:44:10 -0300] "GET /manager/html HTTP/1.1" 401 2474
210.108.70.119 - - [27/Sep/2021:12:44:11 -0300] "GET /manager/html HTTP/1.1" 401 2474
210.108.70.119 - - [27/Sep/2021:12:44:11 -0300] "GET /manager/html HTTP/1.1" 401 2474
210.108.70.119 - - [27/Sep/2021:12:44:11 -0300] "GET /manager/html HTTP/1.1" 401 2474
210.108.70.119 - - [27/Sep/2021:12:44:12 -0300] "GET /manager/html HTTP/1.1" 401 2474
210.108.70.119 - - [27/Sep/2021:12:44:12 -0300] "GET /manager/html HTTP/1.1" 401 2474
210.108.70.119 - - [27/Sep/2021:12:44:12 -0300] "GET /manager/html HTTP/1.1" 401 2474
210.108.70.119 - - [27/Sep/2021:12:44:13 -0300] "GET /manager/html HTTP/1.1" 401 2474
210.108.70.119 - - [27/Sep/2021:12:44:13 -0300] "GET /manager/html HTTP/1.1" 401 2474
190.171.149.82 - - [27/Sep/2021:12:44:13 -0300] "POST /cormun/servlet/prfichaempleado?110e6cf2a541ace339be23fe357793c0,,MD,,gxPopupLevel%3D0%3B,gx-no-cache=1632756761084 HTTP/1.1" 200 3399
210.108.70.119 - - [27/Sep/2021:12:44:13 -0300] "GET /manager/html HTTP/1.1" 401 2474
210.108.70.119 - - [27/Sep/2021:12:44:14 -0300] "GET /manager/html HTTP/1.1" 401 2474
210.108.70.119 - - [27/Sep/2021:12:44:14 -0300] "GET /manager/html HTTP/1.1" 401 2474
210.108.70.119 - - [27/Sep/2021:12:44:14 -0300] "GET /manager/html HTTP/1.1" 401 2474
210.108.70.119 - - [27/Sep/2021:12:44:15 -0300] "GET /manager/html HTTP/1.1" 401 2474
210.108.70.119 - - [27/Sep/2021:12:44:15 -0300] "GET /manager/html HTTP/1.1" 401 2474
210.108.70.119 - - [27/Sep/2021:12:44:15 -0300] "GET /manager/html HTTP/1.1" 401 2474
210.108.70.119 - - [27/Sep/2021:12:44:16 -0300] "GET /manager/html HTTP/1.1" 401 2474
210.108.70.119 - - [27/Sep/2021:12:44:16 -0300] "GET /manager/html HTTP/1.1" 401 2474
210.108.70.119 - - [27/Sep/2021:12:44:16 -0300] "GET /manager/html HTTP/1.1" 401 2474
210.108.70.119 - - [27/Sep/2021:12:44:17 -0300] "GET /manager/html HTTP/1.1" 401 2474
210.108.70.119 - - [27/Sep/2021:12:44:17 -0300] "GET /manager/html HTTP/1.1" 401 2474
210.108.70.119 - - [27/Sep/2021:12:44:17 -0300] "GET /manager/html HTTP/1.1" 401 2474
210.108.70.119 - - [27/Sep/2021:12:44:18 -0300] "GET /manager/html HTTP/1.1" 401 2474
210.108.70.119 - - [27/Sep/2021:12:44:18 -0300] "GET /manager/html HTTP/1.1" 401 2474
210.108.70.119 - - [27/Sep/2021:12:44:18 -0300] "GET /manager/html HTTP/1.1" 401 2474
190.171.149.82 - - [27/Sep/2021:12:44:19 -0300] "GET /cormun/servlet/permisogoce?7b154404fc1f6308613abc81d45e8b6daa745a3d80a4948bddde05ecab347d20c01f1378dd15779fd2e2406044f3d7a5a1e77469198caa5b42d3ba3b07be508c,gx-no-cache=1632756766483 HTTP/1.1" 200 76
210.108.70.119 - - [27/Sep/2021:12:44:19 -0300] "GET /manager/html HTTP/1.1" 401 2474
210.108.70.119 - - [27/Sep/2021:12:44:19 -0300] "GET /manager/html HTTP/1.1" 401 2474
210.108.70.119 - - [27/Sep/2021:12:44:20 -0300] "GET /manager/html HTTP/1.1" 401 2474
210.108.70.119 - - [27/Sep/2021:12:44:20 -0300] "GET /manager/html HTTP/1.1" 401 2474
210.108.70.119 - - [27/Sep/2021:12:44:20 -0300] "GET /manager/html HTTP/1.1" 401 2474
210.108.70.119 - - [27/Sep/2021:12:44:21 -0300] "GET /manager/html HTTP/1.1" 401 2474
210.108.70.119 - - [27/Sep/2021:12:44:21 -0300] "GET /manager/html HTTP/1.1" 401 2474
210.108.70.119 - - [27/Sep/2021:12:44:21 -0300] "GET /manager/html HTTP/1.1" 401 2474
190.171.149.82 - - [27/Sep/2021:12:44:21 -0300] "GET /cormun/static/menuarrow.gif HTTP/1.1" 404 1015
210.108.70.119 - - [27/Sep/2021:12:44:22 -0300] "GET /manager/html HTTP/1.1" 401 2474
210.108.70.119 - - [27/Sep/2021:12:44:22 -0300] "GET /manager/html HTTP/1.1" 401 2474
210.108.70.119 - - [27/Sep/2021:12:44:22 -0300] "GET /manager/html HTTP/1.1" 401 2474
210.108.70.119 - - [27/Sep/2021:12:44:23 -0300] "GET /manager/html HTTP/1.1" 401 2474
210.108.70.119 - - [27/Sep/2021:12:44:23 -0300] "GET /manager/html HTTP/1.1" 401 2474
210.108.70.119 - - [27/Sep/2021:12:44:23 -0300] "GET /manager/html HTTP/1.1" 401 2474
210.108.70.119 - - [27/Sep/2021:12:44:24 -0300] "GET /manager/html HTTP/1.1" 401 2474
210.108.70.119 - - [27/Sep/2021:12:44:24 -0300] "GET /manager/html HTTP/1.1" 401 2474
210.108.70.119 - - [27/Sep/2021:12:44:24 -0300] "GET /manager/html HTTP/1.1" 401 2474
210.108.70.119 - - [27/Sep/2021:12:44:25 -0300] "GET /manager/html HTTP/1.1" 401 2474
210.108.70.119 - - [27/Sep/2021:12:44:25 -0300] "GET /manager/html HTTP/1.1" 401 2474
210.108.70.119 - - [27/Sep/2021:12:44:25 -0300] "GET /manager/html HTTP/1.1" 401 2474
210.108.70.119 - - [27/Sep/2021:12:44:26 -0300] "GET /manager/html HTTP/1.1" 401 2474
210.108.70.119 - - [27/Sep/2021:12:44:26 -0300] "GET /manager/html HTTP/1.1" 401 2474
210.108.70.119 - - [27/Sep/2021:12:44:26 -0300] "GET /manager/html HTTP/1.1" 401 2474
210.108.70.119 - - [27/Sep/2021:12:44:27 -0300] "GET /manager/html HTTP/1.1" 401 2474
210.108.70.119 - - [27/Sep/2021:12:44:27 -0300] "GET /manager/html HTTP/1.1" 401 2474
210.108.70.119 - - [27/Sep/2021:12:44:27 -0300] "GET /manager/html HTTP/1.1" 401 2474
210.108.70.119 - - [27/Sep/2021:12:44:28 -0300] "GET /manager/html HTTP/1.1" 401 2474
190.171.149.82 - - [27/Sep/2021:12:44:28 -0300] "GET /cormun/servlet/permisogoce?7b154404fc1f6308613abc81d45e8b6d1e50ee91fb51cd5ee5807ff819842ec09567c6b55804316d8c7e4b72ae28c4f744d14d25eafadbc8fb73819707ae6745,gx-no-cache=1632756775778 HTTP/1.1" 200 129
210.108.70.119 - - [27/Sep/2021:12:44:28 -0300] "GET /manager/html HTTP/1.1" 401 2474
210.108.70.119 - - [27/Sep/2021:12:44:28 -0300] "GET /manager/html HTTP/1.1" 401 2474
210.108.70.119 - - [27/Sep/2021:12:44:29 -0300] "GET /manager/html HTTP/1.1" 401 2474
210.108.70.119 - - [27/Sep/2021:12:44:29 -0300] "GET /manager/html HTTP/1.1" 401 2474
210.108.70.119 - - [27/Sep/2021:12:44:29 -0300] "GET /manager/html HTTP/1.1" 401 2474
210.108.70.119 - - [27/Sep/2021:12:44:30 -0300] "GET /manager/html HTTP/1.1" 401 2474
210.108.70.119 - - [27/Sep/2021:12:44:30 -0300] "GET /manager/html HTTP/1.1" 401 2474
210.108.70.119 - - [27/Sep/2021:12:44:30 -0300] "GET /manager/html HTTP/1.1" 401 2474
210.108.70.119 - - [27/Sep/2021:12:44:31 -0300] "GET /manager/html HTTP/1.1" 401 2474
210.108.70.119 - - [27/Sep/2021:12:44:31 -0300] "GET /manager/html HTTP/1.1" 401 2474
210.108.70.119 - - [27/Sep/2021:12:44:31 -0300] "GET /manager/html HTTP/1.1" 401 2474
210.108.70.119 - - [27/Sep/2021:12:44:32 -0300] "GET /manager/html HTTP/1.1" 401 2474
210.108.70.119 - - [27/Sep/2021:12:44:32 -0300] "GET /manager/html HTTP/1.1" 401 2474
210.108.70.119 - - [27/Sep/2021:12:44:33 -0300] "GET /manager/html HTTP/1.1" 401 2474
210.108.70.119 - - [27/Sep/2021:12:44:33 -0300] "GET /manager/html HTTP/1.1" 401 2474
210.108.70.119 - - [27/Sep/2021:12:44:33 -0300] "GET /manager/html HTTP/1.1" 401 2474
210.108.70.119 - - [27/Sep/2021:12:44:34 -0300] "GET /manager/html HTTP/1.1" 401 2474
210.108.70.119 - - [27/Sep/2021:12:44:34 -0300] "GET /manager/html HTTP/1.1" 401 2474
210.108.70.119 - - [27/Sep/2021:12:44:34 -0300] "GET /manager/html HTTP/1.1" 401 2474
190.171.149.82 - - [27/Sep/2021:12:44:34 -0300] "GET /cormun/servlet/permisogoce?7b154404fc1f6308613abc81d45e8b6d1e50ee91fb51cd5ee5807ff819842ec048085f9d0d25d3d7eb962749b669ef6f44d14d25eafadbc8fb73819707ae6745,gx-no-cache=1632756782441 HTTP/1.1" 200 44
210.108.70.119 - - [27/Sep/2021:12:44:35 -0300] "GET /manager/html HTTP/1.1" 401 2474
210.108.70.119 - - [27/Sep/2021:12:44:35 -0300] "GET /manager/html HTTP/1.1" 401 2474
210.108.70.119 - - [27/Sep/2021:12:44:35 -0300] "GET /manager/html HTTP/1.1" 401 2474
210.108.70.119 - - [27/Sep/2021:12:44:36 -0300] "GET /manager/html HTTP/1.1" 401 2474
210.108.70.119 - - [27/Sep/2021:12:44:36 -0300] "GET /manager/html HTTP/1.1" 401 2474
210.108.70.119 - - [27/Sep/2021:12:44:36 -0300] "GET /manager/html HTTP/1.1" 401 2474
210.108.70.119 - - [27/Sep/2021:12:44:37 -0300] "GET /manager/html HTTP/1.1" 401 2474
210.108.70.119 - - [27/Sep/2021:12:44:37 -0300] "GET /manager/html HTTP/1.1" 401 2474
210.108.70.119 - - [27/Sep/2021:12:44:37 -0300] "GET /manager/html HTTP/1.1" 401 2474
210.108.70.119 - - [27/Sep/2021:12:44:38 -0300] "GET /manager/html HTTP/1.1" 401 2474
210.108.70.119 - - [27/Sep/2021:12:44:38 -0300] "GET /manager/html HTTP/1.1" 401 2474
210.108.70.119 - - [27/Sep/2021:12:44:38 -0300] "GET /manager/html HTTP/1.1" 401 2474
210.108.70.119 - - [27/Sep/2021:12:44:39 -0300] "GET /manager/html HTTP/1.1" 401 2474
210.108.70.119 - - [27/Sep/2021:12:44:39 -0300] "GET /manager/html HTTP/1.1" 401 2474
210.108.70.119 - - [27/Sep/2021:12:44:39 -0300] "GET /manager/html HTTP/1.1" 401 2474
210.108.70.119 - - [27/Sep/2021:12:44:40 -0300] "GET /manager/html HTTP/1.1" 401 2474
210.108.70.119 - - [27/Sep/2021:12:44:40 -0300] "GET /manager/html HTTP/1.1" 401 2474
210.108.70.119 - - [27/Sep/2021:12:44:41 -0300] "GET /manager/html HTTP/1.1" 401 2474
210.108.70.119 - - [27/Sep/2021:12:44:41 -0300] "GET /manager/html HTTP/1.1" 401 2474
210.108.70.119 - - [27/Sep/2021:12:44:41 -0300] "GET /manager/html HTTP/1.1" 401 2474
210.108.70.119 - - [27/Sep/2021:12:44:42 -0300] "GET /manager/html HTTP/1.1" 401 2474
210.108.70.119 - - [27/Sep/2021:12:44:42 -0300] "GET /manager/html HTTP/1.1" 401 2474
210.108.70.119 - - [27/Sep/2021:12:44:42 -0300] "GET /manager/html HTTP/1.1" 401 2474
210.108.70.119 - - [27/Sep/2021:12:44:43 -0300] "GET /manager/html HTTP/1.1" 401 2474
210.108.70.119 - - [27/Sep/2021:12:44:43 -0300] "GET /manager/html HTTP/1.1" 401 2474
210.108.70.119 - - [27/Sep/2021:12:44:43 -0300] "GET /manager/html HTTP/1.1" 401 2474
210.108.70.119 - - [27/Sep/2021:12:44:44 -0300] "GET /manager/html HTTP/1.1" 401 2474
210.108.70.119 - - [27/Sep/2021:12:44:44 -0300] "GET /manager/html HTTP/1.1" 401 2474
210.108.70.119 - - [27/Sep/2021:12:44:44 -0300] "GET /manager/html HTTP/1.1" 401 2474
210.108.70.119 - - [27/Sep/2021:12:44:45 -0300] "GET /manager/html HTTP/1.1" 401 2474
210.108.70.119 - - [27/Sep/2021:12:44:45 -0300] "GET /manager/html HTTP/1.1" 401 2474
210.108.70.119 - - [27/Sep/2021:12:44:45 -0300] "GET /manager/html HTTP/1.1" 401 2474
210.108.70.119 - - [27/Sep/2021:12:44:46 -0300] "GET /manager/html HTTP/1.1" 401 2474
210.108.70.119 - - [27/Sep/2021:12:44:46 -0300] "GET /manager/html HTTP/1.1" 401 2474
210.108.70.119 - - [27/Sep/2021:12:44:46 -0300] "GET /manager/html HTTP/1.1" 401 2474
210.108.70.119 - - [27/Sep/2021:12:44:47 -0300] "GET /manager/html HTTP/1.1" 401 2474
210.108.70.119 - - [27/Sep/2021:12:44:47 -0300] "GET /manager/html HTTP/1.1" 401 2474
210.108.70.119 - - [27/Sep/2021:12:44:47 -0300] "GET /manager/html HTTP/1.1" 401 2474
210.108.70.119 - - [27/Sep/2021:12:44:48 -0300] "GET /manager/html HTTP/1.1" 401 2474
210.108.70.119 - - [27/Sep/2021:12:44:48 -0300] "GET /manager/html HTTP/1.1" 401 2474
210.108.70.119 - - [27/Sep/2021:12:44:48 -0300] "GET /manager/html HTTP/1.1" 401 2474
210.108.70.119 - - [27/Sep/2021:12:44:49 -0300] "GET /manager/html HTTP/1.1" 401 2474
210.108.70.119 - - [27/Sep/2021:12:44:49 -0300] "GET /manager/html HTTP/1.1" 401 2474
210.108.70.119 - - [27/Sep/2021:12:44:49 -0300] "GET /manager/html HTTP/1.1" 401 2474
210.108.70.119 - - [27/Sep/2021:12:44:50 -0300] "GET /manager/html HTTP/1.1" 401 2474
210.108.70.119 - - [27/Sep/2021:12:44:50 -0300] "GET /manager/html HTTP/1.1" 401 2474
210.108.70.119 - - [27/Sep/2021:12:44:50 -0300] "GET /manager/html HTTP/1.1" 401 2474
210.108.70.119 - - [27/Sep/2021:12:44:51 -0300] "GET /manager/html HTTP/1.1" 401 2474
210.108.70.119 - - [27/Sep/2021:12:44:51 -0300] "GET /manager/html HTTP/1.1" 401 2474
210.108.70.119 - - [27/Sep/2021:12:44:51 -0300] "GET /manager/html HTTP/1.1" 401 2474
210.108.70.119 - - [27/Sep/2021:12:44:52 -0300] "GET /manager/html HTTP/1.1" 401 2474
210.108.70.119 - - [27/Sep/2021:12:44:52 -0300] "GET /manager/html HTTP/1.1" 401 2474
210.108.70.119 - - [27/Sep/2021:12:44:52 -0300] "GET /manager/html HTTP/1.1" 401 2474
210.108.70.119 - - [27/Sep/2021:12:44:53 -0300] "GET /manager/html HTTP/1.1" 401 2474
210.108.70.119 - - [27/Sep/2021:12:44:53 -0300] "GET /manager/html HTTP/1.1" 401 2474
210.108.70.119 - - [27/Sep/2021:12:44:54 -0300] "GET /manager/html HTTP/1.1" 401 2474
210.108.70.119 - - [27/Sep/2021:12:44:54 -0300] "GET /manager/html HTTP/1.1" 401 2474
210.108.70.119 - - [27/Sep/2021:12:44:54 -0300] "GET /manager/html HTTP/1.1" 401 2474
210.108.70.119 - - [27/Sep/2021:12:44:55 -0300] "GET /manager/html HTTP/1.1" 401 2474
210.108.70.119 - - [27/Sep/2021:12:44:55 -0300] "GET /manager/html HTTP/1.1" 401 2474
210.108.70.119 - - [27/Sep/2021:12:44:55 -0300] "GET /manager/html HTTP/1.1" 401 2474
210.108.70.119 - - [27/Sep/2021:12:44:56 -0300] "GET /manager/html HTTP/1.1" 401 2474
210.108.70.119 - - [27/Sep/2021:12:44:56 -0300] "GET /manager/html HTTP/1.1" 401 2474
190.171.149.82 - - [27/Sep/2021:12:44:56 -0300] "POST /cormun/servlet/permisogoce?110e6cf2a541ace339be23fe357793c0,INS,0,,,,gx-no-cache=1632756803532 HTTP/1.1" 200 93
190.171.149.82 - - [27/Sep/2021:12:44:56 -0300] "GET /cormun/servlet/hpexe_return? HTTP/1.1" 200 1006
210.108.70.119 - - [27/Sep/2021:12:44:56 -0300] "GET /manager/html HTTP/1.1" 401 2474
190.171.149.82 - - [27/Sep/2021:12:44:56 -0300] "GET /cormun/servlet/trpermisosgoce HTTP/1.1" 200 7933
210.108.70.119 - - [27/Sep/2021:12:44:57 -0300] "GET /manager/html HTTP/1.1" 401 2474
190.171.149.82 - - [27/Sep/2021:12:44:57 -0300] "GET /cormun/servlet/trpermisosgoce HTTP/1.1" 200 7929
210.108.70.119 - - [27/Sep/2021:12:44:57 -0300] "GET /manager/html HTTP/1.1" 401 2474
210.108.70.119 - - [27/Sep/2021:12:44:57 -0300] "GET /manager/html HTTP/1.1" 401 2474
210.108.70.119 - - [27/Sep/2021:12:44:58 -0300] "GET /manager/html HTTP/1.1" 401 2474
210.108.70.119 - - [27/Sep/2021:12:44:58 -0300] "GET /manager/html HTTP/1.1" 401 2474
210.108.70.119 - - [27/Sep/2021:12:44:58 -0300] "GET /manager/html HTTP/1.1" 401 2474
210.108.70.119 - - [27/Sep/2021:12:44:59 -0300] "GET /manager/html HTTP/1.1" 401 2474
210.108.70.119 - - [27/Sep/2021:12:44:59 -0300] "GET /manager/html HTTP/1.1" 401 2474
210.108.70.119 - - [27/Sep/2021:12:44:59 -0300] "GET /manager/html HTTP/1.1" 401 2474
210.108.70.119 - - [27/Sep/2021:12:45:00 -0300] "GET /manager/html HTTP/1.1" 401 2474
210.108.70.119 - - [27/Sep/2021:12:45:00 -0300] "GET /manager/html HTTP/1.1" 401 2474
210.108.70.119 - - [27/Sep/2021:12:45:00 -0300] "GET /manager/html HTTP/1.1" 401 2474
210.108.70.119 - - [27/Sep/2021:12:45:01 -0300] "GET /manager/html HTTP/1.1" 401 2474
210.108.70.119 - - [27/Sep/2021:12:45:01 -0300] "GET /manager/html HTTP/1.1" 401 2474
210.108.70.119 - - [27/Sep/2021:12:45:01 -0300] "GET /manager/html HTTP/1.1" 401 2474
210.108.70.119 - - [27/Sep/2021:12:45:02 -0300] "GET /manager/html HTTP/1.1" 401 2474
210.108.70.119 - - [27/Sep/2021:12:45:02 -0300] "GET /manager/html HTTP/1.1" 401 2474
210.108.70.119 - - [27/Sep/2021:12:45:02 -0300] "GET /manager/html HTTP/1.1" 401 2474
210.108.70.119 - - [27/Sep/2021:12:45:03 -0300] "GET /manager/html HTTP/1.1" 401 2474
210.108.70.119 - - [27/Sep/2021:12:45:03 -0300] "GET /manager/html HTTP/1.1" 401 2474
210.108.70.119 - - [27/Sep/2021:12:45:04 -0300] "GET /manager/html HTTP/1.1" 401 2474
210.108.70.119 - - [27/Sep/2021:12:45:04 -0300] "GET /manager/html HTTP/1.1" 401 2474
210.108.70.119 - - [27/Sep/2021:12:45:04 -0300] "GET /manager/html HTTP/1.1" 401 2474
210.108.70.119 - - [27/Sep/2021:12:45:05 -0300] "GET /manager/html HTTP/1.1" 401 2474
210.108.70.119 - - [27/Sep/2021:12:45:05 -0300] "GET /manager/html HTTP/1.1" 401 2474
210.108.70.119 - - [27/Sep/2021:12:45:05 -0300] "GET /manager/html HTTP/1.1" 401 2474
210.108.70.119 - - [27/Sep/2021:12:45:06 -0300] "GET /manager/html HTTP/1.1" 401 2474
210.108.70.119 - - [27/Sep/2021:12:45:06 -0300] "GET /manager/html HTTP/1.1" 401 2474
210.108.70.119 - - [27/Sep/2021:12:45:06 -0300] "GET /manager/html HTTP/1.1" 401 2474
210.108.70.119 - - [27/Sep/2021:12:45:07 -0300] "GET /manager/html HTTP/1.1" 401 2474
190.171.149.82 - - [27/Sep/2021:12:45:07 -0300] "GET /cormun/servlet/trpermisosadjuntos?10568448,20210927122946,P, HTTP/1.1" 200 6436
210.108.70.119 - - [27/Sep/2021:12:45:07 -0300] "GET /manager/html HTTP/1.1" 401 2474
190.171.149.82 - - [27/Sep/2021:12:45:07 -0300] "GET /cormun/static/gxcfg.js?2020121641683 HTTP/1.1" 200 953
190.171.149.82 - - [27/Sep/2021:12:45:07 -0300] "GET /cormun/static/trpermisosadjuntos.js?2020121642996 HTTP/1.1" 200 20158
210.108.70.119 - - [27/Sep/2021:12:45:08 -0300] "GET /manager/html HTTP/1.1" 401 2474
190.171.149.82 - - [27/Sep/2021:12:45:08 -0300] "GET /cormun/servlet/trpermisosadjuntos?10568448,20210927122946,P, HTTP/1.1" 200 6435
210.108.70.119 - - [27/Sep/2021:12:45:08 -0300] "GET /manager/html HTTP/1.1" 401 2474
210.108.70.119 - - [27/Sep/2021:12:45:08 -0300] "GET /manager/html HTTP/1.1" 401 2474
210.108.70.119 - - [27/Sep/2021:12:45:09 -0300] "GET /manager/html HTTP/1.1" 401 2474
210.108.70.119 - - [27/Sep/2021:12:45:09 -0300] "GET /manager/html HTTP/1.1" 401 2474
210.108.70.119 - - [27/Sep/2021:12:45:09 -0300] "GET /manager/html HTTP/1.1" 401 2474
210.108.70.119 - - [27/Sep/2021:12:45:10 -0300] "GET /manager/html HTTP/1.1" 401 2474
210.108.70.119 - - [27/Sep/2021:12:45:10 -0300] "GET /manager/html HTTP/1.1" 401 2474
210.108.70.119 - - [27/Sep/2021:12:45:10 -0300] "GET /manager/html HTTP/1.1" 401 2474
210.108.70.119 - - [27/Sep/2021:12:45:11 -0300] "GET /manager/html HTTP/1.1" 401 2474
210.108.70.119 - - [27/Sep/2021:12:45:11 -0300] "GET /manager/html HTTP/1.1" 401 2474
210.108.70.119 - - [27/Sep/2021:12:45:11 -0300] "GET /manager/html HTTP/1.1" 401 2474
210.108.70.119 - - [27/Sep/2021:12:45:12 -0300] "GET /manager/html HTTP/1.1" 401 2474
210.108.70.119 - - [27/Sep/2021:12:45:12 -0300] "GET /manager/html HTTP/1.1" 401 2474
210.108.70.119 - - [27/Sep/2021:12:45:12 -0300] "GET /manager/html HTTP/1.1" 401 2474
210.108.70.119 - - [27/Sep/2021:12:45:13 -0300] "GET /manager/html HTTP/1.1" 401 2474
210.108.70.119 - - [27/Sep/2021:12:45:13 -0300] "GET /manager/html HTTP/1.1" 401 2474
210.108.70.119 - - [27/Sep/2021:12:45:13 -0300] "GET /manager/html HTTP/1.1" 401 2474
210.108.70.119 - - [27/Sep/2021:12:45:14 -0300] "GET /manager/html HTTP/1.1" 401 2474
190.171.149.82 - - [27/Sep/2021:12:45:14 -0300] "GET /cormun/servlet/trpermisosgoce HTTP/1.1" 200 7933
210.108.70.119 - - [27/Sep/2021:12:45:14 -0300] "GET /manager/html HTTP/1.1" 401 2474
190.171.149.82 - - [27/Sep/2021:12:45:14 -0300] "GET /cormun/servlet/trpermisosgoce HTTP/1.1" 200 7929
210.108.70.119 - - [27/Sep/2021:12:45:14 -0300] "GET /manager/html HTTP/1.1" 401 2474
210.108.70.119 - - [27/Sep/2021:12:45:15 -0300] "GET /manager/html HTTP/1.1" 401 2474
210.108.70.119 - - [27/Sep/2021:12:45:15 -0300] "GET /manager/html HTTP/1.1" 401 2474
210.108.70.119 - - [27/Sep/2021:12:45:15 -0300] "GET /manager/html HTTP/1.1" 401 2474
210.108.70.119 - - [27/Sep/2021:12:45:16 -0300] "GET /manager/html HTTP/1.1" 401 2474
210.108.70.119 - - [27/Sep/2021:12:45:16 -0300] "GET /manager/html HTTP/1.1" 401 2474
210.108.70.119 - - [27/Sep/2021:12:45:17 -0300] "GET /manager/html HTTP/1.1" 401 2474
210.108.70.119 - - [27/Sep/2021:12:45:17 -0300] "GET /manager/html HTTP/1.1" 401 2474
210.108.70.119 - - [27/Sep/2021:12:45:17 -0300] "GET /manager/html HTTP/1.1" 401 2474
210.108.70.119 - - [27/Sep/2021:12:45:18 -0300] "GET /manager/html HTTP/1.1" 401 2474
210.108.70.119 - - [27/Sep/2021:12:45:18 -0300] "GET /manager/html HTTP/1.1" 401 2474
210.108.70.119 - - [27/Sep/2021:12:45:18 -0300] "GET /manager/html HTTP/1.1" 401 2474
210.108.70.119 - - [27/Sep/2021:12:45:19 -0300] "GET /manager/html HTTP/1.1" 401 2474
210.108.70.119 - - [27/Sep/2021:12:45:19 -0300] "GET /manager/html HTTP/1.1" 401 2474
210.108.70.119 - - [27/Sep/2021:12:45:19 -0300] "GET /manager/html HTTP/1.1" 401 2474
210.108.70.119 - - [27/Sep/2021:12:45:20 -0300] "GET /manager/html HTTP/1.1" 401 2474
210.108.70.119 - - [27/Sep/2021:12:45:20 -0300] "GET /manager/html HTTP/1.1" 401 2474
190.171.149.82 - - [27/Sep/2021:12:45:20 -0300] "GET /cormun/servlet/permisogoce?DSP,10568448,P,20210927122946, HTTP/1.1" 200 6843
210.108.70.119 - - [27/Sep/2021:12:45:20 -0300] "GET /manager/html HTTP/1.1" 401 2474
190.171.149.82 - - [27/Sep/2021:12:45:21 -0300] "GET /cormun/servlet/permisogoce?DSP,10568448,P,20210927122946, HTTP/1.1" 200 6845
210.108.70.119 - - [27/Sep/2021:12:45:21 -0300] "GET /manager/html HTTP/1.1" 401 2474
210.108.70.119 - - [27/Sep/2021:12:45:21 -0300] "GET /manager/html HTTP/1.1" 401 2474
210.108.70.119 - - [27/Sep/2021:12:45:21 -0300] "GET /manager/html HTTP/1.1" 401 2474
210.108.70.119 - - [27/Sep/2021:12:45:22 -0300] "GET /manager/html HTTP/1.1" 401 2474
210.108.70.119 - - [27/Sep/2021:12:45:22 -0300] "GET /manager/html HTTP/1.1" 401 2474
210.108.70.119 - - [27/Sep/2021:12:45:22 -0300] "GET /manager/html HTTP/1.1" 401 2474
210.108.70.119 - - [27/Sep/2021:12:45:23 -0300] "GET /manager/html HTTP/1.1" 401 2474
210.108.70.119 - - [27/Sep/2021:12:45:23 -0300] "GET /manager/html HTTP/1.1" 401 2474
210.108.70.119 - - [27/Sep/2021:12:45:23 -0300] "GET /manager/html HTTP/1.1" 401 2474
210.108.70.119 - - [27/Sep/2021:12:45:24 -0300] "GET /manager/html HTTP/1.1" 401 2474
190.171.149.82 - - [27/Sep/2021:12:45:24 -0300] "GET /cormun/servlet/trpermisosgoce HTTP/1.1" 200 7929
210.108.70.119 - - [27/Sep/2021:12:45:24 -0300] "GET /manager/html HTTP/1.1" 401 2474
190.171.149.82 - - [27/Sep/2021:12:45:24 -0300] "GET /cormun/servlet/trpermisosgoce HTTP/1.1" 200 7929
210.108.70.119 - - [27/Sep/2021:12:45:24 -0300] "GET /manager/html HTTP/1.1" 401 2474
210.108.70.119 - - [27/Sep/2021:12:45:25 -0300] "GET /manager/html HTTP/1.1" 401 2474
210.108.70.119 - - [27/Sep/2021:12:45:25 -0300] "GET /manager/html HTTP/1.1" 401 2474
210.108.70.119 - - [27/Sep/2021:12:45:25 -0300] "GET /manager/html HTTP/1.1" 401 2474
