210.108.70.119 - - [27/Sep/2021:12:12:01 -0300] "GET /manager/html HTTP/1.1" 401 2474
210.108.70.119 - - [27/Sep/2021:12:12:01 -0300] "GET /manager/html HTTP/1.1" 401 2474
210.108.70.119 - - [27/Sep/2021:12:12:01 -0300] "GET /manager/html HTTP/1.1" 401 2474
210.108.70.119 - - [27/Sep/2021:12:12:02 -0300] "GET /manager/html HTTP/1.1" 401 2474
210.108.70.119 - - [27/Sep/2021:12:12:02 -0300] "GET /manager/html HTTP/1.1" 401 2474
210.108.70.119 - - [27/Sep/2021:12:12:03 -0300] "GET /manager/html HTTP/1.1" 401 2474
210.108.70.119 - - [27/Sep/2021:12:12:03 -0300] "GET /manager/html HTTP/1.1" 401 2474
210.108.70.119 - - [27/Sep/2021:12:12:03 -0300] "GET /manager/html HTTP/1.1" 401 2474
210.108.70.119 - - [27/Sep/2021:12:12:04 -0300] "GET /manager/html HTTP/1.1" 401 2474
210.108.70.119 - - [27/Sep/2021:12:12:04 -0300] "GET /manager/html HTTP/1.1" 401 2474
210.108.70.119 - - [27/Sep/2021:12:12:04 -0300] "GET /manager/html HTTP/1.1" 401 2474
190.171.143.82 - - [27/Sep/2021:12:12:05 -0300] "GET /cormun/servlet/hlogin HTTP/1.1" 200 1723
210.108.70.119 - - [27/Sep/2021:12:12:05 -0300] "GET /manager/html HTTP/1.1" 401 2474
190.171.143.82 - - [27/Sep/2021:12:12:06 -0300] "GET /cormun/servlet/hlogin HTTP/1.1" 200 1733
210.108.70.119 - - [27/Sep/2021:12:12:06 -0300] "GET /manager/html HTTP/1.1" 401 2474
210.108.70.119 - - [27/Sep/2021:12:12:06 -0300] "GET /manager/html HTTP/1.1" 401 2474
210.108.70.119 - - [27/Sep/2021:12:12:07 -0300] "GET /manager/html HTTP/1.1" 401 2474
210.108.70.119 - - [27/Sep/2021:12:12:07 -0300] "GET /manager/html HTTP/1.1" 401 2474
210.108.70.119 - - [27/Sep/2021:12:12:08 -0300] "GET /manager/html HTTP/1.1" 401 2474
210.108.70.119 - - [27/Sep/2021:12:12:09 -0300] "GET /manager/html HTTP/1.1" 401 2474
210.108.70.119 - - [27/Sep/2021:12:12:09 -0300] "GET /manager/html HTTP/1.1" 401 2474
210.108.70.119 - - [27/Sep/2021:12:12:09 -0300] "GET /manager/html HTTP/1.1" 401 2474
210.108.70.119 - - [27/Sep/2021:12:12:10 -0300] "GET /manager/html HTTP/1.1" 401 2474
210.108.70.119 - - [27/Sep/2021:12:12:10 -0300] "GET /manager/html HTTP/1.1" 401 2474
210.108.70.119 - - [27/Sep/2021:12:12:10 -0300] "GET /manager/html HTTP/1.1" 401 2474
210.108.70.119 - - [27/Sep/2021:12:12:11 -0300] "GET /manager/html HTTP/1.1" 401 2474
210.108.70.119 - - [27/Sep/2021:12:12:11 -0300] "GET /manager/html HTTP/1.1" 401 2474
210.108.70.119 - - [27/Sep/2021:12:12:12 -0300] "GET /manager/html HTTP/1.1" 401 2474
210.108.70.119 - - [27/Sep/2021:12:12:12 -0300] "GET /manager/html HTTP/1.1" 401 2474
210.108.70.119 - - [27/Sep/2021:12:12:12 -0300] "GET /manager/html HTTP/1.1" 401 2474
210.108.70.119 - - [27/Sep/2021:12:12:13 -0300] "GET /manager/html HTTP/1.1" 401 2474
210.108.70.119 - - [27/Sep/2021:12:12:13 -0300] "GET /manager/html HTTP/1.1" 401 2474
210.108.70.119 - - [27/Sep/2021:12:12:13 -0300] "GET /manager/html HTTP/1.1" 401 2474
210.108.70.119 - - [27/Sep/2021:12:12:14 -0300] "GET /manager/html HTTP/1.1" 401 2474
210.108.70.119 - - [27/Sep/2021:12:12:14 -0300] "GET /manager/html HTTP/1.1" 401 2474
210.108.70.119 - - [27/Sep/2021:12:12:14 -0300] "GET /manager/html HTTP/1.1" 401 2474
210.108.70.119 - - [27/Sep/2021:12:12:15 -0300] "GET /manager/html HTTP/1.1" 401 2474
210.108.70.119 - - [27/Sep/2021:12:12:15 -0300] "GET /manager/html HTTP/1.1" 401 2474
210.108.70.119 - - [27/Sep/2021:12:12:15 -0300] "GET /manager/html HTTP/1.1" 401 2474
210.108.70.119 - - [27/Sep/2021:12:12:16 -0300] "GET /manager/html HTTP/1.1" 401 2474
210.108.70.119 - - [27/Sep/2021:12:12:16 -0300] "GET /manager/html HTTP/1.1" 401 2474
210.108.70.119 - - [27/Sep/2021:12:12:16 -0300] "GET /manager/html HTTP/1.1" 401 2474
210.108.70.119 - - [27/Sep/2021:12:12:17 -0300] "GET /manager/html HTTP/1.1" 401 2474
190.171.143.82 - - [27/Sep/2021:12:12:17 -0300] "POST /cormun/servlet/hlogin?01e8163fb8bbe0c68f42b1ed3f546204,gx-no-cache=1632754841220 HTTP/1.1" 200 90
190.171.143.82 - - [27/Sep/2021:12:12:17 -0300] "GET /cormun/servlet/hpexe_link HTTP/1.1" 200 951
210.108.70.119 - - [27/Sep/2021:12:12:17 -0300] "GET /manager/html HTTP/1.1" 401 2474
190.171.143.82 - - [27/Sep/2021:12:12:17 -0300] "GET /cormun/servlet/hhome HTTP/1.1" 200 4351
210.108.70.119 - - [27/Sep/2021:12:12:17 -0300] "GET /manager/html HTTP/1.1" 401 2474
210.108.70.119 - - [27/Sep/2021:12:12:18 -0300] "GET /manager/html HTTP/1.1" 401 2474
210.108.70.119 - - [27/Sep/2021:12:12:18 -0300] "GET /manager/html HTTP/1.1" 401 2474
210.108.70.119 - - [27/Sep/2021:12:12:18 -0300] "GET /manager/html HTTP/1.1" 401 2474
210.108.70.119 - - [27/Sep/2021:12:12:19 -0300] "GET /manager/html HTTP/1.1" 401 2474
190.171.143.82 - - [27/Sep/2021:12:12:19 -0300] "GET /cormun/servlet/hhome HTTP/1.1" 200 4348
210.108.70.119 - - [27/Sep/2021:12:12:19 -0300] "GET /manager/html HTTP/1.1" 401 2474
210.108.70.119 - - [27/Sep/2021:12:12:19 -0300] "GET /manager/html HTTP/1.1" 401 2474
210.108.70.119 - - [27/Sep/2021:12:12:20 -0300] "GET /manager/html HTTP/1.1" 401 2474
210.108.70.119 - - [27/Sep/2021:12:12:20 -0300] "GET /manager/html HTTP/1.1" 401 2474
210.108.70.119 - - [27/Sep/2021:12:12:20 -0300] "GET /manager/html HTTP/1.1" 401 2474
210.108.70.119 - - [27/Sep/2021:12:12:21 -0300] "GET /manager/html HTTP/1.1" 401 2474
210.108.70.119 - - [27/Sep/2021:12:12:21 -0300] "GET /manager/html HTTP/1.1" 401 2474
210.108.70.119 - - [27/Sep/2021:12:12:21 -0300] "GET /manager/html HTTP/1.1" 401 2474
210.108.70.119 - - [27/Sep/2021:12:12:22 -0300] "GET /manager/html HTTP/1.1" 401 2474
210.108.70.119 - - [27/Sep/2021:12:12:22 -0300] "GET /manager/html HTTP/1.1" 401 2474
210.108.70.119 - - [27/Sep/2021:12:12:22 -0300] "GET /manager/html HTTP/1.1" 401 2474
210.108.70.119 - - [27/Sep/2021:12:12:23 -0300] "GET /manager/html HTTP/1.1" 401 2474
210.108.70.119 - - [27/Sep/2021:12:12:23 -0300] "GET /manager/html HTTP/1.1" 401 2474
210.108.70.119 - - [27/Sep/2021:12:12:23 -0300] "GET /manager/html HTTP/1.1" 401 2474
186.67.172.234 - - [27/Sep/2021:12:12:23 -0300] "GET /cormun/servlet/permisogoce?503656cbe3acb10f5c4c93bff1225e54da01ee9f64ca2d99ddd9983c819a60f745ce1c7df98e842e9a5085651bac3234920c45b9965587f31c882c08e90cf88a,gx-no-cache=1632754848382 HTTP/1.1" 200 47
210.108.70.119 - - [27/Sep/2021:12:12:24 -0300] "GET /manager/html HTTP/1.1" 401 2474
210.108.70.119 - - [27/Sep/2021:12:12:24 -0300] "GET /manager/html HTTP/1.1" 401 2474
210.108.70.119 - - [27/Sep/2021:12:12:24 -0300] "GET /manager/html HTTP/1.1" 401 2474
210.108.70.119 - - [27/Sep/2021:12:12:25 -0300] "GET /manager/html HTTP/1.1" 401 2474
210.108.70.119 - - [27/Sep/2021:12:12:25 -0300] "GET /manager/html HTTP/1.1" 401 2474
210.108.70.119 - - [27/Sep/2021:12:12:25 -0300] "GET /manager/html HTTP/1.1" 401 2474
210.108.70.119 - - [27/Sep/2021:12:12:26 -0300] "GET /manager/html HTTP/1.1" 401 2474
210.108.70.119 - - [27/Sep/2021:12:12:26 -0300] "GET /manager/html HTTP/1.1" 401 2474
210.108.70.119 - - [27/Sep/2021:12:12:26 -0300] "GET /manager/html HTTP/1.1" 401 2474
210.108.70.119 - - [27/Sep/2021:12:12:27 -0300] "GET /manager/html HTTP/1.1" 401 2474
210.108.70.119 - - [27/Sep/2021:12:12:27 -0300] "GET /manager/html HTTP/1.1" 401 2474
210.108.70.119 - - [27/Sep/2021:12:12:27 -0300] "GET /manager/html HTTP/1.1" 401 2474
210.108.70.119 - - [27/Sep/2021:12:12:28 -0300] "GET /manager/html HTTP/1.1" 401 2474
186.67.172.234 - - [27/Sep/2021:12:12:28 -0300] "POST /cormun/servlet/permisogoce?3ab6fbb6f073b5d7cc925ff1872a9bd5,INS,0,,,,gx-no-cache=1632754852681 HTTP/1.1" 200 93
210.108.70.119 - - [27/Sep/2021:12:12:28 -0300] "GET /manager/html HTTP/1.1" 401 2474
186.67.172.234 - - [27/Sep/2021:12:12:28 -0300] "GET /cormun/servlet/hpexe_return? HTTP/1.1" 200 1012
186.67.172.234 - - [27/Sep/2021:12:12:28 -0300] "GET /cormun/servlet/trpermisosgoce HTTP/1.1" 200 15343
210.108.70.119 - - [27/Sep/2021:12:12:28 -0300] "GET /manager/html HTTP/1.1" 401 2474
210.108.70.119 - - [27/Sep/2021:12:12:29 -0300] "GET /manager/html HTTP/1.1" 401 2474
186.67.172.234 - - [27/Sep/2021:12:12:29 -0300] "GET /cormun/servlet/trpermisosgoce HTTP/1.1" 200 15348
210.108.70.119 - - [27/Sep/2021:12:12:29 -0300] "GET /manager/html HTTP/1.1" 401 2474
190.171.143.82 - - [27/Sep/2021:12:12:29 -0300] "GET /cormun/servlet/trpermisosgoce? HTTP/1.1" 200 8655
210.108.70.119 - - [27/Sep/2021:12:12:29 -0300] "GET /manager/html HTTP/1.1" 401 2474
190.171.143.82 - - [27/Sep/2021:12:12:30 -0300] "GET /cormun/static/gxcfg.js?2020121631564 HTTP/1.1" 200 953
210.108.70.119 - - [27/Sep/2021:12:12:30 -0300] "GET /manager/html HTTP/1.1" 401 2474
190.171.143.82 - - [27/Sep/2021:12:12:30 -0300] "GET /cormun/static/trpermisosgoce.js?2020121633681 HTTP/1.1" 200 35904
210.108.70.119 - - [27/Sep/2021:12:12:30 -0300] "GET /manager/html HTTP/1.1" 401 2474
210.108.70.119 - - [27/Sep/2021:12:12:30 -0300] "GET /manager/html HTTP/1.1" 401 2474
210.108.70.119 - - [27/Sep/2021:12:12:31 -0300] "GET /manager/html HTTP/1.1" 401 2474
210.108.70.119 - - [27/Sep/2021:12:12:31 -0300] "GET /manager/html HTTP/1.1" 401 2474
190.171.143.82 - - [27/Sep/2021:12:12:31 -0300] "GET /cormun/servlet/trpermisosgoce? HTTP/1.1" 200 8653
190.171.143.82 - - [27/Sep/2021:12:12:31 -0300] "GET /cormun//static/Resources/PXToolsGridDelete.png HTTP/1.1" 200 538
210.108.70.119 - - [27/Sep/2021:12:12:31 -0300] "GET /manager/html HTTP/1.1" 401 2474
210.108.70.119 - - [27/Sep/2021:12:12:32 -0300] "GET /manager/html HTTP/1.1" 401 2474
210.108.70.119 - - [27/Sep/2021:12:12:32 -0300] "GET /manager/html HTTP/1.1" 401 2474
210.108.70.119 - - [27/Sep/2021:12:12:32 -0300] "GET /manager/html HTTP/1.1" 401 2474
210.108.70.119 - - [27/Sep/2021:12:12:33 -0300] "GET /manager/html HTTP/1.1" 401 2474
210.108.70.119 - - [27/Sep/2021:12:12:33 -0300] "GET /manager/html HTTP/1.1" 401 2474
210.108.70.119 - - [27/Sep/2021:12:12:33 -0300] "GET /manager/html HTTP/1.1" 401 2474
210.108.70.119 - - [27/Sep/2021:12:12:34 -0300] "GET /manager/html HTTP/1.1" 401 2474
210.108.70.119 - - [27/Sep/2021:12:12:34 -0300] "GET /manager/html HTTP/1.1" 401 2474
210.108.70.119 - - [27/Sep/2021:12:12:34 -0300] "GET /manager/html HTTP/1.1" 401 2474
210.108.70.119 - - [27/Sep/2021:12:12:35 -0300] "GET /manager/html HTTP/1.1" 401 2474
210.108.70.119 - - [27/Sep/2021:12:12:35 -0300] "GET /manager/html HTTP/1.1" 401 2474
210.108.70.119 - - [27/Sep/2021:12:12:35 -0300] "GET /manager/html HTTP/1.1" 401 2474
210.108.70.119 - - [27/Sep/2021:12:12:36 -0300] "GET /manager/html HTTP/1.1" 401 2474
210.108.70.119 - - [27/Sep/2021:12:12:36 -0300] "GET /manager/html HTTP/1.1" 401 2474
210.108.70.119 - - [27/Sep/2021:12:12:36 -0300] "GET /manager/html HTTP/1.1" 401 2474
210.108.70.119 - - [27/Sep/2021:12:12:37 -0300] "GET /manager/html HTTP/1.1" 401 2474
190.171.143.82 - - [27/Sep/2021:12:12:37 -0300] "POST /cormun/servlet/trpermisosgoce?01e8163fb8bbe0c68f42b1ed3f546204,,gx-no-cache=1632754861359 HTTP/1.1" 200 5834
190.171.143.82 - - [27/Sep/2021:12:12:37 -0300] "GET /cormun/static/Shared/jqueryui/images/ui-bg_highlight-soft_100_c6c2c8_1x100.png HTTP/1.1" 404 1117
190.171.143.82 - - [27/Sep/2021:12:12:37 -0300] "GET /cormun/static/Shared/jqueryui/images/ui-icons_82798d_256x240.png HTTP/1.1" 404 1089
210.108.70.119 - - [27/Sep/2021:12:12:37 -0300] "GET /manager/html HTTP/1.1" 401 2474
190.171.143.82 - - [27/Sep/2021:12:12:37 -0300] "GET /cormun/static/Shared/jqueryui/images/ui-bg_flat_55_fafafa_40x100.png HTTP/1.1" 404 1097
190.171.143.82 - - [27/Sep/2021:12:12:37 -0300] "GET /cormun/static/Shared/jqueryui/images/ui-icons_8d78a5_256x240.png HTTP/1.1" 404 1089
210.108.70.119 - - [27/Sep/2021:12:12:37 -0300] "GET /manager/html HTTP/1.1" 401 2474
210.108.70.119 - - [27/Sep/2021:12:12:38 -0300] "GET /manager/html HTTP/1.1" 401 2474
210.108.70.119 - - [27/Sep/2021:12:12:38 -0300] "GET /manager/html HTTP/1.1" 401 2474
186.67.172.234 - - [27/Sep/2021:12:12:39 -0300] "GET /cormun/servlet/trpermisosadjuntos?13776962,20210927115756,P, HTTP/1.1" 200 6683
210.108.70.119 - - [27/Sep/2021:12:12:39 -0300] "GET /manager/html HTTP/1.1" 401 2474
186.67.172.234 - - [27/Sep/2021:12:12:39 -0300] "GET /cormun/servlet/trpermisosadjuntos?13776962,20210927115756,P, HTTP/1.1" 200 6682
210.108.70.119 - - [27/Sep/2021:12:12:39 -0300] "GET /manager/html HTTP/1.1" 401 2474
190.171.143.82 - - [27/Sep/2021:12:12:39 -0300] "POST /cormun/servlet/trpermisosgoce?01e8163fb8bbe0c68f42b1ed3f546204,,gx-no-cache=1632754863771 HTTP/1.1" 200 5834
210.108.70.119 - - [27/Sep/2021:12:12:39 -0300] "GET /manager/html HTTP/1.1" 401 2474
210.108.70.119 - - [27/Sep/2021:12:12:40 -0300] "GET /manager/html HTTP/1.1" 401 2474
210.108.70.119 - - [27/Sep/2021:12:12:40 -0300] "GET /manager/html HTTP/1.1" 401 2474
210.108.70.119 - - [27/Sep/2021:12:12:40 -0300] "GET /manager/html HTTP/1.1" 401 2474
186.67.172.234 - - [27/Sep/2021:12:12:41 -0300] "GET /cormun/servlet/permisosadjuntos?INS,13776962,P,20210927115756,, HTTP/1.1" 200 6008
210.108.70.119 - - [27/Sep/2021:12:12:41 -0300] "GET /manager/html HTTP/1.1" 401 2474
186.67.172.234 - - [27/Sep/2021:12:12:41 -0300] "GET /cormun/static/about:blank HTTP/1.1" 404 1011
186.67.172.234 - - [27/Sep/2021:12:12:41 -0300] "GET /cormun/servlet/permisosadjuntos?INS,13776962,P,20210927115756,, HTTP/1.1" 200 5997
190.171.143.82 - - [27/Sep/2021:12:12:41 -0300] "POST /cormun/servlet/trpermisosgoce?01e8163fb8bbe0c68f42b1ed3f546204,,gx-no-cache=1632754865427 HTTP/1.1" 200 5834
210.108.70.119 - - [27/Sep/2021:12:12:41 -0300] "GET /manager/html HTTP/1.1" 401 2474
210.108.70.119 - - [27/Sep/2021:12:12:41 -0300] "GET /manager/html HTTP/1.1" 401 2474
210.108.70.119 - - [27/Sep/2021:12:12:42 -0300] "GET /manager/html HTTP/1.1" 401 2474
210.108.70.119 - - [27/Sep/2021:12:12:42 -0300] "GET /manager/html HTTP/1.1" 401 2474
210.108.70.119 - - [27/Sep/2021:12:12:42 -0300] "GET /manager/html HTTP/1.1" 401 2474
183.136.225.56 - - [27/Sep/2021:12:12:43 -0300] "GET / HTTP/1.1" 200 11217
210.108.70.119 - - [27/Sep/2021:12:12:43 -0300] "GET /manager/html HTTP/1.1" 401 2474
210.108.70.119 - - [27/Sep/2021:12:12:43 -0300] "GET /manager/html HTTP/1.1" 401 2474
210.108.70.119 - - [27/Sep/2021:12:12:43 -0300] "GET /manager/html HTTP/1.1" 401 2474
210.108.70.119 - - [27/Sep/2021:12:12:44 -0300] "GET /manager/html HTTP/1.1" 401 2474
210.108.70.119 - - [27/Sep/2021:12:12:44 -0300] "GET /manager/html HTTP/1.1" 401 2474
210.108.70.119 - - [27/Sep/2021:12:12:44 -0300] "GET /manager/html HTTP/1.1" 401 2474
210.108.70.119 - - [27/Sep/2021:12:12:45 -0300] "GET /manager/html HTTP/1.1" 401 2474
210.108.70.119 - - [27/Sep/2021:12:12:45 -0300] "GET /manager/html HTTP/1.1" 401 2474
210.108.70.119 - - [27/Sep/2021:12:12:45 -0300] "GET /manager/html HTTP/1.1" 401 2474
210.108.70.119 - - [27/Sep/2021:12:12:46 -0300] "GET /manager/html HTTP/1.1" 401 2474
210.108.70.119 - - [27/Sep/2021:12:12:46 -0300] "GET /manager/html HTTP/1.1" 401 2474
210.108.70.119 - - [27/Sep/2021:12:12:46 -0300] "GET /manager/html HTTP/1.1" 401 2474
190.171.143.82 - - [27/Sep/2021:12:12:47 -0300] "GET /cormun/servlet/permisogoce?INS,0,,, HTTP/1.1" 200 7242
190.171.143.82 - - [27/Sep/2021:12:12:47 -0300] "GET /cormun/static/gxcfg.js?20201215124560 HTTP/1.1" 200 953
210.108.70.119 - - [27/Sep/2021:12:12:47 -0300] "GET /manager/html HTTP/1.1" 401 2474
190.171.143.82 - - [27/Sep/2021:12:12:47 -0300] "GET /cormun/static/permisogoce.js?20201215124939 HTTP/1.1" 200 27919
190.171.143.82 - - [27/Sep/2021:12:12:47 -0300] "GET /cormun/static/Resources/prompt.gif HTTP/1.1" 200 902
210.108.70.119 - - [27/Sep/2021:12:12:47 -0300] "GET /manager/html HTTP/1.1" 401 2474
210.108.70.119 - - [27/Sep/2021:12:12:47 -0300] "GET /manager/html HTTP/1.1" 401 2474
210.108.70.119 - - [27/Sep/2021:12:12:48 -0300] "GET /manager/html HTTP/1.1" 401 2474
210.108.70.119 - - [27/Sep/2021:12:12:48 -0300] "GET /manager/html HTTP/1.1" 401 2474
210.108.70.119 - - [27/Sep/2021:12:12:48 -0300] "GET /manager/html HTTP/1.1" 401 2474
190.171.143.82 - - [27/Sep/2021:12:12:48 -0300] "GET /cormun/servlet/permisogoce?INS,0,,, HTTP/1.1" 200 7242
210.108.70.119 - - [27/Sep/2021:12:12:49 -0300] "GET /manager/html HTTP/1.1" 401 2474
210.108.70.119 - - [27/Sep/2021:12:12:49 -0300] "GET /manager/html HTTP/1.1" 401 2474
210.108.70.119 - - [27/Sep/2021:12:12:49 -0300] "GET /manager/html HTTP/1.1" 401 2474
210.108.70.119 - - [27/Sep/2021:12:12:50 -0300] "GET /manager/html HTTP/1.1" 401 2474
210.108.70.119 - - [27/Sep/2021:12:12:50 -0300] "GET /manager/html HTTP/1.1" 401 2474
210.108.70.119 - - [27/Sep/2021:12:12:50 -0300] "GET /manager/html HTTP/1.1" 401 2474
210.108.70.119 - - [27/Sep/2021:12:12:51 -0300] "GET /manager/html HTTP/1.1" 401 2474
190.171.143.82 - - [27/Sep/2021:12:12:51 -0300] "GET /cormun/static/Resources/resize.gif HTTP/1.1" 200 77
190.171.143.82 - - [27/Sep/2021:12:12:51 -0300] "GET /cormun/static/Resources/PXTools/ClosePrompt.png HTTP/1.1" 200 1036
210.108.70.119 - - [27/Sep/2021:12:12:51 -0300] "GET /manager/html HTTP/1.1" 401 2474
210.108.70.119 - - [27/Sep/2021:12:12:51 -0300] "GET /manager/html HTTP/1.1" 401 2474
190.171.143.82 - - [27/Sep/2021:12:12:52 -0300] "GET /cormun/servlet/prfichaempleado?,MD,,gxPopupLevel%3D0%3B HTTP/1.1" 200 9401
190.171.143.82 - - [27/Sep/2021:12:12:52 -0300] "GET /cormun/static/gxcfg.js?20201215571085 HTTP/1.1" 200 953
190.171.143.82 - - [27/Sep/2021:12:12:52 -0300] "GET /cormun/static/prfichaempleado.js?20201215572193 HTTP/1.1" 200 16006
190.171.143.82 - - [27/Sep/2021:12:12:52 -0300] "GET /cormun/static/menusearch.js?20201214473581 HTTP/1.1" 200 1424
210.108.70.119 - - [27/Sep/2021:12:12:52 -0300] "GET /manager/html HTTP/1.1" 401 2474
210.108.70.119 - - [27/Sep/2021:12:12:52 -0300] "GET /manager/html HTTP/1.1" 401 2474
190.171.143.82 - - [27/Sep/2021:12:12:52 -0300] "GET /cormun/static/hmpwkw011.js?20201215495555 HTTP/1.1" 200 1968
190.171.143.82 - - [27/Sep/2021:12:12:52 -0300] "GET /cormun/static/Resources/PXToolsMenuSearch.png HTTP/1.1" 200 336
190.171.143.82 - - [27/Sep/2021:12:12:52 -0300] "GET /cormun/static/Resources/PXToolsMenuSearchCancel.png HTTP/1.1" 200 306
210.108.70.119 - - [27/Sep/2021:12:12:52 -0300] "GET /manager/html HTTP/1.1" 401 2474
210.108.70.119 - - [27/Sep/2021:12:12:53 -0300] "GET /manager/html HTTP/1.1" 401 2474
210.108.70.119 - - [27/Sep/2021:12:12:53 -0300] "GET /manager/html HTTP/1.1" 401 2474
210.108.70.119 - - [27/Sep/2021:12:12:53 -0300] "GET /manager/html HTTP/1.1" 401 2474
210.108.70.119 - - [27/Sep/2021:12:12:54 -0300] "GET /manager/html HTTP/1.1" 401 2474
210.108.70.119 - - [27/Sep/2021:12:12:54 -0300] "GET /manager/html HTTP/1.1" 401 2474
210.108.70.119 - - [27/Sep/2021:12:12:54 -0300] "GET /manager/html HTTP/1.1" 401 2474
210.108.70.119 - - [27/Sep/2021:12:12:55 -0300] "GET /manager/html HTTP/1.1" 401 2474
210.108.70.119 - - [27/Sep/2021:12:12:55 -0300] "GET /manager/html HTTP/1.1" 401 2474
210.108.70.119 - - [27/Sep/2021:12:12:55 -0300] "GET /manager/html HTTP/1.1" 401 2474
210.108.70.119 - - [27/Sep/2021:12:12:56 -0300] "GET /manager/html HTTP/1.1" 401 2474
210.108.70.119 - - [27/Sep/2021:12:12:56 -0300] "GET /manager/html HTTP/1.1" 401 2474
210.108.70.119 - - [27/Sep/2021:12:12:56 -0300] "GET /manager/html HTTP/1.1" 401 2474
210.108.70.119 - - [27/Sep/2021:12:12:57 -0300] "GET /manager/html HTTP/1.1" 401 2474
210.108.70.119 - - [27/Sep/2021:12:12:57 -0300] "GET /manager/html HTTP/1.1" 401 2474
210.108.70.119 - - [27/Sep/2021:12:12:57 -0300] "GET /manager/html HTTP/1.1" 401 2474
186.67.172.234 - - [27/Sep/2021:12:12:58 -0300] "POST /cormun/servlet/permisosadjuntos?3ab6fbb6f073b5d7cc925ff1872a9bd5,INS,13776962,P,20210927115756,, HTTP/1.1" 200 116
186.67.172.234 - - [27/Sep/2021:12:12:58 -0300] "GET /cormun/servlet/hpexe_return? HTTP/1.1" 200 1041
210.108.70.119 - - [27/Sep/2021:12:12:58 -0300] "GET /manager/html HTTP/1.1" 401 2474
186.67.172.234 - - [27/Sep/2021:12:12:58 -0300] "GET /cormun/servlet/trpermisosadjuntos?13776962,20210927115756,P, HTTP/1.1" 200 7227
210.108.70.119 - - [27/Sep/2021:12:12:58 -0300] "GET /manager/html HTTP/1.1" 401 2474
186.67.172.234 - - [27/Sep/2021:12:12:58 -0300] "GET /cormun/servlet/trpermisosadjuntos?13776962,20210927115756,P, HTTP/1.1" 200 7223
210.108.70.119 - - [27/Sep/2021:12:12:58 -0300] "GET /manager/html HTTP/1.1" 401 2474
190.171.142.42 - - [27/Sep/2021:12:12:59 -0300] "GET /cormun/servlet/hlogin HTTP/1.1" 200 1724
210.108.70.119 - - [27/Sep/2021:12:12:59 -0300] "GET /manager/html HTTP/1.1" 401 2474
210.108.70.119 - - [27/Sep/2021:12:12:59 -0300] "GET /manager/html HTTP/1.1" 401 2474
210.108.70.119 - - [27/Sep/2021:12:12:59 -0300] "GET /manager/html HTTP/1.1" 401 2474
190.171.143.82 - - [27/Sep/2021:12:13:00 -0300] "POST /cormun/servlet/prfichaempleado?01e8163fb8bbe0c68f42b1ed3f546204,,MD,,gxPopupLevel%3D0%3B,gx-no-cache=1632754884273 HTTP/1.1" 200 3410
210.108.70.119 - - [27/Sep/2021:12:13:00 -0300] "GET /manager/html HTTP/1.1" 401 2474
210.108.70.119 - - [27/Sep/2021:12:13:00 -0300] "GET /manager/html HTTP/1.1" 401 2474
210.108.70.119 - - [27/Sep/2021:12:13:00 -0300] "GET /manager/html HTTP/1.1" 401 2474
210.108.70.119 - - [27/Sep/2021:12:13:01 -0300] "GET /manager/html HTTP/1.1" 401 2474
186.67.172.234 - - [27/Sep/2021:12:13:01 -0300] "POST /cormun/servlet/trpermisosadjuntos?3ab6fbb6f073b5d7cc925ff1872a9bd5,13776962,20210927115756,P,,gx-no-cache=1632754885858 HTTP/1.1" 200 90
186.67.172.234 - - [27/Sep/2021:12:13:01 -0300] "GET /cormun/servlet/hpexe_link HTTP/1.1" 200 987
210.108.70.119 - - [27/Sep/2021:12:13:01 -0300] "GET /manager/html HTTP/1.1" 401 2474
186.67.172.234 - - [27/Sep/2021:12:13:01 -0300] "GET /cormun/servlet/trpermisosgoce HTTP/1.1" 200 15340
210.108.70.119 - - [27/Sep/2021:12:13:01 -0300] "GET /manager/html HTTP/1.1" 401 2474
186.67.172.234 - - [27/Sep/2021:12:13:02 -0300] "GET /cormun/servlet/trpermisosgoce HTTP/1.1" 200 15365
210.108.70.119 - - [27/Sep/2021:12:13:02 -0300] "GET /manager/html HTTP/1.1" 401 2474
210.108.70.119 - - [27/Sep/2021:12:13:02 -0300] "GET /manager/html HTTP/1.1" 401 2474
210.108.70.119 - - [27/Sep/2021:12:13:02 -0300] "GET /manager/html HTTP/1.1" 401 2474
210.108.70.119 - - [27/Sep/2021:12:13:03 -0300] "GET /manager/html HTTP/1.1" 401 2474
210.108.70.119 - - [27/Sep/2021:12:13:03 -0300] "GET /manager/html HTTP/1.1" 401 2474
210.108.70.119 - - [27/Sep/2021:12:13:03 -0300] "GET /manager/html HTTP/1.1" 401 2474
210.108.70.119 - - [27/Sep/2021:12:13:04 -0300] "GET /manager/html HTTP/1.1" 401 2474
210.108.70.119 - - [27/Sep/2021:12:13:04 -0300] "GET /manager/html HTTP/1.1" 401 2474
186.67.172.234 - - [27/Sep/2021:12:13:04 -0300] "POST /cormun/servlet/trpermisosgoce?3ab6fbb6f073b5d7cc925ff1872a9bd5,gx-no-cache=1632754889122 HTTP/1.1" 200 12520
210.108.70.119 - - [27/Sep/2021:12:13:04 -0300] "GET /manager/html HTTP/1.1" 401 2474
186.67.172.234 - - [27/Sep/2021:12:13:05 -0300] "GET /cormun/static/Shared/jqueryui/images/ui-bg_highlight-soft_100_c6c2c8_1x100.png HTTP/1.1" 404 1117
186.67.172.234 - - [27/Sep/2021:12:13:05 -0300] "GET /cormun/static/Shared/jqueryui/images/ui-icons_82798d_256x240.png HTTP/1.1" 404 1089
186.67.172.234 - - [27/Sep/2021:12:13:05 -0300] "GET /cormun/static/Shared/jqueryui/images/ui-bg_flat_55_fafafa_40x100.png HTTP/1.1" 404 1097
186.67.172.234 - - [27/Sep/2021:12:13:05 -0300] "GET /cormun/static/Shared/jqueryui/images/ui-icons_8d78a5_256x240.png HTTP/1.1" 404 1089
190.171.142.42 - - [27/Sep/2021:12:13:05 -0300] "POST /cormun/servlet/hlogin?54b6e32f1137e068b7dfff5c135c6931,gx-no-cache=1632754889618 HTTP/1.1" 200 90
190.171.142.42 - - [27/Sep/2021:12:13:05 -0300] "GET /cormun/servlet/hpexe_link HTTP/1.1" 200 953
190.171.142.42 - - [27/Sep/2021:12:13:05 -0300] "GET /cormun/servlet/hhome HTTP/1.1" 200 4269
210.108.70.119 - - [27/Sep/2021:12:13:05 -0300] "GET /manager/html HTTP/1.1" 401 2474
190.171.142.42 - - [27/Sep/2021:12:13:05 -0300] "GET /cormun/servlet/hhome HTTP/1.1" 200 4268
210.108.70.119 - - [27/Sep/2021:12:13:05 -0300] "GET /manager/html HTTP/1.1" 401 2474
210.108.70.119 - - [27/Sep/2021:12:13:05 -0300] "GET /manager/html HTTP/1.1" 401 2474
210.108.70.119 - - [27/Sep/2021:12:13:06 -0300] "GET /manager/html HTTP/1.1" 401 2474
210.108.70.119 - - [27/Sep/2021:12:13:06 -0300] "GET /manager/html HTTP/1.1" 401 2474
210.108.70.119 - - [27/Sep/2021:12:13:06 -0300] "GET /manager/html HTTP/1.1" 401 2474
210.108.70.119 - - [27/Sep/2021:12:13:07 -0300] "GET /manager/html HTTP/1.1" 401 2474
190.171.143.82 - - [27/Sep/2021:12:13:07 -0300] "GET /cormun/servlet/permisogoce?dfb3d9f03beb6fcbb8ce50507824c8f24edaa1a926d73566b5882ea6f15b70880d98177b975b060c4a1316f97213ef040dbad0733f6e6c27965482dda6fb98b2,gx-no-cache=1632754891675 HTTP/1.1" 200 88
210.108.70.119 - - [27/Sep/2021:12:13:07 -0300] "GET /manager/html HTTP/1.1" 401 2474
190.171.143.82 - - [27/Sep/2021:12:13:07 -0300] "GET /cormun/static/menuarrow.gif HTTP/1.1" 404 1015
210.108.70.119 - - [27/Sep/2021:12:13:07 -0300] "GET /manager/html HTTP/1.1" 401 2474
210.108.70.119 - - [27/Sep/2021:12:13:08 -0300] "GET /manager/html HTTP/1.1" 401 2474
210.108.70.119 - - [27/Sep/2021:12:13:08 -0300] "GET /manager/html HTTP/1.1" 401 2474
210.108.70.119 - - [27/Sep/2021:12:13:08 -0300] "GET /manager/html HTTP/1.1" 401 2474
210.108.70.119 - - [27/Sep/2021:12:13:09 -0300] "GET /manager/html HTTP/1.1" 401 2474
210.108.70.119 - - [27/Sep/2021:12:13:09 -0300] "GET /manager/html HTTP/1.1" 401 2474
210.108.70.119 - - [27/Sep/2021:12:13:09 -0300] "GET /manager/html HTTP/1.1" 401 2474
210.108.70.119 - - [27/Sep/2021:12:13:10 -0300] "GET /manager/html HTTP/1.1" 401 2474
210.108.70.119 - - [27/Sep/2021:12:13:10 -0300] "GET /manager/html HTTP/1.1" 401 2474
190.171.142.42 - - [27/Sep/2021:12:13:10 -0300] "GET /cormun/servlet/trlicencias? HTTP/1.1" 200 11484
210.108.70.119 - - [27/Sep/2021:12:13:10 -0300] "GET /manager/html HTTP/1.1" 401 2474
190.171.142.42 - - [27/Sep/2021:12:13:11 -0300] "GET /cormun/servlet/trlicencias? HTTP/1.1" 200 11482
210.108.70.119 - - [27/Sep/2021:12:13:11 -0300] "GET /manager/html HTTP/1.1" 401 2474
210.108.70.119 - - [27/Sep/2021:12:13:11 -0300] "GET /manager/html HTTP/1.1" 401 2474
210.108.70.119 - - [27/Sep/2021:12:13:11 -0300] "GET /manager/html HTTP/1.1" 401 2474
210.108.70.119 - - [27/Sep/2021:12:13:12 -0300] "GET /manager/html HTTP/1.1" 401 2474
210.108.70.119 - - [27/Sep/2021:12:13:13 -0300] "GET /manager/html HTTP/1.1" 401 2474
210.108.70.119 - - [27/Sep/2021:12:13:13 -0300] "GET /manager/html HTTP/1.1" 401 2474
210.108.70.119 - - [27/Sep/2021:12:13:13 -0300] "GET /manager/html HTTP/1.1" 401 2474
190.171.142.42 - - [27/Sep/2021:12:13:13 -0300] "POST /cormun/servlet/trlicencias?54b6e32f1137e068b7dfff5c135c6931,,gx-no-cache=1632754898322 HTTP/1.1" 200 9035
210.108.70.119 - - [27/Sep/2021:12:13:14 -0300] "GET /manager/html HTTP/1.1" 401 2474
210.108.70.119 - - [27/Sep/2021:12:13:14 -0300] "GET /manager/html HTTP/1.1" 401 2474
210.108.70.119 - - [27/Sep/2021:12:13:14 -0300] "GET /manager/html HTTP/1.1" 401 2474
210.108.70.119 - - [27/Sep/2021:12:13:14 -0300] "GET /manager/html HTTP/1.1" 401 2474
190.171.142.42 - - [27/Sep/2021:12:13:15 -0300] "POST /cormun/servlet/trlicencias?54b6e32f1137e068b7dfff5c135c6931,,gx-no-cache=1632754899507 HTTP/1.1" 200 9036
210.108.70.119 - - [27/Sep/2021:12:13:15 -0300] "GET /manager/html HTTP/1.1" 401 2474
190.171.143.82 - - [27/Sep/2021:12:13:15 -0300] "GET /cormun/servlet/permisogoce?dfb3d9f03beb6fcbb8ce50507824c8f2e60235c3bb8471026d62d49eb65a71fcfa49bf05bbccfc0f0de6017335f5d56e081ae054850e3251af8c36867e09c904,gx-no-cache=1632754899461 HTTP/1.1" 200 48
210.108.70.119 - - [27/Sep/2021:12:13:15 -0300] "GET /manager/html HTTP/1.1" 401 2474
210.108.70.119 - - [27/Sep/2021:12:13:15 -0300] "GET /manager/html HTTP/1.1" 401 2474
210.108.70.119 - - [27/Sep/2021:12:13:16 -0300] "GET /manager/html HTTP/1.1" 401 2474
210.108.70.119 - - [27/Sep/2021:12:13:16 -0300] "GET /manager/html HTTP/1.1" 401 2474
210.108.70.119 - - [27/Sep/2021:12:13:16 -0300] "GET /manager/html HTTP/1.1" 401 2474
210.108.70.119 - - [27/Sep/2021:12:13:17 -0300] "GET /manager/html HTTP/1.1" 401 2474
210.108.70.119 - - [27/Sep/2021:12:13:17 -0300] "GET /manager/html HTTP/1.1" 401 2474
210.108.70.119 - - [27/Sep/2021:12:13:17 -0300] "GET /manager/html HTTP/1.1" 401 2474
210.108.70.119 - - [27/Sep/2021:12:13:18 -0300] "GET /manager/html HTTP/1.1" 401 2474
210.108.70.119 - - [27/Sep/2021:12:13:18 -0300] "GET /manager/html HTTP/1.1" 401 2474
210.108.70.119 - - [27/Sep/2021:12:13:18 -0300] "GET /manager/html HTTP/1.1" 401 2474
190.171.143.82 - - [27/Sep/2021:12:13:19 -0300] "POST /cormun/servlet/permisogoce?01e8163fb8bbe0c68f42b1ed3f546204,INS,0,,,,gx-no-cache=1632754902837 HTTP/1.1" 200 93
190.171.143.82 - - [27/Sep/2021:12:13:19 -0300] "GET /cormun/servlet/hpexe_return? HTTP/1.1" 200 1009
210.108.70.119 - - [27/Sep/2021:12:13:19 -0300] "GET /manager/html HTTP/1.1" 401 2474
190.171.143.82 - - [27/Sep/2021:12:13:19 -0300] "GET /cormun/static/gxcfg.js?201991422392976 HTTP/1.1" 200 953
190.171.143.82 - - [27/Sep/2021:12:13:19 -0300] "GET /cormun/static/hpexe_return.js?201991422392984 HTTP/1.1" 200 1633
210.108.70.119 - - [27/Sep/2021:12:13:19 -0300] "GET /manager/html HTTP/1.1" 401 2474
190.171.143.82 - - [27/Sep/2021:12:13:19 -0300] "GET /cormun/servlet/trpermisosgoce? HTTP/1.1" 200 8931
210.108.70.119 - - [27/Sep/2021:12:13:19 -0300] "GET /manager/html HTTP/1.1" 401 2474
210.108.70.119 - - [27/Sep/2021:12:13:20 -0300] "GET /manager/html HTTP/1.1" 401 2474
210.108.70.119 - - [27/Sep/2021:12:13:20 -0300] "GET /manager/html HTTP/1.1" 401 2474
210.108.70.119 - - [27/Sep/2021:12:13:20 -0300] "GET /manager/html HTTP/1.1" 401 2474
210.108.70.119 - - [27/Sep/2021:12:13:21 -0300] "GET /manager/html HTTP/1.1" 401 2474
190.171.143.82 - - [27/Sep/2021:12:13:21 -0300] "GET /cormun//static/Resources/PXToolsGridUpdate.png HTTP/1.1" 200 470
190.171.143.82 - - [27/Sep/2021:12:13:21 -0300] "GET /cormun/servlet/trpermisosgoce? HTTP/1.1" 200 8927
210.108.70.119 - - [27/Sep/2021:12:13:21 -0300] "GET /manager/html HTTP/1.1" 401 2474
210.108.70.119 - - [27/Sep/2021:12:13:21 -0300] "GET /manager/html HTTP/1.1" 401 2474
210.108.70.119 - - [27/Sep/2021:12:13:22 -0300] "GET /manager/html HTTP/1.1" 401 2474
210.108.70.119 - - [27/Sep/2021:12:13:22 -0300] "GET /manager/html HTTP/1.1" 401 2474
210.108.70.119 - - [27/Sep/2021:12:13:22 -0300] "GET /manager/html HTTP/1.1" 401 2474
210.108.70.119 - - [27/Sep/2021:12:13:23 -0300] "GET /manager/html HTTP/1.1" 401 2474
210.108.70.119 - - [27/Sep/2021:12:13:23 -0300] "GET /manager/html HTTP/1.1" 401 2474
210.108.70.119 - - [27/Sep/2021:12:13:23 -0300] "GET /manager/html HTTP/1.1" 401 2474
210.108.70.119 - - [27/Sep/2021:12:13:24 -0300] "GET /manager/html HTTP/1.1" 401 2474
210.108.70.119 - - [27/Sep/2021:12:13:24 -0300] "GET /manager/html HTTP/1.1" 401 2474
210.108.70.119 - - [27/Sep/2021:12:13:24 -0300] "GET /manager/html HTTP/1.1" 401 2474
210.108.70.119 - - [27/Sep/2021:12:13:25 -0300] "GET /manager/html HTTP/1.1" 401 2474
210.108.70.119 - - [27/Sep/2021:12:13:25 -0300] "GET /manager/html HTTP/1.1" 401 2474
210.108.70.119 - - [27/Sep/2021:12:13:25 -0300] "GET /manager/html HTTP/1.1" 401 2474
210.108.70.119 - - [27/Sep/2021:12:13:26 -0300] "GET /manager/html HTTP/1.1" 401 2474
210.108.70.119 - - [27/Sep/2021:12:13:26 -0300] "GET /manager/html HTTP/1.1" 401 2474
190.171.143.82 - - [27/Sep/2021:12:13:26 -0300] "GET /cormun/servlet/apermisogoceprn?9623778,P,20210927115853,PU HTTP/1.1" 200 1658
210.108.70.119 - - [27/Sep/2021:12:13:26 -0300] "GET /manager/html HTTP/1.1" 401 2474
210.108.70.119 - - [27/Sep/2021:12:13:27 -0300] "GET /manager/html HTTP/1.1" 401 2474
210.108.70.119 - - [27/Sep/2021:12:13:27 -0300] "GET /manager/html HTTP/1.1" 401 2474
210.108.70.119 - - [27/Sep/2021:12:13:27 -0300] "GET /manager/html HTTP/1.1" 401 2474
210.108.70.119 - - [27/Sep/2021:12:13:28 -0300] "GET /manager/html HTTP/1.1" 401 2474
210.108.70.119 - - [27/Sep/2021:12:13:28 -0300] "GET /manager/html HTTP/1.1" 401 2474
210.108.70.119 - - [27/Sep/2021:12:13:28 -0300] "GET /manager/html HTTP/1.1" 401 2474
210.108.70.119 - - [27/Sep/2021:12:13:29 -0300] "GET /manager/html HTTP/1.1" 401 2474
210.108.70.119 - - [27/Sep/2021:12:13:29 -0300] "GET /manager/html HTTP/1.1" 401 2474
210.108.70.119 - - [27/Sep/2021:12:13:29 -0300] "GET /manager/html HTTP/1.1" 401 2474
210.108.70.119 - - [27/Sep/2021:12:13:30 -0300] "GET /manager/html HTTP/1.1" 401 2474
210.108.70.119 - - [27/Sep/2021:12:13:30 -0300] "GET /manager/html HTTP/1.1" 401 2474
210.108.70.119 - - [27/Sep/2021:12:13:30 -0300] "GET /manager/html HTTP/1.1" 401 2474
210.108.70.119 - - [27/Sep/2021:12:13:31 -0300] "GET /manager/html HTTP/1.1" 401 2474
210.108.70.119 - - [27/Sep/2021:12:13:31 -0300] "GET /manager/html HTTP/1.1" 401 2474
210.108.70.119 - - [27/Sep/2021:12:13:31 -0300] "GET /manager/html HTTP/1.1" 401 2474
210.108.70.119 - - [27/Sep/2021:12:13:32 -0300] "GET /manager/html HTTP/1.1" 401 2474
210.108.70.119 - - [27/Sep/2021:12:13:32 -0300] "GET /manager/html HTTP/1.1" 401 2474
210.108.70.119 - - [27/Sep/2021:12:13:32 -0300] "GET /manager/html HTTP/1.1" 401 2474
210.108.70.119 - - [27/Sep/2021:12:13:33 -0300] "GET /manager/html HTTP/1.1" 401 2474
210.108.70.119 - - [27/Sep/2021:12:13:33 -0300] "GET /manager/html HTTP/1.1" 401 2474
210.108.70.119 - - [27/Sep/2021:12:13:33 -0300] "GET /manager/html HTTP/1.1" 401 2474
210.108.70.119 - - [27/Sep/2021:12:13:34 -0300] "GET /manager/html HTTP/1.1" 401 2474
210.108.70.119 - - [27/Sep/2021:12:13:34 -0300] "GET /manager/html HTTP/1.1" 401 2474
210.108.70.119 - - [27/Sep/2021:12:13:34 -0300] "GET /manager/html HTTP/1.1" 401 2474
210.108.70.119 - - [27/Sep/2021:12:13:35 -0300] "GET /manager/html HTTP/1.1" 401 2474
210.108.70.119 - - [27/Sep/2021:12:13:35 -0300] "GET /manager/html HTTP/1.1" 401 2474
210.108.70.119 - - [27/Sep/2021:12:13:35 -0300] "GET /manager/html HTTP/1.1" 401 2474
210.108.70.119 - - [27/Sep/2021:12:13:36 -0300] "GET /manager/html HTTP/1.1" 401 2474
210.108.70.119 - - [27/Sep/2021:12:13:36 -0300] "GET /manager/html HTTP/1.1" 401 2474
210.108.70.119 - - [27/Sep/2021:12:13:36 -0300] "GET /manager/html HTTP/1.1" 401 2474
210.108.70.119 - - [27/Sep/2021:12:13:37 -0300] "GET /manager/html HTTP/1.1" 401 2474
210.108.70.119 - - [27/Sep/2021:12:13:37 -0300] "GET /manager/html HTTP/1.1" 401 2474
210.108.70.119 - - [27/Sep/2021:12:13:37 -0300] "GET /manager/html HTTP/1.1" 401 2474
210.108.70.119 - - [27/Sep/2021:12:13:38 -0300] "GET /manager/html HTTP/1.1" 401 2474
210.108.70.119 - - [27/Sep/2021:12:13:38 -0300] "GET /manager/html HTTP/1.1" 401 2474
210.108.70.119 - - [27/Sep/2021:12:13:38 -0300] "GET /manager/html HTTP/1.1" 401 2474
210.108.70.119 - - [27/Sep/2021:12:13:39 -0300] "GET /manager/html HTTP/1.1" 401 2474
210.108.70.119 - - [27/Sep/2021:12:13:39 -0300] "GET /manager/html HTTP/1.1" 401 2474
210.108.70.119 - - [27/Sep/2021:12:13:39 -0300] "GET /manager/html HTTP/1.1" 401 2474
210.108.70.119 - - [27/Sep/2021:12:13:40 -0300] "GET /manager/html HTTP/1.1" 401 2474
210.108.70.119 - - [27/Sep/2021:12:13:40 -0300] "GET /manager/html HTTP/1.1" 401 2474
210.108.70.119 - - [27/Sep/2021:12:13:40 -0300] "GET /manager/html HTTP/1.1" 401 2474
210.108.70.119 - - [27/Sep/2021:12:13:41 -0300] "GET /manager/html HTTP/1.1" 401 2474
210.108.70.119 - - [27/Sep/2021:12:13:41 -0300] "GET /manager/html HTTP/1.1" 401 2474
210.108.70.119 - - [27/Sep/2021:12:13:41 -0300] "GET /manager/html HTTP/1.1" 401 2474
210.108.70.119 - - [27/Sep/2021:12:13:42 -0300] "GET /manager/html HTTP/1.1" 401 2474
210.108.70.119 - - [27/Sep/2021:12:13:42 -0300] "GET /manager/html HTTP/1.1" 401 2474
210.108.70.119 - - [27/Sep/2021:12:13:42 -0300] "GET /manager/html HTTP/1.1" 401 2474
210.108.70.119 - - [27/Sep/2021:12:13:43 -0300] "GET /manager/html HTTP/1.1" 401 2474
210.108.70.119 - - [27/Sep/2021:12:13:43 -0300] "GET /manager/html HTTP/1.1" 401 2474
210.108.70.119 - - [27/Sep/2021:12:13:43 -0300] "GET /manager/html HTTP/1.1" 401 2474
210.108.70.119 - - [27/Sep/2021:12:13:44 -0300] "GET /manager/html HTTP/1.1" 401 2474
210.108.70.119 - - [27/Sep/2021:12:13:44 -0300] "GET /manager/html HTTP/1.1" 401 2474
210.108.70.119 - - [27/Sep/2021:12:13:44 -0300] "GET /manager/html HTTP/1.1" 401 2474
210.108.70.119 - - [27/Sep/2021:12:13:45 -0300] "GET /manager/html HTTP/1.1" 401 2474
210.108.70.119 - - [27/Sep/2021:12:13:46 -0300] "GET /manager/html HTTP/1.1" 401 2474
210.108.70.119 - - [27/Sep/2021:12:13:47 -0300] "GET /manager/html HTTP/1.1" 401 2474
210.108.70.119 - - [27/Sep/2021:12:13:47 -0300] "GET /manager/html HTTP/1.1" 401 2474
210.108.70.119 - - [27/Sep/2021:12:13:47 -0300] "GET /manager/html HTTP/1.1" 401 2474
210.108.70.119 - - [27/Sep/2021:12:13:48 -0300] "GET /manager/html HTTP/1.1" 401 2474
210.108.70.119 - - [27/Sep/2021:12:13:48 -0300] "GET /manager/html HTTP/1.1" 401 2474
210.108.70.119 - - [27/Sep/2021:12:13:48 -0300] "GET /manager/html HTTP/1.1" 401 2474
210.108.70.119 - - [27/Sep/2021:12:13:49 -0300] "GET /manager/html HTTP/1.1" 401 2474
210.108.70.119 - - [27/Sep/2021:12:13:49 -0300] "GET /manager/html HTTP/1.1" 401 2474
210.108.70.119 - - [27/Sep/2021:12:13:49 -0300] "GET /manager/html HTTP/1.1" 401 2474
210.108.70.119 - - [27/Sep/2021:12:13:50 -0300] "GET /manager/html HTTP/1.1" 401 2474
210.108.70.119 - - [27/Sep/2021:12:13:50 -0300] "GET /manager/html HTTP/1.1" 401 2474
210.108.70.119 - - [27/Sep/2021:12:13:51 -0300] "GET /manager/html HTTP/1.1" 401 2474
190.171.143.82 - - [27/Sep/2021:12:13:51 -0300] "GET /cormun/servlet/permisogoce?INS,0,,, HTTP/1.1" 200 7242
210.108.70.119 - - [27/Sep/2021:12:13:51 -0300] "GET /manager/html HTTP/1.1" 401 2474
210.108.70.119 - - [27/Sep/2021:12:13:51 -0300] "GET /manager/html HTTP/1.1" 401 2474
210.108.70.119 - - [27/Sep/2021:12:13:52 -0300] "GET /manager/html HTTP/1.1" 401 2474
210.108.70.119 - - [27/Sep/2021:12:13:52 -0300] "GET /manager/html HTTP/1.1" 401 2474
210.108.70.119 - - [27/Sep/2021:12:13:52 -0300] "GET /manager/html HTTP/1.1" 401 2474
210.108.70.119 - - [27/Sep/2021:12:13:53 -0300] "GET /manager/html HTTP/1.1" 401 2474
190.171.143.82 - - [27/Sep/2021:12:13:53 -0300] "GET /cormun/servlet/permisogoce?INS,0,,, HTTP/1.1" 200 7242
210.108.70.119 - - [27/Sep/2021:12:13:53 -0300] "GET /manager/html HTTP/1.1" 401 2474
210.108.70.119 - - [27/Sep/2021:12:13:53 -0300] "GET /manager/html HTTP/1.1" 401 2474
210.108.70.119 - - [27/Sep/2021:12:13:54 -0300] "GET /manager/html HTTP/1.1" 401 2474
210.108.70.119 - - [27/Sep/2021:12:13:54 -0300] "GET /manager/html HTTP/1.1" 401 2474
210.108.70.119 - - [27/Sep/2021:12:13:54 -0300] "GET /manager/html HTTP/1.1" 401 2474
210.108.70.119 - - [27/Sep/2021:12:13:55 -0300] "GET /manager/html HTTP/1.1" 401 2474
210.108.70.119 - - [27/Sep/2021:12:13:55 -0300] "GET /manager/html HTTP/1.1" 401 2474
210.108.70.119 - - [27/Sep/2021:12:13:55 -0300] "GET /manager/html HTTP/1.1" 401 2474
210.108.70.119 - - [27/Sep/2021:12:13:56 -0300] "GET /manager/html HTTP/1.1" 401 2474
210.108.70.119 - - [27/Sep/2021:12:13:56 -0300] "GET /manager/html HTTP/1.1" 401 2474
210.108.70.119 - - [27/Sep/2021:12:13:56 -0300] "GET /manager/html HTTP/1.1" 401 2474
190.171.143.82 - - [27/Sep/2021:12:13:56 -0300] "GET /cormun/servlet/prfichaempleado?,MD,,gxPopupLevel%3D0%3B HTTP/1.1" 200 9401
210.108.70.119 - - [27/Sep/2021:12:13:57 -0300] "GET /manager/html HTTP/1.1" 401 2474
210.108.70.119 - - [27/Sep/2021:12:13:57 -0300] "GET /manager/html HTTP/1.1" 401 2474
210.108.70.119 - - [27/Sep/2021:12:13:57 -0300] "GET /manager/html HTTP/1.1" 401 2474
210.108.70.119 - - [27/Sep/2021:12:13:58 -0300] "GET /manager/html HTTP/1.1" 401 2474
210.108.70.119 - - [27/Sep/2021:12:13:58 -0300] "GET /manager/html HTTP/1.1" 401 2474
210.108.70.119 - - [27/Sep/2021:12:13:58 -0300] "GET /manager/html HTTP/1.1" 401 2474
210.108.70.119 - - [27/Sep/2021:12:13:59 -0300] "GET /manager/html HTTP/1.1" 401 2474
210.108.70.119 - - [27/Sep/2021:12:13:59 -0300] "GET /manager/html HTTP/1.1" 401 2474
210.108.70.119 - - [27/Sep/2021:12:13:59 -0300] "GET /manager/html HTTP/1.1" 401 2474
210.108.70.119 - - [27/Sep/2021:12:14:00 -0300] "GET /manager/html HTTP/1.1" 401 2474
210.108.70.119 - - [27/Sep/2021:12:14:00 -0300] "GET /manager/html HTTP/1.1" 401 2474
210.108.70.119 - - [27/Sep/2021:12:14:00 -0300] "GET /manager/html HTTP/1.1" 401 2474
210.108.70.119 - - [27/Sep/2021:12:14:01 -0300] "GET /manager/html HTTP/1.1" 401 2474
210.108.70.119 - - [27/Sep/2021:12:14:01 -0300] "GET /manager/html HTTP/1.1" 401 2474
210.108.70.119 - - [27/Sep/2021:12:14:02 -0300] "GET /manager/html HTTP/1.1" 401 2474
210.108.70.119 - - [27/Sep/2021:12:14:02 -0300] "GET /manager/html HTTP/1.1" 401 2474
210.108.70.119 - - [27/Sep/2021:12:14:02 -0300] "GET /manager/html HTTP/1.1" 401 2474
210.108.70.119 - - [27/Sep/2021:12:14:03 -0300] "GET /manager/html HTTP/1.1" 401 2474
210.108.70.119 - - [27/Sep/2021:12:14:03 -0300] "GET /manager/html HTTP/1.1" 401 2474
210.108.70.119 - - [27/Sep/2021:12:14:03 -0300] "GET /manager/html HTTP/1.1" 401 2474
210.108.70.119 - - [27/Sep/2021:12:14:04 -0300] "GET /manager/html HTTP/1.1" 401 2474
210.108.70.119 - - [27/Sep/2021:12:14:04 -0300] "GET /manager/html HTTP/1.1" 401 2474
210.108.70.119 - - [27/Sep/2021:12:14:04 -0300] "GET /manager/html HTTP/1.1" 401 2474
210.108.70.119 - - [27/Sep/2021:12:14:05 -0300] "GET /manager/html HTTP/1.1" 401 2474
210.108.70.119 - - [27/Sep/2021:12:14:05 -0300] "GET /manager/html HTTP/1.1" 401 2474
210.108.70.119 - - [27/Sep/2021:12:14:05 -0300] "GET /manager/html HTTP/1.1" 401 2474
210.108.70.119 - - [27/Sep/2021:12:14:06 -0300] "GET /manager/html HTTP/1.1" 401 2474
210.108.70.119 - - [27/Sep/2021:12:14:06 -0300] "GET /manager/html HTTP/1.1" 401 2474
210.108.70.119 - - [27/Sep/2021:12:14:06 -0300] "GET /manager/html HTTP/1.1" 401 2474
210.108.70.119 - - [27/Sep/2021:12:14:07 -0300] "GET /manager/html HTTP/1.1" 401 2474
210.108.70.119 - - [27/Sep/2021:12:14:07 -0300] "GET /manager/html HTTP/1.1" 401 2474
190.171.143.82 - - [27/Sep/2021:12:14:07 -0300] "GET /cormun/servlet/prfichaempleado?,MD,,gxPopupLevel%3D0%3B HTTP/1.1" 200 9401
210.108.70.119 - - [27/Sep/2021:12:14:07 -0300] "GET /manager/html HTTP/1.1" 401 2474
210.108.70.119 - - [27/Sep/2021:12:14:08 -0300] "GET /manager/html HTTP/1.1" 401 2474
210.108.70.119 - - [27/Sep/2021:12:14:08 -0300] "GET /manager/html HTTP/1.1" 401 2474
210.108.70.119 - - [27/Sep/2021:12:14:08 -0300] "GET /manager/html HTTP/1.1" 401 2474
210.108.70.119 - - [27/Sep/2021:12:14:09 -0300] "GET /manager/html HTTP/1.1" 401 2474
210.108.70.119 - - [27/Sep/2021:12:14:09 -0300] "GET /manager/html HTTP/1.1" 401 2474
210.108.70.119 - - [27/Sep/2021:12:14:09 -0300] "GET /manager/html HTTP/1.1" 401 2474
210.108.70.119 - - [27/Sep/2021:12:14:10 -0300] "GET /manager/html HTTP/1.1" 401 2474
210.108.70.119 - - [27/Sep/2021:12:14:10 -0300] "GET /manager/html HTTP/1.1" 401 2474
210.108.70.119 - - [27/Sep/2021:12:14:11 -0300] "GET /manager/html HTTP/1.1" 401 2474
210.108.70.119 - - [27/Sep/2021:12:14:11 -0300] "GET /manager/html HTTP/1.1" 401 2474
210.108.70.119 - - [27/Sep/2021:12:14:11 -0300] "GET /manager/html HTTP/1.1" 401 2474
210.108.70.119 - - [27/Sep/2021:12:14:12 -0300] "GET /manager/html HTTP/1.1" 401 2474
210.108.70.119 - - [27/Sep/2021:12:14:12 -0300] "GET /manager/html HTTP/1.1" 401 2474
210.108.70.119 - - [27/Sep/2021:12:14:12 -0300] "GET /manager/html HTTP/1.1" 401 2474
210.108.70.119 - - [27/Sep/2021:12:14:13 -0300] "GET /manager/html HTTP/1.1" 401 2474
210.108.70.119 - - [27/Sep/2021:12:14:13 -0300] "GET /manager/html HTTP/1.1" 401 2474
190.171.143.82 - - [27/Sep/2021:12:14:13 -0300] "POST /cormun/servlet/prfichaempleado?01e8163fb8bbe0c68f42b1ed3f546204,,MD,,gxPopupLevel%3D0%3B,gx-no-cache=1632754957825 HTTP/1.1" 200 3410
210.108.70.119 - - [27/Sep/2021:12:14:13 -0300] "GET /manager/html HTTP/1.1" 401 2474
210.108.70.119 - - [27/Sep/2021:12:14:14 -0300] "GET /manager/html HTTP/1.1" 401 2474
210.108.70.119 - - [27/Sep/2021:12:14:14 -0300] "GET /manager/html HTTP/1.1" 401 2474
210.108.70.119 - - [27/Sep/2021:12:14:14 -0300] "GET /manager/html HTTP/1.1" 401 2474
210.108.70.119 - - [27/Sep/2021:12:14:15 -0300] "GET /manager/html HTTP/1.1" 401 2474
210.108.70.119 - - [27/Sep/2021:12:14:15 -0300] "GET /manager/html HTTP/1.1" 401 2474
210.108.70.119 - - [27/Sep/2021:12:14:16 -0300] "GET /manager/html HTTP/1.1" 401 2474
210.108.70.119 - - [27/Sep/2021:12:14:16 -0300] "GET /manager/html HTTP/1.1" 401 2474
210.108.70.119 - - [27/Sep/2021:12:14:16 -0300] "GET /manager/html HTTP/1.1" 401 2474
210.108.70.119 - - [27/Sep/2021:12:14:17 -0300] "GET /manager/html HTTP/1.1" 401 2474
210.108.70.119 - - [27/Sep/2021:12:14:17 -0300] "GET /manager/html HTTP/1.1" 401 2474
210.108.70.119 - - [27/Sep/2021:12:14:17 -0300] "GET /manager/html HTTP/1.1" 401 2474
210.108.70.119 - - [27/Sep/2021:12:14:18 -0300] "GET /manager/html HTTP/1.1" 401 2474
210.108.70.119 - - [27/Sep/2021:12:14:18 -0300] "GET /manager/html HTTP/1.1" 401 2474
210.108.70.119 - - [27/Sep/2021:12:14:18 -0300] "GET /manager/html HTTP/1.1" 401 2474
210.108.70.119 - - [27/Sep/2021:12:14:19 -0300] "GET /manager/html HTTP/1.1" 401 2474
210.108.70.119 - - [27/Sep/2021:12:14:19 -0300] "GET /manager/html HTTP/1.1" 401 2474
210.108.70.119 - - [27/Sep/2021:12:14:19 -0300] "GET /manager/html HTTP/1.1" 401 2474
190.171.143.82 - - [27/Sep/2021:12:14:19 -0300] "GET /cormun/servlet/permisogoce?dfb3d9f03beb6fcbb8ce50507824c8f24edaa1a926d73566b5882ea6f15b70880d98177b975b060c4a1316f97213ef040dbad0733f6e6c27965482dda6fb98b2,gx-no-cache=1632754963870 HTTP/1.1" 200 88
190.171.143.82 - - [27/Sep/2021:12:14:19 -0300] "GET /cormun/static/menuarrow.gif HTTP/1.1" 404 1015
210.108.70.119 - - [27/Sep/2021:12:14:20 -0300] "GET /manager/html HTTP/1.1" 401 2474
210.108.70.119 - - [27/Sep/2021:12:14:20 -0300] "GET /manager/html HTTP/1.1" 401 2474
210.108.70.119 - - [27/Sep/2021:12:14:20 -0300] "GET /manager/html HTTP/1.1" 401 2474
210.108.70.119 - - [27/Sep/2021:12:14:21 -0300] "GET /manager/html HTTP/1.1" 401 2474
210.108.70.119 - - [27/Sep/2021:12:14:21 -0300] "GET /manager/html HTTP/1.1" 401 2474
210.108.70.119 - - [27/Sep/2021:12:14:22 -0300] "GET /manager/html HTTP/1.1" 401 2474
210.108.70.119 - - [27/Sep/2021:12:14:22 -0300] "GET /manager/html HTTP/1.1" 401 2474
210.108.70.119 - - [27/Sep/2021:12:14:22 -0300] "GET /manager/html HTTP/1.1" 401 2474
210.108.70.119 - - [27/Sep/2021:12:14:23 -0300] "GET /manager/html HTTP/1.1" 401 2474
210.108.70.119 - - [27/Sep/2021:12:14:23 -0300] "GET /manager/html HTTP/1.1" 401 2474
210.108.70.119 - - [27/Sep/2021:12:14:23 -0300] "GET /manager/html HTTP/1.1" 401 2474
210.108.70.119 - - [27/Sep/2021:12:14:24 -0300] "GET /manager/html HTTP/1.1" 401 2474
210.108.70.119 - - [27/Sep/2021:12:14:24 -0300] "GET /manager/html HTTP/1.1" 401 2474
210.108.70.119 - - [27/Sep/2021:12:14:24 -0300] "GET /manager/html HTTP/1.1" 401 2474
210.108.70.119 - - [27/Sep/2021:12:14:25 -0300] "GET /manager/html HTTP/1.1" 401 2474
210.108.70.119 - - [27/Sep/2021:12:14:25 -0300] "GET /manager/html HTTP/1.1" 401 2474
210.108.70.119 - - [27/Sep/2021:12:14:25 -0300] "GET /manager/html HTTP/1.1" 401 2474
210.108.70.119 - - [27/Sep/2021:12:14:26 -0300] "GET /manager/html HTTP/1.1" 401 2474
210.108.70.119 - - [27/Sep/2021:12:14:26 -0300] "GET /manager/html HTTP/1.1" 401 2474
210.108.70.119 - - [27/Sep/2021:12:14:26 -0300] "GET /manager/html HTTP/1.1" 401 2474
210.108.70.119 - - [27/Sep/2021:12:14:27 -0300] "GET /manager/html HTTP/1.1" 401 2474
210.108.70.119 - - [27/Sep/2021:12:14:27 -0300] "GET /manager/html HTTP/1.1" 401 2474
210.108.70.119 - - [27/Sep/2021:12:14:27 -0300] "GET /manager/html HTTP/1.1" 401 2474
210.108.70.119 - - [27/Sep/2021:12:14:28 -0300] "GET /manager/html HTTP/1.1" 401 2474
210.108.70.119 - - [27/Sep/2021:12:14:28 -0300] "GET /manager/html HTTP/1.1" 401 2474
210.108.70.119 - - [27/Sep/2021:12:14:28 -0300] "GET /manager/html HTTP/1.1" 401 2474
210.108.70.119 - - [27/Sep/2021:12:14:29 -0300] "GET /manager/html HTTP/1.1" 401 2474
210.108.70.119 - - [27/Sep/2021:12:14:29 -0300] "GET /manager/html HTTP/1.1" 401 2474
210.108.70.119 - - [27/Sep/2021:12:14:30 -0300] "GET /manager/html HTTP/1.1" 401 2474
210.108.70.119 - - [27/Sep/2021:12:14:30 -0300] "GET /manager/html HTTP/1.1" 401 2474
210.108.70.119 - - [27/Sep/2021:12:14:30 -0300] "GET /manager/html HTTP/1.1" 401 2474
210.108.70.119 - - [27/Sep/2021:12:14:31 -0300] "GET /manager/html HTTP/1.1" 401 2474
210.108.70.119 - - [27/Sep/2021:12:14:31 -0300] "GET /manager/html HTTP/1.1" 401 2474
210.108.70.119 - - [27/Sep/2021:12:14:31 -0300] "GET /manager/html HTTP/1.1" 401 2474
210.108.70.119 - - [27/Sep/2021:12:14:32 -0300] "GET /manager/html HTTP/1.1" 401 2474
210.108.70.119 - - [27/Sep/2021:12:14:32 -0300] "GET /manager/html HTTP/1.1" 401 2474
210.108.70.119 - - [27/Sep/2021:12:14:32 -0300] "GET /manager/html HTTP/1.1" 401 2474
210.108.70.119 - - [27/Sep/2021:12:14:33 -0300] "GET /manager/html HTTP/1.1" 401 2474
210.108.70.119 - - [27/Sep/2021:12:14:33 -0300] "GET /manager/html HTTP/1.1" 401 2474
210.108.70.119 - - [27/Sep/2021:12:14:34 -0300] "GET /manager/html HTTP/1.1" 401 2474
210.108.70.119 - - [27/Sep/2021:12:14:34 -0300] "GET /manager/html HTTP/1.1" 401 2474
210.108.70.119 - - [27/Sep/2021:12:14:34 -0300] "GET /manager/html HTTP/1.1" 401 2474
210.108.70.119 - - [27/Sep/2021:12:14:35 -0300] "GET /manager/html HTTP/1.1" 401 2474
210.108.70.119 - - [27/Sep/2021:12:14:35 -0300] "GET /manager/html HTTP/1.1" 401 2474
210.108.70.119 - - [27/Sep/2021:12:14:35 -0300] "GET /manager/html HTTP/1.1" 401 2474
210.108.70.119 - - [27/Sep/2021:12:14:36 -0300] "GET /manager/html HTTP/1.1" 401 2474
210.108.70.119 - - [27/Sep/2021:12:14:36 -0300] "GET /manager/html HTTP/1.1" 401 2474
210.108.70.119 - - [27/Sep/2021:12:14:36 -0300] "GET /manager/html HTTP/1.1" 401 2474
210.108.70.119 - - [27/Sep/2021:12:14:37 -0300] "GET /manager/html HTTP/1.1" 401 2474
210.108.70.119 - - [27/Sep/2021:12:14:37 -0300] "GET /manager/html HTTP/1.1" 401 2474
210.108.70.119 - - [27/Sep/2021:12:14:37 -0300] "GET /manager/html HTTP/1.1" 401 2474
190.171.143.82 - - [27/Sep/2021:12:14:37 -0300] "GET /cormun/servlet/trpermisosgoce? HTTP/1.1" 200 8931
210.108.70.119 - - [27/Sep/2021:12:14:38 -0300] "GET /manager/html HTTP/1.1" 401 2474
210.108.70.119 - - [27/Sep/2021:12:14:38 -0300] "GET /manager/html HTTP/1.1" 401 2474
210.108.70.119 - - [27/Sep/2021:12:14:38 -0300] "GET /manager/html HTTP/1.1" 401 2474
