181.212.43.89 - - [23/Sep/2021:09:45:08 -0300] "GET /cormun/servlet/prbanco?,MD,,gxPopupLevel%3D0%3B HTTP/1.1" 200 6556
190.171.152.114 - - [23/Sep/2021:09:45:12 -0300] "GET /cormun/servlet/solicitudotadjuntos?2e0cad0d2eb3c822d7604520b96009995cdbf0e79580902ab87d73f8608a9279,gx-no-cache=1632400481897 HTTP/1.1" 200 30
190.171.152.114 - - [23/Sep/2021:09:45:12 -0300] "GET /cormun/servlet/solicitudotadjuntos?2e0cad0d2eb3c822d7604520b96009995cdbf0e79580902ab87d73f8608a9279,gx-no-cache=1632400481909 HTTP/1.1" 200 30
190.171.152.114 - - [23/Sep/2021:09:45:12 -0300] "POST /cormun/servlet/solicitudotadjuntos?b3f85df63e0418e296e6270d606515b0,INS,2021,17526,,1, HTTP/1.1" 200 116
190.171.152.114 - - [23/Sep/2021:09:45:12 -0300] "GET /cormun/servlet/hpexe_return? HTTP/1.1" 200 1027
190.171.152.114 - - [23/Sep/2021:09:45:12 -0300] "GET /cormun/servlet/trsolicitudadjuntos?2021,17526, HTTP/1.1" 200 9831
181.212.43.89 - - [23/Sep/2021:09:45:12 -0300] "GET /cormun/servlet/solicitudot?d8dbe4c12f4593fc0d14168e321fc260f073727f0fffe4202ae800b8a2d694322f29827e62f842ff66aec8bb5aca5c14,gx-no-cache=1632400480762 HTTP/1.1" 200 30
190.171.152.114 - - [23/Sep/2021:09:45:13 -0300] "GET /cormun/servlet/trsolicitudadjuntos?2021,17526, HTTP/1.1" 200 9829
181.212.43.89 - - [23/Sep/2021:09:45:15 -0300] "GET /cormun/servlet/solicitudot?d8dbe4c12f4593fc0d14168e321fc260a48b69e3c53a0821d1c4eab17779c3b7,gx-no-cache=1632400482991 HTTP/1.1" 200 53
190.171.152.114 - - [23/Sep/2021:09:45:21 -0300] "GET /cormun/servlet/solicitudotadjuntos?INS,2021,17526,,1, HTTP/1.1" 200 6349
190.171.152.114 - - [23/Sep/2021:09:45:21 -0300] "GET /cormun/static/about:blank HTTP/1.1" 404 1011
190.171.152.114 - - [23/Sep/2021:09:45:21 -0300] "GET /cormun/servlet/solicitudotadjuntos?INS,2021,17526,,1, HTTP/1.1" 200 6342
190.171.152.114 - - [23/Sep/2021:09:45:22 -0300] "GET /cormun/servlet/solicitudotadjuntos?2e0cad0d2eb3c822d7604520b960099934d88a4671048de5607e0871d844ce7eab5bb413cc1aa074f54f43a27b44f77f,gx-no-cache=1632400491891 HTTP/1.1" 200 30
190.171.152.114 - - [23/Sep/2021:09:45:22 -0300] "POST /cormun/servlet/solicitudotadjuntos?b3f85df63e0418e296e6270d606515b0,INS,2021,17526,,1,,gx-no-cache=1632400491907 HTTP/1.1" 200 4150
190.171.152.114 - - [23/Sep/2021:09:45:25 -0300] "POST /cormun/servlet/solicitudotadjuntos?gx-no-cache=1632400494984 HTTP/1.1" 200 26
181.212.43.89 - - [23/Sep/2021:09:45:28 -0300] "POST /cormun/servlet/solicitudot?gx-no-cache=1632400496849 HTTP/1.1" 200 240
181.212.43.89 - - [23/Sep/2021:09:45:30 -0300] "GET /cormun/servlet/solicitudot?d8dbe4c12f4593fc0d14168e321fc2605f6c78b5dd596756ce5444ad860fa18a10f01191f255567f089850349dbcea605668ed7e1fab7c45df838cf4dfdb2c1a3645ac92728b1809bad38b746d63750e5d79130146587084a645bf02d3857b692ab15d634354d086b0d1034cb90d76a8b4f85136fcac4d886e5123ddaa034a6e513ed589b591bb9ac36723bbfdf6fc9adb189817ca04bc58d0cbf09656031efa148d0b7ab62ac01313ef4e8fed029e5d3176c0c5d79d80c887815b603e35821088a26c3b5bc2523253d3ef4130685a35ba06bc93d10e6d9af0d81eaa772c794564ae79ed76f68d74895283b0975a23cdd7e667785da37a8357edc48d678adba4aadacefb5bcb330790ba86354fa3de34203a5fdb199311867208356bf2e5a629d64d81806f0cbbe72f35ce0bc16188685157da84abee7eda98d3943dde301ed8a61888bb7bcf0677facb4fd6388e58b8af20526b393e3dd04525b8fbecd35ae625703fae994361d99144d71e547b984073a7e5fadfc37df9142182c216e638c1,gx-no-cache=1632400498730 HTTP/1.1" 200 30
181.212.43.89 - - [23/Sep/2021:09:45:33 -0300] "POST /cormun/servlet/solicitudot?gx-no-cache=1632400500995 HTTP/1.1" 200 30
190.171.152.114 - - [23/Sep/2021:09:45:33 -0300] "GET /cormun/servlet/solicitudotadjuntos?2e0cad0d2eb3c822d7604520b96009995cdbf0e79580902ab87d73f8608a9279,gx-no-cache=1632400502984 HTTP/1.1" 200 30
190.171.152.114 - - [23/Sep/2021:09:45:33 -0300] "GET /cormun/servlet/solicitudotadjuntos?2e0cad0d2eb3c822d7604520b96009995cdbf0e79580902ab87d73f8608a9279,gx-no-cache=1632400502996 HTTP/1.1" 200 30
190.171.152.114 - - [23/Sep/2021:09:45:33 -0300] "POST /cormun/servlet/solicitudotadjuntos?b3f85df63e0418e296e6270d606515b0,INS,2021,17526,,1, HTTP/1.1" 200 116
190.171.152.114 - - [23/Sep/2021:09:45:33 -0300] "GET /cormun/servlet/hpexe_return? HTTP/1.1" 200 1027
190.171.152.114 - - [23/Sep/2021:09:45:33 -0300] "GET /cormun/servlet/trsolicitudadjuntos?2021,17526, HTTP/1.1" 200 10117
190.171.152.114 - - [23/Sep/2021:09:45:34 -0300] "GET /cormun/servlet/trsolicitudadjuntos?2021,17526, HTTP/1.1" 200 10116
190.171.152.114 - - [23/Sep/2021:09:45:45 -0300] "GET /cormun/servlet/solicitudotadjuntos?INS,2021,17526,,1, HTTP/1.1" 200 6349
190.171.152.114 - - [23/Sep/2021:09:45:45 -0300] "GET /cormun/static/about:blank HTTP/1.1" 404 1011
190.171.152.114 - - [23/Sep/2021:09:45:45 -0300] "GET /cormun/servlet/solicitudotadjuntos?INS,2021,17526,,1, HTTP/1.1" 200 6342
190.171.152.114 - - [23/Sep/2021:09:45:46 -0300] "GET /cormun/servlet/solicitudotadjuntos?2e0cad0d2eb3c822d7604520b960099934d88a4671048de5607e0871d844ce7eab5bb413cc1aa074f54f43a27b44f77f,gx-no-cache=1632400515922 HTTP/1.1" 200 30
190.171.152.114 - - [23/Sep/2021:09:45:46 -0300] "POST /cormun/servlet/solicitudotadjuntos?b3f85df63e0418e296e6270d606515b0,INS,2021,17526,,1,,gx-no-cache=1632400515937 HTTP/1.1" 200 4150
190.171.152.114 - - [23/Sep/2021:09:45:49 -0300] "POST /cormun/servlet/solicitudotadjuntos?gx-no-cache=1632400518704 HTTP/1.1" 200 26
181.212.43.89 - - [23/Sep/2021:09:45:51 -0300] "POST /cormun/servlet/solicitudot?gx-no-cache=1632400519396 HTTP/1.1" 200 1441
181.212.43.89 - - [23/Sep/2021:09:45:55 -0300] "GET /cormun/servlet/prlicenciaspermisos?10287129,L,,MD,,gxPopupLevel%3D0%3B HTTP/1.1" 200 7004
181.212.43.89 - - [23/Sep/2021:09:46:06 -0300] "POST /cormun/servlet/solicitudot?gx-no-cache=1632400534459 HTTP/1.1" 200 40
192.168.10.78 - - [23/Sep/2021:09:46:17 -0300] "GET /cormun/servlet/vesolicitudgral?2021,17502,,SolicitudOTAdjuntos HTTP/1.1" 200 10252
192.168.10.78 - - [23/Sep/2021:09:46:17 -0300] "GET /cormun/pexe_scrolldiv.js HTTP/1.1" 404 1009
192.168.10.78 - - [23/Sep/2021:09:46:17 -0300] "GET /cormun/pexe_scrolldiv.js HTTP/1.1" 404 1009
192.168.10.78 - - [23/Sep/2021:09:46:17 -0300] "GET /cormun/servlet/hlogin HTTP/1.1" 200 1757
192.168.10.78 - - [23/Sep/2021:09:46:17 -0300] "GET /cormun/servlet/vesolicitudgral?2021,17502,,SolicitudOTAdjuntos HTTP/1.1" 200 10255
192.168.10.78 - - [23/Sep/2021:09:46:23 -0300] "POST /cormun/servlet/hlogin?b2e74f65bdd95859130adf87a7602d3a,gx-no-cache=1632400414399 HTTP/1.1" 200 90
192.168.10.78 - - [23/Sep/2021:09:46:23 -0300] "GET /cormun/servlet/hpexe_link HTTP/1.1" 200 977
192.168.10.78 - - [23/Sep/2021:09:46:24 -0300] "GET /cormun/servlet/vesolicitudgral?2021,17502,,SolicitudOTAdjuntos HTTP/1.1" 200 10756
192.168.10.78 - - [23/Sep/2021:09:46:24 -0300] "GET /cormun/pexe_scrolldiv.js HTTP/1.1" 404 1009
192.168.10.78 - - [23/Sep/2021:09:46:24 -0300] "GET /cormun/pexe_scrolldiv.js HTTP/1.1" 404 1009
192.168.10.78 - - [23/Sep/2021:09:46:24 -0300] "GET /cormun/servlet/vesolicitudgral?2021,17502,,SolicitudOTAdjuntos HTTP/1.1" 200 10764
192.168.10.78 - - [23/Sep/2021:09:46:25 -0300] "POST /cormun/servlet/acontrolpreferencessavestate?None,RRHH+CATALINA+CACERES,true HTTP/1.1" 200 35
190.171.152.114 - - [23/Sep/2021:09:46:27 -0300] "GET /cormun/servlet/solicitudotadjuntos?2e0cad0d2eb3c822d7604520b96009995cdbf0e79580902ab87d73f8608a9279,gx-no-cache=1632400557234 HTTP/1.1" 200 30
190.171.152.114 - - [23/Sep/2021:09:46:27 -0300] "GET /cormun/servlet/solicitudotadjuntos?2e0cad0d2eb3c822d7604520b96009995cdbf0e79580902ab87d73f8608a9279,gx-no-cache=1632400557254 HTTP/1.1" 200 30
190.171.152.114 - - [23/Sep/2021:09:46:27 -0300] "POST /cormun/servlet/solicitudotadjuntos?b3f85df63e0418e296e6270d606515b0,INS,2021,17526,,1, HTTP/1.1" 200 116
190.171.152.114 - - [23/Sep/2021:09:46:27 -0300] "GET /cormun/servlet/hpexe_return? HTTP/1.1" 200 1027
190.171.152.114 - - [23/Sep/2021:09:46:28 -0300] "GET /cormun/servlet/trsolicitudadjuntos?2021,17526, HTTP/1.1" 200 10308
190.171.152.114 - - [23/Sep/2021:09:46:28 -0300] "GET /cormun/servlet/trsolicitudadjuntos?2021,17526, HTTP/1.1" 200 10306
192.168.10.78 - - [23/Sep/2021:09:46:29 -0300] "GET /cormun/servlet/vesolicitudgral?2021,17502,,General HTTP/1.1" 200 8307
192.168.10.78 - - [23/Sep/2021:09:46:29 -0300] "GET /cormun/pexe_scrolldiv.js HTTP/1.1" 404 1009
192.168.10.78 - - [23/Sep/2021:09:46:29 -0300] "GET /cormun/pexe_scrolldiv.js HTTP/1.1" 404 1009
181.212.43.89 - - [23/Sep/2021:09:46:29 -0300] "GET /cormun/servlet/solicitudot?d8dbe4c12f4593fc0d14168e321fc260817b19efef04f9928d72221161ed037b2a6dc2e74e99b0d4bfb38bc396a71b40d99f583fd0d49b2996976feefad80ce46ddd71555b91784ce5e01dfa79a4f96e4c0f4924ecc9eedb7158a130cdd2b2d11b28383fcce7921e84d9098010f3cea8,gx-no-cache=1632400557772 HTTP/1.1" 200 110
181.212.43.89 - - [23/Sep/2021:09:46:30 -0300] "POST /cormun/servlet/solicitudot?gx-no-cache=1632400557907 HTTP/1.1" 200 97
192.168.10.78 - - [23/Sep/2021:09:46:30 -0300] "GET /cormun/servlet/vesolicitudgral?2021,17502,,General HTTP/1.1" 200 8307
181.212.43.89 - - [23/Sep/2021:09:46:32 -0300] "POST /cormun/servlet/solicitudot?a683f57bd315e2d49509877a6ec61b52,INS,0,0,false,,gx-no-cache=1632400559951 HTTP/1.1" 200 12949
181.212.43.89 - - [23/Sep/2021:09:46:32 -0300] "GET /cormun/static/Shared/jqueryui/images/ui-bg_flat_55_994d53_40x100.png HTTP/1.1" 404 1097
181.212.43.89 - - [23/Sep/2021:09:46:32 -0300] "GET /cormun/static/Shared/jqueryui/images/ui-icons_ebccce_256x240.png HTTP/1.1" 404 1089
181.212.43.89 - - [23/Sep/2021:09:46:32 -0300] "GET /cormun/static/Shared/jqueryui/images/ui-bg_highlight-soft_100_c6c2c8_1x100.png HTTP/1.1" 404 1117
181.212.43.89 - - [23/Sep/2021:09:46:32 -0300] "GET /cormun/static/Shared/jqueryui/images/ui-icons_82798d_256x240.png HTTP/1.1" 404 1089
181.212.43.89 - - [23/Sep/2021:09:46:34 -0300] "GET /cormun/servlet/solicitudot?d8dbe4c12f4593fc0d14168e321fc260a2eb77ea49993842d85b3d0e0b89537791d711d489085eff76c8f26fb9d3b5c9b9ff69e0636388d4daf448618c1b2de613d68873b15ae4ae0dc8841986ea32a64beae10987d311229c0bebe3735c20d0367a941b17ae7692c4209d15ca5ebec5,gx-no-cache=1632400562888 HTTP/1.1" 200 29
181.212.43.89 - - [23/Sep/2021:09:46:34 -0300] "GET /cormun/static/menuarrow.gif HTTP/1.1" 404 1015
190.171.152.114 - - [23/Sep/2021:09:46:41 -0300] "GET /cormun/servlet/solicitudotadjuntos?INS,2021,17526,,1, HTTP/1.1" 200 6349
190.171.152.114 - - [23/Sep/2021:09:46:41 -0300] "GET /cormun/static/about:blank HTTP/1.1" 404 1011
190.171.152.114 - - [23/Sep/2021:09:46:41 -0300] "GET /cormun/servlet/solicitudotadjuntos?INS,2021,17526,,1, HTTP/1.1" 200 6342
181.212.43.89 - - [23/Sep/2021:09:46:41 -0300] "GET /cormun/servlet/solicitudot?d8dbe4c12f4593fc0d14168e321fc260f09cb857946d39f315bf54d49a92cd7361d82810d608a8ec224f4c72595608b9,gx-no-cache=1632400569277 HTTP/1.1" 200 30
181.212.43.89 - - [23/Sep/2021:09:46:41 -0300] "POST /cormun/servlet/solicitudot?gx-no-cache=1632400569329 HTTP/1.1" 200 34
190.171.152.114 - - [23/Sep/2021:09:46:41 -0300] "GET /cormun/servlet/solicitudotadjuntos?2e0cad0d2eb3c822d7604520b960099934d88a4671048de5607e0871d844ce7eab5bb413cc1aa074f54f43a27b44f77f,gx-no-cache=1632400571273 HTTP/1.1" 200 30
190.171.152.114 - - [23/Sep/2021:09:46:41 -0300] "POST /cormun/servlet/solicitudotadjuntos?b3f85df63e0418e296e6270d606515b0,INS,2021,17526,,1,,gx-no-cache=1632400571302 HTTP/1.1" 200 4149
190.171.152.114 - - [23/Sep/2021:09:46:46 -0300] "POST /cormun/servlet/solicitudotadjuntos?b3f85df63e0418e296e6270d606515b0,INS,2021,17526,,1,,gx-no-cache=1632400576074 HTTP/1.1" 200 93
190.171.152.114 - - [23/Sep/2021:09:46:46 -0300] "GET /cormun/servlet/hpexe_return? HTTP/1.1" 200 1027
190.171.152.114 - - [23/Sep/2021:09:46:46 -0300] "GET /cormun/servlet/trsolicitudadjuntos?2021,17526, HTTP/1.1" 200 10309
190.171.152.114 - - [23/Sep/2021:09:46:47 -0300] "GET /cormun/servlet/trsolicitudadjuntos?2021,17526, HTTP/1.1" 200 10307
181.212.43.89 - - [23/Sep/2021:09:46:49 -0300] "POST /cormun/servlet/solicitudot?a683f57bd315e2d49509877a6ec61b52,INS,0,0,false,,gx-no-cache=1632400576637 HTTP/1.1" 200 93
181.212.43.89 - - [23/Sep/2021:09:46:49 -0300] "GET /cormun/servlet/hpexe_return? HTTP/1.1" 200 1013
190.171.152.114 - - [23/Sep/2021:09:46:49 -0300] "GET /cormun/servlet/solicitudotadjuntos?INS,2021,17526,,2, HTTP/1.1" 200 6348
190.171.152.114 - - [23/Sep/2021:09:46:49 -0300] "GET /cormun/static/about:blank HTTP/1.1" 404 1011
190.171.152.114 - - [23/Sep/2021:09:46:49 -0300] "GET /cormun/servlet/solicitudotadjuntos?INS,2021,17526,,2, HTTP/1.1" 200 6341
181.212.43.89 - - [23/Sep/2021:09:46:49 -0300] "GET /cormun/servlet/trsolicitudot HTTP/1.1" 200 8662
190.171.152.114 - - [23/Sep/2021:09:46:49 -0300] "GET /cormun/servlet/solicitudotadjuntos?2e0cad0d2eb3c822d7604520b960099934d88a4671048de5607e0871d844ce7eab5bb413cc1aa074f54f43a27b44f77f,gx-no-cache=1632400579443 HTTP/1.1" 200 30
190.171.152.114 - - [23/Sep/2021:09:46:49 -0300] "POST /cormun/servlet/solicitudotadjuntos?b3f85df63e0418e296e6270d606515b0,INS,2021,17526,,2,,gx-no-cache=1632400579466 HTTP/1.1" 200 4363
181.212.43.89 - - [23/Sep/2021:09:46:50 -0300] "GET /cormun/servlet/trsolicitudot HTTP/1.1" 200 8658
190.171.152.114 - - [23/Sep/2021:09:46:53 -0300] "POST /cormun/servlet/solicitudotadjuntos?gx-no-cache=1632400582624 HTTP/1.1" 200 26
181.212.43.89 - - [23/Sep/2021:09:47:17 -0300] "POST /cormun/servlet/trsolicitudot?a683f57bd315e2d49509877a6ec61b52,gx-no-cache=1632400604945 HTTP/1.1" 200 6060
181.212.43.89 - - [23/Sep/2021:09:47:17 -0300] "GET /cormun/static/Shared/jqueryui/images/ui-bg_highlight-soft_100_c6c2c8_1x100.png HTTP/1.1" 404 1117
181.212.43.89 - - [23/Sep/2021:09:47:17 -0300] "GET /cormun/static/Shared/jqueryui/images/ui-icons_82798d_256x240.png HTTP/1.1" 404 1089
181.212.43.89 - - [23/Sep/2021:09:47:17 -0300] "GET /cormun/static/Shared/jqueryui/images/ui-bg_flat_55_fafafa_40x100.png HTTP/1.1" 404 1097
181.212.43.89 - - [23/Sep/2021:09:47:17 -0300] "GET /cormun/static/Shared/jqueryui/images/ui-icons_8d78a5_256x240.png HTTP/1.1" 404 1089
181.212.43.89 - - [23/Sep/2021:09:47:24 -0300] "POST /cormun/servlet/trsolicitudot?a683f57bd315e2d49509877a6ec61b52,gx-no-cache=1632400611981 HTTP/1.1" 200 107
181.212.43.89 - - [23/Sep/2021:09:47:24 -0300] "GET /cormun/servlet/trsolicitudadjuntos?2021,17527, HTTP/1.1" 200 6103
181.212.43.89 - - [23/Sep/2021:09:47:24 -0300] "GET /cormun/servlet/trsolicitudadjuntos?2021,17527, HTTP/1.1" 200 6102
190.171.152.114 - - [23/Sep/2021:09:47:28 -0300] "GET /cormun/servlet/solicitudotadjuntos?2e0cad0d2eb3c822d7604520b96009995cdbf0e79580902ab87d73f8608a9279,gx-no-cache=1632400617576 HTTP/1.1" 200 30
190.171.152.114 - - [23/Sep/2021:09:47:28 -0300] "GET /cormun/servlet/solicitudotadjuntos?2e0cad0d2eb3c822d7604520b96009995cdbf0e79580902ab87d73f8608a9279,gx-no-cache=1632400617596 HTTP/1.1" 200 30
190.171.152.114 - - [23/Sep/2021:09:47:28 -0300] "POST /cormun/servlet/solicitudotadjuntos?b3f85df63e0418e296e6270d606515b0,INS,2021,17526,,2, HTTP/1.1" 200 116
190.171.152.114 - - [23/Sep/2021:09:47:28 -0300] "GET /cormun/servlet/hpexe_return? HTTP/1.1" 200 1027
190.171.152.114 - - [23/Sep/2021:09:47:28 -0300] "GET /cormun/servlet/trsolicitudadjuntos?2021,17526, HTTP/1.1" 200 10459
190.171.152.114 - - [23/Sep/2021:09:47:28 -0300] "GET /cormun/servlet/trsolicitudadjuntos?2021,17526, HTTP/1.1" 200 10457
181.212.43.89 - - [23/Sep/2021:09:47:30 -0300] "GET /cormun/servlet/solicitudotadjuntos?INS,2021,17527,,1, HTTP/1.1" 200 6046
181.212.43.89 - - [23/Sep/2021:09:47:30 -0300] "GET /cormun/static/about:blank HTTP/1.1" 404 1011
181.212.43.89 - - [23/Sep/2021:09:47:30 -0300] "GET /cormun/servlet/solicitudotadjuntos?INS,2021,17527,,1, HTTP/1.1" 200 6039
181.212.43.89 - - [23/Sep/2021:09:47:31 -0300] "GET /cormun/servlet/solicitudotadjuntos?d8dbe4c12f4593fc0d14168e321fc2609b16c4e12ad23402c468ac8d713d0eee84733818a6fb9967513477ddbb58f65c,gx-no-cache=1632400619183 HTTP/1.1" 200 30
181.212.43.89 - - [23/Sep/2021:09:47:31 -0300] "POST /cormun/servlet/solicitudotadjuntos?a683f57bd315e2d49509877a6ec61b52,INS,2021,17527,,1,,gx-no-cache=1632400619225 HTTP/1.1" 200 3923
190.171.152.114 - - [23/Sep/2021:09:47:31 -0300] "GET /cormun/servlet/trsolicitudot? HTTP/1.1" 200 8923
190.171.152.114 - - [23/Sep/2021:09:47:32 -0300] "GET /cormun/servlet/trsolicitudot? HTTP/1.1" 200 8916
181.212.43.89 - - [23/Sep/2021:09:47:34 -0300] "POST /cormun/servlet/solicitudotadjuntos?gx-no-cache=1632400622075 HTTP/1.1" 200 26
190.171.152.114 - - [23/Sep/2021:09:47:50 -0300] "POST /cormun/servlet/trsolicitudot?b3f85df63e0418e296e6270d606515b0,,gx-no-cache=1632400639803 HTTP/1.1" 200 4882
190.171.152.114 - - [23/Sep/2021:09:47:50 -0300] "GET /cormun/static/Shared/jqueryui/images/ui-bg_highlight-soft_100_c6c2c8_1x100.png HTTP/1.1" 404 1117
190.171.152.114 - - [23/Sep/2021:09:47:50 -0300] "GET /cormun/static/Shared/jqueryui/images/ui-icons_82798d_256x240.png HTTP/1.1" 404 1089
190.171.152.114 - - [23/Sep/2021:09:47:50 -0300] "GET /cormun/static/Shared/jqueryui/images/ui-icons_8d78a5_256x240.png HTTP/1.1" 404 1089
190.171.152.114 - - [23/Sep/2021:09:47:50 -0300] "GET /cormun/static/Shared/jqueryui/images/ui-bg_flat_55_fafafa_40x100.png HTTP/1.1" 404 1097
190.171.152.114 - - [23/Sep/2021:09:47:50 -0300] "POST /cormun/servlet/trsolicitudot?b3f85df63e0418e296e6270d606515b0,,gx-no-cache=1632400640010 HTTP/1.1" 200 4623
190.171.152.114 - - [23/Sep/2021:09:47:53 -0300] "GET /cormun/servlet/trautorizarsolicitud? HTTP/1.1" 200 8808
190.171.152.114 - - [23/Sep/2021:09:47:54 -0300] "GET /cormun/servlet/trautorizarsolicitud? HTTP/1.1" 200 8807
181.212.43.89 - - [23/Sep/2021:09:48:05 -0300] "GET /cormun/servlet/solicitudotadjuntos?d8dbe4c12f4593fc0d14168e321fc260f3feb8696068eed527113b1cfa14f3f7,gx-no-cache=1632400653112 HTTP/1.1" 200 30
181.212.43.89 - - [23/Sep/2021:09:48:05 -0300] "GET /cormun/servlet/solicitudotadjuntos?d8dbe4c12f4593fc0d14168e321fc260f3feb8696068eed527113b1cfa14f3f7,gx-no-cache=1632400653136 HTTP/1.1" 200 30
181.212.43.89 - - [23/Sep/2021:09:48:06 -0300] "POST /cormun/servlet/solicitudotadjuntos?a683f57bd315e2d49509877a6ec61b52,INS,2021,17527,,1, HTTP/1.1" 200 116
181.212.43.89 - - [23/Sep/2021:09:48:06 -0300] "GET /cormun/servlet/hpexe_return? HTTP/1.1" 200 1030
181.212.43.89 - - [23/Sep/2021:09:48:06 -0300] "GET /cormun/servlet/trsolicitudadjuntos?2021,17527, HTTP/1.1" 200 8897
181.212.43.89 - - [23/Sep/2021:09:48:07 -0300] "GET /cormun/servlet/trsolicitudadjuntos?2021,17527, HTTP/1.1" 200 8892
181.212.43.89 - - [23/Sep/2021:09:48:08 -0300] "GET /cormun/servlet/solicitudotadjuntos?INS,2021,17527,,1, HTTP/1.1" 200 6045
181.212.43.89 - - [23/Sep/2021:09:48:09 -0300] "GET /cormun/static/about:blank HTTP/1.1" 404 1011
181.212.43.89 - - [23/Sep/2021:09:48:09 -0300] "GET /cormun/servlet/solicitudotadjuntos?INS,2021,17527,,1, HTTP/1.1" 200 6039
181.212.43.89 - - [23/Sep/2021:09:48:09 -0300] "GET /cormun/servlet/solicitudotadjuntos?d8dbe4c12f4593fc0d14168e321fc2609b16c4e12ad23402c468ac8d713d0eee84733818a6fb9967513477ddbb58f65c,gx-no-cache=1632400657714 HTTP/1.1" 200 30
181.212.43.89 - - [23/Sep/2021:09:48:09 -0300] "POST /cormun/servlet/solicitudotadjuntos?a683f57bd315e2d49509877a6ec61b52,INS,2021,17527,,1,,gx-no-cache=1632400657757 HTTP/1.1" 200 3923
181.212.43.89 - - [23/Sep/2021:09:48:11 -0300] "POST /cormun/servlet/solicitudotadjuntos?gx-no-cache=1632400659403 HTTP/1.1" 200 26
190.171.152.114 - - [23/Sep/2021:09:48:11 -0300] "POST /cormun/servlet/trautorizarsolicitud?b3f85df63e0418e296e6270d606515b0,,gx-no-cache=1632400661129 HTTP/1.1" 200 4798
190.171.152.114 - - [23/Sep/2021:09:48:11 -0300] "GET /cormun/static/Shared/jqueryui/images/ui-bg_highlight-soft_100_c6c2c8_1x100.png HTTP/1.1" 404 1117
190.171.152.114 - - [23/Sep/2021:09:48:11 -0300] "GET /cormun/static/Shared/jqueryui/images/ui-bg_flat_55_fafafa_40x100.png HTTP/1.1" 404 1097
190.171.152.114 - - [23/Sep/2021:09:48:11 -0300] "GET /cormun/static/Shared/jqueryui/images/ui-icons_82798d_256x240.png HTTP/1.1" 404 1089
190.171.152.114 - - [23/Sep/2021:09:48:11 -0300] "GET /cormun/static/Shared/jqueryui/images/ui-icons_8d78a5_256x240.png HTTP/1.1" 404 1089
190.171.152.114 - - [23/Sep/2021:09:48:11 -0300] "POST /cormun/servlet/trautorizarsolicitud?b3f85df63e0418e296e6270d606515b0,,gx-no-cache=1632400661316 HTTP/1.1" 200 4540
181.212.43.89 - - [23/Sep/2021:09:48:22 -0300] "GET /cormun/servlet/solicitudotadjuntos?d8dbe4c12f4593fc0d14168e321fc260f3feb8696068eed527113b1cfa14f3f7,gx-no-cache=1632400670208 HTTP/1.1" 200 30
181.212.43.89 - - [23/Sep/2021:09:48:22 -0300] "GET /cormun/servlet/solicitudotadjuntos?d8dbe4c12f4593fc0d14168e321fc260f3feb8696068eed527113b1cfa14f3f7,gx-no-cache=1632400670229 HTTP/1.1" 200 30
181.212.43.89 - - [23/Sep/2021:09:48:22 -0300] "POST /cormun/servlet/solicitudotadjuntos?a683f57bd315e2d49509877a6ec61b52,INS,2021,17527,,1, HTTP/1.1" 200 116
181.212.43.89 - - [23/Sep/2021:09:48:22 -0300] "GET /cormun/servlet/hpexe_return? HTTP/1.1" 200 1030
181.212.43.89 - - [23/Sep/2021:09:48:23 -0300] "GET /cormun/servlet/trsolicitudadjuntos?2021,17527, HTTP/1.1" 200 9130
181.212.43.89 - - [23/Sep/2021:09:48:23 -0300] "GET /cormun/servlet/trsolicitudadjuntos?2021,17527, HTTP/1.1" 200 9129
181.212.43.89 - - [23/Sep/2021:09:48:25 -0300] "GET /cormun/servlet/solicitudotadjuntos?INS,2021,17527,,1, HTTP/1.1" 200 6045
181.212.43.89 - - [23/Sep/2021:09:48:25 -0300] "GET /cormun/static/about:blank HTTP/1.1" 404 1011
181.212.43.89 - - [23/Sep/2021:09:48:26 -0300] "GET /cormun/servlet/solicitudotadjuntos?INS,2021,17527,,1, HTTP/1.1" 200 6039
181.212.43.89 - - [23/Sep/2021:09:48:26 -0300] "GET /cormun/servlet/solicitudotadjuntos?d8dbe4c12f4593fc0d14168e321fc2609b16c4e12ad23402c468ac8d713d0eee84733818a6fb9967513477ddbb58f65c,gx-no-cache=1632400674480 HTTP/1.1" 200 30
181.212.43.89 - - [23/Sep/2021:09:48:26 -0300] "POST /cormun/servlet/solicitudotadjuntos?a683f57bd315e2d49509877a6ec61b52,INS,2021,17527,,1,,gx-no-cache=1632400674509 HTTP/1.1" 200 3923
181.212.43.89 - - [23/Sep/2021:09:48:29 -0300] "POST /cormun/servlet/solicitudotadjuntos?gx-no-cache=1632400677366 HTTP/1.1" 200 26
192.168.10.78 - - [23/Sep/2021:09:48:34 -0300] "GET /cormun/servlet/vesolicitudgral?2021,17502,,SolicitudOTAdjuntos HTTP/1.1" 200 10762
192.168.10.78 - - [23/Sep/2021:09:48:34 -0300] "GET /cormun/pexe_scrolldiv.js HTTP/1.1" 404 1009
192.168.10.78 - - [23/Sep/2021:09:48:34 -0300] "GET /cormun/pexe_scrolldiv.js HTTP/1.1" 404 1009
192.168.10.78 - - [23/Sep/2021:09:48:34 -0300] "GET /cormun/servlet/vesolicitudgral?2021,17502,,SolicitudOTAdjuntos HTTP/1.1" 200 10763
192.168.10.78 - - [23/Sep/2021:09:48:35 -0300] "POST /cormun/servlet/acontrolpreferencessavestate?None,RRHH+CATALINA+CACERES,true HTTP/1.1" 200 35
181.212.43.89 - - [23/Sep/2021:09:48:35 -0300] "GET /cormun/servlet/solicitudotadjuntos?d8dbe4c12f4593fc0d14168e321fc260f3feb8696068eed527113b1cfa14f3f7,gx-no-cache=1632400683264 HTTP/1.1" 200 30
181.212.43.89 - - [23/Sep/2021:09:48:35 -0300] "GET /cormun/servlet/solicitudotadjuntos?d8dbe4c12f4593fc0d14168e321fc260f3feb8696068eed527113b1cfa14f3f7,gx-no-cache=1632400683280 HTTP/1.1" 200 30
181.212.43.89 - - [23/Sep/2021:09:48:35 -0300] "POST /cormun/servlet/solicitudotadjuntos?a683f57bd315e2d49509877a6ec61b52,INS,2021,17527,,1, HTTP/1.1" 200 116
181.212.43.89 - - [23/Sep/2021:09:48:36 -0300] "GET /cormun/servlet/hpexe_return? HTTP/1.1" 200 1030
181.212.43.89 - - [23/Sep/2021:09:48:36 -0300] "GET /cormun/servlet/trsolicitudadjuntos?2021,17527, HTTP/1.1" 200 9302
181.212.43.89 - - [23/Sep/2021:09:48:37 -0300] "GET /cormun/servlet/trsolicitudadjuntos?2021,17527, HTTP/1.1" 200 9303
181.212.43.89 - - [23/Sep/2021:09:48:38 -0300] "GET /cormun/servlet/solicitudotadjuntos?INS,2021,17527,,1, HTTP/1.1" 200 6045
181.212.43.89 - - [23/Sep/2021:09:48:38 -0300] "GET /cormun/static/about:blank HTTP/1.1" 404 1011
181.212.43.89 - - [23/Sep/2021:09:48:39 -0300] "GET /cormun/servlet/solicitudotadjuntos?INS,2021,17527,,1, HTTP/1.1" 200 6039
181.212.43.89 - - [23/Sep/2021:09:48:39 -0300] "GET /cormun/servlet/solicitudotadjuntos?d8dbe4c12f4593fc0d14168e321fc2609b16c4e12ad23402c468ac8d713d0eee84733818a6fb9967513477ddbb58f65c,gx-no-cache=1632400687583 HTTP/1.1" 200 30
181.212.43.89 - - [23/Sep/2021:09:48:39 -0300] "POST /cormun/servlet/solicitudotadjuntos?a683f57bd315e2d49509877a6ec61b52,INS,2021,17527,,1,,gx-no-cache=1632400687614 HTTP/1.1" 200 3923
192.168.10.78 - - [23/Sep/2021:09:48:41 -0300] "GET /cormun/PublicTempStorage/certificado_antecedentes_lorena_medina9460915.pdf HTTP/1.1" 200 34237
190.171.152.114 - - [23/Sep/2021:09:48:43 -0300] "GET /cormun/servlet/hlogin HTTP/1.1" 200 1724
181.212.43.89 - - [23/Sep/2021:09:48:44 -0300] "POST /cormun/servlet/solicitudotadjuntos?gx-no-cache=1632400692138 HTTP/1.1" 200 26
181.212.43.89 - - [23/Sep/2021:09:48:50 -0300] "GET /cormun/servlet/solicitudotadjuntos?d8dbe4c12f4593fc0d14168e321fc260f3feb8696068eed527113b1cfa14f3f7,gx-no-cache=1632400698336 HTTP/1.1" 200 30
181.212.43.89 - - [23/Sep/2021:09:48:50 -0300] "GET /cormun/servlet/solicitudotadjuntos?d8dbe4c12f4593fc0d14168e321fc260f3feb8696068eed527113b1cfa14f3f7,gx-no-cache=1632400698358 HTTP/1.1" 200 30
181.212.43.89 - - [23/Sep/2021:09:48:51 -0300] "POST /cormun/servlet/solicitudotadjuntos?a683f57bd315e2d49509877a6ec61b52,INS,2021,17527,,1, HTTP/1.1" 200 116
181.212.43.89 - - [23/Sep/2021:09:48:51 -0300] "GET /cormun/servlet/hpexe_return? HTTP/1.1" 200 1030
181.212.43.89 - - [23/Sep/2021:09:48:51 -0300] "GET /cormun/servlet/trsolicitudadjuntos?2021,17527, HTTP/1.1" 200 9560
190.171.152.114 - - [23/Sep/2021:09:48:52 -0300] "POST /cormun/servlet/hlogin?b3f85df63e0418e296e6270d606515b0,gx-no-cache=1632400701881 HTTP/1.1" 200 90
190.171.152.114 - - [23/Sep/2021:09:48:52 -0300] "GET /cormun/servlet/hpexe_link HTTP/1.1" 200 964
181.212.43.89 - - [23/Sep/2021:09:48:52 -0300] "GET /cormun/servlet/trsolicitudadjuntos?2021,17527, HTTP/1.1" 200 9557
190.171.152.114 - - [23/Sep/2021:09:48:52 -0300] "GET /cormun/servlet/trautorizarsolicitud? HTTP/1.1" 200 7422
190.171.152.114 - - [23/Sep/2021:09:48:52 -0300] "GET /cormun/servlet/trautorizarsolicitud? HTTP/1.1" 200 7421
181.212.43.89 - - [23/Sep/2021:09:48:54 -0300] "GET /cormun/servlet/solicitudotadjuntos?INS,2021,17527,,1, HTTP/1.1" 200 6046
181.212.43.89 - - [23/Sep/2021:09:48:54 -0300] "GET /cormun/static/about:blank HTTP/1.1" 404 1011
181.212.43.89 - - [23/Sep/2021:09:48:54 -0300] "GET /cormun/servlet/solicitudotadjuntos?INS,2021,17527,,1, HTTP/1.1" 200 6040
181.212.43.89 - - [23/Sep/2021:09:48:55 -0300] "GET /cormun/servlet/solicitudotadjuntos?d8dbe4c12f4593fc0d14168e321fc2609b16c4e12ad23402c468ac8d713d0eee84733818a6fb9967513477ddbb58f65c,gx-no-cache=1632400703140 HTTP/1.1" 200 30
181.212.43.89 - - [23/Sep/2021:09:48:55 -0300] "POST /cormun/servlet/solicitudotadjuntos?a683f57bd315e2d49509877a6ec61b52,INS,2021,17527,,1,,gx-no-cache=1632400703170 HTTP/1.1" 200 3923
190.171.152.114 - - [23/Sep/2021:09:48:57 -0300] "GET /cormun/servlet/trlicencias? HTTP/1.1" 200 12037
190.171.152.114 - - [23/Sep/2021:09:48:57 -0300] "GET /cormun/servlet/trlicencias? HTTP/1.1" 200 12034
181.212.43.89 - - [23/Sep/2021:09:48:58 -0300] "POST /cormun/servlet/solicitudotadjuntos?gx-no-cache=1632400706129 HTTP/1.1" 200 26
190.171.152.114 - - [23/Sep/2021:09:49:01 -0300] "GET /cormun/servlet/alicenciaprn?14262569,L,20210922000000,PU HTTP/1.1" 200 1547
181.212.43.89 - - [23/Sep/2021:09:49:06 -0300] "GET /cormun/servlet/solicitudotadjuntos?d8dbe4c12f4593fc0d14168e321fc260f3feb8696068eed527113b1cfa14f3f7,gx-no-cache=1632400714367 HTTP/1.1" 200 30
181.212.43.89 - - [23/Sep/2021:09:49:06 -0300] "GET /cormun/servlet/solicitudotadjuntos?d8dbe4c12f4593fc0d14168e321fc260f3feb8696068eed527113b1cfa14f3f7,gx-no-cache=1632400714382 HTTP/1.1" 200 30
181.212.43.89 - - [23/Sep/2021:09:49:06 -0300] "POST /cormun/servlet/solicitudotadjuntos?a683f57bd315e2d49509877a6ec61b52,INS,2021,17527,,1, HTTP/1.1" 200 116
181.212.43.89 - - [23/Sep/2021:09:49:06 -0300] "GET /cormun/servlet/hpexe_return? HTTP/1.1" 200 1030
181.212.43.89 - - [23/Sep/2021:09:49:07 -0300] "GET /cormun/servlet/trsolicitudadjuntos?2021,17527, HTTP/1.1" 200 9837
192.168.10.78 - - [23/Sep/2021:09:49:07 -0300] "GET /cormun/servlet/vesolicitudgral?2021,17502,,SolicitudOTAdjuntos HTTP/1.1" 200 10765
192.168.10.78 - - [23/Sep/2021:09:49:08 -0300] "GET /cormun/servlet/vesolicitudgral?2021,17502,,SolicitudOTAdjuntos HTTP/1.1" 200 10764
181.212.43.89 - - [23/Sep/2021:09:49:08 -0300] "GET /cormun/servlet/trsolicitudadjuntos?2021,17527, HTTP/1.1" 200 9836
192.168.10.78 - - [23/Sep/2021:09:49:08 -0300] "POST /cormun/servlet/acontrolpreferencessavestate?None,RRHH+CATALINA+CACERES,true HTTP/1.1" 200 35
181.212.43.89 - - [23/Sep/2021:09:49:16 -0300] "GET /cormun/servlet/solicitudotadjuntos?INS,2021,17527,,1, HTTP/1.1" 200 6046
181.212.43.89 - - [23/Sep/2021:09:49:16 -0300] "GET /cormun/static/about:blank HTTP/1.1" 404 1011
181.212.43.89 - - [23/Sep/2021:09:49:16 -0300] "GET /cormun/servlet/solicitudotadjuntos?INS,2021,17527,,1, HTTP/1.1" 200 6040
181.212.43.89 - - [23/Sep/2021:09:49:17 -0300] "GET /cormun/servlet/solicitudotadjuntos?d8dbe4c12f4593fc0d14168e321fc2609b16c4e12ad23402c468ac8d713d0eee84733818a6fb9967513477ddbb58f65c,gx-no-cache=1632400725199 HTTP/1.1" 200 30
181.212.43.89 - - [23/Sep/2021:09:49:17 -0300] "POST /cormun/servlet/solicitudotadjuntos?a683f57bd315e2d49509877a6ec61b52,INS,2021,17527,,1,,gx-no-cache=1632400725235 HTTP/1.1" 200 3923
181.212.43.89 - - [23/Sep/2021:09:49:20 -0300] "POST /cormun/servlet/solicitudotadjuntos?gx-no-cache=1632400728698 HTTP/1.1" 200 26
192.168.10.78 - - [23/Sep/2021:09:49:23 -0300] "GET /cormun/PublicTempStorage/curriculum_lorena_medina_riquelme8991887.pdf HTTP/1.1" 200 46401
181.212.43.89 - - [23/Sep/2021:09:49:26 -0300] "GET /cormun/servlet/solicitudotadjuntos?d8dbe4c12f4593fc0d14168e321fc260f3feb8696068eed527113b1cfa14f3f7,gx-no-cache=1632400734670 HTTP/1.1" 200 30
181.212.43.89 - - [23/Sep/2021:09:49:26 -0300] "GET /cormun/servlet/solicitudotadjuntos?d8dbe4c12f4593fc0d14168e321fc260f3feb8696068eed527113b1cfa14f3f7,gx-no-cache=1632400734733 HTTP/1.1" 200 30
181.212.43.89 - - [23/Sep/2021:09:49:28 -0300] "POST /cormun/servlet/solicitudotadjuntos?a683f57bd315e2d49509877a6ec61b52,INS,2021,17527,,1, HTTP/1.1" 200 116
181.212.43.89 - - [23/Sep/2021:09:49:28 -0300] "GET /cormun/servlet/hpexe_return? HTTP/1.1" 200 1030
181.212.43.89 - - [23/Sep/2021:09:49:29 -0300] "GET /cormun/servlet/trsolicitudadjuntos?2021,17527, HTTP/1.1" 200 10006
181.212.43.89 - - [23/Sep/2021:09:49:30 -0300] "GET /cormun/servlet/trsolicitudadjuntos?2021,17527, HTTP/1.1" 200 10005
181.212.43.89 - - [23/Sep/2021:09:49:32 -0300] "POST /cormun/servlet/trsolicitudadjuntos?a683f57bd315e2d49509877a6ec61b52,2021,17527,,gx-no-cache=1632400740737 HTTP/1.1" 200 90
181.212.43.89 - - [23/Sep/2021:09:49:32 -0300] "GET /cormun/servlet/hpexe_link HTTP/1.1" 200 995
181.212.43.89 - - [23/Sep/2021:09:49:33 -0300] "GET /cormun/servlet/trsolicitudot?gx-no-cache=1632400604945 HTTP/1.1" 200 8660
181.212.43.89 - - [23/Sep/2021:09:49:33 -0300] "GET /cormun/servlet/trsolicitudot?gx-no-cache=1632400604945 HTTP/1.1" 200 8678
181.212.43.89 - - [23/Sep/2021:09:49:36 -0300] "POST /cormun/servlet/trsolicitudot?a683f57bd315e2d49509877a6ec61b52,gx-no-cache=1632400604945,gx-no-cache=1632400744627 HTTP/1.1" 200 4592
181.212.43.89 - - [23/Sep/2021:09:49:36 -0300] "GET /cormun/static/Shared/jqueryui/images/ui-bg_highlight-soft_100_c6c2c8_1x100.png HTTP/1.1" 404 1117
181.212.43.89 - - [23/Sep/2021:09:49:36 -0300] "GET /cormun/static/Shared/jqueryui/images/ui-icons_82798d_256x240.png HTTP/1.1" 404 1089
181.212.43.89 - - [23/Sep/2021:09:49:36 -0300] "GET /cormun/static/Shared/jqueryui/images/ui-icons_8d78a5_256x240.png HTTP/1.1" 404 1089
181.212.43.89 - - [23/Sep/2021:09:49:36 -0300] "GET /cormun/static/Shared/jqueryui/images/ui-bg_flat_55_fafafa_40x100.png HTTP/1.1" 404 1097
181.212.43.89 - - [23/Sep/2021:09:49:36 -0300] "POST /cormun/servlet/trsolicitudot?a683f57bd315e2d49509877a6ec61b52,gx-no-cache=1632400604945,gx-no-cache=1632400744831 HTTP/1.1" 200 4350
181.212.43.89 - - [23/Sep/2021:09:49:44 -0300] "GET /cormun/servlet/trlicencias? HTTP/1.1" 200 13648
190.171.152.114 - - [23/Sep/2021:09:49:45 -0300] "GET /cormun/servlet/trsolicitudot? HTTP/1.1" 200 7522
190.171.152.114 - - [23/Sep/2021:09:49:45 -0300] "GET /cormun/servlet/trsolicitudot? HTTP/1.1" 200 7522
181.212.43.89 - - [23/Sep/2021:09:49:45 -0300] "GET /cormun/servlet/trlicencias? HTTP/1.1" 200 13618
186.67.172.234 - - [23/Sep/2021:09:49:50 -0300] "GET /cormun/servlet/solicitudot?INS,0,0,false, HTTP/1.1" 200 14709
186.67.172.234 - - [23/Sep/2021:09:49:50 -0300] "GET /cormun/servlet/hlogin HTTP/1.1" 200 1757
186.67.172.234 - - [23/Sep/2021:09:49:50 -0300] "GET /cormun/servlet/solicitudot?INS,0,0,false, HTTP/1.1" 200 14718
186.67.172.234 - - [23/Sep/2021:09:49:58 -0300] "POST /cormun/servlet/hlogin?7fe4e3bf21928dd005d3792400528d04,gx-no-cache=1632400766631 HTTP/1.1" 200 90
186.67.172.234 - - [23/Sep/2021:09:49:58 -0300] "GET /cormun/servlet/hpexe_link HTTP/1.1" 200 973
186.67.172.234 - - [23/Sep/2021:09:49:58 -0300] "GET /cormun/servlet/solicitudot?INS,0,0,false, HTTP/1.1" 200 15765
186.67.172.234 - - [23/Sep/2021:09:49:59 -0300] "GET /cormun/servlet/solicitudot?INS,0,0,false, HTTP/1.1" 200 15772
186.67.172.234 - - [23/Sep/2021:09:50:07 -0300] "POST /cormun/servlet/solicitudot?gx-no-cache=1632400775752 HTTP/1.1" 200 3859
186.67.172.234 - - [23/Sep/2021:09:50:08 -0300] "POST /cormun/servlet/solicitudot?7fe4e3bf21928dd005d3792400528d04,INS,0,0,false,,gx-no-cache=1632400775894 HTTP/1.1" 200 12350
186.67.172.234 - - [23/Sep/2021:09:50:19 -0300] "GET /cormun/servlet/solicitudot?7a018d1fa4792dfb3a738281da9122bb4fff342d9209dc4e0e0618316fecab1f61cc1d81e46ed357bbe5666e5f81473d,gx-no-cache=1632400786872 HTTP/1.1" 200 30
186.67.172.234 - - [23/Sep/2021:09:50:19 -0300] "GET /cormun/servlet/solicitudot?7a018d1fa4792dfb3a738281da9122bb493154bc0e7176c579b842dff47b55359fd9deef133a1f4db22ad9176bc1f4928c305d03e7caf3628ddd7c6725852b19,gx-no-cache=1632400786917 HTTP/1.1" 200 30
186.67.172.234 - - [23/Sep/2021:09:50:19 -0300] "GET /cormun/servlet/solicitudot?7a018d1fa4792dfb3a738281da9122bb149ee41ed126ff3ffba7d8b338f28a39,gx-no-cache=1632400786934 HTTP/1.1" 200 51
186.67.172.234 - - [23/Sep/2021:09:50:19 -0300] "POST /cormun/servlet/solicitudot?gx-no-cache=1632400786952 HTTP/1.1" 200 240
186.67.172.234 - - [23/Sep/2021:09:50:19 -0300] "GET /cormun/servlet/solicitudot?7a018d1fa4792dfb3a738281da9122bbde8ab750ec153f9b44a67a22f2c33cb30755ac87771230c1f6ab10cd843e3b5a976dd98be77d4c248efac4f8d061e645ec43c211da0143e5c2c961f756985678e16c4464f2dd8a1a9bfa73a614c5328304983629fd5e599d8470d09ec2fcae84c6d83ac0324dbc85dcec2d86bd781e38ce50365243c8f60b590477905da401fb60bffada9af65bce93e522c9f01d33353c9c04043d4788d796892dde87748f481c070d69dbafa18e9cf9d787b1cffcc727df66b15ba37423a4a66f88a06879f389bf146ada7f766484eaad3fb0d2231af70c80a3f7810ec5ede1a3b13439e929d706d6e7c7ed477f924bfff0026af9e8f6c3018382143ad5a661f31b862ff11ca756a97ea59502e775d04d7c4a01adc42b43793baeb3daff5e70ff196f72011aeff2a13ed088ac63594f77e6800da57ebe7751cab70d98eca7205b1c9be7bdef3b5ca9a3e63a08416da882c0b69be96097a03dde1d210c3f741e001477fc57d5933a84c8f7000d8cacd8a9616127597e,gx-no-cache=1632400786975 HTTP/1.1" 200 30
186.67.172.234 - - [23/Sep/2021:09:50:22 -0300] "POST /cormun/servlet/solicitudot?gx-no-cache=1632400790821 HTTP/1.1" 200 30
186.67.172.234 - - [23/Sep/2021:09:50:32 -0300] "GET /cormun/servlet/prlicenciaspermisos?17507733,L,,MD,,gxPopupLevel%3D0%3B HTTP/1.1" 200 5593
186.67.172.234 - - [23/Sep/2021:09:50:32 -0300] "GET /cormun/static/gxcfg.js?2020121559567 HTTP/1.1" 200 953
186.67.172.234 - - [23/Sep/2021:09:50:32 -0300] "GET /cormun/static/prlicenciaspermisos.js?2020121559821 HTTP/1.1" 200 13379
190.171.141.90 - - [23/Sep/2021:09:50:35 -0300] "GET /cormun/servlet/solicitudot?8d2794a6ba6c3b831e17829e088287877330f43444fbd2f38bff7bc27b9c86d41ee7b2a896fa81040671298a4e2c10cc,gx-no-cache=1632400803431 HTTP/1.1" 440 972
186.67.172.234 - - [23/Sep/2021:09:50:35 -0300] "POST /cormun/servlet/solicitudot?gx-no-cache=1632400803289 HTTP/1.1" 200 1441
192.168.10.78 - - [23/Sep/2021:09:50:36 -0300] "GET /cormun/servlet/vesolicitudgral?2021,17502,,SolicitudOTAdjuntos HTTP/1.1" 200 10762
192.168.10.78 - - [23/Sep/2021:09:50:37 -0300] "GET /cormun/servlet/vesolicitudgral?2021,17502,,SolicitudOTAdjuntos HTTP/1.1" 200 10764
192.168.10.78 - - [23/Sep/2021:09:50:37 -0300] "POST /cormun/servlet/acontrolpreferencessavestate?None,RRHH+CATALINA+CACERES,true HTTP/1.1" 200 35
190.171.141.90 - - [23/Sep/2021:09:50:39 -0300] "GET /cormun/servlet/solicitudot?8d2794a6ba6c3b831e17829e0882878701c6e6add4b9c919544e52b8e902cd2a,gx-no-cache=1632400807217 HTTP/1.1" 440 972
190.171.141.90 - - [23/Sep/2021:09:50:39 -0300] "GET /cormun/servlet/solicitudot?INS,0,0,false, HTTP/1.1" 200 14712
192.168.10.78 - - [23/Sep/2021:09:50:40 -0300] "GET /cormun/PublicTempStorage/afiliacion_afp_lorena_medina3130587.pdf HTTP/1.1" 200 25651
190.171.141.90 - - [23/Sep/2021:09:50:41 -0300] "GET /cormun/servlet/solicitudot?INS,0,0,false, HTTP/1.1" 200 14712
190.171.141.90 - - [23/Sep/2021:09:50:41 -0300] "GET /cormun/servlet/hlogin HTTP/1.1" 200 1751
190.171.141.90 - - [23/Sep/2021:09:50:41 -0300] "GET /cormun/servlet/solicitudot?INS,0,0,false, HTTP/1.1" 200 14712
186.67.172.234 - - [23/Sep/2021:09:50:42 -0300] "POST /cormun/servlet/solicitudot?gx-no-cache=1632400810305 HTTP/1.1" 200 40
186.67.172.234 - - [23/Sep/2021:09:50:42 -0300] "GET /cormun/servlet/solicitudot?7a018d1fa4792dfb3a738281da9122bb7be171b98befda284e6419e0c521de1b1e3682d0bc0b5989a0bb83b08b1c3375d14192fc953109b0a2d60536ef5dccad00ba34362a71f0f9fc67be495a50e2851ccbaf70f18c4f3c332f893a7b2416f8b7c91ba44e40894647c922d50d80994e,gx-no-cache=1632400810324 HTTP/1.1" 200 110
186.67.172.234 - - [23/Sep/2021:09:50:42 -0300] "POST /cormun/servlet/solicitudot?gx-no-cache=1632400810343 HTTP/1.1" 200 110
190.171.141.90 - - [23/Sep/2021:09:50:45 -0300] "POST /cormun/servlet/hlogin?9efccdf070d86d051b047ca99dad5b3f,gx-no-cache=1632400814001 HTTP/1.1" 200 90
190.171.141.90 - - [23/Sep/2021:09:50:46 -0300] "GET /cormun/servlet/hpexe_link HTTP/1.1" 200 967
190.171.141.90 - - [23/Sep/2021:09:50:46 -0300] "GET /cormun/servlet/solicitudot?INS,0,0,false, HTTP/1.1" 200 15382
190.171.141.90 - - [23/Sep/2021:09:50:46 -0300] "GET /cormun/servlet/solicitudot?INS,0,0,false, HTTP/1.1" 200 15390
186.67.172.234 - - [23/Sep/2021:09:50:48 -0300] "GET /cormun/servlet/solicitudot?7a018d1fa4792dfb3a738281da9122bb23abd29a82aaeaf7d873ac6972e3c1ce5da1e6aced8f91647d565bb2a380316ef8dfc47806c942c3268410e8514431db2773ac2f574f9596a25ddbe65f5a5d9170ac1b3da6ae331fdc884be8d95ef39cad83ac835bb32915aac56b0997a7a5e3,gx-no-cache=1632400816366 HTTP/1.1" 200 29
186.67.172.234 - - [23/Sep/2021:09:50:48 -0300] "GET /cormun/static/menuarrow.gif HTTP/1.1" 404 1015
192.168.10.78 - - [23/Sep/2021:09:50:56 -0300] "GET /cormun/servlet/vesolicitudgral?2021,17502,,SolicitudOTAdjuntos HTTP/1.1" 200 10766
192.168.10.78 - - [23/Sep/2021:09:50:56 -0300] "GET /cormun/servlet/vesolicitudgral?2021,17502,,SolicitudOTAdjuntos HTTP/1.1" 200 10762
192.168.10.78 - - [23/Sep/2021:09:50:57 -0300] "POST /cormun/servlet/acontrolpreferencessavestate?None,RRHH+CATALINA+CACERES,true HTTP/1.1" 200 35
192.168.10.78 - - [23/Sep/2021:09:50:58 -0300] "GET /cormun/PublicTempStorage/fonasa4579768.docx HTTP/1.1" 200 11472
190.171.152.114 - - [23/Sep/2021:09:50:59 -0300] "GET /cormun/servlet/trlicencias? HTTP/1.1" 200 12041
186.67.172.234 - - [23/Sep/2021:09:51:00 -0300] "GET /cormun/servlet/solicitudot?7a018d1fa4792dfb3a738281da9122bb87fb947f8e8e94c807f2c6b804a5a2a160df9e48fde459387d0bb3700e803582,gx-no-cache=1632400827969 HTTP/1.1" 200 30
186.67.172.234 - - [23/Sep/2021:09:51:00 -0300] "POST /cormun/servlet/solicitudot?gx-no-cache=1632400827993 HTTP/1.1" 200 34
190.171.152.114 - - [23/Sep/2021:09:51:00 -0300] "GET /cormun/servlet/trlicencias? HTTP/1.1" 200 12039
190.171.141.90 - - [23/Sep/2021:09:51:02 -0300] "POST /cormun/servlet/solicitudot?gx-no-cache=1632400830643 HTTP/1.1" 200 3721
190.171.141.90 - - [23/Sep/2021:09:51:02 -0300] "POST /cormun/servlet/solicitudot?9efccdf070d86d051b047ca99dad5b3f,INS,0,0,false,,gx-no-cache=1632400830756 HTTP/1.1" 200 11961
190.171.141.90 - - [23/Sep/2021:09:51:04 -0300] "GET /cormun/servlet/solicitudot?c76dc503907e95b26377129684d2438430697a02adc6e40599678090966bbed8c4f9db28898d3a9d6391a14e5362f5dc,gx-no-cache=1632400832800 HTTP/1.1" 200 30
186.67.172.234 - - [23/Sep/2021:09:51:15 -0300] "POST /cormun/servlet/solicitudot?7fe4e3bf21928dd005d3792400528d04,INS,0,0,false,,gx-no-cache=1632400843559 HTTP/1.1" 200 93
186.67.172.234 - - [23/Sep/2021:09:51:15 -0300] "GET /cormun/servlet/hpexe_return? HTTP/1.1" 200 1015
186.67.172.234 - - [23/Sep/2021:09:51:16 -0300] "GET /cormun/servlet/hhome HTTP/1.1" 200 4379
186.67.172.234 - - [23/Sep/2021:09:51:16 -0300] "GET /cormun/static/gxcfg.js?20201215495537 HTTP/1.1" 200 953
186.67.172.234 - - [23/Sep/2021:09:51:16 -0300] "GET /cormun/static/hhome.js?20201215495544 HTTP/1.1" 200 777
186.67.172.234 - - [23/Sep/2021:09:51:16 -0300] "GET /cormun/servlet/hhome HTTP/1.1" 200 4373
186.67.172.234 - - [23/Sep/2021:09:51:24 -0300] "GET /cormun/servlet/trsolicitudot? HTTP/1.1" 200 9631
186.67.172.234 - - [23/Sep/2021:09:51:24 -0300] "GET /cormun/servlet/trsolicitudot? HTTP/1.1" 200 9629
192.168.10.78 - - [23/Sep/2021:09:51:26 -0300] "GET /cormun/servlet/vesolicitudgral?2021,17502,,General HTTP/1.1" 200 8307
192.168.10.78 - - [23/Sep/2021:09:51:26 -0300] "GET /cormun/pexe_scrolldiv.js HTTP/1.1" 404 1009
192.168.10.78 - - [23/Sep/2021:09:51:26 -0300] "GET /cormun/pexe_scrolldiv.js HTTP/1.1" 404 1009
192.168.10.78 - - [23/Sep/2021:09:51:27 -0300] "GET /cormun/servlet/vesolicitudgral?2021,17502,,General HTTP/1.1" 200 8307
186.67.172.234 - - [23/Sep/2021:09:51:43 -0300] "POST /cormun/servlet/trsolicitudot?7fe4e3bf21928dd005d3792400528d04,,gx-no-cache=1632400870994 HTTP/1.1" 200 107
186.67.172.234 - - [23/Sep/2021:09:51:43 -0300] "GET /cormun/servlet/trsolicitudadjuntos?2021,17528, HTTP/1.1" 200 6481
186.67.172.234 - - [23/Sep/2021:09:51:43 -0300] "GET /cormun/servlet/trsolicitudadjuntos?2021,17528, HTTP/1.1" 200 6480
190.171.141.90 - - [23/Sep/2021:09:52:39 -0300] "GET /cormun/servlet/solicitudot?c76dc503907e95b26377129684d243840b6dca2322a5e7a36b95534a0ab6f6c4cc35dd04672b8ca33c857fd69e69c648,gx-no-cache=1632400927199 HTTP/1.1" 200 30
190.171.141.90 - - [23/Sep/2021:09:52:39 -0300] "GET /cormun/servlet/solicitudot?c76dc503907e95b26377129684d24384b3a55b2e59991e1b5592dee4bf52f54e,gx-no-cache=1632400927226 HTTP/1.1" 200 29
190.171.141.90 - - [23/Sep/2021:09:52:41 -0300] "POST /cormun/servlet/solicitudot?gx-no-cache=1632400929200 HTTP/1.1" 200 255
190.171.141.90 - - [23/Sep/2021:09:52:44 -0300] "GET /cormun/servlet/solicitudot?c76dc503907e95b26377129684d2438426ef651898dcdb574530e7f7e6b6d0dd98a9e12ca5de90039ba49ba6f46526a52d018d34284bfc891e50c03081d25d2c5b1d0a022626e4b3c42548f743516cee8864890cf5c4148fb44ccf4f947cb1c4d4b6430c05a7c0f57c3110f9dd12b081e16690578786429bac815d86d5e4a54f89bf03ee7cd80dc22380b0c4f56d839f0085476dfe77d01ce488fdbfe26eca168e5df24477bf9520d98e3981cbc5d44e839b9bdd75e187f396dce312ca26275b23b9209bae6071f09dd93b3ff3f0eec7a192f5d2d45700e8ddcc0ba37cb2465a36e71fddcc26d27e95e20f8644f5d6d56573cd475d013679a7988e1a25a15ec7394f8e8d029d1191882c66187a4cf03ed86edf02521ae0370614e95f0414da2b0fae28ff836f83b14a2c30c12862198dbf0e443876f4e69a889051888c54abfceff09d9cf41a6fc404273060f8ed9cfa623135c8dc94bd6ca6c82ffcffd14b87c28bf29b01085e7da11a87de23cd0fe97771ff49681df22d55568f4f5b8d6707,gx-no-cache=1632400932829 HTTP/1.1" 200 30
186.67.172.234 - - [23/Sep/2021:09:53:41 -0300] "GET /cormun/servlet/solicitudotadjuntos?INS,2021,17528,,1, HTTP/1.1" 200 6421
186.67.172.234 - - [23/Sep/2021:09:53:41 -0300] "GET /cormun/static/about:blank HTTP/1.1" 404 1011
186.67.172.234 - - [23/Sep/2021:09:53:41 -0300] "GET /cormun/servlet/solicitudotadjuntos?INS,2021,17528,,1, HTTP/1.1" 200 6414
186.67.172.234 - - [23/Sep/2021:09:53:42 -0300] "GET /cormun/servlet/solicitudotadjuntos?7a018d1fa4792dfb3a738281da9122bb342b10f6219d3718569f8b35e7f02a2183497acc8777e74139755f80182dc15d,gx-no-cache=1632400990038 HTTP/1.1" 200 30
186.67.172.234 - - [23/Sep/2021:09:53:42 -0300] "POST /cormun/servlet/solicitudotadjuntos?7fe4e3bf21928dd005d3792400528d04,INS,2021,17528,,1,,gx-no-cache=1632400990053 HTTP/1.1" 200 4158
186.67.172.234 - - [23/Sep/2021:09:53:45 -0300] "POST /cormun/servlet/solicitudotadjuntos?gx-no-cache=1632400993701 HTTP/1.1" 200 26
186.67.172.234 - - [23/Sep/2021:09:53:51 -0300] "GET /cormun/servlet/solicitudotadjuntos?7a018d1fa4792dfb3a738281da9122bb88ffdbcc5fa5f0403c7d20abd3a81e10,gx-no-cache=1632400998948 HTTP/1.1" 200 30
186.67.172.234 - - [23/Sep/2021:09:53:51 -0300] "GET /cormun/servlet/solicitudotadjuntos?7a018d1fa4792dfb3a738281da9122bb88ffdbcc5fa5f0403c7d20abd3a81e10,gx-no-cache=1632400998959 HTTP/1.1" 200 30
186.67.172.234 - - [23/Sep/2021:09:53:51 -0300] "POST /cormun/servlet/solicitudotadjuntos?7fe4e3bf21928dd005d3792400528d04,INS,2021,17528,,1, HTTP/1.1" 200 116
186.67.172.234 - - [23/Sep/2021:09:53:51 -0300] "GET /cormun/servlet/hpexe_return? HTTP/1.1" 200 1033
186.67.172.234 - - [23/Sep/2021:09:53:51 -0300] "GET /cormun/servlet/trsolicitudadjuntos?2021,17528, HTTP/1.1" 200 9221
186.67.172.234 - - [23/Sep/2021:09:53:51 -0300] "GET /cormun/servlet/trsolicitudadjuntos?2021,17528, HTTP/1.1" 200 9219
186.67.172.234 - - [23/Sep/2021:09:53:53 -0300] "GET /cormun/servlet/solicitudotadjuntos?INS,2021,17528,,1, HTTP/1.1" 200 6420
186.67.172.234 - - [23/Sep/2021:09:53:53 -0300] "GET /cormun/static/about:blank HTTP/1.1" 404 1011
186.67.172.234 - - [23/Sep/2021:09:53:53 -0300] "GET /cormun/servlet/solicitudotadjuntos?INS,2021,17528,,1, HTTP/1.1" 200 6413
186.67.172.234 - - [23/Sep/2021:09:53:54 -0300] "GET /cormun/servlet/solicitudotadjuntos?7a018d1fa4792dfb3a738281da9122bb342b10f6219d3718569f8b35e7f02a2183497acc8777e74139755f80182dc15d,gx-no-cache=1632401002011 HTTP/1.1" 200 30
186.67.172.234 - - [23/Sep/2021:09:53:54 -0300] "POST /cormun/servlet/solicitudotadjuntos?7fe4e3bf21928dd005d3792400528d04,INS,2021,17528,,1,,gx-no-cache=1632401002025 HTTP/1.1" 200 4157
186.67.172.234 - - [23/Sep/2021:09:53:59 -0300] "POST /cormun/servlet/solicitudotadjuntos?gx-no-cache=1632401007405 HTTP/1.1" 200 26
186.67.172.234 - - [23/Sep/2021:09:54:06 -0300] "GET /cormun/servlet/solicitudotadjuntos?7a018d1fa4792dfb3a738281da9122bb88ffdbcc5fa5f0403c7d20abd3a81e10,gx-no-cache=1632401014044 HTTP/1.1" 200 30
186.67.172.234 - - [23/Sep/2021:09:54:06 -0300] "GET /cormun/servlet/solicitudotadjuntos?7a018d1fa4792dfb3a738281da9122bb88ffdbcc5fa5f0403c7d20abd3a81e10,gx-no-cache=1632401014069 HTTP/1.1" 200 30
186.67.172.234 - - [23/Sep/2021:09:54:06 -0300] "POST /cormun/servlet/solicitudotadjuntos?7fe4e3bf21928dd005d3792400528d04,INS,2021,17528,,1, HTTP/1.1" 200 116
186.67.172.234 - - [23/Sep/2021:09:54:06 -0300] "GET /cormun/servlet/hpexe_return? HTTP/1.1" 200 1033
186.67.172.234 - - [23/Sep/2021:09:54:06 -0300] "GET /cormun/servlet/trsolicitudadjuntos?2021,17528, HTTP/1.1" 200 9456
186.67.172.234 - - [23/Sep/2021:09:54:06 -0300] "GET /cormun/servlet/trsolicitudadjuntos?2021,17528, HTTP/1.1" 200 9454
186.67.172.234 - - [23/Sep/2021:09:54:08 -0300] "GET /cormun/servlet/solicitudotadjuntos?INS,2021,17528,,1, HTTP/1.1" 200 6420
186.67.172.234 - - [23/Sep/2021:09:54:08 -0300] "GET /cormun/static/about:blank HTTP/1.1" 404 1011
186.67.172.234 - - [23/Sep/2021:09:54:08 -0300] "GET /cormun/servlet/solicitudotadjuntos?INS,2021,17528,,1, HTTP/1.1" 200 6413
186.67.172.234 - - [23/Sep/2021:09:54:09 -0300] "GET /cormun/servlet/solicitudotadjuntos?7a018d1fa4792dfb3a738281da9122bb342b10f6219d3718569f8b35e7f02a2183497acc8777e74139755f80182dc15d,gx-no-cache=1632401017301 HTTP/1.1" 200 30
186.67.172.234 - - [23/Sep/2021:09:54:09 -0300] "POST /cormun/servlet/solicitudotadjuntos?7fe4e3bf21928dd005d3792400528d04,INS,2021,17528,,1,,gx-no-cache=1632401017338 HTTP/1.1" 200 4157
190.171.141.90 - - [23/Sep/2021:09:54:12 -0300] "POST /cormun/servlet/solicitudot?gx-no-cache=1632401020300 HTTP/1.1" 200 298
186.67.172.234 - - [23/Sep/2021:09:54:12 -0300] "POST /cormun/servlet/solicitudotadjuntos?gx-no-cache=1632401020164 HTTP/1.1" 200 26
186.67.172.234 - - [23/Sep/2021:09:54:18 -0300] "GET /cormun/servlet/solicitudotadjuntos?7a018d1fa4792dfb3a738281da9122bb88ffdbcc5fa5f0403c7d20abd3a81e10,gx-no-cache=1632401026436 HTTP/1.1" 200 30
186.67.172.234 - - [23/Sep/2021:09:54:18 -0300] "GET /cormun/servlet/solicitudotadjuntos?7a018d1fa4792dfb3a738281da9122bb88ffdbcc5fa5f0403c7d20abd3a81e10,gx-no-cache=1632401026447 HTTP/1.1" 200 30
186.67.172.234 - - [23/Sep/2021:09:54:18 -0300] "POST /cormun/servlet/solicitudotadjuntos?7fe4e3bf21928dd005d3792400528d04,INS,2021,17528,,1, HTTP/1.1" 200 116
186.67.172.234 - - [23/Sep/2021:09:54:18 -0300] "GET /cormun/servlet/hpexe_return? HTTP/1.1" 200 1033
186.67.172.234 - - [23/Sep/2021:09:54:19 -0300] "GET /cormun/servlet/trsolicitudadjuntos?2021,17528, HTTP/1.1" 200 9697
186.67.172.234 - - [23/Sep/2021:09:54:19 -0300] "GET /cormun/servlet/trsolicitudadjuntos?2021,17528, HTTP/1.1" 200 9696
186.67.172.234 - - [23/Sep/2021:09:54:27 -0300] "POST /cormun/servlet/trsolicitudadjuntos?7fe4e3bf21928dd005d3792400528d04,2021,17528,,gx-no-cache=1632401035641 HTTP/1.1" 200 90
186.67.172.234 - - [23/Sep/2021:09:54:27 -0300] "GET /cormun/servlet/hpexe_link HTTP/1.1" 200 977
186.67.172.234 - - [23/Sep/2021:09:54:27 -0300] "GET /cormun/servlet/trsolicitudot HTTP/1.1" 200 9630
186.67.172.234 - - [23/Sep/2021:09:54:28 -0300] "GET /cormun/servlet/trsolicitudot HTTP/1.1" 200 9629
186.67.172.234 - - [23/Sep/2021:09:54:52 -0300] "POST /cormun/servlet/trsolicitudot?7fe4e3bf21928dd005d3792400528d04,gx-no-cache=1632401060741 HTTP/1.1" 200 6094
186.67.172.234 - - [23/Sep/2021:09:54:53 -0300] "GET /cormun/static/Shared/jqueryui/images/ui-bg_highlight-soft_100_c6c2c8_1x100.png HTTP/1.1" 404 1117
186.67.172.234 - - [23/Sep/2021:09:54:53 -0300] "GET /cormun/static/Shared/jqueryui/images/ui-icons_82798d_256x240.png HTTP/1.1" 404 1089
186.67.172.234 - - [23/Sep/2021:09:54:53 -0300] "GET /cormun/static/Shared/jqueryui/images/ui-bg_flat_55_fafafa_40x100.png HTTP/1.1" 404 1097
