190.171.143.98 - - [02/Sep/2021:15:50:11 -0300] "GET /cormun/servlet/hpexe_link HTTP/1.1" 200 952
190.171.143.98 - - [02/Sep/2021:15:50:11 -0300] "GET /cormun/servlet/hhome HTTP/1.1" 200 4266
190.171.143.98 - - [02/Sep/2021:15:50:12 -0300] "GET /cormun/servlet/hhome HTTP/1.1" 200 4262
190.171.143.98 - - [02/Sep/2021:15:50:20 -0300] "GET /cormun/servlet/trlicencias? HTTP/1.1" 200 10021
190.171.143.98 - - [02/Sep/2021:15:50:20 -0300] "GET /cormun/static/gxcfg.js?2020121613995 HTTP/1.1" 200 953
190.171.143.98 - - [02/Sep/2021:15:50:20 -0300] "GET /cormun/static/trlicencias.js?202012162481 HTTP/1.1" 200 41883
190.171.143.98 - - [02/Sep/2021:15:50:20 -0300] "GET /cormun/servlet/trlicencias? HTTP/1.1" 200 10019
190.171.143.98 - - [02/Sep/2021:15:50:36 -0300] "GET /cormun/servlet/alicenciaprn?13502046,L,20210902000000,PU HTTP/1.1" 200 1543
190.171.143.98 - - [02/Sep/2021:15:50:36 -0300] "GET /cormun/servlet/alicenciaprn?13502046,L,20210902000000,PU HTTP/1.1" 200 1537
190.171.142.42 - - [02/Sep/2021:16:20:32 -0300] "GET /cormun/servlet/hlogin HTTP/1.1" 200 1723
190.171.142.42 - - [02/Sep/2021:16:20:47 -0300] "POST /cormun/servlet/hlogin?616d9103e87eef91b40631d31819bce6,gx-no-cache=1630609819995 HTTP/1.1" 200 90
190.171.142.42 - - [02/Sep/2021:16:20:47 -0300] "GET /cormun/servlet/hpexe_link HTTP/1.1" 200 950
190.171.142.42 - - [02/Sep/2021:16:20:47 -0300] "GET /cormun/servlet/hhome HTTP/1.1" 200 4270
190.171.142.42 - - [02/Sep/2021:16:20:48 -0300] "GET /cormun/servlet/hhome HTTP/1.1" 200 4266
190.171.142.42 - - [02/Sep/2021:16:21:05 -0300] "GET /cormun/servlet/trlicencias? HTTP/1.1" 200 9931
190.171.142.42 - - [02/Sep/2021:16:21:06 -0300] "GET /cormun/servlet/trlicencias? HTTP/1.1" 200 9929
200.83.117.48 - - [02/Sep/2021:16:22:32 -0300] "GET /cormun/servlet/trsolicitudot? HTTP/1.1" 200 7792
200.83.117.48 - - [02/Sep/2021:16:22:32 -0300] "GET /cormun/static/gxui/gxui-all.css?110300 HTTP/1.1" 200 2179
200.83.117.48 - - [02/Sep/2021:16:22:32 -0300] "GET /cormun/static/calendar-system.css?75620 HTTP/1.1" 200 5572
200.83.117.48 - - [02/Sep/2021:16:22:32 -0300] "GET /cormun/static/gxcfg.js?201991910464971 HTTP/1.1" 200 953
200.83.117.48 - - [02/Sep/2021:16:22:32 -0300] "GET /cormun/static/trsolicitudot.js?201991910465845 HTTP/1.1" 200 54041
200.83.117.48 - - [02/Sep/2021:16:22:33 -0300] "GET /cormun/static/Shared/ext/resources/css/ext-all.css?205870 HTTP/1.1" 200 416045
200.83.117.48 - - [02/Sep/2021:16:22:33 -0300] "GET /cormun/servlet/hlogin HTTP/1.1" 200 1744
200.83.117.48 - - [02/Sep/2021:16:22:33 -0300] "GET /cormun//static/Resources/PXToolsActionView.png HTTP/1.1" 200 398
200.83.117.48 - - [02/Sep/2021:16:22:33 -0300] "GET /cormun//static/Resources/PXToolsRemoveAllAction.png HTTP/1.1" 200 487
200.83.117.48 - - [02/Sep/2021:16:22:33 -0300] "GET /cormun/servlet/trsolicitudot? HTTP/1.1" 200 7789
200.83.117.48 - - [02/Sep/2021:16:22:33 -0300] "GET /cormun/servlet/trsolicitudot? HTTP/1.1" 200 7789
200.83.117.48 - - [02/Sep/2021:16:23:02 -0300] "POST /cormun/servlet/hlogin?53920707c45ccd107413c71b25c31d3b,gx-no-cache=1630609954645 HTTP/1.1" 200 90
200.83.117.48 - - [02/Sep/2021:16:23:02 -0300] "GET /cormun/servlet/hpexe_link HTTP/1.1" 200 959
200.83.117.48 - - [02/Sep/2021:16:23:02 -0300] "GET /cormun/servlet/trsolicitudot HTTP/1.1" 200 7005
200.83.117.48 - - [02/Sep/2021:16:23:02 -0300] "GET /cormun/servlet/trsolicitudot HTTP/1.1" 200 7003
200.83.117.48 - - [02/Sep/2021:16:23:21 -0300] "GET /cormun/servlet/trsolicitudot? HTTP/1.1" 200 7003
200.83.117.48 - - [02/Sep/2021:16:23:21 -0300] "GET /cormun/servlet/trsolicitudot? HTTP/1.1" 200 7003
200.83.117.48 - - [02/Sep/2021:16:23:34 -0300] "GET /cormun/static/menuarrow.gif HTTP/1.1" 404 1015
200.83.117.48 - - [02/Sep/2021:16:23:43 -0300] "POST /cormun/servlet/trsolicitudot?53920707c45ccd107413c71b25c31d3b,,gx-no-cache=1630609996411 HTTP/1.1" 200 6095
200.83.117.48 - - [02/Sep/2021:16:23:44 -0300] "GET /cormun//static/Resources/PXToolsActionView.png HTTP/1.1" 200 398
200.83.117.48 - - [02/Sep/2021:16:23:44 -0300] "GET /cormun//static/Resources/PXToolsRemoveAllAction.png HTTP/1.1" 200 487
200.83.117.48 - - [02/Sep/2021:16:26:57 -0300] "GET /cormun/servlet/vesolicitudot?2021,17396,, HTTP/1.1" 200 8308
200.83.117.48 - - [02/Sep/2021:16:26:57 -0300] "GET /cormun/static/gxcfg.js?201991422423914 HTTP/1.1" 200 953
200.83.117.48 - - [02/Sep/2021:16:26:57 -0300] "GET /cormun/pexe_scrolldiv.js HTTP/1.1" 404 1009
200.83.117.48 - - [02/Sep/2021:16:26:57 -0300] "GET /cormun/static/vesolicitudot.js?201991422423984 HTTP/1.1" 200 6091
200.83.117.48 - - [02/Sep/2021:16:26:57 -0300] "GET /cormun/static/hwcviewtabs.js?201991422154026 HTTP/1.1" 200 1074
200.83.117.48 - - [02/Sep/2021:16:26:57 -0300] "GET /cormun/static/hpexe_tabsview.js?2020121447381 HTTP/1.1" 200 1661
200.83.117.48 - - [02/Sep/2021:16:26:57 -0300] "GET /cormun/static/Resources/PXToolsTabNext.gif HTTP/1.1" 200 168
200.83.117.48 - - [02/Sep/2021:16:26:57 -0300] "GET /cormun/static/Resources/PXToolsTabFirstSelected.png HTTP/1.1" 200 1270
200.83.117.48 - - [02/Sep/2021:16:26:57 -0300] "GET /cormun/static/Resources/PXToolsTabPrevious.gif HTTP/1.1" 200 172
200.83.117.48 - - [02/Sep/2021:16:26:57 -0300] "GET /cormun/static/Resources/PXToolsTabLastUnselected.png HTTP/1.1" 200 1297
200.83.117.48 - - [02/Sep/2021:16:26:57 -0300] "GET /cormun/static/tbsolicitudot01.js?20201214462316 HTTP/1.1" 200 30566
200.83.117.48 - - [02/Sep/2021:16:26:57 -0300] "GET /cormun/static/calendar-system.css HTTP/1.1" 200 5572
200.83.117.48 - - [02/Sep/2021:16:26:58 -0300] "GET /cormun/static/Resources/PXToolsTabBackSelected.png HTTP/1.1" 200 1157
200.83.117.48 - - [02/Sep/2021:16:26:58 -0300] "GET /cormun/static/Resources/PXToolsTabBackUnselected.png HTTP/1.1" 200 1175
200.83.117.48 - - [02/Sep/2021:16:26:58 -0300] "GET /cormun/static/Resources/PXToolsTabUnselectedUnselected.png HTTP/1.1" 200 1470
200.83.117.48 - - [02/Sep/2021:16:26:58 -0300] "GET /cormun/static/Resources/PXToolsTabSelectedUnselected.png HTTP/1.1" 200 1451
200.83.117.48 - - [02/Sep/2021:16:26:58 -0300] "GET /cormun/servlet/vesolicitudot?2021,17396,, HTTP/1.1" 200 8308
200.83.117.48 - - [02/Sep/2021:16:27:15 -0300] "GET /cormun/servlet/trsolicitudot? HTTP/1.1" 200 9013
200.83.117.48 - - [02/Sep/2021:16:27:15 -0300] "GET /cormun/servlet/trsolicitudot? HTTP/1.1" 200 9012
200.83.117.48 - - [02/Sep/2021:16:27:37 -0300] "GET /cormun/servlet/vesolicitudot?2021,17355,, HTTP/1.1" 200 8372
200.83.117.48 - - [02/Sep/2021:16:27:37 -0300] "GET /cormun/pexe_scrolldiv.js HTTP/1.1" 404 1009
200.83.117.48 - - [02/Sep/2021:16:27:37 -0300] "GET /cormun/servlet/vesolicitudot?2021,17355,, HTTP/1.1" 200 8372
190.171.142.42 - - [02/Sep/2021:16:33:07 -0300] "GET /cormun/servlet/trpermisosgoce? HTTP/1.1" 200 9089
190.171.142.42 - - [02/Sep/2021:16:33:11 -0300] "GET /cormun/servlet/trpermisosgoce? HTTP/1.1" 200 9089
190.171.141.90 - - [02/Sep/2021:16:33:17 -0300] "GET /cormun/servlet/hlogin HTTP/1.1" 200 1727
190.171.141.90 - - [02/Sep/2021:16:33:21 -0300] "POST /cormun/servlet/hlogin?5db222b5bc9df413ee313b59d97bea76,gx-no-cache=1630610572417 HTTP/1.1" 200 90
190.171.141.90 - - [02/Sep/2021:16:33:21 -0300] "GET /cormun/servlet/hpexe_link HTTP/1.1" 200 952
190.171.142.42 - - [02/Sep/2021:16:33:21 -0300] "GET /cormun/servlet/permisogoce?INS,0,,, HTTP/1.1" 200 7164
190.171.141.90 - - [02/Sep/2021:16:33:21 -0300] "GET /cormun/servlet/hhome HTTP/1.1" 200 3970
190.171.141.90 - - [02/Sep/2021:16:33:22 -0300] "GET /cormun/servlet/hhome HTTP/1.1" 200 3966
190.171.142.42 - - [02/Sep/2021:16:33:24 -0300] "GET /cormun/servlet/permisogoce?INS,0,,, HTTP/1.1" 200 7164
190.171.141.90 - - [02/Sep/2021:16:33:29 -0300] "GET /cormun/servlet/trsolicitudot? HTTP/1.1" 200 7194
190.171.141.90 - - [02/Sep/2021:16:33:29 -0300] "GET /cormun/servlet/trsolicitudot? HTTP/1.1" 200 7193
190.171.154.42 - - [02/Sep/2021:16:33:34 -0300] "POST /cormun/servlet/trlicencias?dc73e5c94e0af278853214018fb08326,gx-no-cache=1630610585252 HTTP/1.1" 440 972
190.171.141.90 - - [02/Sep/2021:16:33:35 -0300] "GET /cormun/servlet/solicitudot?INS,0,0,false, HTTP/1.1" 200 15538
190.171.141.90 - - [02/Sep/2021:16:33:35 -0300] "GET /cormun/static/gxcfg.js?20203414241232 HTTP/1.1" 200 953
190.171.141.90 - - [02/Sep/2021:16:33:35 -0300] "GET /cormun/static/solicitudot.js?20203414242792 HTTP/1.1" 200 74114
190.171.141.90 - - [02/Sep/2021:16:33:35 -0300] "GET /cormun/static/Resources/prompt.gif HTTP/1.1" 200 902
190.171.141.90 - - [02/Sep/2021:16:33:35 -0300] "GET /cormun/servlet/solicitudot?INS,0,0,false, HTTP/1.1" 200 15546
190.171.154.42 - - [02/Sep/2021:16:33:36 -0300] "GET /cormun/servlet/trlicencias HTTP/1.1" 200 6036
190.171.154.42 - - [02/Sep/2021:16:33:39 -0300] "GET /cormun/servlet/hlogin HTTP/1.1" 200 1737
190.171.154.42 - - [02/Sep/2021:16:33:39 -0300] "GET /cormun/servlet/trlicencias HTTP/1.1" 200 6036
190.171.154.42 - - [02/Sep/2021:16:33:43 -0300] "POST /cormun/servlet/hlogin?018b449832a572945d2b640250ad0fc2,gx-no-cache=1630610594083 HTTP/1.1" 200 90
190.171.154.42 - - [02/Sep/2021:16:33:43 -0300] "GET /cormun/servlet/hpexe_link HTTP/1.1" 200 955
190.171.154.42 - - [02/Sep/2021:16:33:43 -0300] "GET /cormun/servlet/trlicencias HTTP/1.1" 200 12217
190.171.154.42 - - [02/Sep/2021:16:33:45 -0300] "GET /cormun/servlet/trlicencias HTTP/1.1" 200 12215
190.171.142.42 - - [02/Sep/2021:16:33:51 -0300] "GET /cormun/servlet/prfichaempleado?,MD,,gxPopupLevel%3D0%3B HTTP/1.1" 200 9305
190.171.142.42 - - [02/Sep/2021:16:33:51 -0300] "GET /cormun/static/gxcfg.js?20201215571085 HTTP/1.1" 200 953
190.171.142.42 - - [02/Sep/2021:16:33:51 -0300] "GET /cormun/static/prfichaempleado.js?20201215572193 HTTP/1.1" 200 16006
190.171.141.90 - - [02/Sep/2021:16:34:01 -0300] "POST /cormun/servlet/solicitudot?gx-no-cache=1630610611914 HTTP/1.1" 200 3803
190.171.141.90 - - [02/Sep/2021:16:34:01 -0300] "GET /cormun/static/Shared/jqueryui/images/ui-bg_highlight-soft_100_c6c2c8_1x100.png HTTP/1.1" 404 1117
190.171.141.90 - - [02/Sep/2021:16:34:01 -0300] "GET /cormun/static/Shared/jqueryui/images/ui-icons_82798d_256x240.png HTTP/1.1" 404 1089
190.171.141.90 - - [02/Sep/2021:16:34:01 -0300] "GET /cormun/static/Shared/jqueryui/images/ui-icons_ebccce_256x240.png HTTP/1.1" 404 1089
190.171.141.90 - - [02/Sep/2021:16:34:01 -0300] "GET /cormun/static/Shared/jqueryui/images/ui-bg_flat_55_994d53_40x100.png HTTP/1.1" 404 1097
190.171.141.90 - - [02/Sep/2021:16:34:01 -0300] "GET /cormun/servlet/solicitudot?b975e59697080bb95d32c1774b7d337f9e2f8685f92a47ee6eb281753705a8df94b00f719896012ad075c1f8d1d86f0d,gx-no-cache=1630610612208 HTTP/1.1" 200 111
190.171.142.42 - - [02/Sep/2021:16:34:05 -0300] "POST /cormun/servlet/prfichaempleado?616d9103e87eef91b40631d31819bce6,,MD,,gxPopupLevel%3D0%3B,gx-no-cache=1630610617480 HTTP/1.1" 200 3398
190.171.141.90 - - [02/Sep/2021:16:34:10 -0300] "GET /cormun/servlet/solicitudot?b975e59697080bb95d32c1774b7d337fd27364a1f432f5087e8106042af8d631ae72b669c2350c6fcf0ed12299fc0bd2,gx-no-cache=1630610620979 HTTP/1.1" 200 30
190.171.142.42 - - [02/Sep/2021:16:34:26 -0300] "POST /cormun/servlet/prfichaempleado?616d9103e87eef91b40631d31819bce6,,MD,,gxPopupLevel%3D0%3B,gx-no-cache=1630610639096 HTTP/1.1" 200 3398
207.46.13.156 - - [02/Sep/2021:16:34:37 -0300] "GET /cormun/servlet/hpexe_link HTTP/1.1" 200 926
192.168.10.163 - - [02/Sep/2021:16:34:38 -0300] "GET /cormun/servlet/trsolicitudgral? HTTP/1.1" 500 10
192.168.10.163 - - [02/Sep/2021:16:34:44 -0300] "GET /cormun/servlet/hlogin HTTP/1.1" 200 1725
192.168.10.163 - - [02/Sep/2021:16:34:47 -0300] "POST /cormun/servlet/hlogin?6656255ab434123e2fd5ffcfba56ec2b,gx-no-cache=1630610521857 HTTP/1.1" 200 90
192.168.10.163 - - [02/Sep/2021:16:34:47 -0300] "GET /cormun/servlet/hpexe_link HTTP/1.1" 200 948
192.168.10.163 - - [02/Sep/2021:16:34:47 -0300] "GET /cormun/servlet/hhome HTTP/1.1" 200 3755
192.168.10.163 - - [02/Sep/2021:16:34:47 -0300] "GET /cormun/servlet/hhome HTTP/1.1" 200 3753
192.168.10.163 - - [02/Sep/2021:16:34:51 -0300] "GET /cormun/servlet/trsolicitudgral? HTTP/1.1" 200 15623
192.168.10.163 - - [02/Sep/2021:16:34:52 -0300] "GET /cormun/servlet/trsolicitudgral? HTTP/1.1" 200 15621
190.171.142.42 - - [02/Sep/2021:16:35:12 -0300] "GET /cormun/servlet/permisogoce?94fa75bb211ab7d20176b4f02a2e41e750aa8ff89399ff76ce226163c28bdd8f6b848f9a3e2fdef246ee3e9cd1b5f76fdd209b79902f64b9a0af69e3b29878fe,gx-no-cache=1630610684770 HTTP/1.1" 200 79
190.171.142.42 - - [02/Sep/2021:16:35:12 -0300] "GET /cormun/static/menuarrow.gif HTTP/1.1" 404 1015
190.171.142.42 - - [02/Sep/2021:16:35:19 -0300] "GET /cormun/servlet/permisogoce?94fa75bb211ab7d20176b4f02a2e41e7fea16b2e7790f8cd7440b6f5f680b48cd2d16be3bf04950f155e180678bf386bafec596dfdd1b09c616c3d8d27a50435,gx-no-cache=1630610691987 HTTP/1.1" 200 45
190.171.142.42 - - [02/Sep/2021:16:35:23 -0300] "POST /cormun/servlet/permisogoce?616d9103e87eef91b40631d31819bce6,INS,0,,,,gx-no-cache=1630610694971 HTTP/1.1" 200 93
190.171.142.42 - - [02/Sep/2021:16:35:23 -0300] "GET /cormun/servlet/hpexe_return? HTTP/1.1" 200 1009
190.171.142.42 - - [02/Sep/2021:16:35:23 -0300] "GET /cormun/servlet/trpermisosgoce HTTP/1.1" 200 9323
190.171.142.42 - - [02/Sep/2021:16:35:25 -0300] "GET /cormun/servlet/trpermisosgoce HTTP/1.1" 200 9318
190.171.142.42 - - [02/Sep/2021:16:35:32 -0300] "GET /cormun/servlet/trautorizarpermisogoce? HTTP/1.1" 200 7106
190.171.142.42 - - [02/Sep/2021:16:35:32 -0300] "GET /cormun/servlet/trautorizarpermisogoce? HTTP/1.1" 200 7106
190.171.142.42 - - [02/Sep/2021:16:35:39 -0300] "POST /cormun/servlet/trautorizarpermisogoce?616d9103e87eef91b40631d31819bce6,,gx-no-cache=1630610711526 HTTP/1.1" 200 6435
190.171.142.42 - - [02/Sep/2021:16:35:43 -0300] "GET /cormun/servlet/apermisogoceprn?19021112,P,20210902152036,PU HTTP/1.1" 200 1651
190.171.142.42 - - [02/Sep/2021:16:36:07 -0300] "GET /cormun/servlet/hlogin HTTP/1.1" 200 1747
190.171.141.90 - - [02/Sep/2021:16:36:33 -0300] "GET /cormun/servlet/solicitudot?b975e59697080bb95d32c1774b7d337f4565cb2378b7992f18d656216e29b63d5329db566a0d61d62c942397bd65f49c11faf5e76f223239131f71627e76bddb,gx-no-cache=1630610763812 HTTP/1.1" 200 30
190.171.141.90 - - [02/Sep/2021:16:36:33 -0300] "GET /cormun/servlet/solicitudot?b975e59697080bb95d32c1774b7d337ff44935ea37bd1a6e0542132f180f2550,gx-no-cache=1630610763840 HTTP/1.1" 200 29
190.171.141.90 - - [02/Sep/2021:16:36:51 -0300] "GET /cormun/servlet/solicitudot?b975e59697080bb95d32c1774b7d337fcbd1186a7b525e6f0d90f7d7cb979ec6f1046fa4f57cee378fa00c8006239dd1647d9fbe39ce98e8319a26f64d38ed1eb754e7350f06e74a6c028528f64bd3d3eb07c6d9cefb51b06906b8158621b38d0627286dc4579021a2071d97fad7828abd43032ca7e206e77b1e11f5f939e32dc0cbcb311bf1ef6dabf2bb469d881b60160e44ac2f9696c5e879e5127601a71544957489555b070246b05095ede7aff701a6318e48622063c611380afaf8464a5f3c13f1a7273e7b3286455049cc4832e1bf669ed24387063808a72a43199cec7715ac2642e354f2014777e442f947c0ed11f06577e2fc71a3d225189eba59b6159ac2d4fab3a013038aed09af8874c8b0b03fe3c091a6a14a7707f2559d622684ca23174df80f417a91e7e00117ce219b5bc9380e7ff70da87c95b26cc33a93db78738f48becd9b9752abb121f8faa2,gx-no-cache=1630610781675 HTTP/1.1" 200 240
190.171.141.90 - - [02/Sep/2021:16:37:01 -0300] "GET /cormun/servlet/solicitudot?b975e59697080bb95d32c1774b7d337fcabe41e93558ecad1e7480793323d6d259e6794ee35bc1c05e25aeafa14742373d46d971e36230f800ba1edac28dd813fae336878056a264fa60451524369e81fe361d8d81fdf3ef044497c155d5c23546675afd73fb699556b078ee308d327b39a65981468c06f32f678851ddf7ddb564ff181930109a6715c7e6906d70f607bda9573f59efbe7b0c23ada99ad44e05ee73f3685e58dc6126c09ff5b35cf69ba6a3b0778a909ed530bef9d5e9fcdcd74385c10179fa50836b671275ee286537832f6bed566eb7eb8b42f219b94a6bfdc4866d030edc2e28f64adc5b357d0d36ccc4df1f164645b89f2d9da5f511bed6d77c4a285fdc5ae997a9d11729ff3456900c747f23816c4cf99d7eb77ec315bab100b0d0688273e0b2a4f53886a382ab439a26ec078e6f041462fe9d0e9164535692a9cb3f9850cda7056d9e4f40c194072f5f59da401ed0d38e5ba6817c5078fc5cc9bd37229e26740eb3b0c88344c6e08c5c798968967e7be7ce8b10ce74ff,gx-no-cache=1630610792135 HTTP/1.1" 200 30
190.171.141.90 - - [02/Sep/2021:16:37:19 -0300] "POST /cormun/servlet/solicitudot?gx-no-cache=1630610809818 HTTP/1.1" 200 30
190.171.141.90 - - [02/Sep/2021:16:42:43 -0300] "POST /cormun/servlet/solicitudot?gx-no-cache=1630611134064 HTTP/1.1" 200 1442
190.171.141.90 - - [02/Sep/2021:16:43:36 -0300] "GET /cormun/static/menuarrow.gif HTTP/1.1" 404 1015
190.171.141.90 - - [02/Sep/2021:16:43:54 -0300] "POST /cormun/servlet/solicitudot?gx-no-cache=1630611205367 HTTP/1.1" 200 40
189.127.145.172 - - [02/Sep/2021:16:48:26 -0300] "GET / HTTP/1.1" 200 11217
192.168.10.163 - - [02/Sep/2021:16:50:51 -0300] "GET /cormun/servlet/trsolicitudgral? HTTP/1.1" 200 15621
192.168.10.163 - - [02/Sep/2021:16:50:51 -0300] "GET /cormun/servlet/trsolicitudgral? HTTP/1.1" 200 15621
192.168.10.163 - - [02/Sep/2021:16:51:00 -0300] "POST /cormun/servlet/trsolicitudgral?6656255ab434123e2fd5ffcfba56ec2b,,gx-no-cache=1630611494692 HTTP/1.1" 200 7433
192.168.10.163 - - [02/Sep/2021:16:51:02 -0300] "GET /cormun/servlet/vesolicitudgral?2021,17472,, HTTP/1.1" 200 8387
192.168.10.163 - - [02/Sep/2021:16:51:02 -0300] "GET /cormun/pexe_scrolldiv.js HTTP/1.1" 404 1009
192.168.10.163 - - [02/Sep/2021:16:51:02 -0300] "GET /cormun/pexe_scrolldiv.js HTTP/1.1" 404 1009
192.168.10.163 - - [02/Sep/2021:16:51:03 -0300] "GET /cormun/servlet/vesolicitudgral?2021,17472,, HTTP/1.1" 200 8386
192.168.10.163 - - [02/Sep/2021:16:52:46 -0300] "POST /cormun/servlet/vesolicitudgral?6656255ab434123e2fd5ffcfba56ec2b,2021,17472,,,gx-no-cache=1630611601115 HTTP/1.1" 200 90
192.168.10.163 - - [02/Sep/2021:16:52:46 -0300] "GET /cormun/servlet/hpexe_link HTTP/1.1" 200 966
192.168.10.163 - - [02/Sep/2021:16:52:46 -0300] "GET /cormun/servlet/trsolicitudgral? HTTP/1.1" 200 10097
192.168.10.163 - - [02/Sep/2021:16:52:47 -0300] "GET /cormun/servlet/trsolicitudgral? HTTP/1.1" 200 10096
192.168.10.163 - - [02/Sep/2021:16:52:49 -0300] "GET /cormun/servlet/vesolicitudgral?2021,17471,, HTTP/1.1" 200 8414
192.168.10.163 - - [02/Sep/2021:16:52:49 -0300] "GET /cormun/pexe_scrolldiv.js HTTP/1.1" 404 1009
192.168.10.163 - - [02/Sep/2021:16:52:49 -0300] "GET /cormun/pexe_scrolldiv.js HTTP/1.1" 404 1009
192.168.10.163 - - [02/Sep/2021:16:52:49 -0300] "GET /cormun/servlet/vesolicitudgral?2021,17471,, HTTP/1.1" 200 8412
192.168.10.163 - - [02/Sep/2021:16:54:17 -0300] "POST /cormun/servlet/vesolicitudgral?6656255ab434123e2fd5ffcfba56ec2b,2021,17471,,,gx-no-cache=1630611692283 HTTP/1.1" 200 90
192.168.10.163 - - [02/Sep/2021:16:54:17 -0300] "GET /cormun/servlet/hpexe_link HTTP/1.1" 200 967
192.168.10.163 - - [02/Sep/2021:16:54:17 -0300] "GET /cormun/servlet/trsolicitudgral HTTP/1.1" 200 9673
192.168.10.163 - - [02/Sep/2021:16:54:18 -0300] "GET /cormun/servlet/trsolicitudgral HTTP/1.1" 200 9671
192.168.10.163 - - [02/Sep/2021:16:54:29 -0300] "GET /cormun/servlet/vesolicitudgral?2021,17470,, HTTP/1.1" 200 8400
192.168.10.163 - - [02/Sep/2021:16:54:29 -0300] "GET /cormun/pexe_scrolldiv.js HTTP/1.1" 404 1009
192.168.10.163 - - [02/Sep/2021:16:54:29 -0300] "GET /cormun/pexe_scrolldiv.js HTTP/1.1" 404 1009
192.168.10.163 - - [02/Sep/2021:16:54:29 -0300] "GET /cormun/servlet/vesolicitudgral?2021,17470,, HTTP/1.1" 200 8399
192.168.10.163 - - [02/Sep/2021:16:55:53 -0300] "POST /cormun/servlet/vesolicitudgral?6656255ab434123e2fd5ffcfba56ec2b,2021,17470,,,gx-no-cache=1630611787635 HTTP/1.1" 200 90
192.168.10.163 - - [02/Sep/2021:16:55:53 -0300] "GET /cormun/servlet/hpexe_link HTTP/1.1" 200 966
192.168.10.163 - - [02/Sep/2021:16:55:53 -0300] "GET /cormun/servlet/trsolicitudgral HTTP/1.1" 200 8253
192.168.10.163 - - [02/Sep/2021:16:55:53 -0300] "GET /cormun/servlet/trsolicitudgral HTTP/1.1" 200 8251
192.168.10.163 - - [02/Sep/2021:16:55:58 -0300] "POST /cormun/servlet/trsolicitudgral?6656255ab434123e2fd5ffcfba56ec2b,gx-no-cache=1630611792517 HTTP/1.1" 200 6621
192.168.10.163 - - [02/Sep/2021:16:55:59 -0300] "GET /cormun/servlet/vesolicitudgral?2021,17466,, HTTP/1.1" 200 8335
192.168.10.163 - - [02/Sep/2021:16:55:59 -0300] "GET /cormun/pexe_scrolldiv.js HTTP/1.1" 404 1009
192.168.10.163 - - [02/Sep/2021:16:55:59 -0300] "GET /cormun/pexe_scrolldiv.js HTTP/1.1" 404 1009
192.168.10.163 - - [02/Sep/2021:16:56:00 -0300] "GET /cormun/servlet/vesolicitudgral?2021,17466,, HTTP/1.1" 200 8335
190.171.141.90 - - [02/Sep/2021:16:57:17 -0300] "POST /cormun/servlet/solicitudot?gx-no-cache=1630612008304 HTTP/1.1" 200 30
190.171.141.90 - - [02/Sep/2021:16:57:17 -0300] "POST /cormun/servlet/solicitudot?gx-no-cache=1630612008358 HTTP/1.1" 200 1442
190.171.141.90 - - [02/Sep/2021:16:57:17 -0300] "POST /cormun/servlet/solicitudot?gx-no-cache=1630612008433 HTTP/1.1" 200 40
190.171.141.90 - - [02/Sep/2021:16:57:17 -0300] "GET /cormun/servlet/solicitudot?b975e59697080bb95d32c1774b7d337f14e8bfddb9cce265f04a72695e2b79be2f022078b3a385f9841a914667d6991e0fa5d348207d8967e4b0e8b0c2c9b2e7c30bb59c1408215186ad9fe8ecd827fa7d065bb022ab6e945e83e2527a63848c2ea0dbd4973bba4e91b8245aa471aede,gx-no-cache=1630612008456 HTTP/1.1" 200 110
192.168.10.163 - - [02/Sep/2021:16:57:59 -0300] "POST /cormun/servlet/vesolicitudgral?6656255ab434123e2fd5ffcfba56ec2b,2021,17466,,,gx-no-cache=1630611913539 HTTP/1.1" 200 90
192.168.10.163 - - [02/Sep/2021:16:57:59 -0300] "GET /cormun/servlet/hpexe_link HTTP/1.1" 200 987
192.168.10.163 - - [02/Sep/2021:16:57:59 -0300] "GET /cormun/servlet/trsolicitudgral?gx-no-cache=1630611792517 HTTP/1.1" 200 8254
192.168.10.163 - - [02/Sep/2021:16:57:59 -0300] "GET /cormun/servlet/trsolicitudgral?gx-no-cache=1630611792517 HTTP/1.1" 200 8274
190.171.141.90 - - [02/Sep/2021:17:01:54 -0300] "POST /cormun/servlet/solicitudot?gx-no-cache=1630612285554 HTTP/1.1" 200 30
190.171.141.90 - - [02/Sep/2021:17:01:54 -0300] "POST /cormun/servlet/solicitudot?gx-no-cache=1630612285609 HTTP/1.1" 200 1442
190.171.141.90 - - [02/Sep/2021:17:01:54 -0300] "POST /cormun/servlet/solicitudot?gx-no-cache=1630612285674 HTTP/1.1" 200 40
190.171.141.90 - - [02/Sep/2021:17:01:55 -0300] "GET /cormun/servlet/solicitudot?b975e59697080bb95d32c1774b7d337f14e8bfddb9cce265f04a72695e2b79be2f022078b3a385f9841a914667d6991e0fa5d348207d8967e4b0e8b0c2c9b2e7c30bb59c1408215186ad9fe8ecd827fa7d065bb022ab6e945e83e2527a63848c2ea0dbd4973bba4e91b8245aa471aede,gx-no-cache=1630612285713 HTTP/1.1" 200 110
190.171.141.90 - - [02/Sep/2021:17:01:55 -0300] "POST /cormun/servlet/solicitudot?gx-no-cache=1630612285808 HTTP/1.1" 200 83
192.168.10.163 - - [02/Sep/2021:17:03:11 -0300] "POST /cormun/servlet/trsolicitudgral?6656255ab434123e2fd5ffcfba56ec2b,gx-no-cache=1630611792517,gx-no-cache=1630612226149 HTTP/1.1" 200 6646
192.168.10.163 - - [02/Sep/2021:17:03:14 -0300] "GET /cormun/servlet/vesolicitudgral?2021,17454,, HTTP/1.1" 200 8328
192.168.10.163 - - [02/Sep/2021:17:03:14 -0300] "GET /cormun/pexe_scrolldiv.js HTTP/1.1" 404 1009
192.168.10.163 - - [02/Sep/2021:17:03:14 -0300] "GET /cormun/pexe_scrolldiv.js HTTP/1.1" 404 1009
192.168.10.163 - - [02/Sep/2021:17:03:14 -0300] "GET /cormun/servlet/vesolicitudgral?2021,17454,, HTTP/1.1" 200 8306
192.168.10.163 - - [02/Sep/2021:17:03:17 -0300] "GET /cormun/servlet/vesolicitudgral?2021,17454,,SolicitudOTAdjuntos HTTP/1.1" 200 10793
192.168.10.163 - - [02/Sep/2021:17:03:17 -0300] "GET /cormun/pexe_scrolldiv.js HTTP/1.1" 404 1009
192.168.10.163 - - [02/Sep/2021:17:03:17 -0300] "GET /cormun/pexe_scrolldiv.js HTTP/1.1" 404 1009
192.168.10.163 - - [02/Sep/2021:17:03:17 -0300] "GET /cormun/servlet/vesolicitudgral?2021,17454,,SolicitudOTAdjuntos HTTP/1.1" 200 10791
192.168.10.163 - - [02/Sep/2021:17:03:18 -0300] "POST /cormun/servlet/acontrolpreferencessavestate?None,RRHH+DANIELA,true HTTP/1.1" 200 35
192.168.10.163 - - [02/Sep/2021:17:03:20 -0300] "GET /cormun/PublicTempStorage/certificado_de_antecendentes_marlene_soto3760763.pdf HTTP/1.1" 200 36983
192.168.10.163 - - [02/Sep/2021:17:03:58 -0300] "GET /cormun/servlet/vesolicitudgral?2021,17454,,SolicitudOTAdjuntos HTTP/1.1" 200 10793
190.171.141.90 - - [02/Sep/2021:17:03:58 -0300] "POST /cormun/servlet/solicitudot?gx-no-cache=1630612409578 HTTP/1.1" 200 30
190.171.141.90 - - [02/Sep/2021:17:03:58 -0300] "POST /cormun/servlet/solicitudot?gx-no-cache=1630612409614 HTTP/1.1" 200 1442
190.171.141.90 - - [02/Sep/2021:17:03:58 -0300] "POST /cormun/servlet/solicitudot?gx-no-cache=1630612409687 HTTP/1.1" 200 40
190.171.141.90 - - [02/Sep/2021:17:03:58 -0300] "GET /cormun/servlet/solicitudot?b975e59697080bb95d32c1774b7d337f14e8bfddb9cce265f04a72695e2b79be2f022078b3a385f9841a914667d6991e0fa5d348207d8967e4b0e8b0c2c9b2e7c30bb59c1408215186ad9fe8ecd827fa7d065bb022ab6e945e83e2527a63848c2ea0dbd4973bba4e91b8245aa471aede,gx-no-cache=1630612409708 HTTP/1.1" 200 110
192.168.10.163 - - [02/Sep/2021:17:03:59 -0300] "GET /cormun/servlet/vesolicitudgral?2021,17454,,SolicitudOTAdjuntos HTTP/1.1" 200 10796
192.168.10.163 - - [02/Sep/2021:17:04:00 -0300] "POST /cormun/servlet/acontrolpreferencessavestate?None,RRHH+DANIELA,true HTTP/1.1" 200 35
192.168.10.163 - - [02/Sep/2021:17:04:02 -0300] "GET /cormun/PublicTempStorage/cv_marlene_soto3611041.pdf HTTP/1.1" 200 65702
192.168.10.163 - - [02/Sep/2021:17:04:19 -0300] "GET /cormun/servlet/vesolicitudgral?2021,17454,,SolicitudOTAdjuntos HTTP/1.1" 200 10793
192.168.10.163 - - [02/Sep/2021:17:04:19 -0300] "GET /cormun/servlet/vesolicitudgral?2021,17454,,SolicitudOTAdjuntos HTTP/1.1" 200 10795
192.168.10.163 - - [02/Sep/2021:17:04:20 -0300] "POST /cormun/servlet/acontrolpreferencessavestate?None,RRHH+DANIELA,true HTTP/1.1" 200 35
192.168.10.163 - - [02/Sep/2021:17:04:30 -0300] "GET /cormun/PublicTempStorage/certificado_afp9555509.pdf HTTP/1.1" 200 172205
190.171.141.90 - - [02/Sep/2021:17:04:32 -0300] "POST /cormun/servlet/solicitudot?gx-no-cache=1630612443507 HTTP/1.1" 200 83
190.171.141.90 - - [02/Sep/2021:17:04:32 -0300] "GET /cormun/servlet/solicitudot?b975e59697080bb95d32c1774b7d337f4d6eacdd63c0cf4a46b570b5ae8916cced11f06577e2fc71a3d225189eba59b6159ac2d4fab3a013038aed09af8874c83e2251811043d443c183a4ed01ce0f12,gx-no-cache=1630612443541 HTTP/1.1" 200 29
192.168.10.163 - - [02/Sep/2021:17:04:46 -0300] "GET /cormun/servlet/vesolicitudgral?2021,17454,,SolicitudOTAdjuntos HTTP/1.1" 200 10793
192.168.10.163 - - [02/Sep/2021:17:04:47 -0300] "GET /cormun/servlet/vesolicitudgral?2021,17454,,SolicitudOTAdjuntos HTTP/1.1" 200 10795
192.168.10.163 - - [02/Sep/2021:17:04:47 -0300] "POST /cormun/servlet/acontrolpreferencessavestate?None,RRHH+DANIELA,true HTTP/1.1" 200 35
192.168.10.163 - - [02/Sep/2021:17:04:48 -0300] "GET /cormun/PublicTempStorage/certificado_de_fonasa988129.pdf HTTP/1.1" 200 176160
190.171.141.90 - - [02/Sep/2021:17:04:55 -0300] "GET /cormun/servlet/solicitudot?b975e59697080bb95d32c1774b7d337fde5dcc111507573180d11850fffe3c91131d3d356d1f66ad1faba37fb629588c,gx-no-cache=1630612466580 HTTP/1.1" 200 134
190.171.141.90 - - [02/Sep/2021:17:04:55 -0300] "POST /cormun/servlet/solicitudot?gx-no-cache=1630612466615 HTTP/1.1" 200 34
192.168.10.163 - - [02/Sep/2021:17:05:00 -0300] "GET /cormun/servlet/vesolicitudgral?2021,17454,,SolicitudOTAdjuntos HTTP/1.1" 200 10794
192.168.10.163 - - [02/Sep/2021:17:05:01 -0300] "GET /cormun/servlet/vesolicitudgral?2021,17454,,SolicitudOTAdjuntos HTTP/1.1" 200 10795
192.168.10.163 - - [02/Sep/2021:17:05:02 -0300] "POST /cormun/servlet/acontrolpreferencessavestate?None,RRHH+DANIELA,true HTTP/1.1" 200 35
192.168.10.163 - - [02/Sep/2021:17:05:03 -0300] "GET /cormun/servlet/vesolicitudgral?2021,17454,,General HTTP/1.1" 200 8309
192.168.10.163 - - [02/Sep/2021:17:05:03 -0300] "GET /cormun/pexe_scrolldiv.js HTTP/1.1" 404 1009
192.168.10.163 - - [02/Sep/2021:17:05:03 -0300] "GET /cormun/pexe_scrolldiv.js HTTP/1.1" 404 1009
192.168.10.163 - - [02/Sep/2021:17:05:03 -0300] "GET /cormun/servlet/vesolicitudgral?2021,17454,,General HTTP/1.1" 200 8310
190.171.141.90 - - [02/Sep/2021:17:06:32 -0300] "GET /cormun/servlet/solicitudot?b975e59697080bb95d32c1774b7d337f3434e058bf3190c662462857f45f0fc6131d3d356d1f66ad1faba37fb629588c,gx-no-cache=1630612563254 HTTP/1.1" 200 30
190.171.141.90 - - [02/Sep/2021:17:06:32 -0300] "POST /cormun/servlet/solicitudot?gx-no-cache=1630612563281 HTTP/1.1" 200 34
190.171.141.90 - - [02/Sep/2021:17:07:24 -0300] "POST /cormun/servlet/solicitudot?5db222b5bc9df413ee313b59d97bea76,INS,0,0,false,,gx-no-cache=1630612614724 HTTP/1.1" 200 12572
190.171.141.90 - - [02/Sep/2021:17:08:08 -0300] "GET /cormun/static/Resources/PXTools/ClosePrompt.png HTTP/1.1" 200 1036
190.171.141.90 - - [02/Sep/2021:17:08:08 -0300] "GET /cormun/static/Resources/resize.gif HTTP/1.1" 200 77
190.171.141.90 - - [02/Sep/2021:17:08:08 -0300] "GET /cormun/servlet/prfichaempleado?,MD,,gxPopupLevel%3D0%3B HTTP/1.1" 200 9265
190.171.141.90 - - [02/Sep/2021:17:08:08 -0300] "GET /cormun/static/gxcfg.js?20201215571085 HTTP/1.1" 200 953
190.171.141.90 - - [02/Sep/2021:17:08:09 -0300] "GET /cormun/static/prfichaempleado.js?20201215572193 HTTP/1.1" 200 16006
190.171.141.90 - - [02/Sep/2021:17:08:09 -0300] "GET /cormun/static/menusearch.js?20201214473581 HTTP/1.1" 200 1424
190.171.141.90 - - [02/Sep/2021:17:08:09 -0300] "GET /cormun/static/hmpwkw011.js?20201215495555 HTTP/1.1" 200 1968
190.171.141.90 - - [02/Sep/2021:17:08:09 -0300] "GET /cormun/static/Resources/PXToolsMenuSearch.png HTTP/1.1" 200 336
190.171.141.90 - - [02/Sep/2021:17:08:09 -0300] "GET /cormun/static/Resources/PXToolsMenuSearchCancel.png HTTP/1.1" 200 306
190.171.141.90 - - [02/Sep/2021:17:08:29 -0300] "POST /cormun/servlet/solicitudot?gx-no-cache=1630612679810 HTTP/1.1" 200 3860
190.171.141.90 - - [02/Sep/2021:17:13:49 -0300] "POST /cormun/servlet/solicitudot?gx-no-cache=1630613000678 HTTP/1.1" 200 3845
190.171.141.90 - - [02/Sep/2021:17:13:50 -0300] "GET /cormun/servlet/solicitudot?b975e59697080bb95d32c1774b7d337fcabe41e93558ecad1e7480793323d6d259e6794ee35bc1c05e25aeafa14742373d46d971e36230f800ba1edac28dd813fae336878056a264fa60451524369e81fe361d8d81fdf3ef044497c155d5c23546675afd73fb699556b078ee308d327b39a65981468c06f32f678851ddf7ddb564ff181930109a6715c7e6906d70f607bda9573f59efbe7b0c23ada99ad44e05ee73f3685e58dc6126c09ff5b35cf69ba6a3b0778a909ed530bef9d5e9fcdcd74385c10179fa50836b671275ee286537832f6bed566eb7eb8b42f219b94a6bfdc4866d030edc2e28f64adc5b357d0d36ccc4df1f164645b89f2d9da5f511bed6d77c4a285fdc5ae997a9d11729ff3456900c747f23816c4cf99d7eb77ec315bab100b0d0688273e0b2a4f53886a382ab439a26ec078e6f041462fe9d0e9164535692a9cb3f9850cda7056d9e4f40c194072f5f59da401ed0d38e5ba6817c5078fc5cc9bd37229e26740eb3b0c88344c60d6046b4472c25bfe8178cc57504ad58,gx-no-cache=1630613000758 HTTP/1.1" 200 30
190.171.141.90 - - [02/Sep/2021:17:13:50 -0300] "POST /cormun/servlet/solicitudot?gx-no-cache=1630613000778 HTTP/1.1" 200 30
190.171.141.90 - - [02/Sep/2021:17:13:50 -0300] "POST /cormun/servlet/solicitudot?gx-no-cache=1630613000801 HTTP/1.1" 200 1442
190.171.141.90 - - [02/Sep/2021:17:13:50 -0300] "POST /cormun/servlet/solicitudot?gx-no-cache=1630613000886 HTTP/1.1" 200 40
190.171.141.90 - - [02/Sep/2021:17:13:50 -0300] "GET /cormun/servlet/solicitudot?b975e59697080bb95d32c1774b7d337f14e8bfddb9cce265f04a72695e2b79be2f022078b3a385f9841a914667d6991e0fa5d348207d8967e4b0e8b0c2c9b2e7c30bb59c1408215186ad9fe8ecd827fa7d065bb022ab6e945e83e2527a63848c2ea0dbd4973bba4e91b8245aa471aede,gx-no-cache=1630613000919 HTTP/1.1" 200 110
190.171.141.90 - - [02/Sep/2021:17:13:50 -0300] "POST /cormun/servlet/solicitudot?gx-no-cache=1630613000957 HTTP/1.1" 200 83
190.171.141.90 - - [02/Sep/2021:17:14:17 -0300] "GET /cormun/servlet/trsolicitudot? HTTP/1.1" 200 7194
190.171.141.90 - - [02/Sep/2021:17:14:17 -0300] "GET /cormun/servlet/trsolicitudot? HTTP/1.1" 200 7193
190.171.141.90 - - [02/Sep/2021:17:14:41 -0300] "GET /cormun/servlet/hlogin HTTP/1.1" 200 1727
190.171.141.90 - - [02/Sep/2021:17:14:44 -0300] "POST /cormun/servlet/hlogin?5db222b5bc9df413ee313b59d97bea76,gx-no-cache=1630613055362 HTTP/1.1" 200 90
190.171.141.90 - - [02/Sep/2021:17:14:44 -0300] "GET /cormun/servlet/hpexe_link HTTP/1.1" 200 957
190.171.141.90 - - [02/Sep/2021:17:14:44 -0300] "GET /cormun/servlet/trsolicitudot HTTP/1.1" 200 7195
190.171.141.90 - - [02/Sep/2021:17:14:45 -0300] "GET /cormun/servlet/trsolicitudot HTTP/1.1" 200 7193
190.171.141.90 - - [02/Sep/2021:17:14:48 -0300] "GET /cormun/servlet/solicitudot?INS,0,0,false, HTTP/1.1" 200 15541
190.171.141.90 - - [02/Sep/2021:17:14:48 -0300] "GET /cormun/servlet/solicitudot?INS,0,0,false, HTTP/1.1" 200 15548
190.171.141.90 - - [02/Sep/2021:17:15:06 -0300] "POST /cormun/servlet/solicitudot?gx-no-cache=1630613076672 HTTP/1.1" 200 3728
190.171.141.90 - - [02/Sep/2021:17:15:06 -0300] "POST /cormun/servlet/solicitudot?5db222b5bc9df413ee313b59d97bea76,INS,0,0,false,,gx-no-cache=1630613076796 HTTP/1.1" 200 12226
190.171.141.90 - - [02/Sep/2021:17:15:10 -0300] "GET /cormun/servlet/solicitudot?b975e59697080bb95d32c1774b7d337fd27364a1f432f5087e8106042af8d631ae72b669c2350c6fcf0ed12299fc0bd2,gx-no-cache=1630613080791 HTTP/1.1" 200 30
190.171.153.26 - - [02/Sep/2021:17:16:21 -0300] "GET /cormun/servlet/hlogin HTTP/1.1" 200 1731
190.171.153.26 - - [02/Sep/2021:17:16:23 -0300] "GET /cormun/servlet/hlogin HTTP/1.1" 200 1731
190.171.153.26 - - [02/Sep/2021:17:16:24 -0300] "GET /cormun/static/gxtimezone.js?85251 HTTP/1.1" 200 5781
190.171.153.26 - - [02/Sep/2021:17:16:24 -0300] "GET /cormun/static/gxcfg.js?201910216285969 HTTP/1.1" 200 953
190.171.153.26 - - [02/Sep/2021:17:16:24 -0300] "GET /cormun/static/Resources/Spanish/PXTools.css?2294816 HTTP/1.1" 200 100853
190.171.153.26 - - [02/Sep/2021:17:16:24 -0300] "GET /cormun/static/gxgral.js?85251 HTTP/1.1" 200 384558
190.171.153.26 - - [02/Sep/2021:17:16:24 -0300] "GET /cormun/static/messages.spa.js?85251 HTTP/1.1" 200 30736
190.171.153.26 - - [02/Sep/2021:17:16:24 -0300] "GET /cormun/static/hlogin.js?201910216285995 HTTP/1.1" 200 2136
190.171.153.26 - - [02/Sep/2021:17:16:24 -0300] "GET /cormun/static/Resources/Logo2019_Grande.png HTTP/1.1" 200 31733
190.171.153.26 - - [02/Sep/2021:17:16:24 -0300] "GET /cormun/static/Resources/PXToolsLoginTop.png HTTP/1.1" 200 1337
190.171.153.26 - - [02/Sep/2021:17:16:24 -0300] "GET /cormun/static/Resources/PXToolsLoginBackground.png HTTP/1.1" 200 1164
190.171.153.26 - - [02/Sep/2021:17:16:24 -0300] "GET /cormun/static/Resources/PXToolsButtonLeft.png HTTP/1.1" 200 1310
190.171.153.26 - - [02/Sep/2021:17:16:24 -0300] "GET /cormun/static/Resources/PXToolsButtonRight.png HTTP/1.1" 200 1294
190.171.153.26 - - [02/Sep/2021:17:16:24 -0300] "GET /cormun/static/Resources/PXToolsButtonBackground.png HTTP/1.1" 200 1176
190.171.153.26 - - [02/Sep/2021:17:16:25 -0300] "GET /cormun/static/Resources/PXToolsLoginBottom.png HTTP/1.1" 200 1389
190.171.153.26 - - [02/Sep/2021:17:16:25 -0300] "GET /cormun/servlet/hlogin HTTP/1.1" 200 1742
190.171.153.26 - - [02/Sep/2021:17:16:25 -0300] "GET /cormun/static/Resources/indicator.gif HTTP/1.1" 200 1553
190.171.153.26 - - [02/Sep/2021:17:16:26 -0300] "GET /favicon.ico HTTP/1.1" 200 21630
190.171.153.26 - - [02/Sep/2021:17:16:51 -0300] "POST /cormun/servlet/hlogin?d55b6d3b85430b5f17d49e85f9b3a293,gx-no-cache=1630613183748 HTTP/1.1" 200 448
190.171.153.26 - - [02/Sep/2021:17:16:57 -0300] "POST /cormun/servlet/hlogin?d55b6d3b85430b5f17d49e85f9b3a293,gx-no-cache=1630613189594 HTTP/1.1" 200 447
190.171.153.26 - - [02/Sep/2021:17:16:59 -0300] "POST /cormun/servlet/hlogin?d55b6d3b85430b5f17d49e85f9b3a293,gx-no-cache=1630613191191 HTTP/1.1" 200 447
190.171.153.26 - - [02/Sep/2021:17:16:59 -0300] "POST /cormun/servlet/hlogin?d55b6d3b85430b5f17d49e85f9b3a293,gx-no-cache=1630613191577 HTTP/1.1" 200 447
190.171.153.26 - - [02/Sep/2021:17:16:59 -0300] "POST /cormun/servlet/hlogin?d55b6d3b85430b5f17d49e85f9b3a293,gx-no-cache=1630613191829 HTTP/1.1" 200 447
190.171.153.26 - - [02/Sep/2021:17:17:00 -0300] "POST /cormun/servlet/hlogin?d55b6d3b85430b5f17d49e85f9b3a293,gx-no-cache=1630613192445 HTTP/1.1" 200 447
190.171.153.26 - - [02/Sep/2021:17:17:00 -0300] "POST /cormun/servlet/hlogin?d55b6d3b85430b5f17d49e85f9b3a293,gx-no-cache=1630613192711 HTTP/1.1" 200 447
190.171.141.90 - - [02/Sep/2021:17:17:03 -0300] "GET /cormun/servlet/solicitudot?b975e59697080bb95d32c1774b7d337f4565cb2378b7992f18d656216e29b63d5329db566a0d61d62c942397bd65f49c11faf5e76f223239131f71627e76bddb,gx-no-cache=1630613194428 HTTP/1.1" 200 30
190.171.141.90 - - [02/Sep/2021:17:17:03 -0300] "GET /cormun/servlet/solicitudot?b975e59697080bb95d32c1774b7d337ff44935ea37bd1a6e0542132f180f2550,gx-no-cache=1630613194554 HTTP/1.1" 200 29
190.171.141.90 - - [02/Sep/2021:17:17:05 -0300] "POST /cormun/servlet/solicitudot?gx-no-cache=1630613196714 HTTP/1.1" 200 240
190.171.153.26 - - [02/Sep/2021:17:17:07 -0300] "POST /cormun/servlet/hlogin?d55b6d3b85430b5f17d49e85f9b3a293,gx-no-cache=1630613199696 HTTP/1.1" 200 448
190.171.141.90 - - [02/Sep/2021:17:17:09 -0300] "GET /cormun/servlet/solicitudot?b975e59697080bb95d32c1774b7d337fcabe41e93558ecad1e7480793323d6d259e6794ee35bc1c05e25aeafa14742373d46d971e36230f800ba1edac28dd813fae336878056a264fa60451524369e81fe361d8d81fdf3ef044497c155d5c23546675afd73fb699556b078ee308d327b39a65981468c06f32f678851ddf7ddb564ff181930109a6715c7e6906d70f607bda9573f59efbe7b0c23ada99ad44e05ee73f3685e58dc6126c09ff5b35cf69ba6a3b0778a909ed530bef9d5e9fcdcd74385c10179fa50836b671275ee286537832f6bed566eb7eb8b42f219b94a6bfdc4866d030edc2e28f64adc5b357d0d36ccc4df1f164645b89f2d9da5f511bed6d77c4a285fdc5ae997a9d11729ff3456900c747f23816c4cf99d7eb77ec315bab100b0d0688273e0b2a4f53886a382ab439a26ec078e6f041462fe9d0e9164535692a9cb3f9850cda7056d9e4f40c194072f5f59da401ed0d38e5ba6817c5078fc5cc9bd37229e26740eb3b0c88344c6e08c5c798968967e7be7ce8b10ce74ff,gx-no-cache=1630613200491 HTTP/1.1" 200 30
190.171.153.26 - - [02/Sep/2021:17:17:11 -0300] "POST /cormun/servlet/hlogin?d55b6d3b85430b5f17d49e85f9b3a293,gx-no-cache=1630613203324 HTTP/1.1" 200 447
190.171.153.26 - - [02/Sep/2021:17:17:11 -0300] "POST /cormun/servlet/hlogin?d55b6d3b85430b5f17d49e85f9b3a293,gx-no-cache=1630613203612 HTTP/1.1" 200 447
190.171.141.90 - - [02/Sep/2021:17:17:14 -0300] "POST /cormun/servlet/solicitudot?gx-no-cache=1630613204274 HTTP/1.1" 200 30
190.171.153.26 - - [02/Sep/2021:17:17:17 -0300] "POST /cormun/servlet/hlogin?d55b6d3b85430b5f17d49e85f9b3a293,gx-no-cache=1630613209808 HTTP/1.1" 200 447
190.171.153.26 - - [02/Sep/2021:17:17:20 -0300] "POST /cormun/servlet/hlogin?d55b6d3b85430b5f17d49e85f9b3a293,gx-no-cache=1630613212205 HTTP/1.1" 200 447
190.171.153.26 - - [02/Sep/2021:17:17:20 -0300] "POST /cormun/servlet/hlogin?d55b6d3b85430b5f17d49e85f9b3a293,gx-no-cache=1630613212652 HTTP/1.1" 200 447
190.171.153.26 - - [02/Sep/2021:17:17:21 -0300] "POST /cormun/servlet/hlogin?d55b6d3b85430b5f17d49e85f9b3a293,gx-no-cache=1630613212909 HTTP/1.1" 200 447
190.171.153.26 - - [02/Sep/2021:17:17:21 -0300] "POST /cormun/servlet/hlogin?d55b6d3b85430b5f17d49e85f9b3a293,gx-no-cache=1630613213126 HTTP/1.1" 200 447
190.171.153.26 - - [02/Sep/2021:17:17:34 -0300] "POST /cormun/servlet/hlogin?d55b6d3b85430b5f17d49e85f9b3a293,gx-no-cache=1630613225780 HTTP/1.1" 200 448
190.171.141.90 - - [02/Sep/2021:17:18:00 -0300] "POST /cormun/servlet/solicitudot?gx-no-cache=1630613250700 HTTP/1.1" 200 1442
190.171.141.90 - - [02/Sep/2021:17:18:00 -0300] "GET /cormun/static/menuarrow.gif HTTP/1.1" 404 1015
190.171.141.90 - - [02/Sep/2021:17:18:25 -0300] "POST /cormun/servlet/solicitudot?gx-no-cache=1630613276028 HTTP/1.1" 200 40
190.171.141.90 - - [02/Sep/2021:17:18:40 -0300] "GET /cormun/servlet/solicitudot?b975e59697080bb95d32c1774b7d337f14e8bfddb9cce265f04a72695e2b79be2f022078b3a385f9841a914667d6991e0fa5d348207d8967e4b0e8b0c2c9b2e7c30bb59c1408215186ad9fe8ecd827fa7d065bb022ab6e945e83e2527a63848c2ea0dbd4973bba4e91b8245aa471aede,gx-no-cache=1630613291253 HTTP/1.1" 200 110
190.171.153.26 - - [02/Sep/2021:17:19:09 -0300] "POST /cormun/servlet/hlogin?d55b6d3b85430b5f17d49e85f9b3a293,gx-no-cache=1630613321005 HTTP/1.1" 200 448
190.171.141.90 - - [02/Sep/2021:17:19:22 -0300] "POST /cormun/servlet/solicitudot?gx-no-cache=1630613332960 HTTP/1.1" 200 110
190.171.153.26 - - [02/Sep/2021:17:19:40 -0300] "POST /cormun/servlet/hlogin?d55b6d3b85430b5f17d49e85f9b3a293,gx-no-cache=1630613352078 HTTP/1.1" 200 450
190.171.153.26 - - [02/Sep/2021:17:19:42 -0300] "POST /cormun/servlet/hlogin?d55b6d3b85430b5f17d49e85f9b3a293,gx-no-cache=1630613354495 HTTP/1.1" 200 448
190.171.153.26 - - [02/Sep/2021:17:19:44 -0300] "POST /cormun/servlet/hlogin?d55b6d3b85430b5f17d49e85f9b3a293,gx-no-cache=1630613355888 HTTP/1.1" 200 448
190.171.153.26 - - [02/Sep/2021:17:19:44 -0300] "POST /cormun/servlet/hlogin?d55b6d3b85430b5f17d49e85f9b3a293,gx-no-cache=1630613356186 HTTP/1.1" 200 448
40.77.167.32 - - [02/Sep/2021:17:19:45 -0300] "GET /cormun/servlet/trsolicitudot?_escaped_fragment_= HTTP/1.1" 200 7621
190.171.141.90 - - [02/Sep/2021:17:19:48 -0300] "GET /cormun/servlet/solicitudot?b975e59697080bb95d32c1774b7d337f4d6eacdd63c0cf4a46b570b5ae8916cced11f06577e2fc71a3d225189eba59b668c3db43ae56c2255bfdc9549d03ec5a530c41e092713f30323a53bce021cf64f3781d288843f33de5144aa9bddff05a0fda3bb04cf0351d4570506a44da00c1,gx-no-cache=1630613358749 HTTP/1.1" 200 29
190.171.141.90 - - [02/Sep/2021:17:19:53 -0300] "GET /cormun/servlet/solicitudot?b975e59697080bb95d32c1774b7d337f3434e058bf3190c662462857f45f0fc6131d3d356d1f66ad1faba37fb629588c,gx-no-cache=1630613364110 HTTP/1.1" 200 30
190.171.141.90 - - [02/Sep/2021:17:19:53 -0300] "POST /cormun/servlet/solicitudot?gx-no-cache=1630613364231 HTTP/1.1" 200 34
207.46.13.78 - - [02/Sep/2021:17:19:55 -0300] "GET /cormun/static/gxcfg.js?201991910464971 HTTP/1.1" 200 953
40.77.167.29 - - [02/Sep/2021:17:19:59 -0300] "GET /cormun/servlet/trsolicitudot HTTP/1.1" 200 7768
190.171.153.26 - - [02/Sep/2021:17:20:01 -0300] "POST /cormun/servlet/hlogin?d55b6d3b85430b5f17d49e85f9b3a293,gx-no-cache=1630613372854 HTTP/1.1" 200 450
157.55.39.41 - - [02/Sep/2021:17:20:01 -0300] "GET /cormun/static/Shared/ext/resources/css/ext-all.css?205870 HTTP/1.1" 200 416045
190.171.153.26 - - [02/Sep/2021:17:20:02 -0300] "POST /cormun/servlet/hlogin?d55b6d3b85430b5f17d49e85f9b3a293,gx-no-cache=1630613374125 HTTP/1.1" 200 448
190.171.153.26 - - [02/Sep/2021:17:20:02 -0300] "POST /cormun/servlet/hlogin?d55b6d3b85430b5f17d49e85f9b3a293,gx-no-cache=1630613374354 HTTP/1.1" 200 448
190.171.153.26 - - [02/Sep/2021:17:20:03 -0300] "POST /cormun/servlet/hlogin?d55b6d3b85430b5f17d49e85f9b3a293,gx-no-cache=1630613375630 HTTP/1.1" 200 448
190.171.153.26 - - [02/Sep/2021:17:20:03 -0300] "POST /cormun/servlet/hlogin?d55b6d3b85430b5f17d49e85f9b3a293,gx-no-cache=1630613375838 HTTP/1.1" 200 448
190.171.153.26 - - [02/Sep/2021:17:20:04 -0300] "POST /cormun/servlet/hlogin?d55b6d3b85430b5f17d49e85f9b3a293,gx-no-cache=1630613376041 HTTP/1.1" 200 448
157.55.39.138 - - [02/Sep/2021:17:20:04 -0300] "GET /cormun/static/calendar-system.css?75620 HTTP/1.1" 200 5572
40.77.167.29 - - [02/Sep/2021:17:20:10 -0300] "GET /cormun/static/gxui/gxui-all.css?110300 HTTP/1.1" 200 2179
40.77.167.29 - - [02/Sep/2021:17:20:10 -0300] "GET /cormun/static/trsolicitudot.js?201991910465845 HTTP/1.1" 200 54041
190.171.153.26 - - [02/Sep/2021:17:20:30 -0300] "POST /cormun/servlet/hlogin?d55b6d3b85430b5f17d49e85f9b3a293,gx-no-cache=1630613402373 HTTP/1.1" 200 448
190.171.153.26 - - [02/Sep/2021:17:20:31 -0300] "POST /cormun/servlet/hlogin?d55b6d3b85430b5f17d49e85f9b3a293,gx-no-cache=1630613403604 HTTP/1.1" 200 447
190.171.153.26 - - [02/Sep/2021:17:20:32 -0300] "POST /cormun/servlet/hlogin?d55b6d3b85430b5f17d49e85f9b3a293,gx-no-cache=1630613403821 HTTP/1.1" 200 447
190.171.141.90 - - [02/Sep/2021:17:21:07 -0300] "GET /cormun/servlet/solicitudot?b975e59697080bb95d32c1774b7d337f3434e058bf3190c662462857f45f0fc68c000647696c0048704aaaa4411c8e8d,gx-no-cache=1630613437842 HTTP/1.1" 200 30
190.171.141.90 - - [02/Sep/2021:17:21:07 -0300] "POST /cormun/servlet/solicitudot?gx-no-cache=1630613437976 HTTP/1.1" 200 34
190.171.141.90 - - [02/Sep/2021:17:21:07 -0300] "POST /cormun/servlet/solicitudot?5db222b5bc9df413ee313b59d97bea76,INS,0,0,false,,gx-no-cache=1630613438002 HTTP/1.1" 200 93
190.171.141.90 - - [02/Sep/2021:17:21:07 -0300] "GET /cormun/servlet/hpexe_return? HTTP/1.1" 200 1009
190.171.141.90 - - [02/Sep/2021:17:21:07 -0300] "GET /cormun/servlet/trsolicitudot HTTP/1.1" 200 8602
190.171.141.90 - - [02/Sep/2021:17:21:08 -0300] "GET /cormun//static/Resources/PXToolsActionView.png HTTP/1.1" 200 398
190.171.141.90 - - [02/Sep/2021:17:21:08 -0300] "GET /cormun//static/Resources/PXToolsRemoveAllAction.png HTTP/1.1" 200 487
190.171.141.90 - - [02/Sep/2021:17:21:08 -0300] "GET /cormun/servlet/trsolicitudot HTTP/1.1" 200 8598
190.171.141.90 - - [02/Sep/2021:17:21:29 -0300] "POST /cormun/servlet/trsolicitudot?5db222b5bc9df413ee313b59d97bea76,gx-no-cache=1630613460245 HTTP/1.1" 200 107
190.171.141.90 - - [02/Sep/2021:17:21:29 -0300] "GET /cormun/servlet/trsolicitudadjuntos?2021,17478, HTTP/1.1" 200 6076
190.171.141.90 - - [02/Sep/2021:17:21:29 -0300] "GET /cormun/static/gxcfg.js?20201215574222 HTTP/1.1" 200 953
190.171.141.90 - - [02/Sep/2021:17:21:29 -0300] "GET /cormun/static/Resources/PXToolsGridNew.png HTTP/1.1" 200 427
190.171.141.90 - - [02/Sep/2021:17:21:29 -0300] "GET /cormun/static/trsolicitudadjuntos.js?20201215574932 HTTP/1.1" 200 17922
190.171.141.90 - - [02/Sep/2021:17:21:29 -0300] "GET /cormun/servlet/trsolicitudadjuntos?2021,17478, HTTP/1.1" 200 6076
190.171.141.90 - - [02/Sep/2021:17:21:32 -0300] "GET /cormun/servlet/solicitudotadjuntos?INS,2021,17478,,1, HTTP/1.1" 200 6023
190.171.141.90 - - [02/Sep/2021:17:21:32 -0300] "GET /cormun/static/gxcfg.js?202012157947 HTTP/1.1" 200 953
190.171.141.90 - - [02/Sep/2021:17:21:32 -0300] "GET /cormun/static/solicitudotadjuntos.js?202012157966 HTTP/1.1" 200 11771
190.171.141.90 - - [02/Sep/2021:17:21:32 -0300] "GET /cormun/static/about:blank HTTP/1.1" 404 1011
190.171.141.90 - - [02/Sep/2021:17:21:32 -0300] "GET /cormun/servlet/solicitudotadjuntos?INS,2021,17478,,1, HTTP/1.1" 200 6016
190.171.141.90 - - [02/Sep/2021:17:21:33 -0300] "GET /cormun/servlet/solicitudotadjuntos?b975e59697080bb95d32c1774b7d337f30cdb55f48d862800f0fd77acbb9a4817d80386ea0fac82d1dd676363b2b04a4,gx-no-cache=1630613464164 HTTP/1.1" 200 30
190.171.141.90 - - [02/Sep/2021:17:21:33 -0300] "POST /cormun/servlet/solicitudotadjuntos?5db222b5bc9df413ee313b59d97bea76,INS,2021,17478,,1,,gx-no-cache=1630613464202 HTTP/1.1" 200 3868
190.171.141.90 - - [02/Sep/2021:17:23:32 -0300] "POST /cormun/servlet/solicitudotadjuntos?gx-no-cache=1630613583272 HTTP/1.1" 200 26
190.171.141.90 - - [02/Sep/2021:17:23:45 -0300] "GET /cormun/servlet/solicitudotadjuntos?b975e59697080bb95d32c1774b7d337fbf4aa47639dd235bdcf7073af65ca6a2,gx-no-cache=1630613596651 HTTP/1.1" 200 30
190.171.141.90 - - [02/Sep/2021:17:23:45 -0300] "GET /cormun/servlet/solicitudotadjuntos?b975e59697080bb95d32c1774b7d337fbf4aa47639dd235bdcf7073af65ca6a2,gx-no-cache=1630613596666 HTTP/1.1" 200 30
190.171.141.90 - - [02/Sep/2021:17:23:46 -0300] "POST /cormun/servlet/solicitudotadjuntos?5db222b5bc9df413ee313b59d97bea76,INS,2021,17478,,1, HTTP/1.1" 200 116
190.171.141.90 - - [02/Sep/2021:17:23:46 -0300] "GET /cormun/servlet/hpexe_return? HTTP/1.1" 200 1027
190.171.141.90 - - [02/Sep/2021:17:23:46 -0300] "GET /cormun/servlet/trsolicitudadjuntos?2021,17478, HTTP/1.1" 200 8845
190.171.141.90 - - [02/Sep/2021:17:23:46 -0300] "GET /cormun/servlet/trsolicitudadjuntos?2021,17478, HTTP/1.1" 200 8841
190.171.141.90 - - [02/Sep/2021:17:23:50 -0300] "GET /cormun/servlet/solicitudotadjuntos?INS,2021,17478,,1, HTTP/1.1" 200 6023
190.171.141.90 - - [02/Sep/2021:17:23:50 -0300] "GET /cormun/static/about:blank HTTP/1.1" 404 1011
190.171.141.90 - - [02/Sep/2021:17:23:50 -0300] "GET /cormun/servlet/solicitudotadjuntos?INS,2021,17478,,1, HTTP/1.1" 200 6016
190.171.141.90 - - [02/Sep/2021:17:23:51 -0300] "GET /cormun/servlet/solicitudotadjuntos?b975e59697080bb95d32c1774b7d337f30cdb55f48d862800f0fd77acbb9a4817d80386ea0fac82d1dd676363b2b04a4,gx-no-cache=1630613602097 HTTP/1.1" 200 30
190.171.141.90 - - [02/Sep/2021:17:23:51 -0300] "POST /cormun/servlet/solicitudotadjuntos?5db222b5bc9df413ee313b59d97bea76,INS,2021,17478,,1,,gx-no-cache=1630613602120 HTTP/1.1" 200 3867
190.171.141.90 - - [02/Sep/2021:17:25:39 -0300] "POST /cormun/servlet/solicitudotadjuntos?gx-no-cache=1630613709868 HTTP/1.1" 200 26
190.171.141.90 - - [02/Sep/2021:17:26:17 -0300] "GET /cormun/servlet/solicitudotadjuntos?b975e59697080bb95d32c1774b7d337fbf4aa47639dd235bdcf7073af65ca6a2,gx-no-cache=1630613748643 HTTP/1.1" 200 30
190.171.141.90 - - [02/Sep/2021:17:26:17 -0300] "GET /cormun/servlet/solicitudotadjuntos?b975e59697080bb95d32c1774b7d337fbf4aa47639dd235bdcf7073af65ca6a2,gx-no-cache=1630613748662 HTTP/1.1" 200 30
190.171.141.90 - - [02/Sep/2021:17:26:18 -0300] "POST /cormun/servlet/solicitudotadjuntos?5db222b5bc9df413ee313b59d97bea76,INS,2021,17478,,1, HTTP/1.1" 200 116
190.171.141.90 - - [02/Sep/2021:17:26:18 -0300] "GET /cormun/servlet/hpexe_return? HTTP/1.1" 200 1027
190.171.141.90 - - [02/Sep/2021:17:26:18 -0300] "GET /cormun/servlet/trsolicitudadjuntos?2021,17478, HTTP/1.1" 200 9088
190.171.141.90 - - [02/Sep/2021:17:26:18 -0300] "GET /cormun/servlet/trsolicitudadjuntos?2021,17478, HTTP/1.1" 200 9087
190.171.141.90 - - [02/Sep/2021:17:26:21 -0300] "GET /cormun/servlet/solicitudotadjuntos?INS,2021,17478,,1, HTTP/1.1" 200 6024
190.171.141.90 - - [02/Sep/2021:17:26:21 -0300] "GET /cormun/static/about:blank HTTP/1.1" 404 1011
190.171.141.90 - - [02/Sep/2021:17:26:21 -0300] "GET /cormun/servlet/solicitudotadjuntos?INS,2021,17478,,1, HTTP/1.1" 200 6017
190.171.141.90 - - [02/Sep/2021:17:26:21 -0300] "GET /cormun/servlet/solicitudotadjuntos?b975e59697080bb95d32c1774b7d337f30cdb55f48d862800f0fd77acbb9a4817d80386ea0fac82d1dd676363b2b04a4,gx-no-cache=1630613752732 HTTP/1.1" 200 30
190.171.141.90 - - [02/Sep/2021:17:26:22 -0300] "POST /cormun/servlet/solicitudotadjuntos?5db222b5bc9df413ee313b59d97bea76,INS,2021,17478,,1,,gx-no-cache=1630613752750 HTTP/1.1" 200 3868
190.171.141.90 - - [02/Sep/2021:17:26:25 -0300] "POST /cormun/servlet/solicitudotadjuntos?gx-no-cache=1630613756603 HTTP/1.1" 200 26
103.80.82.37 - - [02/Sep/2021:17:27:06 -0300] "GET / HTTP/1.1" 200 11217
