192.168.10.94 - - [26/Aug/2021:11:34:59 -0300] "GET /cormun/servlet/vesolicitudgral?2021,17350,,SolicitudOTAdjuntos HTTP/1.1" 200 11671
192.168.10.94 - - [26/Aug/2021:11:35:00 -0300] "POST /cormun/servlet/acontrolpreferencessavestate?None,ABARRERA,true HTTP/1.1" 200 35
192.168.10.94 - - [26/Aug/2021:11:35:08 -0300] "GET /cormun/servlet/vesolicitudgral?2021,17350,,SolicitudOTAdjuntos HTTP/1.1" 200 11663
192.168.10.94 - - [26/Aug/2021:11:35:09 -0300] "GET /cormun/servlet/vesolicitudgral?2021,17350,,SolicitudOTAdjuntos HTTP/1.1" 200 11671
192.168.10.94 - - [26/Aug/2021:11:35:10 -0300] "POST /cormun/servlet/acontrolpreferencessavestate?None,ABARRERA,true HTTP/1.1" 200 35
186.103.156.166 - - [26/Aug/2021:11:35:11 -0300] "GET /cormun/servlet/prfichaempleado?,MD,,gxPopupLevel%3D0%3B HTTP/1.1" 200 9190
192.168.10.94 - - [26/Aug/2021:11:35:14 -0300] "GET /cormun/PublicTempStorage/curriculum_jenifer_aranguiz1175888.pdf HTTP/1.1" 200 305070
190.171.141.122 - - [26/Aug/2021:11:35:20 -0300] "GET /cormun/servlet/solicitudot?INS,0,0,false, HTTP/1.1" 200 15773
186.103.156.166 - - [26/Aug/2021:11:35:20 -0300] "POST /cormun/servlet/prfichaempleado?93330fac729d65deb53f6e39653d818a,,MD,,gxPopupLevel%3D0%3B,gx-no-cache=1629987892209 HTTP/1.1" 200 4145
190.171.141.122 - - [26/Aug/2021:11:35:21 -0300] "GET /cormun/servlet/solicitudot?INS,0,0,false, HTTP/1.1" 200 15781
190.171.141.122 - - [26/Aug/2021:11:35:29 -0300] "POST /cormun/servlet/solicitudot?gx-no-cache=1629987903384 HTTP/1.1" 200 3708
190.171.141.122 - - [26/Aug/2021:11:35:30 -0300] "POST /cormun/servlet/solicitudot?c260761149faa23e5abde265a872a07b,INS,0,0,false,,gx-no-cache=1629987903564 HTTP/1.1" 200 12498
186.103.156.166 - - [26/Aug/2021:11:35:31 -0300] "POST /cormun/servlet/solicitudot?gx-no-cache=1629987902462 HTTP/1.1" 200 3831
186.103.156.166 - - [26/Aug/2021:11:35:31 -0300] "POST /cormun/servlet/solicitudot?93330fac729d65deb53f6e39653d818a,INS,0,0,false,,gx-no-cache=1629987903151 HTTP/1.1" 200 12600
186.103.156.166 - - [26/Aug/2021:11:35:32 -0300] "GET /cormun/servlet/solicitudot?93b12760690a507ead279d3d4c438dc0610e1cd3f8c52aa478b27eb598a5aef1af1dce38e555bc97cc42eb7c7644166e,gx-no-cache=1629987904320 HTTP/1.1" 200 30
190.171.141.122 - - [26/Aug/2021:11:35:33 -0300] "GET /cormun/servlet/solicitudot?25d437eea410db44957a6599fdaa7c4403bf7c4f6f9324975fce154702d65ebc51d5114997a506fff515013ca968bacd,gx-no-cache=1629987906988 HTTP/1.1" 200 30
186.103.156.166 - - [26/Aug/2021:11:35:37 -0300] "GET /cormun/servlet/solicitudot?93b12760690a507ead279d3d4c438dc05614853032dc3a3f5ac7b26203dc3ccc063b5341d0a51672769aec042c2f59efcccbe09ba20bcf1f788c13692b241641,gx-no-cache=1629987909317 HTTP/1.1" 200 30
186.103.156.166 - - [26/Aug/2021:11:35:37 -0300] "GET /cormun/servlet/solicitudot?93b12760690a507ead279d3d4c438dc01c8b03dd4b9f2493b63f4a943b94e653,gx-no-cache=1629987909357 HTTP/1.1" 200 53
186.103.156.166 - - [26/Aug/2021:11:35:37 -0300] "POST /cormun/servlet/solicitudot?gx-no-cache=1629987909411 HTTP/1.1" 200 240
186.103.156.166 - - [26/Aug/2021:11:35:37 -0300] "GET /cormun/servlet/solicitudot?93b12760690a507ead279d3d4c438dc0e7102213b80ca4df410da1de6eb9450c83bb3697161b0f742e8cba1872155c0c78e306849d5d5c4cc1354bce7dfb50f9e19901749142c62b9e92bf4e0825871641afea3e5a593c8280588d62dfafb0a598ef29fff2c11a577dc06ee2e660724155d8e62d26d4cb5c05bb719cc21889b2cec13762a0989e608b6de2090eaf61c8e8fbaf7d4eb3f4cdf7dcfc69371e48e1a2c4f40ef97d3601d06b6cea8fb76bbe86e871f8743a8aea7519041662d101fb6a3fad1f1f87400446b90d71e5f10fa1f6a56cd09f7a30c10f7164b7823c5007e6b78cda4667cfcb6ed83758dacb2c1b67845fac3bdcc3978a60df02dea76aa8ea2e41582785799e2bfdd1abc55c78e8b34fc536fb5d0f28f00edc7ccc3870a3061b8a504b54739078e29cbcf60697f7b5c90350fda83eaf4a9660339855a2b369c45856f63e1f16d7aa3a17219fb51af96a16f7d5dcb7c08f135db408119b1db96b264d7f27d21695e085170d2496cfd30fe96c9d010a4f706d6a9c4c2907fc,gx-no-cache=1629987909465 HTTP/1.1" 200 30
186.103.156.166 - - [26/Aug/2021:11:35:40 -0300] "POST /cormun/servlet/solicitudot?gx-no-cache=1629987911909 HTTP/1.1" 200 30
186.103.156.166 - - [26/Aug/2021:11:35:42 -0300] "GET /cormun/servlet/prcontratosol?15112808,,,,,MD,,gxPopupLevel%3D0%3B HTTP/1.1" 200 8510
186.103.156.166 - - [26/Aug/2021:11:35:54 -0300] "POST /cormun/servlet/solicitudot?gx-no-cache=1629987925572 HTTP/1.1" 200 1522
186.103.156.166 - - [26/Aug/2021:11:35:54 -0300] "GET /cormun/static/Shared/jqueryui/images/ui-bg_highlight-soft_100_c6c2c8_1x100.png HTTP/1.1" 404 1117
186.103.156.166 - - [26/Aug/2021:11:35:54 -0300] "GET /cormun/static/Shared/jqueryui/images/ui-icons_82798d_256x240.png HTTP/1.1" 404 1089
186.103.156.166 - - [26/Aug/2021:11:35:54 -0300] "GET /cormun/static/Shared/jqueryui/images/ui-bg_flat_55_994d53_40x100.png HTTP/1.1" 404 1097
186.103.156.166 - - [26/Aug/2021:11:35:54 -0300] "GET /cormun/static/Shared/jqueryui/images/ui-icons_ebccce_256x240.png HTTP/1.1" 404 1089
186.103.156.166 - - [26/Aug/2021:11:35:54 -0300] "POST /cormun/servlet/solicitudot?gx-no-cache=1629987925780 HTTP/1.1" 200 117
186.103.156.166 - - [26/Aug/2021:11:35:54 -0300] "GET /cormun/servlet/solicitudot?93b12760690a507ead279d3d4c438dc04d7286eea7273bb195a392540c74ac73fe03b9b899b6c59289510531777f8683e2495f9d33c0666003a64da6349c819a4690c37cbeb303098695287b77ed89212100a6c2c71426137063e280efe9cc812d0eabb237b76d05f39675947012e844,gx-no-cache=1629987925835 HTTP/1.1" 200 110
186.103.156.166 - - [26/Aug/2021:11:35:54 -0300] "POST /cormun/servlet/solicitudot?gx-no-cache=1629987925892 HTTP/1.1" 200 64
186.103.156.166 - - [26/Aug/2021:11:35:54 -0300] "GET /cormun/servlet/solicitudot?93b12760690a507ead279d3d4c438dc0713ba1bb5e4697b487eae72d68b8a346bbeb77275c454389e28db968d3294fc21168b62c349e17548b45bc8e1846cc99614da9e15c4933bc18383b884f5da8b3abda8cac076263e3cb2b96bac75c1b31d950b3ccd1e71022a3eb41a0f8dbfef1095222d86548edc4f44f12aa00255337137239a2cb8851a8887a02733a96314cdbdcbb682ba47e3304ed43056e818ba0,gx-no-cache=1629987925977 HTTP/1.1" 200 29
186.103.156.166 - - [26/Aug/2021:11:35:54 -0300] "GET /cormun/servlet/solicitudot?93b12760690a507ead279d3d4c438dc091ffcba3c3444b512f2846106cc4a34b9ae67c8c03ae9e6ea604a6c88495536a,gx-no-cache=1629987926052 HTTP/1.1" 200 134
186.103.156.166 - - [26/Aug/2021:11:36:01 -0300] "GET /cormun/servlet/prfichaempleado?,MD,,gxPopupLevel%3D0%3B HTTP/1.1" 200 9190
186.103.156.166 - - [26/Aug/2021:11:36:10 -0300] "POST /cormun/servlet/prfichaempleado?93330fac729d65deb53f6e39653d818a,,MD,,gxPopupLevel%3D0%3B,gx-no-cache=1629987941944 HTTP/1.1" 200 3778
192.168.10.94 - - [26/Aug/2021:11:36:13 -0300] "GET /cormun/servlet/vesolicitudgral?2021,17350,,SolicitudOTAdjuntos HTTP/1.1" 200 11668
192.168.10.94 - - [26/Aug/2021:11:36:13 -0300] "GET /cormun/servlet/vesolicitudgral?2021,17350,,SolicitudOTAdjuntos HTTP/1.1" 200 11668
192.168.10.94 - - [26/Aug/2021:11:36:14 -0300] "POST /cormun/servlet/acontrolpreferencessavestate?None,ABARRERA,true HTTP/1.1" 200 35
192.168.10.163 - - [26/Aug/2021:11:36:15 -0300] "GET /cormun/servlet/trsolicitudgral? HTTP/1.1" 200 8260
192.168.10.163 - - [26/Aug/2021:11:36:15 -0300] "GET /cormun/servlet/trsolicitudgral? HTTP/1.1" 200 8260
186.103.156.166 - - [26/Aug/2021:11:36:21 -0300] "GET /cormun/servlet/prlicenciaspermisos?13096770,L,,MD,,gxPopupLevel%3D0%3B HTTP/1.1" 200 5523
192.168.10.163 - - [26/Aug/2021:11:36:23 -0300] "POST /cormun/servlet/trsolicitudgral?f7706565edc7f3db79435ee27ff85033,,gx-no-cache=1629987819238 HTTP/1.1" 200 22805
192.168.10.94 - - [26/Aug/2021:11:36:26 -0300] "GET /cormun/PublicTempStorage/certificado_titulo_jenifer_aranguiz8656672.pdf HTTP/1.1" 200 35389
186.103.156.166 - - [26/Aug/2021:11:36:27 -0300] "POST /cormun/servlet/solicitudot?gx-no-cache=1629987959001 HTTP/1.1" 200 1440
186.103.156.166 - - [26/Aug/2021:11:36:31 -0300] "POST /cormun/servlet/solicitudot?gx-no-cache=1629987962580 HTTP/1.1" 200 40
186.103.156.166 - - [26/Aug/2021:11:36:31 -0300] "GET /cormun/servlet/solicitudot?93b12760690a507ead279d3d4c438dc04d7286eea7273bb195a392540c74ac73fe03b9b899b6c59289510531777f8683e2495f9d33c0666003a64da6349c819a4690c37cbeb303098695287b77ed89212100a6c2c71426137063e280efe9cc812d0eabb237b76d05f39675947012e844,gx-no-cache=1629987962748 HTTP/1.1" 200 110
186.103.156.166 - - [26/Aug/2021:11:36:31 -0300] "POST /cormun/servlet/solicitudot?gx-no-cache=1629987962832 HTTP/1.1" 200 97
192.168.10.163 - - [26/Aug/2021:11:36:36 -0300] "GET /cormun/servlet/vesolicitudgral?2021,17346,, HTTP/1.1" 200 8312
192.168.10.163 - - [26/Aug/2021:11:36:36 -0300] "GET /cormun/pexe_scrolldiv.js HTTP/1.1" 404 1009
192.168.10.163 - - [26/Aug/2021:11:36:36 -0300] "GET /cormun/pexe_scrolldiv.js HTTP/1.1" 404 1009
192.168.10.163 - - [26/Aug/2021:11:36:37 -0300] "GET /cormun/servlet/vesolicitudgral?2021,17346,, HTTP/1.1" 200 8312
186.103.156.166 - - [26/Aug/2021:11:36:38 -0300] "GET /cormun/servlet/solicitudot?93b12760690a507ead279d3d4c438dc0713ba1bb5e4697b487eae72d68b8a346bbeb77275c454389e28db968d3294fc24a7367f1e7e054cecb7195da9d74bab3614da9e15c4933bc18383b884f5da8b3abda8cac076263e3cb2b96bac75c1b31d950b3ccd1e71022a3eb41a0f8dbfef1095222d86548edc4f44f12aa00255337137239a2cb8851a8887a02733a96314cdbdcbb682ba47e3304ed43056e818ba0,gx-no-cache=1629987969882 HTTP/1.1" 200 29
192.168.10.163 - - [26/Aug/2021:11:36:40 -0300] "GET /cormun/servlet/vesolicitudgral?2021,17346,,SolicitudOTAdjuntos HTTP/1.1" 200 10716
192.168.10.163 - - [26/Aug/2021:11:36:40 -0300] "GET /cormun/pexe_scrolldiv.js HTTP/1.1" 404 1009
192.168.10.163 - - [26/Aug/2021:11:36:40 -0300] "GET /cormun/pexe_scrolldiv.js HTTP/1.1" 404 1009
192.168.10.163 - - [26/Aug/2021:11:36:40 -0300] "GET /cormun/servlet/vesolicitudgral?2021,17346,,SolicitudOTAdjuntos HTTP/1.1" 200 10714
192.168.10.163 - - [26/Aug/2021:11:36:41 -0300] "POST /cormun/servlet/acontrolpreferencessavestate?None,RRHH+DANIELA,true HTTP/1.1" 200 35
186.103.156.166 - - [26/Aug/2021:11:36:43 -0300] "GET /cormun/static/menuarrow.gif HTTP/1.1" 404 1015
192.168.10.163 - - [26/Aug/2021:11:36:44 -0300] "GET /cormun/servlet/vesolicitudgral?2021,17346,,General HTTP/1.1" 200 8316
192.168.10.163 - - [26/Aug/2021:11:36:44 -0300] "GET /cormun/pexe_scrolldiv.js HTTP/1.1" 404 1009
192.168.10.163 - - [26/Aug/2021:11:36:44 -0300] "GET /cormun/pexe_scrolldiv.js HTTP/1.1" 404 1009
192.168.10.163 - - [26/Aug/2021:11:36:44 -0300] "GET /cormun/servlet/vesolicitudgral?2021,17346,,General HTTP/1.1" 200 8316
192.168.10.163 - - [26/Aug/2021:11:36:47 -0300] "POST /cormun/servlet/vesolicitudgral?f7706565edc7f3db79435ee27ff85033,2021,17346,,General,gx-no-cache=1629987843312 HTTP/1.1" 200 11891
192.168.10.163 - - [26/Aug/2021:11:36:47 -0300] "GET /cormun/static/Shared/jqueryui/images/ui-icons_82798d_256x240.png HTTP/1.1" 404 1089
192.168.10.163 - - [26/Aug/2021:11:36:47 -0300] "GET /cormun/static/Shared/jqueryui/images/ui-bg_highlight-soft_100_c6c2c8_1x100.png HTTP/1.1" 404 1117
192.168.10.163 - - [26/Aug/2021:11:36:47 -0300] "GET /cormun/static/Shared/jqueryui/images/ui-bg_flat_55_fafafa_40x100.png HTTP/1.1" 404 1097
192.168.10.163 - - [26/Aug/2021:11:36:47 -0300] "GET /cormun/static/Shared/jqueryui/images/ui-icons_8d78a5_256x240.png HTTP/1.1" 404 1089
192.168.10.163 - - [26/Aug/2021:11:36:47 -0300] "POST /cormun/servlet/vesolicitudgral?f7706565edc7f3db79435ee27ff85033,2021,17346,,General,gx-no-cache=1629987843513 HTTP/1.1" 200 11824
192.168.10.163 - - [26/Aug/2021:11:36:47 -0300] "GET /cormun//static/Resources/PXToolsTabLastUnselected.png HTTP/1.1" 200 1297
192.168.10.163 - - [26/Aug/2021:11:36:49 -0300] "GET /cormun/servlet/trautorizarot? HTTP/1.1" 200 9540
192.168.10.163 - - [26/Aug/2021:11:36:49 -0300] "GET /cormun/servlet/trautorizarot? HTTP/1.1" 200 9532
192.168.10.163 - - [26/Aug/2021:11:36:52 -0300] "POST /cormun/servlet/trautorizarot?f7706565edc7f3db79435ee27ff85033,,gx-no-cache=1629987847850 HTTP/1.1" 200 5366
186.103.156.166 - - [26/Aug/2021:11:37:09 -0300] "GET /cormun/servlet/solicitudot?93b12760690a507ead279d3d4c438dc0bff2e4fbb53e8d39fa2000a1d056f2824c56e57940c45420bf763ff65476fb18,gx-no-cache=1629988000901 HTTP/1.1" 200 30
186.103.156.166 - - [26/Aug/2021:11:37:21 -0300] "POST /cormun/servlet/solicitudot?gx-no-cache=1629988012588 HTTP/1.1" 200 32
186.103.156.166 - - [26/Aug/2021:11:37:32 -0300] "GET /cormun/servlet/solicitudot?93b12760690a507ead279d3d4c438dc0bff2e4fbb53e8d39fa2000a1d056f282bd12e7ca62ebb53c8ea273fd16a3bde3,gx-no-cache=1629988023969 HTTP/1.1" 200 30
186.103.156.166 - - [26/Aug/2021:11:37:32 -0300] "POST /cormun/servlet/solicitudot?gx-no-cache=1629988024023 HTTP/1.1" 200 32
186.103.156.166 - - [26/Aug/2021:11:37:32 -0300] "POST /cormun/servlet/solicitudot?93330fac729d65deb53f6e39653d818a,INS,0,0,false,,gx-no-cache=1629988024092 HTTP/1.1" 200 93
186.103.156.166 - - [26/Aug/2021:11:37:32 -0300] "GET /cormun/servlet/hpexe_return? HTTP/1.1" 200 1012
186.103.156.166 - - [26/Aug/2021:11:37:33 -0300] "GET /cormun/servlet/trsolicitudot HTTP/1.1" 200 9702
186.103.156.166 - - [26/Aug/2021:11:37:34 -0300] "GET /cormun/servlet/trsolicitudot HTTP/1.1" 200 9697
186.103.156.166 - - [26/Aug/2021:11:37:39 -0300] "GET /cormun/servlet/solicitudot?INS,0,0,false, HTTP/1.1" 200 15727
186.103.156.166 - - [26/Aug/2021:11:37:41 -0300] "GET /cormun/servlet/solicitudot?INS,0,0,false, HTTP/1.1" 200 15734
190.171.141.122 - - [26/Aug/2021:11:37:46 -0300] "GET /cormun/servlet/prbanco?,MD,,gxPopupLevel%3D0%3B HTTP/1.1" 200 6493
190.171.141.122 - - [26/Aug/2021:11:37:49 -0300] "GET /cormun/servlet/solicitudot?25d437eea410db44957a6599fdaa7c44de5e356405a554d765458613e4796b6aa895a67ee0606f3e18180687808947c4331751e23a4db813672fbff2ad1692e1,gx-no-cache=1629988042998 HTTP/1.1" 200 30
190.171.141.122 - - [26/Aug/2021:11:37:50 -0300] "GET /cormun/servlet/solicitudot?25d437eea410db44957a6599fdaa7c448ef419e557966f968c45102f40829588,gx-no-cache=1629988044086 HTTP/1.1" 200 53
186.103.156.166 - - [26/Aug/2021:11:37:54 -0300] "GET /cormun/servlet/prfichaempleado?,MD,,gxPopupLevel%3D0%3B HTTP/1.1" 200 9190
190.171.141.122 - - [26/Aug/2021:11:38:01 -0300] "POST /cormun/servlet/solicitudot?gx-no-cache=1629988055488 HTTP/1.1" 200 297
190.171.141.122 - - [26/Aug/2021:11:38:01 -0300] "GET /cormun/servlet/solicitudot?25d437eea410db44957a6599fdaa7c44936f7af235505464c9795eec19f06458666766189f459f3003d9de50e705becdf78a8f1e3c66d7fe2ee84b1329b5d99424a13dbcce61d7217b1bd208c1d49220dda1bb5def44152436433ef3605c7fd8f8a995ba177917ae8facd8193de326024899c2d0e50bc01b2c5959391449e379d1f714a9e5205cd4ce4699fe512191445a26bf2c68d7f03d5577800d9c4972fc0b978ea75694ddfab0dd9c12e81923755b17f23fe0417f347252b2d8d1a8e041fb44e599d9527d6177190b40e7ecb0c57b30cccf4294e667ecc5dcbdcd40d5f93258c9b559e5257ef20e4c74aea6ba9a8c13420f07fb4b515f699c2385cf3176dbda2eb187dc4ee114de7813f2a549c9d12e7546b08b904a4560d624f902a68ff64789f883cd383ca07876aaa4289a0a3bdce670421f4b1ac0f92db692581813644a399006b3e2291c96d38ee9b06fc2b5efc14f775ddb637ed7f9b9e02fe55d16b3abaaa261861a812b96b855da9b8996fb9757c42a00cea9fcb9295aca65a353c1b51c1d2982964e88794852215191,gx-no-cache=1629988055563 HTTP/1.1" 200 30
186.103.156.166 - - [26/Aug/2021:11:38:02 -0300] "POST /cormun/servlet/prfichaempleado?93330fac729d65deb53f6e39653d818a,,MD,,gxPopupLevel%3D0%3B,gx-no-cache=1629988053468 HTTP/1.1" 200 5709
190.171.141.122 - - [26/Aug/2021:11:38:03 -0300] "POST /cormun/servlet/solicitudot?gx-no-cache=1629988056799 HTTP/1.1" 200 30
190.171.141.122 - - [26/Aug/2021:11:38:04 -0300] "POST /cormun/servlet/solicitudot?gx-no-cache=1629988058060 HTTP/1.1" 200 1438
190.171.141.122 - - [26/Aug/2021:11:38:04 -0300] "POST /cormun/servlet/solicitudot?gx-no-cache=1629988058110 HTTP/1.1" 200 38
190.171.141.122 - - [26/Aug/2021:11:38:11 -0300] "GET /cormun/servlet/solicitudot?25d437eea410db44957a6599fdaa7c442cd911ce492d51d380a89edc362e8b06c0e3ee0825ba5d55029c0f7b75f7f8bf68231f73e761d5e01b375a11dfb8a9bdc51ee9fdd1de157e143e938ad7442b9f5e0dc0f356dbb401e5aa83c1f80d5eab7876ea2558efd927436e22fff192161f,gx-no-cache=1629988064524 HTTP/1.1" 200 110
186.103.156.166 - - [26/Aug/2021:11:38:11 -0300] "POST /cormun/servlet/solicitudot?gx-no-cache=1629988062944 HTTP/1.1" 200 3847
186.103.156.166 - - [26/Aug/2021:11:38:12 -0300] "POST /cormun/servlet/solicitudot?93330fac729d65deb53f6e39653d818a,INS,0,0,false,,gx-no-cache=1629988063514 HTTP/1.1" 200 12638
186.103.156.166 - - [26/Aug/2021:11:38:12 -0300] "GET /cormun/servlet/solicitudot?93b12760690a507ead279d3d4c438dc078e58fbe3a3f431fc8635ba32323902caf1dce38e555bc97cc42eb7c7644166e,gx-no-cache=1629988063974 HTTP/1.1" 200 30
190.171.141.122 - - [26/Aug/2021:11:38:14 -0300] "POST /cormun/servlet/solicitudot?gx-no-cache=1629988068011 HTTP/1.1" 200 79
186.103.156.166 - - [26/Aug/2021:11:38:14 -0300] "GET /cormun/servlet/solicitudot?93b12760690a507ead279d3d4c438dc0863b7a84a20b112d3d5afc801c2bc5c58b68e2c6d57ab5a5c53beb7f41dc4775d8f4cb3dffd3cc14c80049b2d65f3ab7,gx-no-cache=1629988066385 HTTP/1.1" 200 30
186.103.156.166 - - [26/Aug/2021:11:38:15 -0300] "GET /cormun/servlet/solicitudot?93b12760690a507ead279d3d4c438dc09248e100005651044dd077b756f13075,gx-no-cache=1629988066512 HTTP/1.1" 200 51
186.103.156.166 - - [26/Aug/2021:11:38:15 -0300] "POST /cormun/servlet/solicitudot?gx-no-cache=1629988066641 HTTP/1.1" 200 255
186.103.156.166 - - [26/Aug/2021:11:38:15 -0300] "GET /cormun/servlet/solicitudot?93b12760690a507ead279d3d4c438dc0e7102213b80ca4df410da1de6eb9450c0d1e8b7d5452f0946ffa89d6e2a21ccf78e306849d5d5c4cc1354bce7dfb50f9e19901749142c62b9e92bf4e0825871641afea3e5a593c8280588d62dfafb0a598ef29fff2c11a577dc06ee2e660724155d8e62d26d4cb5c05bb719cc21889b2cec13762a0989e608b6de2090eaf61c8e8fbaf7d4eb3f4cdf7dcfc69371e48e1a2c4f40ef97d3601d06b6cea8fb76bbe86e871f8743a8aea7519041662d101fb6a3fad1f1f87400446b90d71e5f10fa1f6a56cd09f7a30c10f7164b7823c5007e6b78cda4667cfcb6ed83758dacb2c1b67845fac3bdcc3978a60df02dea76aa8ea2e41582785799e2bfdd1abc55c78e8a68accef9d10ec6c7166272a6d100fd231fb2e03b2cdaf363f358338bd55317e3ab1c70cb027537c07ae0aa289bd9744dc5282030b6a7159c70e58dcd89d3c9b3e7fbbe4e11606ee5c81488182f1085e781a4cf91207dffff3a5358c26279f68af326f5f274b013fbaee0cb7b4c70787,gx-no-cache=1629988066812 HTTP/1.1" 200 30
186.103.156.166 - - [26/Aug/2021:11:38:18 -0300] "POST /cormun/servlet/solicitudot?gx-no-cache=1629988069680 HTTP/1.1" 200 30
190.171.141.122 - - [26/Aug/2021:11:38:18 -0300] "GET /cormun/servlet/solicitudot?25d437eea410db44957a6599fdaa7c440afae9ab240d00787017d68e6781f8c6d542bf597bd415cb413787f20af813953b2cfc1d853a88a5b3ccb761bba8f68ed67a7bd4e80f72215b3369d87d4619300aac77c768944b656c8b218734178ea36eb2b7bc61269b281b6e24abc60a2dac,gx-no-cache=1629988072494 HTTP/1.1" 200 29
190.171.141.122 - - [26/Aug/2021:11:38:18 -0300] "GET /cormun/static/menuarrow.gif HTTP/1.1" 404 1015
186.103.156.166 - - [26/Aug/2021:11:38:19 -0300] "GET /cormun/servlet/prcontratosol?13803850,,,,,MD,,gxPopupLevel%3D0%3B HTTP/1.1" 200 8444
190.171.141.122 - - [26/Aug/2021:11:38:21 -0300] "GET /cormun/servlet/solicitudot?25d437eea410db44957a6599fdaa7c44212fb9e071239d954b0793e6f588d7ac2ea2531ff6eac97072b68366c8e861b6,gx-no-cache=1629988074909 HTTP/1.1" 200 30
192.168.10.94 - - [26/Aug/2021:11:38:26 -0300] "GET /cormun/servlet/vesolicitudgral?2021,17350,,SolicitudOTAdjuntos HTTP/1.1" 200 11668
192.168.10.94 - - [26/Aug/2021:11:38:26 -0300] "GET /cormun/servlet/vesolicitudgral?2021,17350,,SolicitudOTAdjuntos HTTP/1.1" 200 11670
192.168.10.94 - - [26/Aug/2021:11:38:27 -0300] "POST /cormun/servlet/acontrolpreferencessavestate?None,ABARRERA,true HTTP/1.1" 200 35
190.171.141.122 - - [26/Aug/2021:11:38:31 -0300] "POST /cormun/servlet/solicitudot?gx-no-cache=1629988085064 HTTP/1.1" 200 30
192.168.10.94 - - [26/Aug/2021:11:38:31 -0300] "GET /cormun/PublicTempStorage/certificado_fonasa_jenifer_aranguiz9530896.pdf HTTP/1.1" 200 140474
190.171.141.122 - - [26/Aug/2021:11:38:31 -0300] "POST /cormun/servlet/solicitudot?c260761149faa23e5abde265a872a07b,INS,0,0,false,,gx-no-cache=1629988085089 HTTP/1.1" 200 93
190.171.141.122 - - [26/Aug/2021:11:38:31 -0300] "GET /cormun/servlet/hpexe_return? HTTP/1.1" 200 1013
190.171.141.122 - - [26/Aug/2021:11:38:32 -0300] "GET /cormun/static/gxcfg.js?201991422392976 HTTP/1.1" 200 953
190.171.141.122 - - [26/Aug/2021:11:38:32 -0300] "GET /cormun/static/hpexe_return.js?201991422392984 HTTP/1.1" 200 1633
190.171.141.122 - - [26/Aug/2021:11:38:32 -0300] "GET /cormun/servlet/trsolicitudot HTTP/1.1" 200 8850
190.171.141.122 - - [26/Aug/2021:11:38:32 -0300] "GET /cormun//static/Resources/PXToolsActionView.png HTTP/1.1" 200 398
190.171.141.122 - - [26/Aug/2021:11:38:32 -0300] "GET /cormun//static/Resources/PXToolsGridUpdate.png HTTP/1.1" 200 470
190.171.141.122 - - [26/Aug/2021:11:38:32 -0300] "GET /cormun//static/Resources/PXToolsGridDelete.png HTTP/1.1" 200 538
190.171.141.122 - - [26/Aug/2021:11:38:32 -0300] "GET /cormun//static/Resources/PXToolsRemoveAllAction.png HTTP/1.1" 200 487
190.171.141.122 - - [26/Aug/2021:11:38:32 -0300] "GET /cormun//static/Resources/PXTools/ActionInsert.png HTTP/1.1" 200 1482
190.171.141.122 - - [26/Aug/2021:11:38:32 -0300] "GET /cormun/servlet/trsolicitudot HTTP/1.1" 200 8845
186.103.156.166 - - [26/Aug/2021:11:38:41 -0300] "POST /cormun/servlet/solicitudot?gx-no-cache=1629988092928 HTTP/1.1" 200 1522
186.103.156.166 - - [26/Aug/2021:11:38:41 -0300] "GET /cormun/static/Shared/jqueryui/images/ui-bg_highlight-soft_100_c6c2c8_1x100.png HTTP/1.1" 404 1117
186.103.156.166 - - [26/Aug/2021:11:38:41 -0300] "GET /cormun/static/Shared/jqueryui/images/ui-icons_82798d_256x240.png HTTP/1.1" 404 1089
186.103.156.166 - - [26/Aug/2021:11:38:41 -0300] "GET /cormun/static/Shared/jqueryui/images/ui-bg_flat_55_994d53_40x100.png HTTP/1.1" 404 1097
186.103.156.166 - - [26/Aug/2021:11:38:41 -0300] "GET /cormun/static/Shared/jqueryui/images/ui-icons_ebccce_256x240.png HTTP/1.1" 404 1089
186.103.156.166 - - [26/Aug/2021:11:38:41 -0300] "POST /cormun/servlet/solicitudot?gx-no-cache=1629988093104 HTTP/1.1" 200 117
186.103.156.166 - - [26/Aug/2021:11:38:41 -0300] "GET /cormun/servlet/solicitudot?93b12760690a507ead279d3d4c438dc04d7286eea7273bb195a392540c74ac73fe03b9b899b6c59289510531777f8683e2495f9d33c0666003a64da6349c819a4690c37cbeb303098695287b77ed89212100a6c2c71426137063e280efe9cc812d0eabb237b76d05f39675947012e844,gx-no-cache=1629988093193 HTTP/1.1" 200 110
186.103.156.166 - - [26/Aug/2021:11:38:41 -0300] "POST /cormun/servlet/solicitudot?gx-no-cache=1629988093244 HTTP/1.1" 200 64
186.103.156.166 - - [26/Aug/2021:11:38:41 -0300] "GET /cormun/servlet/solicitudot?93b12760690a507ead279d3d4c438dc0713ba1bb5e4697b487eae72d68b8a346bbeb77275c454389e28db968d3294fc21168b62c349e17548b45bc8e1846cc99614da9e15c4933bc18383b884f5da8b3abda8cac076263e3cb2b96bac75c1b31d950b3ccd1e71022a3eb41a0f8dbfef1095222d86548edc4f44f12aa00255337137239a2cb8851a8887a02733a96314cdbdcbb682ba47e3304ed43056e818ba0,gx-no-cache=1629988093332 HTTP/1.1" 200 29
186.103.156.166 - - [26/Aug/2021:11:38:41 -0300] "GET /cormun/servlet/solicitudot?93b12760690a507ead279d3d4c438dc0c55c2b648c698d673ed983c654765f7b44702464279836e03e6598ea341a5bf0,gx-no-cache=1629988093400 HTTP/1.1" 200 134
190.171.141.122 - - [26/Aug/2021:11:38:50 -0300] "POST /cormun/servlet/trsolicitudot?c260761149faa23e5abde265a872a07b,gx-no-cache=1629988103755 HTTP/1.1" 200 107
190.171.141.122 - - [26/Aug/2021:11:38:50 -0300] "GET /cormun/servlet/trsolicitudadjuntos?2021,17446, HTTP/1.1" 200 6321
190.171.141.122 - - [26/Aug/2021:11:38:50 -0300] "GET /cormun/static/gxcfg.js?20201215574222 HTTP/1.1" 200 953
190.171.141.122 - - [26/Aug/2021:11:38:50 -0300] "GET /cormun/static/Resources/PXToolsGridNew.png HTTP/1.1" 200 427
190.171.141.122 - - [26/Aug/2021:11:38:50 -0300] "GET /cormun/static/trsolicitudadjuntos.js?20201215574932 HTTP/1.1" 200 17922
190.171.141.122 - - [26/Aug/2021:11:38:50 -0300] "GET /cormun/servlet/trsolicitudadjuntos?2021,17446, HTTP/1.1" 200 6321
190.171.141.122 - - [26/Aug/2021:11:38:52 -0300] "GET /cormun/servlet/solicitudotadjuntos?INS,2021,17446,,1, HTTP/1.1" 200 6269
190.171.141.122 - - [26/Aug/2021:11:38:52 -0300] "GET /cormun/static/gxcfg.js?202012157947 HTTP/1.1" 200 953
190.171.141.122 - - [26/Aug/2021:11:38:52 -0300] "GET /cormun/static/solicitudotadjuntos.js?202012157966 HTTP/1.1" 200 11771
190.171.141.122 - - [26/Aug/2021:11:38:52 -0300] "GET /cormun/static/about:blank HTTP/1.1" 404 1011
190.171.141.122 - - [26/Aug/2021:11:38:52 -0300] "GET /cormun/servlet/solicitudotadjuntos?INS,2021,17446,,1, HTTP/1.1" 200 6263
190.171.141.122 - - [26/Aug/2021:11:38:53 -0300] "GET /cormun/servlet/solicitudotadjuntos?25d437eea410db44957a6599fdaa7c44318cedb022c2c6b5f3f676554ab162f34503456d50faf12abf67ef7049854f9c,gx-no-cache=1629988106739 HTTP/1.1" 200 30
190.171.141.122 - - [26/Aug/2021:11:38:53 -0300] "POST /cormun/servlet/solicitudotadjuntos?c260761149faa23e5abde265a872a07b,INS,2021,17446,,1,,gx-no-cache=1629988106777 HTTP/1.1" 200 4155
190.171.141.122 - - [26/Aug/2021:11:38:54 -0300] "POST /cormun/servlet/solicitudotadjuntos?gx-no-cache=1629988108475 HTTP/1.1" 200 26
190.171.141.122 - - [26/Aug/2021:11:39:00 -0300] "GET /cormun/servlet/solicitudotadjuntos?25d437eea410db44957a6599fdaa7c44518e96a2d52106c0732406aab4f5fed4,gx-no-cache=1629988113774 HTTP/1.1" 200 30
190.171.141.122 - - [26/Aug/2021:11:39:00 -0300] "GET /cormun/servlet/solicitudotadjuntos?25d437eea410db44957a6599fdaa7c44518e96a2d52106c0732406aab4f5fed4,gx-no-cache=1629988113790 HTTP/1.1" 200 30
190.171.141.122 - - [26/Aug/2021:11:39:02 -0300] "POST /cormun/servlet/solicitudotadjuntos?c260761149faa23e5abde265a872a07b,INS,2021,17446,,1, HTTP/1.1" 200 116
190.171.141.122 - - [26/Aug/2021:11:39:02 -0300] "GET /cormun/servlet/hpexe_return? HTTP/1.1" 200 1030
190.171.141.122 - - [26/Aug/2021:11:39:03 -0300] "GET /cormun/servlet/trsolicitudadjuntos?2021,17446, HTTP/1.1" 200 9056
190.171.141.122 - - [26/Aug/2021:11:39:03 -0300] "GET /cormun/servlet/trsolicitudadjuntos?2021,17446, HTTP/1.1" 200 9054
190.171.141.122 - - [26/Aug/2021:11:39:04 -0300] "GET /cormun/servlet/solicitudotadjuntos?INS,2021,17446,,1, HTTP/1.1" 200 6269
190.171.141.122 - - [26/Aug/2021:11:39:05 -0300] "GET /cormun/static/about:blank HTTP/1.1" 404 1011
190.171.141.122 - - [26/Aug/2021:11:39:05 -0300] "GET /cormun/servlet/solicitudotadjuntos?INS,2021,17446,,1, HTTP/1.1" 200 6263
190.171.141.122 - - [26/Aug/2021:11:39:05 -0300] "GET /cormun/servlet/solicitudotadjuntos?25d437eea410db44957a6599fdaa7c44318cedb022c2c6b5f3f676554ab162f34503456d50faf12abf67ef7049854f9c,gx-no-cache=1629988119145 HTTP/1.1" 200 30
190.171.141.122 - - [26/Aug/2021:11:39:05 -0300] "POST /cormun/servlet/solicitudotadjuntos?c260761149faa23e5abde265a872a07b,INS,2021,17446,,1,,gx-no-cache=1629988119174 HTTP/1.1" 200 4155
190.171.141.122 - - [26/Aug/2021:11:39:07 -0300] "POST /cormun/servlet/solicitudotadjuntos?gx-no-cache=1629988120654 HTTP/1.1" 200 26
186.103.156.166 - - [26/Aug/2021:11:39:09 -0300] "GET /cormun/servlet/solicitudot?93b12760690a507ead279d3d4c438dc0713ba1bb5e4697b487eae72d68b8a346bbeb77275c454389e28db968d3294fc24a7367f1e7e054cecb7195da9d74bab3614da9e15c4933bc18383b884f5da8b3abda8cac076263e3cb2b96bac75c1b31d950b3ccd1e71022a3eb41a0f8dbfef1095222d86548edc4f44f12aa00255337137239a2cb8851a8887a02733a96314cdbdcbb682ba47e3304ed43056e818ba0,gx-no-cache=1629988120697 HTTP/1.1" 200 29
200.83.117.48 - - [26/Aug/2021:11:39:11 -0300] "GET /cormun/servlet/trpermisosgoce? HTTP/1.1" 200 6032
200.83.117.48 - - [26/Aug/2021:11:39:11 -0300] "GET /cormun/servlet/hlogin HTTP/1.1" 200 1752
200.83.117.48 - - [26/Aug/2021:11:39:11 -0300] "GET /cormun/servlet/trpermisosgoce? HTTP/1.1" 200 6032
200.83.117.48 - - [26/Aug/2021:11:39:11 -0300] "GET /cormun/servlet/trpermisosgoce? HTTP/1.1" 200 6032
190.171.141.122 - - [26/Aug/2021:11:39:12 -0300] "GET /cormun/servlet/solicitudotadjuntos?25d437eea410db44957a6599fdaa7c44518e96a2d52106c0732406aab4f5fed4,gx-no-cache=1629988125749 HTTP/1.1" 200 30
190.171.141.122 - - [26/Aug/2021:11:39:12 -0300] "GET /cormun/servlet/solicitudotadjuntos?25d437eea410db44957a6599fdaa7c44518e96a2d52106c0732406aab4f5fed4,gx-no-cache=1629988125810 HTTP/1.1" 200 30
190.171.141.122 - - [26/Aug/2021:11:39:13 -0300] "POST /cormun/servlet/solicitudotadjuntos?c260761149faa23e5abde265a872a07b,INS,2021,17446,,1, HTTP/1.1" 200 116
190.171.141.122 - - [26/Aug/2021:11:39:13 -0300] "GET /cormun/servlet/hpexe_return? HTTP/1.1" 200 1030
200.83.117.48 - - [26/Aug/2021:11:39:14 -0300] "GET /cormun/servlet/hlogin HTTP/1.1" 200 1752
200.83.117.48 - - [26/Aug/2021:11:39:14 -0300] "GET /favicon.ico HTTP/1.1" 200 21630
190.171.141.122 - - [26/Aug/2021:11:39:14 -0300] "GET /cormun/servlet/trsolicitudadjuntos?2021,17446, HTTP/1.1" 200 9294
190.171.141.122 - - [26/Aug/2021:11:39:15 -0300] "GET /cormun/servlet/trsolicitudadjuntos?2021,17446, HTTP/1.1" 200 9292
190.171.141.122 - - [26/Aug/2021:11:39:16 -0300] "GET /cormun/servlet/solicitudotadjuntos?INS,2021,17446,,1, HTTP/1.1" 200 6269
190.171.141.122 - - [26/Aug/2021:11:39:16 -0300] "GET /cormun/static/about:blank HTTP/1.1" 404 1011
192.168.10.94 - - [26/Aug/2021:11:39:16 -0300] "GET /cormun/servlet/vesolicitudgral?2021,17350,,SolicitudOTAdjuntos HTTP/1.1" 200 11666
190.171.141.122 - - [26/Aug/2021:11:39:16 -0300] "GET /cormun/servlet/solicitudotadjuntos?INS,2021,17446,,1, HTTP/1.1" 200 6263
190.171.141.122 - - [26/Aug/2021:11:39:17 -0300] "GET /cormun/servlet/solicitudotadjuntos?25d437eea410db44957a6599fdaa7c44318cedb022c2c6b5f3f676554ab162f34503456d50faf12abf67ef7049854f9c,gx-no-cache=1629988131080 HTTP/1.1" 200 30
192.168.10.94 - - [26/Aug/2021:11:39:17 -0300] "GET /cormun/servlet/vesolicitudgral?2021,17350,,SolicitudOTAdjuntos HTTP/1.1" 200 11671
190.171.141.122 - - [26/Aug/2021:11:39:17 -0300] "POST /cormun/servlet/solicitudotadjuntos?c260761149faa23e5abde265a872a07b,INS,2021,17446,,1,,gx-no-cache=1629988131200 HTTP/1.1" 200 4155
192.168.10.94 - - [26/Aug/2021:11:39:18 -0300] "POST /cormun/servlet/acontrolpreferencessavestate?None,ABARRERA,true HTTP/1.1" 200 35
190.171.141.122 - - [26/Aug/2021:11:39:19 -0300] "POST /cormun/servlet/solicitudotadjuntos?gx-no-cache=1629988132767 HTTP/1.1" 200 26
200.83.117.48 - - [26/Aug/2021:11:39:19 -0300] "POST /cormun/servlet/hlogin?d1a98703cc37288a8ca56d74b4807d5c,gx-no-cache=1629988132874 HTTP/1.1" 200 90
200.83.117.48 - - [26/Aug/2021:11:39:19 -0300] "GET /cormun/servlet/hpexe_link HTTP/1.1" 200 964
200.83.117.48 - - [26/Aug/2021:11:39:20 -0300] "GET /cormun/servlet/trpermisosgoce HTTP/1.1" 200 16395
200.83.117.48 - - [26/Aug/2021:11:39:20 -0300] "GET /cormun/servlet/trpermisosgoce HTTP/1.1" 200 16381
186.103.156.166 - - [26/Aug/2021:11:39:20 -0300] "GET /cormun/static/menuarrow.gif HTTP/1.1" 404 1015
200.83.117.48 - - [26/Aug/2021:11:39:23 -0300] "GET /cormun/servlet/permisogoce?INS,0,,, HTTP/1.1" 200 6826
200.83.117.48 - - [26/Aug/2021:11:39:23 -0300] "GET /cormun/servlet/permisogoce?INS,0,,, HTTP/1.1" 200 6826
190.171.141.122 - - [26/Aug/2021:11:39:24 -0300] "GET /cormun/servlet/solicitudotadjuntos?25d437eea410db44957a6599fdaa7c44518e96a2d52106c0732406aab4f5fed4,gx-no-cache=1629988138086 HTTP/1.1" 200 30
190.171.141.122 - - [26/Aug/2021:11:39:24 -0300] "GET /cormun/servlet/solicitudotadjuntos?25d437eea410db44957a6599fdaa7c44518e96a2d52106c0732406aab4f5fed4,gx-no-cache=1629988138190 HTTP/1.1" 200 30
200.83.117.48 - - [26/Aug/2021:11:39:25 -0300] "GET /cormun/servlet/prfichaempleado?,MD,,gxPopupLevel%3D0%3B HTTP/1.1" 200 9267
190.171.141.122 - - [26/Aug/2021:11:39:27 -0300] "POST /cormun/servlet/solicitudotadjuntos?c260761149faa23e5abde265a872a07b,INS,2021,17446,,1, HTTP/1.1" 200 116
190.171.141.122 - - [26/Aug/2021:11:39:27 -0300] "GET /cormun/servlet/hpexe_return? HTTP/1.1" 200 1030
190.171.141.122 - - [26/Aug/2021:11:39:28 -0300] "GET /cormun/servlet/trsolicitudadjuntos?2021,17446, HTTP/1.1" 200 9498
186.103.156.166 - - [26/Aug/2021:11:39:29 -0300] "GET /cormun/servlet/solicitudot?93b12760690a507ead279d3d4c438dc0bff2e4fbb53e8d39fa2000a1d056f282bd12e7ca62ebb53c8ea273fd16a3bde3,gx-no-cache=1629988140671 HTTP/1.1" 200 30
190.171.141.122 - - [26/Aug/2021:11:39:29 -0300] "GET /cormun/servlet/trsolicitudadjuntos?2021,17446, HTTP/1.1" 200 9494
190.171.141.122 - - [26/Aug/2021:11:39:30 -0300] "GET /cormun/servlet/solicitudotadjuntos?INS,2021,17446,,1, HTTP/1.1" 200 6269
190.171.141.122 - - [26/Aug/2021:11:39:30 -0300] "GET /cormun/static/about:blank HTTP/1.1" 404 1011
190.171.141.122 - - [26/Aug/2021:11:39:30 -0300] "GET /cormun/servlet/solicitudotadjuntos?INS,2021,17446,,1, HTTP/1.1" 200 6263
190.171.141.122 - - [26/Aug/2021:11:39:30 -0300] "GET /cormun/servlet/solicitudotadjuntos?25d437eea410db44957a6599fdaa7c44318cedb022c2c6b5f3f676554ab162f34503456d50faf12abf67ef7049854f9c,gx-no-cache=1629988144542 HTTP/1.1" 200 30
190.171.141.122 - - [26/Aug/2021:11:39:31 -0300] "POST /cormun/servlet/solicitudotadjuntos?c260761149faa23e5abde265a872a07b,INS,2021,17446,,1,,gx-no-cache=1629988144596 HTTP/1.1" 200 4155
190.171.141.122 - - [26/Aug/2021:11:39:32 -0300] "POST /cormun/servlet/solicitudotadjuntos?gx-no-cache=1629988146335 HTTP/1.1" 200 26
200.83.117.48 - - [26/Aug/2021:11:39:34 -0300] "POST /cormun/servlet/prfichaempleado?d1a98703cc37288a8ca56d74b4807d5c,,MD,,gxPopupLevel%3D0%3B,gx-no-cache=1629988147692 HTTP/1.1" 200 3408
200.83.117.48 - - [26/Aug/2021:11:39:37 -0300] "GET /cormun/servlet/permisogoce?5b17275e38280ca7ab3f3f62e37eb7e81474021338beaddf123e83e6b300f9970369fcb3112fde3fdd79fb1b59a261c517ee5d3ffc6b4c21414f8f69c464a079,gx-no-cache=1629988150405 HTTP/1.1" 200 79
200.83.117.48 - - [26/Aug/2021:11:39:37 -0300] "GET /cormun/static/menuarrow.gif HTTP/1.1" 404 1015
200.83.117.48 - - [26/Aug/2021:11:39:40 -0300] "GET /cormun/servlet/permisogoce?5b17275e38280ca7ab3f3f62e37eb7e8cf1d1924426bab78350a424a3e7e06b65623b2c46bf121203c02a8bb4d6d49e69b07962aa292c67bbde570b298ddda74,gx-no-cache=1629988153804 HTTP/1.1" 200 46
192.168.10.94 - - [26/Aug/2021:11:39:46 -0300] "GET /cormun/PublicTempStorage/certificado_afp_jenifer_aranguiz8078626.pdf HTTP/1.1" 200 103928
186.103.156.166 - - [26/Aug/2021:11:39:49 -0300] "POST /cormun/servlet/solicitudot?gx-no-cache=1629988161252 HTTP/1.1" 200 122
186.103.156.166 - - [26/Aug/2021:11:39:50 -0300] "POST /cormun/servlet/solicitudot?93330fac729d65deb53f6e39653d818a,INS,0,0,false,,gx-no-cache=1629988161380 HTTP/1.1" 200 13029
200.83.117.48 - - [26/Aug/2021:11:39:51 -0300] "POST /cormun/servlet/permisogoce?d1a98703cc37288a8ca56d74b4807d5c,INS,0,,,,gx-no-cache=1629988164379 HTTP/1.1" 200 93
200.83.117.48 - - [26/Aug/2021:11:39:51 -0300] "GET /cormun/servlet/hpexe_return? HTTP/1.1" 200 1017
200.83.117.48 - - [26/Aug/2021:11:39:52 -0300] "GET /cormun/servlet/trpermisosgoce HTTP/1.1" 200 16595
200.83.117.48 - - [26/Aug/2021:11:39:52 -0300] "GET /cormun/servlet/trpermisosgoce HTTP/1.1" 200 16591
200.83.117.48 - - [26/Aug/2021:11:39:56 -0300] "GET /cormun/servlet/permisogoce?INS,0,,, HTTP/1.1" 200 6826
200.83.117.48 - - [26/Aug/2021:11:39:56 -0300] "GET /cormun/servlet/permisogoce?INS,0,,, HTTP/1.1" 200 6826
186.103.156.166 - - [26/Aug/2021:11:39:59 -0300] "GET /cormun/servlet/prfichaempleado?,MD,,gxPopupLevel%3D0%3B HTTP/1.1" 200 9190
200.83.117.48 - - [26/Aug/2021:11:39:59 -0300] "GET /cormun/servlet/prfichaempleado?,MD,,gxPopupLevel%3D0%3B HTTP/1.1" 200 9267
200.83.117.48 - - [26/Aug/2021:11:40:05 -0300] "POST /cormun/servlet/prfichaempleado?d1a98703cc37288a8ca56d74b4807d5c,,MD,,gxPopupLevel%3D0%3B,gx-no-cache=1629988178580 HTTP/1.1" 200 3460
200.83.117.48 - - [26/Aug/2021:11:40:08 -0300] "GET /cormun/servlet/permisogoce?5b17275e38280ca7ab3f3f62e37eb7e8a7b5f942789af957120ad72635a4be3d0369fcb3112fde3fdd79fb1b59a261c517ee5d3ffc6b4c21414f8f69c464a079,gx-no-cache=1629988181872 HTTP/1.1" 200 78
200.83.117.48 - - [26/Aug/2021:11:40:09 -0300] "GET /cormun/static/menuarrow.gif HTTP/1.1" 404 1015
186.103.156.166 - - [26/Aug/2021:11:40:11 -0300] "POST /cormun/servlet/prfichaempleado?93330fac729d65deb53f6e39653d818a,,MD,,gxPopupLevel%3D0%3B,gx-no-cache=1629988182539 HTTP/1.1" 200 3778
200.83.117.48 - - [26/Aug/2021:11:40:13 -0300] "GET /cormun/servlet/permisogoce?5b17275e38280ca7ab3f3f62e37eb7e836dde5a1163f194f438e3b79bb11ac5214ce31d6354e9e72e70dac1434d2c5009b07962aa292c67bbde570b298ddda74,gx-no-cache=1629988186407 HTTP/1.1" 200 47
190.171.141.122 - - [26/Aug/2021:11:40:13 -0300] "GET /cormun/servlet/solicitudotadjuntos?25d437eea410db44957a6599fdaa7c44518e96a2d52106c0732406aab4f5fed4,gx-no-cache=1629988187230 HTTP/1.1" 200 30
190.171.141.122 - - [26/Aug/2021:11:40:13 -0300] "GET /cormun/servlet/solicitudotadjuntos?25d437eea410db44957a6599fdaa7c44518e96a2d52106c0732406aab4f5fed4,gx-no-cache=1629988187265 HTTP/1.1" 200 30
200.83.117.48 - - [26/Aug/2021:11:40:14 -0300] "POST /cormun/servlet/permisogoce?d1a98703cc37288a8ca56d74b4807d5c,INS,0,,,,gx-no-cache=1629988187706 HTTP/1.1" 200 93
200.83.117.48 - - [26/Aug/2021:11:40:14 -0300] "GET /cormun/servlet/hpexe_return? HTTP/1.1" 200 1017
190.171.141.122 - - [26/Aug/2021:11:40:15 -0300] "POST /cormun/servlet/solicitudotadjuntos?c260761149faa23e5abde265a872a07b,INS,2021,17446,,1, HTTP/1.1" 200 116
190.171.141.122 - - [26/Aug/2021:11:40:15 -0300] "GET /cormun/servlet/hpexe_return? HTTP/1.1" 200 1030
200.83.117.48 - - [26/Aug/2021:11:40:15 -0300] "GET /cormun/servlet/trpermisosgoce HTTP/1.1" 200 16753
200.83.117.48 - - [26/Aug/2021:11:40:16 -0300] "GET /cormun/servlet/trpermisosgoce HTTP/1.1" 200 16782
186.103.156.166 - - [26/Aug/2021:11:40:16 -0300] "GET /cormun/servlet/prlicenciaspermisos?13096770,L,,MD,,gxPopupLevel%3D0%3B HTTP/1.1" 200 5523
190.171.141.122 - - [26/Aug/2021:11:40:16 -0300] "GET /cormun/servlet/trsolicitudadjuntos?2021,17446, HTTP/1.1" 200 9719
190.171.141.122 - - [26/Aug/2021:11:40:17 -0300] "GET /cormun/servlet/trsolicitudadjuntos?2021,17446, HTTP/1.1" 200 9717
200.83.117.48 - - [26/Aug/2021:11:40:19 -0300] "GET /cormun/servlet/apermisogoceprn?12914099,P,20210826102639,PU HTTP/1.1" 200 1645
186.103.156.166 - - [26/Aug/2021:11:40:20 -0300] "POST /cormun/servlet/solicitudot?gx-no-cache=1629988190634 HTTP/1.1" 200 1440
186.103.156.166 - - [26/Aug/2021:11:40:23 -0300] "POST /cormun/servlet/solicitudot?gx-no-cache=1629988195130 HTTP/1.1" 200 40
186.103.156.166 - - [26/Aug/2021:11:40:23 -0300] "GET /cormun/servlet/solicitudot?93b12760690a507ead279d3d4c438dc04d7286eea7273bb195a392540c74ac73fe03b9b899b6c59289510531777f8683e2495f9d33c0666003a64da6349c819a4690c37cbeb303098695287b77ed89212100a6c2c71426137063e280efe9cc812d0eabb237b76d05f39675947012e844,gx-no-cache=1629988195215 HTTP/1.1" 200 110
186.103.156.166 - - [26/Aug/2021:11:40:23 -0300] "POST /cormun/servlet/solicitudot?gx-no-cache=1629988195291 HTTP/1.1" 200 97
186.103.156.166 - - [26/Aug/2021:11:40:23 -0300] "POST /cormun/servlet/solicitudot?gx-no-cache=1629988195371 HTTP/1.1" 200 32
186.103.156.166 - - [26/Aug/2021:11:40:24 -0300] "POST /cormun/servlet/solicitudot?93330fac729d65deb53f6e39653d818a,INS,0,0,false,,gx-no-cache=1629988195483 HTTP/1.1" 200 93
186.103.156.166 - - [26/Aug/2021:11:40:24 -0300] "GET /cormun/servlet/hpexe_return? HTTP/1.1" 200 1012
186.103.156.166 - - [26/Aug/2021:11:40:24 -0300] "GET /cormun/servlet/trsolicitudot HTTP/1.1" 200 10085
190.171.141.122 - - [26/Aug/2021:11:40:26 -0300] "GET /cormun/servlet/solicitudotadjuntos?INS,2021,17446,,1, HTTP/1.1" 200 6270
190.171.141.122 - - [26/Aug/2021:11:40:26 -0300] "GET /cormun/static/about:blank HTTP/1.1" 404 1011
186.103.156.166 - - [26/Aug/2021:11:40:26 -0300] "GET /cormun/servlet/trsolicitudot HTTP/1.1" 200 10080
190.171.141.122 - - [26/Aug/2021:11:40:26 -0300] "GET /cormun/servlet/solicitudotadjuntos?INS,2021,17446,,1, HTTP/1.1" 200 6264
190.171.141.122 - - [26/Aug/2021:11:40:27 -0300] "GET /cormun/servlet/solicitudotadjuntos?25d437eea410db44957a6599fdaa7c44318cedb022c2c6b5f3f676554ab162f34503456d50faf12abf67ef7049854f9c,gx-no-cache=1629988200790 HTTP/1.1" 200 30
190.171.141.122 - - [26/Aug/2021:11:40:28 -0300] "POST /cormun/servlet/solicitudotadjuntos?c260761149faa23e5abde265a872a07b,INS,2021,17446,,1,,gx-no-cache=1629988200913 HTTP/1.1" 200 4156
190.171.141.122 - - [26/Aug/2021:11:40:29 -0300] "POST /cormun/servlet/solicitudotadjuntos?gx-no-cache=1629988203391 HTTP/1.1" 200 26
190.171.141.122 - - [26/Aug/2021:11:40:33 -0300] "GET /cormun/servlet/solicitudotadjuntos?25d437eea410db44957a6599fdaa7c44518e96a2d52106c0732406aab4f5fed4,gx-no-cache=1629988206951 HTTP/1.1" 200 30
190.171.141.122 - - [26/Aug/2021:11:40:33 -0300] "GET /cormun/servlet/solicitudotadjuntos?25d437eea410db44957a6599fdaa7c44518e96a2d52106c0732406aab4f5fed4,gx-no-cache=1629988206964 HTTP/1.1" 200 30
190.171.141.122 - - [26/Aug/2021:11:40:34 -0300] "POST /cormun/servlet/solicitudotadjuntos?c260761149faa23e5abde265a872a07b,INS,2021,17446,,1, HTTP/1.1" 200 116
190.171.141.122 - - [26/Aug/2021:11:40:34 -0300] "GET /cormun/servlet/hpexe_return? HTTP/1.1" 200 1030
190.171.141.122 - - [26/Aug/2021:11:40:36 -0300] "GET /cormun/servlet/trsolicitudadjuntos?2021,17446, HTTP/1.1" 200 10002
200.83.117.48 - - [26/Aug/2021:11:40:36 -0300] "GET /cormun/servlet/apermisogoceprn?18645771,P,20210826102712,PU HTTP/1.1" 200 1650
190.171.141.122 - - [26/Aug/2021:11:40:37 -0300] "GET /cormun/servlet/trsolicitudadjuntos?2021,17446, HTTP/1.1" 200 9999
186.103.156.166 - - [26/Aug/2021:11:40:39 -0300] "POST /cormun/servlet/trsolicitudot?93330fac729d65deb53f6e39653d818a,gx-no-cache=1629988210948 HTTP/1.1" 200 9532
186.103.156.166 - - [26/Aug/2021:11:40:53 -0300] "POST /cormun/servlet/trsolicitudot?93330fac729d65deb53f6e39653d818a,gx-no-cache=1629988224695 HTTP/1.1" 200 4384
186.103.156.166 - - [26/Aug/2021:11:40:56 -0300] "GET /cormun/static/menuarrow.gif HTTP/1.1" 404 1015
186.103.156.166 - - [26/Aug/2021:11:41:07 -0300] "POST /cormun/servlet/trsolicitudot?93330fac729d65deb53f6e39653d818a,gx-no-cache=1629988239390 HTTP/1.1" 200 4385
186.103.156.166 - - [26/Aug/2021:11:41:13 -0300] "POST /cormun/servlet/trsolicitudot?93330fac729d65deb53f6e39653d818a,gx-no-cache=1629988244972 HTTP/1.1" 200 5879
186.103.156.166 - - [26/Aug/2021:11:41:24 -0300] "GET /cormun/servlet/vesolicitudot?2021,17447,, HTTP/1.1" 200 8497
186.103.156.166 - - [26/Aug/2021:11:41:25 -0300] "GET /cormun/pexe_scrolldiv.js HTTP/1.1" 404 1009
186.103.156.166 - - [26/Aug/2021:11:41:25 -0300] "GET /cormun/pexe_scrolldiv.js HTTP/1.1" 404 1009
192.168.10.94 - - [26/Aug/2021:11:41:26 -0300] "GET /cormun/servlet/vesolicitudgral?2021,17350,,SolicitudOTAdjuntos HTTP/1.1" 200 11670
186.103.156.166 - - [26/Aug/2021:11:41:26 -0300] "GET /cormun/servlet/vesolicitudot?2021,17447,, HTTP/1.1" 200 8496
192.168.10.94 - - [26/Aug/2021:11:41:27 -0300] "GET /cormun/servlet/vesolicitudgral?2021,17350,,SolicitudOTAdjuntos HTTP/1.1" 200 11673
192.168.10.94 - - [26/Aug/2021:11:41:28 -0300] "POST /cormun/servlet/acontrolpreferencessavestate?None,ABARRERA,true HTTP/1.1" 200 35
192.168.10.94 - - [26/Aug/2021:11:41:29 -0300] "GET /cormun/servlet/vesolicitudgral?2021,17350,,General HTTP/1.1" 200 9124
192.168.10.94 - - [26/Aug/2021:11:41:29 -0300] "GET /cormun/pexe_scrolldiv.js HTTP/1.1" 404 1009
192.168.10.94 - - [26/Aug/2021:11:41:29 -0300] "GET /cormun/servlet/vesolicitudgral?2021,17350,,General HTTP/1.1" 200 9123
186.103.156.166 - - [26/Aug/2021:11:41:39 -0300] "GET /cormun/servlet/trsolicitudot? HTTP/1.1" 200 8741
186.103.156.166 - - [26/Aug/2021:11:41:41 -0300] "GET /cormun/servlet/trsolicitudot? HTTP/1.1" 200 8741
190.171.141.122 - - [26/Aug/2021:11:41:43 -0300] "GET /cormun/servlet/solicitudotadjuntos?INS,2021,17446,,1, HTTP/1.1" 200 6269
190.171.141.122 - - [26/Aug/2021:11:41:43 -0300] "GET /cormun/static/about:blank HTTP/1.1" 404 1011
190.171.141.122 - - [26/Aug/2021:11:41:43 -0300] "GET /cormun/servlet/solicitudotadjuntos?INS,2021,17446,,1, HTTP/1.1" 200 6263
190.171.141.122 - - [26/Aug/2021:11:41:44 -0300] "GET /cormun/servlet/solicitudotadjuntos?25d437eea410db44957a6599fdaa7c44318cedb022c2c6b5f3f676554ab162f34503456d50faf12abf67ef7049854f9c,gx-no-cache=1629988277882 HTTP/1.1" 200 30
190.171.141.122 - - [26/Aug/2021:11:41:44 -0300] "POST /cormun/servlet/solicitudotadjuntos?c260761149faa23e5abde265a872a07b,INS,2021,17446,,1,,gx-no-cache=1629988277921 HTTP/1.1" 200 4155
186.103.156.166 - - [26/Aug/2021:11:41:45 -0300] "POST /cormun/servlet/trsolicitudot?93330fac729d65deb53f6e39653d818a,,gx-no-cache=1629988277025 HTTP/1.1" 200 112
186.103.156.166 - - [26/Aug/2021:11:41:45 -0300] "GET /cormun/servlet/solicitudot?UPD,2021,17447,false, HTTP/1.1" 200 16333
190.171.141.122 - - [26/Aug/2021:11:41:46 -0300] "POST /cormun/servlet/solicitudotadjuntos?gx-no-cache=1629988280215 HTTP/1.1" 200 26
186.103.156.166 - - [26/Aug/2021:11:41:47 -0300] "GET /cormun/servlet/solicitudot?UPD,2021,17447,false, HTTP/1.1" 200 16344
186.103.156.166 - - [26/Aug/2021:11:41:48 -0300] "POST /cormun/servlet/solicitudot?gx-no-cache=1629988279530 HTTP/1.1" 200 3796
186.103.156.166 - - [26/Aug/2021:11:41:48 -0300] "POST /cormun/servlet/solicitudot?93330fac729d65deb53f6e39653d818a,UPD,2021,17447,false,,gx-no-cache=1629988279803 HTTP/1.1" 200 12637
186.103.156.166 - - [26/Aug/2021:11:41:48 -0300] "GET /cormun/servlet/solicitudot?93b12760690a507ead279d3d4c438dc078e58fbe3a3f431fc8635ba32323902c02c8b408fc55e43652f9fadb10ed348c,gx-no-cache=1629988280118 HTTP/1.1" 200 30
186.103.156.166 - - [26/Aug/2021:11:41:48 -0300] "GET /cormun/servlet/solicitudot?93b12760690a507ead279d3d4c438dc0863b7a84a20b112d3d5afc801c2bc5c58b68e2c6d57ab5a5c53beb7f41dc477553c0144ebb1bd7346ada234e1d2d7b1a,gx-no-cache=1629988280173 HTTP/1.1" 200 30
186.103.156.166 - - [26/Aug/2021:11:41:48 -0300] "GET /cormun/servlet/solicitudot?93b12760690a507ead279d3d4c438dc0b9c59eb8ed02f96e5ca86384fe4699f24a7e608ac2c09fc95c4710d438bcd5ea2be13bf8f3bf5bbc251e28dbdb2c2e4f,gx-no-cache=1629988280214 HTTP/1.1" 200 51
186.103.156.166 - - [26/Aug/2021:11:41:48 -0300] "POST /cormun/servlet/solicitudot?gx-no-cache=1629988280259 HTTP/1.1" 200 256
186.103.156.166 - - [26/Aug/2021:11:41:48 -0300] "GET /cormun/servlet/solicitudot?93b12760690a507ead279d3d4c438dc0e7102213b80ca4df410da1de6eb9450c0d1e8b7d5452f0946ffa89d6e2a21ccf78e306849d5d5c4cc1354bce7dfb50f9e19901749142c62b9e92bf4e0825871641afea3e5a593c8280588d62dfafb0a598ef29fff2c11a577dc06ee2e660724155d8e62d26d4cb5c05bb719cc21889b2cec13762a0989e608b6de2090eaf61c8e8fbaf7d4eb3f4cdf7dcfc69371e48e1a2c4f40ef97d3601d06b6cea8fb76bbe86e871f8743a8aea7519041662d101fb6a3fad1f1f87400446b90d71e5f10fa1f6a56cd09f7a30c10f7164b7823c5007e6b78cda4667cfcb6ed83758dacb2c1b67845fac3bdcc3978a60df02dea76aa8ea2e41582785799e2bfdd1abc55c78e8a68accef9d10ec6c7166272a6d100fd231fb2e03b2cdaf363f358338bd55317e3ab1c70cb027537c07ae0aa289bd9744dc5282030b6a7159c70e58dcd89d3c9b3e7fbbe4e11606ee5c81488182f1085e781a4cf91207dffff3a5358c26279f68a6c2ac38c79dfdd95637f69778c99ecb,gx-no-cache=1629988280316 HTTP/1.1" 200 30
186.103.156.166 - - [26/Aug/2021:11:41:48 -0300] "POST /cormun/servlet/solicitudot?gx-no-cache=1629988280353 HTTP/1.1" 200 30
186.103.156.166 - - [26/Aug/2021:11:41:48 -0300] "POST /cormun/servlet/solicitudot?gx-no-cache=1629988280393 HTTP/1.1" 200 1442
186.103.156.166 - - [26/Aug/2021:11:41:48 -0300] "POST /cormun/servlet/solicitudot?gx-no-cache=1629988280502 HTTP/1.1" 200 40
190.171.141.122 - - [26/Aug/2021:11:41:50 -0300] "GET /cormun/servlet/solicitudotadjuntos?25d437eea410db44957a6599fdaa7c44518e96a2d52106c0732406aab4f5fed4,gx-no-cache=1629988284038 HTTP/1.1" 200 30
190.171.141.122 - - [26/Aug/2021:11:41:50 -0300] "GET /cormun/servlet/solicitudotadjuntos?25d437eea410db44957a6599fdaa7c44518e96a2d52106c0732406aab4f5fed4,gx-no-cache=1629988284052 HTTP/1.1" 200 30
190.171.141.122 - - [26/Aug/2021:11:41:52 -0300] "POST /cormun/servlet/solicitudotadjuntos?c260761149faa23e5abde265a872a07b,INS,2021,17446,,1, HTTP/1.1" 200 116
190.171.141.122 - - [26/Aug/2021:11:41:52 -0300] "GET /cormun/servlet/hpexe_return? HTTP/1.1" 200 1030
190.171.141.122 - - [26/Aug/2021:11:41:54 -0300] "GET /cormun/servlet/trsolicitudadjuntos?2021,17446, HTTP/1.1" 200 10164
190.171.141.122 - - [26/Aug/2021:11:41:56 -0300] "GET /cormun/servlet/trsolicitudadjuntos?2021,17446, HTTP/1.1" 200 10159
186.103.156.166 - - [26/Aug/2021:11:41:57 -0300] "POST /cormun/servlet/solicitudot?gx-no-cache=1629988286168 HTTP/1.1" 200 256
190.171.141.122 - - [26/Aug/2021:11:41:57 -0300] "POST /cormun/servlet/trsolicitudadjuntos?c260761149faa23e5abde265a872a07b,2021,17446,,gx-no-cache=1629988291018 HTTP/1.1" 200 90
190.171.141.122 - - [26/Aug/2021:11:41:57 -0300] "GET /cormun/servlet/hpexe_link HTTP/1.1" 200 974
190.171.141.122 - - [26/Aug/2021:11:41:58 -0300] "GET /cormun/servlet/trsolicitudot HTTP/1.1" 200 8846
190.171.141.122 - - [26/Aug/2021:11:41:58 -0300] "GET /cormun/servlet/trsolicitudot HTTP/1.1" 200 8845
186.103.156.166 - - [26/Aug/2021:11:41:59 -0300] "GET /cormun/servlet/solicitudot?93b12760690a507ead279d3d4c438dc0e7102213b80ca4df410da1de6eb9450c0d1e8b7d5452f0946ffa89d6e2a21ccf78e306849d5d5c4cc1354bce7dfb50f9e19901749142c62b9e92bf4e0825871641afea3e5a593c8280588d62dfafb0a598ef29fff2c11a577dc06ee2e660724155d8e62d26d4cb5c05bb719cc21889b2cec13762a0989e608b6de2090eaf61c8e8fbaf7d4eb3f4cdf7dcfc69371e48e1a2c4f40ef97d3601d06b6cea8fb76bbe86e871f8743a8aea7519041662d101fb6a3fad1f1f87400446b90d71e5f10fa1f6a56cd09f7a30c10f7164b7823c5007e6b78cda4667cfcb6ed83758dacb2c1b67845fac3bdcc3978a60df02dea76aa8ea2e41582785799e2bfdd1abc55c78e8a68accef9d10ec6c7166272a6d100fd231fb2e03b2cdaf363f358338bd55317e3ab1c70cb027537c07ae0aa289bd9744dc5282030b6a7159c70e58dcd89d3c9b3e7fbbe4e11606ee5c81488182f1085e781a4cf91207dffff3a5358c26279f68a6c2ac38c79dfdd95637f69778c99ecb,gx-no-cache=1629988289143 HTTP/1.1" 200 30
186.103.156.166 - - [26/Aug/2021:11:42:01 -0300] "POST /cormun/servlet/solicitudot?gx-no-cache=1629988291903 HTTP/1.1" 200 30
186.103.156.166 - - [26/Aug/2021:11:42:03 -0300] "POST /cormun/servlet/solicitudot?gx-no-cache=1629988293955 HTTP/1.1" 200 1442
186.103.156.166 - - [26/Aug/2021:11:42:04 -0300] "POST /cormun/servlet/solicitudot?gx-no-cache=1629988295014 HTTP/1.1" 200 40
186.103.156.166 - - [26/Aug/2021:11:42:04 -0300] "GET /cormun/servlet/solicitudot?93b12760690a507ead279d3d4c438dc04d7286eea7273bb195a392540c74ac73fe03b9b899b6c59289510531777f8683e2495f9d33c0666003a64da6349c819a4690c37cbeb303098695287b77ed89212100a6c2c71426137063e280efe9cc812d0eabb237b76d05f39675947012e844,gx-no-cache=1629988295951 HTTP/1.1" 200 110
186.103.156.166 - - [26/Aug/2021:11:42:04 -0300] "POST /cormun/servlet/solicitudot?gx-no-cache=1629988296428 HTTP/1.1" 200 67
