190.171.142.42 - - [26/Aug/2021:11:13:26 -0300] "GET /cormun/servlet/solicitudot?9afc962fa67b280b403f76865c5ad4bc0249d22094b5c7b026c1b1909d5c9dc6aa62667785e451aad50deb89a2c2038be541724bfd1b6c9a2afee0019cf489e6905bd74ed13e64854f89564b27d552f762641b8fca8a4931c71cc9521458378990ff6e9d219746412bafebdf43aa10ed9eed3deb21094eda9b0c1d42ef4f8a1951cf1b8d92001f71b53b38a1c123c1b16c2511d2be229cb9b31092c427e5913e169e5270d516d546c31836c12ef51868c482e3f52e741a580e0f5b0d3a467554a2847cc62275fe1825a42f5e44778d7ba22568d748b7261d87b4f3d6d5ca0df04003695952266dca8e10c9f577aa699ebbb99a74a3f54f0576a9c16db31e2129cbcacc16104bbc7debe862106cecb4010a3fc8aec9f0684f500d47c8c59874d2f957890259fb4d311a17a862b0fa7edab5d7f95eeae83cfbe77b88958a13fd4d99e9b7776e035dd100572acae6e251837fb7b7a1745e2bd36525efc9523f343018018a1e2137c2a44d967ebfbfe0d29e704723821406e4fb8962a8926a082f21,gx-no-cache=1629986578992 HTTP/1.1" 200 30
190.171.142.42 - - [26/Aug/2021:11:13:26 -0300] "POST /cormun/servlet/solicitudot?gx-no-cache=1629986579110 HTTP/1.1" 200 30
190.171.154.42 - - [26/Aug/2021:11:13:27 -0300] "POST /cormun/servlet/trlicencias?f08588dcbc5f19331d0d5a5adb1c6d0d,,gx-no-cache=1629986575925 HTTP/1.1" 200 10063
192.168.10.94 - - [26/Aug/2021:11:13:28 -0300] "GET /cormun/servlet/hlogin HTTP/1.1" 200 1730
192.168.10.94 - - [26/Aug/2021:11:13:28 -0300] "GET /cormun/servlet/hlogin HTTP/1.1" 200 1740
192.168.10.94 - - [26/Aug/2021:11:13:34 -0300] "POST /cormun/servlet/hlogin?a697501cafb7eb047d5a8952cde54b14,gx-no-cache=1629986450543 HTTP/1.1" 200 90
192.168.10.94 - - [26/Aug/2021:11:13:34 -0300] "GET /cormun/servlet/hpexe_link HTTP/1.1" 200 955
192.168.10.94 - - [26/Aug/2021:11:13:34 -0300] "GET /cormun/servlet/hhome HTTP/1.1" 200 4524
192.168.10.94 - - [26/Aug/2021:11:13:35 -0300] "GET /cormun/servlet/hhome HTTP/1.1" 200 4520
190.171.142.42 - - [26/Aug/2021:11:13:37 -0300] "POST /cormun/servlet/solicitudot?gx-no-cache=1629986590017 HTTP/1.1" 200 1440
190.171.142.42 - - [26/Aug/2021:11:13:37 -0300] "POST /cormun/servlet/solicitudot?gx-no-cache=1629986590047 HTTP/1.1" 200 38
190.171.142.42 - - [26/Aug/2021:11:13:37 -0300] "GET /cormun/servlet/solicitudot?9afc962fa67b280b403f76865c5ad4bc73fa3aaf852d0cd74537e17da170cea654742a4078b8a022f21bed1848961ca5c4e472dc407e93a794a6b2cb26c9497b112dce74d5a71308efa65dff2f5115b62f8e3d18f0ebaa7a326b8a0bbc156b61beeda92d79c6434b9e1c1be29c0d1ad2,gx-no-cache=1629986590066 HTTP/1.1" 200 110
190.171.142.42 - - [26/Aug/2021:11:13:37 -0300] "POST /cormun/servlet/solicitudot?gx-no-cache=1629986590089 HTTP/1.1" 200 97
192.168.10.94 - - [26/Aug/2021:11:13:42 -0300] "GET /cormun/servlet/trsolicitudot HTTP/1.1" 200 7754
190.171.142.42 - - [26/Aug/2021:11:13:42 -0300] "GET /cormun/servlet/solicitudot?9afc962fa67b280b403f76865c5ad4bcfc63edc50037cc22747ec83c20be03c3c06f59deee18a6f6ef9cb58e607eaa52,gx-no-cache=1629986595241 HTTP/1.1" 200 30
192.168.10.94 - - [26/Aug/2021:11:13:42 -0300] "GET /cormun/static/gxcfg.js?201991910464971 HTTP/1.1" 200 953
192.168.10.94 - - [26/Aug/2021:11:13:42 -0300] "GET /cormun/static/trsolicitudot.js?201991910465845 HTTP/1.1" 200 54041
192.168.10.94 - - [26/Aug/2021:11:13:42 -0300] "GET /cormun/static/Resources/PXToolsAddAllAction.png HTTP/1.1" 200 495
192.168.10.94 - - [26/Aug/2021:11:13:43 -0300] "GET /cormun/servlet/trsolicitudot HTTP/1.1" 200 7752
190.171.142.42 - - [26/Aug/2021:11:14:04 -0300] "POST /cormun/servlet/solicitudot?gx-no-cache=1629986616457 HTTP/1.1" 200 30
192.168.10.94 - - [26/Aug/2021:11:14:18 -0300] "GET /cormun/servlet/trsolicitudgral HTTP/1.1" 200 29321
192.168.10.94 - - [26/Aug/2021:11:14:19 -0300] "GET /cormun/servlet/trsolicitudgral HTTP/1.1" 200 29321
192.168.10.94 - - [26/Aug/2021:11:14:21 -0300] "GET /cormun/servlet/vesolicitudgral?2021,17440,, HTTP/1.1" 200 9106
192.168.10.94 - - [26/Aug/2021:11:14:21 -0300] "GET /cormun/pexe_scrolldiv.js HTTP/1.1" 404 1009
192.168.10.94 - - [26/Aug/2021:11:14:21 -0300] "GET /cormun/servlet/vesolicitudgral?2021,17440,, HTTP/1.1" 200 9106
190.171.142.42 - - [26/Aug/2021:11:16:41 -0300] "POST /cormun/servlet/solicitudot?fd95b9e91f00c3a19b746ccfba26e764,INS,0,0,false,,gx-no-cache=1629986773502 HTTP/1.1" 200 93
190.171.142.42 - - [26/Aug/2021:11:16:41 -0300] "GET /cormun/servlet/hpexe_return? HTTP/1.1" 200 1016
190.171.142.42 - - [26/Aug/2021:11:16:41 -0300] "GET /cormun/servlet/trsolicitudot? HTTP/1.1" 200 8813
190.171.142.42 - - [26/Aug/2021:11:16:41 -0300] "GET /cormun/servlet/trsolicitudot? HTTP/1.1" 200 8809
190.171.142.42 - - [26/Aug/2021:11:16:51 -0300] "POST /cormun/servlet/trsolicitudot?fd95b9e91f00c3a19b746ccfba26e764,,gx-no-cache=1629986784061 HTTP/1.1" 200 4608
190.171.142.42 - - [26/Aug/2021:11:16:51 -0300] "GET /cormun/static/Shared/jqueryui/images/ui-bg_highlight-soft_100_c6c2c8_1x100.png HTTP/1.1" 404 1117
190.171.142.42 - - [26/Aug/2021:11:16:51 -0300] "GET /cormun/static/Shared/jqueryui/images/ui-icons_82798d_256x240.png HTTP/1.1" 404 1089
190.171.142.42 - - [26/Aug/2021:11:16:51 -0300] "GET /cormun/static/Shared/jqueryui/images/ui-icons_8d78a5_256x240.png HTTP/1.1" 404 1089
190.171.142.42 - - [26/Aug/2021:11:16:51 -0300] "GET /cormun/static/Shared/jqueryui/images/ui-bg_flat_55_fafafa_40x100.png HTTP/1.1" 404 1097
190.171.142.42 - - [26/Aug/2021:11:16:51 -0300] "POST /cormun/servlet/trsolicitudot?fd95b9e91f00c3a19b746ccfba26e764,,gx-no-cache=1629986784234 HTTP/1.1" 200 4375
190.171.142.42 - - [26/Aug/2021:11:17:00 -0300] "POST /cormun/servlet/trsolicitudot?fd95b9e91f00c3a19b746ccfba26e764,,gx-no-cache=1629986792186 HTTP/1.1" 200 103
190.171.142.42 - - [26/Aug/2021:11:17:00 -0300] "GET /cormun/SolicitudOT-1639.xls HTTP/1.1" 200 4608
190.171.142.42 - - [26/Aug/2021:11:17:14 -0300] "GET /cormun/servlet/trautorizarsolicitud? HTTP/1.1" 200 8793
190.171.142.42 - - [26/Aug/2021:11:17:14 -0300] "GET /cormun/servlet/trautorizarsolicitud? HTTP/1.1" 200 8793
190.171.142.42 - - [26/Aug/2021:11:17:24 -0300] "POST /cormun/servlet/trautorizarsolicitud?fd95b9e91f00c3a19b746ccfba26e764,,gx-no-cache=1629986816559 HTTP/1.1" 200 4787
190.171.142.42 - - [26/Aug/2021:11:17:24 -0300] "GET /cormun/static/Shared/jqueryui/images/ui-bg_highlight-soft_100_c6c2c8_1x100.png HTTP/1.1" 404 1117
190.171.142.42 - - [26/Aug/2021:11:17:24 -0300] "GET /cormun/static/Shared/jqueryui/images/ui-icons_82798d_256x240.png HTTP/1.1" 404 1089
190.171.142.42 - - [26/Aug/2021:11:17:24 -0300] "GET /cormun/static/Shared/jqueryui/images/ui-bg_flat_55_fafafa_40x100.png HTTP/1.1" 404 1097
190.171.142.42 - - [26/Aug/2021:11:17:24 -0300] "GET /cormun/static/Shared/jqueryui/images/ui-icons_8d78a5_256x240.png HTTP/1.1" 404 1089
190.171.142.42 - - [26/Aug/2021:11:17:24 -0300] "POST /cormun/servlet/trautorizarsolicitud?fd95b9e91f00c3a19b746ccfba26e764,,gx-no-cache=1629986816744 HTTP/1.1" 200 4550
186.103.156.166 - - [26/Aug/2021:11:19:45 -0300] "GET /cormun/servlet/hlogin HTTP/1.1" 200 1729
186.103.156.166 - - [26/Aug/2021:11:20:06 -0300] "POST /cormun/servlet/hlogin?93330fac729d65deb53f6e39653d818a,gx-no-cache=1629986977609 HTTP/1.1" 200 90
186.103.156.166 - - [26/Aug/2021:11:20:06 -0300] "GET /cormun/servlet/hpexe_link HTTP/1.1" 200 966
186.103.156.166 - - [26/Aug/2021:11:20:06 -0300] "GET /cormun/servlet/trautorizarsolicitud HTTP/1.1" 200 10128
186.103.156.166 - - [26/Aug/2021:11:20:07 -0300] "GET /cormun/servlet/trautorizarsolicitud HTTP/1.1" 200 10127
186.103.156.166 - - [26/Aug/2021:11:20:14 -0300] "GET /cormun/servlet/trsolicitudot? HTTP/1.1" 200 9144
186.103.156.166 - - [26/Aug/2021:11:20:16 -0300] "GET /cormun/servlet/trsolicitudot? HTTP/1.1" 200 9143
186.103.156.166 - - [26/Aug/2021:11:20:30 -0300] "GET /cormun/servlet/solicitudot?INS,0,0,false, HTTP/1.1" 200 15720
186.103.156.166 - - [26/Aug/2021:11:20:32 -0300] "GET /cormun/servlet/solicitudot?INS,0,0,false, HTTP/1.1" 200 15727
186.103.156.166 - - [26/Aug/2021:11:20:38 -0300] "GET /cormun/servlet/prfichaempleado?,MD,,gxPopupLevel%3D0%3B HTTP/1.1" 200 9184
186.103.156.166 - - [26/Aug/2021:11:20:49 -0300] "POST /cormun/servlet/prfichaempleado?93330fac729d65deb53f6e39653d818a,,MD,,gxPopupLevel%3D0%3B,gx-no-cache=1629987021044 HTTP/1.1" 200 5834
186.103.156.166 - - [26/Aug/2021:11:21:07 -0300] "POST /cormun/servlet/solicitudot?gx-no-cache=1629987038108 HTTP/1.1" 200 3829
186.103.156.166 - - [26/Aug/2021:11:21:08 -0300] "POST /cormun/servlet/solicitudot?93330fac729d65deb53f6e39653d818a,INS,0,0,false,,gx-no-cache=1629987039246 HTTP/1.1" 200 12620
186.103.156.166 - - [26/Aug/2021:11:21:08 -0300] "GET /cormun/servlet/solicitudot?93b12760690a507ead279d3d4c438dc0bb670c39e7d90a9ef2c87b0b5c95025faf1dce38e555bc97cc42eb7c7644166e,gx-no-cache=1629987040299 HTTP/1.1" 200 30
186.103.156.166 - - [26/Aug/2021:11:21:17 -0300] "GET /cormun/servlet/solicitudot?93b12760690a507ead279d3d4c438dc0bd82e75e8e2f28564bae502c5b5e0c985b77e7706dd6fc7e9458fe9996811a95d9b4aced6ace584528556fa671718fd0,gx-no-cache=1629987049260 HTTP/1.1" 200 30
186.103.156.166 - - [26/Aug/2021:11:21:17 -0300] "GET /cormun/servlet/solicitudot?93b12760690a507ead279d3d4c438dc01c8b03dd4b9f2493b63f4a943b94e653,gx-no-cache=1629987049449 HTTP/1.1" 200 53
186.103.156.166 - - [26/Aug/2021:11:21:17 -0300] "POST /cormun/servlet/solicitudot?gx-no-cache=1629987049547 HTTP/1.1" 200 255
186.103.156.166 - - [26/Aug/2021:11:21:18 -0300] "GET /cormun/servlet/solicitudot?93b12760690a507ead279d3d4c438dc0e7102213b80ca4df410da1de6eb9450c0d1e8b7d5452f0946ffa89d6e2a21ccf78e306849d5d5c4cc1354bce7dfb50f9e19901749142c62b9e92bf4e0825871641afea3e5a593c8280588d62dfafb0a598ef29fff2c11a577dc06ee2e660724155d8e62d26d4cb5c05bb719cc21889b2cec13762a0989e608b6de2090eaf61c8e8fbaf7d4eb3f4cdf7dcfc69371e48e1a2c4f40ef97d3601d06b6cea8fb76bbe86e871f8743a8aea7519041662d101fb6a3fad1f1f87400446b90d71e5f10fa1f6a56cd09f7a30c10f7164b7823c5007e6b78cda4667cfcb6ed83758dacb2c1b67845fac3bdcc3978a60df02dea76aa8ea2e41582785799e2bfdd1abc55c78e8a68accef9d10ec6c7166272a6d100fd231fb2e03b2cdaf363f358338bd55317e3ab1c70cb027537c07ae0aa289bd9744dc5282030b6a7159c70e58dcd89d3c9b3e7fbbe4e11606ee5c81488182f1085e781a4cf91207dffff3a5358c26279f68af326f5f274b013fbaee0cb7b4c70787,gx-no-cache=1629987049625 HTTP/1.1" 200 30
186.103.156.166 - - [26/Aug/2021:11:21:25 -0300] "POST /cormun/servlet/solicitudot?gx-no-cache=1629987056573 HTTP/1.1" 200 30
186.103.156.166 - - [26/Aug/2021:11:21:48 -0300] "GET /cormun/servlet/prfichaempleado?,MD,,gxPopupLevel%3D0%3B HTTP/1.1" 200 9184
192.168.10.94 - - [26/Aug/2021:11:21:55 -0300] "GET /cormun/servlet/trsolicitudgral HTTP/1.1" 200 29308
192.168.10.94 - - [26/Aug/2021:11:21:56 -0300] "GET /cormun/servlet/trsolicitudgral HTTP/1.1" 200 29304
186.103.156.166 - - [26/Aug/2021:11:22:00 -0300] "POST /cormun/servlet/prfichaempleado?93330fac729d65deb53f6e39653d818a,,MD,,gxPopupLevel%3D0%3B,gx-no-cache=1629987092137 HTTP/1.1" 200 3778
192.168.10.94 - - [26/Aug/2021:11:22:05 -0300] "POST /cormun/servlet/trsolicitudgral?a697501cafb7eb047d5a8952cde54b14,,gx-no-cache=1629986960865 HTTP/1.1" 200 7452
186.103.156.166 - - [26/Aug/2021:11:22:17 -0300] "POST /cormun/servlet/solicitudot?gx-no-cache=1629987108932 HTTP/1.1" 200 1440
186.103.156.166 - - [26/Aug/2021:11:22:20 -0300] "GET /cormun/servlet/prlicenciaspermisos?13096770,L,,MD,,gxPopupLevel%3D0%3B HTTP/1.1" 200 5516
192.168.10.94 - - [26/Aug/2021:11:22:33 -0300] "POST /cormun/servlet/trsolicitudgral?a697501cafb7eb047d5a8952cde54b14,,gx-no-cache=1629986988941 HTTP/1.1" 200 7456
190.171.141.122 - - [26/Aug/2021:11:22:35 -0300] "GET /cormun/servlet/hlogin HTTP/1.1" 200 1731
192.168.10.94 - - [26/Aug/2021:11:22:37 -0300] "POST /cormun/servlet/trsolicitudgral?a697501cafb7eb047d5a8952cde54b14,,gx-no-cache=1629986992942 HTTP/1.1" 200 6268
192.168.10.94 - - [26/Aug/2021:11:22:37 -0300] "GET /cormun/static/Shared/jqueryui/images/ui-bg_highlight-soft_100_c6c2c8_1x100.png HTTP/1.1" 404 1117
192.168.10.94 - - [26/Aug/2021:11:22:37 -0300] "GET /cormun/static/Shared/jqueryui/images/ui-icons_82798d_256x240.png HTTP/1.1" 404 1089
192.168.10.94 - - [26/Aug/2021:11:22:37 -0300] "GET /cormun/static/Shared/jqueryui/images/ui-bg_flat_55_fafafa_40x100.png HTTP/1.1" 404 1097
192.168.10.94 - - [26/Aug/2021:11:22:37 -0300] "GET /cormun/static/Shared/jqueryui/images/ui-icons_8d78a5_256x240.png HTTP/1.1" 404 1089
190.171.141.122 - - [26/Aug/2021:11:22:45 -0300] "POST /cormun/servlet/hlogin?c260761149faa23e5abde265a872a07b,gx-no-cache=1629987139169 HTTP/1.1" 200 90
190.171.141.122 - - [26/Aug/2021:11:22:45 -0300] "GET /cormun/servlet/hpexe_link HTTP/1.1" 200 955
190.171.141.122 - - [26/Aug/2021:11:22:45 -0300] "GET /cormun/servlet/hhome HTTP/1.1" 200 4219
190.171.141.122 - - [26/Aug/2021:11:22:46 -0300] "GET /cormun/servlet/hhome HTTP/1.1" 200 4215
190.171.141.122 - - [26/Aug/2021:11:22:48 -0300] "GET /cormun/servlet/trsolicitudot? HTTP/1.1" 200 7445
190.171.141.122 - - [26/Aug/2021:11:22:49 -0300] "GET /cormun/servlet/trsolicitudot? HTTP/1.1" 200 7445
186.103.156.166 - - [26/Aug/2021:11:22:57 -0300] "POST /cormun/servlet/solicitudot?gx-no-cache=1629987149261 HTTP/1.1" 200 30
186.103.156.166 - - [26/Aug/2021:11:23:06 -0300] "POST /cormun/servlet/solicitudot?gx-no-cache=1629987157669 HTTP/1.1" 200 30
192.168.10.94 - - [26/Aug/2021:11:23:10 -0300] "POST /cormun/servlet/trsolicitudgral?a697501cafb7eb047d5a8952cde54b14,,gx-no-cache=1629987026091 HTTP/1.1" 200 7410
192.168.10.94 - - [26/Aug/2021:11:23:18 -0300] "POST /cormun/servlet/trsolicitudgral?a697501cafb7eb047d5a8952cde54b14,,gx-no-cache=1629987033980 HTTP/1.1" 200 6238
186.103.156.166 - - [26/Aug/2021:11:23:18 -0300] "POST /cormun/servlet/solicitudot?gx-no-cache=1629987169969 HTTP/1.1" 200 1440
186.103.156.166 - - [26/Aug/2021:11:23:18 -0300] "POST /cormun/servlet/solicitudot?gx-no-cache=1629987170133 HTTP/1.1" 200 40
186.103.156.166 - - [26/Aug/2021:11:23:18 -0300] "GET /cormun/servlet/solicitudot?93b12760690a507ead279d3d4c438dc04d7286eea7273bb195a392540c74ac73fe03b9b899b6c59289510531777f8683e2495f9d33c0666003a64da6349c819a4690c37cbeb303098695287b77ed89212100a6c2c71426137063e280efe9cc812d0eabb237b76d05f39675947012e844,gx-no-cache=1629987170210 HTTP/1.1" 200 110
186.103.156.166 - - [26/Aug/2021:11:23:18 -0300] "POST /cormun/servlet/solicitudot?gx-no-cache=1629987170286 HTTP/1.1" 200 97
186.103.156.166 - - [26/Aug/2021:11:23:18 -0300] "GET /cormun/servlet/solicitudot?93b12760690a507ead279d3d4c438dc0713ba1bb5e4697b487eae72d68b8a346bbeb77275c454389e28db968d3294fc21168b62c349e17548b45bc8e1846cc99614da9e15c4933bc18383b884f5da8b3abda8cac076263e3cb2b96bac75c1b31d950b3ccd1e71022a3eb41a0f8dbfef1095222d86548edc4f44f12aa00255337137239a2cb8851a8887a02733a96314cdbdcbb682ba47e3304ed43056e818ba0,gx-no-cache=1629987170383 HTTP/1.1" 200 29
186.103.156.166 - - [26/Aug/2021:11:23:18 -0300] "GET /cormun/servlet/solicitudot?93b12760690a507ead279d3d4c438dc06004f95295e33b5569005fe74cbe9c21,gx-no-cache=1629987170430 HTTP/1.1" 200 30
192.168.10.163 - - [26/Aug/2021:11:23:27 -0300] "POST /cormun/servlet/trsolicitudgral?f7706565edc7f3db79435ee27ff85033,,gx-no-cache=1629987043005 HTTP/1.1" 200 6654
186.103.156.166 - - [26/Aug/2021:11:23:29 -0300] "GET /cormun/servlet/solicitudot?93b12760690a507ead279d3d4c438dc0713ba1bb5e4697b487eae72d68b8a346bbeb77275c454389e28db968d3294fc24a7367f1e7e054cecb7195da9d74bab3614da9e15c4933bc18383b884f5da8b3abda8cac076263e3cb2b96bac75c1b31d950b3ccd1e71022a3eb41a0f8dbfef1095222d86548edc4f44f12aa00255337137239a2cb8851a8887a02733a96314cdbdcbb682ba47e3304ed43056e818ba0,gx-no-cache=1629987180990 HTTP/1.1" 200 29
186.103.156.166 - - [26/Aug/2021:11:23:31 -0300] "GET /cormun/static/menuarrow.gif HTTP/1.1" 404 1015
192.168.10.163 - - [26/Aug/2021:11:23:40 -0300] "POST /cormun/servlet/trsolicitudgral?f7706565edc7f3db79435ee27ff85033,,gx-no-cache=1629987055761 HTTP/1.1" 200 5482
192.168.10.163 - - [26/Aug/2021:11:23:40 -0300] "GET /cormun/static/Shared/jqueryui/images/ui-bg_highlight-soft_100_c6c2c8_1x100.png HTTP/1.1" 404 1117
192.168.10.163 - - [26/Aug/2021:11:23:40 -0300] "GET /cormun/static/Shared/jqueryui/images/ui-icons_82798d_256x240.png HTTP/1.1" 404 1089
192.168.10.163 - - [26/Aug/2021:11:23:40 -0300] "GET /cormun/static/Shared/jqueryui/images/ui-bg_flat_55_fafafa_40x100.png HTTP/1.1" 404 1097
192.168.10.163 - - [26/Aug/2021:11:23:40 -0300] "GET /cormun/static/Shared/jqueryui/images/ui-icons_8d78a5_256x240.png HTTP/1.1" 404 1089
186.103.156.166 - - [26/Aug/2021:11:23:40 -0300] "GET /cormun/servlet/solicitudot?93b12760690a507ead279d3d4c438dc0bff2e4fbb53e8d39fa2000a1d056f2824c56e57940c45420bf763ff65476fb18,gx-no-cache=1629987192165 HTTP/1.1" 200 30
186.103.156.166 - - [26/Aug/2021:11:23:40 -0300] "POST /cormun/servlet/solicitudot?gx-no-cache=1629987192260 HTTP/1.1" 200 135
186.103.156.166 - - [26/Aug/2021:11:23:40 -0300] "GET /cormun/static/Shared/jqueryui/images/ui-bg_highlight-soft_100_c6c2c8_1x100.png HTTP/1.1" 404 1117
186.103.156.166 - - [26/Aug/2021:11:23:40 -0300] "GET /cormun/static/Shared/jqueryui/images/ui-icons_82798d_256x240.png HTTP/1.1" 404 1089
186.103.156.166 - - [26/Aug/2021:11:23:40 -0300] "GET /cormun/static/Shared/jqueryui/images/ui-bg_flat_55_994d53_40x100.png HTTP/1.1" 404 1097
186.103.156.166 - - [26/Aug/2021:11:23:40 -0300] "GET /cormun/static/Shared/jqueryui/images/ui-icons_ebccce_256x240.png HTTP/1.1" 404 1089
192.168.10.163 - - [26/Aug/2021:11:23:42 -0300] "GET /cormun/servlet/trautorizarot? HTTP/1.1" 200 10388
192.168.10.163 - - [26/Aug/2021:11:23:42 -0300] "GET /cormun/static/gxcfg.js?202012169508 HTTP/1.1" 200 953
192.168.10.163 - - [26/Aug/2021:11:23:42 -0300] "GET /cormun/static/trautorizarot.js?2020121695965 HTTP/1.1" 200 53844
192.168.10.163 - - [26/Aug/2021:11:23:42 -0300] "GET /cormun//static/Resources/PXToolsDataSearchRemember.gif HTTP/1.1" 200 1153
192.168.10.163 - - [26/Aug/2021:11:23:42 -0300] "GET /cormun/servlet/trautorizarot? HTTP/1.1" 200 10388
192.168.10.163 - - [26/Aug/2021:11:23:48 -0300] "POST /cormun/servlet/trautorizarot?f7706565edc7f3db79435ee27ff85033,,gx-no-cache=1629987064008 HTTP/1.1" 200 7010
192.168.10.94 - - [26/Aug/2021:11:23:51 -0300] "POST /cormun/servlet/trsolicitudgral?a697501cafb7eb047d5a8952cde54b14,,gx-no-cache=1629987066873 HTTP/1.1" 200 7433
192.168.10.94 - - [26/Aug/2021:11:24:01 -0300] "POST /cormun/servlet/trsolicitudgral?a697501cafb7eb047d5a8952cde54b14,,gx-no-cache=1629987077236 HTTP/1.1" 200 6256
192.168.10.94 - - [26/Aug/2021:11:24:15 -0300] "POST /cormun/servlet/trsolicitudgral?a697501cafb7eb047d5a8952cde54b14,,gx-no-cache=1629987091135 HTTP/1.1" 200 7438
192.168.10.94 - - [26/Aug/2021:11:24:23 -0300] "POST /cormun/servlet/trsolicitudgral?a697501cafb7eb047d5a8952cde54b14,,gx-no-cache=1629987099178 HTTP/1.1" 200 6259
186.103.156.166 - - [26/Aug/2021:11:25:02 -0300] "GET /cormun/servlet/solicitudot?93b12760690a507ead279d3d4c438dc04d7286eea7273bb195a392540c74ac73fe03b9b899b6c59289510531777f8683e2495f9d33c0666003a64da6349c819a4690c37cbeb303098695287b77ed89212100a6c2c71426137063e280efe9cc812d0eabb237b76d05f39675947012e844,gx-no-cache=1629987273660 HTTP/1.1" 200 110
186.103.156.166 - - [26/Aug/2021:11:25:03 -0300] "POST /cormun/servlet/solicitudot?gx-no-cache=1629987274020 HTTP/1.1" 200 135
186.103.156.166 - - [26/Aug/2021:11:25:16 -0300] "GET /cormun/servlet/prlicenciaspermisos?13096770,L,,MD,,gxPopupLevel%3D0%3B HTTP/1.1" 200 5516
192.168.10.94 - - [26/Aug/2021:11:25:21 -0300] "POST /cormun/servlet/trsolicitudgral?a697501cafb7eb047d5a8952cde54b14,,gx-no-cache=1629987157576 HTTP/1.1" 200 7418
192.168.10.94 - - [26/Aug/2021:11:25:28 -0300] "POST /cormun/servlet/trsolicitudgral?a697501cafb7eb047d5a8952cde54b14,,gx-no-cache=1629987163754 HTTP/1.1" 200 6239
186.103.156.166 - - [26/Aug/2021:11:25:30 -0300] "POST /cormun/servlet/solicitudot?gx-no-cache=1629987301708 HTTP/1.1" 200 40
186.103.156.166 - - [26/Aug/2021:11:25:30 -0300] "GET /cormun/servlet/solicitudot?93b12760690a507ead279d3d4c438dc04d7286eea7273bb195a392540c74ac73fe03b9b899b6c59289510531777f8683e2495f9d33c0666003a64da6349c819a4690c37cbeb303098695287b77ed89212100a6c2c71426137063e280efe9cc812d0eabb237b76d05f39675947012e844,gx-no-cache=1629987301806 HTTP/1.1" 200 110
186.103.156.166 - - [26/Aug/2021:11:25:33 -0300] "GET /cormun/servlet/solicitudot?93b12760690a507ead279d3d4c438dc04d7286eea7273bb195a392540c74ac73fe03b9b899b6c59289510531777f8683e2495f9d33c0666003a64da6349c819a4690c37cbeb303098695287b77ed89212100a6c2c71426137063e280efe9cc812d0eabb237b76d05f39675947012e844,gx-no-cache=1629987305292 HTTP/1.1" 200 110
192.168.10.94 - - [26/Aug/2021:11:26:09 -0300] "POST /cormun/servlet/trsolicitudgral?a697501cafb7eb047d5a8952cde54b14,,gx-no-cache=1629987204999 HTTP/1.1" 200 6029
192.168.10.94 - - [26/Aug/2021:11:26:25 -0300] "POST /cormun/servlet/trsolicitudgral?a697501cafb7eb047d5a8952cde54b14,,gx-no-cache=1629987221685 HTTP/1.1" 200 7415
192.168.10.94 - - [26/Aug/2021:11:26:33 -0300] "POST /cormun/servlet/trsolicitudgral?a697501cafb7eb047d5a8952cde54b14,,gx-no-cache=1629987229562 HTTP/1.1" 200 6239
192.168.10.94 - - [26/Aug/2021:11:26:56 -0300] "POST /cormun/servlet/trsolicitudgral?a697501cafb7eb047d5a8952cde54b14,,gx-no-cache=1629987252257 HTTP/1.1" 200 7409
192.168.10.94 - - [26/Aug/2021:11:27:01 -0300] "POST /cormun/servlet/trsolicitudgral?a697501cafb7eb047d5a8952cde54b14,,gx-no-cache=1629987257674 HTTP/1.1" 200 6227
190.171.141.82 - - [26/Aug/2021:11:27:10 -0300] "GET /cormun/servlet/hlogin HTTP/1.1" 200 1725
190.171.141.82 - - [26/Aug/2021:11:27:11 -0300] "GET /cormun/servlet/hlogin HTTP/1.1" 200 1736
190.171.141.82 - - [26/Aug/2021:11:27:17 -0300] "POST /cormun/servlet/hlogin?aed0c5540e655b01c8b462214a2edde3,gx-no-cache=1629987407925 HTTP/1.1" 200 90
192.168.10.94 - - [26/Aug/2021:11:27:18 -0300] "POST /cormun/servlet/trsolicitudgral?a697501cafb7eb047d5a8952cde54b14,,gx-no-cache=1629987273768 HTTP/1.1" 200 7434
190.171.141.82 - - [26/Aug/2021:11:27:18 -0300] "GET /cormun/servlet/hpexe_link HTTP/1.1" 200 953
190.171.141.82 - - [26/Aug/2021:11:27:18 -0300] "GET /cormun/servlet/hhome HTTP/1.1" 200 3955
190.171.141.82 - - [26/Aug/2021:11:27:20 -0300] "GET /cormun/servlet/hhome HTTP/1.1" 200 3951
192.168.10.94 - - [26/Aug/2021:11:27:22 -0300] "POST /cormun/servlet/trsolicitudgral?a697501cafb7eb047d5a8952cde54b14,,gx-no-cache=1629987278049 HTTP/1.1" 200 6248
190.171.141.82 - - [26/Aug/2021:11:27:31 -0300] "GET /cormun/servlet/trsolicitudot? HTTP/1.1" 200 7175
190.171.141.82 - - [26/Aug/2021:11:27:33 -0300] "GET /cormun/servlet/trsolicitudot? HTTP/1.1" 200 7174
192.168.10.94 - - [26/Aug/2021:11:27:40 -0300] "POST /cormun/servlet/trsolicitudgral?a697501cafb7eb047d5a8952cde54b14,,gx-no-cache=1629987296608 HTTP/1.1" 200 7426
190.171.141.82 - - [26/Aug/2021:11:27:44 -0300] "POST /cormun/servlet/trsolicitudot?aed0c5540e655b01c8b462214a2edde3,,gx-no-cache=1629987434363 HTTP/1.1" 200 16990
192.168.10.94 - - [26/Aug/2021:11:27:54 -0300] "POST /cormun/servlet/trsolicitudgral?a697501cafb7eb047d5a8952cde54b14,,gx-no-cache=1629987310290 HTTP/1.1" 200 6245
192.168.10.94 - - [26/Aug/2021:11:28:08 -0300] "POST /cormun/servlet/trsolicitudgral?a697501cafb7eb047d5a8952cde54b14,,gx-no-cache=1629987324007 HTTP/1.1" 200 7414
192.168.10.94 - - [26/Aug/2021:11:28:14 -0300] "POST /cormun/servlet/trsolicitudgral?a697501cafb7eb047d5a8952cde54b14,,gx-no-cache=1629987329897 HTTP/1.1" 200 6242
192.168.10.94 - - [26/Aug/2021:11:28:31 -0300] "POST /cormun/servlet/trsolicitudgral?a697501cafb7eb047d5a8952cde54b14,,gx-no-cache=1629987347455 HTTP/1.1" 200 7416
192.168.10.94 - - [26/Aug/2021:11:28:37 -0300] "POST /cormun/servlet/trsolicitudgral?a697501cafb7eb047d5a8952cde54b14,,gx-no-cache=1629987352970 HTTP/1.1" 200 6250
192.168.10.163 - - [26/Aug/2021:11:28:49 -0300] "GET /cormun/servlet/trsolicitudgral? HTTP/1.1" 200 8258
192.168.10.163 - - [26/Aug/2021:11:28:49 -0300] "GET /cormun/servlet/trsolicitudgral? HTTP/1.1" 200 8258
192.168.10.163 - - [26/Aug/2021:11:28:55 -0300] "POST /cormun/servlet/trsolicitudgral?f7706565edc7f3db79435ee27ff85033,,gx-no-cache=1629987370455 HTTP/1.1" 200 22806
186.103.156.166 - - [26/Aug/2021:11:29:10 -0300] "POST /cormun/servlet/solicitudot?gx-no-cache=1629987521947 HTTP/1.1" 200 30
186.103.156.166 - - [26/Aug/2021:11:29:20 -0300] "GET /cormun/servlet/prcontratosol?15755754,,,,,MD,,gxPopupLevel%3D0%3B HTTP/1.1" 200 9050
186.103.156.166 - - [26/Aug/2021:11:29:20 -0300] "GET /cormun/static/gxcfg.js?2019914201458 HTTP/1.1" 200 953
186.103.156.166 - - [26/Aug/2021:11:29:20 -0300] "GET /cormun/static/prcontratosol.js?20199142014772 HTTP/1.1" 200 15806
186.103.156.166 - - [26/Aug/2021:11:29:20 -0300] "GET /cormun/static/Resources/Spanish/PXTools.css?19172979 HTTP/1.1" 200 100853
186.103.156.166 - - [26/Aug/2021:11:29:22 -0300] "POST /cormun/servlet/acontrolpreferencessavestate?None,MJRAMOS,true HTTP/1.1" 200 35
186.103.156.166 - - [26/Aug/2021:11:29:26 -0300] "POST /cormun/servlet/solicitudot?gx-no-cache=1629987537889 HTTP/1.1" 200 1440
186.103.156.166 - - [26/Aug/2021:11:29:26 -0300] "POST /cormun/servlet/solicitudot?gx-no-cache=1629987537982 HTTP/1.1" 200 40
186.103.156.166 - - [26/Aug/2021:11:29:26 -0300] "GET /cormun/servlet/solicitudot?93b12760690a507ead279d3d4c438dc04d7286eea7273bb195a392540c74ac73fe03b9b899b6c59289510531777f8683e2495f9d33c0666003a64da6349c819a4690c37cbeb303098695287b77ed89212100a6c2c71426137063e280efe9cc812d0eabb237b76d05f39675947012e844,gx-no-cache=1629987538021 HTTP/1.1" 200 110
186.103.156.166 - - [26/Aug/2021:11:29:26 -0300] "POST /cormun/servlet/solicitudot?gx-no-cache=1629987538054 HTTP/1.1" 200 97
186.103.156.166 - - [26/Aug/2021:11:29:26 -0300] "GET /cormun/servlet/solicitudot?93b12760690a507ead279d3d4c438dc0c55c2b648c698d673ed983c654765f7bfdbf1644048e6413bc775c86962b0ada,gx-no-cache=1629987538096 HTTP/1.1" 200 134
190.171.153.34 - - [26/Aug/2021:11:29:38 -0300] "GET /cormun/servlet/hlogin HTTP/1.1" 200 1729
190.171.153.34 - - [26/Aug/2021:11:29:38 -0300] "GET /cormun/static/gxtimezone.js?85251 HTTP/1.1" 200 5781
190.171.153.34 - - [26/Aug/2021:11:29:38 -0300] "GET /cormun/static/gxcfg.js?201910216285969 HTTP/1.1" 200 953
190.171.153.34 - - [26/Aug/2021:11:29:38 -0300] "GET /cormun/static/Resources/Spanish/PXTools.css?2294816 HTTP/1.1" 200 100853
190.171.153.34 - - [26/Aug/2021:11:29:38 -0300] "GET /cormun/static/messages.spa.js?85251 HTTP/1.1" 200 30736
190.171.153.34 - - [26/Aug/2021:11:29:38 -0300] "GET /cormun/static/hlogin.js?201910216285995 HTTP/1.1" 200 2136
190.171.153.34 - - [26/Aug/2021:11:29:38 -0300] "GET /cormun/static/Resources/Logo2019_Grande.png HTTP/1.1" 200 31733
190.171.153.34 - - [26/Aug/2021:11:29:38 -0300] "GET /cormun/static/gxgral.js?85251 HTTP/1.1" 200 384558
190.171.153.34 - - [26/Aug/2021:11:29:38 -0300] "GET /cormun/static/Resources/PXToolsLoginTop.png HTTP/1.1" 200 1337
190.171.153.34 - - [26/Aug/2021:11:29:38 -0300] "GET /cormun/static/Resources/PXToolsLoginBackground.png HTTP/1.1" 200 1164
190.171.153.34 - - [26/Aug/2021:11:29:38 -0300] "GET /cormun/static/Resources/PXToolsButtonRight.png HTTP/1.1" 200 1294
190.171.153.34 - - [26/Aug/2021:11:29:38 -0300] "GET /cormun/static/Resources/PXToolsLoginBottom.png HTTP/1.1" 200 1389
190.171.153.34 - - [26/Aug/2021:11:29:38 -0300] "GET /cormun/static/Resources/PXToolsButtonBackground.png HTTP/1.1" 200 1176
190.171.153.34 - - [26/Aug/2021:11:29:38 -0300] "GET /cormun/static/Resources/PXToolsButtonLeft.png HTTP/1.1" 200 1310
190.171.153.34 - - [26/Aug/2021:11:29:38 -0300] "GET /cormun/servlet/hlogin HTTP/1.1" 200 1740
190.171.153.34 - - [26/Aug/2021:11:29:38 -0300] "GET /cormun/static/Resources/indicator.gif HTTP/1.1" 200 1553
190.171.153.34 - - [26/Aug/2021:11:29:39 -0300] "GET /favicon.ico HTTP/1.1" 200 21630
190.171.153.34 - - [26/Aug/2021:11:29:48 -0300] "POST /cormun/servlet/hlogin?b940fb056812f548f55350b1564789d5,gx-no-cache=1629987560708 HTTP/1.1" 200 90
190.171.153.34 - - [26/Aug/2021:11:29:48 -0300] "GET /cormun/servlet/hpexe_link HTTP/1.1" 200 957
190.171.153.34 - - [26/Aug/2021:11:29:48 -0300] "GET /cormun/static/hpexe_link.js?201991422392963 HTTP/1.1" 200 625
190.171.153.34 - - [26/Aug/2021:11:29:48 -0300] "GET /cormun/static/gxcfg.js?201991422392958 HTTP/1.1" 200 953
190.171.153.34 - - [26/Aug/2021:11:29:48 -0300] "GET /cormun/servlet/hhome HTTP/1.1" 200 4346
190.171.153.34 - - [26/Aug/2021:11:29:48 -0300] "GET /cormun/static/Shared/jqueryui/jquery-ui.min.css?1345370 HTTP/1.1" 200 30288
190.171.153.34 - - [26/Aug/2021:11:29:48 -0300] "GET /cormun/static/gxcfg.js?20201215495537 HTTP/1.1" 200 953
190.171.153.34 - - [26/Aug/2021:11:29:48 -0300] "GET /cormun/static/SmoothNavMenu/resources/ddsmoothmenu.css?1112540 HTTP/1.1" 200 2223
190.171.153.34 - - [26/Aug/2021:11:29:48 -0300] "GET /cormun/static/SmoothNavMenu/resources/ddsmoothmenu-v.css?1112540 HTTP/1.1" 200 1188
190.171.153.34 - - [26/Aug/2021:11:29:48 -0300] "GET /cormun/static/scaMessage/css/jquery.pnotify.default.css?1816380 HTTP/1.1" 200 1707
190.171.153.34 - - [26/Aug/2021:11:29:48 -0300] "GET /cormun/static/Resources/Spanish/PXTools.css?14345360 HTTP/1.1" 200 100853
190.171.153.34 - - [26/Aug/2021:11:29:48 -0300] "GET /cormun/static/PXToolsJavascripts/pexe_autoreload.js HTTP/1.1" 200 1762
190.171.153.34 - - [26/Aug/2021:11:29:48 -0300] "GET /cormun/static/PXToolsJavascripts/pexe_cookies.js HTTP/1.1" 200 792
190.171.153.34 - - [26/Aug/2021:11:29:48 -0300] "GET /cormun/static/PXToolsJavascripts/pexe_windows.js HTTP/1.1" 200 15207
190.171.153.34 - - [26/Aug/2021:11:29:48 -0300] "GET /cormun/static/PXToolsJavascripts/pexe_grid.js HTTP/1.1" 200 7559
190.171.153.34 - - [26/Aug/2021:11:29:48 -0300] "GET /cormun/static/PXToolsJavascripts/pexe_griddivfix.js HTTP/1.1" 200 6644
190.171.153.34 - - [26/Aug/2021:11:29:48 -0300] "GET /cormun/static/PXToolsJavascripts/pexe_link.js HTTP/1.1" 200 5671
190.171.153.34 - - [26/Aug/2021:11:29:48 -0300] "GET /cormun/static/PXToolsJavascripts/pexe_menudivfix.js HTTP/1.1" 200 333
190.171.153.34 - - [26/Aug/2021:11:29:48 -0300] "GET /cormun/static/PXToolsJavascripts/pexe_menus.js HTTP/1.1" 200 1286
190.171.153.34 - - [26/Aug/2021:11:29:48 -0300] "GET /cormun/static/PXToolsJavascripts/pexe_layers.js HTTP/1.1" 200 4114
190.171.153.34 - - [26/Aug/2021:11:29:48 -0300] "GET /cormun/static/PXToolsJavascripts/pexe_oav.js HTTP/1.1" 200 645
190.171.153.34 - - [26/Aug/2021:11:29:48 -0300] "GET /cormun/static/PXToolsJavascripts/pexe_oavdivfix.js HTTP/1.1" 200 639
190.171.153.34 - - [26/Aug/2021:11:29:48 -0300] "GET /cormun/static/PXToolsJavascripts/pexe_picture.js HTTP/1.1" 200 689
190.171.153.34 - - [26/Aug/2021:11:29:48 -0300] "GET /cormun/static/PXToolsJavascripts/pexe_popup.js HTTP/1.1" 200 13458
190.171.153.34 - - [26/Aug/2021:11:29:48 -0300] "GET /cormun/static/PXToolsJavascripts/pexe_tabdivfix.js HTTP/1.1" 200 876
190.171.153.34 - - [26/Aug/2021:11:29:48 -0300] "GET /cormun/static/PXToolsJavascripts/pexe_tabs.js HTTP/1.1" 200 3748
190.171.153.34 - - [26/Aug/2021:11:29:48 -0300] "GET /cormun/static/PXToolsJavascripts/pexe_upload.js HTTP/1.1" 200 1423
190.171.153.34 - - [26/Aug/2021:11:29:48 -0300] "GET /cormun/static/PXToolsJavascripts/pexe_scrolldiv.js HTTP/1.1" 200 4138
190.171.153.34 - - [26/Aug/2021:11:29:48 -0300] "GET /cormun/static/PXToolsJavascripts/PXToolsJavascriptsRender.js HTTP/1.1" 200 367
190.171.153.34 - - [26/Aug/2021:11:29:48 -0300] "GET /cormun/static/hhome.js?20201215495544 HTTP/1.1" 200 777
190.171.153.34 - - [26/Aug/2021:11:29:48 -0300] "GET /cormun/static/hwchdr01.js?20201214473739 HTTP/1.1" 200 996
190.171.153.34 - - [26/Aug/2021:11:29:48 -0300] "GET /cormun/static/RunJS/RunJS.js HTTP/1.1" 200 288
190.171.153.34 - - [26/Aug/2021:11:29:48 -0300] "GET /cormun/static/gxui/gxui-all.js HTTP/1.1" 200 107772
190.171.153.34 - - [26/Aug/2021:11:29:48 -0300] "GET /cormun/static/Shared/ext/locale/ext-lang-en.js HTTP/1.1" 200 10940
190.171.153.34 - - [26/Aug/2021:11:29:48 -0300] "GET /cormun/static/hpexe_recentlink.js?20201214471090 HTTP/1.1" 200 2144
190.171.153.34 - - [26/Aug/2021:11:29:48 -0300] "GET /cormun/static/hpexe_scripts.js?20201214471411 HTTP/1.1" 200 1544
190.171.153.34 - - [26/Aug/2021:11:29:48 -0300] "GET /cormun/static/hpexe_messagecontroller.js?201991422154126 HTTP/1.1" 200 870
190.171.153.34 - - [26/Aug/2021:11:29:48 -0300] "GET /cormun/static/hpexe_messagepopupcomponent.js?2020121447232 HTTP/1.1" 200 605
190.171.153.34 - - [26/Aug/2021:11:29:48 -0300] "GET /cormun/static/cmcontrolpreferences.js?20199141926336 HTTP/1.1" 200 1375
190.171.153.34 - - [26/Aug/2021:11:29:48 -0300] "GET /cormun/static/hpexe_messagegenexuscomponent.js?2020121447173 HTTP/1.1" 200 587
190.171.153.34 - - [26/Aug/2021:11:29:48 -0300] "GET /cormun/static/Resources/ImgHome.png HTTP/1.1" 200 1364
190.171.153.34 - - [26/Aug/2021:11:29:48 -0300] "GET /cormun/static/Resources/ImgLogin.png HTTP/1.1" 200 1432
190.171.153.34 - - [26/Aug/2021:11:29:48 -0300] "GET /cormun/static/Resources/PXToolsDataTitle.png HTTP/1.1" 200 1173
190.171.153.34 - - [26/Aug/2021:11:29:48 -0300] "GET /cormun/static/Resources/Logo2019_Small.png HTTP/1.1" 200 10855
190.171.153.34 - - [26/Aug/2021:11:29:48 -0300] "GET /cormun/static/Resources/Llave.png HTTP/1.1" 200 1395
190.171.153.34 - - [26/Aug/2021:11:29:48 -0300] "GET /cormun/static/Shared/jquery/jquery-1.4.2.min.js HTTP/1.1" 200 72174
190.171.153.34 - - [26/Aug/2021:11:29:48 -0300] "GET /cormun/static/Shared/jquery/jquery-1.10.2.min.js HTTP/1.1" 200 273199
190.171.153.34 - - [26/Aug/2021:11:29:48 -0300] "GET /cormun/static/SmoothNavMenu/resources/ddsmoothmenu.js HTTP/1.1" 200 12712
190.171.153.34 - - [26/Aug/2021:11:29:48 -0300] "GET /cormun/static/SmoothNavMenu/resources/SmoothNavMenuRender.js HTTP/1.1" 200 5951
190.171.153.34 - - [26/Aug/2021:11:29:48 -0300] "GET /cormun/static/scaMessage/js/jquery.pnotify.min.js HTTP/1.1" 200 13038
190.171.153.34 - - [26/Aug/2021:11:29:48 -0300] "GET /cormun/static/scaMessage/scaMessageRender.js HTTP/1.1" 200 11977
190.171.153.34 - - [26/Aug/2021:11:29:48 -0300] "GET /cormun/static/hmpwkw03.js?20201215501896 HTTP/1.1" 200 3973
190.171.153.34 - - [26/Aug/2021:11:29:48 -0300] "GET /cormun/static/Shared/jqueryui/jquery-ui.min.js HTTP/1.1" 200 240427
190.171.153.34 - - [26/Aug/2021:11:29:49 -0300] "GET /cormun/static/Shared/ext/ext-all.js HTTP/1.1" 200 1289687
190.171.153.34 - - [26/Aug/2021:11:29:49 -0300] "GET /cormun/static/SmoothNavMenu/resources/images/down.gif HTTP/1.1" 200 854
190.171.153.34 - - [26/Aug/2021:11:29:49 -0300] "GET /cormun/static/SmoothNavMenu/resources/images/right.gif HTTP/1.1" 200 860
190.171.153.34 - - [26/Aug/2021:11:29:49 -0300] "GET /cormun/servlet/hhome HTTP/1.1" 200 4342
186.103.156.166 - - [26/Aug/2021:11:29:50 -0300] "GET /cormun/servlet/solicitudot?93b12760690a507ead279d3d4c438dc0bff2e4fbb53e8d39fa2000a1d056f2824c56e57940c45420bf763ff65476fb18,gx-no-cache=1629987561874 HTTP/1.1" 200 30
186.103.156.166 - - [26/Aug/2021:11:29:51 -0300] "POST /cormun/servlet/solicitudot?gx-no-cache=1629987562891 HTTP/1.1" 200 122
190.171.153.34 - - [26/Aug/2021:11:29:53 -0300] "GET /cormun/servlet/trlicencias? HTTP/1.1" 200 10819
190.171.153.34 - - [26/Aug/2021:11:29:53 -0300] "GET /cormun/static/gxui/gxui-all.css?120300 HTTP/1.1" 200 2179
190.171.153.34 - - [26/Aug/2021:11:29:53 -0300] "GET /cormun/static/calendar-system.css?85620 HTTP/1.1" 200 5572
190.171.153.34 - - [26/Aug/2021:11:29:53 -0300] "GET /cormun/static/gxcfg.js?2020121613995 HTTP/1.1" 200 953
190.171.153.34 - - [26/Aug/2021:11:29:53 -0300] "GET /cormun/static/calendar-setup.js?85251 HTTP/1.1" 200 2588
190.171.153.34 - - [26/Aug/2021:11:29:53 -0300] "GET /cormun/static/Shared/ext/resources/css/ext-all.css?215870 HTTP/1.1" 200 416045
190.171.153.34 - - [26/Aug/2021:11:29:53 -0300] "GET /cormun/static/calendar-es.js?85251 HTTP/1.1" 200 1901
190.171.153.34 - - [26/Aug/2021:11:29:53 -0300] "GET /cormun/static/calendar.js?85251 HTTP/1.1" 200 26246
190.171.153.34 - - [26/Aug/2021:11:29:53 -0300] "GET /cormun/static/gxdec.js?85251 HTTP/1.1" 200 19579
190.171.153.34 - - [26/Aug/2021:11:29:53 -0300] "GET /cormun/static/trlicencias.js?202012162481 HTTP/1.1" 200 41883
190.171.153.34 - - [26/Aug/2021:11:29:53 -0300] "GET /cormun/static/Resources/PXToolsDataSearch.png HTTP/1.1" 200 435
190.171.153.34 - - [26/Aug/2021:11:29:53 -0300] "GET /cormun/static/Resources/PXToolsGridFirstDisabled.gif HTTP/1.1" 200 100
190.171.153.34 - - [26/Aug/2021:11:29:53 -0300] "GET /cormun/static/Resources/PXTools/calendar.png HTTP/1.1" 200 1306
190.171.153.34 - - [26/Aug/2021:11:29:53 -0300] "GET /cormun/static/Resources/PXToolsGridLastDisabled.gif HTTP/1.1" 200 98
190.171.153.34 - - [26/Aug/2021:11:29:53 -0300] "GET /cormun/static/Resources/PXToolsGridNextDisabled.gif HTTP/1.1" 200 90
190.171.153.34 - - [26/Aug/2021:11:29:53 -0300] "GET /cormun/static/Resources/PXToolsGridPreviousDisabled.gif HTTP/1.1" 200 90
190.171.153.34 - - [26/Aug/2021:11:29:53 -0300] "GET /cormun/static/Resources/PXToolsGridPage.gif HTTP/1.1" 200 725
190.171.153.34 - - [26/Aug/2021:11:29:53 -0300] "GET /cormun/static/Resources/PXToolsAddAllAction.png HTTP/1.1" 200 495
190.171.153.34 - - [26/Aug/2021:11:29:53 -0300] "GET /cormun/static/Resources/PXToolsActionExcel.png HTTP/1.1" 200 727
190.171.153.34 - - [26/Aug/2021:11:29:53 -0300] "GET /cormun/static/Resources/asc.gif HTTP/1.1" 200 67
190.171.153.34 - - [26/Aug/2021:11:29:53 -0300] "GET /cormun/static/Resources/desc.gif HTTP/1.1" 200 65
190.171.153.34 - - [26/Aug/2021:11:29:53 -0300] "GET /cormun//static/Resources/PXToolsActionDisabled.gif HTTP/1.1" 200 53
190.171.153.34 - - [26/Aug/2021:11:29:53 -0300] "GET /cormun//static/Resources/PXTools/ActionInsert.png HTTP/1.1" 200 1482
190.171.153.34 - - [26/Aug/2021:11:29:53 -0300] "GET /cormun//static/Resources/PXToolsGridDisplay.png HTTP/1.1" 200 525
190.171.153.34 - - [26/Aug/2021:11:29:53 -0300] "GET /cormun//static/Resources/PXToolsActionPrint.png HTTP/1.1" 200 404
190.171.153.34 - - [26/Aug/2021:11:29:53 -0300] "GET /cormun//static/Resources/PXToolsHeaderFavorites.png HTTP/1.1" 200 1414
190.171.153.34 - - [26/Aug/2021:11:29:53 -0300] "GET /cormun//static/Resources/PXToolsHeaderHelp.png HTTP/1.1" 200 1333
190.171.153.34 - - [26/Aug/2021:11:29:53 -0300] "GET /cormun/static/Shared/ext/resources/themes/images/default/tools/tool-sprites.gif HTTP/1.1" 200 5434
190.171.153.34 - - [26/Aug/2021:11:29:53 -0300] "GET /cormun/static/Shared/ext/resources/themes/images/default/panel/bg-headersPanel.png HTTP/1.1" 200 255
190.171.153.34 - - [26/Aug/2021:11:29:53 -0300] "GET /cormun/servlet/trlicencias? HTTP/1.1" 200 10816
186.103.156.166 - - [26/Aug/2021:11:30:34 -0300] "GET /cormun/servlet/prlicenciaspermisos?13096770,L,,MD,,gxPopupLevel%3D0%3B HTTP/1.1" 200 5523
186.103.156.166 - - [26/Aug/2021:11:30:41 -0300] "POST /cormun/servlet/solicitudot?gx-no-cache=1629987613375 HTTP/1.1" 200 40
186.103.156.166 - - [26/Aug/2021:11:30:41 -0300] "GET /cormun/servlet/solicitudot?93b12760690a507ead279d3d4c438dc04d7286eea7273bb195a392540c74ac73fe03b9b899b6c59289510531777f8683e2495f9d33c0666003a64da6349c819a4690c37cbeb303098695287b77ed89212100a6c2c71426137063e280efe9cc812d0eabb237b76d05f39675947012e844,gx-no-cache=1629987613475 HTTP/1.1" 200 110
186.103.156.166 - - [26/Aug/2021:11:30:42 -0300] "POST /cormun/servlet/solicitudot?gx-no-cache=1629987613565 HTTP/1.1" 200 32
186.103.156.166 - - [26/Aug/2021:11:30:49 -0300] "POST /cormun/servlet/solicitudot?93330fac729d65deb53f6e39653d818a,INS,0,0,false,,gx-no-cache=1629987620935 HTTP/1.1" 200 93
186.103.156.166 - - [26/Aug/2021:11:30:49 -0300] "GET /cormun/servlet/hpexe_return? HTTP/1.1" 200 1012
186.103.156.166 - - [26/Aug/2021:11:30:50 -0300] "GET /cormun/servlet/trsolicitudot HTTP/1.1" 200 9699
186.103.156.166 - - [26/Aug/2021:11:30:52 -0300] "GET /cormun/servlet/trsolicitudot HTTP/1.1" 200 9694
192.168.10.163 - - [26/Aug/2021:11:30:59 -0300] "GET /cormun/servlet/trsolicitudgral? HTTP/1.1" 200 25533
192.168.10.163 - - [26/Aug/2021:11:31:00 -0300] "GET /cormun/servlet/trsolicitudgral? HTTP/1.1" 200 25533
192.168.10.163 - - [26/Aug/2021:11:31:05 -0300] "POST /cormun/servlet/trsolicitudgral?f7706565edc7f3db79435ee27ff85033,,gx-no-cache=1629987501057 HTTP/1.1" 200 9705
192.168.10.163 - - [26/Aug/2021:11:31:05 -0300] "POST /cormun/servlet/trsolicitudgral?f7706565edc7f3db79435ee27ff85033,,gx-no-cache=1629987501328 HTTP/1.1" 200 9705
192.168.10.163 - - [26/Aug/2021:11:31:19 -0300] "POST /cormun/servlet/trsolicitudgral?f7706565edc7f3db79435ee27ff85033,,gx-no-cache=1629987515308 HTTP/1.1" 200 22801
186.103.156.166 - - [26/Aug/2021:11:31:50 -0300] "POST /cormun/servlet/trsolicitudot?93330fac729d65deb53f6e39653d818a,gx-no-cache=1629987681685 HTTP/1.1" 200 6920
186.103.156.166 - - [26/Aug/2021:11:31:50 -0300] "GET /cormun/static/Shared/jqueryui/images/ui-bg_highlight-soft_100_c6c2c8_1x100.png HTTP/1.1" 404 1117
186.103.156.166 - - [26/Aug/2021:11:31:50 -0300] "GET /cormun/static/Shared/jqueryui/images/ui-icons_8d78a5_256x240.png HTTP/1.1" 404 1089
186.103.156.166 - - [26/Aug/2021:11:31:50 -0300] "GET /cormun/static/Shared/jqueryui/images/ui-bg_flat_55_fafafa_40x100.png HTTP/1.1" 404 1097
186.103.156.166 - - [26/Aug/2021:11:31:50 -0300] "GET /cormun/static/Shared/jqueryui/images/ui-icons_82798d_256x240.png HTTP/1.1" 404 1089
192.168.10.163 - - [26/Aug/2021:11:31:52 -0300] "POST /cormun/servlet/trsolicitudgral?f7706565edc7f3db79435ee27ff85033,,gx-no-cache=1629987548274 HTTP/1.1" 200 7076
186.103.156.166 - - [26/Aug/2021:11:31:58 -0300] "GET /cormun/servlet/treventos?2021,17441, HTTP/1.1" 200 6246
192.168.10.163 - - [26/Aug/2021:11:31:59 -0300] "POST /cormun/servlet/trsolicitudgral?f7706565edc7f3db79435ee27ff85033,,gx-no-cache=1629987555115 HTTP/1.1" 200 9706
186.103.156.166 - - [26/Aug/2021:11:31:59 -0300] "GET /cormun/servlet/treventos?2021,17441, HTTP/1.1" 200 6246
186.103.156.166 - - [26/Aug/2021:11:32:04 -0300] "GET /cormun/servlet/trsolicitudot HTTP/1.1" 200 9699
186.103.156.166 - - [26/Aug/2021:11:32:06 -0300] "GET /cormun/servlet/trsolicitudot HTTP/1.1" 200 9694
192.168.10.163 - - [26/Aug/2021:11:32:07 -0300] "POST /cormun/servlet/trsolicitudgral?f7706565edc7f3db79435ee27ff85033,,gx-no-cache=1629987563315 HTTP/1.1" 200 7634
186.103.156.166 - - [26/Aug/2021:11:32:11 -0300] "POST /cormun/servlet/trsolicitudot?93330fac729d65deb53f6e39653d818a,gx-no-cache=1629987702443 HTTP/1.1" 200 107
186.103.156.166 - - [26/Aug/2021:11:32:11 -0300] "GET /cormun/servlet/trsolicitudadjuntos?2021,17441, HTTP/1.1" 200 10049
192.168.10.163 - - [26/Aug/2021:11:32:13 -0300] "GET /cormun/servlet/vesolicitudgral?2021,17441,, HTTP/1.1" 200 8341
186.103.156.166 - - [26/Aug/2021:11:32:13 -0300] "GET /cormun/servlet/trsolicitudadjuntos?2021,17441, HTTP/1.1" 200 10053
192.168.10.163 - - [26/Aug/2021:11:32:13 -0300] "GET /cormun/pexe_scrolldiv.js HTTP/1.1" 404 1009
192.168.10.163 - - [26/Aug/2021:11:32:13 -0300] "GET /cormun/pexe_scrolldiv.js HTTP/1.1" 404 1009
192.168.10.163 - - [26/Aug/2021:11:32:13 -0300] "GET /cormun/servlet/vesolicitudgral?2021,17441,, HTTP/1.1" 200 8340
192.168.10.163 - - [26/Aug/2021:11:32:15 -0300] "GET /cormun/servlet/vesolicitudgral?2021,17441,,SolicitudOTAdjuntos HTTP/1.1" 200 10660
192.168.10.163 - - [26/Aug/2021:11:32:15 -0300] "GET /cormun/pexe_scrolldiv.js HTTP/1.1" 404 1009
192.168.10.163 - - [26/Aug/2021:11:32:15 -0300] "GET /cormun/static/tbsolicitudgral02.js?201991422143548 HTTP/1.1" 200 13312
192.168.10.163 - - [26/Aug/2021:11:32:15 -0300] "GET /cormun/pexe_scrolldiv.js HTTP/1.1" 404 1009
192.168.10.163 - - [26/Aug/2021:11:32:15 -0300] "GET /cormun/static/gxui/gxui-all.css HTTP/1.1" 200 2179
192.168.10.163 - - [26/Aug/2021:11:32:15 -0300] "GET /cormun/static/Resources/PXToolsTabFirstUnselected.png HTTP/1.1" 200 1278
192.168.10.163 - - [26/Aug/2021:11:32:15 -0300] "GET /cormun/static/Resources/PXToolsTabUnselectedSelected.png HTTP/1.1" 200 1458
192.168.10.163 - - [26/Aug/2021:11:32:15 -0300] "GET /cormun/static/Shared/ext/resources/css/ext-all.css HTTP/1.1" 200 416045
192.168.10.163 - - [26/Aug/2021:11:32:16 -0300] "POST /cormun/servlet/acontrolpreferencessavestate?None,RRHH+DANIELA,true HTTP/1.1" 200 35
192.168.10.163 - - [26/Aug/2021:11:32:16 -0300] "GET /cormun/servlet/vesolicitudgral?2021,17441,,SolicitudOTAdjuntos HTTP/1.1" 200 10664
186.103.156.166 - - [26/Aug/2021:11:32:19 -0300] "POST /cormun/servlet/trsolicitudadjuntos?93330fac729d65deb53f6e39653d818a,2021,17441,,gx-no-cache=1629987710787 HTTP/1.1" 200 90
186.103.156.166 - - [26/Aug/2021:11:32:19 -0300] "GET /cormun/servlet/hpexe_link HTTP/1.1" 200 973
186.103.156.166 - - [26/Aug/2021:11:32:19 -0300] "GET /cormun/servlet/trsolicitudot HTTP/1.1" 200 9695
186.103.156.166 - - [26/Aug/2021:11:32:21 -0300] "GET /cormun/servlet/trsolicitudot HTTP/1.1" 200 9694
186.103.156.166 - - [26/Aug/2021:11:32:25 -0300] "GET /cormun/servlet/vesolicitudot?2021,17444,, HTTP/1.1" 200 8527
186.103.156.166 - - [26/Aug/2021:11:32:25 -0300] "GET /cormun/static/gxcfg.js?201991422423914 HTTP/1.1" 200 953
186.103.156.166 - - [26/Aug/2021:11:32:25 -0300] "GET /cormun/pexe_scrolldiv.js HTTP/1.1" 404 1009
186.103.156.166 - - [26/Aug/2021:11:32:26 -0300] "GET /cormun/static/vesolicitudot.js?201991422423984 HTTP/1.1" 200 6091
186.103.156.166 - - [26/Aug/2021:11:32:26 -0300] "GET /cormun/static/tbsolicitudot01.js?20201214462316 HTTP/1.1" 200 30566
186.103.156.166 - - [26/Aug/2021:11:32:26 -0300] "GET /cormun/pexe_scrolldiv.js HTTP/1.1" 404 1009
186.103.156.166 - - [26/Aug/2021:11:32:27 -0300] "GET /cormun/servlet/vesolicitudot?2021,17444,, HTTP/1.1" 200 8526
192.168.10.163 - - [26/Aug/2021:11:32:33 -0300] "POST /cormun/servlet/vesolicitudgral?f7706565edc7f3db79435ee27ff85033,2021,17441,,SolicitudOTAdjuntos,gx-no-cache=1629987588945 HTTP/1.1" 200 90
192.168.10.163 - - [26/Aug/2021:11:32:33 -0300] "GET /cormun/servlet/hpexe_link HTTP/1.1" 200 985
192.168.10.163 - - [26/Aug/2021:11:32:33 -0300] "GET /cormun/servlet/trsolicitudgral? HTTP/1.1" 200 10616
192.168.10.163 - - [26/Aug/2021:11:32:33 -0300] "GET /cormun/servlet/trsolicitudgral? HTTP/1.1" 200 10614
186.103.156.166 - - [26/Aug/2021:11:32:38 -0300] "GET /cormun/servlet/trsolicitudot? HTTP/1.1" 200 9695
186.103.156.166 - - [26/Aug/2021:11:32:39 -0300] "GET /cormun/servlet/trsolicitudot? HTTP/1.1" 200 9694
192.168.10.163 - - [26/Aug/2021:11:32:41 -0300] "POST /cormun/servlet/trsolicitudgral?f7706565edc7f3db79435ee27ff85033,,gx-no-cache=1629987597048 HTTP/1.1" 200 5256
186.103.156.166 - - [26/Aug/2021:11:32:53 -0300] "POST /cormun/servlet/trsolicitudot?93330fac729d65deb53f6e39653d818a,,gx-no-cache=1629987745050 HTTP/1.1" 200 6332
186.103.156.166 - - [26/Aug/2021:11:32:53 -0300] "GET /cormun/static/Shared/jqueryui/images/ui-bg_highlight-soft_100_c6c2c8_1x100.png HTTP/1.1" 404 1117
186.103.156.166 - - [26/Aug/2021:11:32:54 -0300] "GET /cormun/static/Shared/jqueryui/images/ui-icons_82798d_256x240.png HTTP/1.1" 404 1089
186.103.156.166 - - [26/Aug/2021:11:32:54 -0300] "GET /cormun/static/Shared/jqueryui/images/ui-bg_flat_55_fafafa_40x100.png HTTP/1.1" 404 1097
186.103.156.166 - - [26/Aug/2021:11:32:54 -0300] "GET /cormun/static/Shared/jqueryui/images/ui-icons_8d78a5_256x240.png HTTP/1.1" 404 1089
186.103.156.166 - - [26/Aug/2021:11:32:54 -0300] "POST /cormun/servlet/trsolicitudot?93330fac729d65deb53f6e39653d818a,,gx-no-cache=1629987745619 HTTP/1.1" 200 6276
192.168.10.163 - - [26/Aug/2021:11:32:59 -0300] "GET /cormun/servlet/trautorizarot? HTTP/1.1" 200 13718
192.168.10.163 - - [26/Aug/2021:11:32:59 -0300] "GET /cormun/servlet/trautorizarot? HTTP/1.1" 200 13717
192.168.10.163 - - [26/Aug/2021:11:33:03 -0300] "POST /cormun/servlet/trautorizarot?f7706565edc7f3db79435ee27ff85033,,gx-no-cache=1629987618919 HTTP/1.1" 200 6550
192.168.10.163 - - [26/Aug/2021:11:33:07 -0300] "POST /cormun/servlet/trautorizarot?f7706565edc7f3db79435ee27ff85033,,gx-no-cache=1629987622979 HTTP/1.1" 200 5337
186.103.156.166 - - [26/Aug/2021:11:33:14 -0300] "GET /cormun/servlet/trsolicitudot? HTTP/1.1" 200 9150
186.103.156.166 - - [26/Aug/2021:11:33:15 -0300] "GET /cormun/servlet/trsolicitudot? HTTP/1.1" 200 9150
186.176.138.66 - - [26/Aug/2021:11:33:25 -0300] "GET / HTTP/1.1" 200 11217
192.168.10.94 - - [26/Aug/2021:11:33:59 -0300] "POST /cormun/servlet/trsolicitudgral?a697501cafb7eb047d5a8952cde54b14,,gx-no-cache=1629987674909 HTTP/1.1" 200 6028
192.168.10.94 - - [26/Aug/2021:11:34:03 -0300] "POST /cormun/servlet/trsolicitudgral?a697501cafb7eb047d5a8952cde54b14,,gx-no-cache=1629987679484 HTTP/1.1" 200 7456
192.168.10.94 - - [26/Aug/2021:11:34:07 -0300] "GET /cormun/servlet/vesolicitudgral?2021,17350,, HTTP/1.1" 200 9119
192.168.10.94 - - [26/Aug/2021:11:34:07 -0300] "GET /cormun/pexe_scrolldiv.js HTTP/1.1" 404 1009
192.168.10.94 - - [26/Aug/2021:11:34:07 -0300] "GET /cormun/servlet/vesolicitudgral?2021,17350,, HTTP/1.1" 200 9118
186.103.156.166 - - [26/Aug/2021:11:34:09 -0300] "GET /cormun/servlet/solicitudot?INS,0,0,false, HTTP/1.1" 200 15724
192.168.10.94 - - [26/Aug/2021:11:34:10 -0300] "GET /cormun/servlet/vesolicitudgral?2021,17350,,SolicitudOTAdjuntos HTTP/1.1" 200 11668
192.168.10.94 - - [26/Aug/2021:11:34:10 -0300] "GET /cormun/pexe_scrolldiv.js HTTP/1.1" 404 1009
192.168.10.94 - - [26/Aug/2021:11:34:10 -0300] "GET /cormun/static/tbsolicitudgral02.js?201991422143548 HTTP/1.1" 200 13312
192.168.10.94 - - [26/Aug/2021:11:34:10 -0300] "GET /cormun/static/gxui/gxui-all.css HTTP/1.1" 200 2179
192.168.10.94 - - [26/Aug/2021:11:34:10 -0300] "GET /cormun/static/Resources/PXToolsTabFirstUnselected.png HTTP/1.1" 200 1278
192.168.10.94 - - [26/Aug/2021:11:34:10 -0300] "GET /cormun/static/Resources/PXToolsTabUnselectedSelected.png HTTP/1.1" 200 1458
192.168.10.94 - - [26/Aug/2021:11:34:10 -0300] "GET /cormun/static/Shared/ext/resources/css/ext-all.css HTTP/1.1" 200 416045
192.168.10.94 - - [26/Aug/2021:11:34:10 -0300] "GET /cormun/servlet/vesolicitudgral?2021,17350,,SolicitudOTAdjuntos HTTP/1.1" 200 11667
192.168.10.94 - - [26/Aug/2021:11:34:11 -0300] "POST /cormun/servlet/acontrolpreferencessavestate?None,ABARRERA,true HTTP/1.1" 200 35
186.103.156.166 - - [26/Aug/2021:11:34:11 -0300] "GET /cormun/servlet/solicitudot?INS,0,0,false, HTTP/1.1" 200 15731
192.168.10.94 - - [26/Aug/2021:11:34:16 -0300] "GET /cormun/PublicTempStorage/certificado_antecedentes__jenifer_aranguiz9499463.pdf HTTP/1.1" 200 34226
192.168.10.94 - - [26/Aug/2021:11:34:58 -0300] "GET /cormun/servlet/vesolicitudgral?2021,17350,,SolicitudOTAdjuntos HTTP/1.1" 200 11669
