190.171.153.26 - - [26/Aug/2021:09:21:37 -0300] "GET /cormun/static/Resources/Spanish/PXTools.css?14345360 HTTP/1.1" 200 57344
190.171.153.26 - - [26/Aug/2021:09:21:37 -0300] "GET /cormun/static/PXToolsJavascripts/pexe_grid.js HTTP/1.1" 304 -
190.171.153.26 - - [26/Aug/2021:09:21:37 -0300] "GET /cormun/static/PXToolsJavascripts/pexe_griddivfix.js HTTP/1.1" 304 -
190.171.153.26 - - [26/Aug/2021:09:21:37 -0300] "GET /cormun/static/PXToolsJavascripts/pexe_windows.js HTTP/1.1" 304 -
190.171.153.26 - - [26/Aug/2021:09:21:37 -0300] "GET /cormun/static/PXToolsJavascripts/pexe_link.js HTTP/1.1" 304 -
190.171.153.26 - - [26/Aug/2021:09:21:37 -0300] "GET /cormun/static/PXToolsJavascripts/pexe_menus.js HTTP/1.1" 304 -
190.171.153.26 - - [26/Aug/2021:09:21:37 -0300] "GET /cormun/static/PXToolsJavascripts/pexe_layers.js HTTP/1.1" 304 -
190.171.153.26 - - [26/Aug/2021:09:21:37 -0300] "GET /cormun/static/PXToolsJavascripts/pexe_popup.js HTTP/1.1" 304 -
190.171.153.26 - - [26/Aug/2021:09:21:37 -0300] "GET /cormun/static/PXToolsJavascripts/pexe_scrolldiv.js HTTP/1.1" 304 -
190.171.153.26 - - [26/Aug/2021:09:21:37 -0300] "GET /cormun/static/PXToolsJavascripts/pexe_upload.js HTTP/1.1" 304 -
190.171.153.26 - - [26/Aug/2021:09:21:37 -0300] "GET /cormun/static/PXToolsJavascripts/pexe_tabs.js HTTP/1.1" 304 -
190.171.153.26 - - [26/Aug/2021:09:21:37 -0300] "GET /cormun/static/Resources/PXToolsDataTitle.png HTTP/1.1" 200 1173
190.171.153.26 - - [26/Aug/2021:09:21:37 -0300] "GET /cormun/static/Shared/ext/ext-all.js HTTP/1.1" 304 -
190.171.153.26 - - [26/Aug/2021:09:21:37 -0300] "GET /cormun/static/Shared/ext/locale/ext-lang-en.js HTTP/1.1" 304 -
190.171.153.26 - - [26/Aug/2021:09:21:37 -0300] "GET /cormun/static/gxui/gxui-all.js HTTP/1.1" 304 -
190.171.153.26 - - [26/Aug/2021:09:21:37 -0300] "GET /cormun/static/hpexe_scripts.js?20201214471411 HTTP/1.1" 304 -
190.171.153.26 - - [26/Aug/2021:09:21:37 -0300] "GET /cormun/static/hpexe_recentlink.js?20201214471090 HTTP/1.1" 304 -
190.171.153.26 - - [26/Aug/2021:09:21:37 -0300] "GET /cormun/static/cmcontrolpreferences.js?20199141926336 HTTP/1.1" 304 -
190.171.153.26 - - [26/Aug/2021:09:21:37 -0300] "GET /cormun/static/Shared/jquery/jquery-1.4.2.min.js HTTP/1.1" 304 -
190.171.153.26 - - [26/Aug/2021:09:21:37 -0300] "GET /cormun/static/Shared/jquery/jquery-1.10.2.min.js HTTP/1.1" 304 -
190.171.153.26 - - [26/Aug/2021:09:21:37 -0300] "GET /cormun/static/Shared/jqueryui/jquery-ui.min.js HTTP/1.1" 304 -
190.171.153.26 - - [26/Aug/2021:09:21:37 -0300] "GET /cormun/static/SmoothNavMenu/resources/ddsmoothmenu.js HTTP/1.1" 304 -
190.171.153.26 - - [26/Aug/2021:09:21:37 -0300] "GET /cormun/static/SmoothNavMenu/resources/SmoothNavMenuRender.js HTTP/1.1" 304 -
190.171.153.26 - - [26/Aug/2021:09:21:37 -0300] "GET /cormun/static/scaMessage/js/jquery.pnotify.min.js HTTP/1.1" 304 -
190.171.153.26 - - [26/Aug/2021:09:21:37 -0300] "GET /cormun/static/scaMessage/scaMessageRender.js HTTP/1.1" 304 -
190.171.153.26 - - [26/Aug/2021:09:21:37 -0300] "GET /cormun/static/hmpwkw03.js?20201215501896 HTTP/1.1" 304 -
190.171.153.26 - - [26/Aug/2021:09:21:37 -0300] "GET /cormun/static/SmoothNavMenu/resources/images/down.gif HTTP/1.1" 200 854
190.171.141.114 - - [26/Aug/2021:09:21:38 -0300] "GET /cormun/servlet/solicitudot?INS,0,0,false, HTTP/1.1" 200 15565
190.171.153.26 - - [26/Aug/2021:09:21:44 -0300] "GET /cormun/servlet/trlicencias? HTTP/1.1" 200 8857
190.171.153.26 - - [26/Aug/2021:09:21:44 -0300] "GET /cormun/static/gxui/gxui-all.css?120300 HTTP/1.1" 200 2179
190.171.153.26 - - [26/Aug/2021:09:21:44 -0300] "GET /cormun/static/gxcfg.js?2020121613995 HTTP/1.1" 200 953
190.171.153.26 - - [26/Aug/2021:09:21:44 -0300] "GET /cormun/static/calendar-system.css?85620 HTTP/1.1" 200 5572
190.171.153.26 - - [26/Aug/2021:09:21:44 -0300] "GET /cormun/static/Resources/PXTools/calendar.png HTTP/1.1" 200 1306
190.171.153.26 - - [26/Aug/2021:09:21:44 -0300] "GET /cormun/static/Resources/PXToolsAddAllAction.png HTTP/1.1" 200 495
190.171.153.26 - - [26/Aug/2021:09:21:44 -0300] "GET /cormun/static/trlicencias.js?202012162481 HTTP/1.1" 200 41883
190.171.153.26 - - [26/Aug/2021:09:21:44 -0300] "GET /cormun/static/calendar.js?85251 HTTP/1.1" 304 -
190.171.153.26 - - [26/Aug/2021:09:21:44 -0300] "GET /cormun/static/calendar-setup.js?85251 HTTP/1.1" 304 -
190.171.153.26 - - [26/Aug/2021:09:21:44 -0300] "GET /cormun/static/calendar-es.js?85251 HTTP/1.1" 304 -
190.171.153.26 - - [26/Aug/2021:09:21:45 -0300] "GET /cormun/static/gxdec.js?85251 HTTP/1.1" 304 -
190.171.153.26 - - [26/Aug/2021:09:21:45 -0300] "GET /cormun/static/Resources/PXToolsDataSearch.png HTTP/1.1" 200 435
190.171.153.26 - - [26/Aug/2021:09:21:45 -0300] "GET /cormun/static/Resources/PXToolsGridPreviousDisabled.gif HTTP/1.1" 200 90
190.171.153.26 - - [26/Aug/2021:09:21:45 -0300] "GET /cormun/static/Resources/PXToolsGridFirstDisabled.gif HTTP/1.1" 200 100
190.171.153.26 - - [26/Aug/2021:09:21:45 -0300] "GET /cormun/static/Resources/PXToolsGridNextDisabled.gif HTTP/1.1" 200 90
190.171.153.26 - - [26/Aug/2021:09:21:45 -0300] "GET /cormun/static/Resources/PXToolsGridPage.gif HTTP/1.1" 200 725
190.171.153.26 - - [26/Aug/2021:09:21:45 -0300] "GET /cormun/static/Resources/PXToolsGridLastDisabled.gif HTTP/1.1" 200 98
190.171.153.26 - - [26/Aug/2021:09:21:45 -0300] "GET /cormun/static/Resources/PXToolsActionExcel.png HTTP/1.1" 200 727
190.171.153.26 - - [26/Aug/2021:09:21:45 -0300] "GET /cormun/static/Resources/desc.gif HTTP/1.1" 200 65
190.171.153.26 - - [26/Aug/2021:09:21:45 -0300] "GET /cormun/static/Resources/asc.gif HTTP/1.1" 200 67
190.171.153.26 - - [26/Aug/2021:09:21:45 -0300] "GET /cormun//static/Resources/PXToolsActionDisabled.gif HTTP/1.1" 200 53
190.171.153.26 - - [26/Aug/2021:09:21:45 -0300] "GET /cormun//static/Resources/PXToolsGridDisplay.png HTTP/1.1" 200 525
190.171.153.26 - - [26/Aug/2021:09:21:45 -0300] "GET /cormun//static/Resources/PXTools/ActionInsert.png HTTP/1.1" 200 1482
190.171.153.26 - - [26/Aug/2021:09:21:45 -0300] "GET /cormun//static/Resources/PXToolsHeaderHelp.png HTTP/1.1" 200 1333
190.171.153.26 - - [26/Aug/2021:09:21:45 -0300] "GET /cormun//static/Resources/PXToolsActionPrint.png HTTP/1.1" 200 404
190.171.153.26 - - [26/Aug/2021:09:21:45 -0300] "GET /cormun//static/Resources/PXToolsHeaderFavorites.png HTTP/1.1" 200 1414
190.171.153.26 - - [26/Aug/2021:09:21:45 -0300] "GET /cormun/static/Shared/ext/resources/themes/images/default/tools/tool-sprites.gif HTTP/1.1" 200 5434
190.171.153.26 - - [26/Aug/2021:09:21:45 -0300] "GET /cormun/static/Shared/ext/resources/themes/images/default/panel/bg-headersPanel.png HTTP/1.1" 200 255
186.103.156.166 - - [26/Aug/2021:09:21:47 -0300] "GET /cormun/servlet/trautorizarsolicitud? HTTP/1.1" 200 7289
186.103.156.166 - - [26/Aug/2021:09:21:48 -0300] "GET /cormun/servlet/trautorizarsolicitud? HTTP/1.1" 200 7289
190.171.153.26 - - [26/Aug/2021:09:21:57 -0300] "GET /cormun/servlet/trpermisosgoce? HTTP/1.1" 200 9454
190.171.153.26 - - [26/Aug/2021:09:21:57 -0300] "GET /cormun/static/gxcfg.js?2020121631564 HTTP/1.1" 200 953
190.171.153.26 - - [26/Aug/2021:09:21:57 -0300] "GET /cormun//static/Resources/PXToolsGridUpdate.png HTTP/1.1" 200 470
190.171.153.26 - - [26/Aug/2021:09:21:57 -0300] "GET /cormun//static/Resources/PXToolsGridDelete.png HTTP/1.1" 200 538
186.103.156.166 - - [26/Aug/2021:09:22:00 -0300] "POST /cormun/servlet/trautorizarsolicitud?19bd6ee46053219bb8b0db5ba49917c5,,gx-no-cache=1629979892000 HTTP/1.1" 200 5952
190.171.141.114 - - [26/Aug/2021:09:22:00 -0300] "POST /cormun/servlet/solicitudot?gx-no-cache=1629979893531 HTTP/1.1" 200 3708
190.171.141.114 - - [26/Aug/2021:09:22:01 -0300] "POST /cormun/servlet/solicitudot?f389b629e22f6c51e4a2ee4c7f4a9410,INS,0,0,false,,gx-no-cache=1629979893928 HTTP/1.1" 200 12216
190.171.141.114 - - [26/Aug/2021:09:22:08 -0300] "GET /cormun/servlet/solicitudot?26e3778485623a9d91640637cc500ae2abfb3d508b6802cac4cfdce2bff77a78c36ee745aec6797097430adebb0f42cd,gx-no-cache=1629979901284 HTTP/1.1" 200 111
190.171.141.114 - - [26/Aug/2021:09:22:08 -0300] "GET /cormun/static/Shared/jqueryui/images/ui-bg_highlight-soft_100_c6c2c8_1x100.png HTTP/1.1" 404 1117
190.171.141.114 - - [26/Aug/2021:09:22:08 -0300] "GET /cormun/static/Shared/jqueryui/images/ui-icons_82798d_256x240.png HTTP/1.1" 404 1089
190.171.141.114 - - [26/Aug/2021:09:22:08 -0300] "GET /cormun/static/Shared/jqueryui/images/ui-bg_flat_55_994d53_40x100.png HTTP/1.1" 404 1097
190.171.141.114 - - [26/Aug/2021:09:22:08 -0300] "GET /cormun/static/Shared/jqueryui/images/ui-icons_ebccce_256x240.png HTTP/1.1" 404 1089
186.103.156.166 - - [26/Aug/2021:09:22:09 -0300] "POST /cormun/servlet/trautorizarsolicitud?19bd6ee46053219bb8b0db5ba49917c5,,gx-no-cache=1629979901056 HTTP/1.1" 200 4560
186.103.156.166 - - [26/Aug/2021:09:22:13 -0300] "POST /cormun/servlet/trautorizarsolicitud?19bd6ee46053219bb8b0db5ba49917c5,,gx-no-cache=1629979905316 HTTP/1.1" 200 5952
186.103.156.166 - - [26/Aug/2021:09:22:20 -0300] "POST /cormun/servlet/trautorizarsolicitud?19bd6ee46053219bb8b0db5ba49917c5,,gx-no-cache=1629979911835 HTTP/1.1" 200 5964
186.103.156.166 - - [26/Aug/2021:09:22:20 -0300] "GET /cormun/static/Shared/jqueryui/images/ui-icons_82798d_256x240.png HTTP/1.1" 404 1089
186.103.156.166 - - [26/Aug/2021:09:22:20 -0300] "GET /cormun/static/Shared/jqueryui/images/ui-bg_highlight-soft_100_c6c2c8_1x100.png HTTP/1.1" 404 1117
186.103.156.166 - - [26/Aug/2021:09:22:20 -0300] "GET /cormun/static/Shared/jqueryui/images/ui-icons_8d78a5_256x240.png HTTP/1.1" 404 1089
186.103.156.166 - - [26/Aug/2021:09:22:20 -0300] "GET /cormun/static/Shared/jqueryui/images/ui-bg_flat_55_fafafa_40x100.png HTTP/1.1" 404 1097
190.171.141.114 - - [26/Aug/2021:09:22:25 -0300] "GET /cormun/servlet/solicitudot?26e3778485623a9d91640637cc500ae2abfb3d508b6802cac4cfdce2bff77a78c36ee745aec6797097430adebb0f42cd,gx-no-cache=1629979918102 HTTP/1.1" 200 111
186.103.156.166 - - [26/Aug/2021:09:22:27 -0300] "POST /cormun/servlet/trautorizarsolicitud?19bd6ee46053219bb8b0db5ba49917c5,,gx-no-cache=1629979919118 HTTP/1.1" 200 106
186.103.156.166 - - [26/Aug/2021:09:22:27 -0300] "GET /cormun/servlet/trsolicitudadjuntos?2021,17411, HTTP/1.1" 200 6264
186.103.156.166 - - [26/Aug/2021:09:22:29 -0300] "GET /cormun/servlet/trsolicitudadjuntos?2021,17411, HTTP/1.1" 200 6263
190.171.141.114 - - [26/Aug/2021:09:22:29 -0300] "POST /cormun/servlet/solicitudot?gx-no-cache=1629979922057 HTTP/1.1" 200 3715
190.171.141.114 - - [26/Aug/2021:09:22:29 -0300] "POST /cormun/servlet/solicitudot?f389b629e22f6c51e4a2ee4c7f4a9410,INS,0,0,false,,gx-no-cache=1629979922336 HTTP/1.1" 200 12276
190.171.141.114 - - [26/Aug/2021:09:22:29 -0300] "GET /cormun/servlet/solicitudot?26e3778485623a9d91640637cc500ae2f7fc3478393931a97dcc26c15ccca6f16fd513f92c29066a6016d90b28241376,gx-no-cache=1629979922693 HTTP/1.1" 200 30
186.103.156.166 - - [26/Aug/2021:09:22:37 -0300] "GET /cormun/servlet/trsolicitudot? HTTP/1.1" 200 8806
186.103.156.166 - - [26/Aug/2021:09:22:39 -0300] "GET /cormun/servlet/trsolicitudot? HTTP/1.1" 200 8799
186.103.156.166 - - [26/Aug/2021:09:22:42 -0300] "GET /cormun/servlet/solicitudot?INS,0,0,false, HTTP/1.1" 200 15712
186.103.156.166 - - [26/Aug/2021:09:22:43 -0300] "GET /cormun/servlet/solicitudot?INS,0,0,false, HTTP/1.1" 200 15720
186.103.156.166 - - [26/Aug/2021:09:22:59 -0300] "POST /cormun/servlet/solicitudot?gx-no-cache=1629979950821 HTTP/1.1" 200 3708
186.103.156.166 - - [26/Aug/2021:09:22:59 -0300] "POST /cormun/servlet/solicitudot?19bd6ee46053219bb8b0db5ba49917c5,INS,0,0,false,,gx-no-cache=1629979950982 HTTP/1.1" 200 12489
186.103.156.166 - - [26/Aug/2021:09:23:01 -0300] "GET /cormun/servlet/solicitudot?76b8010d805388e478b0e42519017d9e98ac4a53c221c84cf5d6792adc8986d5b7ed5b882caf6a0bf7461013cf909229,gx-no-cache=1629979953638 HTTP/1.1" 200 30
186.67.172.234 - - [26/Aug/2021:09:23:08 -0300] "GET /cormun/servlet/licenciaspermisos?DSP,15106255,L,20210826000000, HTTP/1.1" 200 7500
186.67.172.234 - - [26/Aug/2021:09:23:08 -0300] "GET /cormun/servlet/licenciaspermisos?DSP,15106255,L,20210826000000, HTTP/1.1" 200 7519
186.67.172.234 - - [26/Aug/2021:09:23:14 -0300] "GET /cormun/servlet/trlicencias? HTTP/1.1" 200 14693
186.67.172.234 - - [26/Aug/2021:09:23:14 -0300] "GET /cormun/servlet/trlicencias? HTTP/1.1" 200 14691
190.171.153.26 - - [26/Aug/2021:09:24:14 -0300] "GET /cormun/servlet/trpermisosadjuntos?19593560,20210825121256,P, HTTP/1.1" 200 6271
190.171.153.26 - - [26/Aug/2021:09:24:14 -0300] "GET /cormun/static/gxcfg.js?2020121641683 HTTP/1.1" 200 953
190.171.153.26 - - [26/Aug/2021:09:24:14 -0300] "GET /cormun/static/trpermisosadjuntos.js?2020121642996 HTTP/1.1" 304 -
190.171.153.26 - - [26/Aug/2021:09:24:19 -0300] "GET /cormun/servlet/permisosadjuntos?INS,19593560,P,20210825121256,, HTTP/1.1" 200 5589
190.171.153.26 - - [26/Aug/2021:09:24:19 -0300] "GET /cormun/static/gxcfg.js?20201215134212 HTTP/1.1" 200 953
190.171.153.26 - - [26/Aug/2021:09:24:19 -0300] "GET /cormun/static/permisosadjuntos.js?20201215134285 HTTP/1.1" 200 8724
190.171.153.26 - - [26/Aug/2021:09:24:19 -0300] "GET /cormun/static/about:blank HTTP/1.1" 404 1011
186.103.156.166 - - [26/Aug/2021:09:24:22 -0300] "GET /cormun/servlet/solicitudot?76b8010d805388e478b0e42519017d9ee7dda05fba09c38fa3d47818ad4c44aa,gx-no-cache=1629980034026 HTTP/1.1" 200 94
186.103.156.166 - - [26/Aug/2021:09:24:22 -0300] "GET /cormun/static/Shared/jqueryui/images/ui-bg_highlight-soft_100_c6c2c8_1x100.png HTTP/1.1" 404 1117
186.103.156.166 - - [26/Aug/2021:09:24:22 -0300] "GET /cormun/static/Shared/jqueryui/images/ui-icons_82798d_256x240.png HTTP/1.1" 404 1089
186.103.156.166 - - [26/Aug/2021:09:24:22 -0300] "GET /cormun/static/Shared/jqueryui/images/ui-icons_ebccce_256x240.png HTTP/1.1" 404 1089
186.103.156.166 - - [26/Aug/2021:09:24:22 -0300] "GET /cormun/static/Shared/jqueryui/images/ui-bg_flat_55_994d53_40x100.png HTTP/1.1" 404 1097
186.103.156.166 - - [26/Aug/2021:09:24:27 -0300] "GET /cormun/servlet/solicitudot?76b8010d805388e478b0e42519017d9eda883b023d05d5cd27ca02625b4292ca,gx-no-cache=1629980038889 HTTP/1.1" 200 53
190.171.141.114 - - [26/Aug/2021:09:24:29 -0300] "GET /cormun/servlet/solicitudot?26e3778485623a9d91640637cc500ae267c55c65c7b38cda61030d50aac6e270,gx-no-cache=1629980042616 HTTP/1.1" 200 94
190.171.141.114 - - [26/Aug/2021:09:24:29 -0300] "GET /cormun/servlet/solicitudot?26e3778485623a9d91640637cc500ae29414a6cfb8216b505393cce79fb4f50e,gx-no-cache=1629980042820 HTTP/1.1" 200 29
190.171.141.114 - - [26/Aug/2021:09:24:29 -0300] "POST /cormun/servlet/solicitudot?gx-no-cache=1629980042895 HTTP/1.1" 200 297
190.171.141.114 - - [26/Aug/2021:09:24:29 -0300] "GET /cormun/servlet/solicitudot?26e3778485623a9d91640637cc500ae2e74df73bf4d0ddd3978c8559f371b034483db457725dc9d7222fd553af23bbd66fecbc36d8c289e04763f1e3d3c8ebd3e271602dea7f4d6916bd740a5a93a6abb2fe0a2183cf66db3b62392f5adef19c0633960125cf8e358e8fdb932cf58378d8f2c617d5f3ff78fc120d5a07c8f591901414db21465c410649fc38a0c290fc9f2b295619b756ef2eda4c8a26e6523973adbaccd1b9ed32c3c8d3d0aaef542fdea65023dd6a0df80cdd27cbd4023d92e7c96ff33699740405a18056fd87771fd8826c94d31575028c3281c6cc6deaa581c001c2a2c07982aa572ea9806e15d2ce2146788273db242c4652875861ac024b7b2180a4e0a7a13780481b279c21ecd86b4177b132e19dd5535c5c03349cb94b757858258f052c2d367c2e8e3a1acd962f234be87b248ebe79a7e3ed97cd6261dbc41f15a3e38fda10e540f5a341ff50bc18085447233acfdaa4330d9fd312a394331249453f1e99afa4257b92e92920b9989ef32f3ba937e9ea597dad60b15de2e8a99a1d7a9bdd1296d3b05ad21f,gx-no-cache=1629980042958 HTTP/1.1" 200 30
190.171.153.26 - - [26/Aug/2021:09:24:34 -0300] "POST /cormun/servlet/permisosadjuntos?755ca483de4d3560704ef8baac03c8ce,INS,19593560,P,20210825121256,, HTTP/1.1" 200 116
190.171.153.26 - - [26/Aug/2021:09:24:34 -0300] "GET /cormun/servlet/hpexe_return? HTTP/1.1" 200 1042
190.171.153.26 - - [26/Aug/2021:09:24:34 -0300] "GET /cormun/static/gxcfg.js?201991422392976 HTTP/1.1" 200 953
190.171.153.26 - - [26/Aug/2021:09:24:34 -0300] "GET /cormun/static/hpexe_return.js?201991422392984 HTTP/1.1" 304 -
190.171.153.26 - - [26/Aug/2021:09:24:34 -0300] "GET /cormun/servlet/trpermisosadjuntos?19593560,20210825121256,P, HTTP/1.1" 200 6746
190.171.153.26 - - [26/Aug/2021:09:24:35 -0300] "GET /cormun/PublicTempStorage/fernanda_rojas7009759.pdf HTTP/1.1" 200 152757
190.171.141.114 - - [26/Aug/2021:09:24:36 -0300] "POST /cormun/servlet/solicitudot?gx-no-cache=1629980049985 HTTP/1.1" 200 30
186.103.156.166 - - [26/Aug/2021:09:24:43 -0300] "POST /cormun/servlet/solicitudot?gx-no-cache=1629980055516 HTTP/1.1" 200 297
186.103.156.166 - - [26/Aug/2021:09:24:43 -0300] "GET /cormun/servlet/solicitudot?76b8010d805388e478b0e42519017d9e86328d914171d921bcb5ea4b7f8164025ea754c10a5087463434a5ed7123e7ce70b727f908dc60fe89d2c85c9ace25ce2d3523c595d5667d08487bbebdc4ad718d70bc2e4f7ebb596b64f7e0e199c97e60eb4b7c9467562a6aa4bc986e4a25b19b47555dcde624357dc6c3788a48888fd93abf8c4789675e01ea15d9c326e4d653610bd7c34c8ad223de4047f661f49a7cc8b92321d44d60966ce6038157c07c6a3212514fe001d12d40231de066e4e9abbd44cf2a4ff9d4eb1580527b258885bc406ea78e8244c371a01dc35b818f88d90a816637182792fde9983ede62e7b8722c0618bcfaa3f17385e16c206f349b9db57424d686dd2401fc159732e2357a441a7551064ba02c93e199d21daa76ff91ac46c473c604f3280acfda75687d692508457b0bcb00a79ea8aa1fc30c7b6ed040da291fede9ea9dc9212ff5662ea445185bbc9fbfcee11dac84635079c18a1d032da9e8dd8b5f728a47310a753279cdecfd0452973fef54ceefcb073fd886e86d9569801dd2ce35e2341994ca3427,gx-no-cache=1629980055568 HTTP/1.1" 200 30
190.171.141.114 - - [26/Aug/2021:09:24:47 -0300] "POST /cormun/servlet/solicitudot?gx-no-cache=1629980060514 HTTP/1.1" 200 30
186.103.156.166 - - [26/Aug/2021:09:24:50 -0300] "POST /cormun/servlet/solicitudot?gx-no-cache=1629980062535 HTTP/1.1" 200 30
190.171.141.114 - - [26/Aug/2021:09:24:51 -0300] "GET /cormun/servlet/prfichaempleado?,MD,,gxPopupLevel%3D0%3B HTTP/1.1" 200 9302
190.171.141.114 - - [26/Aug/2021:09:25:05 -0300] "POST /cormun/servlet/prfichaempleado?f389b629e22f6c51e4a2ee4c7f4a9410,,MD,,gxPopupLevel%3D0%3B,gx-no-cache=1629980078671 HTTP/1.1" 200 3404
190.171.141.114 - - [26/Aug/2021:09:25:12 -0300] "POST /cormun/servlet/solicitudot?gx-no-cache=1629980085372 HTTP/1.1" 200 1441
190.171.153.26 - - [26/Aug/2021:09:25:16 -0300] "GET /cormun/servlet/hpexe_return? HTTP/1.1" 200 1037
190.171.153.26 - - [26/Aug/2021:09:25:16 -0300] "GET /cormun/servlet/trpermisosgoce HTTP/1.1" 200 9459
186.103.156.166 - - [26/Aug/2021:09:25:37 -0300] "GET /cormun/servlet/prfichaempleado?,MD,,gxPopupLevel%3D0%3B HTTP/1.1" 200 9179
186.67.172.234 - - [26/Aug/2021:09:25:44 -0300] "GET /cormun/servlet/licenciaspermisos?DSP,15106255,L,20210826000000, HTTP/1.1" 200 7500
186.67.172.234 - - [26/Aug/2021:09:25:45 -0300] "GET /cormun/servlet/licenciaspermisos?DSP,15106255,L,20210826000000, HTTP/1.1" 200 7519
190.171.153.26 - - [26/Aug/2021:09:25:54 -0300] "POST /cormun/servlet/trpermisosgoce?755ca483de4d3560704ef8baac03c8ce,gx-no-cache=1629980131277 HTTP/1.1" 200 6728
190.171.153.26 - - [26/Aug/2021:09:25:54 -0300] "GET /cormun/static/Shared/jqueryui/images/ui-bg_highlight-soft_100_c6c2c8_1x100.png HTTP/1.1" 404 1117
190.171.153.26 - - [26/Aug/2021:09:25:54 -0300] "GET /cormun/static/Shared/jqueryui/images/ui-icons_82798d_256x240.png HTTP/1.1" 404 1089
190.171.153.26 - - [26/Aug/2021:09:25:54 -0300] "GET /cormun/static/Shared/jqueryui/images/ui-bg_flat_55_fafafa_40x100.png HTTP/1.1" 404 1097
190.171.153.26 - - [26/Aug/2021:09:25:54 -0300] "GET /cormun/static/Shared/jqueryui/images/ui-icons_8d78a5_256x240.png HTTP/1.1" 404 1089
186.67.172.234 - - [26/Aug/2021:09:25:55 -0300] "GET /cormun/servlet/trlicencias? HTTP/1.1" 200 14662
186.67.172.234 - - [26/Aug/2021:09:25:56 -0300] "GET /cormun/servlet/trlicencias? HTTP/1.1" 200 14666
186.103.156.166 - - [26/Aug/2021:09:26:04 -0300] "POST /cormun/servlet/prfichaempleado?19bd6ee46053219bb8b0db5ba49917c5,,MD,,gxPopupLevel%3D0%3B,gx-no-cache=1629980136056 HTTP/1.1" 200 4718
190.171.141.114 - - [26/Aug/2021:09:26:09 -0300] "GET /cormun/static/menuarrow.gif HTTP/1.1" 404 1015
186.103.156.166 - - [26/Aug/2021:09:26:13 -0300] "GET /cormun/servlet/prlicenciaspermisos?18375139,L,,MD,,gxPopupLevel%3D0%3B HTTP/1.1" 200 5603
190.171.141.114 - - [26/Aug/2021:09:26:15 -0300] "POST /cormun/servlet/solicitudot?gx-no-cache=1629980148624 HTTP/1.1" 200 118
186.103.156.166 - - [26/Aug/2021:09:26:19 -0300] "POST /cormun/servlet/solicitudot?gx-no-cache=1629980150937 HTTP/1.1" 200 1442
186.103.156.166 - - [26/Aug/2021:09:26:35 -0300] "POST /cormun/servlet/solicitudot?gx-no-cache=1629980167568 HTTP/1.1" 200 40
190.171.141.114 - - [26/Aug/2021:09:26:38 -0300] "GET /cormun/servlet/solicitudot?26e3778485623a9d91640637cc500ae2788b3ba39372003d31c0f124c2fabea6c14067fb75f76220f417721c7a2ed601a47dd6ffcf2b727c4897672d6cd4a510da8c79336afa1cad63202962cbe40376e99f0bd6ac252dc6b29560b0a8fceac553f39ecab1a7707fea4111c1d11e9d97,gx-no-cache=1629980171960 HTTP/1.1" 200 110
190.171.141.114 - - [26/Aug/2021:09:26:39 -0300] "POST /cormun/servlet/solicitudot?gx-no-cache=1629980172035 HTTP/1.1" 200 97
186.103.156.166 - - [26/Aug/2021:09:26:59 -0300] "GET /cormun/servlet/solicitudot?76b8010d805388e478b0e42519017d9e547e47115bf7c5f112658808b446d3204a201e061c7d3c6e30192c4702728c877c560da594046428402eb9aa0e671d4bbeab434af7fe56c5d6da692de59dd533be9ade069450f42dc8eedb04bc5a4725993fd87488ef0529fdbbcfdb5b1c2270,gx-no-cache=1629980190668 HTTP/1.1" 200 110
190.171.141.114 - - [26/Aug/2021:09:27:01 -0300] "GET /cormun/servlet/solicitudot?26e3778485623a9d91640637cc500ae24e967f6b66b73af8bcdca803ad1f8a7c59d24a4403269e9a91ff8ce3049c5f3dd4b5b622a47c111d206e43561b85ed7c4f606c3c53e38e69f3086da162e241c70e98ccef973b7fef25ea8c613885fde3fc1a62bec5629c6402d3af8a128f9b1e,gx-no-cache=1629980194224 HTTP/1.1" 200 29
186.103.156.166 - - [26/Aug/2021:09:27:02 -0300] "POST /cormun/servlet/solicitudot?gx-no-cache=1629980194311 HTTP/1.1" 200 83
190.171.153.26 - - [26/Aug/2021:09:27:11 -0300] "GET /cormun/servlet/trlicencias? HTTP/1.1" 200 8855
190.171.141.114 - - [26/Aug/2021:09:27:17 -0300] "GET /cormun/servlet/solicitudot?26e3778485623a9d91640637cc500ae2160cbeee1002cc2ca6805e9d6ebfb37f6cd1ba815e52f97b7da83d17cad4f216,gx-no-cache=1629980210407 HTTP/1.1" 200 30
190.171.141.106 - - [26/Aug/2021:09:27:18 -0300] "GET /cormun/servlet/trlicencias? HTTP/1.1" 200 6028
190.171.153.26 - - [26/Aug/2021:09:27:20 -0300] "GET /cormun/servlet/hlogin HTTP/1.1" 200 1747
190.171.141.106 - - [26/Aug/2021:09:27:20 -0300] "GET /cormun/servlet/hlogin HTTP/1.1" 200 1739
190.171.141.106 - - [26/Aug/2021:09:27:20 -0300] "GET /cormun/servlet/trlicencias? HTTP/1.1" 200 6038
190.171.141.106 - - [26/Aug/2021:09:27:29 -0300] "POST /cormun/servlet/hlogin?09482ff77f9850ad423c4c09ed4b7219,gx-no-cache=1629976619798 HTTP/1.1" 200 90
190.171.141.106 - - [26/Aug/2021:09:27:29 -0300] "GET /cormun/servlet/hpexe_link HTTP/1.1" 200 955
190.171.141.106 - - [26/Aug/2021:09:27:29 -0300] "GET /cormun/servlet/trlicencias HTTP/1.1" 200 11061
190.171.141.106 - - [26/Aug/2021:09:27:30 -0300] "GET /cormun/servlet/trlicencias HTTP/1.1" 200 11059
190.171.141.114 - - [26/Aug/2021:09:27:56 -0300] "POST /cormun/servlet/solicitudot?gx-no-cache=1629980249051 HTTP/1.1" 200 120
186.103.156.166 - - [26/Aug/2021:09:28:04 -0300] "GET /cormun/servlet/solicitudot?76b8010d805388e478b0e42519017d9e2dc9e965e9256342e704198df572795496cc5d3956579b70f911f4546690d12681132fd67c38096344563029872b9f37f551da10fe70c676cb89ed62c36d02100013df73212895a106cb9c635a8893753d8be6f7cb26a314f820ce5bf23038bc,gx-no-cache=1629980256384 HTTP/1.1" 200 29
186.103.156.166 - - [26/Aug/2021:09:28:11 -0300] "GET /cormun/static/menuarrow.gif HTTP/1.1" 404 1015
186.103.156.166 - - [26/Aug/2021:09:28:18 -0300] "GET /cormun/servlet/solicitudot?76b8010d805388e478b0e42519017d9e6c03f4003aeb4e2a024c03ad90e2d05ba9a0cda7860b289d7acd2e255f4ba696,gx-no-cache=1629980269810 HTTP/1.1" 200 30
186.103.156.166 - - [26/Aug/2021:09:28:18 -0300] "POST /cormun/servlet/solicitudot?gx-no-cache=1629980269850 HTTP/1.1" 200 34
186.103.156.166 - - [26/Aug/2021:09:28:34 -0300] "POST /cormun/servlet/solicitudot?19bd6ee46053219bb8b0db5ba49917c5,INS,0,0,false,,gx-no-cache=1629980286172 HTTP/1.1" 200 12936
190.171.141.114 - - [26/Aug/2021:09:29:01 -0300] "POST /cormun/servlet/solicitudot?gx-no-cache=1629980314782 HTTP/1.1" 200 122
190.171.141.114 - - [26/Aug/2021:09:29:01 -0300] "GET /cormun/servlet/solicitudot?26e3778485623a9d91640637cc500ae2788b3ba39372003d31c0f124c2fabea6c14067fb75f76220f417721c7a2ed601a47dd6ffcf2b727c4897672d6cd4a510da8c79336afa1cad63202962cbe40376e99f0bd6ac252dc6b29560b0a8fceac553f39ecab1a7707fea4111c1d11e9d97,gx-no-cache=1629980314917 HTTP/1.1" 200 110
190.171.141.114 - - [26/Aug/2021:09:29:01 -0300] "POST /cormun/servlet/solicitudot?gx-no-cache=1629980315009 HTTP/1.1" 200 120
190.171.141.114 - - [26/Aug/2021:09:29:02 -0300] "POST /cormun/servlet/solicitudot?f389b629e22f6c51e4a2ee4c7f4a9410,INS,0,0,false,,gx-no-cache=1629980315146 HTTP/1.1" 200 12748
186.103.156.166 - - [26/Aug/2021:09:29:16 -0300] "GET /cormun/servlet/solicitudot?76b8010d805388e478b0e42519017d9e721cb88a38cbac41b3bb0f4f01693940bdd0817d0d28785b974158d8c5b0de8a8f73d574b12a859659998bb5fcc4e8f3,gx-no-cache=1629980327766 HTTP/1.1" 200 30
186.103.156.166 - - [26/Aug/2021:09:29:16 -0300] "GET /cormun/servlet/solicitudot?76b8010d805388e478b0e42519017d9e86328d914171d921bcb5ea4b7f8164025ea754c10a5087463434a5ed7123e7ce70b727f908dc60fe89d2c85c9ace25ce2d3523c595d5667d08487bbebdc4ad718d70bc2e4f7ebb596b64f7e0e199c97e60eb4b7c9467562a6aa4bc986e4a25b19b47555dcde624357dc6c3788a48888fd93abf8c4789675e01ea15d9c326e4d653610bd7c34c8ad223de4047f661f49a7cc8b92321d44d60966ce6038157c07c6a3212514fe001d12d40231de066e4e9abbd44cf2a4ff9d4eb1580527b258885bc406ea78e8244c371a01dc35b818f88d90a816637182792fde9983ede62e7b8722c0618bcfaa3f17385e16c206f349b9db57424d686dd2401fc159732e2357a441a7551064ba02c93e199d21daa76ff91ac46c473c604f3280acfda75687d692508457b0bcb00a79ea8aa1fc30c7b6ed040da291fede9ea9dc9212ff5662ea445185bbc9fbfcee11dac84635079c18a1d032da9e8dd8b5f728a47310a7532791e1fa89e673002704574f1a2d6571b87e86d9569801dd2ce35e2341994ca3427,gx-no-cache=1629980328022 HTTP/1.1" 200 30
186.103.156.166 - - [26/Aug/2021:09:29:16 -0300] "POST /cormun/servlet/solicitudot?gx-no-cache=1629980328190 HTTP/1.1" 200 30
186.103.156.166 - - [26/Aug/2021:09:29:16 -0300] "POST /cormun/servlet/solicitudot?gx-no-cache=1629980328306 HTTP/1.1" 200 1442
186.103.156.166 - - [26/Aug/2021:09:29:16 -0300] "POST /cormun/servlet/solicitudot?gx-no-cache=1629980328558 HTTP/1.1" 200 40
186.103.156.166 - - [26/Aug/2021:09:29:17 -0300] "GET /cormun/servlet/solicitudot?76b8010d805388e478b0e42519017d9e547e47115bf7c5f112658808b446d3204a201e061c7d3c6e30192c4702728c877c560da594046428402eb9aa0e671d4bbeab434af7fe56c5d6da692de59dd533be9ade069450f42dc8eedb04bc5a4725993fd87488ef0529fdbbcfdb5b1c2270,gx-no-cache=1629980328654 HTTP/1.1" 200 110
186.103.156.166 - - [26/Aug/2021:09:29:17 -0300] "POST /cormun/servlet/solicitudot?gx-no-cache=1629980328730 HTTP/1.1" 200 72
186.103.156.166 - - [26/Aug/2021:09:29:17 -0300] "GET /cormun/servlet/solicitudot?76b8010d805388e478b0e42519017d9e6c03f4003aeb4e2a024c03ad90e2d05ba9a0cda7860b289d7acd2e255f4ba696,gx-no-cache=1629980328907 HTTP/1.1" 200 30
186.103.156.166 - - [26/Aug/2021:09:29:17 -0300] "POST /cormun/servlet/solicitudot?gx-no-cache=1629980328991 HTTP/1.1" 200 34
186.103.156.166 - - [26/Aug/2021:09:29:17 -0300] "POST /cormun/servlet/solicitudot?19bd6ee46053219bb8b0db5ba49917c5,INS,0,0,false,,gx-no-cache=1629980329045 HTTP/1.1" 200 93
186.103.156.166 - - [26/Aug/2021:09:29:17 -0300] "GET /cormun/servlet/hpexe_return? HTTP/1.1" 200 1012
186.103.156.166 - - [26/Aug/2021:09:29:18 -0300] "GET /cormun/servlet/trsolicitudot HTTP/1.1" 200 9280
186.103.156.166 - - [26/Aug/2021:09:29:19 -0300] "GET /cormun/servlet/trsolicitudot HTTP/1.1" 200 9274
186.103.156.166 - - [26/Aug/2021:09:29:53 -0300] "POST /cormun/servlet/trsolicitudot?19bd6ee46053219bb8b0db5ba49917c5,gx-no-cache=1629980365225 HTTP/1.1" 200 107
186.103.156.166 - - [26/Aug/2021:09:29:53 -0300] "GET /cormun/servlet/trsolicitudadjuntos?2021,17441, HTTP/1.1" 200 6271
186.103.156.166 - - [26/Aug/2021:09:29:54 -0300] "GET /cormun/servlet/trsolicitudadjuntos?2021,17441, HTTP/1.1" 200 6271
186.103.156.166 - - [26/Aug/2021:09:30:06 -0300] "GET /cormun/servlet/solicitudotadjuntos?INS,2021,17441,,1, HTTP/1.1" 200 6222
186.103.156.166 - - [26/Aug/2021:09:30:07 -0300] "GET /cormun/static/about:blank HTTP/1.1" 404 1011
186.103.156.166 - - [26/Aug/2021:09:30:07 -0300] "GET /cormun/servlet/solicitudotadjuntos?INS,2021,17441,,1, HTTP/1.1" 200 6215
186.103.156.166 - - [26/Aug/2021:09:30:08 -0300] "GET /cormun/servlet/solicitudotadjuntos?76b8010d805388e478b0e42519017d9e1835af34fe2c664767fd9b14cfa495776f8d9afed968672d211134b8be665550,gx-no-cache=1629980379818 HTTP/1.1" 200 30
186.103.156.166 - - [26/Aug/2021:09:30:08 -0300] "POST /cormun/servlet/solicitudotadjuntos?19bd6ee46053219bb8b0db5ba49917c5,INS,2021,17441,,1,,gx-no-cache=1629980379861 HTTP/1.1" 200 4149
186.103.156.166 - - [26/Aug/2021:09:30:15 -0300] "POST /cormun/servlet/solicitudotadjuntos?gx-no-cache=1629980387022 HTTP/1.1" 200 26
186.103.156.166 - - [26/Aug/2021:09:30:35 -0300] "GET /cormun/servlet/solicitudotadjuntos?76b8010d805388e478b0e42519017d9e01f9bc99e293ef050d68ba2a700ebadc,gx-no-cache=1629980407369 HTTP/1.1" 200 30
186.103.156.166 - - [26/Aug/2021:09:30:35 -0300] "GET /cormun/servlet/solicitudotadjuntos?76b8010d805388e478b0e42519017d9e01f9bc99e293ef050d68ba2a700ebadc,gx-no-cache=1629980407423 HTTP/1.1" 200 30
186.103.156.166 - - [26/Aug/2021:09:30:36 -0300] "POST /cormun/servlet/solicitudotadjuntos?19bd6ee46053219bb8b0db5ba49917c5,INS,2021,17441,,1, HTTP/1.1" 200 116
186.103.156.166 - - [26/Aug/2021:09:30:36 -0300] "GET /cormun/servlet/hpexe_return? HTTP/1.1" 200 1031
186.103.156.166 - - [26/Aug/2021:09:30:36 -0300] "GET /cormun/servlet/trsolicitudadjuntos?2021,17441, HTTP/1.1" 200 9053
186.103.156.166 - - [26/Aug/2021:09:30:37 -0300] "GET /cormun/servlet/trsolicitudadjuntos?2021,17441, HTTP/1.1" 200 9051
192.168.10.163 - - [26/Aug/2021:09:31:14 -0300] "GET /cormun/servlet/hlogin HTTP/1.1" 200 1732
186.103.156.166 - - [26/Aug/2021:09:33:21 -0300] "GET /cormun/servlet/solicitudotadjuntos?INS,2021,17441,,1, HTTP/1.1" 200 6223
186.103.156.166 - - [26/Aug/2021:09:33:22 -0300] "GET /cormun/static/about:blank HTTP/1.1" 404 1011
186.103.156.166 - - [26/Aug/2021:09:33:22 -0300] "GET /cormun/servlet/solicitudotadjuntos?INS,2021,17441,,1, HTTP/1.1" 200 6216
186.103.156.166 - - [26/Aug/2021:09:33:23 -0300] "GET /cormun/servlet/solicitudotadjuntos?76b8010d805388e478b0e42519017d9e1835af34fe2c664767fd9b14cfa495776f8d9afed968672d211134b8be665550,gx-no-cache=1629980574900 HTTP/1.1" 200 30
186.103.156.166 - - [26/Aug/2021:09:33:23 -0300] "POST /cormun/servlet/solicitudotadjuntos?19bd6ee46053219bb8b0db5ba49917c5,INS,2021,17441,,1,,gx-no-cache=1629980574957 HTTP/1.1" 200 4148
190.171.141.114 - - [26/Aug/2021:09:33:24 -0300] "POST /cormun/servlet/solicitudot?gx-no-cache=1629980577099 HTTP/1.1" 200 40
190.171.141.114 - - [26/Aug/2021:09:33:24 -0300] "GET /cormun/servlet/solicitudot?26e3778485623a9d91640637cc500ae2788b3ba39372003d31c0f124c2fabea6c14067fb75f76220f417721c7a2ed601a47dd6ffcf2b727c4897672d6cd4a510da8c79336afa1cad63202962cbe40376e99f0bd6ac252dc6b29560b0a8fceac553f39ecab1a7707fea4111c1d11e9d97,gx-no-cache=1629980577246 HTTP/1.1" 200 110
190.171.141.114 - - [26/Aug/2021:09:33:24 -0300] "POST /cormun/servlet/solicitudot?gx-no-cache=1629980577312 HTTP/1.1" 200 34
190.171.141.114 - - [26/Aug/2021:09:33:24 -0300] "POST /cormun/servlet/solicitudot?f389b629e22f6c51e4a2ee4c7f4a9410,INS,0,0,false,,gx-no-cache=1629980577407 HTTP/1.1" 200 12769
186.103.156.166 - - [26/Aug/2021:09:33:27 -0300] "POST /cormun/servlet/solicitudotadjuntos?gx-no-cache=1629980579237 HTTP/1.1" 200 26
190.171.141.114 - - [26/Aug/2021:09:33:48 -0300] "GET /cormun/servlet/solicitudot?26e3778485623a9d91640637cc500ae26a9f6bb704882a3834f6c9d8b41297fed26124261b9ed0e1e065cbdcbf235df9b691b3569998993d784caa3298681bd4,gx-no-cache=1629980601282 HTTP/1.1" 200 30
190.171.141.114 - - [26/Aug/2021:09:33:48 -0300] "GET /cormun/servlet/solicitudot?26e3778485623a9d91640637cc500ae2e74df73bf4d0ddd3978c8559f371b034483db457725dc9d7222fd553af23bbd66fecbc36d8c289e04763f1e3d3c8ebd3e271602dea7f4d6916bd740a5a93a6abb2fe0a2183cf66db3b62392f5adef19c0633960125cf8e358e8fdb932cf58378d8f2c617d5f3ff78fc120d5a07c8f591901414db21465c410649fc38a0c290fc9f2b295619b756ef2eda4c8a26e6523973adbaccd1b9ed32c3c8d3d0aaef542fdea65023dd6a0df80cdd27cbd4023d92e7c96ff33699740405a18056fd87771fd8826c94d31575028c3281c6cc6deaa581c001c2a2c07982aa572ea9806e15d2ce2146788273db242c4652875861ac024b7b2180a4e0a7a13780481b279c21ecd86b4177b132e19dd5535c5c03349cb94b757858258f052c2d367c2e8e3a1acd962f234be87b248ebe79a7e3ed97cd6261dbc41f15a3e38fda10e540f5a341ff50bc18085447233acfdaa4330d9fd312a394331249453f1e99afa4257b92e929791000f44b37b82c19afa105bc26d9fe5de2e8a99a1d7a9bdd1296d3b05ad21f,gx-no-cache=1629980601350 HTTP/1.1" 200 30
190.171.141.114 - - [26/Aug/2021:09:33:48 -0300] "POST /cormun/servlet/solicitudot?gx-no-cache=1629980601399 HTTP/1.1" 200 30
190.171.141.114 - - [26/Aug/2021:09:33:48 -0300] "POST /cormun/servlet/solicitudot?gx-no-cache=1629980601461 HTTP/1.1" 200 1441
190.171.141.114 - - [26/Aug/2021:09:33:48 -0300] "POST /cormun/servlet/solicitudot?gx-no-cache=1629980601561 HTTP/1.1" 200 40
190.171.141.114 - - [26/Aug/2021:09:33:48 -0300] "GET /cormun/servlet/solicitudot?26e3778485623a9d91640637cc500ae2788b3ba39372003d31c0f124c2fabea6c14067fb75f76220f417721c7a2ed601a47dd6ffcf2b727c4897672d6cd4a510da8c79336afa1cad63202962cbe40376e99f0bd6ac252dc6b29560b0a8fceac553f39ecab1a7707fea4111c1d11e9d97,gx-no-cache=1629980601614 HTTP/1.1" 200 110
190.171.141.114 - - [26/Aug/2021:09:33:48 -0300] "POST /cormun/servlet/solicitudot?gx-no-cache=1629980601669 HTTP/1.1" 200 96
190.171.141.114 - - [26/Aug/2021:09:33:48 -0300] "GET /cormun/servlet/solicitudot?26e3778485623a9d91640637cc500ae2160cbeee1002cc2ca6805e9d6ebfb37f6cd1ba815e52f97b7da83d17cad4f216,gx-no-cache=1629980601722 HTTP/1.1" 200 30
190.171.141.114 - - [26/Aug/2021:09:33:48 -0300] "POST /cormun/servlet/solicitudot?gx-no-cache=1629980601795 HTTP/1.1" 200 34
190.171.141.114 - - [26/Aug/2021:09:33:49 -0300] "POST /cormun/servlet/solicitudot?f389b629e22f6c51e4a2ee4c7f4a9410,INS,0,0,false,,gx-no-cache=1629980601852 HTTP/1.1" 200 93
190.171.141.114 - - [26/Aug/2021:09:33:49 -0300] "GET /cormun/servlet/hpexe_return? HTTP/1.1" 200 1011
190.171.141.114 - - [26/Aug/2021:09:33:50 -0300] "GET /cormun/servlet/trsolicitudot HTTP/1.1" 200 8619
190.171.141.114 - - [26/Aug/2021:09:33:53 -0300] "GET /cormun/servlet/trsolicitudot HTTP/1.1" 200 8615
186.103.156.166 - - [26/Aug/2021:09:33:59 -0300] "GET /cormun/servlet/solicitudotadjuntos?76b8010d805388e478b0e42519017d9e01f9bc99e293ef050d68ba2a700ebadc,gx-no-cache=1629980611622 HTTP/1.1" 200 30
186.103.156.166 - - [26/Aug/2021:09:34:00 -0300] "GET /cormun/servlet/solicitudotadjuntos?76b8010d805388e478b0e42519017d9e01f9bc99e293ef050d68ba2a700ebadc,gx-no-cache=1629980611658 HTTP/1.1" 200 30
186.103.156.166 - - [26/Aug/2021:09:34:00 -0300] "POST /cormun/servlet/solicitudotadjuntos?19bd6ee46053219bb8b0db5ba49917c5,INS,2021,17441,,1, HTTP/1.1" 200 116
186.103.156.166 - - [26/Aug/2021:09:34:00 -0300] "GET /cormun/servlet/hpexe_return? HTTP/1.1" 200 1031
190.171.141.114 - - [26/Aug/2021:09:34:00 -0300] "GET /cormun/servlet/trsolicitudot? HTTP/1.1" 200 8615
186.103.156.166 - - [26/Aug/2021:09:34:00 -0300] "GET /cormun/servlet/trsolicitudadjuntos?2021,17441, HTTP/1.1" 200 9289
186.103.156.166 - - [26/Aug/2021:09:34:01 -0300] "GET /cormun/servlet/trsolicitudadjuntos?2021,17441, HTTP/1.1" 200 9289
190.171.141.114 - - [26/Aug/2021:09:34:02 -0300] "GET /cormun/servlet/trsolicitudot? HTTP/1.1" 200 8615
190.171.141.114 - - [26/Aug/2021:09:34:23 -0300] "GET /cormun/servlet/solicitudot?INS,0,0,false, HTTP/1.1" 200 15554
190.171.141.114 - - [26/Aug/2021:09:34:26 -0300] "GET /cormun/servlet/solicitudot?INS,0,0,false, HTTP/1.1" 200 15561
186.103.156.166 - - [26/Aug/2021:09:35:04 -0300] "GET /cormun/servlet/solicitudotadjuntos?INS,2021,17441,,1, HTTP/1.1" 200 6221
186.103.156.166 - - [26/Aug/2021:09:35:04 -0300] "GET /cormun/static/about:blank HTTP/1.1" 404 1011
186.103.156.166 - - [26/Aug/2021:09:35:05 -0300] "GET /cormun/servlet/solicitudotadjuntos?INS,2021,17441,,1, HTTP/1.1" 200 6215
186.103.156.166 - - [26/Aug/2021:09:35:05 -0300] "GET /cormun/servlet/solicitudotadjuntos?76b8010d805388e478b0e42519017d9e1835af34fe2c664767fd9b14cfa495776f8d9afed968672d211134b8be665550,gx-no-cache=1629980677411 HTTP/1.1" 200 30
186.103.156.166 - - [26/Aug/2021:09:35:05 -0300] "POST /cormun/servlet/solicitudotadjuntos?19bd6ee46053219bb8b0db5ba49917c5,INS,2021,17441,,1,,gx-no-cache=1629980677452 HTTP/1.1" 200 4149
186.103.156.166 - - [26/Aug/2021:09:35:11 -0300] "POST /cormun/servlet/solicitudotadjuntos?gx-no-cache=1629980683119 HTTP/1.1" 200 26
190.171.141.114 - - [26/Aug/2021:09:35:12 -0300] "POST /cormun/servlet/solicitudot?gx-no-cache=1629980685717 HTTP/1.1" 200 3827
190.171.141.114 - - [26/Aug/2021:09:35:13 -0300] "POST /cormun/servlet/solicitudot?f389b629e22f6c51e4a2ee4c7f4a9410,INS,0,0,false,,gx-no-cache=1629980686183 HTTP/1.1" 200 12342
186.103.156.166 - - [26/Aug/2021:09:35:30 -0300] "GET /cormun/servlet/solicitudotadjuntos?76b8010d805388e478b0e42519017d9e01f9bc99e293ef050d68ba2a700ebadc,gx-no-cache=1629980702521 HTTP/1.1" 200 30
186.103.156.166 - - [26/Aug/2021:09:35:31 -0300] "GET /cormun/servlet/solicitudotadjuntos?76b8010d805388e478b0e42519017d9e01f9bc99e293ef050d68ba2a700ebadc,gx-no-cache=1629980702612 HTTP/1.1" 200 30
186.103.156.166 - - [26/Aug/2021:09:35:31 -0300] "POST /cormun/servlet/solicitudotadjuntos?19bd6ee46053219bb8b0db5ba49917c5,INS,2021,17441,,1, HTTP/1.1" 200 116
186.103.156.166 - - [26/Aug/2021:09:35:31 -0300] "GET /cormun/servlet/hpexe_return? HTTP/1.1" 200 1031
186.103.156.166 - - [26/Aug/2021:09:35:31 -0300] "GET /cormun/servlet/trsolicitudadjuntos?2021,17441, HTTP/1.1" 200 9513
186.103.156.166 - - [26/Aug/2021:09:35:32 -0300] "GET /cormun/servlet/trsolicitudadjuntos?2021,17441, HTTP/1.1" 200 9509
186.103.156.166 - - [26/Aug/2021:09:35:44 -0300] "GET /cormun/servlet/solicitudotadjuntos?INS,2021,17441,,1, HTTP/1.1" 200 6222
186.103.156.166 - - [26/Aug/2021:09:35:44 -0300] "GET /cormun/static/about:blank HTTP/1.1" 404 1011
186.103.156.166 - - [26/Aug/2021:09:35:45 -0300] "GET /cormun/servlet/solicitudotadjuntos?INS,2021,17441,,1, HTTP/1.1" 200 6215
186.103.156.166 - - [26/Aug/2021:09:35:50 -0300] "GET /cormun/servlet/trsolicitudadjuntos?2021,17441, HTTP/1.1" 200 9511
186.103.156.166 - - [26/Aug/2021:09:35:51 -0300] "GET /cormun/servlet/trsolicitudadjuntos?2021,17441, HTTP/1.1" 200 9511
190.171.141.114 - - [26/Aug/2021:09:35:53 -0300] "GET /cormun/servlet/trsolicitudot? HTTP/1.1" 200 8616
190.171.141.114 - - [26/Aug/2021:09:35:56 -0300] "GET /cormun/servlet/trsolicitudot? HTTP/1.1" 200 8615
186.103.156.166 - - [26/Aug/2021:09:35:57 -0300] "POST /cormun/servlet/acontrolpreferencessavestate?None,MJRAMOS,true HTTP/1.1" 200 35
186.103.156.166 - - [26/Aug/2021:09:35:58 -0300] "POST /cormun/servlet/trsolicitudadjuntos?19bd6ee46053219bb8b0db5ba49917c5,2021,17441,,gx-no-cache=1629980729611 HTTP/1.1" 200 90
186.103.156.166 - - [26/Aug/2021:09:35:58 -0300] "GET /cormun/servlet/hpexe_link HTTP/1.1" 200 973
186.103.156.166 - - [26/Aug/2021:09:35:58 -0300] "GET /cormun/servlet/trsolicitudot HTTP/1.1" 200 9278
186.103.156.166 - - [26/Aug/2021:09:35:59 -0300] "GET /cormun/servlet/trsolicitudot HTTP/1.1" 200 9276
186.103.156.166 - - [26/Aug/2021:09:36:02 -0300] "POST /cormun/servlet/trsolicitudot?19bd6ee46053219bb8b0db5ba49917c5,gx-no-cache=1629980734272 HTTP/1.1" 200 112
186.103.156.166 - - [26/Aug/2021:09:36:03 -0300] "GET /cormun/servlet/solicitudot?UPD,2021,17441,false, HTTP/1.1" 200 16317
190.171.141.114 - - [26/Aug/2021:09:36:03 -0300] "GET /cormun/servlet/trsolicitudot? HTTP/1.1" 200 8615
186.103.156.166 - - [26/Aug/2021:09:36:04 -0300] "GET /cormun/servlet/solicitudot?UPD,2021,17441,false, HTTP/1.1" 200 16328
186.103.156.166 - - [26/Aug/2021:09:36:04 -0300] "POST /cormun/servlet/solicitudot?gx-no-cache=1629980736167 HTTP/1.1" 200 3798
186.103.156.166 - - [26/Aug/2021:09:36:04 -0300] "POST /cormun/servlet/solicitudot?19bd6ee46053219bb8b0db5ba49917c5,UPD,2021,17441,false,,gx-no-cache=1629980736341 HTTP/1.1" 200 12659
186.103.156.166 - - [26/Aug/2021:09:36:04 -0300] "GET /cormun/servlet/solicitudot?76b8010d805388e478b0e42519017d9e98ac4a53c221c84cf5d6792adc8986d5db1b9f889fc4d6bb0902605511d2eef2,gx-no-cache=1629980736596 HTTP/1.1" 200 30
186.103.156.166 - - [26/Aug/2021:09:36:05 -0300] "GET /cormun/servlet/solicitudot?76b8010d805388e478b0e42519017d9e721cb88a38cbac41b3bb0f4f01693940bdd0817d0d28785b974158d8c5b0de8a2326da3ecfac8fcd50d9d11c4f9cd9a1,gx-no-cache=1629980736643 HTTP/1.1" 200 30
186.103.156.166 - - [26/Aug/2021:09:36:05 -0300] "GET /cormun/servlet/solicitudot?76b8010d805388e478b0e42519017d9ea928ea7f21e20dec55064ec188a9fc7c1d7d9883f13e37dfeae29c6f3f5fe1533b6b6911090e9f099973a7dce8b603f0,gx-no-cache=1629980736676 HTTP/1.1" 200 53
186.103.156.166 - - [26/Aug/2021:09:36:05 -0300] "POST /cormun/servlet/solicitudot?gx-no-cache=1629980736714 HTTP/1.1" 200 295
186.103.156.166 - - [26/Aug/2021:09:36:05 -0300] "GET /cormun/servlet/solicitudot?76b8010d805388e478b0e42519017d9e86328d914171d921bcb5ea4b7f8164025ea754c10a5087463434a5ed7123e7ce70b727f908dc60fe89d2c85c9ace25ce2d3523c595d5667d08487bbebdc4ad718d70bc2e4f7ebb596b64f7e0e199c97e60eb4b7c9467562a6aa4bc986e4a25b19b47555dcde624357dc6c3788a48888fd93abf8c4789675e01ea15d9c326e4d653610bd7c34c8ad223de4047f661f49a7cc8b92321d44d60966ce6038157c07c6a3212514fe001d12d40231de066e4e9abbd44cf2a4ff9d4eb1580527b258885bc406ea78e8244c371a01dc35b818f88d90a816637182792fde9983ede62e7b8722c0618bcfaa3f17385e16c206f349b9db57424d686dd2401fc159732e2357a441a7551064ba02c93e199d21daa76ff91ac46c473c604f3280acfda75687d692508457b0bcb00a79ea8aa1fc30c7b6ed040da291fede9ea9dc9212ff5662ea445185bbc9fbfcee11dac84635079c18a1d032da9e8dd8b5f728a47310a7532791e1fa89e673002704574f1a2d6571b87e86d9569801dd2ce35e2341994ca3427,gx-no-cache=1629980736764 HTTP/1.1" 200 30
186.103.156.166 - - [26/Aug/2021:09:36:05 -0300] "POST /cormun/servlet/solicitudot?gx-no-cache=1629980736794 HTTP/1.1" 200 30
186.103.156.166 - - [26/Aug/2021:09:36:05 -0300] "POST /cormun/servlet/solicitudot?gx-no-cache=1629980736856 HTTP/1.1" 200 1442
186.103.156.166 - - [26/Aug/2021:09:36:05 -0300] "POST /cormun/servlet/solicitudot?gx-no-cache=1629980736952 HTTP/1.1" 200 40
190.171.141.114 - - [26/Aug/2021:09:36:05 -0300] "GET /cormun/servlet/trsolicitudot? HTTP/1.1" 200 8615
186.103.156.166 - - [26/Aug/2021:09:36:08 -0300] "GET /cormun/servlet/solicitudot?76b8010d805388e478b0e42519017d9e547e47115bf7c5f112658808b446d3204a201e061c7d3c6e30192c4702728c877c560da594046428402eb9aa0e671d4bbeab434af7fe56c5d6da692de59dd533be9ade069450f42dc8eedb04bc5a4725993fd87488ef0529fdbbcfdb5b1c2270,gx-no-cache=1629980740428 HTTP/1.1" 200 110
186.103.156.166 - - [26/Aug/2021:09:36:08 -0300] "POST /cormun/servlet/solicitudot?gx-no-cache=1629980740508 HTTP/1.1" 200 67
186.103.156.166 - - [26/Aug/2021:09:36:09 -0300] "GET /cormun/servlet/solicitudot?76b8010d805388e478b0e42519017d9e12754dff5db4aeaeb4f518f941b7ac3944c4d90171ffb566ad0c3f5fdb660eb499b31dcdd665296174501cad3b000a56d26b269b9d067e92b7817cf830d0d11faa7c8448028e926d4dd660f4fae2b1fd8b0a6e054cfa756284015af8f0df53c0,gx-no-cache=1629980740600 HTTP/1.1" 200 29
186.103.156.166 - - [26/Aug/2021:09:36:09 -0300] "GET /cormun/servlet/solicitudot?76b8010d805388e478b0e42519017d9e6c03f4003aeb4e2a024c03ad90e2d05ba9a0cda7860b289d7acd2e255f4ba696,gx-no-cache=1629980740682 HTTP/1.1" 200 30
186.103.156.166 - - [26/Aug/2021:09:36:09 -0300] "POST /cormun/servlet/solicitudot?gx-no-cache=1629980740774 HTTP/1.1" 200 34
186.103.156.166 - - [26/Aug/2021:09:36:09 -0300] "POST /cormun/servlet/solicitudot?19bd6ee46053219bb8b0db5ba49917c5,UPD,2021,17441,false,,gx-no-cache=1629980740886 HTTP/1.1" 200 93
186.103.156.166 - - [26/Aug/2021:09:36:09 -0300] "GET /cormun/servlet/hpexe_return? HTTP/1.1" 200 1018
186.103.156.166 - - [26/Aug/2021:09:36:10 -0300] "GET /cormun/servlet/trsolicitudot HTTP/1.1" 200 9282
186.103.156.166 - - [26/Aug/2021:09:36:11 -0300] "GET /cormun/servlet/trsolicitudot HTTP/1.1" 200 9276
190.171.141.114 - - [26/Aug/2021:09:36:11 -0300] "GET /cormun/servlet/solicitudot?INS,0,0,false, HTTP/1.1" 200 15556
190.171.141.114 - - [26/Aug/2021:09:36:13 -0300] "GET /cormun/servlet/solicitudot?INS,0,0,false, HTTP/1.1" 200 15564
186.103.156.166 - - [26/Aug/2021:09:36:14 -0300] "POST /cormun/servlet/trsolicitudot?19bd6ee46053219bb8b0db5ba49917c5,gx-no-cache=1629980746481 HTTP/1.1" 200 6665
186.103.156.166 - - [26/Aug/2021:09:36:15 -0300] "GET /cormun/static/Shared/jqueryui/images/ui-bg_highlight-soft_100_c6c2c8_1x100.png HTTP/1.1" 404 1117
186.103.156.166 - - [26/Aug/2021:09:36:15 -0300] "GET /cormun/static/Shared/jqueryui/images/ui-icons_82798d_256x240.png HTTP/1.1" 404 1089
186.103.156.166 - - [26/Aug/2021:09:36:15 -0300] "GET /cormun/static/Shared/jqueryui/images/ui-bg_flat_55_fafafa_40x100.png HTTP/1.1" 404 1097
186.103.156.166 - - [26/Aug/2021:09:36:15 -0300] "GET /cormun/static/Shared/jqueryui/images/ui-icons_8d78a5_256x240.png HTTP/1.1" 404 1089
186.103.156.166 - - [26/Aug/2021:09:36:19 -0300] "POST /cormun/servlet/trsolicitudot?19bd6ee46053219bb8b0db5ba49917c5,gx-no-cache=1629980751099 HTTP/1.1" 200 6734
190.171.141.114 - - [26/Aug/2021:09:36:24 -0300] "POST /cormun/servlet/solicitudot?gx-no-cache=1629980757177 HTTP/1.1" 200 3708
190.171.141.114 - - [26/Aug/2021:09:36:24 -0300] "POST /cormun/servlet/solicitudot?f389b629e22f6c51e4a2ee4c7f4a9410,INS,0,0,false,,gx-no-cache=1629980757509 HTTP/1.1" 200 12216
190.171.141.114 - - [26/Aug/2021:09:36:32 -0300] "GET /cormun/servlet/solicitudot?26e3778485623a9d91640637cc500ae26c05524c38c8076d8a7b3626b24db6bc6fd513f92c29066a6016d90b28241376,gx-no-cache=1629980765819 HTTP/1.1" 200 30
186.103.156.166 - - [26/Aug/2021:09:36:35 -0300] "GET /cormun/servlet/solicitudot?INS,0,0,false, HTTP/1.1" 200 15716
186.103.156.166 - - [26/Aug/2021:09:36:36 -0300] "GET /cormun/servlet/solicitudot?INS,0,0,false, HTTP/1.1" 200 15723
190.171.141.114 - - [26/Aug/2021:09:37:45 -0300] "GET /cormun/servlet/solicitudot?26e3778485623a9d91640637cc500ae267c55c65c7b38cda61030d50aac6e270,gx-no-cache=1629980838796 HTTP/1.1" 200 94
190.171.141.114 - - [26/Aug/2021:09:37:45 -0300] "GET /cormun/static/Shared/jqueryui/images/ui-bg_highlight-soft_100_c6c2c8_1x100.png HTTP/1.1" 404 1117
190.171.141.114 - - [26/Aug/2021:09:37:45 -0300] "GET /cormun/static/Shared/jqueryui/images/ui-icons_82798d_256x240.png HTTP/1.1" 404 1089
190.171.141.114 - - [26/Aug/2021:09:37:45 -0300] "GET /cormun/static/Shared/jqueryui/images/ui-bg_flat_55_994d53_40x100.png HTTP/1.1" 404 1097
190.171.141.114 - - [26/Aug/2021:09:37:45 -0300] "GET /cormun/static/Shared/jqueryui/images/ui-icons_ebccce_256x240.png HTTP/1.1" 404 1089
190.171.141.114 - - [26/Aug/2021:09:37:45 -0300] "GET /cormun/servlet/solicitudot?26e3778485623a9d91640637cc500ae29414a6cfb8216b505393cce79fb4f50e,gx-no-cache=1629980838989 HTTP/1.1" 200 29
186.103.156.166 - - [26/Aug/2021:09:38:34 -0300] "GET /cormun/servlet/trautorizarsolicitud? HTTP/1.1" 200 9170
186.103.156.166 - - [26/Aug/2021:09:38:35 -0300] "GET /cormun/servlet/trautorizarsolicitud? HTTP/1.1" 200 9162
186.103.156.166 - - [26/Aug/2021:09:38:39 -0300] "POST /cormun/servlet/trautorizarsolicitud?19bd6ee46053219bb8b0db5ba49917c5,,gx-no-cache=1629980891348 HTTP/1.1" 200 107
186.103.156.166 - - [26/Aug/2021:09:38:39 -0300] "GET /cormun/servlet/trsolicitudadjuntos?2021,17441, HTTP/1.1" 200 9507
186.103.156.166 - - [26/Aug/2021:09:38:40 -0300] "GET /cormun/servlet/trsolicitudadjuntos?2021,17441, HTTP/1.1" 200 9510
186.103.156.166 - - [26/Aug/2021:09:38:44 -0300] "GET /cormun/servlet/solicitudotadjuntos?INS,2021,17441,,1, HTTP/1.1" 200 6225
186.103.156.166 - - [26/Aug/2021:09:38:45 -0300] "GET /cormun/static/about:blank HTTP/1.1" 404 1011
186.103.156.166 - - [26/Aug/2021:09:38:45 -0300] "GET /cormun/servlet/solicitudotadjuntos?INS,2021,17441,,1, HTTP/1.1" 200 6218
186.103.156.166 - - [26/Aug/2021:09:38:45 -0300] "GET /cormun/servlet/solicitudotadjuntos?76b8010d805388e478b0e42519017d9e1835af34fe2c664767fd9b14cfa495776f8d9afed968672d211134b8be665550,gx-no-cache=1629980897462 HTTP/1.1" 200 30
186.103.156.166 - - [26/Aug/2021:09:38:46 -0300] "POST /cormun/servlet/solicitudotadjuntos?19bd6ee46053219bb8b0db5ba49917c5,INS,2021,17441,,1,,gx-no-cache=1629980897496 HTTP/1.1" 200 4149
190.171.141.114 - - [26/Aug/2021:09:38:46 -0300] "GET /cormun/servlet/prbanco?,MD,,gxPopupLevel%3D0%3B HTTP/1.1" 200 6563
186.103.156.166 - - [26/Aug/2021:09:38:48 -0300] "POST /cormun/servlet/solicitudotadjuntos?gx-no-cache=1629980900629 HTTP/1.1" 200 26
190.171.141.114 - - [26/Aug/2021:09:39:25 -0300] "GET /cormun/servlet/solicitudot?26e3778485623a9d91640637cc500ae291cc561ab4e6d6ab07eb075fbd312d86,gx-no-cache=1629980938965 HTTP/1.1" 200 60
190.171.141.114 - - [26/Aug/2021:09:39:28 -0300] "POST /cormun/servlet/solicitudot?gx-no-cache=1629980941322 HTTP/1.1" 200 255
186.103.156.166 - - [26/Aug/2021:09:39:28 -0300] "GET /cormun/servlet/solicitudotadjuntos?76b8010d805388e478b0e42519017d9e01f9bc99e293ef050d68ba2a700ebadc,gx-no-cache=1629980940502 HTTP/1.1" 200 30
186.103.156.166 - - [26/Aug/2021:09:39:28 -0300] "GET /cormun/servlet/solicitudotadjuntos?76b8010d805388e478b0e42519017d9e01f9bc99e293ef050d68ba2a700ebadc,gx-no-cache=1629980940539 HTTP/1.1" 200 30
186.103.156.166 - - [26/Aug/2021:09:39:29 -0300] "POST /cormun/servlet/solicitudotadjuntos?19bd6ee46053219bb8b0db5ba49917c5,INS,2021,17441,,1, HTTP/1.1" 200 116
186.103.156.166 - - [26/Aug/2021:09:39:29 -0300] "GET /cormun/servlet/hpexe_return? HTTP/1.1" 200 1031
186.103.156.166 - - [26/Aug/2021:09:39:29 -0300] "GET /cormun/servlet/trsolicitudadjuntos?2021,17441, HTTP/1.1" 200 9739
