200.54.107.2 - - [24/Aug/2021:17:49:46 -0300] "POST /cormun/servlet/solicitudotadjuntos?e9f2b6d7da215d5c7b36ded2ba7e9ca8,INS,2021,17432,,1,,gx-no-cache=1629837559941 HTTP/1.1" 200 4194
200.54.107.2 - - [24/Aug/2021:17:49:49 -0300] "POST /cormun/servlet/solicitudotadjuntos?gx-no-cache=1629837563113 HTTP/1.1" 200 26
200.54.107.2 - - [24/Aug/2021:17:49:56 -0300] "GET /cormun/servlet/solicitudotadjuntos?5dbf2290375feaa00fc994fd67f76b1a17720e7ed72b369e43692b8bd3e41638,gx-no-cache=1629837569814 HTTP/1.1" 200 30
200.54.107.2 - - [24/Aug/2021:17:49:56 -0300] "GET /cormun/servlet/solicitudotadjuntos?5dbf2290375feaa00fc994fd67f76b1a17720e7ed72b369e43692b8bd3e41638,gx-no-cache=1629837569838 HTTP/1.1" 200 30
200.54.107.2 - - [24/Aug/2021:17:49:56 -0300] "POST /cormun/servlet/solicitudotadjuntos?e9f2b6d7da215d5c7b36ded2ba7e9ca8,INS,2021,17432,,1, HTTP/1.1" 200 116
200.54.107.2 - - [24/Aug/2021:17:49:56 -0300] "GET /cormun/servlet/hpexe_return? HTTP/1.1" 200 1030
200.54.107.2 - - [24/Aug/2021:17:49:57 -0300] "GET /cormun/servlet/trsolicitudadjuntos?2021,17432, HTTP/1.1" 200 10418
200.54.107.2 - - [24/Aug/2021:17:49:57 -0300] "GET /cormun/servlet/trsolicitudadjuntos?2021,17432, HTTP/1.1" 200 10417
192.168.10.78 - - [24/Aug/2021:17:49:58 -0300] "GET /cormun/servlet/veautorizarot?2021,17402,,SolicitudOTAdjuntos HTTP/1.1" 200 10731
192.168.10.78 - - [24/Aug/2021:17:49:59 -0300] "GET /cormun/servlet/veautorizarot?2021,17402,,SolicitudOTAdjuntos HTTP/1.1" 200 10731
192.168.10.78 - - [24/Aug/2021:17:49:59 -0300] "POST /cormun/servlet/acontrolpreferencessavestate?None,RRHH+CATALINA+CACERES,true HTTP/1.1" 200 35
192.168.10.78 - - [24/Aug/2021:17:50:00 -0300] "GET /cormun/servlet/veautorizarot?2021,17402,,General HTTP/1.1" 200 8220
192.168.10.78 - - [24/Aug/2021:17:50:00 -0300] "GET /cormun/pexe_scrolldiv.js HTTP/1.1" 404 1009
192.168.10.78 - - [24/Aug/2021:17:50:00 -0300] "GET /cormun/servlet/veautorizarot?2021,17402,,General HTTP/1.1" 200 8220
200.54.107.2 - - [24/Aug/2021:17:50:02 -0300] "GET /cormun/servlet/trsolicitudot? HTTP/1.1" 200 9037
200.54.107.2 - - [24/Aug/2021:17:50:02 -0300] "GET /cormun/servlet/trsolicitudot? HTTP/1.1" 200 9030
190.171.153.26 - - [24/Aug/2021:17:50:08 -0300] "GET /cormun/servlet/hlogin HTTP/1.1" 200 1748
200.54.107.2 - - [24/Aug/2021:17:50:18 -0300] "POST /cormun/servlet/trsolicitudot?e9f2b6d7da215d5c7b36ded2ba7e9ca8,,gx-no-cache=1629837592177 HTTP/1.1" 200 4899
200.54.107.2 - - [24/Aug/2021:17:50:18 -0300] "GET /cormun/static/Shared/jqueryui/images/ui-bg_highlight-soft_100_c6c2c8_1x100.png HTTP/1.1" 404 1117
200.54.107.2 - - [24/Aug/2021:17:50:19 -0300] "GET /cormun/static/Shared/jqueryui/images/ui-icons_82798d_256x240.png HTTP/1.1" 404 1089
200.54.107.2 - - [24/Aug/2021:17:50:19 -0300] "GET /cormun/static/Shared/jqueryui/images/ui-bg_flat_55_fafafa_40x100.png HTTP/1.1" 404 1097
200.54.107.2 - - [24/Aug/2021:17:50:19 -0300] "GET /cormun/static/Shared/jqueryui/images/ui-icons_8d78a5_256x240.png HTTP/1.1" 404 1089
200.54.107.2 - - [24/Aug/2021:17:50:19 -0300] "POST /cormun/servlet/trsolicitudot?e9f2b6d7da215d5c7b36ded2ba7e9ca8,,gx-no-cache=1629837592534 HTTP/1.1" 200 4635
200.54.107.2 - - [24/Aug/2021:17:50:25 -0300] "GET /cormun/servlet/trsolicitudot? HTTP/1.1" 200 7574
200.54.107.2 - - [24/Aug/2021:17:50:25 -0300] "GET /cormun/servlet/trsolicitudot? HTTP/1.1" 200 7574
200.54.107.2 - - [24/Aug/2021:17:50:28 -0300] "GET /cormun/servlet/trsolicitudot? HTTP/1.1" 200 7574
200.54.107.2 - - [24/Aug/2021:17:50:29 -0300] "GET /cormun/servlet/trsolicitudot? HTTP/1.1" 200 7574
200.54.107.2 - - [24/Aug/2021:17:50:32 -0300] "GET /cormun/servlet/solicitudot?INS,0,0,false, HTTP/1.1" 200 15913
200.54.107.2 - - [24/Aug/2021:17:50:32 -0300] "GET /cormun/servlet/solicitudot?INS,0,0,false, HTTP/1.1" 200 15921
200.54.107.2 - - [24/Aug/2021:17:50:46 -0300] "POST /cormun/servlet/solicitudot?gx-no-cache=1629837618775 HTTP/1.1" 200 3708
200.54.107.2 - - [24/Aug/2021:17:50:46 -0300] "POST /cormun/servlet/solicitudot?e9f2b6d7da215d5c7b36ded2ba7e9ca8,INS,0,0,false,,gx-no-cache=1629837619574 HTTP/1.1" 200 12497
200.54.107.2 - - [24/Aug/2021:17:50:51 -0300] "GET /cormun/servlet/solicitudot?5dbf2290375feaa00fc994fd67f76b1ad67fa29902ff08a80ef4ac00e284ed0555cc1e1a11f2a80a7d7615fbe35e3cd5,gx-no-cache=1629837624850 HTTP/1.1" 200 30
186.67.172.234 - - [24/Aug/2021:17:50:55 -0300] "POST /cormun/servlet/hlogin?e979c418058767df12b565f638bbf401,gx-no-cache=1629837628539 HTTP/1.1" 200 90
186.67.172.234 - - [24/Aug/2021:17:50:55 -0300] "GET /cormun/servlet/hpexe_link HTTP/1.1" 200 958
186.67.172.234 - - [24/Aug/2021:17:50:56 -0300] "GET /cormun/servlet/trlicencias HTTP/1.1" 200 14234
186.67.172.234 - - [24/Aug/2021:17:50:56 -0300] "GET /cormun/servlet/trlicencias HTTP/1.1" 200 14231
190.171.141.90 - - [24/Aug/2021:17:51:03 -0300] "GET /cormun/servlet/trlicencias? HTTP/1.1" 200 17790
190.171.141.90 - - [24/Aug/2021:17:51:04 -0300] "GET /cormun/servlet/trlicencias? HTTP/1.1" 200 17790
200.54.107.2 - - [24/Aug/2021:17:51:20 -0300] "GET /cormun/servlet/prbanco?,MD,,gxPopupLevel%3D0%3B HTTP/1.1" 200 6651
200.54.107.2 - - [24/Aug/2021:17:51:23 -0300] "GET /cormun/servlet/solicitudot?5dbf2290375feaa00fc994fd67f76b1adfc5cfa1bfc36b72843c2e8744ba5c64025feb5d490b78ff2e9e874bedd886b63a25464da6f47146da845674d0e06adb,gx-no-cache=1629837656534 HTTP/1.1" 200 30
200.54.107.2 - - [24/Aug/2021:17:51:24 -0300] "GET /cormun/servlet/solicitudot?5dbf2290375feaa00fc994fd67f76b1ac7296aaecb84d66689ade03707b76ae9,gx-no-cache=1629837657944 HTTP/1.1" 200 53
200.54.107.2 - - [24/Aug/2021:17:51:35 -0300] "POST /cormun/servlet/solicitudot?gx-no-cache=1629837668321 HTTP/1.1" 200 240
200.54.107.2 - - [24/Aug/2021:17:51:36 -0300] "GET /cormun/servlet/solicitudot?5dbf2290375feaa00fc994fd67f76b1a54b0d0500f337c144fca6fd50f4a517df44dd97d354ac8da910093da492197853d73544a62ec41bc5d0bddcefd2438ba55ba49f9604fcf186eb0f209a94008ef52acab9eea3f19162b102cb3aab44521f697f568b1ff8e744c7447c39d1e531434a9dd6f8db5c2da0b2cfa246b5a36f59fa071e74b55c292536a1694f2088bc4144af43a83db60a3c70a42d920c3f32de2bd64c4bc4660136b69229b37aa0b442ffabd3a6d97e36f0fe1260b6fc4b8dbbc55a2205999ed7010d788ec4fb22aa4f7b02951912ef8bb65b5dccf42e3ffd6fef836c7f5e8ec67295359e8af3852cc5d76428362966b0edb23df79b598a6d6c57911887f10bc982a69a15d2b19be155b34d2540b046b137dffa4c06a5a0a1b68f94db5ba4ccc690156929f8d23bbddc8aac294ac6b96c535c4978140116804997b71fb27c4d0e3a332ba85ad0ce73d5fd1b175e74c22ad81b9da6e008c95eea57933a1cc4c43cae8c6bb4adcf9d1f3094d3a152f2a2f3c62fca12345922818,gx-no-cache=1629837670379 HTTP/1.1" 200 30
200.54.107.2 - - [24/Aug/2021:17:51:39 -0300] "POST /cormun/servlet/solicitudot?gx-no-cache=1629837673343 HTTP/1.1" 200 30
200.54.107.2 - - [24/Aug/2021:17:51:51 -0300] "GET /cormun/servlet/prlicenciaspermisos?12857569,L,,MD,,gxPopupLevel%3D0%3B HTTP/1.1" 200 7869
200.54.107.2 - - [24/Aug/2021:17:51:53 -0300] "POST /cormun/servlet/solicitudot?gx-no-cache=1629837687311 HTTP/1.1" 200 1440
200.54.107.2 - - [24/Aug/2021:17:51:56 -0300] "POST /cormun/servlet/solicitudot?gx-no-cache=1629837689862 HTTP/1.1" 200 40
192.168.10.78 - - [24/Aug/2021:17:52:19 -0300] "GET /cormun/servlet/trautorizarot? HTTP/1.1" 200 14091
192.168.10.78 - - [24/Aug/2021:17:52:19 -0300] "GET /cormun/servlet/trautorizarot? HTTP/1.1" 200 14085
200.54.107.2 - - [24/Aug/2021:17:52:27 -0300] "GET /cormun/servlet/solicitudot?5dbf2290375feaa00fc994fd67f76b1a37805610fa32f6c31612eff9186415588436c4960897f8f8a560f5ba4d15cd7c2968e75cc153e326232fb92cfc2c1c7d1ff16485058747c35a7c0bbbda68c9162f750eb4f3717e61dbcb37d1b4d39c9585a2e456a64603ee59507f45110d52bb,gx-no-cache=1629837721034 HTTP/1.1" 200 110
200.54.107.2 - - [24/Aug/2021:17:52:27 -0300] "POST /cormun/servlet/solicitudot?gx-no-cache=1629837721221 HTTP/1.1" 200 97
200.54.107.2 - - [24/Aug/2021:17:52:36 -0300] "GET /cormun/servlet/solicitudot?5dbf2290375feaa00fc994fd67f76b1adc964b6dfacc922a526ac8f984466654f757ca44ffe19d04b779999a7bdbb1b07102ed2cac53d3bab664b79843c5daefe222a48e2a3727d1206ff1fbea31a110628fed9df5c462d0356b3a6e329dc7823fa27f15548b5800382fb90b07be2144,gx-no-cache=1629837730149 HTTP/1.1" 200 29
200.54.107.2 - - [24/Aug/2021:17:52:36 -0300] "GET /cormun/static/menuarrow.gif HTTP/1.1" 404 1015
192.168.10.78 - - [24/Aug/2021:17:52:39 -0300] "GET /cormun/servlet/veautorizarot?2021,17404,, HTTP/1.1" 200 8216
192.168.10.78 - - [24/Aug/2021:17:52:39 -0300] "GET /cormun/pexe_scrolldiv.js HTTP/1.1" 404 1009
192.168.10.78 - - [24/Aug/2021:17:52:39 -0300] "GET /cormun/pexe_scrolldiv.js HTTP/1.1" 404 1009
200.54.107.2 - - [24/Aug/2021:17:52:39 -0300] "GET /cormun/servlet/solicitudot?5dbf2290375feaa00fc994fd67f76b1afb059777af32893f05d2b8ab85b9c50f167faf348607f571bc46acc20079804a,gx-no-cache=1629837733080 HTTP/1.1" 200 30
200.54.107.2 - - [24/Aug/2021:17:52:39 -0300] "POST /cormun/servlet/solicitudot?gx-no-cache=1629837733156 HTTP/1.1" 200 34
192.168.10.78 - - [24/Aug/2021:17:52:39 -0300] "GET /cormun/servlet/veautorizarot?2021,17404,, HTTP/1.1" 200 8216
200.54.107.2 - - [24/Aug/2021:17:52:43 -0300] "POST /cormun/servlet/solicitudot?e9f2b6d7da215d5c7b36ded2ba7e9ca8,INS,0,0,false,,gx-no-cache=1629837737064 HTTP/1.1" 200 93
200.54.107.2 - - [24/Aug/2021:17:52:44 -0300] "GET /cormun/servlet/hpexe_return? HTTP/1.1" 200 1012
200.54.107.2 - - [24/Aug/2021:17:52:44 -0300] "GET /cormun/servlet/trsolicitudot HTTP/1.1" 200 9039
200.54.107.2 - - [24/Aug/2021:17:52:44 -0300] "GET /cormun/servlet/trsolicitudot HTTP/1.1" 200 9034
200.54.107.2 - - [24/Aug/2021:17:52:50 -0300] "POST /cormun/servlet/trsolicitudot?e9f2b6d7da215d5c7b36ded2ba7e9ca8,gx-no-cache=1629837744050 HTTP/1.1" 200 6350
200.54.107.2 - - [24/Aug/2021:17:52:50 -0300] "GET /cormun/static/Shared/jqueryui/images/ui-bg_highlight-soft_100_c6c2c8_1x100.png HTTP/1.1" 404 1117
200.54.107.2 - - [24/Aug/2021:17:52:50 -0300] "GET /cormun/static/Shared/jqueryui/images/ui-icons_82798d_256x240.png HTTP/1.1" 404 1089
200.54.107.2 - - [24/Aug/2021:17:52:50 -0300] "GET /cormun/static/Shared/jqueryui/images/ui-bg_flat_55_fafafa_40x100.png HTTP/1.1" 404 1097
200.54.107.2 - - [24/Aug/2021:17:52:50 -0300] "GET /cormun/static/Shared/jqueryui/images/ui-icons_8d78a5_256x240.png HTTP/1.1" 404 1089
186.67.172.234 - - [24/Aug/2021:17:52:52 -0300] "GET /cormun/servlet/trsolicitudot? HTTP/1.1" 200 9875
186.67.172.234 - - [24/Aug/2021:17:52:52 -0300] "GET /cormun/servlet/trsolicitudot? HTTP/1.1" 200 9875
192.168.10.78 - - [24/Aug/2021:17:52:55 -0300] "POST /cormun/servlet/veautorizarot?8498ae8b2c0a232758647ac7ac3c5e00,2021,17404,,,gx-no-cache=1629837612014 HTTP/1.1" 200 11730
192.168.10.78 - - [24/Aug/2021:17:52:56 -0300] "GET /cormun/static/Shared/jqueryui/images/ui-icons_82798d_256x240.png HTTP/1.1" 404 1089
192.168.10.78 - - [24/Aug/2021:17:52:56 -0300] "GET /cormun/static/Shared/jqueryui/images/ui-bg_highlight-soft_100_c6c2c8_1x100.png HTTP/1.1" 404 1117
192.168.10.78 - - [24/Aug/2021:17:52:56 -0300] "GET /cormun/static/Shared/jqueryui/images/ui-icons_8d78a5_256x240.png HTTP/1.1" 404 1089
192.168.10.78 - - [24/Aug/2021:17:52:56 -0300] "GET /cormun/static/Shared/jqueryui/images/ui-bg_flat_55_fafafa_40x100.png HTTP/1.1" 404 1097
192.168.10.78 - - [24/Aug/2021:17:52:56 -0300] "POST /cormun/servlet/veautorizarot?8498ae8b2c0a232758647ac7ac3c5e00,2021,17404,,,gx-no-cache=1629837612203 HTTP/1.1" 200 11670
200.54.107.2 - - [24/Aug/2021:17:53:02 -0300] "POST /cormun/servlet/trsolicitudot?e9f2b6d7da215d5c7b36ded2ba7e9ca8,gx-no-cache=1629837755817 HTTP/1.1" 200 107
200.54.107.2 - - [24/Aug/2021:17:53:02 -0300] "GET /cormun/servlet/trsolicitudadjuntos?2021,17433, HTTP/1.1" 200 6455
200.54.107.2 - - [24/Aug/2021:17:53:02 -0300] "GET /cormun/servlet/trsolicitudadjuntos?2021,17433, HTTP/1.1" 200 6455
200.54.107.2 - - [24/Aug/2021:17:53:05 -0300] "GET /cormun/servlet/solicitudotadjuntos?INS,2021,17433,,1, HTTP/1.1" 200 6403
200.54.107.2 - - [24/Aug/2021:17:53:05 -0300] "GET /cormun/static/about:blank HTTP/1.1" 404 1011
200.54.107.2 - - [24/Aug/2021:17:53:05 -0300] "GET /cormun/servlet/solicitudotadjuntos?INS,2021,17433,,1, HTTP/1.1" 200 6397
200.54.107.2 - - [24/Aug/2021:17:53:06 -0300] "GET /cormun/servlet/solicitudotadjuntos?5dbf2290375feaa00fc994fd67f76b1abe8dd6f052b039923859a735c0ae0a912ed839ceccc7cd42d962279d0f9d2619,gx-no-cache=1629837759520 HTTP/1.1" 200 30
200.54.107.2 - - [24/Aug/2021:17:53:06 -0300] "POST /cormun/servlet/solicitudotadjuntos?e9f2b6d7da215d5c7b36ded2ba7e9ca8,INS,2021,17433,,1,,gx-no-cache=1629837759614 HTTP/1.1" 200 4193
186.67.172.234 - - [24/Aug/2021:17:53:08 -0300] "POST /cormun/servlet/trsolicitudot?e979c418058767df12b565f638bbf401,,gx-no-cache=1629837761083 HTTP/1.1" 200 6572
186.67.172.234 - - [24/Aug/2021:17:53:08 -0300] "GET /cormun/static/Shared/jqueryui/images/ui-bg_highlight-soft_100_c6c2c8_1x100.png HTTP/1.1" 404 1117
186.67.172.234 - - [24/Aug/2021:17:53:08 -0300] "GET /cormun/static/Shared/jqueryui/images/ui-icons_82798d_256x240.png HTTP/1.1" 404 1089
186.67.172.234 - - [24/Aug/2021:17:53:08 -0300] "GET /cormun/static/Shared/jqueryui/images/ui-icons_8d78a5_256x240.png HTTP/1.1" 404 1089
186.67.172.234 - - [24/Aug/2021:17:53:08 -0300] "GET /cormun/static/Shared/jqueryui/images/ui-bg_flat_55_fafafa_40x100.png HTTP/1.1" 404 1097
186.67.172.234 - - [24/Aug/2021:17:53:08 -0300] "POST /cormun/servlet/trsolicitudot?e979c418058767df12b565f638bbf401,,gx-no-cache=1629837761277 HTTP/1.1" 200 6516
186.67.172.234 - - [24/Aug/2021:17:53:09 -0300] "POST /cormun/servlet/trsolicitudot?e979c418058767df12b565f638bbf401,,gx-no-cache=1629837762411 HTTP/1.1" 200 6144
186.67.172.234 - - [24/Aug/2021:17:53:09 -0300] "POST /cormun/servlet/trsolicitudot?e979c418058767df12b565f638bbf401,,gx-no-cache=1629837762602 HTTP/1.1" 200 6089
186.67.172.234 - - [24/Aug/2021:17:53:10 -0300] "POST /cormun/servlet/trsolicitudot?e979c418058767df12b565f638bbf401,,gx-no-cache=1629837763507 HTTP/1.1" 200 4886
186.67.172.234 - - [24/Aug/2021:17:53:11 -0300] "POST /cormun/servlet/trsolicitudot?e979c418058767df12b565f638bbf401,,gx-no-cache=1629837763704 HTTP/1.1" 200 4613
200.54.107.2 - - [24/Aug/2021:17:53:11 -0300] "POST /cormun/servlet/solicitudotadjuntos?gx-no-cache=1629837765313 HTTP/1.1" 200 26
186.67.172.234 - - [24/Aug/2021:17:53:17 -0300] "GET /cormun/servlet/trsolicitudot? HTTP/1.1" 200 7590
200.54.107.2 - - [24/Aug/2021:17:53:17 -0300] "GET /cormun/servlet/solicitudotadjuntos?5dbf2290375feaa00fc994fd67f76b1a17720e7ed72b369e43692b8bd3e41638,gx-no-cache=1629837770526 HTTP/1.1" 200 30
200.54.107.2 - - [24/Aug/2021:17:53:17 -0300] "GET /cormun/servlet/solicitudotadjuntos?5dbf2290375feaa00fc994fd67f76b1a17720e7ed72b369e43692b8bd3e41638,gx-no-cache=1629837770551 HTTP/1.1" 200 30
200.54.107.2 - - [24/Aug/2021:17:53:17 -0300] "POST /cormun/servlet/solicitudotadjuntos?e9f2b6d7da215d5c7b36ded2ba7e9ca8,INS,2021,17433,,1, HTTP/1.1" 200 116
186.67.172.234 - - [24/Aug/2021:17:53:17 -0300] "GET /cormun/servlet/trsolicitudot? HTTP/1.1" 200 7590
200.54.107.2 - - [24/Aug/2021:17:53:17 -0300] "GET /cormun/servlet/hpexe_return? HTTP/1.1" 200 1030
200.54.107.2 - - [24/Aug/2021:17:53:17 -0300] "GET /cormun/servlet/trsolicitudadjuntos?2021,17433, HTTP/1.1" 200 9213
200.54.107.2 - - [24/Aug/2021:17:53:17 -0300] "GET /cormun/servlet/trsolicitudadjuntos?2021,17433, HTTP/1.1" 200 9212
200.54.107.2 - - [24/Aug/2021:17:53:20 -0300] "GET /cormun/servlet/solicitudotadjuntos?INS,2021,17433,,1, HTTP/1.1" 200 6403
200.54.107.2 - - [24/Aug/2021:17:53:20 -0300] "GET /cormun/static/about:blank HTTP/1.1" 404 1011
200.54.107.2 - - [24/Aug/2021:17:53:20 -0300] "GET /cormun/servlet/solicitudotadjuntos?INS,2021,17433,,1, HTTP/1.1" 200 6397
200.54.107.2 - - [24/Aug/2021:17:53:21 -0300] "GET /cormun/servlet/solicitudotadjuntos?5dbf2290375feaa00fc994fd67f76b1abe8dd6f052b039923859a735c0ae0a912ed839ceccc7cd42d962279d0f9d2619,gx-no-cache=1629837774406 HTTP/1.1" 200 30
200.54.107.2 - - [24/Aug/2021:17:53:21 -0300] "POST /cormun/servlet/solicitudotadjuntos?e9f2b6d7da215d5c7b36ded2ba7e9ca8,INS,2021,17433,,1,,gx-no-cache=1629837774524 HTTP/1.1" 200 4193
186.67.172.234 - - [24/Aug/2021:17:53:22 -0300] "GET /cormun/servlet/solicitudot?INS,0,0,false, HTTP/1.1" 200 15910
186.67.172.234 - - [24/Aug/2021:17:53:22 -0300] "GET /cormun/servlet/solicitudot?INS,0,0,false, HTTP/1.1" 200 15918
200.54.107.2 - - [24/Aug/2021:17:53:25 -0300] "POST /cormun/servlet/solicitudotadjuntos?gx-no-cache=1629837779294 HTTP/1.1" 200 26
200.54.107.2 - - [24/Aug/2021:17:53:31 -0300] "GET /cormun/servlet/solicitudotadjuntos?5dbf2290375feaa00fc994fd67f76b1a17720e7ed72b369e43692b8bd3e41638,gx-no-cache=1629837784765 HTTP/1.1" 200 30
200.54.107.2 - - [24/Aug/2021:17:53:31 -0300] "GET /cormun/servlet/solicitudotadjuntos?5dbf2290375feaa00fc994fd67f76b1a17720e7ed72b369e43692b8bd3e41638,gx-no-cache=1629837784865 HTTP/1.1" 200 30
200.54.107.2 - - [24/Aug/2021:17:53:31 -0300] "POST /cormun/servlet/solicitudotadjuntos?e9f2b6d7da215d5c7b36ded2ba7e9ca8,INS,2021,17433,,1, HTTP/1.1" 200 116
200.54.107.2 - - [24/Aug/2021:17:53:31 -0300] "GET /cormun/servlet/hpexe_return? HTTP/1.1" 200 1030
200.54.107.2 - - [24/Aug/2021:17:53:32 -0300] "GET /cormun/servlet/trsolicitudadjuntos?2021,17433, HTTP/1.1" 200 9453
200.54.107.2 - - [24/Aug/2021:17:53:32 -0300] "GET /cormun/servlet/trsolicitudadjuntos?2021,17433, HTTP/1.1" 200 9452
200.54.107.2 - - [24/Aug/2021:17:53:34 -0300] "GET /cormun/servlet/solicitudotadjuntos?INS,2021,17433,,1, HTTP/1.1" 200 6403
200.54.107.2 - - [24/Aug/2021:17:53:34 -0300] "GET /cormun/static/about:blank HTTP/1.1" 404 1011
200.54.107.2 - - [24/Aug/2021:17:53:34 -0300] "GET /cormun/servlet/solicitudotadjuntos?INS,2021,17433,,1, HTTP/1.1" 200 6397
200.54.107.2 - - [24/Aug/2021:17:53:35 -0300] "GET /cormun/servlet/solicitudotadjuntos?5dbf2290375feaa00fc994fd67f76b1abe8dd6f052b039923859a735c0ae0a912ed839ceccc7cd42d962279d0f9d2619,gx-no-cache=1629837788748 HTTP/1.1" 200 30
200.54.107.2 - - [24/Aug/2021:17:53:35 -0300] "POST /cormun/servlet/solicitudotadjuntos?e9f2b6d7da215d5c7b36ded2ba7e9ca8,INS,2021,17433,,1,,gx-no-cache=1629837788826 HTTP/1.1" 200 4193
186.67.172.234 - - [24/Aug/2021:17:53:37 -0300] "POST /cormun/servlet/solicitudot?gx-no-cache=1629837789703 HTTP/1.1" 200 3715
186.67.172.234 - - [24/Aug/2021:17:53:37 -0300] "POST /cormun/servlet/solicitudot?e979c418058767df12b565f638bbf401,INS,0,0,false,,gx-no-cache=1629837789961 HTTP/1.1" 200 12489
200.54.107.2 - - [24/Aug/2021:17:53:39 -0300] "POST /cormun/servlet/solicitudotadjuntos?gx-no-cache=1629837792753 HTTP/1.1" 200 26
186.67.172.234 - - [24/Aug/2021:17:53:43 -0300] "GET /cormun/servlet/solicitudot?eeff9c13abe57fd6113fb3f85e8a3621634d52d359bbbd1a0a45e68b9db871eb71dbd57c34f430a7990aa9f60bf4dbb0,gx-no-cache=1629837795853 HTTP/1.1" 200 30
200.54.107.2 - - [24/Aug/2021:17:53:46 -0300] "GET /cormun/servlet/solicitudotadjuntos?5dbf2290375feaa00fc994fd67f76b1a17720e7ed72b369e43692b8bd3e41638,gx-no-cache=1629837800181 HTTP/1.1" 200 30
200.54.107.2 - - [24/Aug/2021:17:53:46 -0300] "GET /cormun/servlet/solicitudotadjuntos?5dbf2290375feaa00fc994fd67f76b1a17720e7ed72b369e43692b8bd3e41638,gx-no-cache=1629837800222 HTTP/1.1" 200 30
200.54.107.2 - - [24/Aug/2021:17:53:46 -0300] "POST /cormun/servlet/solicitudotadjuntos?e9f2b6d7da215d5c7b36ded2ba7e9ca8,INS,2021,17433,,1, HTTP/1.1" 200 116
200.54.107.2 - - [24/Aug/2021:17:53:47 -0300] "GET /cormun/servlet/hpexe_return? HTTP/1.1" 200 1030
200.54.107.2 - - [24/Aug/2021:17:53:47 -0300] "GET /cormun/servlet/trsolicitudadjuntos?2021,17433, HTTP/1.1" 200 9704
200.54.107.2 - - [24/Aug/2021:17:53:47 -0300] "GET /cormun/servlet/trsolicitudadjuntos?2021,17433, HTTP/1.1" 200 9703
200.54.107.2 - - [24/Aug/2021:17:53:49 -0300] "GET /cormun/servlet/solicitudotadjuntos?INS,2021,17433,,1, HTTP/1.1" 200 6403
200.54.107.2 - - [24/Aug/2021:17:53:49 -0300] "GET /cormun/static/about:blank HTTP/1.1" 404 1011
200.54.107.2 - - [24/Aug/2021:17:53:49 -0300] "GET /cormun/servlet/solicitudotadjuntos?INS,2021,17433,,1, HTTP/1.1" 200 6396
200.54.107.2 - - [24/Aug/2021:17:53:50 -0300] "GET /cormun/servlet/solicitudotadjuntos?5dbf2290375feaa00fc994fd67f76b1abe8dd6f052b039923859a735c0ae0a912ed839ceccc7cd42d962279d0f9d2619,gx-no-cache=1629837803675 HTTP/1.1" 200 30
200.54.107.2 - - [24/Aug/2021:17:53:50 -0300] "POST /cormun/servlet/solicitudotadjuntos?e9f2b6d7da215d5c7b36ded2ba7e9ca8,INS,2021,17433,,1,,gx-no-cache=1629837803915 HTTP/1.1" 200 4193
200.54.107.2 - - [24/Aug/2021:17:53:54 -0300] "POST /cormun/servlet/solicitudotadjuntos?gx-no-cache=1629837807999 HTTP/1.1" 200 26
200.54.107.2 - - [24/Aug/2021:17:54:00 -0300] "GET /cormun/servlet/solicitudotadjuntos?5dbf2290375feaa00fc994fd67f76b1a17720e7ed72b369e43692b8bd3e41638,gx-no-cache=1629837814421 HTTP/1.1" 200 30
200.54.107.2 - - [24/Aug/2021:17:54:00 -0300] "GET /cormun/servlet/solicitudotadjuntos?5dbf2290375feaa00fc994fd67f76b1a17720e7ed72b369e43692b8bd3e41638,gx-no-cache=1629837814456 HTTP/1.1" 200 30
200.54.107.2 - - [24/Aug/2021:17:54:01 -0300] "POST /cormun/servlet/solicitudotadjuntos?e9f2b6d7da215d5c7b36ded2ba7e9ca8,INS,2021,17433,,1, HTTP/1.1" 200 116
200.54.107.2 - - [24/Aug/2021:17:54:01 -0300] "GET /cormun/servlet/hpexe_return? HTTP/1.1" 200 1030
200.54.107.2 - - [24/Aug/2021:17:54:01 -0300] "GET /cormun/servlet/trsolicitudadjuntos?2021,17433, HTTP/1.1" 200 9927
200.54.107.2 - - [24/Aug/2021:17:54:02 -0300] "GET /cormun/servlet/trsolicitudadjuntos?2021,17433, HTTP/1.1" 200 9925
200.54.107.2 - - [24/Aug/2021:17:54:04 -0300] "GET /cormun/servlet/solicitudotadjuntos?INS,2021,17433,,1, HTTP/1.1" 200 6403
200.54.107.2 - - [24/Aug/2021:17:54:04 -0300] "GET /cormun/static/about:blank HTTP/1.1" 404 1011
200.54.107.2 - - [24/Aug/2021:17:54:04 -0300] "GET /cormun/servlet/solicitudotadjuntos?INS,2021,17433,,1, HTTP/1.1" 200 6396
200.54.107.2 - - [24/Aug/2021:17:54:04 -0300] "GET /cormun/servlet/solicitudotadjuntos?5dbf2290375feaa00fc994fd67f76b1abe8dd6f052b039923859a735c0ae0a912ed839ceccc7cd42d962279d0f9d2619,gx-no-cache=1629837818434 HTTP/1.1" 200 30
200.54.107.2 - - [24/Aug/2021:17:54:05 -0300] "POST /cormun/servlet/solicitudotadjuntos?e9f2b6d7da215d5c7b36ded2ba7e9ca8,INS,2021,17433,,1,,gx-no-cache=1629837818459 HTTP/1.1" 200 4193
200.54.107.2 - - [24/Aug/2021:17:54:08 -0300] "POST /cormun/servlet/solicitudotadjuntos?gx-no-cache=1629837822238 HTTP/1.1" 200 26
200.54.107.2 - - [24/Aug/2021:17:54:18 -0300] "GET /cormun/servlet/solicitudotadjuntos?5dbf2290375feaa00fc994fd67f76b1a17720e7ed72b369e43692b8bd3e41638,gx-no-cache=1629837831541 HTTP/1.1" 200 30
200.54.107.2 - - [24/Aug/2021:17:54:18 -0300] "GET /cormun/servlet/solicitudotadjuntos?5dbf2290375feaa00fc994fd67f76b1a17720e7ed72b369e43692b8bd3e41638,gx-no-cache=1629837831714 HTTP/1.1" 200 30
200.54.107.2 - - [24/Aug/2021:17:54:19 -0300] "POST /cormun/servlet/solicitudotadjuntos?e9f2b6d7da215d5c7b36ded2ba7e9ca8,INS,2021,17433,,1, HTTP/1.1" 200 116
200.54.107.2 - - [24/Aug/2021:17:54:19 -0300] "GET /cormun/servlet/hpexe_return? HTTP/1.1" 200 1030
200.54.107.2 - - [24/Aug/2021:17:54:19 -0300] "GET /cormun/servlet/trsolicitudadjuntos?2021,17433, HTTP/1.1" 200 10221
200.54.107.2 - - [24/Aug/2021:17:54:20 -0300] "GET /cormun/servlet/trsolicitudadjuntos?2021,17433, HTTP/1.1" 200 10216
200.54.107.2 - - [24/Aug/2021:17:54:22 -0300] "GET /cormun/servlet/solicitudotadjuntos?INS,2021,17433,,1, HTTP/1.1" 200 6403
200.54.107.2 - - [24/Aug/2021:17:54:22 -0300] "GET /cormun/static/about:blank HTTP/1.1" 404 1011
200.54.107.2 - - [24/Aug/2021:17:54:22 -0300] "GET /cormun/servlet/solicitudotadjuntos?INS,2021,17433,,1, HTTP/1.1" 200 6396
200.54.107.2 - - [24/Aug/2021:17:54:22 -0300] "GET /cormun/servlet/solicitudotadjuntos?5dbf2290375feaa00fc994fd67f76b1abe8dd6f052b039923859a735c0ae0a912ed839ceccc7cd42d962279d0f9d2619,gx-no-cache=1629837836244 HTTP/1.1" 200 30
200.54.107.2 - - [24/Aug/2021:17:54:22 -0300] "POST /cormun/servlet/solicitudotadjuntos?e9f2b6d7da215d5c7b36ded2ba7e9ca8,INS,2021,17433,,1,,gx-no-cache=1629837836308 HTTP/1.1" 200 4193
186.67.172.234 - - [24/Aug/2021:17:54:23 -0300] "GET /cormun/servlet/prbanco?,MD,,gxPopupLevel%3D0%3B HTTP/1.1" 200 6674
200.54.107.2 - - [24/Aug/2021:17:54:26 -0300] "POST /cormun/servlet/solicitudotadjuntos?gx-no-cache=1629837839481 HTTP/1.1" 200 26
186.67.172.234 - - [24/Aug/2021:17:54:30 -0300] "GET /cormun/servlet/solicitudot?eeff9c13abe57fd6113fb3f85e8a3621925331f2bbdb4345acddf341eb155261e5230149f61b3247d31631820498c9a282e75a314a757075eb70467cda4d9d23,gx-no-cache=1629837843100 HTTP/1.1" 200 30
200.54.107.2 - - [24/Aug/2021:17:54:32 -0300] "GET /cormun/servlet/solicitudotadjuntos?5dbf2290375feaa00fc994fd67f76b1a17720e7ed72b369e43692b8bd3e41638,gx-no-cache=1629837846174 HTTP/1.1" 200 30
200.54.107.2 - - [24/Aug/2021:17:54:32 -0300] "GET /cormun/servlet/solicitudotadjuntos?5dbf2290375feaa00fc994fd67f76b1a17720e7ed72b369e43692b8bd3e41638,gx-no-cache=1629837846354 HTTP/1.1" 200 30
186.67.172.234 - - [24/Aug/2021:17:54:33 -0300] "GET /cormun/servlet/solicitudot?eeff9c13abe57fd6113fb3f85e8a36219356820f000c65350264cab760dd7ab9,gx-no-cache=1629837845982 HTTP/1.1" 200 59
200.54.107.2 - - [24/Aug/2021:17:54:33 -0300] "POST /cormun/servlet/solicitudotadjuntos?e9f2b6d7da215d5c7b36ded2ba7e9ca8,INS,2021,17433,,1, HTTP/1.1" 200 116
200.54.107.2 - - [24/Aug/2021:17:54:33 -0300] "GET /cormun/servlet/hpexe_return? HTTP/1.1" 200 1030
200.54.107.2 - - [24/Aug/2021:17:54:33 -0300] "GET /cormun/servlet/trsolicitudadjuntos?2021,17433, HTTP/1.1" 200 10412
200.54.107.2 - - [24/Aug/2021:17:54:34 -0300] "GET /cormun/servlet/trsolicitudadjuntos?2021,17433, HTTP/1.1" 200 10410
200.54.107.2 - - [24/Aug/2021:17:54:37 -0300] "GET /cormun/servlet/trsolicitudot? HTTP/1.1" 200 9041
200.54.107.2 - - [24/Aug/2021:17:54:37 -0300] "GET /cormun/servlet/trsolicitudot? HTTP/1.1" 200 9034
200.54.107.2 - - [24/Aug/2021:17:54:41 -0300] "POST /cormun/servlet/trsolicitudot?e9f2b6d7da215d5c7b36ded2ba7e9ca8,,gx-no-cache=1629837854720 HTTP/1.1" 200 4904
200.54.107.2 - - [24/Aug/2021:17:54:41 -0300] "GET /cormun/static/Shared/jqueryui/images/ui-bg_highlight-soft_100_c6c2c8_1x100.png HTTP/1.1" 404 1117
200.54.107.2 - - [24/Aug/2021:17:54:41 -0300] "GET /cormun/static/Shared/jqueryui/images/ui-bg_flat_55_fafafa_40x100.png HTTP/1.1" 404 1097
200.54.107.2 - - [24/Aug/2021:17:54:41 -0300] "GET /cormun/static/Shared/jqueryui/images/ui-icons_8d78a5_256x240.png HTTP/1.1" 404 1089
200.54.107.2 - - [24/Aug/2021:17:54:41 -0300] "GET /cormun/static/Shared/jqueryui/images/ui-icons_82798d_256x240.png HTTP/1.1" 404 1089
200.54.107.2 - - [24/Aug/2021:17:54:41 -0300] "POST /cormun/servlet/trsolicitudot?e9f2b6d7da215d5c7b36ded2ba7e9ca8,,gx-no-cache=1629837854997 HTTP/1.1" 200 4635
200.54.107.2 - - [24/Aug/2021:17:54:46 -0300] "GET /cormun/servlet/solicitudot?INS,0,0,false, HTTP/1.1" 200 15913
200.54.107.2 - - [24/Aug/2021:17:54:47 -0300] "GET /cormun/servlet/solicitudot?INS,0,0,false, HTTP/1.1" 200 15921
186.67.172.234 - - [24/Aug/2021:17:54:53 -0300] "POST /cormun/servlet/solicitudot?gx-no-cache=1629837865962 HTTP/1.1" 200 240
192.168.10.78 - - [24/Aug/2021:17:55:16 -0300] "GET /cormun/servlet/trsolicitudgral? HTTP/1.1" 200 24794
192.168.10.78 - - [24/Aug/2021:17:55:17 -0300] "GET /cormun/servlet/trsolicitudgral? HTTP/1.1" 200 24785
190.171.141.90 - - [24/Aug/2021:17:55:22 -0300] "GET /cormun/servlet/licenciaspermisos?DSP,11275307,L,20210824000000, HTTP/1.1" 200 7126
190.171.141.90 - - [24/Aug/2021:17:55:22 -0300] "GET /cormun/servlet/licenciaspermisos?DSP,11275307,L,20210824000000, HTTP/1.1" 200 7124
200.54.107.2 - - [24/Aug/2021:17:55:24 -0300] "POST /cormun/servlet/solicitudot?gx-no-cache=1629837897294 HTTP/1.1" 200 3838
192.168.10.78 - - [24/Aug/2021:17:55:24 -0300] "GET /cormun/servlet/trautorizarot? HTTP/1.1" 200 13568
200.54.107.2 - - [24/Aug/2021:17:55:24 -0300] "POST /cormun/servlet/solicitudot?e9f2b6d7da215d5c7b36ded2ba7e9ca8,INS,0,0,false,,gx-no-cache=1629837897637 HTTP/1.1" 200 12637
192.168.10.78 - - [24/Aug/2021:17:55:24 -0300] "GET /cormun/servlet/trautorizarot? HTTP/1.1" 200 13568
192.168.10.78 - - [24/Aug/2021:17:55:29 -0300] "GET /cormun/servlet/veautorizarot?2021,17405,, HTTP/1.1" 200 8231
192.168.10.78 - - [24/Aug/2021:17:55:29 -0300] "GET /cormun/pexe_scrolldiv.js HTTP/1.1" 404 1009
192.168.10.78 - - [24/Aug/2021:17:55:29 -0300] "GET /cormun/pexe_scrolldiv.js HTTP/1.1" 404 1009
192.168.10.78 - - [24/Aug/2021:17:55:29 -0300] "GET /cormun/servlet/veautorizarot?2021,17405,, HTTP/1.1" 200 8231
200.54.107.2 - - [24/Aug/2021:17:55:30 -0300] "GET /cormun/servlet/solicitudot?5dbf2290375feaa00fc994fd67f76b1a032efb406b9ec3c202454a1302c2703055cc1e1a11f2a80a7d7615fbe35e3cd5,gx-no-cache=1629837903573 HTTP/1.1" 200 30
200.54.107.2 - - [24/Aug/2021:17:55:30 -0300] "GET /cormun/servlet/solicitudot?5dbf2290375feaa00fc994fd67f76b1a7eb83fa1611a725450458ecc0fc08dffa42b1a051baf738a1b3b478aac8675b89625f3eaa7517e2f88908abad2e80180d7b15fb7465f28aa6afa87685779414a,gx-no-cache=1629837903802 HTTP/1.1" 200 30
200.54.107.2 - - [24/Aug/2021:17:55:30 -0300] "GET /cormun/servlet/solicitudot?5dbf2290375feaa00fc994fd67f76b1ac7296aaecb84d66689ade03707b76ae9,gx-no-cache=1629837903891 HTTP/1.1" 200 53
200.54.107.2 - - [24/Aug/2021:17:55:30 -0300] "POST /cormun/servlet/solicitudot?gx-no-cache=1629837904019 HTTP/1.1" 200 255
200.54.107.2 - - [24/Aug/2021:17:55:30 -0300] "GET /cormun/servlet/solicitudot?5dbf2290375feaa00fc994fd67f76b1a54b0d0500f337c144fca6fd50f4a517dec2aef0f0490a6ab61ca5ad9354371f13d73544a62ec41bc5d0bddcefd2438ba55ba49f9604fcf186eb0f209a94008ef52acab9eea3f19162b102cb3aab44521f697f568b1ff8e744c7447c39d1e531434a9dd6f8db5c2da0b2cfa246b5a36f59fa071e74b55c292536a1694f2088bc4144af43a83db60a3c70a42d920c3f32de2bd64c4bc4660136b69229b37aa0b442ffabd3a6d97e36f0fe1260b6fc4b8dbbc55a2205999ed7010d788ec4fb22aa4f7b02951912ef8bb65b5dccf42e3ffd6fef836c7f5e8ec67295359e8af3852cc5d76428362966b0edb23df79b598a6d6c57911887f10bc982a69a15d2b19be15552d6e577225ccccbdc8c0b63b9c1f9fea36155e0ed082f9d3a11c3841ba7146cccb082a203757375970c842773327d1944293396b8249226a2a1b9ad6427656bcebb8cecd50177511e0457014b8f4a14cdb95594b6af967cb58b4d86b6b4272d0c024565b9246834025864fadf30c3e,gx-no-cache=1629837904135 HTTP/1.1" 200 30
192.168.10.78 - - [24/Aug/2021:17:55:35 -0300] "GET /cormun/servlet/trautorizarot? HTTP/1.1" 200 13572
192.168.10.78 - - [24/Aug/2021:17:55:36 -0300] "GET /cormun/servlet/trautorizarot? HTTP/1.1" 200 13571
192.168.10.78 - - [24/Aug/2021:17:55:50 -0300] "GET /cormun/servlet/veautorizarot?2021,17406,, HTTP/1.1" 200 8236
192.168.10.78 - - [24/Aug/2021:17:55:50 -0300] "GET /cormun/pexe_scrolldiv.js HTTP/1.1" 404 1009
192.168.10.78 - - [24/Aug/2021:17:55:50 -0300] "GET /cormun/pexe_scrolldiv.js HTTP/1.1" 404 1009
192.168.10.78 - - [24/Aug/2021:17:55:51 -0300] "GET /cormun/servlet/veautorizarot?2021,17406,, HTTP/1.1" 200 8236
192.168.10.78 - - [24/Aug/2021:17:55:55 -0300] "GET /cormun/servlet/trautorizarot? HTTP/1.1" 200 13572
192.168.10.78 - - [24/Aug/2021:17:55:55 -0300] "GET /cormun/servlet/trautorizarot? HTTP/1.1" 200 13571
186.67.172.234 - - [24/Aug/2021:17:55:57 -0300] "GET /cormun/servlet/solicitudot?eeff9c13abe57fd6113fb3f85e8a3621df08b85c745dd1f4f5ef27c58c96a31dc9591a753520bb5fe6699495e352b1c4c4da503cab62a806b443e3882f606da709e8f96fcefc6469f6f7e615eaf59b28106c49beb99e095111d4e4f0898ffeba0a7169471d513843bbc25a2c5c14ea508bf77ce59f2f90a7182f2ae6a7385bcc8b82061b86f7737c72b6cb5a9adf8b651034b12ced96dcb20545b5fab1e0290f2d9e6cc94a08a1c7bc76b9c05f787166ef96b15196d7c31ef17de69984c1764b383ef569505d526c7139f31d131218f8df37e75cb0c05b141db4246c733fce26b06ece042de92ea110a7e65a41ce98bc30d8c0f94ff3df7231148fef6480c7f7a8ecd00258395ece481a26b3c0b78834e0f6763b9fdff7c699ea249ce75abdab6d37501dfa9d9c78318f418695a39e24ca0536be78ee11a206491c5040e44faf6fb434eba22d18eb45acad0d567ca10895c3b391ba24cad2b58a02b01d85d82ecbd31dfe8617784f399cb44bb55fdf7cf162091bc51c9fdad87f2517c62915ed,gx-no-cache=1629837930526 HTTP/1.1" 200 30
192.168.10.78 - - [24/Aug/2021:17:56:00 -0300] "GET /cormun/servlet/veautorizarot?2021,17412,, HTTP/1.1" 200 8212
192.168.10.78 - - [24/Aug/2021:17:56:00 -0300] "GET /cormun/pexe_scrolldiv.js HTTP/1.1" 404 1009
192.168.10.78 - - [24/Aug/2021:17:56:00 -0300] "GET /cormun/pexe_scrolldiv.js HTTP/1.1" 404 1009
192.168.10.78 - - [24/Aug/2021:17:56:00 -0300] "GET /cormun/servlet/veautorizarot?2021,17412,, HTTP/1.1" 200 8212
186.67.172.234 - - [24/Aug/2021:17:56:03 -0300] "POST /cormun/servlet/solicitudot?gx-no-cache=1629837936411 HTTP/1.1" 200 30
186.67.172.234 - - [24/Aug/2021:17:56:03 -0300] "POST /cormun/servlet/solicitudot?gx-no-cache=1629837936468 HTTP/1.1" 200 1440
186.67.172.234 - - [24/Aug/2021:17:56:03 -0300] "POST /cormun/servlet/solicitudot?gx-no-cache=1629837936522 HTTP/1.1" 200 38
192.168.10.78 - - [24/Aug/2021:17:56:15 -0300] "GET /cormun/servlet/trautorizarot? HTTP/1.1" 200 13572
192.168.10.78 - - [24/Aug/2021:17:56:15 -0300] "GET /cormun/servlet/trautorizarot? HTTP/1.1" 200 13571
186.67.172.234 - - [24/Aug/2021:17:56:21 -0300] "POST /cormun/servlet/solicitudot?gx-no-cache=1629837954222 HTTP/1.1" 200 1440
186.67.172.234 - - [24/Aug/2021:17:56:21 -0300] "POST /cormun/servlet/solicitudot?gx-no-cache=1629837954338 HTTP/1.1" 200 38
192.168.10.78 - - [24/Aug/2021:17:56:23 -0300] "GET /cormun/servlet/veautorizarot?2021,17413,, HTTP/1.1" 200 8224
192.168.10.78 - - [24/Aug/2021:17:56:23 -0300] "GET /cormun/pexe_scrolldiv.js HTTP/1.1" 404 1009
192.168.10.78 - - [24/Aug/2021:17:56:23 -0300] "GET /cormun/pexe_scrolldiv.js HTTP/1.1" 404 1009
192.168.10.78 - - [24/Aug/2021:17:56:23 -0300] "GET /cormun/servlet/veautorizarot?2021,17413,, HTTP/1.1" 200 8224
192.168.10.78 - - [24/Aug/2021:17:56:26 -0300] "GET /cormun/servlet/trautorizarot? HTTP/1.1" 200 13572
192.168.10.78 - - [24/Aug/2021:17:56:26 -0300] "GET /cormun/servlet/trautorizarot? HTTP/1.1" 200 13571
192.168.10.78 - - [24/Aug/2021:17:56:30 -0300] "GET /cormun/servlet/veautorizarot?2021,17415,, HTTP/1.1" 200 8182
192.168.10.78 - - [24/Aug/2021:17:56:30 -0300] "GET /cormun/pexe_scrolldiv.js HTTP/1.1" 404 1009
192.168.10.78 - - [24/Aug/2021:17:56:30 -0300] "GET /cormun/pexe_scrolldiv.js HTTP/1.1" 404 1009
192.168.10.78 - - [24/Aug/2021:17:56:30 -0300] "GET /cormun/servlet/veautorizarot?2021,17415,, HTTP/1.1" 200 8182
192.168.10.78 - - [24/Aug/2021:17:56:33 -0300] "GET /cormun/servlet/trsolicitudgral? HTTP/1.1" 200 24794
192.168.10.78 - - [24/Aug/2021:17:56:34 -0300] "GET /cormun/servlet/trsolicitudgral? HTTP/1.1" 200 24785
192.168.10.78 - - [24/Aug/2021:17:56:35 -0300] "GET /cormun/servlet/trautorizarot? HTTP/1.1" 200 13568
192.168.10.78 - - [24/Aug/2021:17:56:36 -0300] "GET /cormun/servlet/trautorizarot? HTTP/1.1" 200 13568
186.67.172.234 - - [24/Aug/2021:17:56:43 -0300] "GET /cormun/servlet/solicitudot?eeff9c13abe57fd6113fb3f85e8a3621f88de76523ab3821338f0aff9b89caca0380f14196b4f88f980145e46bae3f8696bdf8e0be9e235804b124be47ecd8070804703081b6388127892021fd65c0a195d8dbc0f789dc78a7908264991ef44af20a7f0b7a4e35a0dea82eed5f49e001,gx-no-cache=1629837976078 HTTP/1.1" 200 110
186.67.172.234 - - [24/Aug/2021:17:56:44 -0300] "POST /cormun/servlet/solicitudot?gx-no-cache=1629837976621 HTTP/1.1" 200 97
186.67.172.234 - - [24/Aug/2021:17:56:48 -0300] "GET /cormun/servlet/solicitudot?eeff9c13abe57fd6113fb3f85e8a3621b8e630539bd077faf0c80e28665360dfd70d2834e2e16abb07f6f590e6af9d43741aa1c92d122ac41a3df4b47bf330369a34a83f3203e8216edb033c47456c5e68ebf6f4a6ab8f884edc3f319636248f3b75503e4a585affd2f6cf75f6670612,gx-no-cache=1629837981299 HTTP/1.1" 200 29
186.67.172.234 - - [24/Aug/2021:17:56:48 -0300] "GET /cormun/static/menuarrow.gif HTTP/1.1" 404 1015
186.67.172.234 - - [24/Aug/2021:17:56:53 -0300] "GET /cormun/servlet/solicitudot?eeff9c13abe57fd6113fb3f85e8a3621efc753e2b76823988aac236752405781d0ac7e362ea0585ad57dfdd2d2164df7,gx-no-cache=1629837986177 HTTP/1.1" 200 30
186.67.172.234 - - [24/Aug/2021:17:56:58 -0300] "POST /cormun/servlet/solicitudot?gx-no-cache=1629837990621 HTTP/1.1" 200 30
200.54.107.2 - - [24/Aug/2021:17:57:10 -0300] "POST /cormun/servlet/solicitudot?gx-no-cache=1629838004074 HTTP/1.1" 200 30
186.67.172.234 - - [24/Aug/2021:17:57:22 -0300] "POST /cormun/servlet/solicitudot?gx-no-cache=1629838014635 HTTP/1.1" 200 1440
186.67.172.234 - - [24/Aug/2021:17:57:22 -0300] "POST /cormun/servlet/solicitudot?gx-no-cache=1629838014736 HTTP/1.1" 200 41
186.67.172.234 - - [24/Aug/2021:17:57:22 -0300] "GET /cormun/servlet/solicitudot?eeff9c13abe57fd6113fb3f85e8a3621f88de76523ab3821338f0aff9b89caca0380f14196b4f88f980145e46bae3f8696bdf8e0be9e235804b124be47ecd8070804703081b6388127892021fd65c0a195d8dbc0f789dc78a7908264991ef44af20a7f0b7a4e35a0dea82eed5f49e001,gx-no-cache=1629838014783 HTTP/1.1" 200 110
186.67.172.234 - - [24/Aug/2021:17:57:22 -0300] "POST /cormun/servlet/solicitudot?gx-no-cache=1629838014842 HTTP/1.1" 200 97
186.67.172.234 - - [24/Aug/2021:17:57:22 -0300] "GET /cormun/servlet/solicitudot?eeff9c13abe57fd6113fb3f85e8a3621efc753e2b76823988aac236752405781d0ac7e362ea0585ad57dfdd2d2164df7,gx-no-cache=1629838014916 HTTP/1.1" 200 30
186.67.172.234 - - [24/Aug/2021:17:57:22 -0300] "POST /cormun/servlet/solicitudot?gx-no-cache=1629838015005 HTTP/1.1" 200 30
186.67.172.234 - - [24/Aug/2021:17:57:23 -0300] "POST /cormun/servlet/solicitudot?e979c418058767df12b565f638bbf401,INS,0,0,false,,gx-no-cache=1629838015118 HTTP/1.1" 200 93
186.67.172.234 - - [24/Aug/2021:17:57:23 -0300] "GET /cormun/servlet/hpexe_return? HTTP/1.1" 200 1009
186.67.172.234 - - [24/Aug/2021:17:57:23 -0300] "GET /cormun/servlet/trsolicitudot HTTP/1.1" 200 9045
186.67.172.234 - - [24/Aug/2021:17:57:24 -0300] "GET /cormun/servlet/trsolicitudot HTTP/1.1" 200 9039
186.67.172.234 - - [24/Aug/2021:17:57:37 -0300] "GET /cormun/servlet/solicitudot?INS,0,0,false, HTTP/1.1" 200 15912
186.67.172.234 - - [24/Aug/2021:17:57:37 -0300] "GET /cormun/servlet/solicitudot?INS,0,0,false, HTTP/1.1" 200 15919
200.54.107.2 - - [24/Aug/2021:17:57:38 -0300] "POST /cormun/servlet/solicitudot?gx-no-cache=1629838031366 HTTP/1.1" 200 1440
200.54.107.2 - - [24/Aug/2021:17:57:38 -0300] "GET /cormun/static/menuarrow.gif HTTP/1.1" 404 1015
186.67.172.234 - - [24/Aug/2021:17:57:39 -0300] "GET /cormun/servlet/trlicencias? HTTP/1.1" 200 14241
186.67.172.234 - - [24/Aug/2021:17:57:40 -0300] "GET /cormun/servlet/trlicencias? HTTP/1.1" 200 14231
200.54.107.2 - - [24/Aug/2021:17:57:41 -0300] "GET /cormun/servlet/prlicenciaspermisos?12857569,L,,MD,,gxPopupLevel%3D0%3B HTTP/1.1" 200 7869
190.171.141.90 - - [24/Aug/2021:17:57:43 -0300] "GET /cormun/servlet/trlicencias? HTTP/1.1" 200 17792
190.171.141.90 - - [24/Aug/2021:17:57:44 -0300] "GET /cormun/servlet/trlicencias? HTTP/1.1" 200 17790
200.54.107.2 - - [24/Aug/2021:17:57:51 -0300] "POST /cormun/servlet/solicitudot?gx-no-cache=1629838044507 HTTP/1.1" 200 40
200.54.107.2 - - [24/Aug/2021:17:57:51 -0300] "GET /cormun/servlet/solicitudot?5dbf2290375feaa00fc994fd67f76b1a37805610fa32f6c31612eff9186415588436c4960897f8f8a560f5ba4d15cd7c2968e75cc153e326232fb92cfc2c1c7d1ff16485058747c35a7c0bbbda68c9162f750eb4f3717e61dbcb37d1b4d39c9585a2e456a64603ee59507f45110d52bb,gx-no-cache=1629838044628 HTTP/1.1" 200 110
200.54.107.2 - - [24/Aug/2021:17:57:51 -0300] "POST /cormun/servlet/solicitudot?gx-no-cache=1629838044691 HTTP/1.1" 200 97
200.54.107.2 - - [24/Aug/2021:17:58:36 -0300] "GET /cormun/servlet/solicitudot?5dbf2290375feaa00fc994fd67f76b1adc964b6dfacc922a526ac8f984466654f757ca44ffe19d04b779999a7bdbb1b07102ed2cac53d3bab664b79843c5daefe222a48e2a3727d1206ff1fbea31a110873cf95eac03c693062734e1945c262fcbb30d03fc165bea8dfe92af83a505013ee85319bf6f7745017673670440bdecfe22e1d0ffc4911e5d660312e29e3963ce4c7488edea70db6d6a7dd7a9b0d7c3,gx-no-cache=1629838089654 HTTP/1.1" 200 29
192.168.10.78 - - [24/Aug/2021:17:58:37 -0300] "GET /cormun/servlet/veautorizarot?2021,17429,, HTTP/1.1" 200 8184
192.168.10.78 - - [24/Aug/2021:17:58:37 -0300] "GET /cormun/pexe_scrolldiv.js HTTP/1.1" 404 1009
192.168.10.78 - - [24/Aug/2021:17:58:37 -0300] "GET /cormun/pexe_scrolldiv.js HTTP/1.1" 404 1009
192.168.10.78 - - [24/Aug/2021:17:58:37 -0300] "GET /cormun/servlet/veautorizarot?2021,17429,, HTTP/1.1" 200 8184
186.67.172.234 - - [24/Aug/2021:17:58:38 -0300] "GET /cormun/servlet/trsolicitudot? HTTP/1.1" 200 9039
186.67.172.234 - - [24/Aug/2021:17:58:39 -0300] "GET /cormun/servlet/trsolicitudot? HTTP/1.1" 200 9039
192.168.10.78 - - [24/Aug/2021:17:58:40 -0300] "GET /cormun/servlet/trautorizarot? HTTP/1.1" 200 13572
192.168.10.78 - - [24/Aug/2021:17:58:40 -0300] "GET /cormun/servlet/trautorizarot? HTTP/1.1" 200 13571
186.67.172.234 - - [24/Aug/2021:17:58:42 -0300] "GET /cormun/servlet/solicitudot?INS,0,0,false, HTTP/1.1" 200 15912
186.67.172.234 - - [24/Aug/2021:17:58:42 -0300] "GET /cormun/servlet/solicitudot?INS,0,0,false, HTTP/1.1" 200 15919
192.168.10.78 - - [24/Aug/2021:17:58:42 -0300] "GET /cormun/servlet/veautorizarot?2021,17425,, HTTP/1.1" 200 8189
192.168.10.78 - - [24/Aug/2021:17:58:42 -0300] "GET /cormun/pexe_scrolldiv.js HTTP/1.1" 404 1009
192.168.10.78 - - [24/Aug/2021:17:58:42 -0300] "GET /cormun/pexe_scrolldiv.js HTTP/1.1" 404 1009
192.168.10.78 - - [24/Aug/2021:17:58:43 -0300] "GET /cormun/servlet/veautorizarot?2021,17425,, HTTP/1.1" 200 8188
192.168.10.78 - - [24/Aug/2021:17:58:48 -0300] "GET /cormun/servlet/trautorizarot? HTTP/1.1" 200 13572
192.168.10.78 - - [24/Aug/2021:17:58:49 -0300] "GET /cormun/servlet/trautorizarot? HTTP/1.1" 200 13571
186.67.172.234 - - [24/Aug/2021:17:58:51 -0300] "POST /cormun/servlet/solicitudot?gx-no-cache=1629838103810 HTTP/1.1" 200 3715
186.67.172.234 - - [24/Aug/2021:17:58:51 -0300] "POST /cormun/servlet/solicitudot?e979c418058767df12b565f638bbf401,INS,0,0,false,,gx-no-cache=1629838103925 HTTP/1.1" 200 12491
186.67.172.234 - - [24/Aug/2021:17:58:53 -0300] "GET /cormun/servlet/solicitudot?eeff9c13abe57fd6113fb3f85e8a36213e3caf6cf12bcd4fe7182a5ec474f7a671dbd57c34f430a7990aa9f60bf4dbb0,gx-no-cache=1629838105713 HTTP/1.1" 200 30
192.168.10.78 - - [24/Aug/2021:17:58:53 -0300] "GET /cormun/servlet/veautorizarot?2021,17421,, HTTP/1.1" 200 8177
192.168.10.78 - - [24/Aug/2021:17:58:53 -0300] "GET /cormun/pexe_scrolldiv.js HTTP/1.1" 404 1009
192.168.10.78 - - [24/Aug/2021:17:58:53 -0300] "GET /cormun/pexe_scrolldiv.js HTTP/1.1" 404 1009
192.168.10.78 - - [24/Aug/2021:17:58:53 -0300] "GET /cormun/servlet/veautorizarot?2021,17421,, HTTP/1.1" 200 8177
192.168.10.78 - - [24/Aug/2021:17:58:56 -0300] "GET /cormun/servlet/trautorizarot? HTTP/1.1" 200 13572
192.168.10.78 - - [24/Aug/2021:17:58:56 -0300] "GET /cormun/servlet/trautorizarot? HTTP/1.1" 200 13571
200.54.107.2 - - [24/Aug/2021:17:59:00 -0300] "GET /cormun/servlet/solicitudot?5dbf2290375feaa00fc994fd67f76b1afb059777af32893f05d2b8ab85b9c50f167faf348607f571bc46acc20079804a,gx-no-cache=1629838113725 HTTP/1.1" 200 30
192.168.10.78 - - [24/Aug/2021:17:59:00 -0300] "GET /cormun/servlet/veautorizarot?2021,17419,, HTTP/1.1" 200 8246
192.168.10.78 - - [24/Aug/2021:17:59:00 -0300] "GET /cormun/pexe_scrolldiv.js HTTP/1.1" 404 1009
200.54.107.2 - - [24/Aug/2021:17:59:00 -0300] "POST /cormun/servlet/solicitudot?gx-no-cache=1629838113887 HTTP/1.1" 200 135
200.54.107.2 - - [24/Aug/2021:17:59:00 -0300] "GET /cormun/static/Shared/jqueryui/images/ui-bg_highlight-soft_100_c6c2c8_1x100.png HTTP/1.1" 404 1117
192.168.10.78 - - [24/Aug/2021:17:59:00 -0300] "GET /cormun/servlet/veautorizarot?2021,17419,, HTTP/1.1" 200 8246
200.54.107.2 - - [24/Aug/2021:17:59:00 -0300] "GET /cormun/static/Shared/jqueryui/images/ui-bg_flat_55_994d53_40x100.png HTTP/1.1" 404 1097
200.54.107.2 - - [24/Aug/2021:17:59:00 -0300] "GET /cormun/static/Shared/jqueryui/images/ui-icons_82798d_256x240.png HTTP/1.1" 404 1089
200.54.107.2 - - [24/Aug/2021:17:59:00 -0300] "GET /cormun/static/Shared/jqueryui/images/ui-icons_ebccce_256x240.png HTTP/1.1" 404 1089
192.168.10.78 - - [24/Aug/2021:17:59:05 -0300] "GET /cormun/servlet/trautorizarot? HTTP/1.1" 200 13572
192.168.10.78 - - [24/Aug/2021:17:59:05 -0300] "GET /cormun/servlet/trautorizarot? HTTP/1.1" 200 13571
192.168.10.78 - - [24/Aug/2021:17:59:08 -0300] "GET /cormun/servlet/veautorizarot?2021,17415,, HTTP/1.1" 200 8182
192.168.10.78 - - [24/Aug/2021:17:59:08 -0300] "GET /cormun/pexe_scrolldiv.js HTTP/1.1" 404 1009
192.168.10.78 - - [24/Aug/2021:17:59:08 -0300] "GET /cormun/pexe_scrolldiv.js HTTP/1.1" 404 1009
192.168.10.78 - - [24/Aug/2021:17:59:09 -0300] "GET /cormun/servlet/veautorizarot?2021,17415,, HTTP/1.1" 200 8182
192.168.10.78 - - [24/Aug/2021:17:59:12 -0300] "GET /cormun/servlet/trautorizarot? HTTP/1.1" 200 13572
192.168.10.78 - - [24/Aug/2021:17:59:12 -0300] "GET /cormun/servlet/trautorizarot? HTTP/1.1" 200 13571
192.168.10.78 - - [24/Aug/2021:17:59:17 -0300] "GET /cormun/servlet/veautorizarot?2021,17414,, HTTP/1.1" 200 8227
192.168.10.78 - - [24/Aug/2021:17:59:17 -0300] "GET /cormun/pexe_scrolldiv.js HTTP/1.1" 404 1009
192.168.10.78 - - [24/Aug/2021:17:59:17 -0300] "GET /cormun/pexe_scrolldiv.js HTTP/1.1" 404 1009
200.54.107.2 - - [24/Aug/2021:17:59:17 -0300] "POST /cormun/servlet/solicitudot?e9f2b6d7da215d5c7b36ded2ba7e9ca8,INS,0,0,false,,gx-no-cache=1629838127970 HTTP/1.1" 200 13073
192.168.10.78 - - [24/Aug/2021:17:59:17 -0300] "GET /cormun/servlet/veautorizarot?2021,17414,, HTTP/1.1" 200 8227
192.168.10.78 - - [24/Aug/2021:17:59:21 -0300] "GET /cormun/servlet/trautorizarot? HTTP/1.1" 200 13572
192.168.10.78 - - [24/Aug/2021:17:59:21 -0300] "GET /cormun/servlet/trautorizarot? HTTP/1.1" 200 13571
192.168.10.78 - - [24/Aug/2021:17:59:23 -0300] "GET /cormun/servlet/trsolicitudgral? HTTP/1.1" 200 24781
192.168.10.78 - - [24/Aug/2021:17:59:24 -0300] "GET /cormun/servlet/trsolicitudgral? HTTP/1.1" 200 24780
186.67.172.234 - - [24/Aug/2021:17:59:28 -0300] "GET /cormun/servlet/prbanco?,MD,,gxPopupLevel%3D0%3B HTTP/1.1" 200 6674
186.67.172.234 - - [24/Aug/2021:17:59:31 -0300] "GET /cormun/servlet/solicitudot?eeff9c13abe57fd6113fb3f85e8a3621a88e9c00dd9a263547e85339c0d6a5f4ac4e1df52a28f86bdfa03f421245152e081919c9731847dc11fc2eecbac0931c,gx-no-cache=1629838144110 HTTP/1.1" 200 30
186.67.172.234 - - [24/Aug/2021:17:59:32 -0300] "GET /cormun/servlet/solicitudot?eeff9c13abe57fd6113fb3f85e8a3621b6c92df8bbc7ef991d7cf94145d00744,gx-no-cache=1629838145029 HTTP/1.1" 200 53
200.54.107.2 - - [24/Aug/2021:17:59:40 -0300] "POST /cormun/servlet/solicitudot?gx-no-cache=1629838152869 HTTP/1.1" 200 30
200.54.107.2 - - [24/Aug/2021:17:59:41 -0300] "POST /cormun/servlet/solicitudot?gx-no-cache=1629838154357 HTTP/1.1" 200 1440
200.54.107.2 - - [24/Aug/2021:17:59:41 -0300] "POST /cormun/servlet/solicitudot?gx-no-cache=1629838154564 HTTP/1.1" 200 40
186.67.172.234 - - [24/Aug/2021:17:59:41 -0300] "POST /cormun/servlet/solicitudot?gx-no-cache=1629838154265 HTTP/1.1" 200 240
200.54.107.2 - - [24/Aug/2021:17:59:41 -0300] "GET /cormun/servlet/solicitudot?5dbf2290375feaa00fc994fd67f76b1a37805610fa32f6c31612eff9186415588436c4960897f8f8a560f5ba4d15cd7c2968e75cc153e326232fb92cfc2c1c7d1ff16485058747c35a7c0bbbda68c9162f750eb4f3717e61dbcb37d1b4d39c9585a2e456a64603ee59507f45110d52bb,gx-no-cache=1629838154664 HTTP/1.1" 200 110
200.54.107.2 - - [24/Aug/2021:17:59:42 -0300] "POST /cormun/servlet/solicitudot?gx-no-cache=1629838155163 HTTP/1.1" 200 97
200.54.107.2 - - [24/Aug/2021:17:59:42 -0300] "POST /cormun/servlet/solicitudot?gx-no-cache=1629838156140 HTTP/1.1" 200 135
200.54.107.2 - - [24/Aug/2021:17:59:43 -0300] "POST /cormun/servlet/solicitudot?e9f2b6d7da215d5c7b36ded2ba7e9ca8,INS,0,0,false,,gx-no-cache=1629838156330 HTTP/1.1" 200 13125
186.67.172.234 - - [24/Aug/2021:17:59:43 -0300] "GET /cormun/servlet/solicitudot?eeff9c13abe57fd6113fb3f85e8a3621df08b85c745dd1f4f5ef27c58c96a31dc9591a753520bb5fe6699495e352b1c4c4da503cab62a806b443e3882f606da709e8f96fcefc6469f6f7e615eaf59b28106c49beb99e095111d4e4f0898ffeba0a7169471d513843bbc25a2c5c14ea508bf77ce59f2f90a7182f2ae6a7385bcc8b82061b86f7737c72b6cb5a9adf8b651034b12ced96dcb20545b5fab1e0290f2d9e6cc94a08a1c7bc76b9c05f787166ef96b15196d7c31ef17de69984c1764b383ef569505d526c7139f31d131218f8df37e75cb0c05b141db4246c733fce26b06ece042de92ea110a7e65a41ce98bc30d8c0f94ff3df7231148fef6480c7f7a8ecd00258395ece481a26b3c0b78834e0f6763b9fdff7c699ea249ce75abdab6d37501dfa9d9c78318f418695a39e24ca0536be78ee11a206491c5040e44faf6fb434eba22d18eb45acad0d567ca10895c3b391ba24cad2b58a02b01d85d82ecbd31dfe8617784f399cb44bb55fdf7cf162091bc51c9fdad87f2517c62915ed,gx-no-cache=1629838156300 HTTP/1.1" 200 30
186.67.172.234 - - [24/Aug/2021:17:59:45 -0300] "POST /cormun/servlet/solicitudot?gx-no-cache=1629838158501 HTTP/1.1" 200 30
186.67.172.234 - - [24/Aug/2021:17:59:46 -0300] "POST /cormun/servlet/solicitudot?gx-no-cache=1629838158616 HTTP/1.1" 200 1439
186.67.172.234 - - [24/Aug/2021:17:59:46 -0300] "POST /cormun/servlet/solicitudot?gx-no-cache=1629838159419 HTTP/1.1" 200 38
200.54.107.2 - - [24/Aug/2021:17:59:53 -0300] "GET /cormun/servlet/prcontratosol?17525170,,,,,MD,,gxPopupLevel%3D0%3B HTTP/1.1" 200 8988
200.54.107.2 - - [24/Aug/2021:17:59:53 -0300] "GET /cormun/static/gxcfg.js?2019914201458 HTTP/1.1" 200 953
200.54.107.2 - - [24/Aug/2021:17:59:54 -0300] "GET /cormun/static/prcontratosol.js?20199142014772 HTTP/1.1" 200 15806
186.67.172.234 - - [24/Aug/2021:18:00:05 -0300] "POST /cormun/servlet/solicitudot?gx-no-cache=1629838177638 HTTP/1.1" 200 1439
186.67.172.234 - - [24/Aug/2021:18:00:05 -0300] "POST /cormun/servlet/solicitudot?gx-no-cache=1629838178363 HTTP/1.1" 200 38
192.168.10.78 - - [24/Aug/2021:18:00:11 -0300] "GET /cormun/servlet/trsolicitudgral? HTTP/1.1" 200 24780
192.168.10.78 - - [24/Aug/2021:18:00:11 -0300] "GET /cormun/servlet/trsolicitudgral? HTTP/1.1" 200 24780
192.168.10.78 - - [24/Aug/2021:18:00:37 -0300] "GET /cormun/servlet/trautorizarot? HTTP/1.1" 200 13572
192.168.10.78 - - [24/Aug/2021:18:00:37 -0300] "GET /cormun/servlet/trautorizarot? HTTP/1.1" 200 13571
192.168.10.78 - - [24/Aug/2021:18:00:40 -0300] "GET /cormun/servlet/veautorizarot?2021,17405,, HTTP/1.1" 200 8231
192.168.10.78 - - [24/Aug/2021:18:00:40 -0300] "GET /cormun/pexe_scrolldiv.js HTTP/1.1" 404 1009
192.168.10.78 - - [24/Aug/2021:18:00:40 -0300] "GET /cormun/pexe_scrolldiv.js HTTP/1.1" 404 1009
192.168.10.78 - - [24/Aug/2021:18:00:40 -0300] "GET /cormun/servlet/veautorizarot?2021,17405,, HTTP/1.1" 200 8231
192.168.10.78 - - [24/Aug/2021:18:00:48 -0300] "POST /cormun/servlet/veautorizarot?8498ae8b2c0a232758647ac7ac3c5e00,2021,17405,,,gx-no-cache=1629838084553 HTTP/1.1" 200 11756
