190.171.141.90 - - [23/Aug/2021:12:38:46 -0300] "GET /cormun/servlet/solicitudot?56fb5e0956d433081ccaffa4da4423d2f2085dad65b286ee18ed7d446f203202133f96d27a3b310fd061b51f6779a878,gx-no-cache=1629728900148 HTTP/1.1" 200 30
190.171.141.90 - - [23/Aug/2021:12:38:46 -0300] "GET /cormun/servlet/solicitudot?56fb5e0956d433081ccaffa4da4423d290f9c887664b142985323eedc7181648,gx-no-cache=1629728900180 HTTP/1.1" 200 103
190.171.141.90 - - [23/Aug/2021:12:38:46 -0300] "GET /cormun/static/Shared/jqueryui/images/ui-bg_highlight-soft_100_c6c2c8_1x100.png HTTP/1.1" 404 1117
190.171.141.90 - - [23/Aug/2021:12:38:46 -0300] "GET /cormun/static/Shared/jqueryui/images/ui-icons_82798d_256x240.png HTTP/1.1" 404 1089
190.171.141.90 - - [23/Aug/2021:12:38:46 -0300] "GET /cormun/static/Shared/jqueryui/images/ui-bg_flat_55_994d53_40x100.png HTTP/1.1" 404 1097
190.171.141.90 - - [23/Aug/2021:12:38:46 -0300] "GET /cormun/static/Shared/jqueryui/images/ui-icons_ebccce_256x240.png HTTP/1.1" 404 1089
190.171.141.90 - - [23/Aug/2021:12:38:47 -0300] "GET /cormun/servlet/solicitudot?56fb5e0956d433081ccaffa4da4423d26aed1b733c8191b167d0b029321550dd,gx-no-cache=1629728901251 HTTP/1.1" 200 40
191.119.47.152 - - [23/Aug/2021:12:38:51 -0300] "POST /cormun/servlet/solicitudot?gx-no-cache=1629732503200 HTTP/1.1" 200 64
190.171.141.90 - - [23/Aug/2021:12:38:56 -0300] "POST /cormun/servlet/solicitudot?gx-no-cache=1629728910331 HTTP/1.1" 200 240
190.171.141.90 - - [23/Aug/2021:12:38:56 -0300] "GET /cormun/servlet/solicitudot?56fb5e0956d433081ccaffa4da4423d28cf1fe7098031303782b595aa379ed10c50834e2c72c28ebce5b4462cbcc5215a9ab0931bbf8e19254f8d7a61609f8c4833f728c0723a2aac3985596b95d60deec0ae8ae7f1ebd6699a5c0766b9e6a0fea72ea5aa776369a53c1c4d4b2ba011e690c5f214a5a176f1372111218b4ee687d3341bab47bc14398e665d6671d68ecdf6802e17ec303bfe509d4c7665c754dc54893ca2a7f295cab446f1eacce415d6e000c4f21ad68185ff7d3935ea459cd8b500bc5c336317917d7f915e5353adf844451bc8a65b23e58636c35157832acfcad90a4401759ea3e5db82ec0ae6f2524b949bbff532b9b6807791b215671646e0d4216591a30618afd2e1d77fe846cf6f9ce95aeb0e6194132687cc951f44d44ecd4f95fe9440ac566228b50d5ac8887dd8f01948009f0057e7a861921ab29ec26a09e10d010bd70fd9231d468ff9f8569e52bff65f72d49d90758964929cdf1765ae180fefdee14095468b432cd506d079939242440c78e9e270369d48116,gx-no-cache=1629728910397 HTTP/1.1" 200 30
191.119.47.152 - - [23/Aug/2021:12:39:00 -0300] "GET /cormun/servlet/solicitudot?307e6fb190b63315436ec9711f5efab83aea3ce5494ed2988c1f5aa339fb5652cb4fe82d1936ba04806e6418a38e781436a9a484213d336d27fda1ff4c23d5ba78929c77c6ff05df3c46ac20cbe61d94e79c1c30bfdf334a0bb6cb630e916200b652a72771d4c813f7449545964cfe1d,gx-no-cache=1629732512284 HTTP/1.1" 200 29
191.119.47.152 - - [23/Aug/2021:12:39:00 -0300] "GET /cormun/static/menuarrow.gif HTTP/1.1" 404 1015
190.171.141.90 - - [23/Aug/2021:12:39:03 -0300] "POST /cormun/servlet/solicitudot?gx-no-cache=1629728916561 HTTP/1.1" 200 30
190.171.141.90 - - [23/Aug/2021:12:39:05 -0300] "GET /cormun/servlet/prfichaempleado?,MD,,gxPopupLevel%3D0%3B HTTP/1.1" 200 9259
191.119.47.152 - - [23/Aug/2021:12:39:09 -0300] "GET /cormun/servlet/solicitudot?307e6fb190b63315436ec9711f5efab8bb11afa4ca59b7061d9943b99abcf738421d2ed1dc59ada884288f415800ceff,gx-no-cache=1629732521231 HTTP/1.1" 200 30
190.171.141.90 - - [23/Aug/2021:12:39:13 -0300] "POST /cormun/servlet/prfichaempleado?436cc686eee9442a308004be745d7b8d,,MD,,gxPopupLevel%3D0%3B,gx-no-cache=1629728926934 HTTP/1.1" 200 5237
191.119.47.152 - - [23/Aug/2021:12:39:17 -0300] "POST /cormun/servlet/solicitudot?gx-no-cache=1629732529714 HTTP/1.1" 200 30
190.171.141.90 - - [23/Aug/2021:12:39:18 -0300] "GET /cormun/servlet/prlicenciaspermisos?10259679,L,,MD,,gxPopupLevel%3D0%3B HTTP/1.1" 200 7236
190.171.141.90 - - [23/Aug/2021:12:39:20 -0300] "POST /cormun/servlet/solicitudot?gx-no-cache=1629728934034 HTTP/1.1" 200 1442
190.171.141.90 - - [23/Aug/2021:12:39:23 -0300] "POST /cormun/servlet/solicitudot?gx-no-cache=1629728937490 HTTP/1.1" 200 40
200.83.117.48 - - [23/Aug/2021:12:39:29 -0300] "GET /cormun/servlet/hlogin HTTP/1.1" 200 1729
191.119.47.152 - - [23/Aug/2021:12:39:32 -0300] "POST /cormun/servlet/solicitudot?210731ca50a61a2eb08cb23ae3b03d3e,INS,0,0,false,,gx-no-cache=1629732544335 HTTP/1.1" 200 93
191.119.47.152 - - [23/Aug/2021:12:39:32 -0300] "GET /cormun/servlet/hpexe_return? HTTP/1.1" 200 1013
191.119.47.152 - - [23/Aug/2021:12:39:33 -0300] "GET /cormun/static/gxcfg.js?201991422392976 HTTP/1.1" 200 953
191.119.47.152 - - [23/Aug/2021:12:39:33 -0300] "GET /cormun/static/hpexe_return.js?201991422392984 HTTP/1.1" 200 1633
191.119.47.152 - - [23/Aug/2021:12:39:33 -0300] "GET /cormun/servlet/trsolicitudot HTTP/1.1" 200 8497
191.119.47.152 - - [23/Aug/2021:12:39:33 -0300] "GET /cormun//static/Resources/PXToolsActionView.png HTTP/1.1" 200 398
191.119.47.152 - - [23/Aug/2021:12:39:33 -0300] "GET /cormun//static/Resources/PXToolsGridUpdate.png HTTP/1.1" 200 470
191.119.47.152 - - [23/Aug/2021:12:39:33 -0300] "GET /cormun//static/Resources/PXToolsGridDelete.png HTTP/1.1" 200 538
191.119.47.152 - - [23/Aug/2021:12:39:33 -0300] "GET /cormun//static/Resources/PXToolsRemoveAllAction.png HTTP/1.1" 200 487
191.119.47.152 - - [23/Aug/2021:12:39:33 -0300] "GET /cormun//static/Resources/PXTools/ActionInsert.png HTTP/1.1" 200 1482
191.119.47.152 - - [23/Aug/2021:12:39:33 -0300] "GET /cormun/servlet/trsolicitudot HTTP/1.1" 200 8493
200.83.117.48 - - [23/Aug/2021:12:39:36 -0300] "POST /cormun/servlet/hlogin?b80fd222a20443dcbdb8ec5cf2f9441a,gx-no-cache=1629732550459 HTTP/1.1" 200 90
200.83.117.48 - - [23/Aug/2021:12:39:36 -0300] "GET /cormun/servlet/hpexe_link HTTP/1.1" 200 956
200.83.117.48 - - [23/Aug/2021:12:39:37 -0300] "GET /cormun/servlet/hhome HTTP/1.1" 200 3965
200.83.117.48 - - [23/Aug/2021:12:39:37 -0300] "GET /cormun/servlet/hhome HTTP/1.1" 200 3961
200.83.117.48 - - [23/Aug/2021:12:39:40 -0300] "GET /cormun/servlet/trlicencias? HTTP/1.1" 200 13204
200.83.117.48 - - [23/Aug/2021:12:39:41 -0300] "GET /cormun/servlet/trlicencias? HTTP/1.1" 200 13201
191.119.47.152 - - [23/Aug/2021:12:39:42 -0300] "POST /cormun/servlet/trsolicitudot?210731ca50a61a2eb08cb23ae3b03d3e,gx-no-cache=1629732554707 HTTP/1.1" 200 107
191.119.47.152 - - [23/Aug/2021:12:39:42 -0300] "GET /cormun/servlet/trsolicitudadjuntos?2021,17422, HTTP/1.1" 200 5995
191.119.47.152 - - [23/Aug/2021:12:39:43 -0300] "GET /cormun/static/gxcfg.js?20201215574222 HTTP/1.1" 200 953
191.119.47.152 - - [23/Aug/2021:12:39:43 -0300] "GET /cormun/static/Resources/PXToolsGridNew.png HTTP/1.1" 200 427
191.119.47.152 - - [23/Aug/2021:12:39:43 -0300] "GET /cormun/static/trsolicitudadjuntos.js?20201215574932 HTTP/1.1" 200 17922
191.119.47.152 - - [23/Aug/2021:12:39:43 -0300] "GET /cormun/servlet/trsolicitudadjuntos?2021,17422, HTTP/1.1" 200 5995
190.171.141.90 - - [23/Aug/2021:12:39:46 -0300] "GET /cormun/servlet/solicitudot?56fb5e0956d433081ccaffa4da4423d2a49671b94694d00911b8e00c2376079bf4b3849e44d70bf73c302a94c770d597549a143d975d1c1fe554dbf6bfff6e02c3f3515931d1060953976f0361b61657d4988fd55961fcfe4ca25882133143e0d04ed4cbbeb0e93d624eeb0b027b4786,gx-no-cache=1629728959859 HTTP/1.1" 200 110
191.119.47.152 - - [23/Aug/2021:12:39:47 -0300] "GET /cormun/servlet/solicitudotadjuntos?INS,2021,17422,,1, HTTP/1.1" 200 5943
191.119.47.152 - - [23/Aug/2021:12:39:47 -0300] "GET /cormun/static/gxcfg.js?202012157947 HTTP/1.1" 200 953
191.119.47.152 - - [23/Aug/2021:12:39:47 -0300] "GET /cormun/static/solicitudotadjuntos.js?202012157966 HTTP/1.1" 200 11771
191.119.47.152 - - [23/Aug/2021:12:39:48 -0300] "GET /cormun/static/about:blank HTTP/1.1" 404 1011
191.119.47.152 - - [23/Aug/2021:12:39:48 -0300] "GET /cormun/servlet/solicitudotadjuntos?INS,2021,17422,,1, HTTP/1.1" 200 5937
191.119.47.152 - - [23/Aug/2021:12:39:48 -0300] "GET /cormun/servlet/solicitudotadjuntos?307e6fb190b63315436ec9711f5efab849f89a63444fa746ae82fa74d22bb783541dc73491bc7f04b87b7da5ef0b2791,gx-no-cache=1629732560773 HTTP/1.1" 200 30
191.119.47.152 - - [23/Aug/2021:12:39:48 -0300] "POST /cormun/servlet/solicitudotadjuntos?210731ca50a61a2eb08cb23ae3b03d3e,INS,2021,17422,,1,,gx-no-cache=1629732560847 HTTP/1.1" 200 3877
190.171.141.138 - - [23/Aug/2021:12:40:18 -0300] "POST /cormun/servlet/trpermisosgoce?2808413e85dddc441c4e964f48986ceb,gx-no-cache=1629732591099 HTTP/1.1" 200 8967
190.171.141.138 - - [23/Aug/2021:12:40:18 -0300] "GET /cormun/static/Shared/jqueryui/images/ui-bg_highlight-soft_100_c6c2c8_1x100.png HTTP/1.1" 404 1117
190.171.141.138 - - [23/Aug/2021:12:40:18 -0300] "GET /cormun/static/Shared/jqueryui/images/ui-icons_82798d_256x240.png HTTP/1.1" 404 1089
190.171.141.138 - - [23/Aug/2021:12:40:18 -0300] "GET /cormun/static/Shared/jqueryui/images/ui-bg_flat_55_fafafa_40x100.png HTTP/1.1" 404 1097
190.171.141.138 - - [23/Aug/2021:12:40:18 -0300] "GET /cormun/static/Shared/jqueryui/images/ui-icons_8d78a5_256x240.png HTTP/1.1" 404 1089
190.171.141.90 - - [23/Aug/2021:12:40:50 -0300] "POST /cormun/servlet/solicitudot?gx-no-cache=1629729024102 HTTP/1.1" 200 97
190.171.141.90 - - [23/Aug/2021:12:41:12 -0300] "GET /cormun/servlet/solicitudot?56fb5e0956d433081ccaffa4da4423d2ebbecf17762b374e4112e7e94a15896290709a950e3143c0211b029a402ff4d81749d1e2b6525d962e30bb251a289a9c99166ffde24584785f31d86e75f1f49ecae1c4f23432aa276328451647de07701e7dd9183bc37a7e956c563c6f5628a3d9d9cc8a3455b9021e7269505fa4bffd54408c4d3b35304034b04dda30b017b34803b0579d37034ab6b0da40c76b7fc5,gx-no-cache=1629729046210 HTTP/1.1" 200 29
190.171.141.90 - - [23/Aug/2021:12:41:12 -0300] "GET /cormun/static/menuarrow.gif HTTP/1.1" 404 1015
186.11.84.8 - - [23/Aug/2021:12:41:34 -0300] "GET /cormun/servlet/hlogin HTTP/1.1" 200 1730
186.11.84.8 - - [23/Aug/2021:12:41:35 -0300] "GET /cormun/static/gxtimezone.js?85251 HTTP/1.1" 200 5781
186.11.84.8 - - [23/Aug/2021:12:41:35 -0300] "GET /cormun/static/gxcfg.js?201910216285969 HTTP/1.1" 200 953
186.11.84.8 - - [23/Aug/2021:12:41:35 -0300] "GET /cormun/static/messages.spa.js?85251 HTTP/1.1" 200 30736
186.11.84.8 - - [23/Aug/2021:12:41:35 -0300] "GET /cormun/static/Resources/Spanish/PXTools.css?2294816 HTTP/1.1" 200 100853
186.11.84.8 - - [23/Aug/2021:12:41:35 -0300] "GET /cormun/static/hlogin.js?201910216285995 HTTP/1.1" 200 2136
186.11.84.8 - - [23/Aug/2021:12:41:35 -0300] "GET /cormun/static/gxgral.js?85251 HTTP/1.1" 200 384558
186.11.84.8 - - [23/Aug/2021:12:41:36 -0300] "GET /cormun/static/Resources/PXToolsButtonLeft.png HTTP/1.1" 200 1310
186.11.84.8 - - [23/Aug/2021:12:41:36 -0300] "GET /cormun/static/Resources/PXToolsButtonRight.png HTTP/1.1" 200 1294
186.11.84.8 - - [23/Aug/2021:12:41:36 -0300] "GET /cormun/static/Resources/Logo2019_Grande.png HTTP/1.1" 200 31733
186.11.84.8 - - [23/Aug/2021:12:41:36 -0300] "GET /cormun/static/Resources/PXToolsLoginBackground.png HTTP/1.1" 200 1164
186.11.84.8 - - [23/Aug/2021:12:41:36 -0300] "GET /cormun/static/Resources/PXToolsLoginTop.png HTTP/1.1" 200 1337
186.11.84.8 - - [23/Aug/2021:12:41:36 -0300] "GET /cormun/static/Resources/PXToolsButtonBackground.png HTTP/1.1" 200 1176
186.11.84.8 - - [23/Aug/2021:12:41:36 -0300] "GET /cormun/static/Resources/PXToolsLoginBottom.png HTTP/1.1" 200 1389
186.11.84.8 - - [23/Aug/2021:12:41:36 -0300] "GET /cormun/static/Resources/indicator.gif HTTP/1.1" 200 1553
186.11.84.8 - - [23/Aug/2021:12:41:36 -0300] "GET /cormun/servlet/hlogin HTTP/1.1" 200 1741
186.11.84.8 - - [23/Aug/2021:12:41:37 -0300] "GET /favicon.ico HTTP/1.1" 200 21630
191.119.47.152 - - [23/Aug/2021:12:41:47 -0300] "POST /cormun/servlet/solicitudotadjuntos?gx-no-cache=1629732679718 HTTP/1.1" 200 26
190.171.141.90 - - [23/Aug/2021:12:42:10 -0300] "GET /cormun/servlet/solicitudot?56fb5e0956d433081ccaffa4da4423d2b5f6e655458fba615273086a643a58f541826f23c161948437f9a2dba2d52c91,gx-no-cache=1629729103575 HTTP/1.1" 200 30
190.171.141.90 - - [23/Aug/2021:12:42:10 -0300] "POST /cormun/servlet/solicitudot?gx-no-cache=1629729103611 HTTP/1.1" 200 34
190.171.141.90 - - [23/Aug/2021:12:42:16 -0300] "POST /cormun/servlet/solicitudot?436cc686eee9442a308004be745d7b8d,INS,0,0,false,,gx-no-cache=1629729109818 HTTP/1.1" 200 12653
191.119.47.152 - - [23/Aug/2021:12:42:24 -0300] "GET /cormun/servlet/solicitudotadjuntos?307e6fb190b63315436ec9711f5efab86a58a5d2fccbaeb6dd391aac408e2138,gx-no-cache=1629732716852 HTTP/1.1" 200 30
191.119.47.152 - - [23/Aug/2021:12:42:24 -0300] "GET /cormun/servlet/solicitudotadjuntos?307e6fb190b63315436ec9711f5efab86a58a5d2fccbaeb6dd391aac408e2138,gx-no-cache=1629732716973 HTTP/1.1" 200 30
190.171.141.90 - - [23/Aug/2021:12:42:37 -0300] "GET /cormun/servlet/solicitudot?56fb5e0956d433081ccaffa4da4423d22c57f7dad1ef0f30d4ff60ecf440eb88905c5ace0a3e372f8a353c97a758c1409acd830f87fa28c31a668ce0d417cc7a,gx-no-cache=1629729131358 HTTP/1.1" 200 30
190.171.141.90 - - [23/Aug/2021:12:42:37 -0300] "POST /cormun/servlet/solicitudot?gx-no-cache=1629729131388 HTTP/1.1" 200 240
190.171.141.90 - - [23/Aug/2021:12:42:37 -0300] "GET /cormun/servlet/solicitudot?56fb5e0956d433081ccaffa4da4423d28cf1fe7098031303782b595aa379ed10c50834e2c72c28ebce5b4462cbcc5215a9ab0931bbf8e19254f8d7a61609f8c4833f728c0723a2aac3985596b95d60deec0ae8ae7f1ebd6699a5c0766b9e6a0fea72ea5aa776369a53c1c4d4b2ba011e690c5f214a5a176f1372111218b4ee687d3341bab47bc14398e665d6671d68ecdf6802e17ec303bfe509d4c7665c754dc54893ca2a7f295cab446f1eacce415d6e000c4f21ad68185ff7d3935ea459cd8b500bc5c336317917d7f915e5353adf844451bc8a65b23e58636c35157832acfcad90a4401759ea3e5db82ec0ae6f2524b949bbff532b9b6807791b215671646e0d4216591a30618afd2e1d77fe846cf6f9ce95aeb0e6194132687cc951f44d44ecd4f95fe9440ac566228b50d5ac8887dd8f01948009f0057e7a861921ab29ec26a09e10d010bd70fd9231d468ff9f8569e52bff65f72d49d90758964929cdf1765ae180fefdee14095468b432cd50f18ce14b4a2c800e6b6939099cb17df7,gx-no-cache=1629729131419 HTTP/1.1" 200 30
190.171.141.90 - - [23/Aug/2021:12:42:37 -0300] "POST /cormun/servlet/solicitudot?gx-no-cache=1629729131441 HTTP/1.1" 200 30
190.171.141.90 - - [23/Aug/2021:12:42:37 -0300] "POST /cormun/servlet/solicitudot?gx-no-cache=1629729131468 HTTP/1.1" 200 1442
190.171.141.90 - - [23/Aug/2021:12:42:38 -0300] "POST /cormun/servlet/solicitudot?gx-no-cache=1629729131549 HTTP/1.1" 200 40
190.171.141.90 - - [23/Aug/2021:12:42:38 -0300] "GET /cormun/servlet/solicitudot?56fb5e0956d433081ccaffa4da4423d2a49671b94694d00911b8e00c2376079bf4b3849e44d70bf73c302a94c770d597549a143d975d1c1fe554dbf6bfff6e02c3f3515931d1060953976f0361b61657d4988fd55961fcfe4ca25882133143e0d04ed4cbbeb0e93d624eeb0b027b4786,gx-no-cache=1629729131578 HTTP/1.1" 200 110
190.171.141.90 - - [23/Aug/2021:12:42:38 -0300] "POST /cormun/servlet/solicitudot?gx-no-cache=1629729131610 HTTP/1.1" 200 105
190.171.141.90 - - [23/Aug/2021:12:42:38 -0300] "GET /cormun/servlet/solicitudot?56fb5e0956d433081ccaffa4da4423d2b5f6e655458fba615273086a643a58f541826f23c161948437f9a2dba2d52c91,gx-no-cache=1629729131646 HTTP/1.1" 200 30
190.171.141.90 - - [23/Aug/2021:12:42:38 -0300] "POST /cormun/servlet/solicitudot?gx-no-cache=1629729131674 HTTP/1.1" 200 34
190.171.141.90 - - [23/Aug/2021:12:42:38 -0300] "POST /cormun/servlet/solicitudot?436cc686eee9442a308004be745d7b8d,INS,0,0,false,,gx-no-cache=1629729131708 HTTP/1.1" 200 93
190.171.141.90 - - [23/Aug/2021:12:42:38 -0300] "GET /cormun/servlet/hpexe_return? HTTP/1.1" 200 1006
190.171.141.90 - - [23/Aug/2021:12:42:38 -0300] "GET /cormun/servlet/trsolicitudot HTTP/1.1" 200 8636
190.171.141.90 - - [23/Aug/2021:12:42:39 -0300] "GET /cormun/servlet/trsolicitudot HTTP/1.1" 200 8632
190.171.141.90 - - [23/Aug/2021:12:42:41 -0300] "POST /cormun/servlet/trsolicitudot?436cc686eee9442a308004be745d7b8d,gx-no-cache=1629729135239 HTTP/1.1" 200 107
190.171.141.90 - - [23/Aug/2021:12:42:41 -0300] "GET /cormun/servlet/trsolicitudadjuntos?2021,17423, HTTP/1.1" 200 6067
190.171.141.90 - - [23/Aug/2021:12:42:42 -0300] "GET /cormun/servlet/trsolicitudadjuntos?2021,17423, HTTP/1.1" 200 6067
190.171.141.90 - - [23/Aug/2021:12:42:43 -0300] "GET /cormun/servlet/solicitudotadjuntos?INS,2021,17423,,1, HTTP/1.1" 200 6014
190.171.141.90 - - [23/Aug/2021:12:42:44 -0300] "GET /cormun/static/about:blank HTTP/1.1" 404 1011
190.171.141.90 - - [23/Aug/2021:12:42:44 -0300] "GET /cormun/servlet/solicitudotadjuntos?INS,2021,17423,,1, HTTP/1.1" 200 6007
190.171.141.90 - - [23/Aug/2021:12:42:44 -0300] "GET /cormun/servlet/solicitudotadjuntos?56fb5e0956d433081ccaffa4da4423d2ee610149bf748a097b3fce71e59d77831f423586256c965d9760d964c3b2c86b,gx-no-cache=1629729138125 HTTP/1.1" 200 30
190.171.141.90 - - [23/Aug/2021:12:42:44 -0300] "POST /cormun/servlet/solicitudotadjuntos?436cc686eee9442a308004be745d7b8d,INS,2021,17423,,1,,gx-no-cache=1629729138153 HTTP/1.1" 200 3894
191.119.47.152 - - [23/Aug/2021:12:43:02 -0300] "POST /cormun/servlet/solicitudotadjuntos?210731ca50a61a2eb08cb23ae3b03d3e,INS,2021,17422,,1, HTTP/1.1" 200 116
191.119.47.152 - - [23/Aug/2021:12:43:03 -0300] "GET /cormun/servlet/hpexe_return? HTTP/1.1" 200 1029
191.119.47.152 - - [23/Aug/2021:12:43:03 -0300] "GET /cormun/servlet/trsolicitudadjuntos?2021,17422, HTTP/1.1" 200 8747
191.119.47.152 - - [23/Aug/2021:12:43:04 -0300] "GET /cormun/servlet/trsolicitudadjuntos?2021,17422, HTTP/1.1" 200 8741
191.119.47.152 - - [23/Aug/2021:12:43:16 -0300] "GET /cormun/servlet/solicitudotadjuntos?INS,2021,17422,,1, HTTP/1.1" 200 5943
191.119.47.152 - - [23/Aug/2021:12:43:17 -0300] "GET /cormun/static/about:blank HTTP/1.1" 404 1011
191.119.47.152 - - [23/Aug/2021:12:43:17 -0300] "GET /cormun/servlet/solicitudotadjuntos?INS,2021,17422,,1, HTTP/1.1" 200 5937
191.119.47.152 - - [23/Aug/2021:12:43:17 -0300] "GET /cormun/servlet/solicitudotadjuntos?307e6fb190b63315436ec9711f5efab849f89a63444fa746ae82fa74d22bb783541dc73491bc7f04b87b7da5ef0b2791,gx-no-cache=1629732769664 HTTP/1.1" 200 30
191.119.47.152 - - [23/Aug/2021:12:43:17 -0300] "POST /cormun/servlet/solicitudotadjuntos?210731ca50a61a2eb08cb23ae3b03d3e,INS,2021,17422,,1,,gx-no-cache=1629732769809 HTTP/1.1" 200 3877
191.119.47.152 - - [23/Aug/2021:12:43:23 -0300] "POST /cormun/servlet/solicitudotadjuntos?gx-no-cache=1629732775567 HTTP/1.1" 200 26
191.119.47.152 - - [23/Aug/2021:12:43:30 -0300] "GET /cormun/servlet/solicitudotadjuntos?307e6fb190b63315436ec9711f5efab86a58a5d2fccbaeb6dd391aac408e2138,gx-no-cache=1629732783096 HTTP/1.1" 200 30
191.119.47.152 - - [23/Aug/2021:12:43:31 -0300] "GET /cormun/servlet/solicitudotadjuntos?307e6fb190b63315436ec9711f5efab86a58a5d2fccbaeb6dd391aac408e2138,gx-no-cache=1629732783154 HTTP/1.1" 200 30
191.119.47.152 - - [23/Aug/2021:12:43:32 -0300] "POST /cormun/servlet/solicitudotadjuntos?210731ca50a61a2eb08cb23ae3b03d3e,INS,2021,17422,,1, HTTP/1.1" 200 116
191.119.47.152 - - [23/Aug/2021:12:43:32 -0300] "GET /cormun/servlet/hpexe_return? HTTP/1.1" 200 1029
191.119.47.152 - - [23/Aug/2021:12:43:33 -0300] "GET /cormun/servlet/trsolicitudadjuntos?2021,17422, HTTP/1.1" 200 8981
191.119.47.152 - - [23/Aug/2021:12:43:33 -0300] "GET /cormun/servlet/trsolicitudadjuntos?2021,17422, HTTP/1.1" 200 8981
191.119.47.152 - - [23/Aug/2021:12:43:39 -0300] "GET /cormun/servlet/solicitudotadjuntos?INS,2021,17422,,1, HTTP/1.1" 200 5943
191.119.47.152 - - [23/Aug/2021:12:43:39 -0300] "GET /cormun/static/about:blank HTTP/1.1" 404 1011
191.119.47.152 - - [23/Aug/2021:12:43:39 -0300] "GET /cormun/servlet/solicitudotadjuntos?INS,2021,17422,,1, HTTP/1.1" 200 5937
191.119.47.152 - - [23/Aug/2021:12:43:39 -0300] "GET /cormun/servlet/solicitudotadjuntos?307e6fb190b63315436ec9711f5efab849f89a63444fa746ae82fa74d22bb783541dc73491bc7f04b87b7da5ef0b2791,gx-no-cache=1629732792041 HTTP/1.1" 200 30
191.119.47.152 - - [23/Aug/2021:12:43:40 -0300] "POST /cormun/servlet/solicitudotadjuntos?210731ca50a61a2eb08cb23ae3b03d3e,INS,2021,17422,,1,,gx-no-cache=1629732792111 HTTP/1.1" 200 3877
191.119.47.152 - - [23/Aug/2021:12:43:48 -0300] "POST /cormun/servlet/solicitudotadjuntos?gx-no-cache=1629732800577 HTTP/1.1" 200 26
191.119.47.152 - - [23/Aug/2021:12:43:58 -0300] "GET /cormun/servlet/solicitudotadjuntos?307e6fb190b63315436ec9711f5efab86a58a5d2fccbaeb6dd391aac408e2138,gx-no-cache=1629732810562 HTTP/1.1" 200 30
191.119.47.152 - - [23/Aug/2021:12:43:58 -0300] "GET /cormun/servlet/solicitudotadjuntos?307e6fb190b63315436ec9711f5efab86a58a5d2fccbaeb6dd391aac408e2138,gx-no-cache=1629732810693 HTTP/1.1" 200 30
191.119.47.152 - - [23/Aug/2021:12:43:59 -0300] "POST /cormun/servlet/solicitudotadjuntos?210731ca50a61a2eb08cb23ae3b03d3e,INS,2021,17422,,1, HTTP/1.1" 200 116
191.119.47.152 - - [23/Aug/2021:12:43:59 -0300] "GET /cormun/servlet/hpexe_return? HTTP/1.1" 200 1029
191.119.47.152 - - [23/Aug/2021:12:44:00 -0300] "GET /cormun/servlet/trsolicitudadjuntos?2021,17422, HTTP/1.1" 200 9164
191.119.47.152 - - [23/Aug/2021:12:44:00 -0300] "GET /cormun/servlet/trsolicitudadjuntos?2021,17422, HTTP/1.1" 200 9162
191.119.47.152 - - [23/Aug/2021:12:44:02 -0300] "GET /cormun/servlet/solicitudotadjuntos?INS,2021,17422,,1, HTTP/1.1" 200 5943
191.119.47.152 - - [23/Aug/2021:12:44:03 -0300] "GET /cormun/static/about:blank HTTP/1.1" 404 1011
191.119.47.152 - - [23/Aug/2021:12:44:03 -0300] "GET /cormun/servlet/solicitudotadjuntos?INS,2021,17422,,1, HTTP/1.1" 200 5937
191.119.47.152 - - [23/Aug/2021:12:44:03 -0300] "GET /cormun/servlet/solicitudotadjuntos?307e6fb190b63315436ec9711f5efab849f89a63444fa746ae82fa74d22bb783541dc73491bc7f04b87b7da5ef0b2791,gx-no-cache=1629732815705 HTTP/1.1" 200 30
191.119.47.152 - - [23/Aug/2021:12:44:03 -0300] "POST /cormun/servlet/solicitudotadjuntos?210731ca50a61a2eb08cb23ae3b03d3e,INS,2021,17422,,1,,gx-no-cache=1629732815761 HTTP/1.1" 200 3876
191.119.47.152 - - [23/Aug/2021:12:44:09 -0300] "POST /cormun/servlet/solicitudotadjuntos?gx-no-cache=1629732821180 HTTP/1.1" 200 26
191.119.47.152 - - [23/Aug/2021:12:44:19 -0300] "GET /cormun/servlet/solicitudotadjuntos?307e6fb190b63315436ec9711f5efab86a58a5d2fccbaeb6dd391aac408e2138,gx-no-cache=1629732831329 HTTP/1.1" 200 30
191.119.47.152 - - [23/Aug/2021:12:44:19 -0300] "GET /cormun/servlet/solicitudotadjuntos?307e6fb190b63315436ec9711f5efab86a58a5d2fccbaeb6dd391aac408e2138,gx-no-cache=1629732831411 HTTP/1.1" 200 30
191.119.47.152 - - [23/Aug/2021:12:44:19 -0300] "POST /cormun/servlet/solicitudotadjuntos?210731ca50a61a2eb08cb23ae3b03d3e,INS,2021,17422,,1, HTTP/1.1" 200 116
191.119.47.152 - - [23/Aug/2021:12:44:19 -0300] "GET /cormun/servlet/hpexe_return? HTTP/1.1" 200 1029
191.119.47.152 - - [23/Aug/2021:12:44:20 -0300] "GET /cormun/servlet/trsolicitudadjuntos?2021,17422, HTTP/1.1" 200 9417
191.119.47.152 - - [23/Aug/2021:12:44:21 -0300] "GET /cormun/servlet/trsolicitudadjuntos?2021,17422, HTTP/1.1" 200 9415
191.119.47.152 - - [23/Aug/2021:12:44:25 -0300] "GET /cormun/servlet/solicitudotadjuntos?INS,2021,17422,,1, HTTP/1.1" 200 5943
191.119.47.152 - - [23/Aug/2021:12:44:25 -0300] "GET /cormun/static/about:blank HTTP/1.1" 404 1011
191.119.47.152 - - [23/Aug/2021:12:44:25 -0300] "GET /cormun/servlet/solicitudotadjuntos?INS,2021,17422,,1, HTTP/1.1" 200 5937
191.119.47.152 - - [23/Aug/2021:12:44:25 -0300] "GET /cormun/servlet/solicitudotadjuntos?307e6fb190b63315436ec9711f5efab849f89a63444fa746ae82fa74d22bb783541dc73491bc7f04b87b7da5ef0b2791,gx-no-cache=1629732837925 HTTP/1.1" 200 30
191.119.47.152 - - [23/Aug/2021:12:44:26 -0300] "POST /cormun/servlet/solicitudotadjuntos?210731ca50a61a2eb08cb23ae3b03d3e,INS,2021,17422,,1,,gx-no-cache=1629732838079 HTTP/1.1" 200 3876
191.119.47.152 - - [23/Aug/2021:12:44:30 -0300] "POST /cormun/servlet/solicitudotadjuntos?gx-no-cache=1629732842200 HTTP/1.1" 200 26
191.119.47.152 - - [23/Aug/2021:12:44:38 -0300] "GET /cormun/servlet/solicitudotadjuntos?307e6fb190b63315436ec9711f5efab86a58a5d2fccbaeb6dd391aac408e2138,gx-no-cache=1629732850437 HTTP/1.1" 200 30
191.119.47.152 - - [23/Aug/2021:12:44:38 -0300] "GET /cormun/servlet/solicitudotadjuntos?307e6fb190b63315436ec9711f5efab86a58a5d2fccbaeb6dd391aac408e2138,gx-no-cache=1629732850506 HTTP/1.1" 200 30
191.119.47.152 - - [23/Aug/2021:12:44:39 -0300] "POST /cormun/servlet/solicitudotadjuntos?210731ca50a61a2eb08cb23ae3b03d3e,INS,2021,17422,,1, HTTP/1.1" 200 116
191.119.47.152 - - [23/Aug/2021:12:44:39 -0300] "GET /cormun/servlet/hpexe_return? HTTP/1.1" 200 1029
191.119.47.152 - - [23/Aug/2021:12:44:40 -0300] "GET /cormun/servlet/trsolicitudadjuntos?2021,17422, HTTP/1.1" 200 9751
191.119.47.152 - - [23/Aug/2021:12:44:41 -0300] "GET /cormun/servlet/trsolicitudadjuntos?2021,17422, HTTP/1.1" 200 9750
191.119.47.152 - - [23/Aug/2021:12:44:48 -0300] "GET /cormun/servlet/solicitudotadjuntos?INS,2021,17422,,1, HTTP/1.1" 200 5943
191.119.47.152 - - [23/Aug/2021:12:44:48 -0300] "GET /cormun/static/about:blank HTTP/1.1" 404 1011
191.119.47.152 - - [23/Aug/2021:12:44:48 -0300] "GET /cormun/servlet/solicitudotadjuntos?INS,2021,17422,,1, HTTP/1.1" 200 5936
191.119.47.152 - - [23/Aug/2021:12:44:49 -0300] "GET /cormun/servlet/solicitudotadjuntos?307e6fb190b63315436ec9711f5efab849f89a63444fa746ae82fa74d22bb783541dc73491bc7f04b87b7da5ef0b2791,gx-no-cache=1629732861380 HTTP/1.1" 200 30
191.119.47.152 - - [23/Aug/2021:12:44:49 -0300] "POST /cormun/servlet/solicitudotadjuntos?210731ca50a61a2eb08cb23ae3b03d3e,INS,2021,17422,,1,,gx-no-cache=1629732861438 HTTP/1.1" 200 3876
191.119.47.152 - - [23/Aug/2021:12:45:15 -0300] "POST /cormun/servlet/solicitudotadjuntos?210731ca50a61a2eb08cb23ae3b03d3e,INS,2021,17422,,1,,gx-no-cache=1629732887350 HTTP/1.1" 200 93
191.119.47.152 - - [23/Aug/2021:12:45:15 -0300] "GET /cormun/servlet/hpexe_return? HTTP/1.1" 200 1029
191.119.47.152 - - [23/Aug/2021:12:45:16 -0300] "GET /cormun/servlet/trsolicitudadjuntos?2021,17422, HTTP/1.1" 200 9752
191.119.47.152 - - [23/Aug/2021:12:45:17 -0300] "GET /cormun/servlet/trsolicitudadjuntos?2021,17422, HTTP/1.1" 200 9753
190.171.141.90 - - [23/Aug/2021:12:45:45 -0300] "POST /cormun/servlet/solicitudotadjuntos?gx-no-cache=1629729319500 HTTP/1.1" 200 26
190.171.141.90 - - [23/Aug/2021:12:45:51 -0300] "GET /cormun/servlet/solicitudotadjuntos?56fb5e0956d433081ccaffa4da4423d207d69f4bc6c2ac8a76117b183cd99b79,gx-no-cache=1629729325365 HTTP/1.1" 200 30
190.171.141.90 - - [23/Aug/2021:12:45:51 -0300] "GET /cormun/servlet/solicitudotadjuntos?56fb5e0956d433081ccaffa4da4423d207d69f4bc6c2ac8a76117b183cd99b79,gx-no-cache=1629729325382 HTTP/1.1" 200 30
190.171.141.90 - - [23/Aug/2021:12:45:52 -0300] "POST /cormun/servlet/solicitudotadjuntos?436cc686eee9442a308004be745d7b8d,INS,2021,17423,,1, HTTP/1.1" 200 116
190.171.141.90 - - [23/Aug/2021:12:45:52 -0300] "GET /cormun/servlet/hpexe_return? HTTP/1.1" 200 1024
190.171.141.90 - - [23/Aug/2021:12:45:52 -0300] "GET /cormun/servlet/trsolicitudadjuntos?2021,17423, HTTP/1.1" 200 8821
190.171.141.90 - - [23/Aug/2021:12:45:53 -0300] "GET /cormun/servlet/trsolicitudadjuntos?2021,17423, HTTP/1.1" 200 8816
190.171.141.90 - - [23/Aug/2021:12:46:14 -0300] "POST /cormun/servlet/trsolicitudadjuntos?436cc686eee9442a308004be745d7b8d,2021,17423,,gx-no-cache=1629729348161 HTTP/1.1" 200 90
190.171.141.90 - - [23/Aug/2021:12:46:14 -0300] "GET /cormun/servlet/hpexe_link HTTP/1.1" 200 967
190.171.141.90 - - [23/Aug/2021:12:46:14 -0300] "GET /cormun/servlet/trsolicitudot HTTP/1.1" 200 8633
190.171.141.90 - - [23/Aug/2021:12:46:15 -0300] "GET /cormun/servlet/trsolicitudot HTTP/1.1" 200 8632
190.171.141.90 - - [23/Aug/2021:12:46:18 -0300] "POST /cormun/servlet/trsolicitudot?436cc686eee9442a308004be745d7b8d,gx-no-cache=1629729351482 HTTP/1.1" 200 112
190.171.141.90 - - [23/Aug/2021:12:46:18 -0300] "GET /cormun/servlet/solicitudot?UPD,2021,17423,false, HTTP/1.1" 200 16096
190.171.141.90 - - [23/Aug/2021:12:46:18 -0300] "GET /cormun/servlet/solicitudot?UPD,2021,17423,false, HTTP/1.1" 200 16107
190.171.141.90 - - [23/Aug/2021:12:46:19 -0300] "POST /cormun/servlet/solicitudot?gx-no-cache=1629729352652 HTTP/1.1" 200 3788
190.171.141.90 - - [23/Aug/2021:12:46:19 -0300] "POST /cormun/servlet/solicitudot?436cc686eee9442a308004be745d7b8d,UPD,2021,17423,false,,gx-no-cache=1629729352919 HTTP/1.1" 200 12356
190.171.141.90 - - [23/Aug/2021:12:46:19 -0300] "GET /cormun/servlet/solicitudot?56fb5e0956d433081ccaffa4da4423d2f2085dad65b286ee18ed7d446f20320296205c9252cd5a064eb562fddddc1854,gx-no-cache=1629729353163 HTTP/1.1" 200 30
190.171.141.90 - - [23/Aug/2021:12:46:19 -0300] "GET /cormun/servlet/solicitudot?56fb5e0956d433081ccaffa4da4423d22c57f7dad1ef0f30d4ff60ecf440eb88905c5ace0a3e372f8a353c97a758c14034c9cc67eef8e8b99d4433bbed8487b1,gx-no-cache=1629729353243 HTTP/1.1" 200 30
190.171.141.90 - - [23/Aug/2021:12:46:19 -0300] "GET /cormun/servlet/solicitudot?56fb5e0956d433081ccaffa4da4423d29e4565926898656e77e8c29c4ee4935c030ded90c5674bede3ef8c12b70aca43,gx-no-cache=1629729353313 HTTP/1.1" 200 40
190.171.141.90 - - [23/Aug/2021:12:46:19 -0300] "POST /cormun/servlet/solicitudot?gx-no-cache=1629729353407 HTTP/1.1" 200 240
190.171.141.90 - - [23/Aug/2021:12:46:20 -0300] "GET /cormun/servlet/solicitudot?56fb5e0956d433081ccaffa4da4423d28cf1fe7098031303782b595aa379ed10c50834e2c72c28ebce5b4462cbcc5215a9ab0931bbf8e19254f8d7a61609f8c4833f728c0723a2aac3985596b95d60deec0ae8ae7f1ebd6699a5c0766b9e6a0fea72ea5aa776369a53c1c4d4b2ba011e690c5f214a5a176f1372111218b4ee687d3341bab47bc14398e665d6671d68ecdf6802e17ec303bfe509d4c7665c754dc54893ca2a7f295cab446f1eacce415d6e000c4f21ad68185ff7d3935ea459cd8b500bc5c336317917d7f915e5353adf844451bc8a65b23e58636c35157832acfcad90a4401759ea3e5db82ec0ae6f2524b949bbff532b9b6807791b215671646e0d4216591a30618afd2e1d77fe846cf6f9ce95aeb0e6194132687cc951f44d44ecd4f95fe9440ac566228b50d5ac8887dd8f01948009f0057e7a861921ab29ec26a09e10d010bd70fd9231d468ff9f8569e52bff65f72d49d90758964929cdf1765ae180fefdee14095468b432cd50f18ce14b4a2c800e6b6939099cb17df7,gx-no-cache=1629729353504 HTTP/1.1" 200 30
190.171.141.90 - - [23/Aug/2021:12:46:20 -0300] "POST /cormun/servlet/solicitudot?gx-no-cache=1629729353577 HTTP/1.1" 200 30
190.171.141.90 - - [23/Aug/2021:12:46:20 -0300] "POST /cormun/servlet/solicitudot?gx-no-cache=1629729353637 HTTP/1.1" 200 1440
190.171.141.90 - - [23/Aug/2021:12:46:20 -0300] "POST /cormun/servlet/solicitudot?gx-no-cache=1629729353743 HTTP/1.1" 200 40
190.171.141.90 - - [23/Aug/2021:12:46:22 -0300] "GET /cormun/servlet/solicitudot?56fb5e0956d433081ccaffa4da4423d2a49671b94694d00911b8e00c2376079bf4b3849e44d70bf73c302a94c770d597549a143d975d1c1fe554dbf6bfff6e02c3f3515931d1060953976f0361b61657d4988fd55961fcfe4ca25882133143e0d04ed4cbbeb0e93d624eeb0b027b4786,gx-no-cache=1629729355816 HTTP/1.1" 200 110
190.171.141.90 - - [23/Aug/2021:12:46:22 -0300] "POST /cormun/servlet/solicitudot?gx-no-cache=1629729355853 HTTP/1.1" 200 67
190.171.141.90 - - [23/Aug/2021:12:47:06 -0300] "GET /cormun/servlet/solicitudot?56fb5e0956d433081ccaffa4da4423d2a49671b94694d00911b8e00c2376079bf4b3849e44d70bf73c302a94c770d597549a143d975d1c1fe554dbf6bfff6e02c3f3515931d1060953976f0361b61657d4988fd55961fcfe4ca25882133143e0d04ed4cbbeb0e93d624eeb0b027b4786,gx-no-cache=1629729400016 HTTP/1.1" 200 110
191.119.47.152 - - [23/Aug/2021:12:47:15 -0300] "POST /cormun/servlet/trsolicitudadjuntos?210731ca50a61a2eb08cb23ae3b03d3e,2021,17422,,gx-no-cache=1629733007723 HTTP/1.1" 200 90
191.119.47.152 - - [23/Aug/2021:12:47:16 -0300] "GET /cormun/servlet/hpexe_link HTTP/1.1" 200 973
191.119.47.152 - - [23/Aug/2021:12:47:16 -0300] "GET /cormun/servlet/trsolicitudot HTTP/1.1" 200 8494
191.119.47.152 - - [23/Aug/2021:12:47:17 -0300] "GET /cormun/servlet/trsolicitudot HTTP/1.1" 200 8493
190.171.141.90 - - [23/Aug/2021:12:47:20 -0300] "POST /cormun/servlet/solicitudot?gx-no-cache=1629729414417 HTTP/1.1" 200 105
191.119.47.152 - - [23/Aug/2021:12:47:22 -0300] "POST /cormun/servlet/trsolicitudot?210731ca50a61a2eb08cb23ae3b03d3e,gx-no-cache=1629733014530 HTTP/1.1" 200 5817
191.119.47.152 - - [23/Aug/2021:12:47:22 -0300] "GET /cormun/static/Shared/jqueryui/images/ui-bg_highlight-soft_100_c6c2c8_1x100.png HTTP/1.1" 404 1117
191.119.47.152 - - [23/Aug/2021:12:47:22 -0300] "GET /cormun/static/Shared/jqueryui/images/ui-icons_82798d_256x240.png HTTP/1.1" 404 1089
191.119.47.152 - - [23/Aug/2021:12:47:22 -0300] "GET /cormun/static/Shared/jqueryui/images/ui-bg_flat_55_fafafa_40x100.png HTTP/1.1" 404 1097
191.119.47.152 - - [23/Aug/2021:12:47:22 -0300] "GET /cormun/static/Shared/jqueryui/images/ui-icons_8d78a5_256x240.png HTTP/1.1" 404 1089
190.171.141.90 - - [23/Aug/2021:12:47:29 -0300] "GET /cormun/servlet/solicitudot?56fb5e0956d433081ccaffa4da4423d2ceb665a7b17718ac759ef96f31d0c3e7f2054a4c7164f0a961d7eb5b5fddff7a8346f484a0932fb2852fd0b17e79f6cad48cb5bafcdc860867bba1cd5229cc297fa2e732cc5cd49487e24bfd008ba54d5db54df9a62d72a15ccf38a706f3b4d5cc909b519077969c31d25aa6bfd94c7203adb72d0fa9c1e1179c13eae2ff97085ecade1a28c83a6afd57b1c049bcd891,gx-no-cache=1629729423359 HTTP/1.1" 200 29
190.171.141.90 - - [23/Aug/2021:12:47:29 -0300] "GET /cormun/servlet/solicitudot?56fb5e0956d433081ccaffa4da4423d2b5f6e655458fba615273086a643a58f541826f23c161948437f9a2dba2d52c91,gx-no-cache=1629729423382 HTTP/1.1" 200 30
190.171.141.90 - - [23/Aug/2021:12:47:29 -0300] "POST /cormun/servlet/solicitudot?gx-no-cache=1629729423405 HTTP/1.1" 200 34
190.171.141.90 - - [23/Aug/2021:12:47:30 -0300] "POST /cormun/servlet/solicitudot?436cc686eee9442a308004be745d7b8d,UPD,2021,17423,false,,gx-no-cache=1629729423432 HTTP/1.1" 200 93
190.171.141.90 - - [23/Aug/2021:12:47:30 -0300] "GET /cormun/servlet/hpexe_return? HTTP/1.1" 200 1012
190.171.141.90 - - [23/Aug/2021:12:47:30 -0300] "GET /cormun/servlet/trsolicitudot HTTP/1.1" 200 8631
190.171.141.90 - - [23/Aug/2021:12:47:30 -0300] "GET /cormun/servlet/trsolicitudot HTTP/1.1" 200 8628
190.171.141.90 - - [23/Aug/2021:12:47:32 -0300] "POST /cormun/servlet/trsolicitudot?436cc686eee9442a308004be745d7b8d,gx-no-cache=1629729425954 HTTP/1.1" 200 112
190.171.141.90 - - [23/Aug/2021:12:47:32 -0300] "GET /cormun/servlet/solicitudot?UPD,2021,17423,false, HTTP/1.1" 200 16120
190.171.141.90 - - [23/Aug/2021:12:47:33 -0300] "GET /cormun/servlet/solicitudot?UPD,2021,17423,false, HTTP/1.1" 200 16131
190.171.141.90 - - [23/Aug/2021:12:47:33 -0300] "POST /cormun/servlet/solicitudot?gx-no-cache=1629729427027 HTTP/1.1" 200 3788
190.171.142.10 - - [23/Aug/2021:12:47:33 -0300] "GET /cormun/servlet/hlogin HTTP/1.1" 200 1719
190.171.141.90 - - [23/Aug/2021:12:47:33 -0300] "POST /cormun/servlet/solicitudot?436cc686eee9442a308004be745d7b8d,UPD,2021,17423,false,,gx-no-cache=1629729427189 HTTP/1.1" 200 12367
190.171.141.90 - - [23/Aug/2021:12:47:33 -0300] "GET /cormun/servlet/solicitudot?56fb5e0956d433081ccaffa4da4423d2f2085dad65b286ee18ed7d446f20320296205c9252cd5a064eb562fddddc1854,gx-no-cache=1629729427388 HTTP/1.1" 200 30
190.171.141.90 - - [23/Aug/2021:12:47:33 -0300] "GET /cormun/servlet/solicitudot?56fb5e0956d433081ccaffa4da4423d22c57f7dad1ef0f30d4ff60ecf440eb88905c5ace0a3e372f8a353c97a758c14034c9cc67eef8e8b99d4433bbed8487b1,gx-no-cache=1629729427446 HTTP/1.1" 200 30
190.171.141.90 - - [23/Aug/2021:12:47:33 -0300] "GET /cormun/servlet/solicitudot?56fb5e0956d433081ccaffa4da4423d29e4565926898656e77e8c29c4ee4935c030ded90c5674bede3ef8c12b70aca43,gx-no-cache=1629729427497 HTTP/1.1" 200 40
190.171.141.90 - - [23/Aug/2021:12:47:34 -0300] "POST /cormun/servlet/solicitudot?gx-no-cache=1629729427550 HTTP/1.1" 200 240
190.171.141.90 - - [23/Aug/2021:12:47:34 -0300] "GET /cormun/servlet/solicitudot?56fb5e0956d433081ccaffa4da4423d28cf1fe7098031303782b595aa379ed10c50834e2c72c28ebce5b4462cbcc5215a9ab0931bbf8e19254f8d7a61609f8c4833f728c0723a2aac3985596b95d60deec0ae8ae7f1ebd6699a5c0766b9e6a0fea72ea5aa776369a53c1c4d4b2ba011e690c5f214a5a176f1372111218b4ee687d3341bab47bc14398e665d6671d68ecdf6802e17ec303bfe509d4c7665c754dc54893ca2a7f295cab446f1eacce415d6e000c4f21ad68185ff7d3935ea459cd8b500bc5c336317917d7f915e5353adf844451bc8a65b23e58636c35157832acfcad90a4401759ea3e5db82ec0ae6f2524b949bbff532b9b6807791b215671646e0d4216591a30618afd2e1d77fe846cf6f9ce95aeb0e6194132687cc951f44d44ecd4f95fe9440ac566228b50d5ac8887dd8f01948009f0057e7a861921ab29ec26a09e10d010bd70fd9231d468ff9f8569e52bff65f72d49d90758964929cdf1765ae180fefdee14095468b432cd50f18ce14b4a2c800e6b6939099cb17df7,gx-no-cache=1629729427614 HTTP/1.1" 200 30
190.171.141.90 - - [23/Aug/2021:12:47:34 -0300] "POST /cormun/servlet/solicitudot?gx-no-cache=1629729427689 HTTP/1.1" 200 30
190.171.141.90 - - [23/Aug/2021:12:47:34 -0300] "POST /cormun/servlet/solicitudot?gx-no-cache=1629729427781 HTTP/1.1" 200 1440
190.171.141.90 - - [23/Aug/2021:12:47:34 -0300] "POST /cormun/servlet/solicitudot?gx-no-cache=1629729427887 HTTP/1.1" 200 40
190.171.142.10 - - [23/Aug/2021:12:47:34 -0300] "GET /cormun/servlet/hlogin HTTP/1.1" 200 1730
190.171.141.90 - - [23/Aug/2021:12:47:39 -0300] "GET /cormun/servlet/solicitudot?56fb5e0956d433081ccaffa4da4423d2a49671b94694d00911b8e00c2376079bf4b3849e44d70bf73c302a94c770d597549a143d975d1c1fe554dbf6bfff6e02c3f3515931d1060953976f0361b61657d4988fd55961fcfe4ca25882133143e0d04ed4cbbeb0e93d624eeb0b027b4786,gx-no-cache=1629729432519 HTTP/1.1" 200 110
190.171.141.90 - - [23/Aug/2021:12:47:39 -0300] "POST /cormun/servlet/solicitudot?gx-no-cache=1629729432720 HTTP/1.1" 200 97
190.171.141.90 - - [23/Aug/2021:12:47:39 -0300] "GET /cormun/servlet/solicitudot?56fb5e0956d433081ccaffa4da4423d2ceb665a7b17718ac759ef96f31d0c3e7f2054a4c7164f0a961d7eb5b5fddff7a8346f484a0932fb2852fd0b17e79f6cad48cb5bafcdc860867bba1cd5229cc297fa2e732cc5cd49487e24bfd008ba54d5db54df9a62d72a15ccf38a706f3b4d5cc909b519077969c31d25aa6bfd94c7203adb72d0fa9c1e1179c13eae2ff97085ecade1a28c83a6afd57b1c049bcd891,gx-no-cache=1629729432873 HTTP/1.1" 200 29
190.171.141.90 - - [23/Aug/2021:12:47:39 -0300] "GET /cormun/servlet/solicitudot?56fb5e0956d433081ccaffa4da4423d2b5f6e655458fba615273086a643a58f541826f23c161948437f9a2dba2d52c91,gx-no-cache=1629729432911 HTTP/1.1" 200 30
190.171.141.90 - - [23/Aug/2021:12:47:39 -0300] "POST /cormun/servlet/solicitudot?gx-no-cache=1629729432947 HTTP/1.1" 200 34
190.171.141.90 - - [23/Aug/2021:12:47:39 -0300] "POST /cormun/servlet/solicitudot?436cc686eee9442a308004be745d7b8d,UPD,2021,17423,false,,gx-no-cache=1629729432992 HTTP/1.1" 200 93
190.171.141.90 - - [23/Aug/2021:12:47:39 -0300] "GET /cormun/servlet/hpexe_return? HTTP/1.1" 200 1012
190.171.141.90 - - [23/Aug/2021:12:47:39 -0300] "GET /cormun/servlet/trsolicitudot HTTP/1.1" 200 8631
190.171.141.90 - - [23/Aug/2021:12:47:40 -0300] "GET /cormun/servlet/trsolicitudot HTTP/1.1" 200 8628
190.171.142.10 - - [23/Aug/2021:12:47:41 -0300] "POST /cormun/servlet/hlogin?dc9abc52a4a4315a11efb47b16798540,gx-no-cache=1629733033815 HTTP/1.1" 200 439
190.171.141.90 - - [23/Aug/2021:12:47:43 -0300] "GET /cormun/servlet/solicitudot?INS,0,0,false, HTTP/1.1" 200 15517
190.171.141.90 - - [23/Aug/2021:12:47:44 -0300] "GET /cormun/servlet/solicitudot?INS,0,0,false, HTTP/1.1" 200 15525
190.171.141.90 - - [23/Aug/2021:12:47:46 -0300] "GET /cormun/servlet/trsolicitudot HTTP/1.1" 200 8631
190.171.142.10 - - [23/Aug/2021:12:47:46 -0300] "POST /cormun/servlet/hlogin?dc9abc52a4a4315a11efb47b16798540,gx-no-cache=1629733038948 HTTP/1.1" 200 90
190.171.142.10 - - [23/Aug/2021:12:47:46 -0300] "GET /cormun/servlet/hpexe_link HTTP/1.1" 200 943
190.171.141.90 - - [23/Aug/2021:12:47:46 -0300] "GET /cormun/servlet/trsolicitudot HTTP/1.1" 200 8628
190.171.142.10 - - [23/Aug/2021:12:47:46 -0300] "GET /cormun/servlet/hhome HTTP/1.1" 200 4165
190.171.142.10 - - [23/Aug/2021:12:47:48 -0300] "GET /cormun/servlet/hhome HTTP/1.1" 200 4161
190.171.141.90 - - [23/Aug/2021:12:47:50 -0300] "POST /cormun/servlet/trsolicitudot?436cc686eee9442a308004be745d7b8d,gx-no-cache=1629729443576 HTTP/1.1" 200 107
190.171.141.90 - - [23/Aug/2021:12:47:50 -0300] "GET /cormun/servlet/trsolicitudadjuntos?2021,17423, HTTP/1.1" 200 8818
190.171.141.90 - - [23/Aug/2021:12:47:50 -0300] "GET /cormun/servlet/trsolicitudadjuntos?2021,17423, HTTP/1.1" 200 8816
190.171.141.90 - - [23/Aug/2021:12:47:52 -0300] "GET /cormun/servlet/solicitudotadjuntos?INS,2021,17423,,1, HTTP/1.1" 200 6014
190.171.141.90 - - [23/Aug/2021:12:47:52 -0300] "GET /cormun/static/about:blank HTTP/1.1" 404 1011
190.171.141.90 - - [23/Aug/2021:12:47:52 -0300] "GET /cormun/servlet/solicitudotadjuntos?INS,2021,17423,,1, HTTP/1.1" 200 6008
190.171.141.90 - - [23/Aug/2021:12:47:52 -0300] "GET /cormun/servlet/solicitudotadjuntos?56fb5e0956d433081ccaffa4da4423d2ee610149bf748a097b3fce71e59d77831f423586256c965d9760d964c3b2c86b,gx-no-cache=1629729446404 HTTP/1.1" 200 30
190.171.141.90 - - [23/Aug/2021:12:47:52 -0300] "POST /cormun/servlet/solicitudotadjuntos?436cc686eee9442a308004be745d7b8d,INS,2021,17423,,1,,gx-no-cache=1629729446436 HTTP/1.1" 200 3895
190.171.142.10 - - [23/Aug/2021:12:47:54 -0300] "GET /cormun/servlet/trlicencias? HTTP/1.1" 200 12158
190.171.141.90 - - [23/Aug/2021:12:47:55 -0300] "POST /cormun/servlet/solicitudotadjuntos?gx-no-cache=1629729448605 HTTP/1.1" 200 26
190.171.142.10 - - [23/Aug/2021:12:47:56 -0300] "GET /cormun/servlet/trlicencias? HTTP/1.1" 200 12156
190.171.142.10 - - [23/Aug/2021:12:47:58 -0300] "POST /cormun/servlet/trlicencias?dc9abc52a4a4315a11efb47b16798540,,gx-no-cache=1629733050673 HTTP/1.1" 200 9772
190.171.142.10 - - [23/Aug/2021:12:48:33 -0300] "GET /cormun/static/menuarrow.gif HTTP/1.1" 404 1015
190.171.142.10 - - [23/Aug/2021:12:48:41 -0300] "POST /cormun/servlet/trlicencias?dc9abc52a4a4315a11efb47b16798540,,gx-no-cache=1629733092465 HTTP/1.1" 200 15669
181.212.43.89 - - [23/Aug/2021:12:49:16 -0300] "GET /cormun/servlet/hlogin HTTP/1.1" 200 1726
181.212.43.89 - - [23/Aug/2021:12:49:17 -0300] "GET /cormun/servlet/hlogin HTTP/1.1" 200 1736
181.212.43.89 - - [23/Aug/2021:12:49:23 -0300] "POST /cormun/servlet/hlogin?8399a24746327266331a2ac21766a688,gx-no-cache=1629733136182 HTTP/1.1" 200 90
181.212.43.89 - - [23/Aug/2021:12:49:23 -0300] "GET /cormun/servlet/hpexe_link HTTP/1.1" 200 953
181.212.43.89 - - [23/Aug/2021:12:49:23 -0300] "GET /cormun/servlet/hhome HTTP/1.1" 200 3988
181.212.43.89 - - [23/Aug/2021:12:49:24 -0300] "GET /cormun/servlet/hhome HTTP/1.1" 200 3985
190.171.141.138 - - [23/Aug/2021:12:50:09 -0300] "GET /cormun/servlet/permisogoce?INS,0,,, HTTP/1.1" 200 7371
181.212.43.89 - - [23/Aug/2021:12:50:11 -0300] "GET /cormun/servlet/trlicencias? HTTP/1.1" 200 11472
181.212.43.89 - - [23/Aug/2021:12:50:11 -0300] "GET /cormun/static/gxui/gxui-all.css?120300 HTTP/1.1" 200 2179
181.212.43.89 - - [23/Aug/2021:12:50:11 -0300] "GET /cormun/static/calendar-system.css?85620 HTTP/1.1" 200 5572
181.212.43.89 - - [23/Aug/2021:12:50:11 -0300] "GET /cormun/static/gxcfg.js?2020121613995 HTTP/1.1" 200 953
181.212.43.89 - - [23/Aug/2021:12:50:11 -0300] "GET /cormun/static/trlicencias.js?202012162481 HTTP/1.1" 200 41883
181.212.43.89 - - [23/Aug/2021:12:50:11 -0300] "GET /cormun/static/Shared/ext/resources/css/ext-all.css?215870 HTTP/1.1" 200 416045
190.171.141.138 - - [23/Aug/2021:12:50:11 -0300] "GET /cormun/servlet/permisogoce?INS,0,,, HTTP/1.1" 200 7371
181.212.43.89 - - [23/Aug/2021:12:50:12 -0300] "GET /cormun//static/Resources/PXToolsActionDisabled.gif HTTP/1.1" 200 53
181.212.43.89 - - [23/Aug/2021:12:50:12 -0300] "GET /cormun//static/Resources/PXToolsGridDisplay.png HTTP/1.1" 200 525
181.212.43.89 - - [23/Aug/2021:12:50:12 -0300] "GET /cormun//static/Resources/PXTools/ActionInsert.png HTTP/1.1" 200 1482
181.212.43.89 - - [23/Aug/2021:12:50:12 -0300] "GET /cormun//static/Resources/PXToolsActionPrint.png HTTP/1.1" 200 404
181.212.43.89 - - [23/Aug/2021:12:50:12 -0300] "GET /cormun//static/Resources/PXToolsHeaderHelp.png HTTP/1.1" 200 1333
181.212.43.89 - - [23/Aug/2021:12:50:12 -0300] "GET /cormun//static/Resources/PXToolsHeaderFavorites.png HTTP/1.1" 200 1414
181.212.43.89 - - [23/Aug/2021:12:50:12 -0300] "GET /cormun/servlet/trlicencias? HTTP/1.1" 200 11469
190.171.141.90 - - [23/Aug/2021:12:51:11 -0300] "GET /cormun/servlet/solicitudotadjuntos?56fb5e0956d433081ccaffa4da4423d207d69f4bc6c2ac8a76117b183cd99b79,gx-no-cache=1629729644651 HTTP/1.1" 200 30
190.171.141.90 - - [23/Aug/2021:12:51:11 -0300] "GET /cormun/servlet/solicitudotadjuntos?56fb5e0956d433081ccaffa4da4423d207d69f4bc6c2ac8a76117b183cd99b79,gx-no-cache=1629729644692 HTTP/1.1" 200 30
190.171.141.90 - - [23/Aug/2021:12:51:11 -0300] "POST /cormun/servlet/solicitudotadjuntos?436cc686eee9442a308004be745d7b8d,INS,2021,17423,,1, HTTP/1.1" 200 116
190.171.141.90 - - [23/Aug/2021:12:51:11 -0300] "GET /cormun/servlet/hpexe_return? HTTP/1.1" 200 1024
190.171.141.90 - - [23/Aug/2021:12:51:11 -0300] "GET /cormun/servlet/trsolicitudadjuntos?2021,17423, HTTP/1.1" 200 9049
190.171.141.90 - - [23/Aug/2021:12:51:12 -0300] "GET /cormun/servlet/trsolicitudadjuntos?2021,17423, HTTP/1.1" 200 9047
190.171.141.90 - - [23/Aug/2021:12:51:13 -0300] "GET /cormun/servlet/solicitudotadjuntos?INS,2021,17423,,1, HTTP/1.1" 200 6014
190.171.141.90 - - [23/Aug/2021:12:51:13 -0300] "GET /cormun/static/about:blank HTTP/1.1" 404 1011
190.171.141.90 - - [23/Aug/2021:12:51:14 -0300] "GET /cormun/servlet/solicitudotadjuntos?INS,2021,17423,,1, HTTP/1.1" 200 6008
190.171.141.90 - - [23/Aug/2021:12:51:14 -0300] "GET /cormun/servlet/solicitudotadjuntos?56fb5e0956d433081ccaffa4da4423d2ee610149bf748a097b3fce71e59d77831f423586256c965d9760d964c3b2c86b,gx-no-cache=1629729648211 HTTP/1.1" 200 30
190.171.141.90 - - [23/Aug/2021:12:51:14 -0300] "POST /cormun/servlet/solicitudotadjuntos?436cc686eee9442a308004be745d7b8d,INS,2021,17423,,1,,gx-no-cache=1629729648241 HTTP/1.1" 200 3895
190.171.141.90 - - [23/Aug/2021:12:51:16 -0300] "POST /cormun/servlet/solicitudotadjuntos?gx-no-cache=1629729650349 HTTP/1.1" 200 26
190.171.141.138 - - [23/Aug/2021:12:51:39 -0300] "GET /cormun/servlet/prfichaempleado?,MD,,gxPopupLevel%3D0%3B HTTP/1.1" 200 9523
190.171.141.138 - - [23/Aug/2021:12:51:51 -0300] "POST /cormun/servlet/prfichaempleado?2808413e85dddc441c4e964f48986ceb,,MD,,gxPopupLevel%3D0%3B,gx-no-cache=1629733284610 HTTP/1.1" 200 3475
190.171.141.138 - - [23/Aug/2021:12:51:56 -0300] "GET /cormun/servlet/permisogoce?943e375b0bbd039bf671d393a1369b84bcc4c60985137eb5738129fb128a4db13e257752ff876a5583062e143405d36cc8215c79060ef2c805680a7ba6986b2a,gx-no-cache=1629733289306 HTTP/1.1" 200 82
190.171.141.138 - - [23/Aug/2021:12:51:56 -0300] "GET /cormun/static/menuarrow.gif HTTP/1.1" 404 1015
190.171.141.138 - - [23/Aug/2021:12:52:01 -0300] "GET /cormun/servlet/permisogoce?943e375b0bbd039bf671d393a1369b84f0c975eea8ecf99cb23e3b4d09588ab7ea95925eff46fbfc93d441ad9317b1d894455156946b5e4dd055303fd86b7b39,gx-no-cache=1629733293937 HTTP/1.1" 200 47
190.171.141.138 - - [23/Aug/2021:12:52:04 -0300] "POST /cormun/servlet/permisogoce?2808413e85dddc441c4e964f48986ceb,INS,0,,,,gx-no-cache=1629733296722 HTTP/1.1" 200 93
190.171.141.138 - - [23/Aug/2021:12:52:04 -0300] "GET /cormun/servlet/hpexe_return? HTTP/1.1" 200 1035
190.171.141.138 - - [23/Aug/2021:12:52:05 -0300] "GET /cormun/servlet/trpermisosgoce?gx-no-cache=1629732591099 HTTP/1.1" 200 12096
190.171.141.138 - - [23/Aug/2021:12:52:06 -0300] "GET /cormun/servlet/trpermisosgoce?gx-no-cache=1629732591099 HTTP/1.1" 200 12120
190.171.141.138 - - [23/Aug/2021:12:52:09 -0300] "GET /cormun/servlet/apermisogoceprn?10812480,P,20210823113725,PU HTTP/1.1" 200 1659
181.212.43.89 - - [23/Aug/2021:12:52:33 -0300] "GET /cormun/servlet/trpermisosgoce? HTTP/1.1" 200 11259
181.212.43.89 - - [23/Aug/2021:12:52:33 -0300] "GET /cormun/static/gxcfg.js?2020121631564 HTTP/1.1" 200 953
181.212.43.89 - - [23/Aug/2021:12:52:33 -0300] "GET /cormun/static/trpermisosgoce.js?2020121633681 HTTP/1.1" 200 35904
181.212.43.89 - - [23/Aug/2021:12:52:34 -0300] "GET /cormun//static/Resources/PXToolsGridDelete.png HTTP/1.1" 200 538
181.212.43.89 - - [23/Aug/2021:12:52:34 -0300] "GET /cormun/servlet/trpermisosgoce? HTTP/1.1" 200 11256
181.212.43.89 - - [23/Aug/2021:12:52:37 -0300] "GET /cormun/servlet/permisogoce?INS,0,,, HTTP/1.1" 200 6853
181.212.43.89 - - [23/Aug/2021:12:52:37 -0300] "GET /cormun/static/gxcfg.js?20201215124560 HTTP/1.1" 200 953
181.212.43.89 - - [23/Aug/2021:12:52:37 -0300] "GET /cormun/static/Resources/prompt.gif HTTP/1.1" 200 902
181.212.43.89 - - [23/Aug/2021:12:52:37 -0300] "GET /cormun/static/permisogoce.js?20201215124939 HTTP/1.1" 200 27919
181.212.43.89 - - [23/Aug/2021:12:52:37 -0300] "GET /cormun/servlet/permisogoce?INS,0,,, HTTP/1.1" 200 6853
181.212.43.89 - - [23/Aug/2021:12:52:42 -0300] "GET /cormun/servlet/permisogoce?e696730aba9c7ed5f5abda1f8248cb72700636d9287f0c6c66eb7806556e2e59db9d286f27097f5bcb679f41c0269f163de45a9afac4ebaeb7affaf2627581ca,gx-no-cache=1629733335212 HTTP/1.1" 200 75
181.212.43.89 - - [23/Aug/2021:12:52:45 -0300] "GET /cormun/static/menuarrow.gif HTTP/1.1" 404 1015
181.212.43.89 - - [23/Aug/2021:12:52:49 -0300] "GET /cormun/servlet/permisogoce?e696730aba9c7ed5f5abda1f8248cb72a5056209d93e07084daeedc822bc020dab6385229e60cfbb9520e0d29e980e227cd8b4684a72b70e68d251135c6ac56c,gx-no-cache=1629733342393 HTTP/1.1" 200 46
181.212.43.89 - - [23/Aug/2021:12:52:53 -0300] "POST /cormun/servlet/permisogoce?8399a24746327266331a2ac21766a688,INS,0,,,,gx-no-cache=1629733345556 HTTP/1.1" 200 93
181.212.43.89 - - [23/Aug/2021:12:52:53 -0300] "GET /cormun/servlet/hpexe_return? HTTP/1.1" 200 1011
181.212.43.89 - - [23/Aug/2021:12:52:53 -0300] "GET /cormun/static/gxcfg.js?201991422392976 HTTP/1.1" 200 953
181.212.43.89 - - [23/Aug/2021:12:52:53 -0300] "GET /cormun/static/hpexe_return.js?201991422392984 HTTP/1.1" 200 1633
181.212.43.89 - - [23/Aug/2021:12:52:53 -0300] "GET /cormun/servlet/trpermisosgoce HTTP/1.1" 200 11600
181.212.43.89 - - [23/Aug/2021:12:52:54 -0300] "GET /cormun/servlet/trpermisosgoce HTTP/1.1" 200 11593
181.212.43.89 - - [23/Aug/2021:12:52:56 -0300] "GET /cormun/servlet/apermisogoceprn?17873491,P,20210823113953,PU HTTP/1.1" 200 1662
181.212.43.89 - - [23/Aug/2021:12:53:16 -0300] "GET /cormun/servlet/trpermisosadjuntos?17873491,20210823113953,P, HTTP/1.1" 200 6315
181.212.43.89 - - [23/Aug/2021:12:53:16 -0300] "GET /cormun/static/gxcfg.js?2020121641683 HTTP/1.1" 200 953
181.212.43.89 - - [23/Aug/2021:12:53:16 -0300] "GET /cormun/static/trpermisosadjuntos.js?2020121642996 HTTP/1.1" 200 20158
181.212.43.89 - - [23/Aug/2021:12:53:16 -0300] "GET /cormun/servlet/trpermisosadjuntos?17873491,20210823113953,P, HTTP/1.1" 200 6317
181.212.43.89 - - [23/Aug/2021:12:53:18 -0300] "GET /cormun/servlet/permisosadjuntos?INS,17873491,P,20210823113953,, HTTP/1.1" 200 5634
