181.212.43.89 - - [23/Aug/2021:12:53:18 -0300] "GET /cormun/static/gxcfg.js?20201215134212 HTTP/1.1" 200 953
181.212.43.89 - - [23/Aug/2021:12:53:18 -0300] "GET /cormun/static/permisosadjuntos.js?20201215134285 HTTP/1.1" 200 8724
181.212.43.89 - - [23/Aug/2021:12:53:18 -0300] "GET /cormun/static/about:blank HTTP/1.1" 404 1011
181.212.43.89 - - [23/Aug/2021:12:53:18 -0300] "GET /cormun/servlet/permisosadjuntos?INS,17873491,P,20210823113953,, HTTP/1.1" 200 5624
190.171.141.90 - - [23/Aug/2021:12:53:29 -0300] "POST /cormun/servlet/solicitudotadjuntos?gx-no-cache=1629729783106 HTTP/1.1" 200 26
181.212.43.89 - - [23/Aug/2021:12:53:31 -0300] "POST /cormun/servlet/permisosadjuntos?8399a24746327266331a2ac21766a688,INS,17873491,P,20210823113953,, HTTP/1.1" 200 116
181.212.43.89 - - [23/Aug/2021:12:53:31 -0300] "GET /cormun/servlet/hpexe_return? HTTP/1.1" 200 1040
181.212.43.89 - - [23/Aug/2021:12:53:31 -0300] "GET /cormun/servlet/trpermisosadjuntos?17873491,20210823113953,P, HTTP/1.1" 200 6800
181.212.43.89 - - [23/Aug/2021:12:53:32 -0300] "GET /cormun/servlet/trpermisosadjuntos?17873491,20210823113953,P, HTTP/1.1" 200 6797
181.212.43.89 - - [23/Aug/2021:12:53:34 -0300] "POST /cormun/servlet/trpermisosadjuntos?8399a24746327266331a2ac21766a688,17873491,20210823113953,P,,gx-no-cache=1629733387226 HTTP/1.1" 200 90
181.212.43.89 - - [23/Aug/2021:12:53:34 -0300] "GET /cormun/servlet/hpexe_link HTTP/1.1" 200 986
181.212.43.89 - - [23/Aug/2021:12:53:34 -0300] "GET /cormun/servlet/trpermisosgoce HTTP/1.1" 200 11597
181.212.43.89 - - [23/Aug/2021:12:53:35 -0300] "GET /cormun/servlet/trpermisosgoce HTTP/1.1" 200 11595
191.119.47.152 - - [23/Aug/2021:12:53:35 -0300] "POST /cormun/servlet/trsolicitudot?210731ca50a61a2eb08cb23ae3b03d3e,gx-no-cache=1629733387566 HTTP/1.1" 200 107
191.119.47.152 - - [23/Aug/2021:12:53:36 -0300] "GET /cormun/servlet/trsolicitudadjuntos?2021,17422, HTTP/1.1" 200 9752
191.119.47.152 - - [23/Aug/2021:12:53:37 -0300] "GET /cormun/servlet/trsolicitudadjuntos?2021,17422, HTTP/1.1" 200 9750
181.212.43.89 - - [23/Aug/2021:12:53:37 -0300] "POST /cormun/servlet/trpermisosgoce?8399a24746327266331a2ac21766a688,gx-no-cache=1629733390093 HTTP/1.1" 200 8753
181.212.43.89 - - [23/Aug/2021:12:53:37 -0300] "GET /cormun/static/Shared/jqueryui/images/ui-bg_highlight-soft_100_c6c2c8_1x100.png HTTP/1.1" 404 1117
181.212.43.89 - - [23/Aug/2021:12:53:37 -0300] "GET /cormun/static/Shared/jqueryui/images/ui-icons_82798d_256x240.png HTTP/1.1" 404 1089
181.212.43.89 - - [23/Aug/2021:12:53:37 -0300] "GET /cormun/static/Shared/jqueryui/images/ui-icons_8d78a5_256x240.png HTTP/1.1" 404 1089
181.212.43.89 - - [23/Aug/2021:12:53:37 -0300] "GET /cormun/static/Shared/jqueryui/images/ui-bg_flat_55_fafafa_40x100.png HTTP/1.1" 404 1097
191.119.47.152 - - [23/Aug/2021:12:53:40 -0300] "GET /cormun/servlet/solicitudotadjuntos?INS,2021,17422,,1, HTTP/1.1" 200 5944
190.171.141.90 - - [23/Aug/2021:12:53:40 -0300] "GET /cormun/servlet/solicitudotadjuntos?56fb5e0956d433081ccaffa4da4423d207d69f4bc6c2ac8a76117b183cd99b79,gx-no-cache=1629729794426 HTTP/1.1" 200 30
190.171.141.90 - - [23/Aug/2021:12:53:40 -0300] "GET /cormun/servlet/solicitudotadjuntos?56fb5e0956d433081ccaffa4da4423d207d69f4bc6c2ac8a76117b183cd99b79,gx-no-cache=1629729794441 HTTP/1.1" 200 30
191.119.47.152 - - [23/Aug/2021:12:53:40 -0300] "GET /cormun/static/about:blank HTTP/1.1" 404 1011
191.119.47.152 - - [23/Aug/2021:12:53:41 -0300] "GET /cormun/servlet/solicitudotadjuntos?INS,2021,17422,,1, HTTP/1.1" 200 5937
190.171.141.90 - - [23/Aug/2021:12:53:41 -0300] "POST /cormun/servlet/solicitudotadjuntos?436cc686eee9442a308004be745d7b8d,INS,2021,17423,,1, HTTP/1.1" 200 6224
190.171.141.90 - - [23/Aug/2021:12:53:41 -0300] "GET /cormun/static/Shared/jqueryui/images/ui-bg_highlight-soft_100_c6c2c8_1x100.png HTTP/1.1" 404 1117
190.171.141.90 - - [23/Aug/2021:12:53:41 -0300] "GET /cormun/static/Shared/jqueryui/images/ui-icons_82798d_256x240.png HTTP/1.1" 404 1089
190.171.141.90 - - [23/Aug/2021:12:53:41 -0300] "GET /cormun/static/Shared/jqueryui/images/ui-bg_flat_55_994d53_40x100.png HTTP/1.1" 404 1097
190.171.141.90 - - [23/Aug/2021:12:53:41 -0300] "GET /cormun/static/Shared/jqueryui/images/ui-icons_ebccce_256x240.png HTTP/1.1" 404 1089
190.171.141.90 - - [23/Aug/2021:12:53:41 -0300] "GET /cormun/PrivateTempStorage/upload_00014818.pdf HTTP/1.1" 200 282925
191.119.47.152 - - [23/Aug/2021:12:53:41 -0300] "GET /cormun/servlet/solicitudotadjuntos?307e6fb190b63315436ec9711f5efab849f89a63444fa746ae82fa74d22bb783541dc73491bc7f04b87b7da5ef0b2791,gx-no-cache=1629733393583 HTTP/1.1" 200 30
191.119.47.152 - - [23/Aug/2021:12:53:41 -0300] "POST /cormun/servlet/solicitudotadjuntos?210731ca50a61a2eb08cb23ae3b03d3e,INS,2021,17422,,1,,gx-no-cache=1629733393648 HTTP/1.1" 200 3877
190.171.142.50 - - [23/Aug/2021:12:53:44 -0300] "GET /cormun/servlet/hlogin HTTP/1.1" 200 1729
191.119.47.152 - - [23/Aug/2021:12:53:47 -0300] "POST /cormun/servlet/solicitudotadjuntos?gx-no-cache=1629733399135 HTTP/1.1" 200 26
181.212.43.89 - - [23/Aug/2021:12:53:50 -0300] "GET /cormun/servlet/permisogoce?INS,0,,, HTTP/1.1" 200 6853
181.212.43.89 - - [23/Aug/2021:12:53:50 -0300] "GET /cormun/servlet/permisogoce?INS,0,,, HTTP/1.1" 200 6853
190.171.142.50 - - [23/Aug/2021:12:53:51 -0300] "POST /cormun/servlet/hlogin?e7785530076b26f005d8a1d44c61e860,gx-no-cache=1629733374538 HTTP/1.1" 200 90
190.171.142.50 - - [23/Aug/2021:12:53:51 -0300] "GET /cormun/servlet/hpexe_link HTTP/1.1" 200 956
190.171.142.50 - - [23/Aug/2021:12:53:51 -0300] "GET /cormun/servlet/hhome HTTP/1.1" 200 3948
190.171.142.50 - - [23/Aug/2021:12:53:51 -0300] "GET /cormun/servlet/hhome HTTP/1.1" 200 3944
190.171.141.90 - - [23/Aug/2021:12:53:51 -0300] "POST /cormun/servlet/solicitudotadjuntos?gx-no-cache=1629729805297 HTTP/1.1" 200 26
190.171.141.90 - - [23/Aug/2021:12:53:52 -0300] "GET /cormun/servlet/solicitudotadjuntos?56fb5e0956d433081ccaffa4da4423d2bdd845882f5de543a1f019283b3112946883250c985a9eefc4899ecf6696d7e5,gx-no-cache=1629729806210 HTTP/1.1" 200 30
190.171.141.90 - - [23/Aug/2021:12:53:52 -0300] "GET /cormun/servlet/solicitudotadjuntos?56fb5e0956d433081ccaffa4da4423d2bd0c9aeb9c9f12506624ca22724162896883250c985a9eefc4899ecf6696d7e5,gx-no-cache=1629729806226 HTTP/1.1" 200 30
190.171.141.90 - - [23/Aug/2021:12:53:52 -0300] "POST /cormun/servlet/solicitudotadjuntos?436cc686eee9442a308004be745d7b8d,INS,2021,17423,,1,,gx-no-cache=1629729806245 HTTP/1.1" 200 93
190.171.141.90 - - [23/Aug/2021:12:53:52 -0300] "GET /cormun/servlet/hpexe_return? HTTP/1.1" 200 1024
190.171.141.90 - - [23/Aug/2021:12:53:53 -0300] "GET /cormun/servlet/trsolicitudadjuntos?2021,17423, HTTP/1.1" 200 9181
191.119.47.152 - - [23/Aug/2021:12:53:53 -0300] "GET /cormun/servlet/solicitudotadjuntos?307e6fb190b63315436ec9711f5efab86a58a5d2fccbaeb6dd391aac408e2138,gx-no-cache=1629733406107 HTTP/1.1" 200 30
191.119.47.152 - - [23/Aug/2021:12:53:54 -0300] "GET /cormun/servlet/solicitudotadjuntos?307e6fb190b63315436ec9711f5efab86a58a5d2fccbaeb6dd391aac408e2138,gx-no-cache=1629733406162 HTTP/1.1" 200 30
190.171.142.50 - - [23/Aug/2021:12:53:54 -0300] "GET /cormun/servlet/trlicencias? HTTP/1.1" 200 11793
190.171.141.90 - - [23/Aug/2021:12:53:54 -0300] "GET /cormun/servlet/trsolicitudadjuntos?2021,17423, HTTP/1.1" 200 9180
190.171.142.50 - - [23/Aug/2021:12:53:54 -0300] "GET /cormun/servlet/trlicencias? HTTP/1.1" 200 11791
191.119.47.152 - - [23/Aug/2021:12:53:55 -0300] "POST /cormun/servlet/solicitudotadjuntos?210731ca50a61a2eb08cb23ae3b03d3e,INS,2021,17422,,1, HTTP/1.1" 200 116
181.212.43.89 - - [23/Aug/2021:12:53:55 -0300] "GET /cormun/servlet/permisogoce?e696730aba9c7ed5f5abda1f8248cb721db545fe26cb295d143538d374f195a5db9d286f27097f5bcb679f41c0269f163de45a9afac4ebaeb7affaf2627581ca,gx-no-cache=1629733407969 HTTP/1.1" 200 82
191.119.47.152 - - [23/Aug/2021:12:53:55 -0300] "GET /cormun/servlet/hpexe_return? HTTP/1.1" 200 1029
191.119.47.152 - - [23/Aug/2021:12:53:56 -0300] "GET /cormun/servlet/trsolicitudadjuntos?2021,17422, HTTP/1.1" 200 9926
191.119.47.152 - - [23/Aug/2021:12:53:57 -0300] "GET /cormun/servlet/trsolicitudadjuntos?2021,17422, HTTP/1.1" 200 9923
190.171.141.90 - - [23/Aug/2021:12:53:59 -0300] "GET /cormun/servlet/solicitudotadjuntos?DLT,2021,17423,CERTIF4,0, HTTP/1.1" 200 5920
190.171.141.90 - - [23/Aug/2021:12:53:59 -0300] "GET /cormun/static/about:blank HTTP/1.1" 404 1011
190.171.141.90 - - [23/Aug/2021:12:53:59 -0300] "GET /cormun/static/Shared/jqueryui/images/ui-icons_82798d_256x240.png HTTP/1.1" 404 1089
190.171.141.90 - - [23/Aug/2021:12:53:59 -0300] "GET /cormun/static/Shared/jqueryui/images/ui-bg_highlight-soft_100_c6c2c8_1x100.png HTTP/1.1" 404 1117
190.171.141.90 - - [23/Aug/2021:12:53:59 -0300] "GET /cormun/static/Shared/jqueryui/images/ui-bg_flat_55_fafafa_40x100.png HTTP/1.1" 404 1097
190.171.141.90 - - [23/Aug/2021:12:53:59 -0300] "GET /cormun/static/Shared/jqueryui/images/ui-icons_8d78a5_256x240.png HTTP/1.1" 404 1089
190.171.141.90 - - [23/Aug/2021:12:53:59 -0300] "GET /cormun/servlet/solicitudotadjuntos?DLT,2021,17423,CERTIF4,0, HTTP/1.1" 200 5913
181.212.43.89 - - [23/Aug/2021:12:53:59 -0300] "GET /cormun/static/menuarrow.gif HTTP/1.1" 404 1015
190.171.141.90 - - [23/Aug/2021:12:54:00 -0300] "POST /cormun/servlet/solicitudotadjuntos?436cc686eee9442a308004be745d7b8d,DLT,2021,17423,CERTIF4,0,,gx-no-cache=1629729814085 HTTP/1.1" 200 93
190.171.141.90 - - [23/Aug/2021:12:54:00 -0300] "GET /cormun/servlet/hpexe_return? HTTP/1.1" 200 1030
190.171.141.90 - - [23/Aug/2021:12:54:00 -0300] "GET /cormun/servlet/trsolicitudadjuntos?2021,17423, HTTP/1.1" 200 9049
190.171.141.90 - - [23/Aug/2021:12:54:01 -0300] "GET /cormun/servlet/trsolicitudadjuntos?2021,17423, HTTP/1.1" 200 9046
191.119.47.152 - - [23/Aug/2021:12:54:02 -0300] "POST /cormun/servlet/trsolicitudadjuntos?210731ca50a61a2eb08cb23ae3b03d3e,2021,17422,,gx-no-cache=1629733414393 HTTP/1.1" 200 90
191.119.47.152 - - [23/Aug/2021:12:54:02 -0300] "GET /cormun/servlet/hpexe_link HTTP/1.1" 200 995
191.119.47.152 - - [23/Aug/2021:12:54:02 -0300] "GET /cormun/servlet/trsolicitudot?gx-no-cache=1629733014530 HTTP/1.1" 200 8494
190.171.141.90 - - [23/Aug/2021:12:54:03 -0300] "GET /cormun/servlet/solicitudotadjuntos?DLT,2021,17423,CERTIF3,0, HTTP/1.1" 200 5968
191.119.47.152 - - [23/Aug/2021:12:54:03 -0300] "GET /cormun/servlet/trsolicitudot?gx-no-cache=1629733014530 HTTP/1.1" 200 8514
190.171.141.90 - - [23/Aug/2021:12:54:03 -0300] "GET /cormun/static/Shared/jqueryui/images/ui-bg_highlight-soft_100_c6c2c8_1x100.png HTTP/1.1" 404 1117
190.171.141.90 - - [23/Aug/2021:12:54:03 -0300] "GET /cormun/static/Shared/jqueryui/images/ui-icons_82798d_256x240.png HTTP/1.1" 404 1089
190.171.141.90 - - [23/Aug/2021:12:54:03 -0300] "GET /cormun/static/Shared/jqueryui/images/ui-icons_8d78a5_256x240.png HTTP/1.1" 404 1089
190.171.141.90 - - [23/Aug/2021:12:54:03 -0300] "GET /cormun/static/Shared/jqueryui/images/ui-bg_flat_55_fafafa_40x100.png HTTP/1.1" 404 1097
190.171.141.90 - - [23/Aug/2021:12:54:03 -0300] "GET /cormun/PublicTempStorage/isapre2981979.pdf HTTP/1.1" 200 155838
190.171.141.90 - - [23/Aug/2021:12:54:03 -0300] "GET /cormun/servlet/solicitudotadjuntos?DLT,2021,17423,CERTIF3,0, HTTP/1.1" 200 5961
181.212.43.89 - - [23/Aug/2021:12:54:03 -0300] "GET /cormun/servlet/permisogoce?e696730aba9c7ed5f5abda1f8248cb72ff0000683ce119613abd03413bd2d00403fe8cbd950a5c88963ee09b0c31166d7cd8b4684a72b70e68d251135c6ac56c,gx-no-cache=1629733416502 HTTP/1.1" 200 46
190.171.141.90 - - [23/Aug/2021:12:54:04 -0300] "POST /cormun/servlet/solicitudotadjuntos?436cc686eee9442a308004be745d7b8d,DLT,2021,17423,CERTIF3,0,,gx-no-cache=1629729818195 HTTP/1.1" 200 93
190.171.141.90 - - [23/Aug/2021:12:54:04 -0300] "GET /cormun/servlet/hpexe_return? HTTP/1.1" 200 1030
190.171.141.90 - - [23/Aug/2021:12:54:04 -0300] "GET /cormun/servlet/trsolicitudadjuntos?2021,17423, HTTP/1.1" 200 8821
190.171.141.90 - - [23/Aug/2021:12:54:05 -0300] "GET /cormun/servlet/trsolicitudadjuntos?2021,17423, HTTP/1.1" 200 8817
181.212.43.89 - - [23/Aug/2021:12:54:06 -0300] "POST /cormun/servlet/permisogoce?8399a24746327266331a2ac21766a688,INS,0,,,,gx-no-cache=1629733418984 HTTP/1.1" 200 93
181.212.43.89 - - [23/Aug/2021:12:54:06 -0300] "GET /cormun/servlet/hpexe_return? HTTP/1.1" 200 1033
181.212.43.89 - - [23/Aug/2021:12:54:06 -0300] "GET /cormun/servlet/trpermisosgoce?gx-no-cache=1629733390093 HTTP/1.1" 200 11763
190.171.141.90 - - [23/Aug/2021:12:54:07 -0300] "GET /cormun/servlet/solicitudotadjuntos?INS,2021,17423,,1, HTTP/1.1" 200 6013
190.171.141.90 - - [23/Aug/2021:12:54:07 -0300] "GET /cormun/static/about:blank HTTP/1.1" 404 1011
190.171.141.90 - - [23/Aug/2021:12:54:07 -0300] "GET /cormun/servlet/solicitudotadjuntos?INS,2021,17423,,1, HTTP/1.1" 200 6006
181.212.43.89 - - [23/Aug/2021:12:54:07 -0300] "GET /cormun/servlet/trpermisosgoce?gx-no-cache=1629733390093 HTTP/1.1" 200 11782
190.171.141.90 - - [23/Aug/2021:12:54:07 -0300] "GET /cormun/servlet/solicitudotadjuntos?56fb5e0956d433081ccaffa4da4423d2ee610149bf748a097b3fce71e59d77831f423586256c965d9760d964c3b2c86b,gx-no-cache=1629729821450 HTTP/1.1" 200 30
190.171.141.90 - - [23/Aug/2021:12:54:08 -0300] "POST /cormun/servlet/solicitudotadjuntos?436cc686eee9442a308004be745d7b8d,INS,2021,17423,,1,,gx-no-cache=1629729821477 HTTP/1.1" 200 3893
181.212.43.89 - - [23/Aug/2021:12:54:10 -0300] "GET /cormun/servlet/apermisogoceprn?19854135,P,20210823114107,PU HTTP/1.1" 200 1675
190.171.141.90 - - [23/Aug/2021:12:54:10 -0300] "POST /cormun/servlet/solicitudotadjuntos?gx-no-cache=1629729824490 HTTP/1.1" 200 26
191.119.47.152 - - [23/Aug/2021:12:54:11 -0300] "POST /cormun/servlet/trsolicitudot?210731ca50a61a2eb08cb23ae3b03d3e,gx-no-cache=1629733014530,gx-no-cache=1629733422428 HTTP/1.1" 200 4570
191.119.47.152 - - [23/Aug/2021:12:54:12 -0300] "GET /cormun/static/Shared/jqueryui/images/ui-bg_highlight-soft_100_c6c2c8_1x100.png HTTP/1.1" 404 1117
191.119.47.152 - - [23/Aug/2021:12:54:12 -0300] "GET /cormun/static/Shared/jqueryui/images/ui-icons_8d78a5_256x240.png HTTP/1.1" 404 1089
191.119.47.152 - - [23/Aug/2021:12:54:12 -0300] "GET /cormun/static/Shared/jqueryui/images/ui-icons_82798d_256x240.png HTTP/1.1" 404 1089
191.119.47.152 - - [23/Aug/2021:12:54:12 -0300] "GET /cormun/static/Shared/jqueryui/images/ui-bg_flat_55_fafafa_40x100.png HTTP/1.1" 404 1097
191.119.47.152 - - [23/Aug/2021:12:54:12 -0300] "POST /cormun/servlet/trsolicitudot?210731ca50a61a2eb08cb23ae3b03d3e,gx-no-cache=1629733014530,gx-no-cache=1629733424154 HTTP/1.1" 200 4334
190.171.141.90 - - [23/Aug/2021:12:54:19 -0300] "GET /cormun/servlet/solicitudotadjuntos?56fb5e0956d433081ccaffa4da4423d207d69f4bc6c2ac8a76117b183cd99b79,gx-no-cache=1629729832705 HTTP/1.1" 200 30
190.171.141.90 - - [23/Aug/2021:12:54:19 -0300] "GET /cormun/servlet/solicitudotadjuntos?56fb5e0956d433081ccaffa4da4423d207d69f4bc6c2ac8a76117b183cd99b79,gx-no-cache=1629729832725 HTTP/1.1" 200 30
190.171.141.90 - - [23/Aug/2021:12:54:19 -0300] "POST /cormun/servlet/solicitudotadjuntos?436cc686eee9442a308004be745d7b8d,INS,2021,17423,,1, HTTP/1.1" 200 116
190.171.141.90 - - [23/Aug/2021:12:54:19 -0300] "GET /cormun/servlet/hpexe_return? HTTP/1.1" 200 1024
190.171.141.90 - - [23/Aug/2021:12:54:19 -0300] "GET /cormun/servlet/trsolicitudadjuntos?2021,17423, HTTP/1.1" 200 9063
190.171.141.90 - - [23/Aug/2021:12:54:20 -0300] "GET /cormun/servlet/trsolicitudadjuntos?2021,17423, HTTP/1.1" 200 9062
190.171.141.90 - - [23/Aug/2021:12:54:22 -0300] "GET /cormun/servlet/solicitudotadjuntos?INS,2021,17423,,1, HTTP/1.1" 200 6013
190.171.141.90 - - [23/Aug/2021:12:54:22 -0300] "GET /cormun/static/about:blank HTTP/1.1" 404 1011
190.171.141.90 - - [23/Aug/2021:12:54:22 -0300] "GET /cormun/servlet/solicitudotadjuntos?INS,2021,17423,,1, HTTP/1.1" 200 6006
190.171.141.90 - - [23/Aug/2021:12:54:22 -0300] "GET /cormun/servlet/solicitudotadjuntos?56fb5e0956d433081ccaffa4da4423d2ee610149bf748a097b3fce71e59d77831f423586256c965d9760d964c3b2c86b,gx-no-cache=1629729836387 HTTP/1.1" 200 30
190.171.141.90 - - [23/Aug/2021:12:54:22 -0300] "POST /cormun/servlet/solicitudotadjuntos?436cc686eee9442a308004be745d7b8d,INS,2021,17423,,1,,gx-no-cache=1629729836410 HTTP/1.1" 200 3893
181.212.43.89 - - [23/Aug/2021:12:54:23 -0300] "GET /cormun/servlet/trpermisosadjuntos?19854135,20210823114107,P, HTTP/1.1" 200 6335
181.212.43.89 - - [23/Aug/2021:12:54:23 -0300] "GET /cormun/servlet/trpermisosadjuntos?19854135,20210823114107,P, HTTP/1.1" 200 6313
190.171.141.90 - - [23/Aug/2021:12:54:25 -0300] "POST /cormun/servlet/solicitudotadjuntos?gx-no-cache=1629729838738 HTTP/1.1" 200 26
181.212.43.89 - - [23/Aug/2021:12:54:25 -0300] "GET /cormun/servlet/permisosadjuntos?INS,19854135,P,20210823114107,, HTTP/1.1" 200 5631
181.212.43.89 - - [23/Aug/2021:12:54:25 -0300] "GET /cormun/static/about:blank HTTP/1.1" 404 1011
181.212.43.89 - - [23/Aug/2021:12:54:26 -0300] "GET /cormun/servlet/permisosadjuntos?INS,19854135,P,20210823114107,, HTTP/1.1" 200 5621
190.171.141.90 - - [23/Aug/2021:12:54:33 -0300] "GET /cormun/servlet/solicitudotadjuntos?56fb5e0956d433081ccaffa4da4423d207d69f4bc6c2ac8a76117b183cd99b79,gx-no-cache=1629729846609 HTTP/1.1" 200 30
190.171.141.90 - - [23/Aug/2021:12:54:33 -0300] "GET /cormun/servlet/solicitudotadjuntos?56fb5e0956d433081ccaffa4da4423d207d69f4bc6c2ac8a76117b183cd99b79,gx-no-cache=1629729846623 HTTP/1.1" 200 30
190.171.141.90 - - [23/Aug/2021:12:54:33 -0300] "POST /cormun/servlet/solicitudotadjuntos?436cc686eee9442a308004be745d7b8d,INS,2021,17423,,1, HTTP/1.1" 200 116
190.171.141.90 - - [23/Aug/2021:12:54:33 -0300] "GET /cormun/servlet/hpexe_return? HTTP/1.1" 200 1024
190.171.141.90 - - [23/Aug/2021:12:54:33 -0300] "GET /cormun/servlet/trsolicitudadjuntos?2021,17423, HTTP/1.1" 200 9228
190.171.141.90 - - [23/Aug/2021:12:54:34 -0300] "GET /cormun/servlet/trsolicitudadjuntos?2021,17423, HTTP/1.1" 200 9225
190.171.141.90 - - [23/Aug/2021:12:54:36 -0300] "GET /cormun/servlet/solicitudotadjuntos?INS,2021,17423,,1, HTTP/1.1" 200 6013
190.171.141.90 - - [23/Aug/2021:12:54:36 -0300] "GET /cormun/static/about:blank HTTP/1.1" 404 1011
190.171.141.90 - - [23/Aug/2021:12:54:36 -0300] "GET /cormun/servlet/solicitudotadjuntos?INS,2021,17423,,1, HTTP/1.1" 200 6006
190.171.141.90 - - [23/Aug/2021:12:54:37 -0300] "GET /cormun/servlet/solicitudotadjuntos?56fb5e0956d433081ccaffa4da4423d2ee610149bf748a097b3fce71e59d77831f423586256c965d9760d964c3b2c86b,gx-no-cache=1629729850932 HTTP/1.1" 200 30
190.171.141.90 - - [23/Aug/2021:12:54:37 -0300] "POST /cormun/servlet/solicitudotadjuntos?436cc686eee9442a308004be745d7b8d,INS,2021,17423,,1,,gx-no-cache=1629729850972 HTTP/1.1" 200 3893
190.171.141.90 - - [23/Aug/2021:12:54:39 -0300] "POST /cormun/servlet/solicitudotadjuntos?gx-no-cache=1629729853202 HTTP/1.1" 200 26
181.212.43.89 - - [23/Aug/2021:12:54:49 -0300] "POST /cormun/servlet/permisosadjuntos?8399a24746327266331a2ac21766a688,INS,19854135,P,20210823114107,, HTTP/1.1" 200 116
181.212.43.89 - - [23/Aug/2021:12:54:49 -0300] "GET /cormun/servlet/hpexe_return? HTTP/1.1" 200 1040
181.212.43.89 - - [23/Aug/2021:12:54:49 -0300] "GET /cormun/servlet/trpermisosadjuntos?19854135,20210823114107,P, HTTP/1.1" 200 6805
181.212.43.89 - - [23/Aug/2021:12:54:50 -0300] "GET /cormun/servlet/trpermisosadjuntos?19854135,20210823114107,P, HTTP/1.1" 200 6800
181.212.43.89 - - [23/Aug/2021:12:54:51 -0300] "POST /cormun/servlet/trpermisosadjuntos?8399a24746327266331a2ac21766a688,19854135,20210823114107,P,,gx-no-cache=1629733464689 HTTP/1.1" 200 90
181.212.43.89 - - [23/Aug/2021:12:54:51 -0300] "GET /cormun/servlet/hpexe_link HTTP/1.1" 200 1007
181.212.43.89 - - [23/Aug/2021:12:54:52 -0300] "GET /cormun/servlet/trpermisosgoce?gx-no-cache=1629733390093 HTTP/1.1" 200 11763
181.212.43.89 - - [23/Aug/2021:12:54:52 -0300] "GET /cormun/servlet/trpermisosgoce?gx-no-cache=1629733390093 HTTP/1.1" 200 11780
181.212.43.89 - - [23/Aug/2021:12:54:54 -0300] "POST /cormun/servlet/trpermisosgoce?8399a24746327266331a2ac21766a688,gx-no-cache=1629733390093,gx-no-cache=1629733467516 HTTP/1.1" 200 8956
181.212.43.89 - - [23/Aug/2021:12:54:55 -0300] "GET /cormun/static/Shared/jqueryui/images/ui-bg_highlight-soft_100_c6c2c8_1x100.png HTTP/1.1" 404 1117
181.212.43.89 - - [23/Aug/2021:12:54:55 -0300] "GET /cormun/static/Shared/jqueryui/images/ui-icons_82798d_256x240.png HTTP/1.1" 404 1089
181.212.43.89 - - [23/Aug/2021:12:54:55 -0300] "GET /cormun/static/Shared/jqueryui/images/ui-bg_flat_55_fafafa_40x100.png HTTP/1.1" 404 1097
181.212.43.89 - - [23/Aug/2021:12:54:55 -0300] "GET /cormun/static/Shared/jqueryui/images/ui-icons_8d78a5_256x240.png HTTP/1.1" 404 1089
181.212.43.89 - - [23/Aug/2021:12:54:56 -0300] "GET /cormun/servlet/permisogoce?INS,0,,, HTTP/1.1" 200 6875
181.212.43.89 - - [23/Aug/2021:12:54:57 -0300] "GET /cormun/servlet/permisogoce?INS,0,,, HTTP/1.1" 200 6853
181.212.43.89 - - [23/Aug/2021:12:55:03 -0300] "GET /cormun/servlet/permisogoce?e696730aba9c7ed5f5abda1f8248cb72f65bfac2cd9b41b0fe0e783146831f77db9d286f27097f5bcb679f41c0269f163de45a9afac4ebaeb7affaf2627581ca,gx-no-cache=1629733475938 HTTP/1.1" 200 77
181.212.43.89 - - [23/Aug/2021:12:55:06 -0300] "GET /cormun/static/menuarrow.gif HTTP/1.1" 404 1015
181.212.43.89 - - [23/Aug/2021:12:55:11 -0300] "GET /cormun/servlet/permisogoce?e696730aba9c7ed5f5abda1f8248cb725ae3ad7aa108a0b511748af8098a1b944702e5a725f0a53b9e2d4b3e17994944729423099a354ce3ec3fc79e9a81f05b,gx-no-cache=1629733484805 HTTP/1.1" 200 47
181.212.43.89 - - [23/Aug/2021:12:55:23 -0300] "POST /cormun/servlet/permisogoce?8399a24746327266331a2ac21766a688,INS,0,,,,gx-no-cache=1629733495424 HTTP/1.1" 200 93
181.212.43.89 - - [23/Aug/2021:12:55:23 -0300] "GET /cormun/servlet/hpexe_return? HTTP/1.1" 200 1033
181.212.43.89 - - [23/Aug/2021:12:55:23 -0300] "GET /cormun/servlet/trpermisosgoce?gx-no-cache=1629733390093 HTTP/1.1" 200 12033
181.212.43.89 - - [23/Aug/2021:12:55:24 -0300] "GET /cormun/servlet/trpermisosgoce?gx-no-cache=1629733390093 HTTP/1.1" 200 12051
181.212.43.89 - - [23/Aug/2021:12:55:27 -0300] "GET /cormun/servlet/apermisogoceprn?11274863,P,20210823114213,PU HTTP/1.1" 200 1674
181.212.43.89 - - [23/Aug/2021:12:55:36 -0300] "GET /cormun/servlet/trpermisosadjuntos?11274863,20210823114213,P, HTTP/1.1" 200 6330
181.212.43.89 - - [23/Aug/2021:12:55:37 -0300] "GET /cormun/servlet/trpermisosadjuntos?11274863,20210823114213,P, HTTP/1.1" 200 6309
181.212.43.89 - - [23/Aug/2021:12:55:39 -0300] "GET /cormun/servlet/permisosadjuntos?INS,11274863,P,20210823114213,, HTTP/1.1" 200 5624
181.212.43.89 - - [23/Aug/2021:12:55:39 -0300] "GET /cormun/static/about:blank HTTP/1.1" 404 1011
181.212.43.89 - - [23/Aug/2021:12:55:39 -0300] "GET /cormun/servlet/permisosadjuntos?INS,11274863,P,20210823114213,, HTTP/1.1" 200 5614
190.171.141.90 - - [23/Aug/2021:12:55:50 -0300] "GET /cormun/servlet/solicitudotadjuntos?56fb5e0956d433081ccaffa4da4423d207d69f4bc6c2ac8a76117b183cd99b79,gx-no-cache=1629729923808 HTTP/1.1" 200 30
190.171.141.90 - - [23/Aug/2021:12:55:50 -0300] "GET /cormun/servlet/solicitudotadjuntos?56fb5e0956d433081ccaffa4da4423d207d69f4bc6c2ac8a76117b183cd99b79,gx-no-cache=1629729923832 HTTP/1.1" 200 30
190.171.141.90 - - [23/Aug/2021:12:55:50 -0300] "POST /cormun/servlet/solicitudotadjuntos?436cc686eee9442a308004be745d7b8d,INS,2021,17423,,1, HTTP/1.1" 200 116
190.171.141.90 - - [23/Aug/2021:12:55:50 -0300] "GET /cormun/servlet/hpexe_return? HTTP/1.1" 200 1024
190.171.141.90 - - [23/Aug/2021:12:55:50 -0300] "GET /cormun/servlet/trsolicitudadjuntos?2021,17423, HTTP/1.1" 200 9504
190.171.141.90 - - [23/Aug/2021:12:55:51 -0300] "GET /cormun/servlet/trsolicitudadjuntos?2021,17423, HTTP/1.1" 200 9504
181.212.43.89 - - [23/Aug/2021:12:55:51 -0300] "POST /cormun/servlet/permisosadjuntos?8399a24746327266331a2ac21766a688,INS,11274863,P,20210823114213,, HTTP/1.1" 200 116
181.212.43.89 - - [23/Aug/2021:12:55:51 -0300] "GET /cormun/servlet/hpexe_return? HTTP/1.1" 200 1039
181.212.43.89 - - [23/Aug/2021:12:55:51 -0300] "GET /cormun/servlet/trpermisosadjuntos?11274863,20210823114213,P, HTTP/1.1" 200 6780
181.212.43.89 - - [23/Aug/2021:12:55:52 -0300] "GET /cormun/servlet/trpermisosadjuntos?11274863,20210823114213,P, HTTP/1.1" 200 6776
190.171.141.90 - - [23/Aug/2021:12:55:53 -0300] "GET /cormun/servlet/solicitudotadjuntos?INS,2021,17423,,1, HTTP/1.1" 200 6013
190.171.141.90 - - [23/Aug/2021:12:55:53 -0300] "GET /cormun/static/about:blank HTTP/1.1" 404 1011
190.171.141.90 - - [23/Aug/2021:12:55:53 -0300] "GET /cormun/servlet/solicitudotadjuntos?INS,2021,17423,,1, HTTP/1.1" 200 6006
190.171.141.90 - - [23/Aug/2021:12:55:54 -0300] "GET /cormun/servlet/solicitudotadjuntos?56fb5e0956d433081ccaffa4da4423d2ee610149bf748a097b3fce71e59d77831f423586256c965d9760d964c3b2c86b,gx-no-cache=1629729927872 HTTP/1.1" 200 30
190.171.141.90 - - [23/Aug/2021:12:55:54 -0300] "POST /cormun/servlet/solicitudotadjuntos?436cc686eee9442a308004be745d7b8d,INS,2021,17423,,1,,gx-no-cache=1629729927901 HTTP/1.1" 200 3894
181.212.43.89 - - [23/Aug/2021:12:55:56 -0300] "POST /cormun/servlet/trpermisosadjuntos?8399a24746327266331a2ac21766a688,11274863,20210823114213,P,,gx-no-cache=1629733529304 HTTP/1.1" 200 90
181.212.43.89 - - [23/Aug/2021:12:55:56 -0300] "GET /cormun/servlet/hpexe_link HTTP/1.1" 200 1007
190.171.141.90 - - [23/Aug/2021:12:55:56 -0300] "POST /cormun/servlet/solicitudotadjuntos?gx-no-cache=1629729930137 HTTP/1.1" 200 26
181.212.43.89 - - [23/Aug/2021:12:55:56 -0300] "GET /cormun/servlet/trpermisosgoce?gx-no-cache=1629733390093 HTTP/1.1" 200 12032
181.212.43.89 - - [23/Aug/2021:12:55:57 -0300] "GET /cormun/servlet/trpermisosgoce?gx-no-cache=1629733390093 HTTP/1.1" 200 12045
181.212.43.89 - - [23/Aug/2021:12:55:59 -0300] "POST /cormun/servlet/trpermisosgoce?8399a24746327266331a2ac21766a688,gx-no-cache=1629733390093,gx-no-cache=1629733532166 HTTP/1.1" 200 9203
181.212.43.89 - - [23/Aug/2021:12:55:59 -0300] "GET /cormun/static/Shared/jqueryui/images/ui-bg_highlight-soft_100_c6c2c8_1x100.png HTTP/1.1" 404 1117
181.212.43.89 - - [23/Aug/2021:12:55:59 -0300] "GET /cormun/static/Shared/jqueryui/images/ui-icons_82798d_256x240.png HTTP/1.1" 404 1089
181.212.43.89 - - [23/Aug/2021:12:55:59 -0300] "GET /cormun/static/Shared/jqueryui/images/ui-bg_flat_55_fafafa_40x100.png HTTP/1.1" 404 1097
181.212.43.89 - - [23/Aug/2021:12:55:59 -0300] "GET /cormun/static/Shared/jqueryui/images/ui-icons_8d78a5_256x240.png HTTP/1.1" 404 1089
200.54.237.82 - - [23/Aug/2021:12:57:10 -0300] "GET /cormun/servlet/hlogin HTTP/1.1" 200 1726
200.54.237.82 - - [23/Aug/2021:12:57:10 -0300] "GET /cormun/servlet/hlogin HTTP/1.1" 200 1736
200.54.237.82 - - [23/Aug/2021:12:57:13 -0300] "POST /cormun/servlet/hlogin?049297b08038bf7df733e64e50634c78,gx-no-cache=1629733610922 HTTP/1.1" 200 90
200.54.237.82 - - [23/Aug/2021:12:57:13 -0300] "GET /cormun/servlet/hpexe_link HTTP/1.1" 200 952
200.54.237.82 - - [23/Aug/2021:12:57:13 -0300] "GET /cormun/servlet/hhome HTTP/1.1" 200 4327
200.54.237.82 - - [23/Aug/2021:12:57:14 -0300] "GET /cormun/servlet/hhome HTTP/1.1" 200 4323
200.54.237.82 - - [23/Aug/2021:12:58:04 -0300] "GET /cormun/servlet/hhome HTTP/1.1" 200 4327
200.54.237.82 - - [23/Aug/2021:12:58:04 -0300] "GET /cormun/servlet/hhome HTTP/1.1" 200 4323
200.54.237.82 - - [23/Aug/2021:12:58:04 -0300] "GET /favicon.ico HTTP/1.1" 200 21630
200.54.237.82 - - [23/Aug/2021:12:58:28 -0300] "GET /cormun/servlet/trlicencias? HTTP/1.1" 200 10013
200.54.237.82 - - [23/Aug/2021:12:58:28 -0300] "GET /cormun/servlet/trlicencias? HTTP/1.1" 200 10011
190.171.141.90 - - [23/Aug/2021:12:58:35 -0300] "GET /cormun/servlet/solicitudotadjuntos?56fb5e0956d433081ccaffa4da4423d207d69f4bc6c2ac8a76117b183cd99b79,gx-no-cache=1629730089039 HTTP/1.1" 200 30
190.171.141.90 - - [23/Aug/2021:12:58:35 -0300] "GET /cormun/servlet/solicitudotadjuntos?56fb5e0956d433081ccaffa4da4423d207d69f4bc6c2ac8a76117b183cd99b79,gx-no-cache=1629730089062 HTTP/1.1" 200 30
190.171.141.90 - - [23/Aug/2021:12:58:35 -0300] "POST /cormun/servlet/solicitudotadjuntos?436cc686eee9442a308004be745d7b8d,INS,2021,17423,,1, HTTP/1.1" 200 116
190.171.141.90 - - [23/Aug/2021:12:58:35 -0300] "GET /cormun/servlet/hpexe_return? HTTP/1.1" 200 1024
190.171.141.90 - - [23/Aug/2021:12:58:36 -0300] "GET /cormun/servlet/trsolicitudadjuntos?2021,17423, HTTP/1.1" 200 9794
190.171.141.90 - - [23/Aug/2021:12:58:36 -0300] "GET /cormun/servlet/trsolicitudadjuntos?2021,17423, HTTP/1.1" 200 9792
190.171.141.90 - - [23/Aug/2021:12:58:38 -0300] "GET /cormun/servlet/solicitudotadjuntos?INS,2021,17423,,1, HTTP/1.1" 200 6014
190.171.141.90 - - [23/Aug/2021:12:58:38 -0300] "GET /cormun/static/about:blank HTTP/1.1" 404 1011
190.171.141.90 - - [23/Aug/2021:12:58:38 -0300] "GET /cormun/servlet/solicitudotadjuntos?INS,2021,17423,,1, HTTP/1.1" 200 6007
190.171.141.90 - - [23/Aug/2021:12:58:39 -0300] "GET /cormun/servlet/solicitudotadjuntos?56fb5e0956d433081ccaffa4da4423d2ee610149bf748a097b3fce71e59d77831f423586256c965d9760d964c3b2c86b,gx-no-cache=1629730092797 HTTP/1.1" 200 30
190.171.141.90 - - [23/Aug/2021:12:58:39 -0300] "POST /cormun/servlet/solicitudotadjuntos?436cc686eee9442a308004be745d7b8d,INS,2021,17423,,1,,gx-no-cache=1629730092828 HTTP/1.1" 200 3894
190.171.141.90 - - [23/Aug/2021:12:59:50 -0300] "POST /cormun/servlet/solicitudotadjuntos?gx-no-cache=1629730163917 HTTP/1.1" 200 26
190.171.141.90 - - [23/Aug/2021:12:59:55 -0300] "GET /cormun/servlet/solicitudotadjuntos?56fb5e0956d433081ccaffa4da4423d207d69f4bc6c2ac8a76117b183cd99b79,gx-no-cache=1629730168704 HTTP/1.1" 200 30
190.171.141.90 - - [23/Aug/2021:12:59:55 -0300] "GET /cormun/servlet/solicitudotadjuntos?56fb5e0956d433081ccaffa4da4423d207d69f4bc6c2ac8a76117b183cd99b79,gx-no-cache=1629730168725 HTTP/1.1" 200 30
190.171.141.90 - - [23/Aug/2021:12:59:55 -0300] "POST /cormun/servlet/solicitudotadjuntos?436cc686eee9442a308004be745d7b8d,INS,2021,17423,,1, HTTP/1.1" 200 6226
190.171.141.90 - - [23/Aug/2021:12:59:55 -0300] "GET /cormun/static/Shared/jqueryui/images/ui-bg_highlight-soft_100_c6c2c8_1x100.png HTTP/1.1" 404 1117
190.171.141.90 - - [23/Aug/2021:12:59:55 -0300] "GET /cormun/static/Shared/jqueryui/images/ui-icons_82798d_256x240.png HTTP/1.1" 404 1089
190.171.141.90 - - [23/Aug/2021:12:59:55 -0300] "GET /cormun/static/Shared/jqueryui/images/ui-icons_ebccce_256x240.png HTTP/1.1" 404 1089
190.171.141.90 - - [23/Aug/2021:12:59:55 -0300] "GET /cormun/static/Shared/jqueryui/images/ui-bg_flat_55_994d53_40x100.png HTTP/1.1" 404 1097
190.171.141.90 - - [23/Aug/2021:12:59:55 -0300] "GET /cormun/PrivateTempStorage/upload_00014900.pdf HTTP/1.1" 200 519100
190.171.141.90 - - [23/Aug/2021:13:00:01 -0300] "POST /cormun/servlet/solicitudotadjuntos?gx-no-cache=1629730174664 HTTP/1.1" 200 26
190.171.141.90 - - [23/Aug/2021:13:00:07 -0300] "GET /cormun/servlet/solicitudotadjuntos?56fb5e0956d433081ccaffa4da4423d2bdd845882f5de543a1f019283b3112946883250c985a9eefc4899ecf6696d7e5,gx-no-cache=1629730181047 HTTP/1.1" 200 30
190.171.141.90 - - [23/Aug/2021:13:00:07 -0300] "GET /cormun/servlet/solicitudotadjuntos?56fb5e0956d433081ccaffa4da4423d2bd0c9aeb9c9f12506624ca22724162896883250c985a9eefc4899ecf6696d7e5,gx-no-cache=1629730181066 HTTP/1.1" 200 30
190.171.141.90 - - [23/Aug/2021:13:00:07 -0300] "POST /cormun/servlet/solicitudotadjuntos?436cc686eee9442a308004be745d7b8d,INS,2021,17423,,1, HTTP/1.1" 200 116
190.171.141.90 - - [23/Aug/2021:13:00:08 -0300] "GET /cormun/servlet/hpexe_return? HTTP/1.1" 200 1024
190.171.141.90 - - [23/Aug/2021:13:00:08 -0300] "GET /cormun/servlet/trsolicitudadjuntos?2021,17423, HTTP/1.1" 200 9959
190.171.141.90 - - [23/Aug/2021:13:00:09 -0300] "GET /cormun/servlet/trsolicitudadjuntos?2021,17423, HTTP/1.1" 200 9953
190.171.141.90 - - [23/Aug/2021:13:00:12 -0300] "POST /cormun/servlet/trsolicitudadjuntos?436cc686eee9442a308004be745d7b8d,2021,17423,,gx-no-cache=1629730186003 HTTP/1.1" 200 90
190.171.141.90 - - [23/Aug/2021:13:00:12 -0300] "GET /cormun/servlet/hpexe_link HTTP/1.1" 200 967
190.171.141.90 - - [23/Aug/2021:13:00:12 -0300] "GET /cormun/servlet/trsolicitudot HTTP/1.1" 200 8629
190.171.141.90 - - [23/Aug/2021:13:00:13 -0300] "GET /cormun/servlet/trsolicitudot HTTP/1.1" 200 8628
190.171.141.90 - - [23/Aug/2021:13:00:20 -0300] "POST /cormun/servlet/trsolicitudot?436cc686eee9442a308004be745d7b8d,gx-no-cache=1629730193771 HTTP/1.1" 200 4575
190.171.141.90 - - [23/Aug/2021:13:00:20 -0300] "GET /cormun/static/Shared/jqueryui/images/ui-bg_highlight-soft_100_c6c2c8_1x100.png HTTP/1.1" 404 1117
190.171.141.90 - - [23/Aug/2021:13:00:20 -0300] "GET /cormun/static/Shared/jqueryui/images/ui-icons_82798d_256x240.png HTTP/1.1" 404 1089
190.171.141.90 - - [23/Aug/2021:13:00:20 -0300] "GET /cormun/static/Shared/jqueryui/images/ui-bg_flat_55_fafafa_40x100.png HTTP/1.1" 404 1097
190.171.141.90 - - [23/Aug/2021:13:00:20 -0300] "GET /cormun/static/Shared/jqueryui/images/ui-icons_8d78a5_256x240.png HTTP/1.1" 404 1089
190.171.141.90 - - [23/Aug/2021:13:00:20 -0300] "POST /cormun/servlet/trsolicitudot?436cc686eee9442a308004be745d7b8d,gx-no-cache=1629730193994 HTTP/1.1" 200 4319
190.171.141.90 - - [23/Aug/2021:13:00:23 -0300] "GET /cormun/servlet/trsolicitudot? HTTP/1.1" 200 7183
190.171.141.90 - - [23/Aug/2021:13:00:23 -0300] "GET /cormun/servlet/trsolicitudot? HTTP/1.1" 200 7183
190.171.141.90 - - [23/Aug/2021:13:00:26 -0300] "POST /cormun/servlet/trsolicitudot?436cc686eee9442a308004be745d7b8d,,gx-no-cache=1629730199511 HTTP/1.1" 200 103
190.171.141.90 - - [23/Aug/2021:13:00:26 -0300] "POST /cormun/servlet/trsolicitudot?436cc686eee9442a308004be745d7b8d,,gx-no-cache=1629730199643 HTTP/1.1" 200 4321
190.171.141.90 - - [23/Aug/2021:13:00:26 -0300] "GET /cormun/SolicitudOT-8795.xls HTTP/1.1" 200 4608
190.171.141.90 - - [23/Aug/2021:13:00:27 -0300] "GET /cormun/servlet/solicitudot?INS,0,0,false, HTTP/1.1" 200 15518
190.171.141.90 - - [23/Aug/2021:13:00:28 -0300] "GET /cormun/servlet/solicitudot?INS,0,0,false, HTTP/1.1" 200 15525
190.171.141.90 - - [23/Aug/2021:13:00:38 -0300] "POST /cormun/servlet/solicitudot?gx-no-cache=1629730211415 HTTP/1.1" 200 3801
190.171.141.90 - - [23/Aug/2021:13:00:38 -0300] "POST /cormun/servlet/solicitudot?436cc686eee9442a308004be745d7b8d,INS,0,0,false,,gx-no-cache=1629730211675 HTTP/1.1" 200 12291
190.171.141.90 - - [23/Aug/2021:13:00:44 -0300] "GET /cormun/servlet/solicitudot?56fb5e0956d433081ccaffa4da4423d2f2085dad65b286ee18ed7d446f203202133f96d27a3b310fd061b51f6779a878,gx-no-cache=1629730217646 HTTP/1.1" 200 30
190.171.141.90 - - [23/Aug/2021:13:00:44 -0300] "GET /cormun/servlet/solicitudot?56fb5e0956d433081ccaffa4da4423d290f9c887664b142985323eedc7181648,gx-no-cache=1629730217724 HTTP/1.1" 200 103
190.171.141.90 - - [23/Aug/2021:13:00:44 -0300] "GET /cormun/static/Shared/jqueryui/images/ui-bg_highlight-soft_100_c6c2c8_1x100.png HTTP/1.1" 404 1117
190.171.141.90 - - [23/Aug/2021:13:00:44 -0300] "GET /cormun/static/Shared/jqueryui/images/ui-bg_flat_55_994d53_40x100.png HTTP/1.1" 404 1097
190.171.141.90 - - [23/Aug/2021:13:00:44 -0300] "GET /cormun/static/Shared/jqueryui/images/ui-icons_82798d_256x240.png HTTP/1.1" 404 1089
190.171.141.90 - - [23/Aug/2021:13:00:44 -0300] "GET /cormun/static/Shared/jqueryui/images/ui-icons_ebccce_256x240.png HTTP/1.1" 404 1089
190.171.141.90 - - [23/Aug/2021:13:00:44 -0300] "GET /cormun/servlet/solicitudot?56fb5e0956d433081ccaffa4da4423d2979f326c4e76007c7cd66637e63c4572,gx-no-cache=1629730217770 HTTP/1.1" 200 123
190.171.141.90 - - [23/Aug/2021:13:00:44 -0300] "POST /cormun/servlet/solicitudot?gx-no-cache=1629730217815 HTTP/1.1" 200 240
190.171.141.90 - - [23/Aug/2021:13:00:44 -0300] "GET /cormun/servlet/solicitudot?56fb5e0956d433081ccaffa4da4423d28cf1fe7098031303782b595aa379ed10c50834e2c72c28ebce5b4462cbcc5215a9ab0931bbf8e19254f8d7a61609f8c4833f728c0723a2aac3985596b95d60deec0ae8ae7f1ebd6699a5c0766b9e6a0fea72ea5aa776369a53c1c4d4b2ba011e690c5f214a5a176f1372111218b4ee687d3341bab47bc14398e665d6671d68ecdf6802e17ec303bfe509d4c7665c754dc54893ca2a7f295cab446f1eacce415d6e000c4f21ad68185ff7d3935ea459cd8b500bc5c336317917d7f915e5353adf844451bc8a65b23e58636c35157832acfcad90a4401759ea3e5db82ec0ae6f2524b949bbff532b9b6807791b215671646e0d4216591a30618afd2e1d77fe846cf6f9ce95aeb0e6194132687cc951f44d44ecd4f95fe9440ac566228b50d5ac8887dd8f01948009f0057e7a861921ab29ec26a09e10d010bd70fd9231d468ff9f8569e52bff65f72d49d90758964929cdf1765ae180fefdee14095468b432cd506d079939242440c78e9e270369d48116,gx-no-cache=1629730217850 HTTP/1.1" 200 30
190.171.141.90 - - [23/Aug/2021:13:00:44 -0300] "POST /cormun/servlet/solicitudot?gx-no-cache=1629730217880 HTTP/1.1" 200 30
190.171.141.90 - - [23/Aug/2021:13:00:44 -0300] "POST /cormun/servlet/solicitudot?gx-no-cache=1629730217921 HTTP/1.1" 200 1440
190.171.141.90 - - [23/Aug/2021:13:00:44 -0300] "POST /cormun/servlet/solicitudot?gx-no-cache=1629730217970 HTTP/1.1" 200 38
190.171.141.90 - - [23/Aug/2021:13:00:49 -0300] "POST /cormun/servlet/solicitudot?gx-no-cache=1629730223495 HTTP/1.1" 200 30
190.171.141.90 - - [23/Aug/2021:13:00:51 -0300] "GET /cormun/servlet/prfichaempleado?,MD,,gxPopupLevel%3D0%3B HTTP/1.1" 200 9259
200.54.237.82 - - [23/Aug/2021:13:00:55 -0300] "GET /cormun/servlet/trlicencias? HTTP/1.1" 200 10013
200.54.237.82 - - [23/Aug/2021:13:00:55 -0300] "GET /cormun/servlet/trlicencias? HTTP/1.1" 200 10011
200.54.237.82 - - [23/Aug/2021:13:00:55 -0300] "GET /favicon.ico HTTP/1.1" 200 21630
190.171.141.90 - - [23/Aug/2021:13:00:58 -0300] "POST /cormun/servlet/prfichaempleado?436cc686eee9442a308004be745d7b8d,,MD,,gxPopupLevel%3D0%3B,gx-no-cache=1629730232348 HTTP/1.1" 200 5237
190.171.141.90 - - [23/Aug/2021:13:01:23 -0300] "GET /cormun/servlet/prlicenciaspermisos?10259679,L,,MD,,gxPopupLevel%3D0%3B HTTP/1.1" 200 7236
190.171.141.90 - - [23/Aug/2021:13:01:25 -0300] "POST /cormun/servlet/solicitudot?gx-no-cache=1629730258669 HTTP/1.1" 200 1442
190.171.141.90 - - [23/Aug/2021:13:01:26 -0300] "POST /cormun/servlet/solicitudot?gx-no-cache=1629730260333 HTTP/1.1" 200 40
190.171.141.90 - - [23/Aug/2021:13:01:36 -0300] "GET /cormun/servlet/solicitudot?56fb5e0956d433081ccaffa4da4423d2a49671b94694d00911b8e00c2376079bf4b3849e44d70bf73c302a94c770d597549a143d975d1c1fe554dbf6bfff6e02c3f3515931d1060953976f0361b61657d4988fd55961fcfe4ca25882133143e0d04ed4cbbeb0e93d624eeb0b027b4786,gx-no-cache=1629730270096 HTTP/1.1" 200 110
190.171.141.90 - - [23/Aug/2021:13:02:23 -0300] "POST /cormun/servlet/solicitudot?gx-no-cache=1629730317114 HTTP/1.1" 200 97
190.171.141.90 - - [23/Aug/2021:13:02:49 -0300] "POST /cormun/servlet/solicitudot?gx-no-cache=1629730342611 HTTP/1.1" 200 79
192.168.10.78 - - [23/Aug/2021:13:02:53 -0300] "GET /cormun/servlet/hlogin HTTP/1.1" 200 1725
190.171.141.90 - - [23/Aug/2021:13:02:57 -0300] "GET /cormun/servlet/solicitudot?56fb5e0956d433081ccaffa4da4423d2ebbecf17762b374e4112e7e94a15896290709a950e3143c0211b029a402ff4d81749d1e2b6525d962e30bb251a289a9c99166ffde24584785f31d86e75f1f49ecae1c4f23432aa276328451647de07701e7dd9183bc37a7e956c563c6f5628a3d9d9cc8a3455b9021e7269505fa4bffd54408c4d3b35304034b04dda30b017b34803b0579d37034ab6b0da40c76b7fc5,gx-no-cache=1629730350895 HTTP/1.1" 200 29
190.171.141.90 - - [23/Aug/2021:13:02:57 -0300] "GET /cormun/static/menuarrow.gif HTTP/1.1" 404 1015
192.168.10.78 - - [23/Aug/2021:13:02:59 -0300] "POST /cormun/servlet/hlogin?2a1d02e2d89a9ceab254f25792c47700,gx-no-cache=1629733815489 HTTP/1.1" 200 90
192.168.10.78 - - [23/Aug/2021:13:02:59 -0300] "GET /cormun/servlet/hpexe_link HTTP/1.1" 200 951
192.168.10.78 - - [23/Aug/2021:13:02:59 -0300] "GET /cormun/servlet/hhome HTTP/1.1" 200 3818
192.168.10.78 - - [23/Aug/2021:13:02:59 -0300] "GET /cormun/servlet/hhome HTTP/1.1" 200 3815
190.171.141.90 - - [23/Aug/2021:13:03:01 -0300] "GET /cormun/servlet/solicitudot?56fb5e0956d433081ccaffa4da4423d2b5f6e655458fba615273086a643a58f541826f23c161948437f9a2dba2d52c91,gx-no-cache=1629730354610 HTTP/1.1" 200 30
190.171.141.90 - - [23/Aug/2021:13:03:01 -0300] "POST /cormun/servlet/solicitudot?gx-no-cache=1629730354641 HTTP/1.1" 200 34
192.168.10.78 - - [23/Aug/2021:13:03:06 -0300] "GET /cormun/servlet/trsolicitudgral? HTTP/1.1" 200 29088
192.168.10.78 - - [23/Aug/2021:13:03:06 -0300] "GET /cormun/servlet/trsolicitudgral? HTTP/1.1" 200 29086
190.171.141.90 - - [23/Aug/2021:13:03:09 -0300] "POST /cormun/servlet/solicitudot?436cc686eee9442a308004be745d7b8d,INS,0,0,false,,gx-no-cache=1629730362849 HTTP/1.1" 200 12669
192.168.10.78 - - [23/Aug/2021:13:03:13 -0300] "POST /cormun/servlet/trsolicitudgral?2a1d02e2d89a9ceab254f25792c47700,,gx-no-cache=1629733830210 HTTP/1.1" 200 5249
192.168.10.78 - - [23/Aug/2021:13:03:25 -0300] "POST /cormun/servlet/trsolicitudgral?2a1d02e2d89a9ceab254f25792c47700,,gx-no-cache=1629733842051 HTTP/1.1" 200 5250
192.168.10.78 - - [23/Aug/2021:13:03:26 -0300] "POST /cormun/servlet/trsolicitudgral?2a1d02e2d89a9ceab254f25792c47700,,gx-no-cache=1629733842757 HTTP/1.1" 200 5251
190.171.141.90 - - [23/Aug/2021:13:03:26 -0300] "GET /cormun/servlet/solicitudot?56fb5e0956d433081ccaffa4da4423d22c57f7dad1ef0f30d4ff60ecf440eb88905c5ace0a3e372f8a353c97a758c1409acd830f87fa28c31a668ce0d417cc7a,gx-no-cache=1629730380036 HTTP/1.1" 200 30
190.171.141.90 - - [23/Aug/2021:13:03:26 -0300] "GET /cormun/servlet/solicitudot?56fb5e0956d433081ccaffa4da4423d2979f326c4e76007c7cd66637e63c4572,gx-no-cache=1629730380097 HTTP/1.1" 200 123
192.168.10.78 - - [23/Aug/2021:13:03:26 -0300] "POST /cormun/servlet/trsolicitudgral?2a1d02e2d89a9ceab254f25792c47700,,gx-no-cache=1629733842959 HTTP/1.1" 200 5250
190.171.141.90 - - [23/Aug/2021:13:03:26 -0300] "POST /cormun/servlet/solicitudot?gx-no-cache=1629730380164 HTTP/1.1" 200 240
190.171.141.90 - - [23/Aug/2021:13:03:26 -0300] "GET /cormun/servlet/solicitudot?56fb5e0956d433081ccaffa4da4423d28cf1fe7098031303782b595aa379ed10c50834e2c72c28ebce5b4462cbcc5215a9ab0931bbf8e19254f8d7a61609f8c4833f728c0723a2aac3985596b95d60deec0ae8ae7f1ebd6699a5c0766b9e6a0fea72ea5aa776369a53c1c4d4b2ba011e690c5f214a5a176f1372111218b4ee687d3341bab47bc14398e665d6671d68ecdf6802e17ec303bfe509d4c7665c754dc54893ca2a7f295cab446f1eacce415d6e000c4f21ad68185ff7d3935ea459cd8b500bc5c336317917d7f915e5353adf844451bc8a65b23e58636c35157832acfcad90a4401759ea3e5db82ec0ae6f2524b949bbff532b9b6807791b215671646e0d4216591a30618afd2e1d77fe846cf6f9ce95aeb0e6194132687cc951f44d44ecd4f95fe9440ac566228b50d5ac8887dd8f01948009f0057e7a861921ab29ec26a09e10d010bd70fd9231d468ff9f8569e52bff65f72d49d90758964929cdf1765ae180fefdee14095468b432cd50f18ce14b4a2c800e6b6939099cb17df7,gx-no-cache=1629730380209 HTTP/1.1" 200 30
190.171.141.90 - - [23/Aug/2021:13:03:26 -0300] "POST /cormun/servlet/solicitudot?gx-no-cache=1629730380277 HTTP/1.1" 200 30
192.168.10.78 - - [23/Aug/2021:13:03:26 -0300] "POST /cormun/servlet/trsolicitudgral?2a1d02e2d89a9ceab254f25792c47700,,gx-no-cache=1629733843168 HTTP/1.1" 200 5250
190.171.141.90 - - [23/Aug/2021:13:03:27 -0300] "POST /cormun/servlet/solicitudot?gx-no-cache=1629730380362 HTTP/1.1" 200 1442
192.168.10.78 - - [23/Aug/2021:13:03:27 -0300] "POST /cormun/servlet/trsolicitudgral?2a1d02e2d89a9ceab254f25792c47700,,gx-no-cache=1629733843351 HTTP/1.1" 200 5250
190.171.141.90 - - [23/Aug/2021:13:03:27 -0300] "POST /cormun/servlet/solicitudot?gx-no-cache=1629730380563 HTTP/1.1" 200 40
190.171.141.90 - - [23/Aug/2021:13:03:27 -0300] "GET /cormun/servlet/solicitudot?56fb5e0956d433081ccaffa4da4423d2a49671b94694d00911b8e00c2376079bf4b3849e44d70bf73c302a94c770d597549a143d975d1c1fe554dbf6bfff6e02c3f3515931d1060953976f0361b61657d4988fd55961fcfe4ca25882133143e0d04ed4cbbeb0e93d624eeb0b027b4786,gx-no-cache=1629730380741 HTTP/1.1" 200 110
190.171.141.90 - - [23/Aug/2021:13:03:27 -0300] "POST /cormun/servlet/solicitudot?gx-no-cache=1629730380848 HTTP/1.1" 200 105
190.171.141.90 - - [23/Aug/2021:13:03:27 -0300] "GET /cormun/servlet/solicitudot?56fb5e0956d433081ccaffa4da4423d2b5f6e655458fba615273086a643a58f541826f23c161948437f9a2dba2d52c91,gx-no-cache=1629730380920 HTTP/1.1" 200 30
190.171.141.90 - - [23/Aug/2021:13:03:27 -0300] "POST /cormun/servlet/solicitudot?gx-no-cache=1629730380987 HTTP/1.1" 200 34
190.171.141.90 - - [23/Aug/2021:13:03:27 -0300] "POST /cormun/servlet/solicitudot?436cc686eee9442a308004be745d7b8d,INS,0,0,false,,gx-no-cache=1629730381052 HTTP/1.1" 200 12707
190.171.141.90 - - [23/Aug/2021:13:03:31 -0300] "GET /cormun/servlet/prbanco?,MD,,gxPopupLevel%3D0%3B HTTP/1.1" 200 6520
192.168.10.78 - - [23/Aug/2021:13:03:33 -0300] "GET /cormun/servlet/trconsultaeventos? HTTP/1.1" 200 15544
192.168.10.78 - - [23/Aug/2021:13:03:33 -0300] "GET /cormun/static/gxcfg.js?20201216165983 HTTP/1.1" 200 953
192.168.10.78 - - [23/Aug/2021:13:03:33 -0300] "GET /cormun/static/trconsultaeventos.js?20201216171545 HTTP/1.1" 200 29088
192.168.10.78 - - [23/Aug/2021:13:03:34 -0300] "GET /cormun/servlet/trconsultaeventos? HTTP/1.1" 200 15543
190.171.141.90 - - [23/Aug/2021:13:03:37 -0300] "GET /cormun/servlet/solicitudot?56fb5e0956d433081ccaffa4da4423d21e4acb0e63100da08ebd3e6282ae2767,gx-no-cache=1629730390992 HTTP/1.1" 200 60
192.168.10.78 - - [23/Aug/2021:13:03:45 -0300] "POST /cormun/servlet/trconsultaeventos?2a1d02e2d89a9ceab254f25792c47700,,gx-no-cache=1629733861821 HTTP/1.1" 200 13563
190.171.141.90 - - [23/Aug/2021:13:03:50 -0300] "POST /cormun/servlet/solicitudot?gx-no-cache=1629730404206 HTTP/1.1" 200 240
190.171.141.90 - - [23/Aug/2021:13:03:50 -0300] "GET /cormun/servlet/solicitudot?56fb5e0956d433081ccaffa4da4423d28cf1fe7098031303782b595aa379ed10c50834e2c72c28ebce5b4462cbcc5215a9ab0931bbf8e19254f8d7a61609f8c4833f728c0723a2aac3985596b95d60deec0ae8ae7f1ebd6699a5c0766b9e6a0fea72ea5aa776369a53c1c4d4b2ba011e690c5f214a5a176f1372111218b4ee687d3341bab47bc14398e665d6671d68ecdf6802e17ec303bfe509d4c7665c754dc54893ca2a7f295cab446f1eacce415d6e000c4f21ad68185ff7d3935ea459cd8b500bc5c336317917d7f915e5353adf844451bc8a65b23e58636c35157832acfcad90a4401759ea3e5db82ec0ae6f2524b949bbff532b9b6807791b215671646e0d4216591a30618afd2e1d77fe846cf6f9ce95aeb0e6194132687cc951f44d44ecd4f95fe9440ac566228b50d5ac8887dd8f01948009f0057e7a861921ab29ec26a09e10d010bd70fd9231d468ff9f8569e52bff65f72d49d90758964929cdf1765ae180fefdee14095468b432cd50f18ce14b4a2c800e6b6939099cb17df7,gx-no-cache=1629730404236 HTTP/1.1" 200 30
190.171.141.90 - - [23/Aug/2021:13:03:50 -0300] "POST /cormun/servlet/solicitudot?gx-no-cache=1629730404261 HTTP/1.1" 200 30
190.171.141.90 - - [23/Aug/2021:13:03:50 -0300] "POST /cormun/servlet/solicitudot?gx-no-cache=1629730404291 HTTP/1.1" 200 1442
190.171.141.90 - - [23/Aug/2021:13:03:50 -0300] "POST /cormun/servlet/solicitudot?gx-no-cache=1629730404397 HTTP/1.1" 200 40
190.171.141.90 - - [23/Aug/2021:13:03:50 -0300] "GET /cormun/servlet/solicitudot?56fb5e0956d433081ccaffa4da4423d2a49671b94694d00911b8e00c2376079bf4b3849e44d70bf73c302a94c770d597549a143d975d1c1fe554dbf6bfff6e02c3f3515931d1060953976f0361b61657d4988fd55961fcfe4ca25882133143e0d04ed4cbbeb0e93d624eeb0b027b4786,gx-no-cache=1629730404427 HTTP/1.1" 200 110
190.171.141.90 - - [23/Aug/2021:13:03:50 -0300] "POST /cormun/servlet/solicitudot?gx-no-cache=1629730404463 HTTP/1.1" 200 105
190.171.141.90 - - [23/Aug/2021:13:03:50 -0300] "GET /cormun/servlet/solicitudot?56fb5e0956d433081ccaffa4da4423d2b5f6e655458fba615273086a643a58f541826f23c161948437f9a2dba2d52c91,gx-no-cache=1629730404497 HTTP/1.1" 200 30
190.171.141.90 - - [23/Aug/2021:13:03:51 -0300] "POST /cormun/servlet/solicitudot?gx-no-cache=1629730404529 HTTP/1.1" 200 34
190.171.141.90 - - [23/Aug/2021:13:03:51 -0300] "POST /cormun/servlet/solicitudot?436cc686eee9442a308004be745d7b8d,INS,0,0,false,,gx-no-cache=1629730404571 HTTP/1.1" 200 93
190.171.141.90 - - [23/Aug/2021:13:03:51 -0300] "GET /cormun/servlet/hpexe_return? HTTP/1.1" 200 1006
190.171.141.90 - - [23/Aug/2021:13:03:51 -0300] "GET /cormun/servlet/trsolicitudot? HTTP/1.1" 200 8639
190.171.141.90 - - [23/Aug/2021:13:03:52 -0300] "GET /cormun/servlet/trsolicitudot? HTTP/1.1" 200 8635
190.171.141.90 - - [23/Aug/2021:13:03:56 -0300] "POST /cormun/servlet/trsolicitudot?436cc686eee9442a308004be745d7b8d,,gx-no-cache=1629730409473 HTTP/1.1" 200 4583
190.171.141.90 - - [23/Aug/2021:13:03:56 -0300] "GET /cormun/static/Shared/jqueryui/images/ui-bg_highlight-soft_100_c6c2c8_1x100.png HTTP/1.1" 404 1117
190.171.141.90 - - [23/Aug/2021:13:03:56 -0300] "GET /cormun/static/Shared/jqueryui/images/ui-icons_82798d_256x240.png HTTP/1.1" 404 1089
190.171.141.90 - - [23/Aug/2021:13:03:56 -0300] "GET /cormun/static/Shared/jqueryui/images/ui-icons_8d78a5_256x240.png HTTP/1.1" 404 1089
190.171.141.90 - - [23/Aug/2021:13:03:56 -0300] "GET /cormun/static/Shared/jqueryui/images/ui-bg_flat_55_fafafa_40x100.png HTTP/1.1" 404 1097
190.171.141.90 - - [23/Aug/2021:13:03:56 -0300] "POST /cormun/servlet/trsolicitudot?436cc686eee9442a308004be745d7b8d,,gx-no-cache=1629730409676 HTTP/1.1" 200 4323
190.171.141.90 - - [23/Aug/2021:13:04:00 -0300] "POST /cormun/servlet/trsolicitudot?436cc686eee9442a308004be745d7b8d,,gx-no-cache=1629730413959 HTTP/1.1" 200 6635
192.168.10.78 - - [23/Aug/2021:13:04:23 -0300] "GET /cormun/servlet/trsolicitudgral? HTTP/1.1" 200 8304
192.168.10.78 - - [23/Aug/2021:13:04:23 -0300] "GET /cormun/servlet/trsolicitudgral? HTTP/1.1" 200 8303
192.168.10.78 - - [23/Aug/2021:13:04:30 -0300] "POST /cormun/servlet/trsolicitudgral?2a1d02e2d89a9ceab254f25792c47700,,gx-no-cache=1629733906087 HTTP/1.1" 200 26574
192.168.10.78 - - [23/Aug/2021:13:04:42 -0300] "POST /cormun/servlet/trsolicitudgral?2a1d02e2d89a9ceab254f25792c47700,,gx-no-cache=1629733918178 HTTP/1.1" 200 26808
192.168.10.78 - - [23/Aug/2021:13:04:44 -0300] "POST /cormun/servlet/trsolicitudgral?2a1d02e2d89a9ceab254f25792c47700,,gx-no-cache=1629733920135 HTTP/1.1" 200 18801
192.168.10.78 - - [23/Aug/2021:13:05:34 -0300] "POST /cormun/servlet/trsolicitudgral?2a1d02e2d89a9ceab254f25792c47700,,gx-no-cache=1629733970125 HTTP/1.1" 200 26807
192.168.10.78 - - [23/Aug/2021:13:05:37 -0300] "POST /cormun/servlet/trsolicitudgral?2a1d02e2d89a9ceab254f25792c47700,,gx-no-cache=1629733973029 HTTP/1.1" 200 26574
192.168.10.78 - - [23/Aug/2021:13:06:10 -0300] "GET /cormun/servlet/trsolicitudgral? HTTP/1.1" 200 28990
192.168.10.78 - - [23/Aug/2021:13:06:11 -0300] "GET /cormun/servlet/trsolicitudgral? HTTP/1.1" 200 28990
