186.103.156.166 - - [05/Aug/2021:12:03:09 -0300] "POST /cormun/servlet/solicitudot?gx-no-cache=1628175165475 HTTP/1.1" 200 40
186.103.156.166 - - [05/Aug/2021:12:03:09 -0300] "GET /cormun/servlet/solicitudot?65ced87f5d5961b6742e79005bff73a15f750aba771273b0943211219c13f3ebec941a8ecadb9a8d67edc4411ebe50184182bbf3000228a4663ddfea53c97376cd2108196dc151c26963bb535010be160189e0722ff5131f27a8e0efc5a65478b9a58358e2f5261eedb2111d7d5a3f03,gx-no-cache=1628175165523 HTTP/1.1" 200 110
186.103.156.166 - - [05/Aug/2021:12:03:09 -0300] "POST /cormun/servlet/solicitudot?gx-no-cache=1628175165573 HTTP/1.1" 200 79
186.103.156.166 - - [05/Aug/2021:12:03:09 -0300] "GET /cormun/servlet/solicitudot?65ced87f5d5961b6742e79005bff73a18b2afcc90f37a507906fffca19dec1dd3f9ff7745237dc1976a3fd1772cf3428,gx-no-cache=1628175165628 HTTP/1.1" 200 30
186.103.156.166 - - [05/Aug/2021:12:03:09 -0300] "POST /cormun/servlet/solicitudot?gx-no-cache=1628175165672 HTTP/1.1" 200 34
186.103.156.166 - - [05/Aug/2021:12:03:10 -0300] "POST /cormun/servlet/solicitudot?d85bafd60294f17cb33c10b9a3f539ec,INS,0,0,false,,gx-no-cache=1628175165738 HTTP/1.1" 200 93
186.103.156.166 - - [05/Aug/2021:12:03:10 -0300] "GET /cormun/servlet/hpexe_return? HTTP/1.1" 200 1009
186.103.156.166 - - [05/Aug/2021:12:03:10 -0300] "GET /cormun/servlet/trsolicitudot HTTP/1.1" 200 8731
186.103.156.166 - - [05/Aug/2021:12:03:11 -0300] "GET /cormun/servlet/trsolicitudot HTTP/1.1" 200 8729
186.103.156.166 - - [05/Aug/2021:12:05:03 -0300] "POST /cormun/servlet/trsolicitudot?d85bafd60294f17cb33c10b9a3f539ec,gx-no-cache=1628175279144 HTTP/1.1" 200 6014
190.171.141.82 - - [05/Aug/2021:12:09:56 -0300] "GET /cormun/servlet/hlogin HTTP/1.1" 200 1745
190.171.141.82 - - [05/Aug/2021:12:09:59 -0300] "GET /cormun/servlet/hlogin HTTP/1.1" 200 1737
190.171.144.234 - - [05/Aug/2021:12:10:18 -0300] "POST /cormun/servlet/solicitudot?gx-no-cache=1628175593701 HTTP/1.1" 200 30
190.171.152.234 - - [05/Aug/2021:12:10:28 -0300] "POST /cormun/servlet/solicitudot?gx-no-cache=1628171950352 HTTP/1.1" 200 1440
190.171.152.234 - - [05/Aug/2021:12:10:28 -0300] "POST /cormun/servlet/solicitudot?gx-no-cache=1628171950407 HTTP/1.1" 200 38
192.168.10.163 - - [05/Aug/2021:12:10:36 -0300] "GET /cormun/servlet/trsolicitudgral? HTTP/1.1" 500 10
192.168.10.163 - - [05/Aug/2021:12:10:41 -0300] "GET /cormun/servlet/hlogin HTTP/1.1" 200 1732
192.168.10.163 - - [05/Aug/2021:12:10:44 -0300] "POST /cormun/servlet/hlogin?75dfd4bf0c398c766dd38687cee0c472,gx-no-cache=1628175483637 HTTP/1.1" 200 90
192.168.10.163 - - [05/Aug/2021:12:10:44 -0300] "GET /cormun/servlet/hpexe_link HTTP/1.1" 200 959
192.168.10.163 - - [05/Aug/2021:12:10:44 -0300] "GET /cormun/servlet/hhome HTTP/1.1" 200 3763
192.168.10.163 - - [05/Aug/2021:12:10:44 -0300] "GET /cormun/servlet/hhome HTTP/1.1" 200 3760
192.168.10.163 - - [05/Aug/2021:12:10:46 -0300] "GET /cormun/servlet/trsolicitudgral? HTTP/1.1" 200 21876
192.168.10.163 - - [05/Aug/2021:12:10:46 -0300] "GET /cormun/servlet/trsolicitudgral? HTTP/1.1" 200 21874
192.168.10.163 - - [05/Aug/2021:12:10:50 -0300] "POST /cormun/servlet/trsolicitudgral?75dfd4bf0c398c766dd38687cee0c472,,gx-no-cache=1628175489664 HTTP/1.1" 200 5257
190.171.144.234 - - [05/Aug/2021:12:10:51 -0300] "GET /cormun/servlet/prcontratosol?13776741,,,,,MD,,gxPopupLevel%3D0%3B HTTP/1.1" 200 9881
190.171.144.234 - - [05/Aug/2021:12:10:51 -0300] "GET /cormun/static/gxcfg.js?2019914201458 HTTP/1.1" 200 953
190.171.144.234 - - [05/Aug/2021:12:10:51 -0300] "GET /cormun/static/prcontratosol.js?20199142014772 HTTP/1.1" 200 15806
192.168.10.163 - - [05/Aug/2021:12:10:54 -0300] "POST /cormun/servlet/trsolicitudgral?75dfd4bf0c398c766dd38687cee0c472,,gx-no-cache=1628175494013 HTTP/1.1" 200 5257
190.171.144.234 - - [05/Aug/2021:12:10:56 -0300] "POST /cormun/servlet/solicitudot?gx-no-cache=1628175631677 HTTP/1.1" 200 1522
190.171.144.234 - - [05/Aug/2021:12:10:56 -0300] "POST /cormun/servlet/solicitudot?gx-no-cache=1628175631740 HTTP/1.1" 200 121
190.171.144.234 - - [05/Aug/2021:12:10:56 -0300] "GET /cormun/servlet/solicitudot?95003c1c4b930d0b15bfd0181420667b33a69c15ee8b4d536dcf8342097bf7c89e8825f0e2b9802ae6dc441f1447b90d29e3ce4c69c0ca1f0bffc3e8ca83c3e59c2ba99c095bf2a992730dc4e7dc9929feeafd9bbaa2f9622e5de3bb07d23470875ed5c863b95d9e1385e0733c67828e,gx-no-cache=1628175631778 HTTP/1.1" 200 110
192.168.10.163 - - [05/Aug/2021:12:10:56 -0300] "POST /cormun/servlet/trsolicitudgral?75dfd4bf0c398c766dd38687cee0c472,,gx-no-cache=1628175496395 HTTP/1.1" 200 5257
190.171.144.234 - - [05/Aug/2021:12:10:56 -0300] "GET /cormun/servlet/solicitudot?95003c1c4b930d0b15bfd0181420667ba91082eebe54234ca2ec4e83e9df56c5520149fc735c8bb76d97ef4db686ba6f,gx-no-cache=1628175631809 HTTP/1.1" 200 30
192.168.10.163 - - [05/Aug/2021:12:10:57 -0300] "POST /cormun/servlet/trsolicitudgral?75dfd4bf0c398c766dd38687cee0c472,,gx-no-cache=1628175496643 HTTP/1.1" 200 5257
192.168.10.163 - - [05/Aug/2021:12:10:57 -0300] "POST /cormun/servlet/trsolicitudgral?75dfd4bf0c398c766dd38687cee0c472,,gx-no-cache=1628175496841 HTTP/1.1" 200 5257
190.171.152.234 - - [05/Aug/2021:12:11:07 -0300] "GET /cormun/servlet/solicitudot?6f80d3d0155020dda3f1c7251d37a2ab6ce490a77dc0a837d046858720f3ec09bdca81e0536c512bcdbdd018d60422e199c7cad32146265eb61f6d63ae2277b22e736d4524c680fbc0644a25024e92ea79e002058d9ffffe7f990385ca7c3be876411b22e7029a5b8675c26d410e5970,gx-no-cache=1628171989933 HTTP/1.1" 200 110
190.171.152.234 - - [05/Aug/2021:12:12:40 -0300] "POST /cormun/servlet/solicitudot?gx-no-cache=1628172082134 HTTP/1.1" 200 91
190.171.152.114 - - [05/Aug/2021:12:12:41 -0300] "GET /cormun/servlet/solicitudot?663d70abbdc01d3053d721b2ff520f63356471016d5cdc414a52a19eb9dab60e143c307e15b24af862d5c46ab113942ccf1d52f002b7dec136c9584b5c32d7a6fdaf3896b7643f19a0a31751e0a61f34,gx-no-cache=1628175736909 HTTP/1.1" 440 972
190.171.152.114 - - [05/Aug/2021:12:12:43 -0300] "GET /cormun/servlet/solicitudot?INS,0,0,false, HTTP/1.1" 200 14690
190.171.152.114 - - [05/Aug/2021:12:12:43 -0300] "GET /cormun/servlet/hlogin HTTP/1.1" 200 1748
190.171.152.114 - - [05/Aug/2021:12:12:43 -0300] "GET /cormun/servlet/solicitudot?INS,0,0,false, HTTP/1.1" 200 14690
190.171.152.114 - - [05/Aug/2021:12:13:04 -0300] "POST /cormun/servlet/hlogin?b3b7aa6e273b951d29b6e15dbe61551a,gx-no-cache=1628175760575 HTTP/1.1" 200 90
190.171.152.114 - - [05/Aug/2021:12:13:04 -0300] "GET /cormun/servlet/hpexe_link HTTP/1.1" 200 964
190.171.152.114 - - [05/Aug/2021:12:13:04 -0300] "GET /cormun/servlet/solicitudot?INS,0,0,false, HTTP/1.1" 200 15678
190.171.152.114 - - [05/Aug/2021:12:13:05 -0300] "GET /cormun/servlet/solicitudot?INS,0,0,false, HTTP/1.1" 200 15685
190.171.152.234 - - [05/Aug/2021:12:13:13 -0300] "GET /cormun/servlet/solicitudot?6f80d3d0155020dda3f1c7251d37a2ab5ba94a34bf3899639d50d5a22d433fd7a90e5dbdb3c8072e5813be22bc51ed241863ef785e2f50d6769fb9b835fbf5291dac317c049d6126807dfe82f03ec7ca9708f9f32fc8b4d321225f8491e591239ac182edc578d09267fe624622c2c877,gx-no-cache=1628172115190 HTTP/1.1" 200 29
190.171.152.234 - - [05/Aug/2021:12:13:13 -0300] "GET /cormun/static/menuarrow.gif HTTP/1.1" 404 1015
190.171.152.114 - - [05/Aug/2021:12:13:20 -0300] "POST /cormun/servlet/solicitudot?gx-no-cache=1628175776113 HTTP/1.1" 200 3707
190.171.152.114 - - [05/Aug/2021:12:13:20 -0300] "POST /cormun/servlet/solicitudot?b3b7aa6e273b951d29b6e15dbe61551a,INS,0,0,false,,gx-no-cache=1628175776228 HTTP/1.1" 200 12214
190.171.152.114 - - [05/Aug/2021:12:13:21 -0300] "GET /cormun/servlet/solicitudot?b483f309e70ff2fa45ca626d30a78417711cd8d9b90fc1782278bd984711154746d3e10a82681ea34c0f4c0392992f6d,gx-no-cache=1628175776967 HTTP/1.1" 200 30
190.171.152.234 - - [05/Aug/2021:12:13:33 -0300] "GET /cormun/servlet/solicitudot?6f80d3d0155020dda3f1c7251d37a2ab4492d9975fdf78f8db0084e5c4e24578b06e5afebdb5df4cfe65d02a743d202c,gx-no-cache=1628172135139 HTTP/1.1" 200 30
190.171.152.114 - - [05/Aug/2021:12:14:39 -0300] "GET /cormun/servlet/solicitudot?b483f309e70ff2fa45ca626d30a784175d64d5bc7fcaec7ff5ced0d7c8fefedb,gx-no-cache=1628175855223 HTTP/1.1" 200 94
190.171.152.114 - - [05/Aug/2021:12:14:39 -0300] "GET /cormun/static/Shared/jqueryui/images/ui-bg_highlight-soft_100_c6c2c8_1x100.png HTTP/1.1" 404 1117
190.171.152.114 - - [05/Aug/2021:12:14:39 -0300] "GET /cormun/static/Shared/jqueryui/images/ui-bg_flat_55_994d53_40x100.png HTTP/1.1" 404 1097
190.171.152.114 - - [05/Aug/2021:12:14:39 -0300] "GET /cormun/static/Shared/jqueryui/images/ui-icons_82798d_256x240.png HTTP/1.1" 404 1089
190.171.152.114 - - [05/Aug/2021:12:14:39 -0300] "GET /cormun/static/Shared/jqueryui/images/ui-icons_ebccce_256x240.png HTTP/1.1" 404 1089
190.171.152.114 - - [05/Aug/2021:12:14:52 -0300] "GET /cormun/servlet/solicitudot?b483f309e70ff2fa45ca626d30a784173caa6f490efe07dc4fbd9fe264449228549ddd2ec8be379ded03ec55c3fca1df5d69e6ccdb029d641b9b9084cc787e7cc042d9473bfd415cd553435baec0ec2c,gx-no-cache=1628175867892 HTTP/1.1" 200 30
190.171.152.114 - - [05/Aug/2021:12:14:58 -0300] "GET /cormun/servlet/solicitudot?b483f309e70ff2fa45ca626d30a78417d5b507685ab4ae632fd00e539d001825,gx-no-cache=1628175874376 HTTP/1.1" 200 29
190.171.152.114 - - [05/Aug/2021:12:14:59 -0300] "GET /cormun/servlet/prbanco?,MD,,gxPopupLevel%3D0%3B HTTP/1.1" 200 6586
190.171.152.114 - - [05/Aug/2021:12:15:03 -0300] "GET /cormun/servlet/solicitudot?b483f309e70ff2fa45ca626d30a784174a9c1e7c4b92f7bca3acbc2d41fd4f7c,gx-no-cache=1628175879848 HTTP/1.1" 200 53
190.171.152.234 - - [05/Aug/2021:12:15:19 -0300] "POST /cormun/servlet/solicitudot?gx-no-cache=1628172241380 HTTP/1.1" 200 30
190.171.152.234 - - [05/Aug/2021:12:15:19 -0300] "POST /cormun/servlet/solicitudot?165f32be870cb750b6ff98cf53838f90,INS,0,0,false,,gx-no-cache=1628172241419 HTTP/1.1" 200 93
190.171.152.234 - - [05/Aug/2021:12:15:19 -0300] "GET /cormun/servlet/hpexe_return? HTTP/1.1" 200 1006
190.171.152.234 - - [05/Aug/2021:12:15:19 -0300] "GET /cormun/static/gxcfg.js?201991422392976 HTTP/1.1" 200 953
190.171.152.234 - - [05/Aug/2021:12:15:19 -0300] "GET /cormun/static/hpexe_return.js?201991422392984 HTTP/1.1" 200 1633
190.171.152.234 - - [05/Aug/2021:12:15:19 -0300] "GET /cormun/servlet/trsolicitudot HTTP/1.1" 200 8900
190.171.152.234 - - [05/Aug/2021:12:15:20 -0300] "GET /cormun//static/Resources/PXToolsActionView.png HTTP/1.1" 200 398
190.171.152.234 - - [05/Aug/2021:12:15:20 -0300] "GET /cormun//static/Resources/PXToolsGridUpdate.png HTTP/1.1" 200 470
190.171.152.234 - - [05/Aug/2021:12:15:20 -0300] "GET /cormun//static/Resources/PXToolsRemoveAllAction.png HTTP/1.1" 200 487
190.171.152.234 - - [05/Aug/2021:12:15:20 -0300] "GET /cormun//static/Resources/PXToolsGridDelete.png HTTP/1.1" 200 538
190.171.152.234 - - [05/Aug/2021:12:15:20 -0300] "GET /cormun/servlet/trsolicitudot HTTP/1.1" 200 8896
190.171.152.114 - - [05/Aug/2021:12:15:43 -0300] "POST /cormun/servlet/solicitudot?gx-no-cache=1628175919075 HTTP/1.1" 200 297
190.171.152.114 - - [05/Aug/2021:12:15:43 -0300] "GET /cormun/servlet/solicitudot?b483f309e70ff2fa45ca626d30a78417fd18b943569e048b2132c1757eab851aa17588fd4cdd072c3f577030b348fb72bf95414dab03d82361f856b29502177e0998823b1a5d5300726e8b99eb05fd4fdb107086ea781e34de263fcb8cb36a3d6ba3c237cd8cfaa4a779fc5d1b1ef1aa45348dc22335208279771d9e671bd52dc5f5b64089ef8b0f7a04449b714df077e1d617abb606dbf947fb738f01167b0dbde18c06d6ac6f37d2c2745bb0c54c44936fd1a9be341b4c70c025f57452b0e7b54fec8550185a92fa933946722cdeba04856af4e1683b6565c8a93e4e4400578aa1c37829cd2e0591e648e88a9137c9bcea2d7277cd027ee1e367ec0355878e3a55c402f4f306afa8b5d0db9d6902c57ff8a23e1536c09d9f163fd298f9d26b5651638067e2377026cb4765405cd5a4b6f520c7f6a6b6f2aa749efafa61ec1b77b93fc69a2f46d822a1b6c877a54f832ae625a71e493fb5d639ec99b7e276851e261be016426842a27ef3e048c547d638a694c82bc5175f906d652c1f104c4ce194c42f0fe1c5cd2c4cbacd2f92d5ad,gx-no-cache=1628175919126 HTTP/1.1" 200 30
190.171.152.114 - - [05/Aug/2021:12:15:47 -0300] "POST /cormun/servlet/solicitudot?gx-no-cache=1628175923087 HTTP/1.1" 200 30
190.171.152.114 - - [05/Aug/2021:12:15:53 -0300] "POST /cormun/servlet/solicitudot?gx-no-cache=1628175929458 HTTP/1.1" 200 1438
190.171.152.114 - - [05/Aug/2021:12:15:53 -0300] "POST /cormun/servlet/solicitudot?gx-no-cache=1628175929488 HTTP/1.1" 200 38
190.171.152.114 - - [05/Aug/2021:12:16:59 -0300] "GET /cormun/servlet/solicitudot?b483f309e70ff2fa45ca626d30a78417b1dd6c7904179d2050df7211e8e26a2f01db53883f2b2507ac083def07b1256b7bcc61c43726bfba820c15ef18049bf9ca50c22e5abb3bede4c7521a5c377a36d856c3dc8f0adb2f83a7c4c12cb6ec13ea50798df873e3059ae030698f5b96d0,gx-no-cache=1628175995607 HTTP/1.1" 200 110
186.67.172.234 - - [05/Aug/2021:12:17:54 -0300] "GET /cormun/servlet/trlicencias? HTTP/1.1" 200 6047
186.67.172.234 - - [05/Aug/2021:12:17:54 -0300] "GET /cormun/servlet/hlogin HTTP/1.1" 200 1745
186.67.172.234 - - [05/Aug/2021:12:17:54 -0300] "GET /cormun/servlet/trlicencias? HTTP/1.1" 200 6041
186.67.172.234 - - [05/Aug/2021:12:18:04 -0300] "POST /cormun/servlet/hlogin?73f61aff62e91adbb05b0218dd1d65d6,gx-no-cache=1628176060576 HTTP/1.1" 200 90
186.67.172.234 - - [05/Aug/2021:12:18:04 -0300] "GET /cormun/servlet/hpexe_link HTTP/1.1" 200 959
186.67.172.234 - - [05/Aug/2021:12:18:05 -0300] "GET /cormun/servlet/trlicencias HTTP/1.1" 200 14063
186.67.172.234 - - [05/Aug/2021:12:18:05 -0300] "GET /cormun/servlet/trlicencias HTTP/1.1" 200 14050
190.171.152.114 - - [05/Aug/2021:12:19:03 -0300] "POST /cormun/servlet/solicitudot?gx-no-cache=1628176119193 HTTP/1.1" 200 83
190.171.152.114 - - [05/Aug/2021:12:19:12 -0300] "GET /cormun/servlet/solicitudot?b483f309e70ff2fa45ca626d30a784179bc5c5393989a5b12741b109f9e40a6d58f597973643ab4bd6e04ccaf1d3cef06f735528eea6ee484ef9c90574207d4a8c9544ec2e448a20757b127e7edd3f5242d0ea464d267a10aed34fe1cb23cb6e1098d292b78656015c0d33969e2ecd93,gx-no-cache=1628176128575 HTTP/1.1" 200 29
190.171.152.114 - - [05/Aug/2021:12:19:12 -0300] "GET /cormun/static/menuarrow.gif HTTP/1.1" 404 1015
190.171.152.114 - - [05/Aug/2021:12:19:16 -0300] "GET /cormun/servlet/solicitudot?b483f309e70ff2fa45ca626d30a78417c78f22b4e5c7c678952e8b4c5616a9a5e0a8de51be5005011ad0ce20794e1148,gx-no-cache=1628176132822 HTTP/1.1" 200 30
190.171.152.114 - - [05/Aug/2021:12:19:22 -0300] "POST /cormun/servlet/solicitudot?gx-no-cache=1628176138135 HTTP/1.1" 200 30
190.171.152.114 - - [05/Aug/2021:12:19:24 -0300] "POST /cormun/servlet/solicitudot?b3b7aa6e273b951d29b6e15dbe61551a,INS,0,0,false,,gx-no-cache=1628176140346 HTTP/1.1" 200 93
190.171.152.114 - - [05/Aug/2021:12:19:24 -0300] "GET /cormun/servlet/hpexe_return? HTTP/1.1" 200 1007
190.171.152.114 - - [05/Aug/2021:12:19:24 -0300] "GET /cormun/servlet/hhome HTTP/1.1" 200 4303
190.171.152.114 - - [05/Aug/2021:12:19:25 -0300] "GET /cormun/servlet/hhome HTTP/1.1" 200 4297
190.171.152.114 - - [05/Aug/2021:12:19:32 -0300] "GET /cormun/servlet/trsolicitudot? HTTP/1.1" 200 8944
190.171.152.114 - - [05/Aug/2021:12:19:32 -0300] "GET /cormun/servlet/trsolicitudot? HTTP/1.1" 200 8942
190.171.144.234 - - [05/Aug/2021:12:20:06 -0300] "GET /cormun/servlet/prcontratosol?13776741,,,,,MD,,gxPopupLevel%3D0%3B HTTP/1.1" 200 9884
190.171.144.234 - - [05/Aug/2021:12:20:18 -0300] "POST /cormun/servlet/solicitudot?gx-no-cache=1628176193242 HTTP/1.1" 200 30
190.171.144.234 - - [05/Aug/2021:12:20:18 -0300] "POST /cormun/servlet/solicitudot?gx-no-cache=1628176193321 HTTP/1.1" 200 1522
190.171.144.234 - - [05/Aug/2021:12:20:18 -0300] "POST /cormun/servlet/solicitudot?gx-no-cache=1628176193376 HTTP/1.1" 200 121
190.171.144.234 - - [05/Aug/2021:12:20:18 -0300] "GET /cormun/servlet/solicitudot?95003c1c4b930d0b15bfd0181420667b33a69c15ee8b4d536dcf8342097bf7c89e8825f0e2b9802ae6dc441f1447b90d29e3ce4c69c0ca1f0bffc3e8ca83c3e59c2ba99c095bf2a992730dc4e7dc9929feeafd9bbaa2f9622e5de3bb07d23470875ed5c863b95d9e1385e0733c67828e,gx-no-cache=1628176193401 HTTP/1.1" 200 110
190.171.144.234 - - [05/Aug/2021:12:20:18 -0300] "GET /cormun/servlet/solicitudot?95003c1c4b930d0b15bfd0181420667bfe5e1d290a1250ea178287b47bb96814577ff1ccac812210f69aefac05c1e706,gx-no-cache=1628176193428 HTTP/1.1" 200 134
191.119.45.114 - - [05/Aug/2021:12:22:46 -0300] "GET /cormun/servlet/hlogin HTTP/1.1" 200 1728
191.119.45.114 - - [05/Aug/2021:12:22:50 -0300] "POST /cormun/servlet/hlogin?522cbc5ca332a1268d44f39ae26787ad,gx-no-cache=1628176345653 HTTP/1.1" 200 90
191.119.45.114 - - [05/Aug/2021:12:22:50 -0300] "GET /cormun/servlet/hpexe_link HTTP/1.1" 200 956
191.119.45.114 - - [05/Aug/2021:12:22:51 -0300] "GET /cormun/servlet/hhome HTTP/1.1" 200 4349
191.119.45.114 - - [05/Aug/2021:12:22:53 -0300] "GET /cormun/servlet/hhome HTTP/1.1" 200 4348
191.119.45.114 - - [05/Aug/2021:12:23:04 -0300] "GET /cormun/servlet/trlicencias? HTTP/1.1" 200 10558
191.119.45.114 - - [05/Aug/2021:12:23:06 -0300] "GET /cormun/servlet/trlicencias? HTTP/1.1" 200 10556
191.119.45.114 - - [05/Aug/2021:12:23:09 -0300] "POST /cormun/servlet/trlicencias?522cbc5ca332a1268d44f39ae26787ad,,gx-no-cache=1628176363865 HTTP/1.1" 200 7975
191.119.45.114 - - [05/Aug/2021:12:23:17 -0300] "POST /cormun/servlet/trlicencias?522cbc5ca332a1268d44f39ae26787ad,,gx-no-cache=1628176372234 HTTP/1.1" 200 16152
191.119.45.114 - - [05/Aug/2021:12:25:46 -0300] "POST /cormun/servlet/trlicencias?522cbc5ca332a1268d44f39ae26787ad,,gx-no-cache=1628176520832 HTTP/1.1" 200 6236
191.119.45.114 - - [05/Aug/2021:12:26:26 -0300] "POST /cormun/servlet/trlicencias?522cbc5ca332a1268d44f39ae26787ad,,gx-no-cache=1628176560470 HTTP/1.1" 200 16634
191.119.45.114 - - [05/Aug/2021:12:29:36 -0300] "POST /cormun/servlet/trlicencias?522cbc5ca332a1268d44f39ae26787ad,,gx-no-cache=1628176750554 HTTP/1.1" 200 6236
190.171.144.234 - - [05/Aug/2021:12:32:09 -0300] "POST /cormun/servlet/solicitudot?gx-no-cache=1628176904095 HTTP/1.1" 200 1440
190.171.144.234 - - [05/Aug/2021:12:32:26 -0300] "POST /cormun/servlet/solicitudot?gx-no-cache=1628176921517 HTTP/1.1" 200 41
190.171.144.234 - - [05/Aug/2021:12:32:26 -0300] "GET /cormun/servlet/solicitudot?95003c1c4b930d0b15bfd0181420667b33a69c15ee8b4d536dcf8342097bf7c89e8825f0e2b9802ae6dc441f1447b90d29e3ce4c69c0ca1f0bffc3e8ca83c3e59c2ba99c095bf2a992730dc4e7dc9929feeafd9bbaa2f9622e5de3bb07d23470875ed5c863b95d9e1385e0733c67828e,gx-no-cache=1628176921645 HTTP/1.1" 200 110
190.171.144.234 - - [05/Aug/2021:12:32:26 -0300] "POST /cormun/servlet/solicitudot?gx-no-cache=1628176921699 HTTP/1.1" 200 97
190.171.144.234 - - [05/Aug/2021:12:32:38 -0300] "GET /cormun/servlet/solicitudot?95003c1c4b930d0b15bfd0181420667b33a69c15ee8b4d536dcf8342097bf7c89e8825f0e2b9802ae6dc441f1447b90d29e3ce4c69c0ca1f0bffc3e8ca83c3e59c2ba99c095bf2a992730dc4e7dc9929feeafd9bbaa2f9622e5de3bb07d23470875ed5c863b95d9e1385e0733c67828e,gx-no-cache=1628176933518 HTTP/1.1" 200 110
190.171.152.114 - - [05/Aug/2021:12:32:46 -0300] "POST /cormun/servlet/trsolicitudot?b3b7aa6e273b951d29b6e15dbe61551a,,gx-no-cache=1628176942709 HTTP/1.1" 200 107
190.171.152.114 - - [05/Aug/2021:12:32:47 -0300] "GET /cormun/servlet/trsolicitudadjuntos?2021,17350, HTTP/1.1" 200 6400
190.171.152.114 - - [05/Aug/2021:12:32:47 -0300] "GET /cormun/servlet/trsolicitudadjuntos?2021,17350, HTTP/1.1" 200 6399
190.171.152.114 - - [05/Aug/2021:12:32:50 -0300] "GET /cormun/servlet/solicitudotadjuntos?INS,2021,17350,,1, HTTP/1.1" 200 6347
190.171.152.114 - - [05/Aug/2021:12:32:50 -0300] "GET /cormun/static/about:blank HTTP/1.1" 404 1011
190.171.152.114 - - [05/Aug/2021:12:32:50 -0300] "GET /cormun/servlet/solicitudotadjuntos?INS,2021,17350,,1, HTTP/1.1" 200 6340
190.171.152.114 - - [05/Aug/2021:12:32:50 -0300] "GET /cormun/servlet/solicitudotadjuntos?b483f309e70ff2fa45ca626d30a78417b35d75987c9d2fb2b7ccb6aca306b3e4d51f6507b5f71aeb4f7451491ce2ea6f,gx-no-cache=1628176946506 HTTP/1.1" 200 30
190.171.152.114 - - [05/Aug/2021:12:32:50 -0300] "POST /cormun/servlet/solicitudotadjuntos?b3b7aa6e273b951d29b6e15dbe61551a,INS,2021,17350,,1,,gx-no-cache=1628176946559 HTTP/1.1" 200 4145
190.171.144.234 - - [05/Aug/2021:12:32:53 -0300] "GET /cormun/servlet/solicitudot?95003c1c4b930d0b15bfd0181420667ba91082eebe54234ca2ec4e83e9df56c5a47ea3fd81e4a821c6a3ef38a2173ef4,gx-no-cache=1628176948454 HTTP/1.1" 200 30
190.171.152.114 - - [05/Aug/2021:12:32:55 -0300] "POST /cormun/servlet/solicitudotadjuntos?gx-no-cache=1628176951658 HTTP/1.1" 200 26
157.55.39.155 - - [05/Aug/2021:12:33:09 -0300] "GET /cormun/servlet/trlicenciaspermisoslog?19019949,L,20210408000000,_escaped_fragment_%3D HTTP/1.1" 200 5233
190.171.152.114 - - [05/Aug/2021:12:33:14 -0300] "GET /cormun/servlet/solicitudotadjuntos?b483f309e70ff2fa45ca626d30a78417a12da0f3d5a21a898e868d854421d3eb,gx-no-cache=1628176969976 HTTP/1.1" 200 30
190.171.152.114 - - [05/Aug/2021:12:33:14 -0300] "GET /cormun/servlet/solicitudotadjuntos?b483f309e70ff2fa45ca626d30a78417a12da0f3d5a21a898e868d854421d3eb,gx-no-cache=1628176969989 HTTP/1.1" 200 30
190.171.152.114 - - [05/Aug/2021:12:33:14 -0300] "POST /cormun/servlet/solicitudotadjuntos?b3b7aa6e273b951d29b6e15dbe61551a,INS,2021,17350,,1, HTTP/1.1" 200 116
190.171.152.114 - - [05/Aug/2021:12:33:14 -0300] "GET /cormun/servlet/hpexe_return? HTTP/1.1" 200 1025
190.171.152.114 - - [05/Aug/2021:12:33:14 -0300] "GET /cormun/servlet/trsolicitudadjuntos?2021,17350, HTTP/1.1" 200 9188
190.171.152.114 - - [05/Aug/2021:12:33:14 -0300] "GET /cormun/servlet/trsolicitudadjuntos?2021,17350, HTTP/1.1" 200 9186
190.171.144.234 - - [05/Aug/2021:12:33:21 -0300] "POST /cormun/servlet/solicitudot?gx-no-cache=1628176976085 HTTP/1.1" 200 146
190.171.144.234 - - [05/Aug/2021:12:33:21 -0300] "POST /cormun/servlet/solicitudot?94ca3fa5cd0edce327622c9a6e284e92,INS,0,0,false,,gx-no-cache=1628176976171 HTTP/1.1" 200 12830
191.119.45.114 - - [05/Aug/2021:12:33:51 -0300] "GET /cormun/servlet/trpermisosgoce? HTTP/1.1" 200 8982
191.119.45.114 - - [05/Aug/2021:12:33:52 -0300] "GET /cormun/servlet/trpermisosgoce? HTTP/1.1" 200 8982
190.171.144.234 - - [05/Aug/2021:12:34:00 -0300] "POST /cormun/servlet/solicitudot?gx-no-cache=1628177015663 HTTP/1.1" 200 146
190.171.141.122 - - [05/Aug/2021:12:35:22 -0300] "POST /cormun/servlet/trsolicitudot?fb0d6ad3ed1b18afcbcef0878c6fb539,gx-no-cache=1628177098768 HTTP/1.1" 440 972
190.171.141.122 - - [05/Aug/2021:12:35:24 -0300] "GET /cormun/servlet/trsolicitudot HTTP/1.1" 200 6314
190.171.141.122 - - [05/Aug/2021:12:35:24 -0300] "GET /cormun/servlet/hlogin HTTP/1.1" 200 1740
190.171.141.122 - - [05/Aug/2021:12:35:24 -0300] "GET /cormun/servlet/trsolicitudot HTTP/1.1" 200 6314
190.171.144.234 - - [05/Aug/2021:12:35:29 -0300] "GET /cormun/servlet/solicitudot?95003c1c4b930d0b15bfd0181420667b4f67787d7429f3d1d7e54cb197565b9917d83f504c22fec249d4a55f1304aeb96af2ca21e6b15d8a1ac8f73b4c8f1601dab322925023c5f9a859b8f1b1d6947847b93ea17b079bb06bf233c0ee02fb98042993fb47bc5c20641f257dfbacab144aa13332fec7f5dcf61388056746e2cec77ee0d5d52162afa1a03928fd8a62e658f81a1464739d9e90c6f46e72b4657a1506ea60382b4cbed7403150748443ca5f2cf64ac92f0e93ee155746aad8c9ed6e089c831bb7dd9c19494a46a3bfc879,gx-no-cache=1628177103992 HTTP/1.1" 200 29
190.171.144.234 - - [05/Aug/2021:12:35:43 -0300] "GET /cormun/servlet/solicitudot?95003c1c4b930d0b15bfd0181420667ba91082eebe54234ca2ec4e83e9df56c5a47ea3fd81e4a821c6a3ef38a2173ef4,gx-no-cache=1628177118716 HTTP/1.1" 200 30
190.171.152.114 - - [05/Aug/2021:12:35:44 -0300] "GET /cormun/servlet/solicitudotadjuntos?INS,2021,17350,,1, HTTP/1.1" 200 6347
190.171.152.114 - - [05/Aug/2021:12:35:44 -0300] "GET /cormun/static/about:blank HTTP/1.1" 404 1011
190.171.152.114 - - [05/Aug/2021:12:35:44 -0300] "GET /cormun/servlet/solicitudotadjuntos?INS,2021,17350,,1, HTTP/1.1" 200 6340
190.171.152.114 - - [05/Aug/2021:12:35:44 -0300] "GET /cormun/servlet/solicitudotadjuntos?b483f309e70ff2fa45ca626d30a78417b35d75987c9d2fb2b7ccb6aca306b3e4d51f6507b5f71aeb4f7451491ce2ea6f,gx-no-cache=1628177120635 HTTP/1.1" 200 30
190.171.152.114 - - [05/Aug/2021:12:35:44 -0300] "POST /cormun/servlet/solicitudotadjuntos?b3b7aa6e273b951d29b6e15dbe61551a,INS,2021,17350,,1,,gx-no-cache=1628177120655 HTTP/1.1" 200 4144
190.171.152.114 - - [05/Aug/2021:12:35:47 -0300] "POST /cormun/servlet/solicitudotadjuntos?gx-no-cache=1628177123206 HTTP/1.1" 200 26
190.171.144.234 - - [05/Aug/2021:12:35:51 -0300] "POST /cormun/servlet/solicitudot?gx-no-cache=1628177126154 HTTP/1.1" 200 146
190.171.141.122 - - [05/Aug/2021:12:35:55 -0300] "POST /cormun/servlet/hlogin?6262bb6ede584065f031520bf77d7158,gx-no-cache=1628177131897 HTTP/1.1" 200 90
190.171.141.122 - - [05/Aug/2021:12:35:55 -0300] "GET /cormun/servlet/hpexe_link HTTP/1.1" 200 955
190.171.141.122 - - [05/Aug/2021:12:35:56 -0300] "GET /cormun/servlet/trsolicitudot HTTP/1.1" 200 8698
190.171.141.122 - - [05/Aug/2021:12:35:56 -0300] "GET /cormun/servlet/trsolicitudot HTTP/1.1" 200 8697
190.171.152.114 - - [05/Aug/2021:12:36:00 -0300] "GET /cormun/servlet/solicitudotadjuntos?b483f309e70ff2fa45ca626d30a78417a12da0f3d5a21a898e868d854421d3eb,gx-no-cache=1628177135896 HTTP/1.1" 200 30
190.171.152.114 - - [05/Aug/2021:12:36:00 -0300] "GET /cormun/servlet/solicitudotadjuntos?b483f309e70ff2fa45ca626d30a78417a12da0f3d5a21a898e868d854421d3eb,gx-no-cache=1628177135920 HTTP/1.1" 200 30
190.171.152.114 - - [05/Aug/2021:12:36:00 -0300] "POST /cormun/servlet/solicitudotadjuntos?b3b7aa6e273b951d29b6e15dbe61551a,INS,2021,17350,,1, HTTP/1.1" 200 116
190.171.152.114 - - [05/Aug/2021:12:36:00 -0300] "GET /cormun/servlet/hpexe_return? HTTP/1.1" 200 1025
190.171.152.114 - - [05/Aug/2021:12:36:00 -0300] "GET /cormun/servlet/trsolicitudadjuntos?2021,17350, HTTP/1.1" 200 9427
190.171.152.114 - - [05/Aug/2021:12:36:00 -0300] "GET /cormun/servlet/trsolicitudadjuntos?2021,17350, HTTP/1.1" 200 9426
190.171.152.114 - - [05/Aug/2021:12:36:04 -0300] "GET /cormun/servlet/solicitudotadjuntos?INS,2021,17350,,1, HTTP/1.1" 200 6347
190.171.152.114 - - [05/Aug/2021:12:36:04 -0300] "GET /cormun/static/about:blank HTTP/1.1" 404 1011
190.171.152.114 - - [05/Aug/2021:12:36:04 -0300] "GET /cormun/servlet/solicitudotadjuntos?INS,2021,17350,,1, HTTP/1.1" 200 6340
190.171.152.114 - - [05/Aug/2021:12:36:05 -0300] "GET /cormun/servlet/solicitudotadjuntos?b483f309e70ff2fa45ca626d30a78417b35d75987c9d2fb2b7ccb6aca306b3e4d51f6507b5f71aeb4f7451491ce2ea6f,gx-no-cache=1628177141321 HTTP/1.1" 200 30
190.171.152.114 - - [05/Aug/2021:12:36:05 -0300] "POST /cormun/servlet/solicitudotadjuntos?b3b7aa6e273b951d29b6e15dbe61551a,INS,2021,17350,,1,,gx-no-cache=1628177141337 HTTP/1.1" 200 4144
190.171.152.114 - - [05/Aug/2021:12:36:08 -0300] "POST /cormun/servlet/solicitudotadjuntos?gx-no-cache=1628177143998 HTTP/1.1" 200 26
190.171.141.122 - - [05/Aug/2021:12:36:09 -0300] "POST /cormun/servlet/trsolicitudot?6262bb6ede584065f031520bf77d7158,gx-no-cache=1628177145914 HTTP/1.1" 200 5814
190.171.152.114 - - [05/Aug/2021:12:36:14 -0300] "GET /cormun/servlet/solicitudotadjuntos?b483f309e70ff2fa45ca626d30a78417a12da0f3d5a21a898e868d854421d3eb,gx-no-cache=1628177150335 HTTP/1.1" 200 30
190.171.152.114 - - [05/Aug/2021:12:36:14 -0300] "GET /cormun/servlet/solicitudotadjuntos?b483f309e70ff2fa45ca626d30a78417a12da0f3d5a21a898e868d854421d3eb,gx-no-cache=1628177150349 HTTP/1.1" 200 30
190.171.152.114 - - [05/Aug/2021:12:36:14 -0300] "POST /cormun/servlet/solicitudotadjuntos?b3b7aa6e273b951d29b6e15dbe61551a,INS,2021,17350,,1, HTTP/1.1" 200 116
190.171.152.114 - - [05/Aug/2021:12:36:14 -0300] "GET /cormun/servlet/hpexe_return? HTTP/1.1" 200 1025
190.171.152.114 - - [05/Aug/2021:12:36:14 -0300] "GET /cormun/servlet/trsolicitudadjuntos?2021,17350, HTTP/1.1" 200 9648
190.171.152.114 - - [05/Aug/2021:12:36:15 -0300] "GET /cormun/servlet/trsolicitudadjuntos?2021,17350, HTTP/1.1" 200 9647
190.171.152.114 - - [05/Aug/2021:12:36:20 -0300] "GET /cormun/servlet/solicitudotadjuntos?INS,2021,17350,,1, HTTP/1.1" 200 6347
190.171.152.114 - - [05/Aug/2021:12:36:20 -0300] "GET /cormun/static/about:blank HTTP/1.1" 404 1011
190.171.152.114 - - [05/Aug/2021:12:36:21 -0300] "GET /cormun/servlet/solicitudotadjuntos?INS,2021,17350,,1, HTTP/1.1" 200 6340
190.171.152.114 - - [05/Aug/2021:12:36:21 -0300] "GET /cormun/servlet/solicitudotadjuntos?b483f309e70ff2fa45ca626d30a78417b35d75987c9d2fb2b7ccb6aca306b3e4d51f6507b5f71aeb4f7451491ce2ea6f,gx-no-cache=1628177157329 HTTP/1.1" 200 30
190.171.152.114 - - [05/Aug/2021:12:36:21 -0300] "POST /cormun/servlet/solicitudotadjuntos?b3b7aa6e273b951d29b6e15dbe61551a,INS,2021,17350,,1,,gx-no-cache=1628177157357 HTTP/1.1" 200 4144
190.171.152.114 - - [05/Aug/2021:12:36:23 -0300] "POST /cormun/servlet/solicitudotadjuntos?gx-no-cache=1628177159454 HTTP/1.1" 200 26
190.171.141.122 - - [05/Aug/2021:12:36:27 -0300] "POST /cormun/servlet/trsolicitudot?6262bb6ede584065f031520bf77d7158,gx-no-cache=1628177163834 HTTP/1.1" 200 5790
190.171.152.114 - - [05/Aug/2021:12:36:31 -0300] "GET /cormun/servlet/solicitudotadjuntos?b483f309e70ff2fa45ca626d30a78417a12da0f3d5a21a898e868d854421d3eb,gx-no-cache=1628177166952 HTTP/1.1" 200 30
190.171.152.114 - - [05/Aug/2021:12:36:31 -0300] "GET /cormun/servlet/solicitudotadjuntos?b483f309e70ff2fa45ca626d30a78417a12da0f3d5a21a898e868d854421d3eb,gx-no-cache=1628177166964 HTTP/1.1" 200 30
190.171.152.114 - - [05/Aug/2021:12:36:31 -0300] "POST /cormun/servlet/solicitudotadjuntos?b3b7aa6e273b951d29b6e15dbe61551a,INS,2021,17350,,1, HTTP/1.1" 200 116
190.171.152.114 - - [05/Aug/2021:12:36:31 -0300] "GET /cormun/servlet/hpexe_return? HTTP/1.1" 200 1025
190.171.152.114 - - [05/Aug/2021:12:36:31 -0300] "GET /cormun/servlet/trsolicitudadjuntos?2021,17350, HTTP/1.1" 200 9860
186.103.156.166 - - [05/Aug/2021:12:36:31 -0300] "POST /cormun/servlet/trsolicitudot?d85bafd60294f17cb33c10b9a3f539ec,gx-no-cache=1628177167681 HTTP/1.1" 440 972
190.171.152.114 - - [05/Aug/2021:12:36:31 -0300] "GET /cormun/servlet/trsolicitudadjuntos?2021,17350, HTTP/1.1" 200 9859
186.103.156.166 - - [05/Aug/2021:12:36:33 -0300] "GET /cormun/servlet/trsolicitudot HTTP/1.1" 200 6319
186.103.156.166 - - [05/Aug/2021:12:36:35 -0300] "GET /cormun/servlet/hlogin HTTP/1.1" 200 1740
186.103.156.166 - - [05/Aug/2021:12:36:35 -0300] "GET /cormun/servlet/trsolicitudot HTTP/1.1" 200 6319
190.171.141.122 - - [05/Aug/2021:12:36:35 -0300] "POST /cormun/servlet/trsolicitudot?6262bb6ede584065f031520bf77d7158,gx-no-cache=1628177171921 HTTP/1.1" 200 5790
190.171.152.114 - - [05/Aug/2021:12:36:35 -0300] "GET /cormun/servlet/solicitudotadjuntos?INS,2021,17350,,1, HTTP/1.1" 200 6347
190.171.152.114 - - [05/Aug/2021:12:36:35 -0300] "GET /cormun/static/about:blank HTTP/1.1" 404 1011
190.171.152.114 - - [05/Aug/2021:12:36:35 -0300] "GET /cormun/servlet/solicitudotadjuntos?INS,2021,17350,,1, HTTP/1.1" 200 6340
190.171.152.114 - - [05/Aug/2021:12:36:36 -0300] "GET /cormun/servlet/solicitudotadjuntos?b483f309e70ff2fa45ca626d30a78417b35d75987c9d2fb2b7ccb6aca306b3e4d51f6507b5f71aeb4f7451491ce2ea6f,gx-no-cache=1628177172215 HTTP/1.1" 200 30
190.171.152.114 - - [05/Aug/2021:12:36:36 -0300] "POST /cormun/servlet/solicitudotadjuntos?b3b7aa6e273b951d29b6e15dbe61551a,INS,2021,17350,,1,,gx-no-cache=1628177172231 HTTP/1.1" 200 4144
190.171.152.114 - - [05/Aug/2021:12:36:38 -0300] "POST /cormun/servlet/solicitudotadjuntos?gx-no-cache=1628177174655 HTTP/1.1" 200 26
190.171.141.122 - - [05/Aug/2021:12:36:41 -0300] "POST /cormun/servlet/trsolicitudot?6262bb6ede584065f031520bf77d7158,gx-no-cache=1628177178136 HTTP/1.1" 200 5791
186.103.156.166 - - [05/Aug/2021:12:36:45 -0300] "POST /cormun/servlet/hlogin?a6f1ce827e109f65cd572d3dcbff36c5,gx-no-cache=1628177180979 HTTP/1.1" 200 90
186.103.156.166 - - [05/Aug/2021:12:36:45 -0300] "GET /cormun/servlet/hpexe_link HTTP/1.1" 200 957
186.103.156.166 - - [05/Aug/2021:12:36:45 -0300] "GET /cormun/servlet/trsolicitudot HTTP/1.1" 200 9113
190.171.144.234 - - [05/Aug/2021:12:36:45 -0300] "POST /cormun/servlet/solicitudot?gx-no-cache=1628177180807 HTTP/1.1" 200 32
190.171.141.122 - - [05/Aug/2021:12:36:46 -0300] "POST /cormun/servlet/trsolicitudot?6262bb6ede584065f031520bf77d7158,gx-no-cache=1628177182536 HTTP/1.1" 200 5811
190.171.144.234 - - [05/Aug/2021:12:36:46 -0300] "POST /cormun/servlet/solicitudot?94ca3fa5cd0edce327622c9a6e284e92,INS,0,0,false,,gx-no-cache=1628177180887 HTTP/1.1" 200 93
190.171.144.234 - - [05/Aug/2021:12:36:46 -0300] "GET /cormun/servlet/hpexe_return? HTTP/1.1" 200 1012
190.171.144.234 - - [05/Aug/2021:12:36:46 -0300] "GET /cormun/servlet/trsolicitudot HTTP/1.1" 200 8656
186.103.156.166 - - [05/Aug/2021:12:36:46 -0300] "GET /cormun/servlet/trsolicitudot HTTP/1.1" 200 9112
190.171.144.234 - - [05/Aug/2021:12:36:47 -0300] "GET /cormun//static/Resources/PXToolsActionView.png HTTP/1.1" 200 398
190.171.144.234 - - [05/Aug/2021:12:36:47 -0300] "GET /cormun//static/Resources/PXToolsRemoveAllAction.png HTTP/1.1" 200 487
190.171.144.234 - - [05/Aug/2021:12:36:47 -0300] "GET /cormun/servlet/trsolicitudot HTTP/1.1" 200 8652
190.171.152.114 - - [05/Aug/2021:12:36:49 -0300] "GET /cormun/servlet/solicitudotadjuntos?b483f309e70ff2fa45ca626d30a78417a12da0f3d5a21a898e868d854421d3eb,gx-no-cache=1628177184896 HTTP/1.1" 200 30
190.171.152.114 - - [05/Aug/2021:12:36:49 -0300] "GET /cormun/servlet/solicitudotadjuntos?b483f309e70ff2fa45ca626d30a78417a12da0f3d5a21a898e868d854421d3eb,gx-no-cache=1628177184907 HTTP/1.1" 200 30
190.171.152.114 - - [05/Aug/2021:12:36:49 -0300] "POST /cormun/servlet/solicitudotadjuntos?b3b7aa6e273b951d29b6e15dbe61551a,INS,2021,17350,,1, HTTP/1.1" 200 116
190.171.152.114 - - [05/Aug/2021:12:36:49 -0300] "GET /cormun/servlet/hpexe_return? HTTP/1.1" 200 1025
190.171.152.114 - - [05/Aug/2021:12:36:49 -0300] "GET /cormun/servlet/trsolicitudadjuntos?2021,17350, HTTP/1.1" 200 10139
190.171.152.114 - - [05/Aug/2021:12:36:49 -0300] "GET /cormun/servlet/trsolicitudadjuntos?2021,17350, HTTP/1.1" 200 10133
190.171.144.234 - - [05/Aug/2021:12:36:58 -0300] "POST /cormun/servlet/trsolicitudot?94ca3fa5cd0edce327622c9a6e284e92,gx-no-cache=1628177193269 HTTP/1.1" 200 4594
190.171.144.234 - - [05/Aug/2021:12:36:58 -0300] "GET /cormun/static/Shared/jqueryui/images/ui-bg_highlight-soft_100_c6c2c8_1x100.png HTTP/1.1" 404 1117
190.171.144.234 - - [05/Aug/2021:12:36:58 -0300] "GET /cormun/static/Shared/jqueryui/images/ui-bg_flat_55_fafafa_40x100.png HTTP/1.1" 404 1097
190.171.144.234 - - [05/Aug/2021:12:36:58 -0300] "GET /cormun/static/Shared/jqueryui/images/ui-icons_8d78a5_256x240.png HTTP/1.1" 404 1089
190.171.144.234 - - [05/Aug/2021:12:36:58 -0300] "GET /cormun/static/Shared/jqueryui/images/ui-icons_82798d_256x240.png HTTP/1.1" 404 1089
190.171.144.234 - - [05/Aug/2021:12:36:58 -0300] "POST /cormun/servlet/trsolicitudot?94ca3fa5cd0edce327622c9a6e284e92,gx-no-cache=1628177193471 HTTP/1.1" 200 4338
190.171.152.114 - - [05/Aug/2021:12:36:58 -0300] "GET /cormun/servlet/solicitudotadjuntos?INS,2021,17350,,1, HTTP/1.1" 200 6348
190.171.152.114 - - [05/Aug/2021:12:36:58 -0300] "GET /cormun/static/about:blank HTTP/1.1" 404 1011
190.171.152.114 - - [05/Aug/2021:12:36:58 -0300] "GET /cormun/servlet/solicitudotadjuntos?INS,2021,17350,,1, HTTP/1.1" 200 6341
190.171.152.114 - - [05/Aug/2021:12:36:59 -0300] "GET /cormun/servlet/solicitudotadjuntos?b483f309e70ff2fa45ca626d30a78417b35d75987c9d2fb2b7ccb6aca306b3e4d51f6507b5f71aeb4f7451491ce2ea6f,gx-no-cache=1628177195286 HTTP/1.1" 200 30
190.171.152.114 - - [05/Aug/2021:12:36:59 -0300] "POST /cormun/servlet/solicitudotadjuntos?b3b7aa6e273b951d29b6e15dbe61551a,INS,2021,17350,,1,,gx-no-cache=1628177195303 HTTP/1.1" 200 4146
190.171.141.122 - - [05/Aug/2021:12:37:02 -0300] "POST /cormun/servlet/trsolicitudot?6262bb6ede584065f031520bf77d7158,gx-no-cache=1628177199024 HTTP/1.1" 200 5813
190.171.152.114 - - [05/Aug/2021:12:37:03 -0300] "POST /cormun/servlet/solicitudotadjuntos?gx-no-cache=1628177199463 HTTP/1.1" 200 26
190.171.141.122 - - [05/Aug/2021:12:37:05 -0300] "POST /cormun/servlet/trsolicitudot?6262bb6ede584065f031520bf77d7158,gx-no-cache=1628177201322 HTTP/1.1" 200 5814
190.171.141.122 - - [05/Aug/2021:12:37:08 -0300] "POST /cormun/servlet/trsolicitudot?6262bb6ede584065f031520bf77d7158,gx-no-cache=1628177204384 HTTP/1.1" 200 5791
190.171.144.234 - - [05/Aug/2021:12:37:10 -0300] "GET /cormun/servlet/hlogin HTTP/1.1" 200 1730
190.171.152.114 - - [05/Aug/2021:12:37:10 -0300] "GET /cormun/servlet/solicitudotadjuntos?b483f309e70ff2fa45ca626d30a78417a12da0f3d5a21a898e868d854421d3eb,gx-no-cache=1628177206823 HTTP/1.1" 200 30
190.171.152.114 - - [05/Aug/2021:12:37:10 -0300] "GET /cormun/servlet/solicitudotadjuntos?b483f309e70ff2fa45ca626d30a78417a12da0f3d5a21a898e868d854421d3eb,gx-no-cache=1628177206843 HTTP/1.1" 200 30
190.171.152.114 - - [05/Aug/2021:12:37:11 -0300] "POST /cormun/servlet/solicitudotadjuntos?b3b7aa6e273b951d29b6e15dbe61551a,INS,2021,17350,,1, HTTP/1.1" 200 116
190.171.152.114 - - [05/Aug/2021:12:37:11 -0300] "GET /cormun/servlet/hpexe_return? HTTP/1.1" 200 1025
190.171.152.114 - - [05/Aug/2021:12:37:11 -0300] "GET /cormun/servlet/trsolicitudadjuntos?2021,17350, HTTP/1.1" 200 10314
190.171.152.114 - - [05/Aug/2021:12:37:12 -0300] "GET /cormun/servlet/trsolicitudadjuntos?2021,17350, HTTP/1.1" 200 10315
190.171.152.114 - - [05/Aug/2021:12:37:14 -0300] "GET /cormun/servlet/solicitudotadjuntos?INS,2021,17350,,2, HTTP/1.1" 200 6347
190.171.152.114 - - [05/Aug/2021:12:37:14 -0300] "GET /cormun/static/about:blank HTTP/1.1" 404 1011
190.171.152.114 - - [05/Aug/2021:12:37:14 -0300] "GET /cormun/servlet/solicitudotadjuntos?INS,2021,17350,,2, HTTP/1.1" 200 6340
190.171.152.114 - - [05/Aug/2021:12:37:15 -0300] "GET /cormun/servlet/solicitudotadjuntos?b483f309e70ff2fa45ca626d30a78417b35d75987c9d2fb2b7ccb6aca306b3e4d51f6507b5f71aeb4f7451491ce2ea6f,gx-no-cache=1628177211321 HTTP/1.1" 200 30
190.171.152.114 - - [05/Aug/2021:12:37:15 -0300] "POST /cormun/servlet/solicitudotadjuntos?b3b7aa6e273b951d29b6e15dbe61551a,INS,2021,17350,,2,,gx-no-cache=1628177211342 HTTP/1.1" 200 4360
190.171.152.114 - - [05/Aug/2021:12:37:19 -0300] "POST /cormun/servlet/solicitudotadjuntos?gx-no-cache=1628177214904 HTTP/1.1" 200 26
190.171.152.114 - - [05/Aug/2021:12:37:26 -0300] "GET /cormun/servlet/solicitudotadjuntos?b483f309e70ff2fa45ca626d30a78417a12da0f3d5a21a898e868d854421d3eb,gx-no-cache=1628177222190 HTTP/1.1" 200 30
190.171.152.114 - - [05/Aug/2021:12:37:26 -0300] "GET /cormun/servlet/solicitudotadjuntos?b483f309e70ff2fa45ca626d30a78417a12da0f3d5a21a898e868d854421d3eb,gx-no-cache=1628177222200 HTTP/1.1" 200 30
190.171.152.114 - - [05/Aug/2021:12:37:26 -0300] "POST /cormun/servlet/solicitudotadjuntos?b3b7aa6e273b951d29b6e15dbe61551a,INS,2021,17350,,2, HTTP/1.1" 200 116
190.171.152.114 - - [05/Aug/2021:12:37:26 -0300] "GET /cormun/servlet/hpexe_return? HTTP/1.1" 200 1025
190.171.152.114 - - [05/Aug/2021:12:37:26 -0300] "GET /cormun/servlet/trsolicitudadjuntos?2021,17350, HTTP/1.1" 200 10446
190.171.152.114 - - [05/Aug/2021:12:37:27 -0300] "GET /cormun/servlet/trsolicitudadjuntos?2021,17350, HTTP/1.1" 200 10448
190.171.152.114 - - [05/Aug/2021:12:37:35 -0300] "GET /cormun/servlet/trsolicitudot? HTTP/1.1" 200 8949
190.171.152.114 - - [05/Aug/2021:12:37:35 -0300] "GET /cormun/servlet/trsolicitudot? HTTP/1.1" 200 8942
190.171.144.234 - - [05/Aug/2021:12:37:38 -0300] "POST /cormun/servlet/hlogin?c01d6f65c88a572bdcf88be4324b09e6,gx-no-cache=1628177233600 HTTP/1.1" 200 90
190.171.144.234 - - [05/Aug/2021:12:37:38 -0300] "GET /cormun/servlet/hpexe_link HTTP/1.1" 200 956
190.171.144.234 - - [05/Aug/2021:12:37:39 -0300] "GET /cormun/servlet/hhome HTTP/1.1" 200 4106
190.171.144.234 - - [05/Aug/2021:12:37:39 -0300] "GET /cormun/servlet/hhome HTTP/1.1" 200 4103
190.171.144.234 - - [05/Aug/2021:12:37:47 -0300] "GET /cormun/servlet/trautorizarsolicitud? HTTP/1.1" 200 8668
190.171.144.234 - - [05/Aug/2021:12:37:47 -0300] "GET /cormun/static/gxcfg.js?201991422414522 HTTP/1.1" 200 953
190.171.144.234 - - [05/Aug/2021:12:37:47 -0300] "GET /cormun/static/trautorizarsolicitud.js?201991422415463 HTTP/1.1" 200 53910
190.171.144.234 - - [05/Aug/2021:12:37:47 -0300] "GET /cormun/servlet/trautorizarsolicitud? HTTP/1.1" 200 8666
190.171.144.234 - - [05/Aug/2021:12:37:56 -0300] "POST /cormun/servlet/trautorizarsolicitud?c01d6f65c88a572bdcf88be4324b09e6,,gx-no-cache=1628177251278 HTTP/1.1" 200 4800
190.171.144.234 - - [05/Aug/2021:12:37:56 -0300] "GET /cormun/static/Shared/jqueryui/images/ui-bg_highlight-soft_100_c6c2c8_1x100.png HTTP/1.1" 404 1117
190.171.144.234 - - [05/Aug/2021:12:37:56 -0300] "GET /cormun/static/Shared/jqueryui/images/ui-icons_82798d_256x240.png HTTP/1.1" 404 1089
190.171.144.234 - - [05/Aug/2021:12:37:56 -0300] "GET /cormun/static/Shared/jqueryui/images/ui-bg_flat_55_fafafa_40x100.png HTTP/1.1" 404 1097
190.171.144.234 - - [05/Aug/2021:12:37:56 -0300] "GET /cormun/static/Shared/jqueryui/images/ui-icons_8d78a5_256x240.png HTTP/1.1" 404 1089
190.171.144.234 - - [05/Aug/2021:12:37:56 -0300] "POST /cormun/servlet/trautorizarsolicitud?c01d6f65c88a572bdcf88be4324b09e6,,gx-no-cache=1628177251469 HTTP/1.1" 200 4539
190.171.152.114 - - [05/Aug/2021:12:37:59 -0300] "POST /cormun/servlet/trsolicitudot?b3b7aa6e273b951d29b6e15dbe61551a,,gx-no-cache=1628177255403 HTTP/1.1" 200 4888
190.171.152.114 - - [05/Aug/2021:12:37:59 -0300] "GET /cormun/static/Shared/jqueryui/images/ui-bg_highlight-soft_100_c6c2c8_1x100.png HTTP/1.1" 404 1117
190.171.152.114 - - [05/Aug/2021:12:37:59 -0300] "GET /cormun/static/Shared/jqueryui/images/ui-icons_8d78a5_256x240.png HTTP/1.1" 404 1089
190.171.152.114 - - [05/Aug/2021:12:37:59 -0300] "GET /cormun/static/Shared/jqueryui/images/ui-icons_82798d_256x240.png HTTP/1.1" 404 1089
190.171.152.114 - - [05/Aug/2021:12:37:59 -0300] "GET /cormun/static/Shared/jqueryui/images/ui-bg_flat_55_fafafa_40x100.png HTTP/1.1" 404 1097
190.171.152.114 - - [05/Aug/2021:12:37:59 -0300] "POST /cormun/servlet/trsolicitudot?b3b7aa6e273b951d29b6e15dbe61551a,,gx-no-cache=1628177255612 HTTP/1.1" 200 4624
190.171.152.114 - - [05/Aug/2021:12:38:03 -0300] "GET /cormun/servlet/trautorizarsolicitud? HTTP/1.1" 200 8836
190.171.152.114 - - [05/Aug/2021:12:38:04 -0300] "GET /cormun/servlet/trautorizarsolicitud? HTTP/1.1" 200 8836
157.55.39.125 - - [05/Aug/2021:12:39:50 -0300] "GET /cormun/servlet/solicitudot?INS,0,0,false,&_escaped_fragment_= HTTP/1.1" 200 14517
40.77.188.92 - - [05/Aug/2021:12:39:56 -0300] "GET /cormun/static/gxcfg.js?20203414241232 HTTP/1.1" 200 953
40.77.188.92 - - [05/Aug/2021:12:39:56 -0300] "GET /cormun/static/RunJS/RunJS.js HTTP/1.1" 200 288
40.77.188.92 - - [05/Aug/2021:12:39:58 -0300] "GET /cormun/static/hpexe_messagegenexuscomponent.js?2020121447173 HTTP/1.1" 200 587
40.77.188.92 - - [05/Aug/2021:12:39:58 -0300] "GET /cormun/static/hpexe_messagepopupcomponent.js?2020121447232 HTTP/1.1" 200 605
40.77.188.92 - - [05/Aug/2021:12:39:58 -0300] "GET /cormun/static/solicitudot.js?20203414242792 HTTP/1.1" 200 74114
40.77.188.92 - - [05/Aug/2021:12:40:00 -0300] "GET /cormun/servlet/solicitudot?INS,0,0,false, HTTP/1.1" 200 14702
40.77.188.92 - - [05/Aug/2021:12:40:00 -0300] "GET /cormun/servlet/solicitudot?INS,0,0,false, HTTP/1.1" 200 14702
190.171.152.114 - - [05/Aug/2021:12:40:07 -0300] "POST /cormun/servlet/trautorizarsolicitud?b3b7aa6e273b951d29b6e15dbe61551a,,gx-no-cache=1628177383587 HTTP/1.1" 200 4804
190.171.152.114 - - [05/Aug/2021:12:40:07 -0300] "GET /cormun/static/Shared/jqueryui/images/ui-bg_highlight-soft_100_c6c2c8_1x100.png HTTP/1.1" 404 1117
190.171.152.114 - - [05/Aug/2021:12:40:07 -0300] "GET /cormun/static/Shared/jqueryui/images/ui-bg_flat_55_fafafa_40x100.png HTTP/1.1" 404 1097
190.171.152.114 - - [05/Aug/2021:12:40:07 -0300] "GET /cormun/static/Shared/jqueryui/images/ui-icons_8d78a5_256x240.png HTTP/1.1" 404 1089
190.171.152.114 - - [05/Aug/2021:12:40:07 -0300] "GET /cormun/static/Shared/jqueryui/images/ui-icons_82798d_256x240.png HTTP/1.1" 404 1089
190.171.152.114 - - [05/Aug/2021:12:40:07 -0300] "POST /cormun/servlet/trautorizarsolicitud?b3b7aa6e273b951d29b6e15dbe61551a,,gx-no-cache=1628177383766 HTTP/1.1" 200 4540
191.119.45.114 - - [05/Aug/2021:12:40:23 -0300] "GET /cormun/servlet/permisogoce?INS,0,,, HTTP/1.1" 200 7244
191.119.45.114 - - [05/Aug/2021:12:40:25 -0300] "GET /cormun/servlet/permisogoce?INS,0,,, HTTP/1.1" 200 7244
191.119.45.114 - - [05/Aug/2021:12:40:40 -0300] "GET /cormun/servlet/prfichaempleado?,MD,,gxPopupLevel%3D0%3B HTTP/1.1" 200 9395
191.119.45.114 - - [05/Aug/2021:12:40:53 -0300] "POST /cormun/servlet/prfichaempleado?522cbc5ca332a1268d44f39ae26787ad,,MD,,gxPopupLevel%3D0%3B,gx-no-cache=1628177427818 HTTP/1.1" 200 4061
191.119.45.114 - - [05/Aug/2021:12:41:01 -0300] "GET /cormun/servlet/permisogoce?da9249b795357c2347c52479627d379902d907f59e7abf52fdc4e0b82814bc1b835dd8f993dcb3fff8d2eb47b982485b594f690941964e90c801e3e0974d477b,gx-no-cache=1628177436438 HTTP/1.1" 200 78
191.119.45.114 - - [05/Aug/2021:12:41:01 -0300] "GET /cormun/static/menuarrow.gif HTTP/1.1" 404 1015
191.119.45.114 - - [05/Aug/2021:12:41:09 -0300] "GET /cormun/servlet/permisogoce?da9249b795357c2347c52479627d3799d1a8c92361221e882414fe89554d3b64501d32740f406c7a60cdc1588101e11cdbcfe54d76d0363d9792393aed2ee89c,gx-no-cache=1628177444179 HTTP/1.1" 200 46
190.171.144.234 - - [05/Aug/2021:12:41:21 -0300] "GET /cormun/servlet/hlogin HTTP/1.1" 200 1730
190.171.144.234 - - [05/Aug/2021:12:41:32 -0300] "POST /cormun/servlet/hlogin?8b1b4a2affca425e0441fc7b82ef2c1a,gx-no-cache=1628177467068 HTTP/1.1" 200 90
190.171.144.234 - - [05/Aug/2021:12:41:32 -0300] "GET /cormun/servlet/hpexe_link HTTP/1.1" 200 956
190.171.144.234 - - [05/Aug/2021:12:41:32 -0300] "GET /cormun/servlet/hhome HTTP/1.1" 200 3966
190.171.144.234 - - [05/Aug/2021:12:41:32 -0300] "GET /cormun/servlet/hhome HTTP/1.1" 200 3962
190.171.144.234 - - [05/Aug/2021:12:41:35 -0300] "GET /cormun/servlet/trlicencias? HTTP/1.1" 200 10185
190.171.144.234 - - [05/Aug/2021:12:41:36 -0300] "GET /cormun/servlet/trlicencias? HTTP/1.1" 200 10183
191.119.45.114 - - [05/Aug/2021:12:41:46 -0300] "POST /cormun/servlet/permisogoce?522cbc5ca332a1268d44f39ae26787ad,INS,0,,,,gx-no-cache=1628177480630 HTTP/1.1" 200 93
191.119.45.114 - - [05/Aug/2021:12:41:46 -0300] "GET /cormun/servlet/hpexe_return? HTTP/1.1" 200 1014
191.119.45.114 - - [05/Aug/2021:12:41:46 -0300] "GET /cormun/servlet/trpermisosgoce HTTP/1.1" 200 9280
191.119.45.114 - - [05/Aug/2021:12:41:48 -0300] "GET /cormun/servlet/trpermisosgoce HTTP/1.1" 200 9275
191.119.45.114 - - [05/Aug/2021:12:42:08 -0300] "POST /cormun/servlet/trpermisosgoce?522cbc5ca332a1268d44f39ae26787ad,gx-no-cache=1628177503086 HTTP/1.1" 200 6460
191.119.45.114 - - [05/Aug/2021:12:42:17 -0300] "GET /cormun/servlet/trpermisosadjuntos?11756473,20210805112742,P, HTTP/1.1" 200 6665
191.119.45.114 - - [05/Aug/2021:12:42:18 -0300] "GET /cormun/servlet/trpermisosadjuntos?11756473,20210805112742,P, HTTP/1.1" 200 6665
191.119.45.114 - - [05/Aug/2021:12:42:22 -0300] "GET /cormun/servlet/permisosadjuntos?INS,11756473,P,20210805112742,, HTTP/1.1" 200 5995
191.119.45.114 - - [05/Aug/2021:12:42:23 -0300] "GET /cormun/static/about:blank HTTP/1.1" 404 1011
191.119.45.114 - - [05/Aug/2021:12:42:23 -0300] "GET /cormun/servlet/permisosadjuntos?INS,11756473,P,20210805112742,, HTTP/1.1" 200 5985
191.119.45.114 - - [05/Aug/2021:12:42:42 -0300] "POST /cormun/servlet/permisosadjuntos?522cbc5ca332a1268d44f39ae26787ad,INS,11756473,P,20210805112742,, HTTP/1.1" 200 116
191.119.45.114 - - [05/Aug/2021:12:42:42 -0300] "GET /cormun/servlet/hpexe_return? HTTP/1.1" 200 1043
191.119.45.114 - - [05/Aug/2021:12:42:43 -0300] "GET /cormun/servlet/trpermisosadjuntos?11756473,20210805112742,P, HTTP/1.1" 200 7196
191.119.45.114 - - [05/Aug/2021:12:42:44 -0300] "GET /cormun/servlet/trpermisosadjuntos?11756473,20210805112742,P, HTTP/1.1" 200 7193
191.119.45.114 - - [05/Aug/2021:12:42:50 -0300] "POST /cormun/servlet/trpermisosadjuntos?522cbc5ca332a1268d44f39ae26787ad,11756473,20210805112742,P,,gx-no-cache=1628177545179 HTTP/1.1" 200 90
191.119.45.114 - - [05/Aug/2021:12:42:50 -0300] "GET /cormun/servlet/hpexe_link HTTP/1.1" 200 1011
191.119.45.114 - - [05/Aug/2021:12:42:51 -0300] "GET /cormun/servlet/trpermisosgoce?gx-no-cache=1628177503086 HTTP/1.1" 200 9276
191.119.45.114 - - [05/Aug/2021:12:42:52 -0300] "GET /cormun/servlet/trpermisosgoce?gx-no-cache=1628177503086 HTTP/1.1" 200 9295
191.119.45.114 - - [05/Aug/2021:12:42:54 -0300] "POST /cormun/servlet/trpermisosgoce?522cbc5ca332a1268d44f39ae26787ad,gx-no-cache=1628177503086,gx-no-cache=1628177549341 HTTP/1.1" 200 6458
191.119.45.114 - - [05/Aug/2021:12:42:59 -0300] "POST /cormun/servlet/trpermisosgoce?522cbc5ca332a1268d44f39ae26787ad,gx-no-cache=1628177503086,gx-no-cache=1628177554331 HTTP/1.1" 200 6445
191.119.45.114 - - [05/Aug/2021:12:42:59 -0300] "GET /cormun/static/Shared/jqueryui/images/ui-bg_highlight-soft_100_c6c2c8_1x100.png HTTP/1.1" 404 1117
191.119.45.114 - - [05/Aug/2021:12:42:59 -0300] "GET /cormun/static/Shared/jqueryui/images/ui-icons_82798d_256x240.png HTTP/1.1" 404 1089
191.119.45.114 - - [05/Aug/2021:12:43:00 -0300] "GET /cormun/static/Shared/jqueryui/images/ui-bg_flat_55_fafafa_40x100.png HTTP/1.1" 404 1097
191.119.45.114 - - [05/Aug/2021:12:43:00 -0300] "GET /cormun/static/Shared/jqueryui/images/ui-icons_8d78a5_256x240.png HTTP/1.1" 404 1089
191.119.45.114 - - [05/Aug/2021:12:43:03 -0300] "GET /cormun/servlet/apermisogoceprn?11756473,P,20210805112742,PU HTTP/1.1" 200 1665
190.171.141.122 - - [05/Aug/2021:12:49:20 -0300] "POST /cormun/servlet/trsolicitudot?6262bb6ede584065f031520bf77d7158,gx-no-cache=1628177936871 HTTP/1.1" 200 5790
190.171.141.122 - - [05/Aug/2021:12:49:44 -0300] "GET /cormun/servlet/hlogin HTTP/1.1" 200 1724
190.171.141.122 - - [05/Aug/2021:12:49:51 -0300] "POST /cormun/servlet/hlogin?6262bb6ede584065f031520bf77d7158,gx-no-cache=1628177968256 HTTP/1.1" 200 90
190.171.141.122 - - [05/Aug/2021:12:49:51 -0300] "GET /cormun/servlet/hpexe_link HTTP/1.1" 200 976
190.171.141.122 - - [05/Aug/2021:12:49:52 -0300] "GET /cormun/servlet/trsolicitudot?gx-no-cache=1628177936871 HTTP/1.1" 200 8701
190.171.141.122 - - [05/Aug/2021:12:49:52 -0300] "GET /cormun/servlet/trsolicitudot?gx-no-cache=1628177936871 HTTP/1.1" 200 8722
190.171.141.122 - - [05/Aug/2021:12:49:59 -0300] "POST /cormun/servlet/trsolicitudot?6262bb6ede584065f031520bf77d7158,gx-no-cache=1628177936871,gx-no-cache=1628177975494 HTTP/1.1" 200 5790
190.171.141.122 - - [05/Aug/2021:12:50:04 -0300] "GET /cormun/servlet/trautorizarsolicitud? HTTP/1.1" 200 8732
