190.171.153.26 - - [05/Aug/2021:10:44:10 -0300] "GET /cormun/static/Resources/PXToolsGridLastDisabled.gif HTTP/1.1" 200 98
190.171.153.26 - - [05/Aug/2021:10:44:10 -0300] "GET /cormun/static/Resources/PXToolsGridPage.gif HTTP/1.1" 200 725
190.171.153.26 - - [05/Aug/2021:10:44:10 -0300] "GET /cormun/static/Resources/PXToolsActionExcel.png HTTP/1.1" 200 727
190.171.153.26 - - [05/Aug/2021:10:44:10 -0300] "GET /cormun/static/Resources/PXToolsGridPreviousDisabled.gif HTTP/1.1" 200 90
190.171.153.26 - - [05/Aug/2021:10:44:10 -0300] "GET /cormun/static/Resources/asc.gif HTTP/1.1" 200 67
190.171.153.26 - - [05/Aug/2021:10:44:10 -0300] "GET /cormun/static/Resources/desc.gif HTTP/1.1" 200 65
190.171.153.26 - - [05/Aug/2021:10:44:10 -0300] "GET /cormun//static/Resources/PXToolsGridUpdate.png HTTP/1.1" 200 470
190.171.153.26 - - [05/Aug/2021:10:44:10 -0300] "GET /cormun//static/Resources/PXToolsGridDisplay.png HTTP/1.1" 200 525
190.171.153.26 - - [05/Aug/2021:10:44:10 -0300] "GET /cormun//static/Resources/PXTools/ActionInsert.png HTTP/1.1" 200 1482
190.171.153.26 - - [05/Aug/2021:10:44:10 -0300] "GET /cormun//static/Resources/PXToolsHeaderFavorites.png HTTP/1.1" 200 1414
190.171.153.26 - - [05/Aug/2021:10:44:10 -0300] "GET /cormun//static/Resources/PXToolsActionPrint.png HTTP/1.1" 200 404
190.171.153.26 - - [05/Aug/2021:10:44:10 -0300] "GET /cormun//static/Resources/PXToolsGridDelete.png HTTP/1.1" 200 538
190.171.153.26 - - [05/Aug/2021:10:44:10 -0300] "GET /cormun//static/Resources/PXToolsHeaderHelp.png HTTP/1.1" 200 1333
190.171.153.26 - - [05/Aug/2021:10:44:10 -0300] "GET /cormun//static/Resources/PXToolsActionDisabled.gif HTTP/1.1" 200 53
190.171.153.26 - - [05/Aug/2021:10:44:10 -0300] "GET /cormun/static/Shared/ext/resources/themes/images/default/panel/bg-headersPanel.png HTTP/1.1" 200 255
190.171.153.26 - - [05/Aug/2021:10:44:10 -0300] "GET /cormun/static/Shared/ext/resources/themes/images/default/tools/tool-sprites.gif HTTP/1.1" 200 5434
190.171.142.10 - - [05/Aug/2021:10:44:17 -0300] "GET /cormun/servlet/trreportecargahoraria? HTTP/1.1" 200 10074
190.171.142.10 - - [05/Aug/2021:10:44:17 -0300] "GET /cormun/static/gxcfg.js?202012113393031 HTTP/1.1" 200 953
190.171.142.10 - - [05/Aug/2021:10:44:17 -0300] "GET /cormun/static/trreportecargahoraria.js?202012113393554 HTTP/1.1" 200 29376
190.171.142.10 - - [05/Aug/2021:10:44:18 -0300] "GET /cormun/servlet/trreportecargahoraria? HTTP/1.1" 200 10074
190.171.153.26 - - [05/Aug/2021:10:44:27 -0300] "GET /cormun/servlet/trpermisosadjuntos?12211398,20210804092223,P, HTTP/1.1" 200 6259
190.171.153.26 - - [05/Aug/2021:10:44:27 -0300] "GET /cormun/static/gxcfg.js?2020121641683 HTTP/1.1" 200 953
190.171.153.26 - - [05/Aug/2021:10:44:31 -0300] "GET /cormun/servlet/permisosadjuntos?INS,12211398,P,20210804092223,, HTTP/1.1" 200 5576
190.171.153.26 - - [05/Aug/2021:10:44:31 -0300] "GET /cormun/static/gxcfg.js?20201215134212 HTTP/1.1" 200 953
190.171.153.26 - - [05/Aug/2021:10:44:31 -0300] "GET /cormun/static/permisosadjuntos.js?20201215134285 HTTP/1.1" 200 8724
190.171.153.26 - - [05/Aug/2021:10:44:31 -0300] "GET /cormun/static/about:blank HTTP/1.1" 404 1011
190.171.153.26 - - [05/Aug/2021:10:44:42 -0300] "POST /cormun/servlet/permisosadjuntos?ce8f7f880161720c5f0320e6286b0c18,INS,12211398,P,20210804092223,, HTTP/1.1" 200 116
190.171.153.26 - - [05/Aug/2021:10:44:42 -0300] "GET /cormun/servlet/hpexe_return? HTTP/1.1" 200 1042
190.171.153.26 - - [05/Aug/2021:10:44:42 -0300] "GET /cormun/static/gxcfg.js?201991422392976 HTTP/1.1" 200 953
190.171.153.26 - - [05/Aug/2021:10:44:42 -0300] "GET /cormun/servlet/trpermisosadjuntos?12211398,20210804092223,P, HTTP/1.1" 200 6743
190.171.153.26 - - [05/Aug/2021:10:44:43 -0300] "GET /cormun/PublicTempStorage/andrea_carolina_sanchez7076349.pdf HTTP/1.1" 200 150158
190.171.142.10 - - [05/Aug/2021:10:44:48 -0300] "GET /cormun/servlet/trsolicitudot? HTTP/1.1" 200 7400
190.171.142.10 - - [05/Aug/2021:10:44:48 -0300] "GET /cormun/servlet/trsolicitudot? HTTP/1.1" 200 7400
190.171.142.10 - - [05/Aug/2021:10:44:49 -0300] "GET /cormun/servlet/trsolicitudot? HTTP/1.1" 200 7400
190.171.142.10 - - [05/Aug/2021:10:44:57 -0300] "POST /cormun/servlet/trsolicitudot?204c4faf5425e7827e376fe341365271,,gx-no-cache=1628170472765 HTTP/1.1" 200 4640
190.171.142.10 - - [05/Aug/2021:10:44:59 -0300] "GET /cormun/static/menuarrow.gif HTTP/1.1" 404 1015
190.171.142.10 - - [05/Aug/2021:10:45:07 -0300] "POST /cormun/servlet/trsolicitudot?204c4faf5425e7827e376fe341365271,,gx-no-cache=1628170482830 HTTP/1.1" 200 4638
190.171.142.10 - - [05/Aug/2021:10:45:20 -0300] "POST /cormun/servlet/trsolicitudot?204c4faf5425e7827e376fe341365271,,gx-no-cache=1628170496102 HTTP/1.1" 200 4639
190.171.142.10 - - [05/Aug/2021:10:45:28 -0300] "POST /cormun/servlet/trsolicitudot?204c4faf5425e7827e376fe341365271,,gx-no-cache=1628170504261 HTTP/1.1" 200 13782
190.171.153.26 - - [05/Aug/2021:10:45:45 -0300] "GET /cormun/servlet/trpermisosgoce? HTTP/1.1" 200 8562
190.171.153.26 - - [05/Aug/2021:10:45:54 -0300] "POST /cormun/servlet/trpermisosgoce?ce8f7f880161720c5f0320e6286b0c18,,gx-no-cache=1628170534695 HTTP/1.1" 200 5832
190.171.153.26 - - [05/Aug/2021:10:45:54 -0300] "GET /cormun/static/Shared/jqueryui/images/ui-bg_highlight-soft_100_c6c2c8_1x100.png HTTP/1.1" 404 1117
190.171.153.26 - - [05/Aug/2021:10:45:54 -0300] "GET /cormun/static/Shared/jqueryui/images/ui-icons_82798d_256x240.png HTTP/1.1" 404 1089
190.171.153.26 - - [05/Aug/2021:10:45:54 -0300] "GET /cormun/static/Shared/jqueryui/images/ui-bg_flat_55_fafafa_40x100.png HTTP/1.1" 404 1097
190.171.153.26 - - [05/Aug/2021:10:45:54 -0300] "GET /cormun/static/Shared/jqueryui/images/ui-icons_8d78a5_256x240.png HTTP/1.1" 404 1089
190.171.142.10 - - [05/Aug/2021:10:46:04 -0300] "GET /cormun/servlet/vesolicitudot?2021,16842,, HTTP/1.1" 200 8521
190.171.142.10 - - [05/Aug/2021:10:46:04 -0300] "GET /cormun/pexe_scrolldiv.js HTTP/1.1" 404 1009
190.171.142.10 - - [05/Aug/2021:10:46:05 -0300] "GET /cormun/servlet/vesolicitudot?2021,16842,, HTTP/1.1" 200 8521
190.171.142.10 - - [05/Aug/2021:10:48:07 -0300] "POST /cormun/servlet/vesolicitudot?204c4faf5425e7827e376fe341365271,2021,16842,,,gx-no-cache=1628170662798 HTTP/1.1" 200 93
190.171.142.10 - - [05/Aug/2021:10:48:07 -0300] "GET /cormun/servlet/hpexe_return? HTTP/1.1" 200 1014
190.171.142.10 - - [05/Aug/2021:10:48:07 -0300] "GET /cormun/servlet/trsolicitudot? HTTP/1.1" 200 16353
190.171.142.10 - - [05/Aug/2021:10:48:09 -0300] "GET /cormun/servlet/trsolicitudot? HTTP/1.1" 200 16349
190.171.142.10 - - [05/Aug/2021:10:48:14 -0300] "POST /cormun/servlet/trsolicitudot?204c4faf5425e7827e376fe341365271,,gx-no-cache=1628170670202 HTTP/1.1" 200 13784
190.171.142.10 - - [05/Aug/2021:10:48:35 -0300] "GET /cormun/servlet/vesolicitudot?2021,16842,, HTTP/1.1" 200 8521
190.171.142.10 - - [05/Aug/2021:10:48:36 -0300] "GET /cormun/pexe_scrolldiv.js HTTP/1.1" 404 1009
190.171.142.10 - - [05/Aug/2021:10:48:36 -0300] "GET /cormun/pexe_scrolldiv.js HTTP/1.1" 404 1009
190.171.142.10 - - [05/Aug/2021:10:48:37 -0300] "GET /cormun/servlet/vesolicitudot?2021,16842,, HTTP/1.1" 200 8521
186.103.156.166 - - [05/Aug/2021:10:50:25 -0300] "POST /cormun/servlet/hlogin?d85bafd60294f17cb33c10b9a3f539ec,gx-no-cache=1628170801438 HTTP/1.1" 200 448
186.103.156.166 - - [05/Aug/2021:10:51:04 -0300] "POST /cormun/servlet/hlogin?d85bafd60294f17cb33c10b9a3f539ec,gx-no-cache=1628170840101 HTTP/1.1" 200 90
186.103.156.166 - - [05/Aug/2021:10:51:04 -0300] "GET /cormun/servlet/hpexe_link HTTP/1.1" 200 952
186.103.156.166 - - [05/Aug/2021:10:51:04 -0300] "GET /cormun/static/gxcfg.js?201991422392958 HTTP/1.1" 200 953
186.103.156.166 - - [05/Aug/2021:10:51:04 -0300] "GET /cormun/static/hpexe_link.js?201991422392963 HTTP/1.1" 200 625
186.103.156.166 - - [05/Aug/2021:10:51:04 -0300] "GET /cormun/servlet/hhome HTTP/1.1" 200 4098
186.103.156.166 - - [05/Aug/2021:10:51:04 -0300] "GET /cormun/static/Shared/jqueryui/jquery-ui.min.css?1345370 HTTP/1.1" 200 30288
186.103.156.166 - - [05/Aug/2021:10:51:04 -0300] "GET /cormun/static/Resources/Spanish/PXTools.css?14345360 HTTP/1.1" 200 100853
186.103.156.166 - - [05/Aug/2021:10:51:04 -0300] "GET /cormun/static/SmoothNavMenu/resources/ddsmoothmenu.css?1112540 HTTP/1.1" 200 2223
186.103.156.166 - - [05/Aug/2021:10:51:04 -0300] "GET /cormun/static/SmoothNavMenu/resources/ddsmoothmenu-v.css?1112540 HTTP/1.1" 200 1188
186.103.156.166 - - [05/Aug/2021:10:51:04 -0300] "GET /cormun/static/gxcfg.js?20201215495537 HTTP/1.1" 200 953
186.103.156.166 - - [05/Aug/2021:10:51:04 -0300] "GET /cormun/static/scaMessage/css/jquery.pnotify.default.css?1816380 HTTP/1.1" 200 1707
186.103.156.166 - - [05/Aug/2021:10:51:04 -0300] "GET /cormun/static/PXToolsJavascripts/pexe_autoreload.js HTTP/1.1" 200 1762
186.103.156.166 - - [05/Aug/2021:10:51:04 -0300] "GET /cormun/static/PXToolsJavascripts/pexe_cookies.js HTTP/1.1" 200 792
186.103.156.166 - - [05/Aug/2021:10:51:04 -0300] "GET /cormun/static/PXToolsJavascripts/pexe_link.js HTTP/1.1" 200 5671
186.103.156.166 - - [05/Aug/2021:10:51:04 -0300] "GET /cormun/static/PXToolsJavascripts/pexe_grid.js HTTP/1.1" 200 7559
186.103.156.166 - - [05/Aug/2021:10:51:04 -0300] "GET /cormun/static/PXToolsJavascripts/pexe_windows.js HTTP/1.1" 200 15207
186.103.156.166 - - [05/Aug/2021:10:51:04 -0300] "GET /cormun/static/PXToolsJavascripts/pexe_griddivfix.js HTTP/1.1" 200 6644
186.103.156.166 - - [05/Aug/2021:10:51:04 -0300] "GET /cormun/static/PXToolsJavascripts/pexe_menus.js HTTP/1.1" 200 1286
186.103.156.166 - - [05/Aug/2021:10:51:04 -0300] "GET /cormun/static/PXToolsJavascripts/pexe_menudivfix.js HTTP/1.1" 200 333
186.103.156.166 - - [05/Aug/2021:10:51:04 -0300] "GET /cormun/static/PXToolsJavascripts/pexe_layers.js HTTP/1.1" 200 4114
186.103.156.166 - - [05/Aug/2021:10:51:04 -0300] "GET /cormun/static/PXToolsJavascripts/pexe_oav.js HTTP/1.1" 200 645
186.103.156.166 - - [05/Aug/2021:10:51:04 -0300] "GET /cormun/static/PXToolsJavascripts/pexe_oavdivfix.js HTTP/1.1" 200 639
186.103.156.166 - - [05/Aug/2021:10:51:04 -0300] "GET /cormun/static/PXToolsJavascripts/pexe_picture.js HTTP/1.1" 200 689
186.103.156.166 - - [05/Aug/2021:10:51:04 -0300] "GET /cormun/static/PXToolsJavascripts/pexe_scrolldiv.js HTTP/1.1" 200 4138
186.103.156.166 - - [05/Aug/2021:10:51:04 -0300] "GET /cormun/static/PXToolsJavascripts/pexe_popup.js HTTP/1.1" 200 13458
186.103.156.166 - - [05/Aug/2021:10:51:04 -0300] "GET /cormun/static/PXToolsJavascripts/pexe_tabdivfix.js HTTP/1.1" 200 876
186.103.156.166 - - [05/Aug/2021:10:51:04 -0300] "GET /cormun/static/PXToolsJavascripts/pexe_tabs.js HTTP/1.1" 200 3748
186.103.156.166 - - [05/Aug/2021:10:51:04 -0300] "GET /cormun/static/PXToolsJavascripts/pexe_upload.js HTTP/1.1" 200 1423
186.103.156.166 - - [05/Aug/2021:10:51:04 -0300] "GET /cormun/static/PXToolsJavascripts/PXToolsJavascriptsRender.js HTTP/1.1" 200 367
186.103.156.166 - - [05/Aug/2021:10:51:04 -0300] "GET /cormun/static/RunJS/RunJS.js HTTP/1.1" 200 288
186.103.156.166 - - [05/Aug/2021:10:51:04 -0300] "GET /cormun/static/Shared/ext/locale/ext-lang-en.js HTTP/1.1" 200 10940
186.103.156.166 - - [05/Aug/2021:10:51:04 -0300] "GET /cormun/static/hhome.js?20201215495544 HTTP/1.1" 200 777
186.103.156.166 - - [05/Aug/2021:10:51:04 -0300] "GET /cormun/static/hwchdr01.js?20201214473739 HTTP/1.1" 200 996
186.103.156.166 - - [05/Aug/2021:10:51:04 -0300] "GET /cormun/static/hpexe_recentlink.js?20201214471090 HTTP/1.1" 200 2144
186.103.156.166 - - [05/Aug/2021:10:51:04 -0300] "GET /cormun/static/hpexe_scripts.js?20201214471411 HTTP/1.1" 200 1544
186.103.156.166 - - [05/Aug/2021:10:51:04 -0300] "GET /cormun/static/hpexe_messagecontroller.js?201991422154126 HTTP/1.1" 200 870
186.103.156.166 - - [05/Aug/2021:10:51:05 -0300] "GET /cormun/static/hpexe_messagepopupcomponent.js?2020121447232 HTTP/1.1" 200 605
186.103.156.166 - - [05/Aug/2021:10:51:05 -0300] "GET /cormun/static/gxui/gxui-all.js HTTP/1.1" 200 107772
186.103.156.166 - - [05/Aug/2021:10:51:05 -0300] "GET /cormun/static/hpexe_messagegenexuscomponent.js?2020121447173 HTTP/1.1" 200 587
186.103.156.166 - - [05/Aug/2021:10:51:05 -0300] "GET /cormun/static/cmcontrolpreferences.js?20199141926336 HTTP/1.1" 200 1375
186.103.156.166 - - [05/Aug/2021:10:51:05 -0300] "GET /cormun/static/Shared/jquery/jquery-1.4.2.min.js HTTP/1.1" 200 72174
186.103.156.166 - - [05/Aug/2021:10:51:05 -0300] "GET /cormun/static/SmoothNavMenu/resources/ddsmoothmenu.js HTTP/1.1" 200 12712
186.103.156.166 - - [05/Aug/2021:10:51:05 -0300] "GET /cormun/static/SmoothNavMenu/resources/SmoothNavMenuRender.js HTTP/1.1" 200 5951
186.103.156.166 - - [05/Aug/2021:10:51:05 -0300] "GET /cormun/static/scaMessage/js/jquery.pnotify.min.js HTTP/1.1" 200 13038
186.103.156.166 - - [05/Aug/2021:10:51:05 -0300] "GET /cormun/static/scaMessage/scaMessageRender.js HTTP/1.1" 200 11977
186.103.156.166 - - [05/Aug/2021:10:51:05 -0300] "GET /cormun/static/Resources/Logo2019_Small.png HTTP/1.1" 200 10855
186.103.156.166 - - [05/Aug/2021:10:51:05 -0300] "GET /cormun/static/Shared/jqueryui/jquery-ui.min.js HTTP/1.1" 200 240427
186.103.156.166 - - [05/Aug/2021:10:51:05 -0300] "GET /cormun/static/Resources/Llave.png HTTP/1.1" 200 1395
186.103.156.166 - - [05/Aug/2021:10:51:05 -0300] "GET /cormun/static/Shared/jquery/jquery-1.10.2.min.js HTTP/1.1" 200 273199
186.103.156.166 - - [05/Aug/2021:10:51:05 -0300] "GET /cormun/static/Resources/ImgLogin.png HTTP/1.1" 200 1432
186.103.156.166 - - [05/Aug/2021:10:51:05 -0300] "GET /cormun/static/Resources/PXToolsDataTitle.png HTTP/1.1" 200 1173
186.103.156.166 - - [05/Aug/2021:10:51:05 -0300] "GET /cormun/static/Resources/ImgHome.png HTTP/1.1" 200 1364
186.103.156.166 - - [05/Aug/2021:10:51:05 -0300] "GET /cormun/static/hmpwkw03.js?20201215501896 HTTP/1.1" 200 3973
186.103.156.166 - - [05/Aug/2021:10:51:05 -0300] "GET /cormun/static/Shared/ext/ext-all.js HTTP/1.1" 200 1289687
186.103.156.166 - - [05/Aug/2021:10:51:06 -0300] "GET /cormun/servlet/hhome HTTP/1.1" 200 4097
186.103.156.166 - - [05/Aug/2021:10:51:06 -0300] "GET /cormun/static/SmoothNavMenu/resources/images/down.gif HTTP/1.1" 200 854
186.103.156.166 - - [05/Aug/2021:10:51:06 -0300] "GET /cormun/static/SmoothNavMenu/resources/images/right.gif HTTP/1.1" 200 860
186.103.156.166 - - [05/Aug/2021:10:51:43 -0300] "GET /cormun/servlet/trsolicitudot? HTTP/1.1" 200 7325
186.103.156.166 - - [05/Aug/2021:10:51:43 -0300] "GET /cormun/static/gxui/gxui-all.css?110300 HTTP/1.1" 200 2179
186.103.156.166 - - [05/Aug/2021:10:51:43 -0300] "GET /cormun/static/gxcfg.js?201991910464971 HTTP/1.1" 200 953
186.103.156.166 - - [05/Aug/2021:10:51:43 -0300] "GET /cormun/static/calendar-system.css?75620 HTTP/1.1" 200 5572
186.103.156.166 - - [05/Aug/2021:10:51:43 -0300] "GET /cormun/static/calendar-setup.js?85251 HTTP/1.1" 200 2588
186.103.156.166 - - [05/Aug/2021:10:51:43 -0300] "GET /cormun/static/calendar-es.js?85251 HTTP/1.1" 200 1901
186.103.156.166 - - [05/Aug/2021:10:51:43 -0300] "GET /cormun/static/calendar.js?85251 HTTP/1.1" 200 26246
186.103.156.166 - - [05/Aug/2021:10:51:43 -0300] "GET /cormun/static/gxdec.js?85251 HTTP/1.1" 200 19579
186.103.156.166 - - [05/Aug/2021:10:51:43 -0300] "GET /cormun/static/Shared/ext/resources/css/ext-all.css?205870 HTTP/1.1" 200 416045
186.103.156.166 - - [05/Aug/2021:10:51:43 -0300] "GET /cormun/static/trsolicitudot.js?201991910465845 HTTP/1.1" 200 54041
186.103.156.166 - - [05/Aug/2021:10:51:43 -0300] "GET /cormun/static/Resources/PXTools/calendar.png HTTP/1.1" 200 1306
186.103.156.166 - - [05/Aug/2021:10:51:43 -0300] "GET /cormun/static/Resources/PXToolsDataSearch.png HTTP/1.1" 200 435
186.103.156.166 - - [05/Aug/2021:10:51:43 -0300] "GET /cormun/static/Resources/PXToolsGridFirstDisabled.gif HTTP/1.1" 200 100
186.103.156.166 - - [05/Aug/2021:10:51:44 -0300] "GET /cormun/static/Resources/PXToolsGridPreviousDisabled.gif HTTP/1.1" 200 90
186.103.156.166 - - [05/Aug/2021:10:51:44 -0300] "GET /cormun/static/Resources/PXToolsGridNextDisabled.gif HTTP/1.1" 200 90
186.103.156.166 - - [05/Aug/2021:10:51:44 -0300] "GET /cormun/static/Resources/PXToolsGridLastDisabled.gif HTTP/1.1" 200 98
186.103.156.166 - - [05/Aug/2021:10:51:44 -0300] "GET /cormun/static/Resources/PXToolsGridPage.gif HTTP/1.1" 200 725
186.103.156.166 - - [05/Aug/2021:10:51:44 -0300] "GET /cormun/static/Resources/PXToolsActionExcel.png HTTP/1.1" 200 727
186.103.156.166 - - [05/Aug/2021:10:51:44 -0300] "GET /cormun/static/Resources/PXToolsAddAllAction.png HTTP/1.1" 200 495
186.103.156.166 - - [05/Aug/2021:10:51:44 -0300] "GET /cormun/static/Resources/desc.gif HTTP/1.1" 200 65
186.103.156.166 - - [05/Aug/2021:10:51:44 -0300] "GET /cormun/static/Resources/asc.gif HTTP/1.1" 200 67
186.103.156.166 - - [05/Aug/2021:10:51:44 -0300] "GET /cormun/servlet/trsolicitudot? HTTP/1.1" 200 7325
186.103.156.166 - - [05/Aug/2021:10:51:45 -0300] "GET /cormun/static/Shared/ext/resources/themes/images/default/panel/bg-headersPanel.png HTTP/1.1" 200 255
186.103.156.166 - - [05/Aug/2021:10:51:45 -0300] "GET /cormun/static/Shared/ext/resources/themes/images/default/tools/tool-sprites.gif HTTP/1.1" 200 5434
190.171.141.122 - - [05/Aug/2021:10:51:48 -0300] "POST /cormun/servlet/trautorizarsolicitud?c7ca8de63fbc2f259219b7b2709c3b53,gx-no-cache=1628169594305,gx-no-cache=1628170885042 HTTP/1.1" 200 5959
190.171.141.122 - - [05/Aug/2021:10:51:48 -0300] "GET /cormun/static/Shared/jqueryui/images/ui-bg_highlight-soft_100_c6c2c8_1x100.png HTTP/1.1" 404 1117
190.171.141.122 - - [05/Aug/2021:10:51:48 -0300] "GET /cormun/static/Shared/jqueryui/images/ui-bg_flat_55_fafafa_40x100.png HTTP/1.1" 404 1097
190.171.141.122 - - [05/Aug/2021:10:51:48 -0300] "GET /cormun/static/Shared/jqueryui/images/ui-icons_82798d_256x240.png HTTP/1.1" 404 1089
190.171.141.122 - - [05/Aug/2021:10:51:48 -0300] "GET /cormun/static/Shared/jqueryui/images/ui-icons_8d78a5_256x240.png HTTP/1.1" 404 1089
190.171.141.122 - - [05/Aug/2021:10:51:50 -0300] "POST /cormun/servlet/trautorizarsolicitud?c7ca8de63fbc2f259219b7b2709c3b53,gx-no-cache=1628169594305,gx-no-cache=1628170887006 HTTP/1.1" 200 5959
190.171.141.122 - - [05/Aug/2021:10:51:57 -0300] "POST /cormun/servlet/trautorizarsolicitud?c7ca8de63fbc2f259219b7b2709c3b53,gx-no-cache=1628169594305,gx-no-cache=1628170894199 HTTP/1.1" 200 4553
190.171.141.122 - - [05/Aug/2021:10:52:02 -0300] "POST /cormun/servlet/trautorizarsolicitud?c7ca8de63fbc2f259219b7b2709c3b53,gx-no-cache=1628169594305,gx-no-cache=1628170898415 HTTP/1.1" 200 5948
190.171.141.122 - - [05/Aug/2021:10:52:05 -0300] "POST /cormun/servlet/trautorizarsolicitud?c7ca8de63fbc2f259219b7b2709c3b53,gx-no-cache=1628169594305,gx-no-cache=1628170901633 HTTP/1.1" 200 5959
190.171.141.122 - - [05/Aug/2021:10:52:08 -0300] "POST /cormun/servlet/trautorizarsolicitud?c7ca8de63fbc2f259219b7b2709c3b53,gx-no-cache=1628169594305,gx-no-cache=1628170905049 HTTP/1.1" 200 5962
190.171.141.122 - - [05/Aug/2021:10:52:10 -0300] "POST /cormun/servlet/trautorizarsolicitud?c7ca8de63fbc2f259219b7b2709c3b53,gx-no-cache=1628169594305,gx-no-cache=1628170906481 HTTP/1.1" 200 5959
190.171.141.122 - - [05/Aug/2021:10:52:11 -0300] "POST /cormun/servlet/trautorizarsolicitud?c7ca8de63fbc2f259219b7b2709c3b53,gx-no-cache=1628169594305,gx-no-cache=1628170907766 HTTP/1.1" 200 5959
190.171.141.122 - - [05/Aug/2021:10:52:20 -0300] "GET /cormun/servlet/trsolicitudot? HTTP/1.1" 200 7447
190.171.141.122 - - [05/Aug/2021:10:52:20 -0300] "GET /cormun/static/gxcfg.js?201991910464971 HTTP/1.1" 200 953
190.171.141.122 - - [05/Aug/2021:10:52:20 -0300] "GET /cormun/static/Resources/PXToolsAddAllAction.png HTTP/1.1" 200 495
190.171.141.122 - - [05/Aug/2021:10:52:20 -0300] "GET /cormun/static/trsolicitudot.js?201991910465845 HTTP/1.1" 200 54041
190.171.141.122 - - [05/Aug/2021:10:52:20 -0300] "GET /cormun/servlet/trsolicitudot? HTTP/1.1" 200 7424
190.171.141.122 - - [05/Aug/2021:10:52:23 -0300] "GET /cormun/servlet/solicitudot?INS,0,0,false, HTTP/1.1" 200 15752
190.171.141.122 - - [05/Aug/2021:10:52:23 -0300] "GET /cormun/static/gxcfg.js?20203414241232 HTTP/1.1" 200 953
190.171.141.122 - - [05/Aug/2021:10:52:23 -0300] "GET /cormun/static/solicitudot.js?20203414242792 HTTP/1.1" 200 74114
190.171.141.122 - - [05/Aug/2021:10:52:23 -0300] "GET /cormun/static/Resources/prompt.gif HTTP/1.1" 200 902
190.171.141.122 - - [05/Aug/2021:10:52:23 -0300] "GET /cormun/servlet/solicitudot?INS,0,0,false, HTTP/1.1" 200 15759
190.171.141.122 - - [05/Aug/2021:10:52:25 -0300] "GET /cormun/servlet/trsolicitudot? HTTP/1.1" 200 7425
190.171.141.122 - - [05/Aug/2021:10:52:26 -0300] "GET /cormun/servlet/trsolicitudot? HTTP/1.1" 200 7424
190.171.141.122 - - [05/Aug/2021:10:52:31 -0300] "POST /cormun/servlet/trsolicitudot?c7ca8de63fbc2f259219b7b2709c3b53,,gx-no-cache=1628170927577 HTTP/1.1" 200 6025
190.171.141.122 - - [05/Aug/2021:10:52:34 -0300] "GET /cormun/servlet/solicitudot?INS,0,0,false, HTTP/1.1" 200 15752
190.171.141.122 - - [05/Aug/2021:10:52:34 -0300] "GET /cormun/servlet/solicitudot?INS,0,0,false, HTTP/1.1" 200 15759
190.171.141.122 - - [05/Aug/2021:10:52:38 -0300] "POST /cormun/servlet/solicitudot?gx-no-cache=1628170934742 HTTP/1.1" 200 3714
190.171.141.122 - - [05/Aug/2021:10:52:38 -0300] "POST /cormun/servlet/solicitudot?c7ca8de63fbc2f259219b7b2709c3b53,INS,0,0,false,,gx-no-cache=1628170934864 HTTP/1.1" 200 12493
190.171.141.122 - - [05/Aug/2021:10:52:41 -0300] "GET /cormun/servlet/solicitudot?d3d97c035a0ade8a28b3205c35e44241f1a0bbd31daa1f02bc11b5240ea881df998860de1e89f6709e382fe1cd1f64e7,gx-no-cache=1628170937420 HTTP/1.1" 200 30
190.171.141.122 - - [05/Aug/2021:10:53:38 -0300] "GET /cormun/servlet/solicitudot?d3d97c035a0ade8a28b3205c35e442414e95cda4d8474f29e936929d1438d54e2b473491cf8bdbe682b3e5e0cfb07d70081d6e79bbda722da0871f102144ac93,gx-no-cache=1628170995442 HTTP/1.1" 200 30
190.171.141.122 - - [05/Aug/2021:10:53:39 -0300] "GET /cormun/servlet/solicitudot?d3d97c035a0ade8a28b3205c35e4424147204b902916ae80c85c949164c9726b,gx-no-cache=1628170995495 HTTP/1.1" 200 29
190.171.141.122 - - [05/Aug/2021:10:53:39 -0300] "POST /cormun/servlet/solicitudot?gx-no-cache=1628170995528 HTTP/1.1" 200 297
190.171.141.122 - - [05/Aug/2021:10:53:39 -0300] "GET /cormun/servlet/solicitudot?d3d97c035a0ade8a28b3205c35e442416e78e096ea201a4066ae0b13576196db29b5e48fa1c42cc319751f975319c439223b5a48e391a9285fca96eae1a9c696375b2873839bc4fbcd322586f0a52ad4fd994a8c8370bc693cdb81565ff39f35eaefa452d6b719673a208bee98aaff8f8761abd783870198c286a0f4766756ab107ba69a4efb62eaf082c3763200e65983133478d59d632f4feef678767204bbaa9f0b4ba9ecea71a030907d7cfde4bbde303e826b704e81b5cffbb57395ca8a50c2cf2ac0591d5677c3499ba758f475286d288cdf0a6fe04e97262667de9bffcce12b40d9a36780a4eba0a1bce1efc27367bfa86dcce712dac030c5aa43a2b1cb5d789ea4ce1340acb96bab8c5e67e48a90572472ba829eef1aaa902331fb38981fe19dd7eb5291c5a6608a40d957db52396b5709c4fa509773868a711d364e2cb16992827a0a2539769b9657126b81fc16f787331e518b7afe990632a5b7eb1c64bada905debbbca1b6889a08960f11ee97aecf2ce570be6bec1a98cecedbc6df71eb507c5b5194c085591f30904a0,gx-no-cache=1628170995954 HTTP/1.1" 200 30
181.212.43.89 - - [05/Aug/2021:10:53:40 -0300] "GET /cormun/servlet/hlogin HTTP/1.1" 200 1726
190.171.141.122 - - [05/Aug/2021:10:53:46 -0300] "POST /cormun/servlet/solicitudot?gx-no-cache=1628171002689 HTTP/1.1" 200 30
181.212.43.89 - - [05/Aug/2021:10:53:46 -0300] "POST /cormun/servlet/hlogin?9d7ab1333afa59b6a5851da1f3acd63c,gx-no-cache=1628171002110 HTTP/1.1" 200 90
181.212.43.89 - - [05/Aug/2021:10:53:46 -0300] "GET /cormun/servlet/hpexe_link HTTP/1.1" 200 954
181.212.43.89 - - [05/Aug/2021:10:53:46 -0300] "GET /cormun/servlet/hhome HTTP/1.1" 200 3990
190.171.141.122 - - [05/Aug/2021:10:53:47 -0300] "POST /cormun/servlet/solicitudot?gx-no-cache=1628171003859 HTTP/1.1" 200 1440
190.171.141.122 - - [05/Aug/2021:10:53:47 -0300] "POST /cormun/servlet/solicitudot?gx-no-cache=1628171003920 HTTP/1.1" 200 38
181.212.43.89 - - [05/Aug/2021:10:53:47 -0300] "GET /cormun/servlet/hhome HTTP/1.1" 200 3986
181.212.43.89 - - [05/Aug/2021:10:53:51 -0300] "GET /cormun/servlet/trpermisosgoce? HTTP/1.1" 200 9017
181.212.43.89 - - [05/Aug/2021:10:53:52 -0300] "GET /cormun/servlet/trpermisosgoce? HTTP/1.1" 200 9017
190.171.141.122 - - [05/Aug/2021:10:53:57 -0300] "GET /cormun/servlet/solicitudot?d3d97c035a0ade8a28b3205c35e44241af0e86b4610a64d24d50c31dff398e3296e9fbc71bd1ed72eb3dc4eaa00395addfcf64ee48109f34d5b81aa30fcfc2d4af1b89d0cf5012e478b8f34a6dbfc644dcbf01ee183f495b5a6e13b54e3fa3119c2c3495e91cbfac9cbfa2b3fa81cd1a,gx-no-cache=1628171013779 HTTP/1.1" 200 110
181.212.43.89 - - [05/Aug/2021:10:53:57 -0300] "GET /cormun/servlet/permisogoce?INS,0,,, HTTP/1.1" 200 6852
181.212.43.89 - - [05/Aug/2021:10:53:58 -0300] "GET /cormun/servlet/permisogoce?INS,0,,, HTTP/1.1" 200 6852
190.171.141.122 - - [05/Aug/2021:10:54:04 -0300] "POST /cormun/servlet/solicitudot?gx-no-cache=1628171021443 HTTP/1.1" 200 64
181.212.43.89 - - [05/Aug/2021:10:54:07 -0300] "GET /cormun/servlet/permisogoce?ea698f8590c6755b7e6eeea52295fcb729f06703ed7394a665935bba59550349e759480905f27ef366d81d248639909d8c0da4ea28244da1a3c7d5848ca0ab80,gx-no-cache=1628171023283 HTTP/1.1" 200 81
181.212.43.89 - - [05/Aug/2021:10:54:10 -0300] "GET /cormun/static/menuarrow.gif HTTP/1.1" 404 1015
190.171.141.122 - - [05/Aug/2021:10:54:10 -0300] "POST /cormun/servlet/solicitudot?gx-no-cache=1628171027079 HTTP/1.1" 200 64
190.171.141.122 - - [05/Aug/2021:10:54:15 -0300] "GET /cormun/servlet/solicitudot?d3d97c035a0ade8a28b3205c35e442418e8c9741a52a7075fea5e4eeecfcd1c223ea84b6e3dc2546ae348a94557c1a7499c209886143f4bf33433503068dc003a73494deccb2aeec4e8a801347cbc0418900dfff191da3e6757ac990575c278bb95c58d7e0cadb9147e9d77e09e72c9f,gx-no-cache=1628171031957 HTTP/1.1" 200 29
190.171.141.122 - - [05/Aug/2021:10:54:15 -0300] "GET /cormun/static/menuarrow.gif HTTP/1.1" 404 1015
181.212.43.89 - - [05/Aug/2021:10:54:16 -0300] "GET /cormun/servlet/permisogoce?ea698f8590c6755b7e6eeea52295fcb7dca080faea3a5fc1aa1919fc401d5eb6c740baac76fa02ee4a15ff5e13cb367ef330e424bbd11b4c4f455e04b04bc5e2,gx-no-cache=1628171032028 HTTP/1.1" 200 46
190.171.141.122 - - [05/Aug/2021:10:54:18 -0300] "GET /cormun/servlet/solicitudot?d3d97c035a0ade8a28b3205c35e44241e3153d85798d245f7b2af6e682a1278d453e76f05d7c8efcbd76f56126429831,gx-no-cache=1628171034588 HTTP/1.1" 200 30
181.212.43.89 - - [05/Aug/2021:10:54:22 -0300] "POST /cormun/servlet/permisogoce?9d7ab1333afa59b6a5851da1f3acd63c,INS,0,,,,gx-no-cache=1628171037389 HTTP/1.1" 200 93
181.212.43.89 - - [05/Aug/2021:10:54:22 -0300] "GET /cormun/servlet/hpexe_return? HTTP/1.1" 200 1011
181.212.43.89 - - [05/Aug/2021:10:54:22 -0300] "GET /cormun/servlet/trpermisosgoce HTTP/1.1" 200 9304
181.212.43.89 - - [05/Aug/2021:10:54:23 -0300] "GET /cormun/servlet/trpermisosgoce HTTP/1.1" 200 9299
190.171.141.122 - - [05/Aug/2021:10:54:25 -0300] "POST /cormun/servlet/solicitudot?gx-no-cache=1628171041756 HTTP/1.1" 200 30
181.212.43.89 - - [05/Aug/2021:10:54:28 -0300] "GET /cormun/servlet/apermisogoceprn?13719561,P,20210805094117,PU HTTP/1.1" 200 1671
181.212.43.89 - - [05/Aug/2021:10:54:41 -0300] "GET /cormun/servlet/trpermisosadjuntos?13719561,20210805094117,P, HTTP/1.1" 200 6313
181.212.43.89 - - [05/Aug/2021:10:54:41 -0300] "GET /cormun/servlet/trpermisosadjuntos?13719561,20210805094117,P, HTTP/1.1" 200 6314
181.212.43.89 - - [05/Aug/2021:10:54:44 -0300] "GET /cormun/servlet/permisosadjuntos?INS,13719561,P,20210805094117,, HTTP/1.1" 200 5634
181.212.43.89 - - [05/Aug/2021:10:54:44 -0300] "GET /cormun/static/about:blank HTTP/1.1" 404 1011
181.212.43.89 - - [05/Aug/2021:10:54:44 -0300] "GET /cormun/servlet/permisosadjuntos?INS,13719561,P,20210805094117,, HTTP/1.1" 200 5623
181.212.43.89 - - [05/Aug/2021:10:55:02 -0300] "POST /cormun/servlet/permisosadjuntos?9d7ab1333afa59b6a5851da1f3acd63c,INS,13719561,P,20210805094117,, HTTP/1.1" 200 116
181.212.43.89 - - [05/Aug/2021:10:55:02 -0300] "GET /cormun/servlet/hpexe_return? HTTP/1.1" 200 1041
181.212.43.89 - - [05/Aug/2021:10:55:03 -0300] "GET /cormun/servlet/trpermisosadjuntos?13719561,20210805094117,P, HTTP/1.1" 200 6787
181.212.43.89 - - [05/Aug/2021:10:55:03 -0300] "GET /cormun/servlet/trpermisosadjuntos?13719561,20210805094117,P, HTTP/1.1" 200 6784
181.212.43.89 - - [05/Aug/2021:10:55:05 -0300] "POST /cormun/servlet/trpermisosadjuntos?9d7ab1333afa59b6a5851da1f3acd63c,13719561,20210805094117,P,,gx-no-cache=1628171081424 HTTP/1.1" 200 90
181.212.43.89 - - [05/Aug/2021:10:55:05 -0300] "GET /cormun/servlet/hpexe_link HTTP/1.1" 200 987
181.212.43.89 - - [05/Aug/2021:10:55:05 -0300] "GET /cormun/servlet/trpermisosgoce HTTP/1.1" 200 9300
181.212.43.89 - - [05/Aug/2021:10:55:06 -0300] "GET /cormun/servlet/trpermisosgoce HTTP/1.1" 200 9299
181.212.43.89 - - [05/Aug/2021:10:55:08 -0300] "POST /cormun/servlet/trpermisosgoce?9d7ab1333afa59b6a5851da1f3acd63c,gx-no-cache=1628171084410 HTTP/1.1" 200 6544
181.212.43.89 - - [05/Aug/2021:10:55:08 -0300] "GET /cormun/static/Shared/jqueryui/images/ui-bg_highlight-soft_100_c6c2c8_1x100.png HTTP/1.1" 404 1117
181.212.43.89 - - [05/Aug/2021:10:55:08 -0300] "GET /cormun/static/Shared/jqueryui/images/ui-icons_82798d_256x240.png HTTP/1.1" 404 1089
181.212.43.89 - - [05/Aug/2021:10:55:09 -0300] "GET /cormun/static/Shared/jqueryui/images/ui-icons_8d78a5_256x240.png HTTP/1.1" 404 1089
181.212.43.89 - - [05/Aug/2021:10:55:09 -0300] "GET /cormun/static/Shared/jqueryui/images/ui-bg_flat_55_fafafa_40x100.png HTTP/1.1" 404 1097
192.168.10.78 - - [05/Aug/2021:10:55:16 -0300] "GET /cormun/servlet/hlogin HTTP/1.1" 200 1730
192.168.10.78 - - [05/Aug/2021:10:55:16 -0300] "GET /cormun/servlet/hlogin HTTP/1.1" 200 1740
181.212.43.89 - - [05/Aug/2021:10:55:20 -0300] "GET /cormun/servlet/permisogoce?INS,0,,, HTTP/1.1" 200 6851
181.212.43.89 - - [05/Aug/2021:10:55:21 -0300] "GET /cormun/servlet/permisogoce?INS,0,,, HTTP/1.1" 200 6851
192.168.10.78 - - [05/Aug/2021:10:55:24 -0300] "POST /cormun/servlet/hlogin?1ba35f1318aa1c7fae6b0f309665dc5f,gx-no-cache=1628170964029 HTTP/1.1" 200 458
181.212.43.89 - - [05/Aug/2021:10:55:28 -0300] "GET /cormun/servlet/permisogoce?ea698f8590c6755b7e6eeea52295fcb729f06703ed7394a665935bba59550349e759480905f27ef366d81d248639909d8c0da4ea28244da1a3c7d5848ca0ab80,gx-no-cache=1628171103864 HTTP/1.1" 200 83
186.103.156.166 - - [05/Aug/2021:10:55:29 -0300] "POST /cormun/servlet/trsolicitudot?d85bafd60294f17cb33c10b9a3f539ec,,gx-no-cache=1628171105095 HTTP/1.1" 200 4631
181.212.43.89 - - [05/Aug/2021:10:55:31 -0300] "GET /cormun/static/menuarrow.gif HTTP/1.1" 404 1015
192.168.10.78 - - [05/Aug/2021:10:55:37 -0300] "POST /cormun/servlet/hlogin?1ba35f1318aa1c7fae6b0f309665dc5f,gx-no-cache=1628170976793 HTTP/1.1" 200 90
192.168.10.78 - - [05/Aug/2021:10:55:37 -0300] "GET /cormun/servlet/hpexe_link HTTP/1.1" 200 957
192.168.10.78 - - [05/Aug/2021:10:55:37 -0300] "GET /cormun/servlet/hhome HTTP/1.1" 200 3793
192.168.10.78 - - [05/Aug/2021:10:55:37 -0300] "GET /cormun/servlet/hhome HTTP/1.1" 200 3790
181.212.43.89 - - [05/Aug/2021:10:55:40 -0300] "GET /cormun/servlet/permisogoce?ea698f8590c6755b7e6eeea52295fcb7dca080faea3a5fc1aa1919fc401d5eb623e6faabd230c919d048e710c1b0a414f330e424bbd11b4c4f455e04b04bc5e2,gx-no-cache=1628171115909 HTTP/1.1" 200 48
192.168.10.78 - - [05/Aug/2021:10:55:45 -0300] "GET /cormun/servlet/trsolicitudgral? HTTP/1.1" 200 21918
192.168.10.78 - - [05/Aug/2021:10:55:46 -0300] "GET /cormun/servlet/trsolicitudgral? HTTP/1.1" 200 21914
181.212.43.89 - - [05/Aug/2021:10:55:49 -0300] "POST /cormun/servlet/permisogoce?9d7ab1333afa59b6a5851da1f3acd63c,INS,0,,,,gx-no-cache=1628171124808 HTTP/1.1" 200 93
181.212.43.89 - - [05/Aug/2021:10:55:49 -0300] "GET /cormun/servlet/hpexe_return? HTTP/1.1" 200 1033
181.212.43.89 - - [05/Aug/2021:10:55:49 -0300] "GET /cormun/servlet/trpermisosgoce?gx-no-cache=1628171084410 HTTP/1.1" 200 9482
181.212.43.89 - - [05/Aug/2021:10:55:50 -0300] "GET /cormun/servlet/trpermisosgoce?gx-no-cache=1628171084410 HTTP/1.1" 200 9496
186.103.156.166 - - [05/Aug/2021:10:55:52 -0300] "GET /cormun/servlet/trsolicitudot? HTTP/1.1" 200 7341
186.103.156.166 - - [05/Aug/2021:10:55:53 -0300] "GET /cormun/servlet/trsolicitudot? HTTP/1.1" 200 7341
181.212.43.89 - - [05/Aug/2021:10:56:00 -0300] "GET /cormun/servlet/apermisogoceprn?13719561,P,20210805094240,PU HTTP/1.1" 200 1685
181.212.43.89 - - [05/Aug/2021:10:56:14 -0300] "GET /cormun/servlet/trpermisosadjuntos?13719561,20210805094240,P, HTTP/1.1" 200 6335
181.212.43.89 - - [05/Aug/2021:10:56:15 -0300] "GET /cormun/servlet/trpermisosadjuntos?13719561,20210805094240,P, HTTP/1.1" 200 6314
181.212.43.89 - - [05/Aug/2021:10:56:17 -0300] "GET /cormun/servlet/permisosadjuntos?INS,13719561,P,20210805094240,, HTTP/1.1" 200 5632
181.212.43.89 - - [05/Aug/2021:10:56:17 -0300] "GET /cormun/static/about:blank HTTP/1.1" 404 1011
181.212.43.89 - - [05/Aug/2021:10:56:18 -0300] "GET /cormun/servlet/permisosadjuntos?INS,13719561,P,20210805094240,, HTTP/1.1" 200 5622
186.103.156.166 - - [05/Aug/2021:10:56:23 -0300] "GET /cormun/servlet/trdiat? HTTP/1.1" 200 6985
186.103.156.166 - - [05/Aug/2021:10:56:23 -0300] "GET /cormun/static/gxui/gxui-all.css?120300 HTTP/1.1" 200 2179
186.103.156.166 - - [05/Aug/2021:10:56:23 -0300] "GET /cormun/static/calendar-system.css?85620 HTTP/1.1" 200 5572
186.103.156.166 - - [05/Aug/2021:10:56:23 -0300] "GET /cormun/static/gxcfg.js?20201216295890 HTTP/1.1" 200 953
186.103.156.166 - - [05/Aug/2021:10:56:23 -0300] "GET /cormun/static/Shared/ext/resources/css/ext-all.css?215870 HTTP/1.1" 200 416045
186.103.156.166 - - [05/Aug/2021:10:56:23 -0300] "GET /cormun/static/trdiat.js?2020121630440 HTTP/1.1" 200 35345
192.168.10.78 - - [05/Aug/2021:10:56:24 -0300] "POST /cormun/servlet/trsolicitudgral?1ba35f1318aa1c7fae6b0f309665dc5f,,gx-no-cache=1628171024137 HTTP/1.1" 200 9144
186.103.156.166 - - [05/Aug/2021:10:56:25 -0300] "GET /cormun/servlet/trdiat? HTTP/1.1" 200 6985
186.103.156.166 - - [05/Aug/2021:10:56:26 -0300] "POST /cormun/servlet/acontrolpreferencessavestate?None,MJRAMOS,true HTTP/1.1" 200 35
181.212.43.89 - - [05/Aug/2021:10:56:26 -0300] "POST /cormun/servlet/permisosadjuntos?9d7ab1333afa59b6a5851da1f3acd63c,INS,13719561,P,20210805094240,, HTTP/1.1" 200 116
181.212.43.89 - - [05/Aug/2021:10:56:26 -0300] "GET /cormun/servlet/hpexe_return? HTTP/1.1" 200 1041
181.212.43.89 - - [05/Aug/2021:10:56:26 -0300] "GET /cormun/servlet/trpermisosadjuntos?13719561,20210805094240,P, HTTP/1.1" 200 6807
181.212.43.89 - - [05/Aug/2021:10:56:27 -0300] "GET /cormun/servlet/trpermisosadjuntos?13719561,20210805094240,P, HTTP/1.1" 200 6803
181.212.43.89 - - [05/Aug/2021:10:56:28 -0300] "POST /cormun/servlet/trpermisosadjuntos?9d7ab1333afa59b6a5851da1f3acd63c,13719561,20210805094240,P,,gx-no-cache=1628171164666 HTTP/1.1" 200 90
181.212.43.89 - - [05/Aug/2021:10:56:29 -0300] "GET /cormun/servlet/hpexe_link HTTP/1.1" 200 1008
181.212.43.89 - - [05/Aug/2021:10:56:29 -0300] "GET /cormun/servlet/trpermisosgoce?gx-no-cache=1628171084410 HTTP/1.1" 200 9477
181.212.43.89 - - [05/Aug/2021:10:56:29 -0300] "GET /cormun/servlet/trpermisosgoce?gx-no-cache=1628171084410 HTTP/1.1" 200 9496
186.103.156.166 - - [05/Aug/2021:10:56:31 -0300] "GET /cormun/Manuales/ManualSolicitud.pdf HTTP/1.1" 200 850295
181.212.43.89 - - [05/Aug/2021:10:56:32 -0300] "POST /cormun/servlet/trpermisosgoce?9d7ab1333afa59b6a5851da1f3acd63c,gx-no-cache=1628171084410,gx-no-cache=1628171168365 HTTP/1.1" 200 6734
181.212.43.89 - - [05/Aug/2021:10:56:32 -0300] "GET /cormun/static/Shared/jqueryui/images/ui-bg_highlight-soft_100_c6c2c8_1x100.png HTTP/1.1" 404 1117
181.212.43.89 - - [05/Aug/2021:10:56:32 -0300] "GET /cormun/static/Shared/jqueryui/images/ui-icons_82798d_256x240.png HTTP/1.1" 404 1089
181.212.43.89 - - [05/Aug/2021:10:56:32 -0300] "GET /cormun/static/Shared/jqueryui/images/ui-bg_flat_55_fafafa_40x100.png HTTP/1.1" 404 1097
181.212.43.89 - - [05/Aug/2021:10:56:32 -0300] "GET /cormun/static/Shared/jqueryui/images/ui-icons_8d78a5_256x240.png HTTP/1.1" 404 1089
192.168.10.78 - - [05/Aug/2021:10:56:34 -0300] "GET /cormun/static/menuarrow.gif HTTP/1.1" 404 1015
190.171.141.122 - - [05/Aug/2021:10:56:43 -0300] "GET /cormun/servlet/solicitudot?d3d97c035a0ade8a28b3205c35e44241e3153d85798d245f7b2af6e682a1278d453e76f05d7c8efcbd76f56126429831,gx-no-cache=1628171179645 HTTP/1.1" 200 30
190.171.141.122 - - [05/Aug/2021:10:56:43 -0300] "POST /cormun/servlet/solicitudot?gx-no-cache=1628171179710 HTTP/1.1" 200 30
190.171.141.122 - - [05/Aug/2021:10:56:43 -0300] "POST /cormun/servlet/solicitudot?c7ca8de63fbc2f259219b7b2709c3b53,INS,0,0,false,,gx-no-cache=1628171179754 HTTP/1.1" 200 93
190.171.141.122 - - [05/Aug/2021:10:56:43 -0300] "GET /cormun/servlet/hpexe_return? HTTP/1.1" 200 1007
190.171.141.122 - - [05/Aug/2021:10:56:44 -0300] "GET /cormun/servlet/trsolicitudot? HTTP/1.1" 200 9123
190.171.141.122 - - [05/Aug/2021:10:56:44 -0300] "GET /cormun/servlet/trsolicitudot? HTTP/1.1" 200 9117
181.212.43.89 - - [05/Aug/2021:10:56:44 -0300] "GET /cormun/servlet/permisogoce?INS,0,,, HTTP/1.1" 200 6874
181.212.43.89 - - [05/Aug/2021:10:56:45 -0300] "GET /cormun/servlet/permisogoce?INS,0,,, HTTP/1.1" 200 6851
190.171.141.122 - - [05/Aug/2021:10:56:52 -0300] "POST /cormun/servlet/trsolicitudot?c7ca8de63fbc2f259219b7b2709c3b53,,gx-no-cache=1628171188682 HTTP/1.1" 200 107
190.171.141.122 - - [05/Aug/2021:10:56:52 -0300] "GET /cormun/servlet/trsolicitudadjuntos?2021,17346, HTTP/1.1" 200 6300
190.171.141.122 - - [05/Aug/2021:10:56:52 -0300] "GET /cormun/servlet/trsolicitudadjuntos?2021,17346, HTTP/1.1" 200 6300
181.212.43.89 - - [05/Aug/2021:10:56:55 -0300] "GET /cormun/servlet/permisogoce?ea698f8590c6755b7e6eeea52295fcb70724f996eab1e1119e506df517eb9df2e759480905f27ef366d81d248639909d8c0da4ea28244da1a3c7d5848ca0ab80,gx-no-cache=1628171191421 HTTP/1.1" 200 77
190.171.141.122 - - [05/Aug/2021:10:56:59 -0300] "GET /cormun/servlet/solicitudotadjuntos?INS,2021,17346,,1, HTTP/1.1" 200 6251
190.171.141.122 - - [05/Aug/2021:10:56:59 -0300] "GET /cormun/static/gxcfg.js?202012157947 HTTP/1.1" 200 953
190.171.141.122 - - [05/Aug/2021:10:56:59 -0300] "GET /cormun/static/solicitudotadjuntos.js?202012157966 HTTP/1.1" 200 11771
190.171.141.122 - - [05/Aug/2021:10:56:59 -0300] "GET /cormun/static/about:blank HTTP/1.1" 404 1011
190.171.141.122 - - [05/Aug/2021:10:56:59 -0300] "GET /cormun/servlet/solicitudotadjuntos?INS,2021,17346,,1, HTTP/1.1" 200 6244
190.171.141.122 - - [05/Aug/2021:10:57:00 -0300] "GET /cormun/servlet/solicitudotadjuntos?d3d97c035a0ade8a28b3205c35e4424199d50623e1fd15681a2e7341084c7df5f421ee1fcea70ecad740ec0a81bdba96,gx-no-cache=1628171196895 HTTP/1.1" 200 30
190.171.141.122 - - [05/Aug/2021:10:57:00 -0300] "POST /cormun/servlet/solicitudotadjuntos?c7ca8de63fbc2f259219b7b2709c3b53,INS,2021,17346,,1,,gx-no-cache=1628171196930 HTTP/1.1" 200 4147
181.212.43.89 - - [05/Aug/2021:10:57:02 -0300] "GET /cormun/static/menuarrow.gif HTTP/1.1" 404 1015
190.171.141.122 - - [05/Aug/2021:10:57:03 -0300] "POST /cormun/servlet/solicitudotadjuntos?gx-no-cache=1628171200293 HTTP/1.1" 200 26
186.103.156.166 - - [05/Aug/2021:10:57:09 -0300] "GET /cormun/servlet/trdiat? HTTP/1.1" 200 6989
190.171.141.122 - - [05/Aug/2021:10:57:09 -0300] "GET /cormun/servlet/solicitudotadjuntos?d3d97c035a0ade8a28b3205c35e442419cf5a69736db89458b7d8317dfba1699,gx-no-cache=1628171206270 HTTP/1.1" 200 30
190.171.141.122 - - [05/Aug/2021:10:57:09 -0300] "GET /cormun/servlet/solicitudotadjuntos?d3d97c035a0ade8a28b3205c35e442419cf5a69736db89458b7d8317dfba1699,gx-no-cache=1628171206283 HTTP/1.1" 200 30
190.171.141.122 - - [05/Aug/2021:10:57:10 -0300] "POST /cormun/servlet/solicitudotadjuntos?c7ca8de63fbc2f259219b7b2709c3b53,INS,2021,17346,,1, HTTP/1.1" 200 116
190.171.141.122 - - [05/Aug/2021:10:57:10 -0300] "GET /cormun/servlet/hpexe_return? HTTP/1.1" 200 1025
190.171.141.122 - - [05/Aug/2021:10:57:10 -0300] "GET /cormun/servlet/trsolicitudadjuntos?2021,17346, HTTP/1.1" 200 9035
186.103.156.166 - - [05/Aug/2021:10:57:10 -0300] "GET /cormun/servlet/trdiat? HTTP/1.1" 200 6989
190.171.141.122 - - [05/Aug/2021:10:57:10 -0300] "GET /cormun/servlet/trsolicitudadjuntos?2021,17346, HTTP/1.1" 200 9034
190.171.141.122 - - [05/Aug/2021:10:57:13 -0300] "GET /cormun/servlet/solicitudotadjuntos?INS,2021,17346,,1, HTTP/1.1" 200 6251
190.171.141.122 - - [05/Aug/2021:10:57:13 -0300] "GET /cormun/static/about:blank HTTP/1.1" 404 1011
190.171.141.122 - - [05/Aug/2021:10:57:13 -0300] "GET /cormun/servlet/solicitudotadjuntos?INS,2021,17346,,1, HTTP/1.1" 200 6244
186.103.156.166 - - [05/Aug/2021:10:57:14 -0300] "GET /cormun/servlet/trsolicitudot? HTTP/1.1" 200 7346
190.171.141.122 - - [05/Aug/2021:10:57:14 -0300] "GET /cormun/servlet/solicitudotadjuntos?d3d97c035a0ade8a28b3205c35e4424199d50623e1fd15681a2e7341084c7df5f421ee1fcea70ecad740ec0a81bdba96,gx-no-cache=1628171210475 HTTP/1.1" 200 30
190.171.141.122 - - [05/Aug/2021:10:57:14 -0300] "POST /cormun/servlet/solicitudotadjuntos?c7ca8de63fbc2f259219b7b2709c3b53,INS,2021,17346,,1,,gx-no-cache=1628171210512 HTTP/1.1" 200 4147
186.103.156.166 - - [05/Aug/2021:10:57:14 -0300] "GET /cormun/servlet/trsolicitudot? HTTP/1.1" 200 7345
190.171.141.122 - - [05/Aug/2021:10:57:15 -0300] "POST /cormun/servlet/solicitudotadjuntos?gx-no-cache=1628171212318 HTTP/1.1" 200 26
186.103.156.166 - - [05/Aug/2021:10:57:19 -0300] "GET /cormun/servlet/solicitudot?INS,0,0,false, HTTP/1.1" 200 15645
186.103.156.166 - - [05/Aug/2021:10:57:19 -0300] "GET /cormun/static/gxcfg.js?20203414241232 HTTP/1.1" 200 953
186.103.156.166 - - [05/Aug/2021:10:57:19 -0300] "GET /cormun/static/Resources/prompt.gif HTTP/1.1" 200 902
186.103.156.166 - - [05/Aug/2021:10:57:19 -0300] "GET /cormun/static/solicitudot.js?20203414242792 HTTP/1.1" 200 74114
186.103.156.166 - - [05/Aug/2021:10:57:20 -0300] "GET /cormun/servlet/solicitudot?INS,0,0,false, HTTP/1.1" 200 15653
190.171.141.122 - - [05/Aug/2021:10:57:26 -0300] "GET /cormun/servlet/solicitudotadjuntos?d3d97c035a0ade8a28b3205c35e442419cf5a69736db89458b7d8317dfba1699,gx-no-cache=1628171223301 HTTP/1.1" 200 30
190.171.141.122 - - [05/Aug/2021:10:57:26 -0300] "GET /cormun/servlet/solicitudotadjuntos?d3d97c035a0ade8a28b3205c35e442419cf5a69736db89458b7d8317dfba1699,gx-no-cache=1628171223315 HTTP/1.1" 200 30
190.171.141.122 - - [05/Aug/2021:10:57:26 -0300] "POST /cormun/servlet/solicitudotadjuntos?c7ca8de63fbc2f259219b7b2709c3b53,INS,2021,17346,,1, HTTP/1.1" 200 116
190.171.141.122 - - [05/Aug/2021:10:57:27 -0300] "GET /cormun/servlet/hpexe_return? HTTP/1.1" 200 1025
190.171.141.122 - - [05/Aug/2021:10:57:27 -0300] "GET /cormun/servlet/trsolicitudadjuntos?2021,17346, HTTP/1.1" 200 9264
190.171.141.122 - - [05/Aug/2021:10:57:27 -0300] "GET /cormun/servlet/trsolicitudadjuntos?2021,17346, HTTP/1.1" 200 9262
186.103.156.166 - - [05/Aug/2021:10:57:29 -0300] "POST /cormun/servlet/solicitudot?gx-no-cache=1628171225277 HTTP/1.1" 200 3827
186.103.156.166 - - [05/Aug/2021:10:57:29 -0300] "POST /cormun/servlet/solicitudot?d85bafd60294f17cb33c10b9a3f539ec,INS,0,0,false,,gx-no-cache=1628171225583 HTTP/1.1" 200 12615
181.212.43.89 - - [05/Aug/2021:10:57:33 -0300] "GET /cormun/servlet/permisogoce?ea698f8590c6755b7e6eeea52295fcb7ebb9f70ac7182969e3288206c95ea69b60017945e9f39dfb67aee3b4bdd4f00bf330e424bbd11b4c4f455e04b04bc5e2,gx-no-cache=1628171229255 HTTP/1.1" 200 46
190.171.141.122 - - [05/Aug/2021:10:57:42 -0300] "GET /cormun/servlet/solicitudotadjuntos?INS,2021,17346,,1, HTTP/1.1" 200 6251
190.171.141.122 - - [05/Aug/2021:10:57:42 -0300] "GET /cormun/static/about:blank HTTP/1.1" 404 1011
190.171.141.122 - - [05/Aug/2021:10:57:43 -0300] "GET /cormun/servlet/solicitudotadjuntos?INS,2021,17346,,1, HTTP/1.1" 200 6244
190.171.141.122 - - [05/Aug/2021:10:57:43 -0300] "GET /cormun/servlet/solicitudotadjuntos?d3d97c035a0ade8a28b3205c35e4424199d50623e1fd15681a2e7341084c7df5f421ee1fcea70ecad740ec0a81bdba96,gx-no-cache=1628171240016 HTTP/1.1" 200 30
190.171.141.122 - - [05/Aug/2021:10:57:43 -0300] "POST /cormun/servlet/solicitudotadjuntos?c7ca8de63fbc2f259219b7b2709c3b53,INS,2021,17346,,1,,gx-no-cache=1628171240038 HTTP/1.1" 200 4147
190.171.141.122 - - [05/Aug/2021:10:57:45 -0300] "POST /cormun/servlet/solicitudotadjuntos?gx-no-cache=1628171241725 HTTP/1.1" 200 26
186.103.156.166 - - [05/Aug/2021:10:57:50 -0300] "GET /cormun/static/Resources/PXTools/ClosePrompt.png HTTP/1.1" 200 1036
186.103.156.166 - - [05/Aug/2021:10:57:50 -0300] "GET /cormun/static/Resources/resize.gif HTTP/1.1" 200 77
186.103.156.166 - - [05/Aug/2021:10:57:50 -0300] "GET /cormun/servlet/prrenuncias?,MD,,gxPopupLevel%3D0%3B HTTP/1.1" 200 5780
186.103.156.166 - - [05/Aug/2021:10:57:50 -0300] "GET /cormun/static/gxcfg.js?201992416202991 HTTP/1.1" 200 953
186.103.156.166 - - [05/Aug/2021:10:57:50 -0300] "GET /cormun/static/menusearch.js?20201214473581 HTTP/1.1" 200 1424
186.103.156.166 - - [05/Aug/2021:10:57:50 -0300] "GET /cormun/static/prrenuncias.js?201992416203493 HTTP/1.1" 200 22278
186.103.156.166 - - [05/Aug/2021:10:57:51 -0300] "GET /cormun/static/hmpwkw011.js?20201215495555 HTTP/1.1" 200 1968
186.103.156.166 - - [05/Aug/2021:10:57:51 -0300] "GET /cormun/static/Resources/PXToolsMenuSearch.png HTTP/1.1" 200 336
186.103.156.166 - - [05/Aug/2021:10:57:51 -0300] "GET /cormun/static/Resources/PXToolsMenuSearchCancel.png HTTP/1.1" 200 306
181.212.43.89 - - [05/Aug/2021:10:57:51 -0300] "POST /cormun/servlet/permisogoce?9d7ab1333afa59b6a5851da1f3acd63c,INS,0,,,,gx-no-cache=1628171247103 HTTP/1.1" 200 93
181.212.43.89 - - [05/Aug/2021:10:57:51 -0300] "GET /cormun/servlet/hpexe_return? HTTP/1.1" 200 1033
181.212.43.89 - - [05/Aug/2021:10:57:52 -0300] "GET /cormun/servlet/trpermisosgoce?gx-no-cache=1628171084410 HTTP/1.1" 200 9698
181.212.43.89 - - [05/Aug/2021:10:57:52 -0300] "GET /cormun/servlet/trpermisosgoce?gx-no-cache=1628171084410 HTTP/1.1" 200 9714
181.212.43.89 - - [05/Aug/2021:10:57:55 -0300] "GET /cormun/servlet/apermisogoceprn?15992162,P,20210805094404,PU HTTP/1.1" 200 1671
186.103.156.166 - - [05/Aug/2021:10:57:58 -0300] "GET /cormun/servlet/solicitudot?65ced87f5d5961b6742e79005bff73a1b8b2c847d8b0951fb48cd6ea0236f595fee7b98bec6048fb64db59939c6c51d3,gx-no-cache=1628171255040 HTTP/1.1" 200 30
186.103.156.166 - - [05/Aug/2021:10:57:59 -0300] "GET /cormun/servlet/solicitudot?65ced87f5d5961b6742e79005bff73a1d905308f8db3020312c7a777a530e67c00d5041fdf0cbc9990a14b5bcebc7701618070e543e1592cd6e17fb45e298a2f,gx-no-cache=1628171255132 HTTP/1.1" 200 30
186.103.156.166 - - [05/Aug/2021:10:57:59 -0300] "GET /cormun/servlet/solicitudot?65ced87f5d5961b6742e79005bff73a137dd6555c007e3bc8d76e617332f780f,gx-no-cache=1628171255190 HTTP/1.1" 200 51
181.212.43.89 - - [05/Aug/2021:10:58:03 -0300] "GET /cormun/servlet/trpermisosadjuntos?15992162,20210805094404,P, HTTP/1.1" 200 6332
181.212.43.89 - - [05/Aug/2021:10:58:04 -0300] "GET /cormun/servlet/trpermisosadjuntos?15992162,20210805094404,P, HTTP/1.1" 200 6311
190.171.141.122 - - [05/Aug/2021:10:58:04 -0300] "GET /cormun/servlet/solicitudotadjuntos?d3d97c035a0ade8a28b3205c35e442419cf5a69736db89458b7d8317dfba1699,gx-no-cache=1628171261229 HTTP/1.1" 200 30
190.171.141.122 - - [05/Aug/2021:10:58:04 -0300] "GET /cormun/servlet/solicitudotadjuntos?d3d97c035a0ade8a28b3205c35e442419cf5a69736db89458b7d8317dfba1699,gx-no-cache=1628171261244 HTTP/1.1" 200 30
190.171.141.122 - - [05/Aug/2021:10:58:04 -0300] "POST /cormun/servlet/solicitudotadjuntos?c7ca8de63fbc2f259219b7b2709c3b53,INS,2021,17346,,1, HTTP/1.1" 200 116
190.171.141.122 - - [05/Aug/2021:10:58:04 -0300] "GET /cormun/servlet/hpexe_return? HTTP/1.1" 200 1025
190.171.141.122 - - [05/Aug/2021:10:58:05 -0300] "GET /cormun/servlet/trsolicitudadjuntos?2021,17346, HTTP/1.1" 200 9461
190.171.141.122 - - [05/Aug/2021:10:58:05 -0300] "GET /cormun/servlet/trsolicitudadjuntos?2021,17346, HTTP/1.1" 200 9462
181.212.43.89 - - [05/Aug/2021:10:58:05 -0300] "GET /cormun/servlet/permisosadjuntos?INS,15992162,P,20210805094404,, HTTP/1.1" 200 5630
181.212.43.89 - - [05/Aug/2021:10:58:05 -0300] "GET /cormun/static/about:blank HTTP/1.1" 404 1011
181.212.43.89 - - [05/Aug/2021:10:58:06 -0300] "GET /cormun/servlet/permisosadjuntos?INS,15992162,P,20210805094404,, HTTP/1.1" 200 5620
190.171.141.122 - - [05/Aug/2021:10:58:07 -0300] "GET /cormun/servlet/solicitudotadjuntos?INS,2021,17346,,1, HTTP/1.1" 200 6251
190.171.141.122 - - [05/Aug/2021:10:58:07 -0300] "GET /cormun/static/about:blank HTTP/1.1" 404 1011
190.171.141.122 - - [05/Aug/2021:10:58:07 -0300] "GET /cormun/servlet/solicitudotadjuntos?INS,2021,17346,,1, HTTP/1.1" 200 6244
190.171.141.122 - - [05/Aug/2021:10:58:07 -0300] "GET /cormun/servlet/solicitudotadjuntos?d3d97c035a0ade8a28b3205c35e4424199d50623e1fd15681a2e7341084c7df5f421ee1fcea70ecad740ec0a81bdba96,gx-no-cache=1628171264311 HTTP/1.1" 200 30
190.171.141.122 - - [05/Aug/2021:10:58:08 -0300] "POST /cormun/servlet/solicitudotadjuntos?c7ca8de63fbc2f259219b7b2709c3b53,INS,2021,17346,,1,,gx-no-cache=1628171264383 HTTP/1.1" 200 4147
190.171.141.122 - - [05/Aug/2021:10:58:10 -0300] "POST /cormun/servlet/solicitudotadjuntos?gx-no-cache=1628171266493 HTTP/1.1" 200 26
190.171.141.122 - - [05/Aug/2021:10:58:16 -0300] "GET /cormun/servlet/solicitudotadjuntos?d3d97c035a0ade8a28b3205c35e442419cf5a69736db89458b7d8317dfba1699,gx-no-cache=1628171272893 HTTP/1.1" 200 30
190.171.141.122 - - [05/Aug/2021:10:58:16 -0300] "GET /cormun/servlet/solicitudotadjuntos?d3d97c035a0ade8a28b3205c35e442419cf5a69736db89458b7d8317dfba1699,gx-no-cache=1628171272907 HTTP/1.1" 200 30
190.171.141.122 - - [05/Aug/2021:10:58:16 -0300] "POST /cormun/servlet/solicitudotadjuntos?c7ca8de63fbc2f259219b7b2709c3b53,INS,2021,17346,,1, HTTP/1.1" 200 116
190.171.141.122 - - [05/Aug/2021:10:58:16 -0300] "GET /cormun/servlet/hpexe_return? HTTP/1.1" 200 1025
190.171.141.122 - - [05/Aug/2021:10:58:16 -0300] "GET /cormun/servlet/trsolicitudadjuntos?2021,17346, HTTP/1.1" 200 9679
190.171.141.122 - - [05/Aug/2021:10:58:17 -0300] "GET /cormun/servlet/trsolicitudadjuntos?2021,17346, HTTP/1.1" 200 9680
181.212.43.89 - - [05/Aug/2021:10:58:18 -0300] "POST /cormun/servlet/permisosadjuntos?9d7ab1333afa59b6a5851da1f3acd63c,INS,15992162,P,20210805094404,, HTTP/1.1" 200 116
181.212.43.89 - - [05/Aug/2021:10:58:18 -0300] "GET /cormun/servlet/hpexe_return? HTTP/1.1" 200 1041
