181.212.43.89 - - [05/Aug/2021:10:58:18 -0300] "GET /cormun/servlet/trpermisosadjuntos?15992162,20210805094404,P, HTTP/1.1" 200 6791
190.171.141.122 - - [05/Aug/2021:10:58:19 -0300] "GET /cormun/servlet/solicitudotadjuntos?INS,2021,17346,,1, HTTP/1.1" 200 6251
181.212.43.89 - - [05/Aug/2021:10:58:19 -0300] "GET /cormun/servlet/trpermisosadjuntos?15992162,20210805094404,P, HTTP/1.1" 200 6788
186.103.156.166 - - [05/Aug/2021:10:58:19 -0300] "POST /cormun/servlet/solicitudot?gx-no-cache=1628171275730 HTTP/1.1" 200 297
186.103.156.166 - - [05/Aug/2021:10:58:19 -0300] "GET /cormun/servlet/solicitudot?65ced87f5d5961b6742e79005bff73a1930ab52b6351a5d3dd6006fbf7c06bb367a1af6eeb411a0de6a125bc879fc2b19fbc56484d4f045d0b96046c279ddf3a51059948ce660a476ab9da7a31416daeee7e1d0bb3fbda696a12c634f6065bba288785a515ee6d34b989135f6641c41f3fb92b213bfa76d214cead7cb76931fab03e9fe4773d30c236f5fb230ac9bf703bd761eb78428de7c4c5a2b12095607953551873bb89045033c0ca81bc41c1438c5808ff7867eed0dc34730491d15725489ce8ac284c51ef3d5f1e77a694fafe8fc3aabd297bf63ca4f488effc167e9959309a2c0ab56ff417bfecda3020d4e864625798b17735c0233b2e2fe75a9488af67ed600ca3f2d4da561485218624e714e90df1fab0c2ccf9ccd8646135bd37f4f7b1d8da9d503d7f24e6ffa961ae1b5b616390127127e400393b616c9462a9682af2f73ea239a30095acedb7248b918f6a310f4fcd9233895ba6384ef0e37ac369c15f8a5e57be22519ac4ad9b7af5d0c930f072c0c822bd7dee26c3ddca351a7c785ab48ac950699326c42a0875d6,gx-no-cache=1628171275817 HTTP/1.1" 200 30
186.103.156.166 - - [05/Aug/2021:10:58:19 -0300] "POST /cormun/servlet/solicitudot?gx-no-cache=1628171275861 HTTP/1.1" 200 30
186.103.156.166 - - [05/Aug/2021:10:58:19 -0300] "POST /cormun/servlet/solicitudot?gx-no-cache=1628171275920 HTTP/1.1" 200 1440
186.103.156.166 - - [05/Aug/2021:10:58:19 -0300] "POST /cormun/servlet/solicitudot?gx-no-cache=1628171275984 HTTP/1.1" 200 38
186.103.156.166 - - [05/Aug/2021:10:58:19 -0300] "GET /cormun/servlet/solicitudot?65ced87f5d5961b6742e79005bff73a15f750aba771273b0943211219c13f3ebec941a8ecadb9a8d67edc4411ebe50184182bbf3000228a4663ddfea53c97376cd2108196dc151c26963bb535010be160189e0722ff5131f27a8e0efc5a65478b9a58358e2f5261eedb2111d7d5a3f03,gx-no-cache=1628171276025 HTTP/1.1" 200 110
186.103.156.166 - - [05/Aug/2021:10:58:19 -0300] "POST /cormun/servlet/solicitudot?gx-no-cache=1628171276065 HTTP/1.1" 200 97
186.103.156.166 - - [05/Aug/2021:10:58:20 -0300] "GET /cormun/servlet/solicitudot?65ced87f5d5961b6742e79005bff73a1483ac789669e40ce6d0201e0009a93d5136dadc4a11d1ea5388a9cdb605baf606ad57335aa1a34ab24b73185ee65a0bcda40c1d43952d2f0b39621dabf96a8694e866a6647e3d4f8c0b503a3763a0b1d9ea2bad912fbb732342992b3ff7a1e63,gx-no-cache=1628171276120 HTTP/1.1" 200 29
181.212.43.89 - - [05/Aug/2021:10:58:21 -0300] "POST /cormun/servlet/trpermisosadjuntos?9d7ab1333afa59b6a5851da1f3acd63c,15992162,20210805094404,P,,gx-no-cache=1628171276776 HTTP/1.1" 200 90
181.212.43.89 - - [05/Aug/2021:10:58:21 -0300] "GET /cormun/servlet/hpexe_link HTTP/1.1" 200 1007
181.212.43.89 - - [05/Aug/2021:10:58:21 -0300] "GET /cormun/servlet/trpermisosgoce?gx-no-cache=1628171084410 HTTP/1.1" 200 9694
181.212.43.89 - - [05/Aug/2021:10:58:21 -0300] "GET /cormun/servlet/trpermisosgoce?gx-no-cache=1628171084410 HTTP/1.1" 200 9713
190.171.141.122 - - [05/Aug/2021:10:58:25 -0300] "GET /cormun/static/about:blank HTTP/1.1" 404 1011
190.171.141.122 - - [05/Aug/2021:10:58:25 -0300] "GET /cormun/servlet/solicitudotadjuntos?INS,2021,17346,,1, HTTP/1.1" 200 6244
190.171.141.122 - - [05/Aug/2021:10:58:26 -0300] "GET /cormun/servlet/solicitudotadjuntos?d3d97c035a0ade8a28b3205c35e4424199d50623e1fd15681a2e7341084c7df5f421ee1fcea70ecad740ec0a81bdba96,gx-no-cache=1628171282835 HTTP/1.1" 200 30
190.171.141.122 - - [05/Aug/2021:10:58:26 -0300] "POST /cormun/servlet/solicitudotadjuntos?c7ca8de63fbc2f259219b7b2709c3b53,INS,2021,17346,,1,,gx-no-cache=1628171282861 HTTP/1.1" 200 4147
186.103.156.166 - - [05/Aug/2021:10:58:28 -0300] "POST /cormun/servlet/solicitudot?d85bafd60294f17cb33c10b9a3f539ec,INS,0,0,false,,gx-no-cache=1628171284121 HTTP/1.1" 200 13059
186.103.156.166 - - [05/Aug/2021:10:58:28 -0300] "GET /cormun/static/Shared/jqueryui/images/ui-bg_highlight-soft_100_c6c2c8_1x100.png HTTP/1.1" 404 1117
186.103.156.166 - - [05/Aug/2021:10:58:28 -0300] "GET /cormun/static/Shared/jqueryui/images/ui-icons_82798d_256x240.png HTTP/1.1" 404 1089
186.103.156.166 - - [05/Aug/2021:10:58:28 -0300] "GET /cormun/static/Shared/jqueryui/images/ui-bg_flat_55_994d53_40x100.png HTTP/1.1" 404 1097
186.103.156.166 - - [05/Aug/2021:10:58:28 -0300] "GET /cormun/static/Shared/jqueryui/images/ui-icons_ebccce_256x240.png HTTP/1.1" 404 1089
190.171.141.122 - - [05/Aug/2021:10:58:29 -0300] "POST /cormun/servlet/solicitudotadjuntos?gx-no-cache=1628171285574 HTTP/1.1" 200 26
181.212.43.89 - - [05/Aug/2021:10:58:30 -0300] "POST /cormun/servlet/trpermisosgoce?9d7ab1333afa59b6a5851da1f3acd63c,gx-no-cache=1628171084410,gx-no-cache=1628171286034 HTTP/1.1" 200 6963
181.212.43.89 - - [05/Aug/2021:10:58:30 -0300] "GET /cormun/static/Shared/jqueryui/images/ui-bg_highlight-soft_100_c6c2c8_1x100.png HTTP/1.1" 404 1117
181.212.43.89 - - [05/Aug/2021:10:58:30 -0300] "GET /cormun/static/Shared/jqueryui/images/ui-icons_82798d_256x240.png HTTP/1.1" 404 1089
181.212.43.89 - - [05/Aug/2021:10:58:30 -0300] "GET /cormun/static/Shared/jqueryui/images/ui-bg_flat_55_fafafa_40x100.png HTTP/1.1" 404 1097
181.212.43.89 - - [05/Aug/2021:10:58:30 -0300] "GET /cormun/static/Shared/jqueryui/images/ui-icons_8d78a5_256x240.png HTTP/1.1" 404 1089
181.212.43.89 - - [05/Aug/2021:10:58:32 -0300] "GET /cormun/servlet/permisogoce?INS,0,,, HTTP/1.1" 200 6874
181.212.43.89 - - [05/Aug/2021:10:58:33 -0300] "GET /cormun/servlet/permisogoce?INS,0,,, HTTP/1.1" 200 6851
190.171.141.122 - - [05/Aug/2021:10:58:35 -0300] "GET /cormun/servlet/solicitudotadjuntos?d3d97c035a0ade8a28b3205c35e442419cf5a69736db89458b7d8317dfba1699,gx-no-cache=1628171292308 HTTP/1.1" 200 30
190.171.141.122 - - [05/Aug/2021:10:58:35 -0300] "GET /cormun/servlet/solicitudotadjuntos?d3d97c035a0ade8a28b3205c35e442419cf5a69736db89458b7d8317dfba1699,gx-no-cache=1628171292321 HTTP/1.1" 200 30
190.171.141.122 - - [05/Aug/2021:10:58:36 -0300] "POST /cormun/servlet/solicitudotadjuntos?c7ca8de63fbc2f259219b7b2709c3b53,INS,2021,17346,,1, HTTP/1.1" 200 116
190.171.141.122 - - [05/Aug/2021:10:58:36 -0300] "GET /cormun/servlet/hpexe_return? HTTP/1.1" 200 1025
190.171.141.122 - - [05/Aug/2021:10:58:36 -0300] "GET /cormun/servlet/trsolicitudadjuntos?2021,17346, HTTP/1.1" 200 9961
190.171.141.122 - - [05/Aug/2021:10:58:36 -0300] "GET /cormun/servlet/trsolicitudadjuntos?2021,17346, HTTP/1.1" 200 9958
190.171.141.122 - - [05/Aug/2021:10:58:38 -0300] "GET /cormun/servlet/solicitudotadjuntos?INS,2021,17346,,1, HTTP/1.1" 200 6251
190.171.141.122 - - [05/Aug/2021:10:58:38 -0300] "GET /cormun/static/about:blank HTTP/1.1" 404 1011
190.171.141.122 - - [05/Aug/2021:10:58:38 -0300] "GET /cormun/servlet/solicitudotadjuntos?INS,2021,17346,,1, HTTP/1.1" 200 6244
190.171.141.122 - - [05/Aug/2021:10:58:39 -0300] "GET /cormun/servlet/solicitudotadjuntos?d3d97c035a0ade8a28b3205c35e4424199d50623e1fd15681a2e7341084c7df5f421ee1fcea70ecad740ec0a81bdba96,gx-no-cache=1628171295670 HTTP/1.1" 200 30
181.212.43.89 - - [05/Aug/2021:10:58:39 -0300] "GET /cormun/servlet/permisogoce?ea698f8590c6755b7e6eeea52295fcb7481df1852466e6d0b467bd2438a9e8418f1ca9127a28e7e8f192da5cca0c40670850b62a1fd5d06393c8f1461ffa530b,gx-no-cache=1628171294908 HTTP/1.1" 200 226
181.212.43.89 - - [05/Aug/2021:10:58:39 -0300] "GET /cormun/static/Shared/jqueryui/images/ui-bg_flat_55_994d53_40x100.png HTTP/1.1" 404 1097
181.212.43.89 - - [05/Aug/2021:10:58:39 -0300] "GET /cormun/static/Shared/jqueryui/images/ui-bg_highlight-soft_100_c6c2c8_1x100.png HTTP/1.1" 404 1117
181.212.43.89 - - [05/Aug/2021:10:58:39 -0300] "GET /cormun/static/Shared/jqueryui/images/ui-icons_82798d_256x240.png HTTP/1.1" 404 1089
181.212.43.89 - - [05/Aug/2021:10:58:39 -0300] "GET /cormun/static/Shared/jqueryui/images/ui-icons_ebccce_256x240.png HTTP/1.1" 404 1089
190.171.141.122 - - [05/Aug/2021:10:58:39 -0300] "POST /cormun/servlet/solicitudotadjuntos?c7ca8de63fbc2f259219b7b2709c3b53,INS,2021,17346,,1,,gx-no-cache=1628171295700 HTTP/1.1" 200 4147
190.171.141.122 - - [05/Aug/2021:10:58:41 -0300] "POST /cormun/servlet/solicitudotadjuntos?gx-no-cache=1628171298077 HTTP/1.1" 200 26
190.171.141.122 - - [05/Aug/2021:10:58:46 -0300] "GET /cormun/servlet/solicitudotadjuntos?d3d97c035a0ade8a28b3205c35e442419cf5a69736db89458b7d8317dfba1699,gx-no-cache=1628171303245 HTTP/1.1" 200 30
190.171.141.122 - - [05/Aug/2021:10:58:46 -0300] "GET /cormun/servlet/solicitudotadjuntos?d3d97c035a0ade8a28b3205c35e442419cf5a69736db89458b7d8317dfba1699,gx-no-cache=1628171303259 HTTP/1.1" 200 30
190.171.141.122 - - [05/Aug/2021:10:58:46 -0300] "POST /cormun/servlet/solicitudotadjuntos?c7ca8de63fbc2f259219b7b2709c3b53,INS,2021,17346,,1, HTTP/1.1" 200 116
190.171.141.122 - - [05/Aug/2021:10:58:46 -0300] "GET /cormun/servlet/hpexe_return? HTTP/1.1" 200 1025
190.171.141.122 - - [05/Aug/2021:10:58:47 -0300] "GET /cormun/servlet/trsolicitudadjuntos?2021,17346, HTTP/1.1" 200 10127
190.171.141.122 - - [05/Aug/2021:10:58:47 -0300] "GET /cormun/servlet/trsolicitudadjuntos?2021,17346, HTTP/1.1" 200 10124
186.103.156.166 - - [05/Aug/2021:10:58:48 -0300] "GET /cormun/servlet/trlicencias? HTTP/1.1" 200 9525
186.103.156.166 - - [05/Aug/2021:10:58:48 -0300] "GET /cormun/static/gxcfg.js?2020121613995 HTTP/1.1" 200 953
181.212.43.89 - - [05/Aug/2021:10:58:49 -0300] "GET /cormun/servlet/permisogoce?ea698f8590c6755b7e6eeea52295fcb738e35ae93801362820b20c6bda24a84d8f1ca9127a28e7e8f192da5cca0c40670850b62a1fd5d06393c8f1461ffa530b,gx-no-cache=1628171304966 HTTP/1.1" 200 76
186.103.156.166 - - [05/Aug/2021:10:58:49 -0300] "GET /cormun/static/trlicencias.js?202012162481 HTTP/1.1" 200 41883
186.103.156.166 - - [05/Aug/2021:10:58:50 -0300] "GET /cormun/servlet/trlicencias? HTTP/1.1" 200 9515
186.103.156.166 - - [05/Aug/2021:10:58:50 -0300] "GET /cormun//static/Resources/PXToolsActionDisabled.gif HTTP/1.1" 200 53
186.103.156.166 - - [05/Aug/2021:10:58:50 -0300] "GET /cormun//static/Resources/PXToolsGridDisplay.png HTTP/1.1" 200 525
186.103.156.166 - - [05/Aug/2021:10:58:50 -0300] "GET /cormun//static/Resources/PXTools/ActionInsert.png HTTP/1.1" 200 1482
186.103.156.166 - - [05/Aug/2021:10:58:50 -0300] "GET /cormun//static/Resources/PXToolsActionPrint.png HTTP/1.1" 200 404
186.103.156.166 - - [05/Aug/2021:10:58:50 -0300] "GET /cormun//static/Resources/PXToolsHeaderHelp.png HTTP/1.1" 200 1333
186.103.156.166 - - [05/Aug/2021:10:58:50 -0300] "GET /cormun//static/Resources/PXToolsHeaderFavorites.png HTTP/1.1" 200 1414
190.171.141.122 - - [05/Aug/2021:10:58:50 -0300] "POST /cormun/servlet/trsolicitudadjuntos?c7ca8de63fbc2f259219b7b2709c3b53,2021,17346,,gx-no-cache=1628171306830 HTTP/1.1" 200 90
190.171.141.122 - - [05/Aug/2021:10:58:50 -0300] "GET /cormun/servlet/hpexe_link HTTP/1.1" 200 968
190.171.141.122 - - [05/Aug/2021:10:58:50 -0300] "GET /cormun/servlet/trsolicitudot HTTP/1.1" 200 9119
190.171.141.122 - - [05/Aug/2021:10:58:51 -0300] "GET /cormun/servlet/trsolicitudot HTTP/1.1" 200 9117
181.212.43.89 - - [05/Aug/2021:10:58:52 -0300] "GET /cormun/static/menuarrow.gif HTTP/1.1" 404 1015
190.171.141.122 - - [05/Aug/2021:10:59:04 -0300] "POST /cormun/servlet/trsolicitudot?c7ca8de63fbc2f259219b7b2709c3b53,gx-no-cache=1628171320871 HTTP/1.1" 200 113
190.171.141.122 - - [05/Aug/2021:10:59:04 -0300] "GET /cormun/servlet/solicitudot?UPD,2021,17346,false, HTTP/1.1" 200 16263
190.171.141.122 - - [05/Aug/2021:10:59:05 -0300] "GET /cormun/servlet/solicitudot?UPD,2021,17346,false, HTTP/1.1" 200 16274
190.171.141.122 - - [05/Aug/2021:10:59:05 -0300] "POST /cormun/servlet/solicitudot?gx-no-cache=1628171321931 HTTP/1.1" 200 3781
190.171.141.122 - - [05/Aug/2021:10:59:05 -0300] "POST /cormun/servlet/solicitudot?c7ca8de63fbc2f259219b7b2709c3b53,UPD,2021,17346,false,,gx-no-cache=1628171322089 HTTP/1.1" 200 12618
190.171.141.122 - - [05/Aug/2021:10:59:05 -0300] "GET /cormun/servlet/solicitudot?d3d97c035a0ade8a28b3205c35e44241f1a0bbd31daa1f02bc11b5240ea881df36e89c00c945a27f95dcc97b1a95e0d1,gx-no-cache=1628171322274 HTTP/1.1" 200 30
190.171.141.122 - - [05/Aug/2021:10:59:05 -0300] "GET /cormun/servlet/solicitudot?d3d97c035a0ade8a28b3205c35e442414e95cda4d8474f29e936929d1438d54e2b473491cf8bdbe682b3e5e0cfb07d70c49fb81b63fb4a1d4fdf1e4c45b36afd,gx-no-cache=1628171322302 HTTP/1.1" 200 30
190.171.141.122 - - [05/Aug/2021:10:59:05 -0300] "GET /cormun/servlet/solicitudot?d3d97c035a0ade8a28b3205c35e4424147204b902916ae80c85c949164c9726b,gx-no-cache=1628171322322 HTTP/1.1" 200 29
190.171.141.122 - - [05/Aug/2021:10:59:05 -0300] "POST /cormun/servlet/solicitudot?gx-no-cache=1628171322345 HTTP/1.1" 200 297
190.171.141.122 - - [05/Aug/2021:10:59:05 -0300] "GET /cormun/servlet/solicitudot?d3d97c035a0ade8a28b3205c35e442416e78e096ea201a4066ae0b13576196db29b5e48fa1c42cc319751f975319c439223b5a48e391a9285fca96eae1a9c696375b2873839bc4fbcd322586f0a52ad4fd994a8c8370bc693cdb81565ff39f35eaefa452d6b719673a208bee98aaff8f8761abd783870198c286a0f4766756ab107ba69a4efb62eaf082c3763200e65983133478d59d632f4feef678767204bbaa9f0b4ba9ecea71a030907d7cfde4bbde303e826b704e81b5cffbb57395ca8a50c2cf2ac0591d5677c3499ba758f475286d288cdf0a6fe04e97262667de9bffcce12b40d9a36780a4eba0a1bce1efc27367bfa86dcce712dac030c5aa43a2b1cb5d789ea4ce1340acb96bab8c5e67e48a90572472ba829eef1aaa902331fb38981fe19dd7eb5291c5a6608a40d957db52396b5709c4fa509773868a711d364e2cb16992827a0a2539769b9657126b81fc16f787331e518b7afe990632a5b7eb1c64bada905debbbca1b6889a08960f145f9a67ffc2e9b2ce04452a71feb29f06df71eb507c5b5194c085591f30904a0,gx-no-cache=1628171322372 HTTP/1.1" 200 30
190.171.141.122 - - [05/Aug/2021:10:59:05 -0300] "POST /cormun/servlet/solicitudot?gx-no-cache=1628171322395 HTTP/1.1" 200 30
190.171.141.122 - - [05/Aug/2021:10:59:05 -0300] "POST /cormun/servlet/solicitudot?gx-no-cache=1628171322431 HTTP/1.1" 200 1440
190.171.141.122 - - [05/Aug/2021:10:59:06 -0300] "POST /cormun/servlet/solicitudot?gx-no-cache=1628171322466 HTTP/1.1" 200 41
190.171.141.122 - - [05/Aug/2021:10:59:07 -0300] "GET /cormun/servlet/solicitudot?d3d97c035a0ade8a28b3205c35e44241af0e86b4610a64d24d50c31dff398e3296e9fbc71bd1ed72eb3dc4eaa00395addfcf64ee48109f34d5b81aa30fcfc2d4af1b89d0cf5012e478b8f34a6dbfc644dcbf01ee183f495b5a6e13b54e3fa3119c2c3495e91cbfac9cbfa2b3fa81cd1a,gx-no-cache=1628171324292 HTTP/1.1" 200 110
190.171.141.122 - - [05/Aug/2021:10:59:14 -0300] "POST /cormun/servlet/solicitudot?gx-no-cache=1628171330914 HTTP/1.1" 200 79
190.171.141.122 - - [05/Aug/2021:10:59:21 -0300] "GET /cormun/servlet/solicitudot?d3d97c035a0ade8a28b3205c35e44241f369a1d03118b3a89e762516846fccfdbcd834a8b81363dd97c142a9a0068254d3f1e54c0dfd4a413b27bea147eab248b102668cfe10738b61069c1de91d3736f1b301c6840d718081f7990ea9e79e9ea5a3b65846aac8d0b6e780f839adf086,gx-no-cache=1628171338416 HTTP/1.1" 200 29
190.171.141.122 - - [05/Aug/2021:10:59:21 -0300] "GET /cormun/servlet/solicitudot?d3d97c035a0ade8a28b3205c35e44241e3153d85798d245f7b2af6e682a1278d453e76f05d7c8efcbd76f56126429831,gx-no-cache=1628171338439 HTTP/1.1" 200 30
190.171.141.122 - - [05/Aug/2021:10:59:22 -0300] "POST /cormun/servlet/solicitudot?gx-no-cache=1628171338462 HTTP/1.1" 200 30
190.171.141.122 - - [05/Aug/2021:10:59:22 -0300] "POST /cormun/servlet/solicitudot?c7ca8de63fbc2f259219b7b2709c3b53,UPD,2021,17346,false,,gx-no-cache=1628171338487 HTTP/1.1" 200 93
190.171.141.122 - - [05/Aug/2021:10:59:22 -0300] "GET /cormun/servlet/hpexe_return? HTTP/1.1" 200 1013
190.171.141.122 - - [05/Aug/2021:10:59:22 -0300] "GET /cormun/servlet/trsolicitudot HTTP/1.1" 200 9146
190.171.141.122 - - [05/Aug/2021:10:59:22 -0300] "GET /cormun/servlet/trsolicitudot HTTP/1.1" 200 9140
190.171.141.122 - - [05/Aug/2021:10:59:32 -0300] "POST /cormun/servlet/trsolicitudot?c7ca8de63fbc2f259219b7b2709c3b53,gx-no-cache=1628171349049 HTTP/1.1" 200 113
190.171.141.122 - - [05/Aug/2021:10:59:32 -0300] "GET /cormun/servlet/solicitudot?UPD,2021,17346,false, HTTP/1.1" 200 16264
190.171.141.122 - - [05/Aug/2021:10:59:33 -0300] "GET /cormun/servlet/solicitudot?UPD,2021,17346,false, HTTP/1.1" 200 16275
190.171.141.122 - - [05/Aug/2021:10:59:33 -0300] "POST /cormun/servlet/solicitudot?gx-no-cache=1628171350125 HTTP/1.1" 200 3781
190.171.141.122 - - [05/Aug/2021:10:59:33 -0300] "POST /cormun/servlet/solicitudot?c7ca8de63fbc2f259219b7b2709c3b53,UPD,2021,17346,false,,gx-no-cache=1628171350251 HTTP/1.1" 200 12619
190.171.141.122 - - [05/Aug/2021:10:59:33 -0300] "GET /cormun/servlet/solicitudot?d3d97c035a0ade8a28b3205c35e44241f1a0bbd31daa1f02bc11b5240ea881df36e89c00c945a27f95dcc97b1a95e0d1,gx-no-cache=1628171350423 HTTP/1.1" 200 30
190.171.141.122 - - [05/Aug/2021:10:59:33 -0300] "GET /cormun/servlet/solicitudot?d3d97c035a0ade8a28b3205c35e442414e95cda4d8474f29e936929d1438d54e2b473491cf8bdbe682b3e5e0cfb07d70c49fb81b63fb4a1d4fdf1e4c45b36afd,gx-no-cache=1628171350448 HTTP/1.1" 200 30
190.171.141.122 - - [05/Aug/2021:10:59:34 -0300] "GET /cormun/servlet/solicitudot?d3d97c035a0ade8a28b3205c35e4424147204b902916ae80c85c949164c9726b,gx-no-cache=1628171350468 HTTP/1.1" 200 29
190.171.141.122 - - [05/Aug/2021:10:59:34 -0300] "POST /cormun/servlet/solicitudot?gx-no-cache=1628171350490 HTTP/1.1" 200 297
190.171.141.122 - - [05/Aug/2021:10:59:34 -0300] "GET /cormun/servlet/solicitudot?d3d97c035a0ade8a28b3205c35e442416e78e096ea201a4066ae0b13576196db29b5e48fa1c42cc319751f975319c439223b5a48e391a9285fca96eae1a9c696375b2873839bc4fbcd322586f0a52ad4fd994a8c8370bc693cdb81565ff39f35eaefa452d6b719673a208bee98aaff8f8761abd783870198c286a0f4766756ab107ba69a4efb62eaf082c3763200e65983133478d59d632f4feef678767204bbaa9f0b4ba9ecea71a030907d7cfde4bbde303e826b704e81b5cffbb57395ca8a50c2cf2ac0591d5677c3499ba758f475286d288cdf0a6fe04e97262667de9bffcce12b40d9a36780a4eba0a1bce1efc27367bfa86dcce712dac030c5aa43a2b1cb5d789ea4ce1340acb96bab8c5e67e48a90572472ba829eef1aaa902331fb38981fe19dd7eb5291c5a6608a40d957db52396b5709c4fa509773868a711d364e2cb16992827a0a2539769b9657126b81fc16f787331e518b7afe990632a5b7eb1c64bada905debbbca1b6889a08960f145f9a67ffc2e9b2ce04452a71feb29f06df71eb507c5b5194c085591f30904a0,gx-no-cache=1628171350518 HTTP/1.1" 200 30
190.171.141.122 - - [05/Aug/2021:10:59:34 -0300] "POST /cormun/servlet/solicitudot?gx-no-cache=1628171350538 HTTP/1.1" 200 30
190.171.141.122 - - [05/Aug/2021:10:59:34 -0300] "POST /cormun/servlet/solicitudot?gx-no-cache=1628171350574 HTTP/1.1" 200 1440
190.171.141.122 - - [05/Aug/2021:10:59:34 -0300] "POST /cormun/servlet/solicitudot?gx-no-cache=1628171350613 HTTP/1.1" 200 41
190.171.141.122 - - [05/Aug/2021:10:59:35 -0300] "GET /cormun/servlet/solicitudot?d3d97c035a0ade8a28b3205c35e44241af0e86b4610a64d24d50c31dff398e3296e9fbc71bd1ed72eb3dc4eaa00395addfcf64ee48109f34d5b81aa30fcfc2d4af1b89d0cf5012e478b8f34a6dbfc644dcbf01ee183f495b5a6e13b54e3fa3119c2c3495e91cbfac9cbfa2b3fa81cd1a,gx-no-cache=1628171351893 HTTP/1.1" 200 110
190.171.141.122 - - [05/Aug/2021:10:59:40 -0300] "POST /cormun/servlet/solicitudot?gx-no-cache=1628171356691 HTTP/1.1" 200 64
190.171.141.122 - - [05/Aug/2021:10:59:44 -0300] "GET /cormun/servlet/solicitudot?d3d97c035a0ade8a28b3205c35e44241f369a1d03118b3a89e762516846fccfdbcd834a8b81363dd97c142a9a0068254d3f1e54c0dfd4a413b27bea147eab248b102668cfe10738b61069c1de91d3736f1b301c6840d718081f7990ea9e79e9ea5a3b65846aac8d0b6e780f839adf086,gx-no-cache=1628171361056 HTTP/1.1" 200 29
190.171.141.122 - - [05/Aug/2021:10:59:44 -0300] "GET /cormun/servlet/solicitudot?d3d97c035a0ade8a28b3205c35e44241e3153d85798d245f7b2af6e682a1278d453e76f05d7c8efcbd76f56126429831,gx-no-cache=1628171361077 HTTP/1.1" 200 30
190.171.141.122 - - [05/Aug/2021:10:59:44 -0300] "POST /cormun/servlet/solicitudot?gx-no-cache=1628171361098 HTTP/1.1" 200 30
190.171.141.122 - - [05/Aug/2021:10:59:44 -0300] "POST /cormun/servlet/solicitudot?c7ca8de63fbc2f259219b7b2709c3b53,UPD,2021,17346,false,,gx-no-cache=1628171361120 HTTP/1.1" 200 93
190.171.141.122 - - [05/Aug/2021:10:59:44 -0300] "GET /cormun/servlet/hpexe_return? HTTP/1.1" 200 1013
190.171.141.122 - - [05/Aug/2021:10:59:45 -0300] "GET /cormun/servlet/trsolicitudot HTTP/1.1" 200 9145
190.171.141.122 - - [05/Aug/2021:10:59:45 -0300] "GET /cormun/servlet/trsolicitudot HTTP/1.1" 200 9139
181.212.43.89 - - [05/Aug/2021:10:59:50 -0300] "GET /cormun/servlet/permisogoce?ea698f8590c6755b7e6eeea52295fcb7f9cf4ed4eecac01c4a87e5d7e63e2cfd9dfbd57f0d1dbf339c7619abb75df6398fabc9f7b21141fa8420b1259baa1619,gx-no-cache=1628171366236 HTTP/1.1" 200 46
181.212.43.89 - - [05/Aug/2021:10:59:55 -0300] "POST /cormun/servlet/permisogoce?9d7ab1333afa59b6a5851da1f3acd63c,INS,0,,,,gx-no-cache=1628171371245 HTTP/1.1" 200 93
181.212.43.89 - - [05/Aug/2021:10:59:56 -0300] "GET /cormun/servlet/hpexe_return? HTTP/1.1" 200 1033
181.212.43.89 - - [05/Aug/2021:10:59:56 -0300] "GET /cormun/servlet/trpermisosgoce?gx-no-cache=1628171084410 HTTP/1.1" 200 9920
181.212.43.89 - - [05/Aug/2021:10:59:57 -0300] "GET /cormun/servlet/trpermisosgoce?gx-no-cache=1628171084410 HTTP/1.1" 200 9936
190.171.141.122 - - [05/Aug/2021:10:59:58 -0300] "POST /cormun/servlet/trsolicitudot?c7ca8de63fbc2f259219b7b2709c3b53,gx-no-cache=1628171375058 HTTP/1.1" 200 6062
190.171.141.122 - - [05/Aug/2021:10:59:58 -0300] "GET /cormun/static/Shared/jqueryui/images/ui-bg_highlight-soft_100_c6c2c8_1x100.png HTTP/1.1" 404 1117
190.171.141.122 - - [05/Aug/2021:10:59:58 -0300] "GET /cormun/static/Shared/jqueryui/images/ui-icons_82798d_256x240.png HTTP/1.1" 404 1089
190.171.141.122 - - [05/Aug/2021:10:59:58 -0300] "GET /cormun/static/Shared/jqueryui/images/ui-bg_flat_55_fafafa_40x100.png HTTP/1.1" 404 1097
190.171.141.122 - - [05/Aug/2021:10:59:58 -0300] "GET /cormun/static/Shared/jqueryui/images/ui-icons_8d78a5_256x240.png HTTP/1.1" 404 1089
190.171.141.122 - - [05/Aug/2021:10:59:58 -0300] "POST /cormun/servlet/trsolicitudot?c7ca8de63fbc2f259219b7b2709c3b53,gx-no-cache=1628171375282 HTTP/1.1" 200 6005
190.171.141.122 - - [05/Aug/2021:11:00:01 -0300] "GET /cormun/servlet/trsolicitudot? HTTP/1.1" 200 8824
181.212.43.89 - - [05/Aug/2021:11:00:01 -0300] "GET /cormun/servlet/apermisogoceprn?8303952,P,20210805094552,PU HTTP/1.1" 200 1671
190.171.141.122 - - [05/Aug/2021:11:00:02 -0300] "GET /cormun/servlet/trsolicitudot? HTTP/1.1" 200 8824
190.171.141.122 - - [05/Aug/2021:11:00:03 -0300] "GET /cormun/servlet/trautorizarsolicitud? HTTP/1.1" 200 8710
190.171.141.122 - - [05/Aug/2021:11:00:03 -0300] "GET /cormun/servlet/trautorizarsolicitud? HTTP/1.1" 200 8709
186.103.156.166 - - [05/Aug/2021:11:00:06 -0300] "GET /cormun/static/menuarrow.gif HTTP/1.1" 404 1015
190.171.141.122 - - [05/Aug/2021:11:00:13 -0300] "GET /cormun/servlet/trsolicitudot? HTTP/1.1" 200 8824
190.171.141.122 - - [05/Aug/2021:11:00:14 -0300] "GET /cormun/servlet/trsolicitudot? HTTP/1.1" 200 8824
181.212.43.89 - - [05/Aug/2021:11:00:14 -0300] "GET /cormun/servlet/trpermisosadjuntos?8303952,20210805094552,P, HTTP/1.1" 200 6328
181.212.43.89 - - [05/Aug/2021:11:00:15 -0300] "GET /cormun/servlet/trpermisosadjuntos?8303952,20210805094552,P, HTTP/1.1" 200 6308
181.212.43.89 - - [05/Aug/2021:11:00:16 -0300] "GET /cormun/servlet/permisosadjuntos?INS,8303952,P,20210805094552,, HTTP/1.1" 200 5625
181.212.43.89 - - [05/Aug/2021:11:00:16 -0300] "GET /cormun/static/about:blank HTTP/1.1" 404 1011
181.212.43.89 - - [05/Aug/2021:11:00:17 -0300] "GET /cormun/servlet/permisosadjuntos?INS,8303952,P,20210805094552,, HTTP/1.1" 200 5615
186.103.156.166 - - [05/Aug/2021:11:00:24 -0300] "GET /cormun/servlet/solicitudot?65ced87f5d5961b6742e79005bff73a18b2afcc90f37a507906fffca19dec1dda1a6f89985f04cc2c72d635c24ef094c,gx-no-cache=1628171400116 HTTP/1.1" 200 30
190.171.141.122 - - [05/Aug/2021:11:00:24 -0300] "POST /cormun/servlet/trsolicitudot?c7ca8de63fbc2f259219b7b2709c3b53,,gx-no-cache=1628171400744 HTTP/1.1" 200 6033
181.212.43.89 - - [05/Aug/2021:11:00:24 -0300] "POST /cormun/servlet/permisosadjuntos?9d7ab1333afa59b6a5851da1f3acd63c,INS,8303952,P,20210805094552,, HTTP/1.1" 200 116
181.212.43.89 - - [05/Aug/2021:11:00:24 -0300] "GET /cormun/servlet/hpexe_return? HTTP/1.1" 200 1037
181.212.43.89 - - [05/Aug/2021:11:00:25 -0300] "GET /cormun/servlet/trpermisosadjuntos?8303952,20210805094552,P, HTTP/1.1" 200 6778
181.212.43.89 - - [05/Aug/2021:11:00:25 -0300] "GET /cormun/servlet/trpermisosadjuntos?8303952,20210805094552,P, HTTP/1.1" 200 6774
181.212.43.89 - - [05/Aug/2021:11:00:26 -0300] "POST /cormun/servlet/trpermisosadjuntos?9d7ab1333afa59b6a5851da1f3acd63c,8303952,20210805094552,P,,gx-no-cache=1628171402646 HTTP/1.1" 200 90
181.212.43.89 - - [05/Aug/2021:11:00:26 -0300] "GET /cormun/servlet/hpexe_link HTTP/1.1" 200 1005
181.212.43.89 - - [05/Aug/2021:11:00:27 -0300] "GET /cormun/servlet/trpermisosgoce?gx-no-cache=1628171084410 HTTP/1.1" 200 9915
181.212.43.89 - - [05/Aug/2021:11:00:28 -0300] "GET /cormun/servlet/trpermisosgoce?gx-no-cache=1628171084410 HTTP/1.1" 200 9934
181.212.43.89 - - [05/Aug/2021:11:00:31 -0300] "POST /cormun/servlet/trpermisosgoce?9d7ab1333afa59b6a5851da1f3acd63c,gx-no-cache=1628171084410,gx-no-cache=1628171406569 HTTP/1.1" 200 7192
181.212.43.89 - - [05/Aug/2021:11:00:31 -0300] "GET /cormun/static/Shared/jqueryui/images/ui-bg_highlight-soft_100_c6c2c8_1x100.png HTTP/1.1" 404 1117
181.212.43.89 - - [05/Aug/2021:11:00:31 -0300] "GET /cormun/static/Shared/jqueryui/images/ui-icons_82798d_256x240.png HTTP/1.1" 404 1089
181.212.43.89 - - [05/Aug/2021:11:00:31 -0300] "GET /cormun/static/Shared/jqueryui/images/ui-bg_flat_55_fafafa_40x100.png HTTP/1.1" 404 1097
181.212.43.89 - - [05/Aug/2021:11:00:31 -0300] "GET /cormun/static/Shared/jqueryui/images/ui-icons_8d78a5_256x240.png HTTP/1.1" 404 1089
190.171.141.122 - - [05/Aug/2021:11:00:32 -0300] "POST /cormun/servlet/trsolicitudot?c7ca8de63fbc2f259219b7b2709c3b53,,gx-no-cache=1628171408376 HTTP/1.1" 200 6009
190.171.141.122 - - [05/Aug/2021:11:00:40 -0300] "POST /cormun/servlet/trsolicitudot?c7ca8de63fbc2f259219b7b2709c3b53,,gx-no-cache=1628171416926 HTTP/1.1" 200 6010
181.212.43.89 - - [05/Aug/2021:11:00:41 -0300] "GET /cormun/servlet/permisogoce?INS,0,,, HTTP/1.1" 200 6874
181.212.43.89 - - [05/Aug/2021:11:00:41 -0300] "GET /cormun/servlet/permisogoce?INS,0,,, HTTP/1.1" 200 6851
190.171.141.122 - - [05/Aug/2021:11:00:42 -0300] "GET /cormun/servlet/trautorizarsolicitud? HTTP/1.1" 200 8710
190.171.141.122 - - [05/Aug/2021:11:00:42 -0300] "GET /cormun/servlet/trautorizarsolicitud? HTTP/1.1" 200 8709
181.212.43.89 - - [05/Aug/2021:11:00:47 -0300] "GET /cormun/servlet/permisogoce?ea698f8590c6755b7e6eeea52295fcb7164793031a5bb720a073407e8aef815ee759480905f27ef366d81d248639909d8c0da4ea28244da1a3c7d5848ca0ab80,gx-no-cache=1628171422863 HTTP/1.1" 200 79
190.171.141.122 - - [05/Aug/2021:11:00:48 -0300] "GET /cormun/servlet/trsolicitudot? HTTP/1.1" 200 8827
190.171.141.122 - - [05/Aug/2021:11:00:49 -0300] "GET /cormun/servlet/trsolicitudot? HTTP/1.1" 200 8826
181.212.43.89 - - [05/Aug/2021:11:00:50 -0300] "GET /cormun/static/menuarrow.gif HTTP/1.1" 404 1015
190.171.141.122 - - [05/Aug/2021:11:00:54 -0300] "POST /cormun/servlet/trsolicitudot?c7ca8de63fbc2f259219b7b2709c3b53,,gx-no-cache=1628171430824 HTTP/1.1" 200 6031
181.212.43.89 - - [05/Aug/2021:11:00:57 -0300] "GET /cormun/servlet/permisogoce?ea698f8590c6755b7e6eeea52295fcb7fc072bd815a3b66a223c491fa2e534385bca7af4deb4038ae6427a457de56657f330e424bbd11b4c4f455e04b04bc5e2,gx-no-cache=1628171433130 HTTP/1.1" 200 45
181.212.43.89 - - [05/Aug/2021:11:01:00 -0300] "POST /cormun/servlet/permisogoce?9d7ab1333afa59b6a5851da1f3acd63c,INS,0,,,,gx-no-cache=1628171436048 HTTP/1.1" 200 93
181.212.43.89 - - [05/Aug/2021:11:01:00 -0300] "GET /cormun/servlet/hpexe_return? HTTP/1.1" 200 1033
181.212.43.89 - - [05/Aug/2021:11:01:00 -0300] "GET /cormun/servlet/trpermisosgoce?gx-no-cache=1628171084410 HTTP/1.1" 200 10143
181.212.43.89 - - [05/Aug/2021:11:01:01 -0300] "GET /cormun/servlet/trpermisosgoce?gx-no-cache=1628171084410 HTTP/1.1" 200 10158
190.171.141.122 - - [05/Aug/2021:11:01:02 -0300] "POST /cormun/servlet/trsolicitudot?c7ca8de63fbc2f259219b7b2709c3b53,,gx-no-cache=1628171438622 HTTP/1.1" 200 6032
186.103.156.166 - - [05/Aug/2021:11:01:03 -0300] "POST /cormun/servlet/solicitudot?gx-no-cache=1628171439987 HTTP/1.1" 200 30
181.212.43.89 - - [05/Aug/2021:11:01:04 -0300] "GET /cormun/servlet/apermisogoceprn?17399414,P,20210805094801,PU HTTP/1.1" 200 1674
190.171.141.122 - - [05/Aug/2021:11:01:09 -0300] "POST /cormun/servlet/trsolicitudot?c7ca8de63fbc2f259219b7b2709c3b53,,gx-no-cache=1628171445824 HTTP/1.1" 200 6009
190.171.141.122 - - [05/Aug/2021:11:01:10 -0300] "POST /cormun/servlet/trsolicitudot?c7ca8de63fbc2f259219b7b2709c3b53,,gx-no-cache=1628171447023 HTTP/1.1" 200 6009
181.212.43.89 - - [05/Aug/2021:11:01:13 -0300] "GET /cormun/servlet/trpermisosadjuntos?17399414,20210805094801,P, HTTP/1.1" 200 6336
181.212.43.89 - - [05/Aug/2021:11:01:13 -0300] "GET /cormun/servlet/trpermisosadjuntos?17399414,20210805094801,P, HTTP/1.1" 200 6315
190.171.141.122 - - [05/Aug/2021:11:01:15 -0300] "GET /cormun/servlet/hlogin HTTP/1.1" 200 1722
181.212.43.89 - - [05/Aug/2021:11:01:15 -0300] "GET /cormun/servlet/permisosadjuntos?INS,17399414,P,20210805094801,, HTTP/1.1" 200 5627
181.212.43.89 - - [05/Aug/2021:11:01:15 -0300] "GET /cormun/static/about:blank HTTP/1.1" 404 1011
181.212.43.89 - - [05/Aug/2021:11:01:16 -0300] "GET /cormun/servlet/permisosadjuntos?INS,17399414,P,20210805094801,, HTTP/1.1" 200 5617
190.171.141.122 - - [05/Aug/2021:11:01:22 -0300] "POST /cormun/servlet/hlogin?c7ca8de63fbc2f259219b7b2709c3b53,gx-no-cache=1628171458974 HTTP/1.1" 200 90
190.171.141.122 - - [05/Aug/2021:11:01:22 -0300] "GET /cormun/servlet/hpexe_link HTTP/1.1" 200 957
190.171.141.122 - - [05/Aug/2021:11:01:22 -0300] "GET /cormun/servlet/trsolicitudot? HTTP/1.1" 200 8827
190.171.141.122 - - [05/Aug/2021:11:01:23 -0300] "GET /cormun/servlet/trsolicitudot? HTTP/1.1" 200 8826
181.212.43.89 - - [05/Aug/2021:11:01:25 -0300] "POST /cormun/servlet/permisosadjuntos?9d7ab1333afa59b6a5851da1f3acd63c,INS,17399414,P,20210805094801,, HTTP/1.1" 200 116
181.212.43.89 - - [05/Aug/2021:11:01:25 -0300] "GET /cormun/servlet/hpexe_return? HTTP/1.1" 200 1041
181.212.43.89 - - [05/Aug/2021:11:01:26 -0300] "GET /cormun/servlet/trpermisosadjuntos?17399414,20210805094801,P, HTTP/1.1" 200 6791
181.212.43.89 - - [05/Aug/2021:11:01:26 -0300] "GET /cormun/servlet/trpermisosadjuntos?17399414,20210805094801,P, HTTP/1.1" 200 6787
181.212.43.89 - - [05/Aug/2021:11:01:28 -0300] "POST /cormun/servlet/trpermisosadjuntos?9d7ab1333afa59b6a5851da1f3acd63c,17399414,20210805094801,P,,gx-no-cache=1628171464433 HTTP/1.1" 200 90
181.212.43.89 - - [05/Aug/2021:11:01:28 -0300] "GET /cormun/servlet/hpexe_link HTTP/1.1" 200 1008
181.212.43.89 - - [05/Aug/2021:11:01:28 -0300] "GET /cormun/servlet/trpermisosgoce?gx-no-cache=1628171084410 HTTP/1.1" 200 10139
181.212.43.89 - - [05/Aug/2021:11:01:29 -0300] "GET /cormun/servlet/trpermisosgoce?gx-no-cache=1628171084410 HTTP/1.1" 200 10158
181.212.43.89 - - [05/Aug/2021:11:01:34 -0300] "POST /cormun/servlet/trpermisosgoce?9d7ab1333afa59b6a5851da1f3acd63c,gx-no-cache=1628171084410,gx-no-cache=1628171470087 HTTP/1.1" 200 7451
181.212.43.89 - - [05/Aug/2021:11:01:34 -0300] "GET /cormun/static/Shared/jqueryui/images/ui-icons_82798d_256x240.png HTTP/1.1" 404 1089
190.171.141.122 - - [05/Aug/2021:11:01:34 -0300] "POST /cormun/servlet/trsolicitudot?c7ca8de63fbc2f259219b7b2709c3b53,,gx-no-cache=1628171471151 HTTP/1.1" 200 6004
181.212.43.89 - - [05/Aug/2021:11:01:34 -0300] "GET /cormun/static/Shared/jqueryui/images/ui-bg_highlight-soft_100_c6c2c8_1x100.png HTTP/1.1" 404 1117
181.212.43.89 - - [05/Aug/2021:11:01:34 -0300] "GET /cormun/static/Shared/jqueryui/images/ui-bg_flat_55_fafafa_40x100.png HTTP/1.1" 404 1097
181.212.43.89 - - [05/Aug/2021:11:01:34 -0300] "GET /cormun/static/Shared/jqueryui/images/ui-icons_8d78a5_256x240.png HTTP/1.1" 404 1089
190.171.141.122 - - [05/Aug/2021:11:01:43 -0300] "POST /cormun/servlet/trsolicitudot?c7ca8de63fbc2f259219b7b2709c3b53,,gx-no-cache=1628171480285 HTTP/1.1" 200 6004
181.212.43.89 - - [05/Aug/2021:11:02:38 -0300] "GET /cormun/servlet/permisogoce?INS,0,,, HTTP/1.1" 200 6874
181.212.43.89 - - [05/Aug/2021:11:02:38 -0300] "GET /cormun/servlet/permisogoce?INS,0,,, HTTP/1.1" 200 6851
181.212.43.89 - - [05/Aug/2021:11:02:44 -0300] "GET /cormun/servlet/permisogoce?ea698f8590c6755b7e6eeea52295fcb7aa1b3d3aff02fd87d7f2b4a149f48c94e759480905f27ef366d81d248639909d8c0da4ea28244da1a3c7d5848ca0ab80,gx-no-cache=1628171539819 HTTP/1.1" 200 78
181.212.43.89 - - [05/Aug/2021:11:02:47 -0300] "GET /cormun/static/menuarrow.gif HTTP/1.1" 404 1015
181.212.43.89 - - [05/Aug/2021:11:02:50 -0300] "GET /cormun/servlet/permisogoce?ea698f8590c6755b7e6eeea52295fcb7c08cddf44f2421d215294cbedb086aa5d79f50eadf12270bfcfe328443b526bdf330e424bbd11b4c4f455e04b04bc5e2,gx-no-cache=1628171545941 HTTP/1.1" 200 46
190.171.142.10 - - [05/Aug/2021:11:02:52 -0300] "POST /cormun/servlet/vesolicitudot?204c4faf5425e7827e376fe341365271,2021,16842,,,gx-no-cache=1628171548264 HTTP/1.1" 200 93
190.171.142.10 - - [05/Aug/2021:11:02:52 -0300] "GET /cormun/servlet/hpexe_return? HTTP/1.1" 200 1014
190.171.142.10 - - [05/Aug/2021:11:02:53 -0300] "GET /cormun/servlet/trsolicitudot? HTTP/1.1" 200 16353
181.212.43.89 - - [05/Aug/2021:11:02:54 -0300] "POST /cormun/servlet/permisogoce?9d7ab1333afa59b6a5851da1f3acd63c,INS,0,,,,gx-no-cache=1628171549679 HTTP/1.1" 200 93
181.212.43.89 - - [05/Aug/2021:11:02:54 -0300] "GET /cormun/servlet/hpexe_return? HTTP/1.1" 200 1033
181.212.43.89 - - [05/Aug/2021:11:02:54 -0300] "GET /cormun/servlet/trpermisosgoce?gx-no-cache=1628171084410 HTTP/1.1" 200 10380
190.171.142.10 - - [05/Aug/2021:11:02:54 -0300] "GET /cormun/servlet/trsolicitudot? HTTP/1.1" 200 16349
181.212.43.89 - - [05/Aug/2021:11:02:55 -0300] "GET /cormun/servlet/trpermisosgoce?gx-no-cache=1628171084410 HTTP/1.1" 200 10396
181.212.43.89 - - [05/Aug/2021:11:02:58 -0300] "GET /cormun/servlet/apermisogoceprn?12078921,P,20210805094957,PU HTTP/1.1" 200 1670
190.171.142.10 - - [05/Aug/2021:11:03:01 -0300] "GET /cormun/servlet/trreportecargahoraria? HTTP/1.1" 200 10080
190.171.142.10 - - [05/Aug/2021:11:03:02 -0300] "GET /cormun/servlet/trreportecargahoraria? HTTP/1.1" 200 10080
181.212.43.89 - - [05/Aug/2021:11:03:05 -0300] "GET /cormun/servlet/trpermisosadjuntos?12078921,20210805094957,P, HTTP/1.1" 200 6331
181.212.43.89 - - [05/Aug/2021:11:03:06 -0300] "GET /cormun/servlet/trpermisosadjuntos?12078921,20210805094957,P, HTTP/1.1" 200 6310
181.212.43.89 - - [05/Aug/2021:11:03:08 -0300] "GET /cormun/servlet/permisosadjuntos?INS,12078921,P,20210805094957,, HTTP/1.1" 200 5631
181.212.43.89 - - [05/Aug/2021:11:03:08 -0300] "GET /cormun/static/about:blank HTTP/1.1" 404 1011
181.212.43.89 - - [05/Aug/2021:11:03:08 -0300] "GET /cormun/servlet/permisosadjuntos?INS,12078921,P,20210805094957,, HTTP/1.1" 200 5621
181.212.43.89 - - [05/Aug/2021:11:03:22 -0300] "POST /cormun/servlet/permisosadjuntos?9d7ab1333afa59b6a5851da1f3acd63c,INS,12078921,P,20210805094957,, HTTP/1.1" 200 116
181.212.43.89 - - [05/Aug/2021:11:03:22 -0300] "GET /cormun/servlet/hpexe_return? HTTP/1.1" 200 1041
181.212.43.89 - - [05/Aug/2021:11:03:22 -0300] "GET /cormun/servlet/trpermisosadjuntos?12078921,20210805094957,P, HTTP/1.1" 200 6785
181.212.43.89 - - [05/Aug/2021:11:03:22 -0300] "GET /cormun/servlet/trpermisosadjuntos?12078921,20210805094957,P, HTTP/1.1" 200 6782
181.212.43.89 - - [05/Aug/2021:11:03:24 -0300] "POST /cormun/servlet/trpermisosadjuntos?9d7ab1333afa59b6a5851da1f3acd63c,12078921,20210805094957,P,,gx-no-cache=1628171580656 HTTP/1.1" 200 90
181.212.43.89 - - [05/Aug/2021:11:03:24 -0300] "GET /cormun/servlet/hpexe_link HTTP/1.1" 200 1008
181.212.43.89 - - [05/Aug/2021:11:03:25 -0300] "GET /cormun/servlet/trpermisosgoce?gx-no-cache=1628171084410 HTTP/1.1" 200 10377
181.212.43.89 - - [05/Aug/2021:11:03:26 -0300] "GET /cormun/servlet/trpermisosgoce?gx-no-cache=1628171084410 HTTP/1.1" 200 10390
181.212.43.89 - - [05/Aug/2021:11:03:30 -0300] "POST /cormun/servlet/trpermisosgoce?9d7ab1333afa59b6a5851da1f3acd63c,gx-no-cache=1628171084410,gx-no-cache=1628171585603 HTTP/1.1" 200 7702
181.212.43.89 - - [05/Aug/2021:11:03:30 -0300] "GET /cormun/static/Shared/jqueryui/images/ui-bg_highlight-soft_100_c6c2c8_1x100.png HTTP/1.1" 404 1117
181.212.43.89 - - [05/Aug/2021:11:03:30 -0300] "GET /cormun/static/Shared/jqueryui/images/ui-icons_82798d_256x240.png HTTP/1.1" 404 1089
181.212.43.89 - - [05/Aug/2021:11:03:30 -0300] "GET /cormun/static/Shared/jqueryui/images/ui-bg_flat_55_fafafa_40x100.png HTTP/1.1" 404 1097
181.212.43.89 - - [05/Aug/2021:11:03:30 -0300] "GET /cormun/static/Shared/jqueryui/images/ui-icons_8d78a5_256x240.png HTTP/1.1" 404 1089
186.103.156.166 - - [05/Aug/2021:11:04:05 -0300] "POST /cormun/servlet/solicitudot?gx-no-cache=1628171620981 HTTP/1.1" 200 1440
186.103.156.166 - - [05/Aug/2021:11:04:16 -0300] "GET /cormun/servlet/prfichaempleado?,MD,,gxPopupLevel%3D0%3B HTTP/1.1" 200 9103
186.103.156.166 - - [05/Aug/2021:11:04:16 -0300] "GET /cormun/static/gxcfg.js?20201215571085 HTTP/1.1" 200 953
186.103.156.166 - - [05/Aug/2021:11:04:16 -0300] "GET /cormun/static/prfichaempleado.js?20201215572193 HTTP/1.1" 200 16006
186.103.156.166 - - [05/Aug/2021:11:04:26 -0300] "POST /cormun/servlet/prfichaempleado?d85bafd60294f17cb33c10b9a3f539ec,,MD,,gxPopupLevel%3D0%3B,gx-no-cache=1628171642578 HTTP/1.1" 200 4451
186.103.156.166 - - [05/Aug/2021:11:04:42 -0300] "POST /cormun/servlet/solicitudot?gx-no-cache=1628171658621 HTTP/1.1" 200 1440
186.103.156.166 - - [05/Aug/2021:11:04:44 -0300] "GET /cormun/servlet/prlicenciaspermisos?18041670,L,,MD,,gxPopupLevel%3D0%3B HTTP/1.1" 200 5444
186.103.156.166 - - [05/Aug/2021:11:04:44 -0300] "GET /cormun/static/gxcfg.js?2020121559567 HTTP/1.1" 200 953
186.103.156.166 - - [05/Aug/2021:11:04:44 -0300] "GET /cormun/static/prlicenciaspermisos.js?2020121559821 HTTP/1.1" 200 13379
186.103.156.166 - - [05/Aug/2021:11:05:17 -0300] "POST /cormun/servlet/solicitudot?gx-no-cache=1628171693234 HTTP/1.1" 200 40
186.103.156.166 - - [05/Aug/2021:11:05:17 -0300] "GET /cormun/servlet/solicitudot?65ced87f5d5961b6742e79005bff73a15f750aba771273b0943211219c13f3ebec941a8ecadb9a8d67edc4411ebe50184182bbf3000228a4663ddfea53c97376cd2108196dc151c26963bb535010be160189e0722ff5131f27a8e0efc5a65478b9a58358e2f5261eedb2111d7d5a3f03,gx-no-cache=1628171693292 HTTP/1.1" 200 110
186.103.156.166 - - [05/Aug/2021:11:05:17 -0300] "POST /cormun/servlet/solicitudot?gx-no-cache=1628171693338 HTTP/1.1" 200 97
186.103.156.166 - - [05/Aug/2021:11:05:23 -0300] "GET /cormun/servlet/solicitudot?65ced87f5d5961b6742e79005bff73a157579dcb69c7128e511c91ff1da167ab,gx-no-cache=1628171699545 HTTP/1.1" 200 30
186.103.156.166 - - [05/Aug/2021:11:05:35 -0300] "GET /cormun/servlet/prlicenciaspermisos?18041670,L,,MD,,gxPopupLevel%3D0%3B HTTP/1.1" 200 5444
192.168.10.94 - - [05/Aug/2021:11:05:36 -0300] "GET /cormun/servlet/hlogin HTTP/1.1" 200 1726
192.168.10.94 - - [05/Aug/2021:11:05:40 -0300] "POST /cormun/servlet/hlogin?51351676268c2b823fb2d75659a1b002,gx-no-cache=1628171580497 HTTP/1.1" 200 90
192.168.10.94 - - [05/Aug/2021:11:05:40 -0300] "GET /cormun/servlet/hpexe_link HTTP/1.1" 200 953
192.168.10.94 - - [05/Aug/2021:11:05:41 -0300] "GET /cormun/servlet/hhome HTTP/1.1" 200 4512
192.168.10.94 - - [05/Aug/2021:11:05:41 -0300] "GET /cormun/servlet/hhome HTTP/1.1" 200 4508
192.168.10.94 - - [05/Aug/2021:11:05:44 -0300] "GET /cormun/servlet/trsolicitudgral HTTP/1.1" 200 22641
192.168.10.94 - - [05/Aug/2021:11:05:45 -0300] "GET /cormun/servlet/trsolicitudgral HTTP/1.1" 200 22639
192.168.10.94 - - [05/Aug/2021:11:06:00 -0300] "GET /cormun/servlet/vesolicitudgral?2021,17325,, HTTP/1.1" 200 9053
192.168.10.94 - - [05/Aug/2021:11:06:01 -0300] "GET /cormun/pexe_scrolldiv.js HTTP/1.1" 404 1009
192.168.10.94 - - [05/Aug/2021:11:06:01 -0300] "GET /cormun/servlet/vesolicitudgral?2021,17325,, HTTP/1.1" 200 9052
186.103.156.166 - - [05/Aug/2021:11:06:45 -0300] "POST /cormun/servlet/solicitudot?gx-no-cache=1628171781614 HTTP/1.1" 200 40
186.103.156.166 - - [05/Aug/2021:11:06:45 -0300] "GET /cormun/servlet/solicitudot?65ced87f5d5961b6742e79005bff73a15f750aba771273b0943211219c13f3ebec941a8ecadb9a8d67edc4411ebe50184182bbf3000228a4663ddfea53c97376cd2108196dc151c26963bb535010be160189e0722ff5131f27a8e0efc5a65478b9a58358e2f5261eedb2111d7d5a3f03,gx-no-cache=1628171781658 HTTP/1.1" 200 110
190.171.141.122 - - [05/Aug/2021:11:06:46 -0300] "GET /cormun/servlet/hlogin HTTP/1.1" 200 1722
190.171.142.10 - - [05/Aug/2021:11:06:50 -0300] "GET /cormun/servlet/trcargahoraria? HTTP/1.1" 200 7403
190.171.142.10 - - [05/Aug/2021:11:06:51 -0300] "GET /cormun/servlet/trcargahoraria? HTTP/1.1" 200 7402
190.171.141.122 - - [05/Aug/2021:11:06:53 -0300] "POST /cormun/servlet/hlogin?c7ca8de63fbc2f259219b7b2709c3b53,gx-no-cache=1628171789822 HTTP/1.1" 200 90
190.171.141.122 - - [05/Aug/2021:11:06:53 -0300] "GET /cormun/servlet/hpexe_link HTTP/1.1" 200 957
190.171.141.122 - - [05/Aug/2021:11:06:53 -0300] "GET /cormun/servlet/trsolicitudot? HTTP/1.1" 200 8827
190.171.141.122 - - [05/Aug/2021:11:06:54 -0300] "GET /cormun/servlet/trsolicitudot? HTTP/1.1" 200 8826
190.171.141.122 - - [05/Aug/2021:11:07:02 -0300] "POST /cormun/servlet/trsolicitudot?c7ca8de63fbc2f259219b7b2709c3b53,,gx-no-cache=1628171799167 HTTP/1.1" 200 6005
190.171.141.122 - - [05/Aug/2021:11:07:04 -0300] "POST /cormun/servlet/trsolicitudot?c7ca8de63fbc2f259219b7b2709c3b53,,gx-no-cache=1628171801293 HTTP/1.1" 200 6005
186.103.156.166 - - [05/Aug/2021:11:07:09 -0300] "GET /cormun/servlet/solicitudot?65ced87f5d5961b6742e79005bff73a18b2afcc90f37a507906fffca19dec1dd5b6d6e54980e3bd7cb2e5201c58fadcc,gx-no-cache=1628171805880 HTTP/1.1" 200 30
186.103.156.166 - - [05/Aug/2021:11:07:09 -0300] "POST /cormun/servlet/solicitudot?gx-no-cache=1628171805994 HTTP/1.1" 200 34
186.103.156.166 - - [05/Aug/2021:11:07:39 -0300] "POST /cormun/servlet/solicitudot?d85bafd60294f17cb33c10b9a3f539ec,INS,0,0,false,,gx-no-cache=1628171835184 HTTP/1.1" 200 93
186.103.156.166 - - [05/Aug/2021:11:07:39 -0300] "GET /cormun/servlet/hpexe_return? HTTP/1.1" 200 1009
186.103.156.166 - - [05/Aug/2021:11:07:39 -0300] "GET /cormun/static/hpexe_return.js?201991422392984 HTTP/1.1" 200 1633
186.103.156.166 - - [05/Aug/2021:11:07:39 -0300] "GET /cormun/static/gxcfg.js?201991422392976 HTTP/1.1" 200 953
186.103.156.166 - - [05/Aug/2021:11:07:40 -0300] "GET /cormun/servlet/solicitudot?INS,0,0,false, HTTP/1.1" 200 15649
186.103.156.166 - - [05/Aug/2021:11:07:41 -0300] "GET /cormun/servlet/solicitudot?INS,0,0,false, HTTP/1.1" 200 15653
190.171.141.122 - - [05/Aug/2021:11:07:47 -0300] "POST /cormun/servlet/trsolicitudot?c7ca8de63fbc2f259219b7b2709c3b53,,gx-no-cache=1628171843397 HTTP/1.1" 200 6005
186.103.156.166 - - [05/Aug/2021:11:07:48 -0300] "GET /cormun/servlet/trautorizarsolicitud? HTTP/1.1" 200 7233
186.103.156.166 - - [05/Aug/2021:11:07:48 -0300] "GET /cormun/static/gxcfg.js?201991422414522 HTTP/1.1" 200 953
186.103.156.166 - - [05/Aug/2021:11:07:48 -0300] "GET /cormun/static/trautorizarsolicitud.js?201991422415463 HTTP/1.1" 200 53910
186.103.156.166 - - [05/Aug/2021:11:07:49 -0300] "GET /cormun/servlet/trautorizarsolicitud? HTTP/1.1" 200 7225
186.103.156.166 - - [05/Aug/2021:11:07:54 -0300] "POST /cormun/servlet/trautorizarsolicitud?d85bafd60294f17cb33c10b9a3f539ec,,gx-no-cache=1628171850496 HTTP/1.1" 200 4561
186.103.156.166 - - [05/Aug/2021:11:07:58 -0300] "GET /cormun/servlet/trvisualizadoreventos? HTTP/1.1" 200 6865
186.103.156.166 - - [05/Aug/2021:11:07:58 -0300] "GET /cormun/static/gxcfg.js?20199142243133 HTTP/1.1" 200 953
186.103.156.166 - - [05/Aug/2021:11:07:59 -0300] "GET /cormun/static/Resources/PXToolsActionPrint.png HTTP/1.1" 200 404
186.103.156.166 - - [05/Aug/2021:11:07:59 -0300] "GET /cormun/static/trvisualizadoreventos.js?201991422431650 HTTP/1.1" 200 19318
186.103.156.166 - - [05/Aug/2021:11:08:00 -0300] "GET /cormun/servlet/trvisualizadoreventos? HTTP/1.1" 200 6865
186.103.156.166 - - [05/Aug/2021:11:08:01 -0300] "POST /cormun/servlet/acontrolpreferencessavestate?None,MJRAMOS,true HTTP/1.1" 200 35
186.103.156.166 - - [05/Aug/2021:11:08:04 -0300] "POST /cormun/servlet/trvisualizadoreventos?d85bafd60294f17cb33c10b9a3f539ec,,gx-no-cache=1628171860513 HTTP/1.1" 200 4276
192.168.10.94 - - [05/Aug/2021:11:08:25 -0300] "GET /cormun/servlet/trlicenciasgenerales HTTP/1.1" 200 10518
192.168.10.94 - - [05/Aug/2021:11:08:25 -0300] "GET /cormun/static/gxcfg.js?201991422444547 HTTP/1.1" 200 953
192.168.10.94 - - [05/Aug/2021:11:08:25 -0300] "GET /cormun/static/trlicenciasgenerales.js?201991422445161 HTTP/1.1" 200 37698
192.168.10.94 - - [05/Aug/2021:11:08:25 -0300] "GET /cormun//static/Resources/PXToolsGridDisplay.png HTTP/1.1" 200 525
192.168.10.94 - - [05/Aug/2021:11:08:25 -0300] "GET /cormun//static/Resources/PXToolsHeaderHelp.png HTTP/1.1" 200 1333
192.168.10.94 - - [05/Aug/2021:11:08:25 -0300] "GET /cormun//static/Resources/PXTools/ActionInsert.png HTTP/1.1" 200 1482
192.168.10.94 - - [05/Aug/2021:11:08:25 -0300] "GET /cormun//static/Resources/PXToolsHeaderFavorites.png HTTP/1.1" 200 1414
192.168.10.94 - - [05/Aug/2021:11:08:25 -0300] "GET /cormun/servlet/trlicenciasgenerales HTTP/1.1" 200 10506
192.168.10.94 - - [05/Aug/2021:11:08:26 -0300] "POST /cormun/servlet/acontrolpreferencessavestate?None,ABARRERA,true HTTP/1.1" 200 35
190.171.141.122 - - [05/Aug/2021:11:09:52 -0300] "POST /cormun/servlet/trsolicitudot?c7ca8de63fbc2f259219b7b2709c3b53,,gx-no-cache=1628171968453 HTTP/1.1" 200 6005
186.103.156.166 - - [05/Aug/2021:11:10:50 -0300] "GET /cormun/servlet/trsolicitudot? HTTP/1.1" 200 8715
186.103.156.166 - - [05/Aug/2021:11:10:51 -0300] "GET /cormun//static/Resources/PXToolsActionView.png HTTP/1.1" 200 398
186.103.156.166 - - [05/Aug/2021:11:10:51 -0300] "GET /cormun//static/Resources/PXToolsGridUpdate.png HTTP/1.1" 200 470
186.103.156.166 - - [05/Aug/2021:11:10:51 -0300] "GET /cormun//static/Resources/PXToolsGridDelete.png HTTP/1.1" 200 538
186.103.156.166 - - [05/Aug/2021:11:10:51 -0300] "GET /cormun//static/Resources/PXToolsRemoveAllAction.png HTTP/1.1" 200 487
186.103.156.166 - - [05/Aug/2021:11:10:51 -0300] "GET /cormun/servlet/trsolicitudot? HTTP/1.1" 200 8714
186.103.156.166 - - [05/Aug/2021:11:11:09 -0300] "POST /cormun/servlet/trsolicitudot?d85bafd60294f17cb33c10b9a3f539ec,,gx-no-cache=1628172046001 HTTP/1.1" 200 113
186.103.156.166 - - [05/Aug/2021:11:11:10 -0300] "GET /cormun/servlet/solicitudot?UPD,2021,17347,false, HTTP/1.1" 200 16329
186.103.156.166 - - [05/Aug/2021:11:11:11 -0300] "GET /cormun/servlet/solicitudot?UPD,2021,17347,false, HTTP/1.1" 200 16340
186.103.156.166 - - [05/Aug/2021:11:11:12 -0300] "POST /cormun/servlet/solicitudot?gx-no-cache=1628172048480 HTTP/1.1" 200 3798
186.103.156.166 - - [05/Aug/2021:11:11:12 -0300] "POST /cormun/servlet/solicitudot?d85bafd60294f17cb33c10b9a3f539ec,UPD,2021,17347,false,,gx-no-cache=1628172048666 HTTP/1.1" 200 12675
186.103.156.166 - - [05/Aug/2021:11:11:12 -0300] "GET /cormun/servlet/solicitudot?65ced87f5d5961b6742e79005bff73a1b8b2c847d8b0951fb48cd6ea0236f595e68db01ba42431e656f794240664b187,gx-no-cache=1628172048932 HTTP/1.1" 200 30
186.103.156.166 - - [05/Aug/2021:11:11:12 -0300] "GET /cormun/servlet/solicitudot?65ced87f5d5961b6742e79005bff73a1d905308f8db3020312c7a777a530e67c00d5041fdf0cbc9990a14b5bcebc7701912687598fe0cdd43d7ea753bd3725c4,gx-no-cache=1628172048995 HTTP/1.1" 200 30
186.103.156.166 - - [05/Aug/2021:11:11:12 -0300] "GET /cormun/servlet/solicitudot?65ced87f5d5961b6742e79005bff73a192273bc35939dbd32599c1a862a77ba8e5dad4ee284ea2566328ed174173d159b5881a984febae893649b76148b75df0,gx-no-cache=1628172049030 HTTP/1.1" 200 51
186.103.156.166 - - [05/Aug/2021:11:11:12 -0300] "POST /cormun/servlet/solicitudot?gx-no-cache=1628172049069 HTTP/1.1" 200 295
186.103.156.166 - - [05/Aug/2021:11:11:13 -0300] "GET /cormun/servlet/solicitudot?65ced87f5d5961b6742e79005bff73a1930ab52b6351a5d3dd6006fbf7c06bb367a1af6eeb411a0de6a125bc879fc2b19fbc56484d4f045d0b96046c279ddf3a51059948ce660a476ab9da7a31416daeee7e1d0bb3fbda696a12c634f6065bba288785a515ee6d34b989135f6641c41f3fb92b213bfa76d214cead7cb76931fab03e9fe4773d30c236f5fb230ac9bf703bd761eb78428de7c4c5a2b12095607953551873bb89045033c0ca81bc41c1438c5808ff7867eed0dc34730491d15725489ce8ac284c51ef3d5f1e77a694fafe8fc3aabd297bf63ca4f488effc167e9959309a2c0ab56ff417bfecda3020d4e864625798b17735c0233b2e2fe75a9488af67ed600ca3f2d4da561485218624e714e90df1fab0c2ccf9ccd8646135bd37f4f7b1d8da9d503d7f24e6ffa961ae1b5b616390127127e400393b616c9462a9682af2f73ea239a30095acedb7248b918f6a310f4fcd9233895ba6384ef0e37ac369c15f8a5e57be22519ac4ad9b7af5a0890e0c245753e35d8d78feb431d5f31a7c785ab48ac950699326c42a0875d6,gx-no-cache=1628172049126 HTTP/1.1" 200 30
186.103.156.166 - - [05/Aug/2021:11:11:13 -0300] "POST /cormun/servlet/solicitudot?gx-no-cache=1628172049158 HTTP/1.1" 200 30
186.103.156.166 - - [05/Aug/2021:11:11:13 -0300] "POST /cormun/servlet/solicitudot?gx-no-cache=1628172049213 HTTP/1.1" 200 1440
186.103.156.166 - - [05/Aug/2021:11:11:13 -0300] "POST /cormun/servlet/solicitudot?gx-no-cache=1628172049309 HTTP/1.1" 200 40
186.103.156.166 - - [05/Aug/2021:11:11:17 -0300] "GET /cormun/servlet/solicitudot?65ced87f5d5961b6742e79005bff73a15f750aba771273b0943211219c13f3ebec941a8ecadb9a8d67edc4411ebe50184182bbf3000228a4663ddfea53c97376cd2108196dc151c26963bb535010be160189e0722ff5131f27a8e0efc5a65478b9a58358e2f5261eedb2111d7d5a3f03,gx-no-cache=1628172053543 HTTP/1.1" 200 110
186.103.156.166 - - [05/Aug/2021:11:11:17 -0300] "POST /cormun/servlet/solicitudot?gx-no-cache=1628172053577 HTTP/1.1" 200 97
186.103.156.166 - - [05/Aug/2021:11:11:20 -0300] "GET /cormun/servlet/solicitudot?65ced87f5d5961b6742e79005bff73a15f2edd1c1e2ae24c2c2da267532b9dd14b7758a49f622b0e8a4f2417aa16ba559cbf25b8f891205f78fb200a03da70dd5ca2738e735fb383ec78a59a55764a45653aa3a06a30277b3615a3f4704f209165f3553194f65a55ad234631a915f732,gx-no-cache=1628172056634 HTTP/1.1" 200 29
