200.86.165.116 - - [03/Aug/2021:10:07:38 -0300] "GET /cormun/static/Shared/jqueryui/images/ui-bg_highlight-soft_100_c6c2c8_1x100.png HTTP/1.1" 404 1117
200.86.165.116 - - [03/Aug/2021:10:07:38 -0300] "GET /cormun/static/Shared/jqueryui/images/ui-icons_8d78a5_256x240.png HTTP/1.1" 404 1089
200.86.165.116 - - [03/Aug/2021:10:07:38 -0300] "GET /cormun/static/Shared/jqueryui/images/ui-bg_flat_55_fafafa_40x100.png HTTP/1.1" 404 1097
200.86.165.116 - - [03/Aug/2021:10:07:47 -0300] "GET /cormun/servlet/trpermisosadjuntos?16882639,20210803084147,P, HTTP/1.1" 200 6630
200.86.165.116 - - [03/Aug/2021:10:07:49 -0300] "GET /cormun/servlet/trpermisosadjuntos?16882639,20210803084147,P, HTTP/1.1" 200 6630
190.171.141.122 - - [03/Aug/2021:10:07:54 -0300] "POST /cormun/servlet/prfichaempleado?159e0d6cd6582a234981d2feba886bb8,,MD,,gxPopupLevel%3D0%3B,gx-no-cache=1627995450286 HTTP/1.1" 200 3174
190.171.141.122 - - [03/Aug/2021:10:08:02 -0300] "GET /cormun/servlet/prfichaempleado?,MD,,gxPopupLevel%3D0%3B HTTP/1.1" 200 9199
200.86.165.116 - - [03/Aug/2021:10:08:02 -0300] "GET /cormun/servlet/permisosadjuntos?INS,16882639,P,20210803084147,, HTTP/1.1" 200 5953
200.86.165.116 - - [03/Aug/2021:10:08:02 -0300] "GET /cormun/static/about:blank HTTP/1.1" 404 1011
200.86.165.116 - - [03/Aug/2021:10:08:03 -0300] "GET /cormun/servlet/permisosadjuntos?INS,16882639,P,20210803084147,, HTTP/1.1" 200 5943
190.171.141.122 - - [03/Aug/2021:10:08:13 -0300] "POST /cormun/servlet/prfichaempleado?159e0d6cd6582a234981d2feba886bb8,,MD,,gxPopupLevel%3D0%3B,gx-no-cache=1627995469018 HTTP/1.1" 200 3174
200.86.165.116 - - [03/Aug/2021:10:08:14 -0300] "POST /cormun/servlet/permisosadjuntos?06467afb77b24c5b6d100ae25f9c356f,INS,16882639,P,20210803084147,, HTTP/1.1" 200 6795
200.86.165.116 - - [03/Aug/2021:10:08:14 -0300] "GET /cormun/static/Shared/jqueryui/images/ui-bg_highlight-soft_100_c6c2c8_1x100.png HTTP/1.1" 404 1117
200.86.165.116 - - [03/Aug/2021:10:08:15 -0300] "GET /cormun/static/Shared/jqueryui/images/ui-bg_flat_55_994d53_40x100.png HTTP/1.1" 404 1097
200.86.165.116 - - [03/Aug/2021:10:08:15 -0300] "GET /cormun/static/Shared/jqueryui/images/ui-icons_82798d_256x240.png HTTP/1.1" 404 1089
200.86.165.116 - - [03/Aug/2021:10:08:15 -0300] "GET /cormun/static/Shared/jqueryui/images/ui-icons_ebccce_256x240.png HTTP/1.1" 404 1089
200.86.165.116 - - [03/Aug/2021:10:08:15 -0300] "GET /cormun/PrivateTempStorage/upload_00010442.jpeg HTTP/1.1" 200 202265
190.171.141.122 - - [03/Aug/2021:10:08:23 -0300] "POST /cormun/servlet/prfichaempleado?159e0d6cd6582a234981d2feba886bb8,,MD,,gxPopupLevel%3D0%3B,gx-no-cache=1627995478492 HTTP/1.1" 200 3174
190.171.141.122 - - [03/Aug/2021:10:09:13 -0300] "GET /cormun/servlet/permisogoce?63f78154c4f4152b7bc112485d3a36edf0d7a8e36229a5ef71fb2f1a965c517452004cb55efb04b710e80a05b3ffe91c0b4feeb8e705a9dee682a2cf3643ee6a,gx-no-cache=1627995528663 HTTP/1.1" 200 87
190.171.141.122 - - [03/Aug/2021:10:09:21 -0300] "GET /cormun/static/menuarrow.gif HTTP/1.1" 404 1015
190.171.141.122 - - [03/Aug/2021:10:09:25 -0300] "GET /cormun/servlet/permisogoce?63f78154c4f4152b7bc112485d3a36ede4cee684a66c9b6fef68ce6791b9cf9f59d8142eb4b8ea1b668cad785ff9c68e287a0e3cb1f0f5ee00848b7d79003cc3,gx-no-cache=1627995540491 HTTP/1.1" 200 45
190.171.141.122 - - [03/Aug/2021:10:09:27 -0300] "POST /cormun/servlet/permisogoce?159e0d6cd6582a234981d2feba886bb8,INS,0,,,,gx-no-cache=1627995542114 HTTP/1.1" 200 93
190.171.141.122 - - [03/Aug/2021:10:09:27 -0300] "GET /cormun/servlet/hpexe_return? HTTP/1.1" 200 1010
190.171.141.122 - - [03/Aug/2021:10:09:28 -0300] "GET /cormun/servlet/trpermisosgoce HTTP/1.1" 200 8817
190.171.141.122 - - [03/Aug/2021:10:09:28 -0300] "GET /cormun/servlet/trpermisosgoce HTTP/1.1" 200 8813
190.171.141.122 - - [03/Aug/2021:10:09:47 -0300] "GET /cormun/servlet/apermisogoceprn?15488646,P,20210803085419,PU HTTP/1.1" 200 1666
192.168.10.163 - - [03/Aug/2021:10:10:13 -0300] "GET /cormun/servlet/hlogin HTTP/1.1" 200 1722
192.168.10.163 - - [03/Aug/2021:10:10:15 -0300] "POST /cormun/servlet/hlogin?3f171a38d5a0914e68eb9fae86f1ac62,gx-no-cache=1627995455654 HTTP/1.1" 200 90
192.168.10.163 - - [03/Aug/2021:10:10:15 -0300] "GET /cormun/servlet/hpexe_link HTTP/1.1" 200 950
192.168.10.163 - - [03/Aug/2021:10:10:15 -0300] "GET /cormun/servlet/hhome HTTP/1.1" 200 3756
192.168.10.163 - - [03/Aug/2021:10:10:16 -0300] "GET /cormun/servlet/hhome HTTP/1.1" 200 3753
192.168.10.163 - - [03/Aug/2021:10:10:17 -0300] "GET /cormun/servlet/trsolicitudgral? HTTP/1.1" 200 20563
192.168.10.163 - - [03/Aug/2021:10:10:18 -0300] "GET /cormun/servlet/trsolicitudgral? HTTP/1.1" 200 20560
190.171.141.114 - - [03/Aug/2021:10:10:21 -0300] "GET /cormun/servlet/trvisualizadoreventos? HTTP/1.1" 200 5872
190.171.141.114 - - [03/Aug/2021:10:10:25 -0300] "GET /cormun/servlet/trvisualizadoreventos? HTTP/1.1" 200 5883
190.171.141.114 - - [03/Aug/2021:10:10:25 -0300] "GET /cormun/servlet/hlogin HTTP/1.1" 200 1749
192.168.10.163 - - [03/Aug/2021:10:10:25 -0300] "POST /cormun/servlet/trsolicitudgral?3f171a38d5a0914e68eb9fae86f1ac62,,gx-no-cache=1627995465945 HTTP/1.1" 200 5247
192.168.10.163 - - [03/Aug/2021:10:10:32 -0300] "POST /cormun/servlet/trsolicitudgral?3f171a38d5a0914e68eb9fae86f1ac62,,gx-no-cache=1627995472959 HTTP/1.1" 200 5248
192.168.10.163 - - [03/Aug/2021:10:10:33 -0300] "POST /cormun/servlet/trsolicitudgral?3f171a38d5a0914e68eb9fae86f1ac62,,gx-no-cache=1627995473676 HTTP/1.1" 200 5248
190.171.141.114 - - [03/Aug/2021:10:10:38 -0300] "POST /cormun/servlet/hlogin?8042defc1aca9f6739ff08ceea51eb56,gx-no-cache=1627995612927 HTTP/1.1" 200 90
190.171.141.114 - - [03/Aug/2021:10:10:38 -0300] "GET /cormun/servlet/hpexe_link HTTP/1.1" 200 954
190.171.141.114 - - [03/Aug/2021:10:10:39 -0300] "GET /cormun/servlet/hhome HTTP/1.1" 200 3979
192.168.10.163 - - [03/Aug/2021:10:10:40 -0300] "POST /cormun/servlet/trsolicitudgral?3f171a38d5a0914e68eb9fae86f1ac62,,gx-no-cache=1627995480278 HTTP/1.1" 200 5248
190.171.141.114 - - [03/Aug/2021:10:10:41 -0300] "GET /cormun/servlet/hhome HTTP/1.1" 200 3975
192.168.10.163 - - [03/Aug/2021:10:10:41 -0300] "POST /cormun/servlet/trsolicitudgral?3f171a38d5a0914e68eb9fae86f1ac62,,gx-no-cache=1627995481612 HTTP/1.1" 200 5248
192.168.10.163 - - [03/Aug/2021:10:10:41 -0300] "POST /cormun/servlet/trsolicitudgral?3f171a38d5a0914e68eb9fae86f1ac62,,gx-no-cache=1627995481948 HTTP/1.1" 200 5248
192.168.10.163 - - [03/Aug/2021:10:10:42 -0300] "POST /cormun/servlet/trsolicitudgral?3f171a38d5a0914e68eb9fae86f1ac62,,gx-no-cache=1627995482155 HTTP/1.1" 200 5247
192.168.10.163 - - [03/Aug/2021:10:10:44 -0300] "POST /cormun/servlet/trsolicitudgral?3f171a38d5a0914e68eb9fae86f1ac62,,gx-no-cache=1627995484477 HTTP/1.1" 200 5248
192.168.10.163 - - [03/Aug/2021:10:10:44 -0300] "POST /cormun/servlet/trsolicitudgral?3f171a38d5a0914e68eb9fae86f1ac62,,gx-no-cache=1627995484667 HTTP/1.1" 200 5248
192.168.10.163 - - [03/Aug/2021:10:10:45 -0300] "POST /cormun/servlet/trsolicitudgral?3f171a38d5a0914e68eb9fae86f1ac62,,gx-no-cache=1627995485772 HTTP/1.1" 200 90
192.168.10.163 - - [03/Aug/2021:10:10:45 -0300] "GET /cormun/servlet/hpexe_link HTTP/1.1" 200 957
192.168.10.163 - - [03/Aug/2021:10:10:45 -0300] "GET /cormun/servlet/hhome HTTP/1.1" 200 3756
192.168.10.163 - - [03/Aug/2021:10:10:46 -0300] "GET /cormun/servlet/hhome HTTP/1.1" 200 3753
192.168.10.163 - - [03/Aug/2021:10:10:49 -0300] "GET /cormun/servlet/hlogin HTTP/1.1" 200 1735
190.171.141.114 - - [03/Aug/2021:10:11:09 -0300] "GET /cormun/servlet/trlicencias? HTTP/1.1" 200 9895
190.171.141.114 - - [03/Aug/2021:10:11:11 -0300] "GET /cormun/servlet/trlicencias? HTTP/1.1" 200 9893
190.171.141.114 - - [03/Aug/2021:10:11:15 -0300] "POST /cormun/servlet/trlicencias?8042defc1aca9f6739ff08ceea51eb56,,gx-no-cache=1627995649980 HTTP/1.1" 200 7416
190.171.141.122 - - [03/Aug/2021:10:14:36 -0300] "GET /cormun/servlet/trpermisosadjuntos?17134428,20210803084652,P, HTTP/1.1" 200 6506
190.171.141.122 - - [03/Aug/2021:10:14:37 -0300] "GET /cormun/static/gxcfg.js?2020121641683 HTTP/1.1" 200 953
190.171.141.122 - - [03/Aug/2021:10:14:37 -0300] "GET /cormun/static/trpermisosadjuntos.js?2020121642996 HTTP/1.1" 200 20158
190.171.141.122 - - [03/Aug/2021:10:14:37 -0300] "GET /cormun/servlet/trpermisosadjuntos?17134428,20210803084652,P, HTTP/1.1" 200 6506
190.171.141.122 - - [03/Aug/2021:10:14:39 -0300] "GET /cormun/servlet/permisosadjuntos?INS,17134428,P,20210803084652,, HTTP/1.1" 200 5832
190.171.141.122 - - [03/Aug/2021:10:14:40 -0300] "GET /cormun/static/gxcfg.js?20201215134212 HTTP/1.1" 200 953
190.171.141.122 - - [03/Aug/2021:10:14:40 -0300] "GET /cormun/static/permisosadjuntos.js?20201215134285 HTTP/1.1" 200 8724
190.171.141.122 - - [03/Aug/2021:10:14:40 -0300] "GET /cormun/static/about:blank HTTP/1.1" 404 1011
190.171.141.122 - - [03/Aug/2021:10:14:40 -0300] "GET /cormun/servlet/permisosadjuntos?INS,17134428,P,20210803084652,, HTTP/1.1" 200 5822
190.171.141.122 - - [03/Aug/2021:10:15:06 -0300] "POST /cormun/servlet/permisosadjuntos?159e0d6cd6582a234981d2feba886bb8,INS,17134428,P,20210803084652,, HTTP/1.1" 200 116
190.171.141.122 - - [03/Aug/2021:10:15:06 -0300] "GET /cormun/servlet/hpexe_return? HTTP/1.1" 200 1039
190.171.141.122 - - [03/Aug/2021:10:15:06 -0300] "GET /cormun/servlet/trpermisosadjuntos?17134428,20210803084652,P, HTTP/1.1" 200 7002
190.171.141.122 - - [03/Aug/2021:10:15:07 -0300] "GET /cormun/servlet/trpermisosadjuntos?17134428,20210803084652,P, HTTP/1.1" 200 6999
190.171.141.122 - - [03/Aug/2021:10:15:10 -0300] "POST /cormun/servlet/trpermisosadjuntos?159e0d6cd6582a234981d2feba886bb8,17134428,20210803084652,P,,gx-no-cache=1627995885410 HTTP/1.1" 200 90
190.171.141.122 - - [03/Aug/2021:10:15:10 -0300] "GET /cormun/servlet/hpexe_link HTTP/1.1" 200 985
190.171.141.122 - - [03/Aug/2021:10:15:10 -0300] "GET /cormun/servlet/trpermisosgoce HTTP/1.1" 200 8815
190.171.141.122 - - [03/Aug/2021:10:15:10 -0300] "GET /cormun/servlet/trpermisosgoce HTTP/1.1" 200 8813
190.171.141.122 - - [03/Aug/2021:10:15:19 -0300] "POST /cormun/servlet/trpermisosgoce?159e0d6cd6582a234981d2feba886bb8,gx-no-cache=1627995894255 HTTP/1.1" 200 6165
190.171.141.122 - - [03/Aug/2021:10:15:19 -0300] "GET /cormun/static/Shared/jqueryui/images/ui-bg_highlight-soft_100_c6c2c8_1x100.png HTTP/1.1" 404 1117
190.171.141.122 - - [03/Aug/2021:10:15:19 -0300] "GET /cormun/static/Shared/jqueryui/images/ui-icons_82798d_256x240.png HTTP/1.1" 404 1089
190.171.141.122 - - [03/Aug/2021:10:15:19 -0300] "GET /cormun/static/Shared/jqueryui/images/ui-bg_flat_55_fafafa_40x100.png HTTP/1.1" 404 1097
190.171.141.122 - - [03/Aug/2021:10:15:19 -0300] "GET /cormun/static/Shared/jqueryui/images/ui-icons_8d78a5_256x240.png HTTP/1.1" 404 1089
190.171.141.122 - - [03/Aug/2021:10:15:23 -0300] "GET /cormun/servlet/trautorizarpermisogoce? HTTP/1.1" 200 7862
190.171.141.122 - - [03/Aug/2021:10:15:23 -0300] "GET /cormun/static/gxcfg.js?2020121645532 HTTP/1.1" 200 953
190.171.141.122 - - [03/Aug/2021:10:15:23 -0300] "GET /cormun/static/trautorizarpermisogoce.js?2020121651492 HTTP/1.1" 200 34948
190.171.141.122 - - [03/Aug/2021:10:15:24 -0300] "GET /cormun/servlet/trautorizarpermisogoce? HTTP/1.1" 200 7862
190.171.141.122 - - [03/Aug/2021:10:15:27 -0300] "POST /cormun/servlet/trautorizarpermisogoce?159e0d6cd6582a234981d2feba886bb8,,gx-no-cache=1627995902464 HTTP/1.1" 200 4523
190.171.141.122 - - [03/Aug/2021:10:15:27 -0300] "GET /cormun/static/Shared/jqueryui/images/ui-bg_highlight-soft_100_c6c2c8_1x100.png HTTP/1.1" 404 1117
190.171.141.122 - - [03/Aug/2021:10:15:27 -0300] "GET /cormun/static/Shared/jqueryui/images/ui-icons_82798d_256x240.png HTTP/1.1" 404 1089
190.171.141.122 - - [03/Aug/2021:10:15:27 -0300] "GET /cormun/static/Shared/jqueryui/images/ui-bg_flat_55_fafafa_40x100.png HTTP/1.1" 404 1097
190.171.141.122 - - [03/Aug/2021:10:15:27 -0300] "GET /cormun/static/Shared/jqueryui/images/ui-icons_8d78a5_256x240.png HTTP/1.1" 404 1089
190.171.141.122 - - [03/Aug/2021:10:15:34 -0300] "GET /cormun/servlet/trpermisosgoce? HTTP/1.1" 200 8807
190.171.141.122 - - [03/Aug/2021:10:15:35 -0300] "GET /cormun/servlet/trpermisosgoce? HTTP/1.1" 200 8807
190.171.141.114 - - [03/Aug/2021:10:17:37 -0300] "GET /cormun/servlet/trsolicitudot? HTTP/1.1" 200 7198
190.171.141.114 - - [03/Aug/2021:10:17:38 -0300] "GET /cormun/servlet/trsolicitudot? HTTP/1.1" 200 7198
190.171.141.114 - - [03/Aug/2021:10:17:50 -0300] "GET /cormun/servlet/solicitudot?INS,0,0,false, HTTP/1.1" 200 15536
190.171.141.114 - - [03/Aug/2021:10:17:52 -0300] "GET /cormun/servlet/solicitudot?INS,0,0,false, HTTP/1.1" 200 15543
10.40.40.2 - - [03/Aug/2021:10:17:59 -0300] "GET /cormun/servlet/hlogin HTTP/1.1" 200 1728
10.40.40.2 - - [03/Aug/2021:10:18:00 -0300] "GET /cormun/static/gxtimezone.js?85251 HTTP/1.1" 200 5781
10.40.40.2 - - [03/Aug/2021:10:18:00 -0300] "GET /cormun/static/gxcfg.js?201910216285969 HTTP/1.1" 200 953
10.40.40.2 - - [03/Aug/2021:10:18:00 -0300] "GET /cormun/static/Resources/Spanish/PXTools.css?2294816 HTTP/1.1" 200 100853
10.40.40.2 - - [03/Aug/2021:10:18:00 -0300] "GET /cormun/static/messages.spa.js?85251 HTTP/1.1" 200 30736
10.40.40.2 - - [03/Aug/2021:10:18:00 -0300] "GET /cormun/static/hlogin.js?201910216285995 HTTP/1.1" 200 2136
10.40.40.2 - - [03/Aug/2021:10:18:00 -0300] "GET /cormun/static/gxgral.js?85251 HTTP/1.1" 200 384558
10.40.40.2 - - [03/Aug/2021:10:18:00 -0300] "GET /cormun/static/Resources/Logo2019_Grande.png HTTP/1.1" 200 31733
10.40.40.2 - - [03/Aug/2021:10:18:00 -0300] "GET /cormun/static/Resources/PXToolsLoginTop.png HTTP/1.1" 200 1337
10.40.40.2 - - [03/Aug/2021:10:18:00 -0300] "GET /cormun/static/Resources/PXToolsLoginBackground.png HTTP/1.1" 200 1164
10.40.40.2 - - [03/Aug/2021:10:18:00 -0300] "GET /cormun/static/Resources/PXToolsButtonLeft.png HTTP/1.1" 200 1310
10.40.40.2 - - [03/Aug/2021:10:18:00 -0300] "GET /cormun/static/Resources/PXToolsButtonRight.png HTTP/1.1" 200 1294
10.40.40.2 - - [03/Aug/2021:10:18:00 -0300] "GET /cormun/static/Resources/PXToolsButtonBackground.png HTTP/1.1" 200 1176
10.40.40.2 - - [03/Aug/2021:10:18:00 -0300] "GET /cormun/static/Resources/PXToolsLoginBottom.png HTTP/1.1" 200 1389
10.40.40.2 - - [03/Aug/2021:10:18:00 -0300] "GET /cormun/servlet/hlogin HTTP/1.1" 200 1738
10.40.40.2 - - [03/Aug/2021:10:18:00 -0300] "GET /cormun/static/Resources/indicator.gif HTTP/1.1" 200 1553
10.40.40.2 - - [03/Aug/2021:10:18:00 -0300] "GET /cormun/static/Resources/indicator.gif HTTP/1.1" 200 1553
10.40.40.2 - - [03/Aug/2021:10:18:00 -0300] "GET /favicon.ico HTTP/1.1" 200 21630
190.171.141.114 - - [03/Aug/2021:10:18:06 -0300] "POST /cormun/servlet/solicitudot?gx-no-cache=1627996060563 HTTP/1.1" 200 3707
190.171.141.114 - - [03/Aug/2021:10:18:06 -0300] "POST /cormun/servlet/solicitudot?8042defc1aca9f6739ff08ceea51eb56,INS,0,0,false,,gx-no-cache=1627996060881 HTTP/1.1" 200 12212
190.171.141.114 - - [03/Aug/2021:10:18:09 -0300] "GET /cormun/servlet/solicitudot?4dbd52264c91d2c54d23ae4e8bb1a7ab968d9a848ef113cdfd0fc5aaead5ac0752da23829e5d46999fc2940288336be7,gx-no-cache=1627996063758 HTTP/1.1" 200 30
190.171.141.114 - - [03/Aug/2021:10:20:13 -0300] "GET /cormun/servlet/solicitudot?4dbd52264c91d2c54d23ae4e8bb1a7abb4aa5c8b599988134e2f65443fed2a56384f3e2bbd3838d2f629029534ca31df04226e634b8525b782da0f776e7799ea,gx-no-cache=1627996187567 HTTP/1.1" 200 30
190.171.141.114 - - [03/Aug/2021:10:20:13 -0300] "GET /cormun/servlet/solicitudot?4dbd52264c91d2c54d23ae4e8bb1a7abfaf451870f2009dee913e3782b6fb92b,gx-no-cache=1627996187652 HTTP/1.1" 200 29
190.171.141.114 - - [03/Aug/2021:10:20:16 -0300] "POST /cormun/servlet/solicitudot?gx-no-cache=1627996189742 HTTP/1.1" 200 255
190.171.141.114 - - [03/Aug/2021:10:20:18 -0300] "GET /cormun/servlet/solicitudot?4dbd52264c91d2c54d23ae4e8bb1a7ab6b7b08e01da3dbac06ebba5422c54909f568ce7149f9956b3cf2cc27760b2d4a7696444b8dcebf937cb7921795fc063202cd6724e08e38c2bc724926aed1ab65edc37a3d9f62465a7a7ade521c50ea9fa42ec1cbd21dd3e03739b5ce94330d8fa4e25038e49b2c2b6c9b7b82bf669c6e1199993dc2ca550531079af25cf1d4b62485bf133ccb936489cfd203611c1b95160d3a7ef9f2ef7800b7cd340b52103f18f64ec92d3d4226a8ad8f618ba2395175fc6461a408723c7a5450074e30e03c2b7dba11a26609ec252ad9a69a4d3b5fb0076afd8977fc3ac7e339056ddd1f5b10a0f90a07bbc46010e6ad379484566f1928393d93d8ece6cd20aae4f073654f7ad99967a0dffa8d72b50677f14e641c6b15e899215b110c65632c873c670e7cb88f481ba174fcdbbc16cdba82d29022c10700628e5036bf6073e86a992fc3f6e26bc17dde5f5086c696f7cf5e07a9eac6b1ef37a08498b629e0214106b3c780ab61b36a31fed6167211b65fab6b7b8a,gx-no-cache=1627996192419 HTTP/1.1" 200 30
190.171.141.114 - - [03/Aug/2021:10:20:38 -0300] "POST /cormun/servlet/solicitudot?gx-no-cache=1627996212725 HTTP/1.1" 200 30
190.171.152.242 - - [03/Aug/2021:10:21:08 -0300] "GET /cormun/servlet/hlogin HTTP/1.1" 200 1724
190.171.152.242 - - [03/Aug/2021:10:21:08 -0300] "GET /cormun/servlet/hlogin HTTP/1.1" 200 1734
190.171.152.242 - - [03/Aug/2021:10:21:08 -0300] "GET /favicon.ico HTTP/1.1" 200 21630
190.171.152.242 - - [03/Aug/2021:10:21:12 -0300] "POST /cormun/servlet/hlogin?f4147ff7ac8651e858d1c722a56484a3,gx-no-cache=1627996248564 HTTP/1.1" 200 90
190.171.152.242 - - [03/Aug/2021:10:21:13 -0300] "GET /cormun/servlet/hpexe_link HTTP/1.1" 200 951
190.171.152.242 - - [03/Aug/2021:10:21:13 -0300] "GET /cormun/servlet/hhome HTTP/1.1" 200 3996
190.171.152.242 - - [03/Aug/2021:10:21:14 -0300] "GET /cormun/servlet/hhome HTTP/1.1" 200 3992
190.171.141.114 - - [03/Aug/2021:10:21:16 -0300] "POST /cormun/servlet/solicitudot?gx-no-cache=1627996250823 HTTP/1.1" 200 30
190.171.152.242 - - [03/Aug/2021:10:21:17 -0300] "GET /cormun/servlet/trpermisosgoce? HTTP/1.1" 200 8072
190.171.152.242 - - [03/Aug/2021:10:21:18 -0300] "GET /cormun/servlet/trpermisosgoce? HTTP/1.1" 200 8070
190.171.141.114 - - [03/Aug/2021:10:21:21 -0300] "POST /cormun/servlet/solicitudot?gx-no-cache=1627996256341 HTTP/1.1" 200 30
190.171.152.242 - - [03/Aug/2021:10:21:22 -0300] "GET /cormun/servlet/permisogoce?INS,0,,, HTTP/1.1" 200 6858
190.171.152.242 - - [03/Aug/2021:10:21:22 -0300] "GET /cormun/servlet/permisogoce?INS,0,,, HTTP/1.1" 200 6857
190.171.152.242 - - [03/Aug/2021:10:21:25 -0300] "GET /cormun/servlet/prfichaempleado?,MD,,gxPopupLevel%3D0%3B HTTP/1.1" 200 9299
190.171.141.114 - - [03/Aug/2021:10:21:36 -0300] "POST /cormun/servlet/solicitudot?gx-no-cache=1627996271159 HTTP/1.1" 200 30
190.171.152.242 - - [03/Aug/2021:10:21:38 -0300] "POST /cormun/servlet/prfichaempleado?f4147ff7ac8651e858d1c722a56484a3,,MD,,gxPopupLevel%3D0%3B,gx-no-cache=1627996273874 HTTP/1.1" 200 3408
190.171.141.114 - - [03/Aug/2021:10:21:40 -0300] "GET /cormun/static/Resources/resize.gif HTTP/1.1" 200 77
190.171.141.114 - - [03/Aug/2021:10:21:40 -0300] "GET /cormun/static/Resources/PXTools/ClosePrompt.png HTTP/1.1" 200 1036
190.171.141.114 - - [03/Aug/2021:10:21:40 -0300] "GET /cormun/servlet/prsolicitudot?18771749,,,,,MD,,gxPopupLevel%3D0%3B HTTP/1.1" 200 5613
190.171.141.114 - - [03/Aug/2021:10:21:40 -0300] "GET /cormun/static/gxcfg.js?20201215593468 HTTP/1.1" 200 953
190.171.141.114 - - [03/Aug/2021:10:21:40 -0300] "GET /cormun/static/prsolicitudot.js?20201215593721 HTTP/1.1" 200 13680
190.171.141.114 - - [03/Aug/2021:10:21:40 -0300] "GET /cormun/static/menusearch.js?20201214473581 HTTP/1.1" 304 -
190.171.141.114 - - [03/Aug/2021:10:21:41 -0300] "GET /cormun/static/hmpwkw011.js?20201215495555 HTTP/1.1" 304 -
190.171.152.242 - - [03/Aug/2021:10:21:44 -0300] "GET /cormun/servlet/permisogoce?5f332ca55742e7ca485af0db0ef3ee0d36e6a3b29838b935530ac9e97c028d81599e45768f838be082de32ac66847a23270752ba7939254724122685bdb824a8,gx-no-cache=1627996280383 HTTP/1.1" 200 79
190.171.152.242 - - [03/Aug/2021:10:21:44 -0300] "GET /cormun/static/menuarrow.gif HTTP/1.1" 404 1015
190.171.141.114 - - [03/Aug/2021:10:21:46 -0300] "POST /cormun/servlet/solicitudot?gx-no-cache=1627996280372 HTTP/1.1" 200 1520
190.171.141.114 - - [03/Aug/2021:10:21:46 -0300] "GET /cormun/static/Shared/jqueryui/images/ui-bg_highlight-soft_100_c6c2c8_1x100.png HTTP/1.1" 404 1117
190.171.141.114 - - [03/Aug/2021:10:21:46 -0300] "GET /cormun/static/Shared/jqueryui/images/ui-icons_82798d_256x240.png HTTP/1.1" 404 1089
190.171.141.114 - - [03/Aug/2021:10:21:46 -0300] "GET /cormun/static/Shared/jqueryui/images/ui-bg_flat_55_994d53_40x100.png HTTP/1.1" 404 1097
190.171.141.114 - - [03/Aug/2021:10:21:46 -0300] "GET /cormun/static/Shared/jqueryui/images/ui-icons_ebccce_256x240.png HTTP/1.1" 404 1089
190.171.141.114 - - [03/Aug/2021:10:21:46 -0300] "POST /cormun/servlet/solicitudot?gx-no-cache=1627996280573 HTTP/1.1" 200 117
190.171.141.114 - - [03/Aug/2021:10:21:46 -0300] "GET /cormun/servlet/solicitudot?4dbd52264c91d2c54d23ae4e8bb1a7abc6704584afd747feab34e56080ff31f2ba577834251ba89cadeb9bd7b8d6144a43a20559758542b5c177f783d0948e70eb0ee465d82505480a7f8e220c73faa7dc934bb5feb70582e8289f5261cd21c4d41d7a4c9de20da6ce08e2d98f63ebd2,gx-no-cache=1627996280627 HTTP/1.1" 200 110
190.171.141.114 - - [03/Aug/2021:10:21:46 -0300] "POST /cormun/servlet/solicitudot?gx-no-cache=1627996280675 HTTP/1.1" 200 64
190.171.141.114 - - [03/Aug/2021:10:21:46 -0300] "GET /cormun/servlet/solicitudot?4dbd52264c91d2c54d23ae4e8bb1a7abfa64b516dc5a4b82b52b8b9b03942ac56c5281daa9b5dd9c917f77fdb09eed963b04b2a78b77c86a079fa7bede85b55729114004ef5afdcb86e558f4da676a42a1c94cdf8acf53777834128e7f7c5af19c1e5a0a54e07e9df934985a6bf6feab,gx-no-cache=1627996280723 HTTP/1.1" 200 29
190.171.141.114 - - [03/Aug/2021:10:21:46 -0300] "GET /cormun/servlet/solicitudot?4dbd52264c91d2c54d23ae4e8bb1a7ab3856396da0e0b800b767999fc7442c20,gx-no-cache=1627996280758 HTTP/1.1" 200 30
190.171.152.242 - - [03/Aug/2021:10:21:53 -0300] "GET /cormun/servlet/permisogoce?5f332ca55742e7ca485af0db0ef3ee0d6d5ab5e5e8b431f172ed1af691acfca21c4a0e57aa49bbf4a5f8575032b24628508310c7d1f7a744f4d0a3d19aeac6eb,gx-no-cache=1627996288937 HTTP/1.1" 200 46
190.171.141.114 - - [03/Aug/2021:10:21:55 -0300] "GET /cormun/servlet/prpersonalsolicitud?18771749,,,,,MD,,gxPopupLevel%3D0%3B HTTP/1.1" 200 5623
190.171.141.114 - - [03/Aug/2021:10:21:56 -0300] "GET /cormun/static/gxcfg.js?20199142022523 HTTP/1.1" 200 953
190.171.141.114 - - [03/Aug/2021:10:21:56 -0300] "GET /cormun/static/Resources/Spanish/PXTools.css?19172979 HTTP/1.1" 200 100853
190.171.141.114 - - [03/Aug/2021:10:21:56 -0300] "GET /cormun/static/prpersonalsolicitud.js?20199142022764 HTTP/1.1" 200 13873
190.171.152.242 - - [03/Aug/2021:10:21:59 -0300] "POST /cormun/servlet/permisogoce?f4147ff7ac8651e858d1c722a56484a3,INS,0,,,,gx-no-cache=1627996294893 HTTP/1.1" 200 93
190.171.152.242 - - [03/Aug/2021:10:21:59 -0300] "GET /cormun/servlet/hpexe_return? HTTP/1.1" 200 1010
190.171.152.242 - - [03/Aug/2021:10:21:59 -0300] "GET /cormun/servlet/trpermisosgoce HTTP/1.1" 200 8342
190.171.152.242 - - [03/Aug/2021:10:22:00 -0300] "GET /cormun/servlet/trpermisosgoce HTTP/1.1" 200 8338
190.171.152.242 - - [03/Aug/2021:10:22:04 -0300] "GET /cormun/servlet/apermisogoceprn?14685640,P,20210803090842,PU HTTP/1.1" 200 1659
190.171.141.114 - - [03/Aug/2021:10:22:04 -0300] "GET /cormun/servlet/prfichaempleado?,MD,,gxPopupLevel%3D0%3B HTTP/1.1" 200 9282
190.171.141.114 - - [03/Aug/2021:10:22:04 -0300] "GET /cormun/static/gxcfg.js?20201215571085 HTTP/1.1" 200 953
190.171.141.114 - - [03/Aug/2021:10:22:04 -0300] "GET /cormun/static/prfichaempleado.js?20201215572193 HTTP/1.1" 200 16006
190.171.152.242 - - [03/Aug/2021:10:22:17 -0300] "GET /cormun/servlet/permisogoce?INS,0,,, HTTP/1.1" 200 6858
190.171.152.242 - - [03/Aug/2021:10:22:18 -0300] "GET /cormun/servlet/permisogoce?INS,0,,, HTTP/1.1" 200 6857
190.171.141.114 - - [03/Aug/2021:10:22:18 -0300] "POST /cormun/servlet/prfichaempleado?8042defc1aca9f6739ff08ceea51eb56,,MD,,gxPopupLevel%3D0%3B,gx-no-cache=1627996312352 HTTP/1.1" 200 3410
190.171.152.242 - - [03/Aug/2021:10:22:20 -0300] "GET /cormun/servlet/prfichaempleado?,MD,,gxPopupLevel%3D0%3B HTTP/1.1" 200 9299
190.171.141.114 - - [03/Aug/2021:10:22:23 -0300] "POST /cormun/servlet/solicitudot?gx-no-cache=1627996317970 HTTP/1.1" 200 1441
190.171.141.114 - - [03/Aug/2021:10:22:23 -0300] "GET /cormun/static/menuarrow.gif HTTP/1.1" 404 1015
190.171.152.242 - - [03/Aug/2021:10:22:27 -0300] "POST /cormun/servlet/prfichaempleado?f4147ff7ac8651e858d1c722a56484a3,,MD,,gxPopupLevel%3D0%3B,gx-no-cache=1627996322998 HTTP/1.1" 200 3413
190.171.141.114 - - [03/Aug/2021:10:22:32 -0300] "POST /cormun/servlet/solicitudot?gx-no-cache=1627996326794 HTTP/1.1" 200 40
190.171.152.242 - - [03/Aug/2021:10:22:39 -0300] "GET /cormun/servlet/permisogoce?5f332ca55742e7ca485af0db0ef3ee0d22cb602989ffc3925625e6ef93d08e5b599e45768f838be082de32ac66847a23270752ba7939254724122685bdb824a8,gx-no-cache=1627996335575 HTTP/1.1" 200 81
190.171.152.242 - - [03/Aug/2021:10:22:39 -0300] "GET /cormun/static/menuarrow.gif HTTP/1.1" 404 1015
190.171.152.242 - - [03/Aug/2021:10:22:46 -0300] "GET /cormun/servlet/permisogoce?5f332ca55742e7ca485af0db0ef3ee0d236ccb4e9b5d6146c01480d3e3b3d83f6f11d7e8bf73c1acd534327d444aaf30508310c7d1f7a744f4d0a3d19aeac6eb,gx-no-cache=1627996342547 HTTP/1.1" 200 45
190.171.152.242 - - [03/Aug/2021:10:22:55 -0300] "POST /cormun/servlet/permisogoce?f4147ff7ac8651e858d1c722a56484a3,INS,0,,,,gx-no-cache=1627996351309 HTTP/1.1" 200 93
190.171.152.242 - - [03/Aug/2021:10:22:55 -0300] "GET /cormun/servlet/hpexe_return? HTTP/1.1" 200 1010
190.171.152.242 - - [03/Aug/2021:10:22:56 -0300] "GET /cormun/servlet/trpermisosgoce HTTP/1.1" 200 8575
190.171.152.242 - - [03/Aug/2021:10:22:56 -0300] "GET /cormun/servlet/trpermisosgoce HTTP/1.1" 200 8570
190.171.152.242 - - [03/Aug/2021:10:22:59 -0300] "GET /cormun/servlet/apermisogoceprn?17522147,P,20210803090937,PU HTTP/1.1" 200 1660
190.171.141.114 - - [03/Aug/2021:10:23:41 -0300] "GET /cormun/servlet/solicitudot?4dbd52264c91d2c54d23ae4e8bb1a7abc6704584afd747feab34e56080ff31f2ba577834251ba89cadeb9bd7b8d6144a43a20559758542b5c177f783d0948e70eb0ee465d82505480a7f8e220c73faa7dc934bb5feb70582e8289f5261cd21c4d41d7a4c9de20da6ce08e2d98f63ebd2,gx-no-cache=1627996395451 HTTP/1.1" 200 110
190.171.141.114 - - [03/Aug/2021:10:23:41 -0300] "POST /cormun/servlet/solicitudot?gx-no-cache=1627996395713 HTTP/1.1" 200 110
190.171.141.114 - - [03/Aug/2021:10:24:09 -0300] "GET /cormun/servlet/solicitudot?4dbd52264c91d2c54d23ae4e8bb1a7abdae7fefaece4011e85fedfe8c57af0ac3e625b03b9cb1ac7030c2a89f4ef4db1,gx-no-cache=1627996424209 HTTP/1.1" 200 30
190.171.141.114 - - [03/Aug/2021:10:24:09 -0300] "POST /cormun/servlet/solicitudot?gx-no-cache=1627996424274 HTTP/1.1" 200 135
190.171.141.114 - - [03/Aug/2021:10:25:37 -0300] "POST /cormun/servlet/solicitudot?gx-no-cache=1627996511496 HTTP/1.1" 200 30
190.171.141.114 - - [03/Aug/2021:10:25:45 -0300] "POST /cormun/servlet/solicitudot?gx-no-cache=1627996519757 HTTP/1.1" 200 30
190.171.141.114 - - [03/Aug/2021:10:26:21 -0300] "GET /cormun/servlet/solicitudot?4dbd52264c91d2c54d23ae4e8bb1a7ab2755c0ab3b8c3d001a69146b3f36eeb8384f3e2bbd3838d2f629029534ca31df99de7667b3259a34b94c229a6b1be0d3,gx-no-cache=1627996555602 HTTP/1.1" 200 30
190.171.141.114 - - [03/Aug/2021:10:26:21 -0300] "GET /cormun/servlet/solicitudot?4dbd52264c91d2c54d23ae4e8bb1a7ab6b7b08e01da3dbac06ebba5422c54909f568ce7149f9956b3cf2cc27760b2d4a7696444b8dcebf937cb7921795fc063202cd6724e08e38c2bc724926aed1ab65edc37a3d9f62465a7a7ade521c50ea9fa42ec1cbd21dd3e03739b5ce94330d8fa4e25038e49b2c2b6c9b7b82bf669c6e1199993dc2ca550531079af25cf1d4b62485bf133ccb936489cfd203611c1b95160d3a7ef9f2ef7800b7cd340b52103f18f64ec92d3d4226a8ad8f618ba2395175fc6461a408723c7a5450074e30e03c2b7dba11a26609ec252ad9a69a4d3b5fb0076afd8977fc3ac7e339056ddd1f5b10a0f90a07bbc46010e6ad379484566f1928393d93d8ece6cd20aae4f073654f7ad99967a0dffa8d72b50677f14e641c6b15e899215b110c65632c873c670e7cb88f481ba174fcdbbc16cdba82d29022c10700628e5036bf6073e86a992fc3f6e26bc17dde5f5086c696f7cf5e07a9eac6b1ef37a08498b629e0214106b3c7802f0efc32541bb1c010d18167578b92a9,gx-no-cache=1627996555671 HTTP/1.1" 200 30
190.171.141.114 - - [03/Aug/2021:10:26:21 -0300] "POST /cormun/servlet/solicitudot?gx-no-cache=1627996555733 HTTP/1.1" 200 1441
190.171.141.114 - - [03/Aug/2021:10:26:21 -0300] "POST /cormun/servlet/solicitudot?gx-no-cache=1627996555846 HTTP/1.1" 200 40
190.171.141.114 - - [03/Aug/2021:10:26:21 -0300] "GET /cormun/servlet/solicitudot?4dbd52264c91d2c54d23ae4e8bb1a7abc6704584afd747feab34e56080ff31f2ba577834251ba89cadeb9bd7b8d6144a43a20559758542b5c177f783d0948e70eb0ee465d82505480a7f8e220c73faa7dc934bb5feb70582e8289f5261cd21c4d41d7a4c9de20da6ce08e2d98f63ebd2,gx-no-cache=1627996555893 HTTP/1.1" 200 110
190.171.141.114 - - [03/Aug/2021:10:26:21 -0300] "POST /cormun/servlet/solicitudot?gx-no-cache=1627996555951 HTTP/1.1" 200 109
190.171.141.114 - - [03/Aug/2021:10:26:21 -0300] "POST /cormun/servlet/solicitudot?gx-no-cache=1627996556007 HTTP/1.1" 200 135
190.171.141.114 - - [03/Aug/2021:10:26:21 -0300] "POST /cormun/servlet/solicitudot?8042defc1aca9f6739ff08ceea51eb56,INS,0,0,false,,gx-no-cache=1627996556113 HTTP/1.1" 200 12721
190.171.141.114 - - [03/Aug/2021:10:26:28 -0300] "GET /cormun/servlet/prpersonalsolicitud?18771749,,,,,MD,,gxPopupLevel%3D0%3B HTTP/1.1" 200 5623
190.171.141.114 - - [03/Aug/2021:10:26:37 -0300] "POST /cormun/servlet/acontrolpreferencessavestate?None,CD-16,true HTTP/1.1" 200 35
190.171.141.138 - - [03/Aug/2021:10:29:51 -0300] "GET /cormun/servlet/hlogin HTTP/1.1" 200 1720
200.30.252.117 - - [03/Aug/2021:10:29:52 -0300] "GET /cormun/servlet/hlogin HTTP/1.1" 200 1731
200.30.252.117 - - [03/Aug/2021:10:29:52 -0300] "GET /cormun/servlet/hlogin HTTP/1.1" 200 1741
190.171.141.138 - - [03/Aug/2021:10:29:52 -0300] "GET /cormun/servlet/hlogin HTTP/1.1" 200 1731
200.30.252.117 - - [03/Aug/2021:10:29:55 -0300] "POST /cormun/servlet/hlogin?aa27fe53d71ff829f62e89d2d4477d8f,gx-no-cache=1628000340277 HTTP/1.1" 200 90
200.30.252.117 - - [03/Aug/2021:10:29:55 -0300] "GET /cormun/servlet/hpexe_link HTTP/1.1" 200 957
200.30.252.117 - - [03/Aug/2021:10:29:56 -0300] "GET /cormun/servlet/hhome HTTP/1.1" 200 3976
200.30.252.117 - - [03/Aug/2021:10:29:56 -0300] "GET /cormun/servlet/hhome HTTP/1.1" 200 3972
200.30.252.117 - - [03/Aug/2021:10:30:00 -0300] "GET /cormun/servlet/trsolicitudot? HTTP/1.1" 200 7198
200.30.252.117 - - [03/Aug/2021:10:30:01 -0300] "GET /cormun/servlet/trsolicitudot? HTTP/1.1" 200 7197
200.30.252.117 - - [03/Aug/2021:10:30:03 -0300] "GET /cormun/static/menuarrow.gif HTTP/1.1" 404 1015
190.171.141.138 - - [03/Aug/2021:10:30:07 -0300] "POST /cormun/servlet/hlogin?d89f969e649dc69a6f585e95ee117f05,gx-no-cache=1627996784771 HTTP/1.1" 200 90
190.171.141.138 - - [03/Aug/2021:10:30:07 -0300] "GET /cormun/servlet/hpexe_link HTTP/1.1" 200 948
190.171.141.138 - - [03/Aug/2021:10:30:07 -0300] "GET /cormun/servlet/hhome HTTP/1.1" 200 4459
190.171.141.138 - - [03/Aug/2021:10:30:09 -0300] "GET /cormun/servlet/hhome HTTP/1.1" 200 4456
200.30.252.117 - - [03/Aug/2021:10:30:11 -0300] "POST /cormun/servlet/trsolicitudot?aa27fe53d71ff829f62e89d2d4477d8f,,gx-no-cache=1628000355556 HTTP/1.1" 200 4355
190.171.141.138 - - [03/Aug/2021:10:30:14 -0300] "GET /cormun/servlet/trlicencias? HTTP/1.1" 200 10819
200.30.252.117 - - [03/Aug/2021:10:30:14 -0300] "POST /cormun/servlet/trsolicitudot?aa27fe53d71ff829f62e89d2d4477d8f,,gx-no-cache=1628000358831 HTTP/1.1" 200 4356
190.171.141.138 - - [03/Aug/2021:10:30:14 -0300] "GET /cormun/servlet/trlicencias? HTTP/1.1" 200 10817
200.30.252.117 - - [03/Aug/2021:10:30:19 -0300] "POST /cormun/servlet/trsolicitudot?aa27fe53d71ff829f62e89d2d4477d8f,,gx-no-cache=1628000363488 HTTP/1.1" 200 14639
190.171.141.138 - - [03/Aug/2021:10:30:24 -0300] "POST /cormun/servlet/trlicencias?d89f969e649dc69a6f585e95ee117f05,,gx-no-cache=1627996801102 HTTP/1.1" 200 8112
200.30.252.117 - - [03/Aug/2021:10:31:21 -0300] "POST /cormun/servlet/trsolicitudot?aa27fe53d71ff829f62e89d2d4477d8f,,gx-no-cache=1628000424890 HTTP/1.1" 200 102
200.30.252.117 - - [03/Aug/2021:10:31:21 -0300] "GET /cormun/SolicitudOT-876.xls HTTP/1.1" 200 14848
167.248.133.38 - - [03/Aug/2021:10:32:09 -0300] "GET / HTTP/1.1" 200 11217
167.248.133.38 - - [03/Aug/2021:10:32:10 -0300] "GET / HTTP/1.1" 200 11217
181.212.43.89 - - [03/Aug/2021:10:33:17 -0300] "GET /cormun/servlet/hlogin HTTP/1.1" 200 1723
181.212.43.89 - - [03/Aug/2021:10:33:28 -0300] "POST /cormun/servlet/hlogin?5f630addc4287f5ebf19fc00bd6c7085,gx-no-cache=1627996983950 HTTP/1.1" 200 90
181.212.43.89 - - [03/Aug/2021:10:33:28 -0300] "GET /cormun/servlet/hpexe_link HTTP/1.1" 200 947
181.212.43.89 - - [03/Aug/2021:10:33:28 -0300] "GET /cormun/servlet/hhome HTTP/1.1" 200 3983
181.212.43.89 - - [03/Aug/2021:10:33:29 -0300] "GET /cormun/servlet/hhome HTTP/1.1" 200 3979
181.212.43.89 - - [03/Aug/2021:10:33:34 -0300] "GET /cormun/servlet/trlicencias? HTTP/1.1" 200 10413
181.212.43.89 - - [03/Aug/2021:10:33:35 -0300] "GET /cormun/servlet/trlicencias? HTTP/1.1" 200 10411
190.171.134.178 - - [03/Aug/2021:10:35:48 -0300] "GET /cormun/servlet/hlogin HTTP/1.1" 200 1724
190.171.134.178 - - [03/Aug/2021:10:35:54 -0300] "GET /cormun/servlet/hlogin HTTP/1.1" 200 1734
190.171.134.178 - - [03/Aug/2021:10:35:54 -0300] "GET /cormun/static/Resources/indicator.gif HTTP/1.1" 200 1553
190.171.134.178 - - [03/Aug/2021:10:36:16 -0300] "POST /cormun/servlet/hlogin?d212c83112c732007cd6ab69807997e5,gx-no-cache=1627997334641 HTTP/1.1" 200 90
190.171.134.178 - - [03/Aug/2021:10:36:16 -0300] "GET /cormun/servlet/hpexe_link HTTP/1.1" 200 950
190.171.134.178 - - [03/Aug/2021:10:36:16 -0300] "GET /cormun/servlet/hhome HTTP/1.1" 200 3923
190.171.134.178 - - [03/Aug/2021:10:36:17 -0300] "GET /cormun/servlet/hhome HTTP/1.1" 200 3919
190.171.134.178 - - [03/Aug/2021:10:36:34 -0300] "GET /cormun/servlet/trlicencias? HTTP/1.1" 200 8314
190.171.134.178 - - [03/Aug/2021:10:36:35 -0300] "GET /cormun/servlet/trlicencias? HTTP/1.1" 200 8311
190.171.134.178 - - [03/Aug/2021:10:36:53 -0300] "GET /cormun/servlet/hhome HTTP/1.1" 200 3923
190.171.134.178 - - [03/Aug/2021:10:36:53 -0300] "GET /cormun/servlet/hhome HTTP/1.1" 200 3919
46.174.191.28 - - [03/Aug/2021:10:38:19 -0300] "GET / HTTP/1.0" 200 11197
190.171.142.50 - - [03/Aug/2021:10:38:59 -0300] "GET /cormun/servlet/hlogin HTTP/1.1" 200 1731
190.171.142.50 - - [03/Aug/2021:10:38:59 -0300] "GET /cormun/servlet/hlogin HTTP/1.1" 200 1741
190.171.142.50 - - [03/Aug/2021:10:39:08 -0300] "POST /cormun/servlet/hlogin?7373c3f873c5346eec4a25ba7431674f,gx-no-cache=1627997299585 HTTP/1.1" 200 90
190.171.142.50 - - [03/Aug/2021:10:39:08 -0300] "GET /cormun/servlet/hpexe_link HTTP/1.1" 200 957
190.171.142.50 - - [03/Aug/2021:10:39:08 -0300] "GET /cormun/servlet/hhome HTTP/1.1" 200 3948
190.171.142.50 - - [03/Aug/2021:10:39:08 -0300] "GET /cormun/servlet/hhome HTTP/1.1" 200 3944
190.171.142.50 - - [03/Aug/2021:10:39:12 -0300] "GET /cormun/servlet/trlicencias? HTTP/1.1" 200 10428
190.171.142.50 - - [03/Aug/2021:10:39:12 -0300] "GET /cormun/servlet/trlicencias? HTTP/1.1" 200 10425
190.171.142.50 - - [03/Aug/2021:10:39:16 -0300] "GET /cormun/servlet/trlicencias? HTTP/1.1" 200 10428
190.171.142.50 - - [03/Aug/2021:10:39:16 -0300] "GET /cormun/servlet/trlicencias? HTTP/1.1" 200 10425
190.171.142.50 - - [03/Aug/2021:10:39:16 -0300] "GET /favicon.ico HTTP/1.1" 200 21630
190.171.141.138 - - [03/Aug/2021:10:40:32 -0300] "POST /cormun/servlet/trlicencias?d89f969e649dc69a6f585e95ee117f05,,gx-no-cache=1627997409936 HTTP/1.1" 200 8113
190.171.141.114 - - [03/Aug/2021:10:50:22 -0300] "GET /cormun/servlet/prcontratosol?18771749,,,,,MD,,gxPopupLevel%3D0%3B HTTP/1.1" 200 5631
190.171.141.114 - - [03/Aug/2021:10:50:22 -0300] "GET /cormun/static/gxcfg.js?2019914201458 HTTP/1.1" 200 953
190.171.141.114 - - [03/Aug/2021:10:50:22 -0300] "GET /cormun/static/prcontratosol.js?20199142014772 HTTP/1.1" 200 15806
186.103.156.166 - - [03/Aug/2021:10:50:25 -0300] "GET /cormun/servlet/hlogin HTTP/1.1" 200 1729
186.103.156.166 - - [03/Aug/2021:10:50:26 -0300] "GET /cormun/servlet/hlogin HTTP/1.1" 200 1740
190.171.141.114 - - [03/Aug/2021:10:50:38 -0300] "POST /cormun/servlet/solicitudot?gx-no-cache=1627998012350 HTTP/1.1" 200 30
186.103.156.166 - - [03/Aug/2021:10:50:38 -0300] "POST /cormun/servlet/hlogin?f408887ed69485c036687322f74cacab,gx-no-cache=1627998014862 HTTP/1.1" 200 90
186.103.156.166 - - [03/Aug/2021:10:50:38 -0300] "GET /cormun/servlet/hpexe_link HTTP/1.1" 200 957
186.103.156.166 - - [03/Aug/2021:10:50:38 -0300] "GET /cormun/servlet/hhome HTTP/1.1" 200 3858
186.103.156.166 - - [03/Aug/2021:10:50:39 -0300] "GET /cormun/servlet/hhome HTTP/1.1" 200 3855
186.103.156.166 - - [03/Aug/2021:10:50:44 -0300] "GET /cormun/servlet/trpermisosgoce? HTTP/1.1" 200 7921
186.103.156.166 - - [03/Aug/2021:10:50:44 -0300] "GET /cormun/static/gxcfg.js?2020121631564 HTTP/1.1" 200 953
186.103.156.166 - - [03/Aug/2021:10:50:45 -0300] "GET /cormun/static/trpermisosgoce.js?2020121633681 HTTP/1.1" 200 35904
186.103.156.166 - - [03/Aug/2021:10:50:45 -0300] "GET /cormun//static/Resources/PXToolsGridDelete.png HTTP/1.1" 200 538
186.103.156.166 - - [03/Aug/2021:10:50:45 -0300] "GET /cormun/servlet/trpermisosgoce? HTTP/1.1" 200 7919
190.171.141.114 - - [03/Aug/2021:10:50:50 -0300] "POST /cormun/servlet/solicitudot?gx-no-cache=1627998024463 HTTP/1.1" 200 30
186.103.156.166 - - [03/Aug/2021:10:50:51 -0300] "GET /cormun/servlet/permisogoce?INS,0,,, HTTP/1.1" 200 6721
186.103.156.166 - - [03/Aug/2021:10:50:51 -0300] "GET /cormun/static/gxcfg.js?20201215124560 HTTP/1.1" 200 953
186.103.156.166 - - [03/Aug/2021:10:50:51 -0300] "GET /cormun/static/permisogoce.js?20201215124939 HTTP/1.1" 200 27919
186.103.156.166 - - [03/Aug/2021:10:50:51 -0300] "GET /cormun/static/Resources/prompt.gif HTTP/1.1" 200 902
186.103.156.166 - - [03/Aug/2021:10:50:52 -0300] "GET /cormun/servlet/permisogoce?INS,0,,, HTTP/1.1" 200 6720
190.171.141.114 - - [03/Aug/2021:10:51:03 -0300] "POST /cormun/servlet/solicitudot?gx-no-cache=1627998037999 HTTP/1.1" 200 30
186.103.156.166 - - [03/Aug/2021:10:51:10 -0300] "GET /cormun/servlet/permisogoce?c8694b67199cb336234a48e322aab3c19d7ae0bba91a1bf0c2eec66399186f94e1b607a1e8607a6c6ade3e4af07cdc3fbfa3a1300d09c249f05f3fca19dc7b41,gx-no-cache=1627998045316 HTTP/1.1" 200 74
186.103.156.166 - - [03/Aug/2021:10:51:17 -0300] "GET /cormun/static/menuarrow.gif HTTP/1.1" 404 1015
186.103.156.166 - - [03/Aug/2021:10:51:25 -0300] "GET /cormun/servlet/permisogoce?c8694b67199cb336234a48e322aab3c1d7347ef1fabb97cd3e091a9397f44774dbd8a86283ac2ca382a15ad3e75a3222918d0c44506fda87eb76e8e3dd716974,gx-no-cache=1627998061221 HTTP/1.1" 200 46
186.103.156.166 - - [03/Aug/2021:10:51:40 -0300] "POST /cormun/servlet/permisogoce?f408887ed69485c036687322f74cacab,INS,0,,,,gx-no-cache=1627998075272 HTTP/1.1" 200 93
186.103.156.166 - - [03/Aug/2021:10:51:40 -0300] "GET /cormun/servlet/hpexe_return? HTTP/1.1" 200 1015
186.103.156.166 - - [03/Aug/2021:10:51:40 -0300] "GET /cormun/static/hpexe_return.js?201991422392984 HTTP/1.1" 200 1633
186.103.156.166 - - [03/Aug/2021:10:51:40 -0300] "GET /cormun/static/gxcfg.js?201991422392976 HTTP/1.1" 200 953
186.103.156.166 - - [03/Aug/2021:10:51:41 -0300] "GET /cormun/servlet/trpermisosgoce HTTP/1.1" 200 8214
186.103.156.166 - - [03/Aug/2021:10:51:41 -0300] "GET /cormun//static/Resources/PXToolsGridUpdate.png HTTP/1.1" 200 470
186.103.156.166 - - [03/Aug/2021:10:51:41 -0300] "GET /cormun/servlet/trpermisosgoce HTTP/1.1" 200 8192
186.103.156.166 - - [03/Aug/2021:10:51:47 -0300] "GET /cormun/servlet/apermisogoceprn?16492844,P,20210803093811,PU HTTP/1.1" 200 1643
192.168.10.163 - - [03/Aug/2021:10:52:01 -0300] "GET /cormun/servlet/hlogin HTTP/1.1" 200 1727
192.168.10.163 - - [03/Aug/2021:10:52:01 -0300] "GET /favicon.ico HTTP/1.1" 200 21630
186.67.172.234 - - [03/Aug/2021:10:52:09 -0300] "POST /cormun/servlet/trlicencias?cfa792fce7f286aca0745a90b98eb2dd,,gx-no-cache=1627998105617 HTTP/1.1" 440 972
186.67.172.234 - - [03/Aug/2021:10:52:11 -0300] "GET /cormun/servlet/trlicencias? HTTP/1.1" 200 6041
186.67.172.234 - - [03/Aug/2021:10:52:11 -0300] "GET /cormun/servlet/hlogin HTTP/1.1" 200 1743
186.67.172.234 - - [03/Aug/2021:10:52:12 -0300] "GET /cormun/servlet/trlicencias? HTTP/1.1" 200 6041
186.67.172.234 - - [03/Aug/2021:10:52:21 -0300] "POST /cormun/servlet/hlogin?c60fbca2457bd32445f2093c356fcce1,gx-no-cache=1627998117260 HTTP/1.1" 200 90
186.67.172.234 - - [03/Aug/2021:10:52:21 -0300] "GET /cormun/servlet/hpexe_link HTTP/1.1" 200 959
186.67.172.234 - - [03/Aug/2021:10:52:21 -0300] "GET /cormun/servlet/trlicencias HTTP/1.1" 200 13810
186.67.172.234 - - [03/Aug/2021:10:52:22 -0300] "GET /cormun/servlet/trlicencias HTTP/1.1" 200 13808
190.171.141.138 - - [03/Aug/2021:10:52:52 -0300] "POST /cormun/servlet/trlicencias?d89f969e649dc69a6f585e95ee117f05,,gx-no-cache=1627998148958 HTTP/1.1" 200 8113
192.168.10.78 - - [03/Aug/2021:10:53:15 -0300] "GET /cormun/servlet/hlogin HTTP/1.1" 200 1729
192.168.10.78 - - [03/Aug/2021:10:53:15 -0300] "GET /cormun/servlet/hlogin HTTP/1.1" 200 1739
190.171.141.138 - - [03/Aug/2021:10:53:17 -0300] "POST /cormun/servlet/trlicencias?d89f969e649dc69a6f585e95ee117f05,,gx-no-cache=1627998173015 HTTP/1.1" 200 8113
190.171.141.114 - - [03/Aug/2021:10:53:46 -0300] "POST /cormun/servlet/solicitudot?gx-no-cache=1627998200062 HTTP/1.1" 200 30
190.171.141.114 - - [03/Aug/2021:10:55:00 -0300] "POST /cormun/servlet/solicitudot?gx-no-cache=1627998274169 HTTP/1.1" 200 1441
190.171.141.114 - - [03/Aug/2021:10:55:00 -0300] "POST /cormun/servlet/solicitudot?gx-no-cache=1627998274527 HTTP/1.1" 200 40
190.171.141.114 - - [03/Aug/2021:10:55:00 -0300] "GET /cormun/servlet/solicitudot?4dbd52264c91d2c54d23ae4e8bb1a7abc6704584afd747feab34e56080ff31f2ba577834251ba89cadeb9bd7b8d6144a43a20559758542b5c177f783d0948e70eb0ee465d82505480a7f8e220c73faa7dc934bb5feb70582e8289f5261cd21c4d41d7a4c9de20da6ce08e2d98f63ebd2,gx-no-cache=1627998274625 HTTP/1.1" 200 110
190.171.141.114 - - [03/Aug/2021:10:55:00 -0300] "POST /cormun/servlet/solicitudot?gx-no-cache=1627998274730 HTTP/1.1" 200 109
190.171.141.114 - - [03/Aug/2021:10:55:00 -0300] "POST /cormun/servlet/solicitudot?gx-no-cache=1627998274854 HTTP/1.1" 200 34
190.171.141.114 - - [03/Aug/2021:10:55:01 -0300] "POST /cormun/servlet/solicitudot?8042defc1aca9f6739ff08ceea51eb56,INS,0,0,false,,gx-no-cache=1627998274995 HTTP/1.1" 200 12714
190.171.141.114 - - [03/Aug/2021:10:55:09 -0300] "POST /cormun/servlet/solicitudot?gx-no-cache=1627998283343 HTTP/1.1" 200 30
190.171.141.114 - - [03/Aug/2021:10:55:12 -0300] "POST /cormun/servlet/solicitudot?gx-no-cache=1627998286935 HTTP/1.1" 200 1441
190.171.141.114 - - [03/Aug/2021:10:55:12 -0300] "POST /cormun/servlet/solicitudot?gx-no-cache=1627998287127 HTTP/1.1" 200 40
190.171.141.114 - - [03/Aug/2021:10:55:12 -0300] "GET /cormun/servlet/solicitudot?4dbd52264c91d2c54d23ae4e8bb1a7abc6704584afd747feab34e56080ff31f2ba577834251ba89cadeb9bd7b8d6144a43a20559758542b5c177f783d0948e70eb0ee465d82505480a7f8e220c73faa7dc934bb5feb70582e8289f5261cd21c4d41d7a4c9de20da6ce08e2d98f63ebd2,gx-no-cache=1627998287237 HTTP/1.1" 200 110
190.171.141.114 - - [03/Aug/2021:10:55:13 -0300] "POST /cormun/servlet/solicitudot?gx-no-cache=1627998287379 HTTP/1.1" 200 109
190.171.141.114 - - [03/Aug/2021:10:55:13 -0300] "GET /cormun/servlet/solicitudot?4dbd52264c91d2c54d23ae4e8bb1a7abdae7fefaece4011e85fedfe8c57af0ac3e625b03b9cb1ac7030c2a89f4ef4db1,gx-no-cache=1627998287494 HTTP/1.1" 200 30
190.171.141.114 - - [03/Aug/2021:10:55:13 -0300] "POST /cormun/servlet/solicitudot?gx-no-cache=1627998287607 HTTP/1.1" 200 34
190.171.141.114 - - [03/Aug/2021:10:55:13 -0300] "POST /cormun/servlet/solicitudot?8042defc1aca9f6739ff08ceea51eb56,INS,0,0,false,,gx-no-cache=1627998287739 HTTP/1.1" 200 12789
190.171.152.242 - - [03/Aug/2021:10:55:14 -0300] "GET /cormun/servlet/hlogin HTTP/1.1" 200 1744
190.171.141.114 - - [03/Aug/2021:10:55:19 -0300] "POST /cormun/servlet/solicitudot?gx-no-cache=1627998293937 HTTP/1.1" 200 30
190.171.141.114 - - [03/Aug/2021:10:55:26 -0300] "POST /cormun/servlet/solicitudot?gx-no-cache=1627998301032 HTTP/1.1" 200 1441
190.171.141.114 - - [03/Aug/2021:10:55:26 -0300] "POST /cormun/servlet/solicitudot?gx-no-cache=1627998301203 HTTP/1.1" 200 40
190.171.141.114 - - [03/Aug/2021:10:55:26 -0300] "GET /cormun/servlet/solicitudot?4dbd52264c91d2c54d23ae4e8bb1a7abc6704584afd747feab34e56080ff31f2ba577834251ba89cadeb9bd7b8d6144a43a20559758542b5c177f783d0948e70eb0ee465d82505480a7f8e220c73faa7dc934bb5feb70582e8289f5261cd21c4d41d7a4c9de20da6ce08e2d98f63ebd2,gx-no-cache=1627998301313 HTTP/1.1" 200 110
190.171.141.114 - - [03/Aug/2021:10:55:27 -0300] "POST /cormun/servlet/solicitudot?gx-no-cache=1627998301414 HTTP/1.1" 200 109
190.171.141.114 - - [03/Aug/2021:10:55:27 -0300] "GET /cormun/servlet/solicitudot?4dbd52264c91d2c54d23ae4e8bb1a7abdae7fefaece4011e85fedfe8c57af0ac3e625b03b9cb1ac7030c2a89f4ef4db1,gx-no-cache=1627998301529 HTTP/1.1" 200 30
190.171.141.114 - - [03/Aug/2021:10:55:27 -0300] "POST /cormun/servlet/solicitudot?gx-no-cache=1627998301643 HTTP/1.1" 200 135
190.171.141.114 - - [03/Aug/2021:10:55:27 -0300] "POST /cormun/servlet/solicitudot?8042defc1aca9f6739ff08ceea51eb56,INS,0,0,false,,gx-no-cache=1627998301790 HTTP/1.1" 200 12899
190.171.141.114 - - [03/Aug/2021:10:55:38 -0300] "POST /cormun/servlet/solicitudot?gx-no-cache=1627998312721 HTTP/1.1" 200 30
190.171.141.114 - - [03/Aug/2021:10:55:47 -0300] "POST /cormun/servlet/solicitudot?gx-no-cache=1627998321879 HTTP/1.1" 200 1441
190.171.141.114 - - [03/Aug/2021:10:55:47 -0300] "POST /cormun/servlet/solicitudot?gx-no-cache=1627998322074 HTTP/1.1" 200 40
190.171.141.114 - - [03/Aug/2021:10:55:47 -0300] "GET /cormun/servlet/solicitudot?4dbd52264c91d2c54d23ae4e8bb1a7abc6704584afd747feab34e56080ff31f2ba577834251ba89cadeb9bd7b8d6144a43a20559758542b5c177f783d0948e70eb0ee465d82505480a7f8e220c73faa7dc934bb5feb70582e8289f5261cd21c4d41d7a4c9de20da6ce08e2d98f63ebd2,gx-no-cache=1627998322193 HTTP/1.1" 200 110
190.171.141.114 - - [03/Aug/2021:10:55:48 -0300] "POST /cormun/servlet/solicitudot?gx-no-cache=1627998322356 HTTP/1.1" 200 109
190.171.141.114 - - [03/Aug/2021:10:55:48 -0300] "POST /cormun/servlet/solicitudot?gx-no-cache=1627998323061 HTTP/1.1" 200 34
190.171.141.114 - - [03/Aug/2021:10:55:49 -0300] "POST /cormun/servlet/solicitudot?8042defc1aca9f6739ff08ceea51eb56,INS,0,0,false,,gx-no-cache=1627998323164 HTTP/1.1" 200 93
190.171.141.114 - - [03/Aug/2021:10:55:49 -0300] "GET /cormun/servlet/hpexe_return? HTTP/1.1" 200 1011
190.171.141.114 - - [03/Aug/2021:10:55:50 -0300] "GET /cormun/servlet/trsolicitudot HTTP/1.1" 200 8662
190.171.141.114 - - [03/Aug/2021:10:55:51 -0300] "GET /cormun/servlet/trsolicitudot HTTP/1.1" 200 8657
190.171.141.114 - - [03/Aug/2021:10:56:08 -0300] "GET /cormun/servlet/trsolicitudot? HTTP/1.1" 200 8657
190.171.141.114 - - [03/Aug/2021:10:56:10 -0300] "GET /cormun/servlet/trsolicitudot? HTTP/1.1" 200 8657
186.103.156.166 - - [03/Aug/2021:10:56:39 -0300] "GET /cormun/servlet/trpermisosadjuntos?16492844,20210803093811,P, HTTP/1.1" 200 6178
186.103.156.166 - - [03/Aug/2021:10:56:39 -0300] "GET /cormun/static/gxcfg.js?2020121641683 HTTP/1.1" 200 953
186.103.156.166 - - [03/Aug/2021:10:56:42 -0300] "GET /cormun/static/trpermisosadjuntos.js?2020121642996 HTTP/1.1" 200 20158
186.103.156.166 - - [03/Aug/2021:10:56:44 -0300] "GET /cormun/servlet/trpermisosadjuntos?16492844,20210803093811,P, HTTP/1.1" 200 6178
186.103.156.166 - - [03/Aug/2021:10:56:51 -0300] "GET /cormun/servlet/permisosadjuntos?INS,16492844,P,20210803093811,, HTTP/1.1" 200 5500
186.103.156.166 - - [03/Aug/2021:10:56:51 -0300] "GET /cormun/static/gxcfg.js?20201215134212 HTTP/1.1" 200 953
186.103.156.166 - - [03/Aug/2021:10:56:51 -0300] "GET /cormun/static/permisosadjuntos.js?20201215134285 HTTP/1.1" 200 8724
186.103.156.166 - - [03/Aug/2021:10:56:51 -0300] "GET /cormun/static/about:blank HTTP/1.1" 404 1011
186.103.156.166 - - [03/Aug/2021:10:56:51 -0300] "GET /cormun/servlet/permisosadjuntos?INS,16492844,P,20210803093811,, HTTP/1.1" 200 5490
157.55.39.62 - - [03/Aug/2021:10:57:47 -0300] "GET /cormun/servlet/trlicenciaspermisosadjuntos?25581517,20190710000000,L,_escaped_fragment_%3D&_escaped_fragment_= HTTP/1.1" 200 5334
207.46.13.62 - - [03/Aug/2021:10:58:01 -0300] "GET /cormun/static/RunJS/RunJS.js HTTP/1.1" 200 288
157.55.39.62 - - [03/Aug/2021:10:58:05 -0300] "GET /cormun/servlet/trlicenciaspermisosadjuntos?25581517,20190710000000,L,_escaped_fragment_%3D HTTP/1.1" 200 5330
157.55.39.62 - - [03/Aug/2021:10:58:06 -0300] "GET /cormun/static/scaMessage/js/jquery.pnotify.min.js HTTP/1.1" 200 13038
157.55.39.62 - - [03/Aug/2021:10:58:07 -0300] "GET /cormun/servlet/trlicenciaspermisosadjuntos?25581517,20190710000000,L,_escaped_fragment_%3D HTTP/1.1" 200 5333
157.55.39.62 - - [03/Aug/2021:10:58:07 -0300] "GET /cormun/static/scaMessage/js/jquery.pnotify.min.js HTTP/1.1" 200 13038
157.55.39.155 - - [03/Aug/2021:10:58:09 -0300] "GET /cormun/static/hpexe_messagegenexuscomponent.js?2020121447173 HTTP/1.1" 200 587
157.55.39.162 - - [03/Aug/2021:10:58:10 -0300] "GET /cormun/static/hpexe_messagepopupcomponent.js?2020121447232 HTTP/1.1" 200 605
157.55.39.162 - - [03/Aug/2021:10:58:11 -0300] "GET /cormun/static/hpexe_messagepopupcomponent.js?2020121447232 HTTP/1.1" 200 605
207.46.13.62 - - [03/Aug/2021:10:58:16 -0300] "GET /cormun/static/RunJS/RunJS.js HTTP/1.1" 200 288
157.55.39.155 - - [03/Aug/2021:10:58:20 -0300] "GET /cormun/static/hpexe_messagegenexuscomponent.js?2020121447173 HTTP/1.1" 200 587
190.171.141.138 - - [03/Aug/2021:10:59:03 -0300] "POST /cormun/servlet/trlicencias?d89f969e649dc69a6f585e95ee117f05,,gx-no-cache=1627998520150 HTTP/1.1" 200 8112
190.171.142.50 - - [03/Aug/2021:10:59:54 -0300] "GET /cormun/servlet/trlicencias? HTTP/1.1" 200 10785
190.171.142.50 - - [03/Aug/2021:10:59:54 -0300] "GET /cormun/servlet/trlicencias? HTTP/1.1" 200 10783
190.171.142.50 - - [03/Aug/2021:10:59:54 -0300] "GET /favicon.ico HTTP/1.1" 200 21630
190.171.141.106 - - [03/Aug/2021:11:00:16 -0300] "GET /cormun/servlet/hlogin HTTP/1.1" 200 1732
190.171.141.106 - - [03/Aug/2021:11:00:16 -0300] "GET /cormun/static/gxcfg.js?201910216285969 HTTP/1.1" 200 953
190.171.141.106 - - [03/Aug/2021:11:00:16 -0300] "GET /cormun/static/gxtimezone.js?85251 HTTP/1.1" 200 5781
190.171.141.106 - - [03/Aug/2021:11:00:16 -0300] "GET /cormun/static/Resources/Spanish/PXTools.css?2294816 HTTP/1.1" 200 100853
