200.30.252.117 - - [05/Jul/2021:11:45:38 -0300] "GET /cormun/servlet/permisogoce?92c9702e2462b67b0e3f1664319c2b5487e792c783406806882374b0ff3814485323eda9feb613a741e716ace99404a823a1d7f0eec2df0073ace30679072ff1,gx-no-cache=1625499306561 HTTP/1.1" 200 76
200.30.252.117 - - [05/Jul/2021:11:45:42 -0300] "GET /cormun/static/menuarrow.gif HTTP/1.1" 404 1015
200.30.252.117 - - [05/Jul/2021:11:45:49 -0300] "GET /cormun/servlet/permisogoce?92c9702e2462b67b0e3f1664319c2b54ce65fc3a6bddcfdc8d100f66680bad43b86f5435d72024e9b219c150b8118bbdf04f1515fd65b621d1eb9af961573f16,gx-no-cache=1625499317993 HTTP/1.1" 200 46
200.30.252.117 - - [05/Jul/2021:11:45:52 -0300] "POST /cormun/servlet/permisogoce?8dc8d214deeb11c708268cc65622465c,INS,0,,,,gx-no-cache=1625499320269 HTTP/1.1" 200 93
200.30.252.117 - - [05/Jul/2021:11:45:52 -0300] "GET /cormun/servlet/hpexe_return? HTTP/1.1" 200 1027
200.30.252.117 - - [05/Jul/2021:11:45:52 -0300] "GET /cormun/servlet/trpermisosgoce?gx-no-cache=1625499160413 HTTP/1.1" 200 12695
200.30.252.117 - - [05/Jul/2021:11:45:52 -0300] "GET /cormun/servlet/trpermisosgoce?gx-no-cache=1625499160413 HTTP/1.1" 200 12711
190.171.141.106 - - [05/Jul/2021:11:45:55 -0300] "GET /cormun/servlet/prfichaempleado?,MD,,gxPopupLevel%3D0%3B HTTP/1.1" 200 9130
200.30.252.117 - - [05/Jul/2021:11:45:56 -0300] "GET /cormun/servlet/permisogoce?INS,0,,, HTTP/1.1" 200 6852
200.30.252.117 - - [05/Jul/2021:11:45:57 -0300] "GET /cormun/servlet/permisogoce?INS,0,,, HTTP/1.1" 200 6832
200.30.252.117 - - [05/Jul/2021:11:46:06 -0300] "GET /cormun/servlet/permisogoce?92c9702e2462b67b0e3f1664319c2b540dff028f9d7cc9cbb8b0ca292a1a1630649576b7e731bc9b3b554323f02f0b5b21305fe24ebbd5846d6df867d0d5aeb9,gx-no-cache=1625499334839 HTTP/1.1" 200 82
190.171.141.106 - - [05/Jul/2021:11:46:08 -0300] "POST /cormun/servlet/prfichaempleado?97f7ac0d8e8f794b52895cf1ee347a99,,MD,,gxPopupLevel%3D0%3B,gx-no-cache=1625495749436 HTTP/1.1" 200 3480
200.30.252.117 - - [05/Jul/2021:11:46:10 -0300] "GET /cormun/static/menuarrow.gif HTTP/1.1" 404 1015
190.171.141.106 - - [05/Jul/2021:11:46:15 -0300] "POST /cormun/servlet/solicitudot?gx-no-cache=1625495756149 HTTP/1.1" 200 1442
200.30.252.117 - - [05/Jul/2021:11:46:16 -0300] "GET /cormun/servlet/permisogoce?92c9702e2462b67b0e3f1664319c2b54163ce7460f645b152256d4d28b4856f7d9582b75380c55f3da8cfd04b2be90a9e16eefc523c2feb9242397fc745779c2,gx-no-cache=1625499344378 HTTP/1.1" 200 46
200.30.252.117 - - [05/Jul/2021:11:46:19 -0300] "POST /cormun/servlet/permisogoce?8dc8d214deeb11c708268cc65622465c,INS,0,,,,gx-no-cache=1625499347735 HTTP/1.1" 200 93
200.30.252.117 - - [05/Jul/2021:11:46:19 -0300] "GET /cormun/servlet/hpexe_return? HTTP/1.1" 200 1027
200.30.252.117 - - [05/Jul/2021:11:46:19 -0300] "GET /cormun/servlet/trpermisosgoce?gx-no-cache=1625499160413 HTTP/1.1" 200 12870
200.30.252.117 - - [05/Jul/2021:11:46:20 -0300] "GET /cormun/servlet/trpermisosgoce?gx-no-cache=1625499160413 HTTP/1.1" 200 12885
200.30.252.117 - - [05/Jul/2021:11:46:22 -0300] "GET /cormun/servlet/permisogoce?INS,0,,, HTTP/1.1" 200 6852
200.30.252.117 - - [05/Jul/2021:11:46:23 -0300] "GET /cormun/servlet/permisogoce?INS,0,,, HTTP/1.1" 200 6832
190.171.141.106 - - [05/Jul/2021:11:46:33 -0300] "POST /cormun/servlet/solicitudot?gx-no-cache=1625495774894 HTTP/1.1" 200 40
200.30.252.117 - - [05/Jul/2021:11:46:36 -0300] "GET /cormun/servlet/permisogoce?92c9702e2462b67b0e3f1664319c2b54297095309565a0c549e0c6db933cf2a4649576b7e731bc9b3b554323f02f0b5b21305fe24ebbd5846d6df867d0d5aeb9,gx-no-cache=1625499364536 HTTP/1.1" 200 81
200.30.252.117 - - [05/Jul/2021:11:46:40 -0300] "GET /cormun/static/menuarrow.gif HTTP/1.1" 404 1015
200.30.252.117 - - [05/Jul/2021:11:46:46 -0300] "GET /cormun/servlet/permisogoce?92c9702e2462b67b0e3f1664319c2b542e11e14e6dd764d7d34e6ead0a424ff4e2735b6c9df991fc7660f11045e03be4e16eefc523c2feb9242397fc745779c2,gx-no-cache=1625499374742 HTTP/1.1" 200 46
200.30.252.117 - - [05/Jul/2021:11:46:48 -0300] "POST /cormun/servlet/permisogoce?8dc8d214deeb11c708268cc65622465c,INS,0,,,,gx-no-cache=1625499376908 HTTP/1.1" 200 93
200.30.252.117 - - [05/Jul/2021:11:46:48 -0300] "GET /cormun/servlet/hpexe_return? HTTP/1.1" 200 1027
200.30.252.117 - - [05/Jul/2021:11:46:49 -0300] "GET /cormun/servlet/trpermisosgoce?gx-no-cache=1625499160413 HTTP/1.1" 200 13039
200.30.252.117 - - [05/Jul/2021:11:46:49 -0300] "GET /cormun/servlet/trpermisosgoce?gx-no-cache=1625499160413 HTTP/1.1" 200 13055
190.101.237.139 - - [05/Jul/2021:11:47:00 -0300] "GET / HTTP/1.0" 200 11197
190.171.141.106 - - [05/Jul/2021:11:47:33 -0300] "GET /cormun/servlet/solicitudot?6de0376172c17cadda840df6384b6926db686c5372f8ed3409d6a45939a5cf0c235cabc11e74795f768afe1d2be3dc50f097a85ccec5d78016a3f872e98100bc258bda77ad7e21e76ea64251d9580b9e6f76d0553bf4a5f774aa8387dd6a672eb9ebc7ec91466bc02558fa658728238f,gx-no-cache=1625495834605 HTTP/1.1" 200 110
190.171.141.106 - - [05/Jul/2021:11:47:33 -0300] "POST /cormun/servlet/solicitudot?gx-no-cache=1625495834678 HTTP/1.1" 200 67
190.171.141.106 - - [05/Jul/2021:11:47:33 -0300] "GET /cormun/servlet/solicitudot?6de0376172c17cadda840df6384b6926af6d497ee932185a1f6ef81fde5e1892b97af18706a9169fe5b7582e11c425ae1e471d4d1ede329fdea4c8b04b1f6c74455431448507bf6fc9e77ca3642e3cb4a569911d173cf2f4e1f45fa09c6be4689c53d33011ca82f61a4c4d33402076d0,gx-no-cache=1625495834751 HTTP/1.1" 200 29
200.30.252.117 - - [05/Jul/2021:11:48:23 -0300] "GET /cormun/servlet/permisogoce?INS,0,,, HTTP/1.1" 200 6852
200.30.252.117 - - [05/Jul/2021:11:48:24 -0300] "GET /cormun/servlet/permisogoce?INS,0,,, HTTP/1.1" 200 6832
200.30.252.117 - - [05/Jul/2021:11:48:34 -0300] "GET /cormun/servlet/permisogoce?92c9702e2462b67b0e3f1664319c2b542e9d34b77a69dca822743d60b70ef0d8649576b7e731bc9b3b554323f02f0b5b21305fe24ebbd5846d6df867d0d5aeb9,gx-no-cache=1625499482492 HTTP/1.1" 200 226
200.30.252.117 - - [05/Jul/2021:11:48:34 -0300] "GET /cormun/static/Shared/jqueryui/images/ui-bg_highlight-soft_100_c6c2c8_1x100.png HTTP/1.1" 404 1117
200.30.252.117 - - [05/Jul/2021:11:48:34 -0300] "GET /cormun/static/Shared/jqueryui/images/ui-icons_82798d_256x240.png HTTP/1.1" 404 1089
200.30.252.117 - - [05/Jul/2021:11:48:34 -0300] "GET /cormun/static/Shared/jqueryui/images/ui-bg_flat_55_994d53_40x100.png HTTP/1.1" 404 1097
200.30.252.117 - - [05/Jul/2021:11:48:34 -0300] "GET /cormun/static/Shared/jqueryui/images/ui-icons_ebccce_256x240.png HTTP/1.1" 404 1089
200.30.252.117 - - [05/Jul/2021:11:48:45 -0300] "GET /cormun/servlet/permisogoce?92c9702e2462b67b0e3f1664319c2b54297095309565a0c549e0c6db933cf2a4649576b7e731bc9b3b554323f02f0b5b21305fe24ebbd5846d6df867d0d5aeb9,gx-no-cache=1625499493794 HTTP/1.1" 200 81
200.30.252.117 - - [05/Jul/2021:11:48:49 -0300] "GET /cormun/static/menuarrow.gif HTTP/1.1" 404 1015
200.30.252.117 - - [05/Jul/2021:11:48:55 -0300] "GET /cormun/servlet/permisogoce?92c9702e2462b67b0e3f1664319c2b542e11e14e6dd764d7d34e6ead0a424ff4e2735b6c9df991fc7660f11045e03be4e16eefc523c2feb9242397fc745779c2,gx-no-cache=1625499504075 HTTP/1.1" 200 47
200.30.252.117 - - [05/Jul/2021:11:48:58 -0300] "POST /cormun/servlet/permisogoce?8dc8d214deeb11c708268cc65622465c,INS,0,,,,gx-no-cache=1625499506467 HTTP/1.1" 200 93
200.30.252.117 - - [05/Jul/2021:11:48:58 -0300] "GET /cormun/servlet/hpexe_return? HTTP/1.1" 200 1027
200.30.252.117 - - [05/Jul/2021:11:48:58 -0300] "GET /cormun/servlet/trpermisosgoce?gx-no-cache=1625499160413 HTTP/1.1" 200 13227
200.30.252.117 - - [05/Jul/2021:11:48:59 -0300] "GET /cormun/servlet/trpermisosgoce?gx-no-cache=1625499160413 HTTP/1.1" 200 13243
200.30.252.117 - - [05/Jul/2021:11:49:01 -0300] "GET /cormun/servlet/permisogoce?INS,0,,, HTTP/1.1" 200 6852
200.30.252.117 - - [05/Jul/2021:11:49:02 -0300] "GET /cormun/servlet/permisogoce?INS,0,,, HTTP/1.1" 200 6833
190.171.141.106 - - [05/Jul/2021:11:49:15 -0300] "GET /cormun/servlet/solicitudot?6de0376172c17cadda840df6384b692602fffcb12d0d056fc87e06eb4f30339d5035fa615f4ad04d74e8359cf83290d7,gx-no-cache=1625495936480 HTTP/1.1" 200 30
190.171.141.106 - - [05/Jul/2021:11:49:15 -0300] "POST /cormun/servlet/solicitudot?gx-no-cache=1625495936636 HTTP/1.1" 200 34
200.30.252.117 - - [05/Jul/2021:11:49:16 -0300] "GET /cormun/servlet/permisogoce?92c9702e2462b67b0e3f1664319c2b54a999d71b0573ee4d8b33d0a3baff5ddc649576b7e731bc9b3b554323f02f0b5b21305fe24ebbd5846d6df867d0d5aeb9,gx-no-cache=1625499524619 HTTP/1.1" 200 82
200.30.252.117 - - [05/Jul/2021:11:49:16 -0300] "GET /cormun/static/menuarrow.gif HTTP/1.1" 404 1015
200.30.252.117 - - [05/Jul/2021:11:49:23 -0300] "GET /cormun/servlet/permisogoce?92c9702e2462b67b0e3f1664319c2b54e945a163ef4a44cea2d9c9a3b6ba3245bcc1d31168df1133f1875e33d6caf477e16eefc523c2feb9242397fc745779c2,gx-no-cache=1625499532139 HTTP/1.1" 200 47
200.30.252.117 - - [05/Jul/2021:11:49:25 -0300] "POST /cormun/servlet/permisogoce?8dc8d214deeb11c708268cc65622465c,INS,0,,,,gx-no-cache=1625499533927 HTTP/1.1" 200 93
200.30.252.117 - - [05/Jul/2021:11:49:25 -0300] "GET /cormun/servlet/hpexe_return? HTTP/1.1" 200 1027
200.30.252.117 - - [05/Jul/2021:11:49:26 -0300] "GET /cormun/servlet/trpermisosgoce?gx-no-cache=1625499160413 HTTP/1.1" 200 13391
200.30.252.117 - - [05/Jul/2021:11:49:26 -0300] "GET /cormun/servlet/trpermisosgoce?gx-no-cache=1625499160413 HTTP/1.1" 200 13406
200.30.252.117 - - [05/Jul/2021:11:49:30 -0300] "GET /cormun/servlet/permisogoce?INS,0,,, HTTP/1.1" 200 6852
200.30.252.117 - - [05/Jul/2021:11:49:31 -0300] "GET /cormun/servlet/permisogoce?INS,0,,, HTTP/1.1" 200 6832
200.30.252.117 - - [05/Jul/2021:11:49:41 -0300] "GET /cormun/servlet/permisogoce?92c9702e2462b67b0e3f1664319c2b5479f09dd33b2ddb65ad71f70f98792a70649576b7e731bc9b3b554323f02f0b5b21305fe24ebbd5846d6df867d0d5aeb9,gx-no-cache=1625499549692 HTTP/1.1" 200 76
200.30.252.117 - - [05/Jul/2021:11:49:45 -0300] "GET /cormun/static/menuarrow.gif HTTP/1.1" 404 1015
200.30.252.117 - - [05/Jul/2021:11:49:53 -0300] "GET /cormun/servlet/permisogoce?92c9702e2462b67b0e3f1664319c2b547e1b4a93373d384d54e8b8b8c8e3e772444d51692f31f7e496c3dab9e88c8ddce16eefc523c2feb9242397fc745779c2,gx-no-cache=1625499561904 HTTP/1.1" 200 46
200.30.252.117 - - [05/Jul/2021:11:49:59 -0300] "POST /cormun/servlet/permisogoce?8dc8d214deeb11c708268cc65622465c,INS,0,,,,gx-no-cache=1625499567056 HTTP/1.1" 200 93
200.30.252.117 - - [05/Jul/2021:11:49:59 -0300] "GET /cormun/servlet/hpexe_return? HTTP/1.1" 200 1027
200.30.252.117 - - [05/Jul/2021:11:49:59 -0300] "GET /cormun/servlet/trpermisosgoce?gx-no-cache=1625499160413 HTTP/1.1" 200 13567
200.30.252.117 - - [05/Jul/2021:11:49:59 -0300] "GET /cormun/servlet/trpermisosgoce?gx-no-cache=1625499160413 HTTP/1.1" 200 13583
200.30.252.117 - - [05/Jul/2021:11:50:05 -0300] "GET /cormun/servlet/permisogoce?INS,0,,, HTTP/1.1" 200 6852
200.30.252.117 - - [05/Jul/2021:11:50:05 -0300] "GET /cormun/servlet/permisogoce?INS,0,,, HTTP/1.1" 200 6832
200.30.252.117 - - [05/Jul/2021:11:50:15 -0300] "GET /cormun/servlet/permisogoce?92c9702e2462b67b0e3f1664319c2b548171bed4fc3e3e120b53cf8615d44eb3649576b7e731bc9b3b554323f02f0b5b21305fe24ebbd5846d6df867d0d5aeb9,gx-no-cache=1625499583585 HTTP/1.1" 200 77
200.86.165.116 - - [05/Jul/2021:11:50:17 -0300] "POST /cormun/servlet/trlicencias?c9d01d5f144c303c6ae06b68682b51bd,,gx-no-cache=1625496002938 HTTP/1.1" 200 6887
200.30.252.117 - - [05/Jul/2021:11:50:19 -0300] "GET /cormun/static/menuarrow.gif HTTP/1.1" 404 1015
200.86.165.116 - - [05/Jul/2021:11:50:20 -0300] "POST /cormun/servlet/trlicencias?c9d01d5f144c303c6ae06b68682b51bd,,gx-no-cache=1625496005239 HTTP/1.1" 200 6887
200.86.165.116 - - [05/Jul/2021:11:50:28 -0300] "GET /cormun/servlet/licenciaspermisos?INS,0,,, HTTP/1.1" 200 7914
200.86.165.116 - - [05/Jul/2021:11:50:29 -0300] "GET /cormun/static/gxcfg.js?202012153173 HTTP/1.1" 200 953
200.86.165.116 - - [05/Jul/2021:11:50:29 -0300] "GET /cormun/static/licenciaspermisos.js?2020121532136 HTTP/1.1" 200 38824
200.86.165.116 - - [05/Jul/2021:11:50:29 -0300] "GET /cormun/static/Resources/prompt.gif HTTP/1.1" 200 902
200.86.165.116 - - [05/Jul/2021:11:50:33 -0300] "GET /cormun/servlet/licenciaspermisos?INS,0,,, HTTP/1.1" 200 7922
200.30.252.117 - - [05/Jul/2021:11:50:36 -0300] "GET /cormun/servlet/permisogoce?92c9702e2462b67b0e3f1664319c2b547efd244db92c0e8735dff82b2c63ce33196af2905af1691c9a13fd3ce92644d4e16eefc523c2feb9242397fc745779c2,gx-no-cache=1625499605127 HTTP/1.1" 200 47
200.30.252.117 - - [05/Jul/2021:11:50:39 -0300] "POST /cormun/servlet/permisogoce?8dc8d214deeb11c708268cc65622465c,INS,0,,,,gx-no-cache=1625499607390 HTTP/1.1" 200 93
200.30.252.117 - - [05/Jul/2021:11:50:39 -0300] "GET /cormun/servlet/hpexe_return? HTTP/1.1" 200 1027
200.30.252.117 - - [05/Jul/2021:11:50:39 -0300] "GET /cormun/servlet/trpermisosgoce?gx-no-cache=1625499160413 HTTP/1.1" 200 13720
200.30.252.117 - - [05/Jul/2021:11:50:40 -0300] "GET /cormun/servlet/trpermisosgoce?gx-no-cache=1625499160413 HTTP/1.1" 200 13736
200.86.165.116 - - [05/Jul/2021:11:50:41 -0300] "GET /cormun/static/Resources/resize.gif HTTP/1.1" 200 77
200.86.165.116 - - [05/Jul/2021:11:50:41 -0300] "GET /cormun/static/Resources/PXTools/ClosePrompt.png HTTP/1.1" 200 1036
200.86.165.116 - - [05/Jul/2021:11:50:42 -0300] "GET /cormun/servlet/prfichaempleado?,MD,,gxPopupLevel%3D0%3B HTTP/1.1" 200 9337
200.86.165.116 - - [05/Jul/2021:11:50:42 -0300] "GET /cormun/static/gxcfg.js?20201215571085 HTTP/1.1" 200 953
200.86.165.116 - - [05/Jul/2021:11:50:42 -0300] "GET /cormun/static/prfichaempleado.js?20201215572193 HTTP/1.1" 200 16006
200.86.165.116 - - [05/Jul/2021:11:50:42 -0300] "GET /cormun/static/menusearch.js?20201214473581 HTTP/1.1" 200 1424
200.30.252.117 - - [05/Jul/2021:11:50:43 -0300] "GET /cormun/servlet/permisogoce?INS,0,,, HTTP/1.1" 200 6853
200.30.252.117 - - [05/Jul/2021:11:50:44 -0300] "GET /cormun/servlet/permisogoce?INS,0,,, HTTP/1.1" 200 6833
200.86.165.116 - - [05/Jul/2021:11:50:45 -0300] "GET /cormun/static/hmpwkw011.js?20201215495555 HTTP/1.1" 200 1968
200.86.165.116 - - [05/Jul/2021:11:50:45 -0300] "GET /cormun/static/Resources/PXToolsMenuSearch.png HTTP/1.1" 200 336
200.86.165.116 - - [05/Jul/2021:11:50:45 -0300] "GET /cormun/static/Resources/PXToolsMenuSearchCancel.png HTTP/1.1" 200 306
200.30.252.117 - - [05/Jul/2021:11:50:52 -0300] "GET /cormun/servlet/permisogoce?92c9702e2462b67b0e3f1664319c2b542d4c6a9b4dc88487210e08614e02d0e5649576b7e731bc9b3b554323f02f0b5b21305fe24ebbd5846d6df867d0d5aeb9,gx-no-cache=1625499621317 HTTP/1.1" 200 88
200.30.252.117 - - [05/Jul/2021:11:50:57 -0300] "GET /cormun/static/menuarrow.gif HTTP/1.1" 404 1015
200.86.165.116 - - [05/Jul/2021:11:51:03 -0300] "POST /cormun/servlet/prfichaempleado?c9d01d5f144c303c6ae06b68682b51bd,,MD,,gxPopupLevel%3D0%3B,gx-no-cache=1625496048450 HTTP/1.1" 200 3409
200.30.252.117 - - [05/Jul/2021:11:51:03 -0300] "GET /cormun/servlet/permisogoce?92c9702e2462b67b0e3f1664319c2b54d2db7a9743e2d379329c7a2ec64b0c4918ad18e1707fbc3388b934324779f780e16eefc523c2feb9242397fc745779c2,gx-no-cache=1625499631776 HTTP/1.1" 200 48
200.30.252.117 - - [05/Jul/2021:11:51:05 -0300] "POST /cormun/servlet/permisogoce?8dc8d214deeb11c708268cc65622465c,INS,0,,,,gx-no-cache=1625499633950 HTTP/1.1" 200 93
200.30.252.117 - - [05/Jul/2021:11:51:05 -0300] "GET /cormun/servlet/hpexe_return? HTTP/1.1" 200 1027
200.30.252.117 - - [05/Jul/2021:11:51:06 -0300] "GET /cormun/servlet/trpermisosgoce?gx-no-cache=1625499160413 HTTP/1.1" 200 13892
200.30.252.117 - - [05/Jul/2021:11:51:06 -0300] "GET /cormun/servlet/trpermisosgoce?gx-no-cache=1625499160413 HTTP/1.1" 200 13908
200.86.165.116 - - [05/Jul/2021:11:51:08 -0300] "GET /cormun/servlet/licenciaspermisos?f0c061dfe7ff66dad6908f237937e552dee40c1b9b933e3ef9601fe75710c4bf41921d46531d91c7737890307c4452993cc47dca1313e679f41c9698ea76b0ee,gx-no-cache=1625496053530 HTTP/1.1" 200 110
200.86.165.116 - - [05/Jul/2021:11:51:08 -0300] "POST /cormun/servlet/licenciaspermisos?c9d01d5f144c303c6ae06b68682b51bd,INS,0,,,,gx-no-cache=1625496054015 HTTP/1.1" 200 5102
200.30.252.117 - - [05/Jul/2021:11:51:09 -0300] "GET /cormun/servlet/permisogoce?INS,0,,, HTTP/1.1" 200 6853
200.30.252.117 - - [05/Jul/2021:11:51:09 -0300] "GET /cormun/servlet/permisogoce?INS,0,,, HTTP/1.1" 200 6832
200.30.252.117 - - [05/Jul/2021:11:51:19 -0300] "GET /cormun/servlet/permisogoce?92c9702e2462b67b0e3f1664319c2b54258ef074900662fb6e02ec5e9735fb5d649576b7e731bc9b3b554323f02f0b5b21305fe24ebbd5846d6df867d0d5aeb9,gx-no-cache=1625499647571 HTTP/1.1" 200 90
200.30.252.117 - - [05/Jul/2021:11:51:27 -0300] "GET /cormun/static/menuarrow.gif HTTP/1.1" 404 1015
200.30.252.117 - - [05/Jul/2021:11:51:33 -0300] "GET /cormun/servlet/permisogoce?92c9702e2462b67b0e3f1664319c2b54f7798c43ea0ca7cf42c7aecc6d8d26e692efa5e914eeac1042493c7669153950e16eefc523c2feb9242397fc745779c2,gx-no-cache=1625499661709 HTTP/1.1" 200 48
200.30.252.117 - - [05/Jul/2021:11:51:35 -0300] "POST /cormun/servlet/permisogoce?8dc8d214deeb11c708268cc65622465c,INS,0,,,,gx-no-cache=1625499663755 HTTP/1.1" 200 93
200.30.252.117 - - [05/Jul/2021:11:51:35 -0300] "GET /cormun/servlet/hpexe_return? HTTP/1.1" 200 1027
200.30.252.117 - - [05/Jul/2021:11:51:36 -0300] "GET /cormun/servlet/trpermisosgoce?gx-no-cache=1625499160413 HTTP/1.1" 200 14084
200.30.252.117 - - [05/Jul/2021:11:51:36 -0300] "GET /cormun/servlet/trpermisosgoce?gx-no-cache=1625499160413 HTTP/1.1" 200 14100
200.30.252.117 - - [05/Jul/2021:11:51:41 -0300] "GET /cormun/servlet/permisogoce?INS,0,,, HTTP/1.1" 200 6852
200.30.252.117 - - [05/Jul/2021:11:51:41 -0300] "GET /cormun/servlet/permisogoce?INS,0,,, HTTP/1.1" 200 6832
200.30.252.117 - - [05/Jul/2021:11:51:52 -0300] "GET /cormun/servlet/permisogoce?92c9702e2462b67b0e3f1664319c2b54f8f160c4f28dc0a724eb859ae226ed79649576b7e731bc9b3b554323f02f0b5b21305fe24ebbd5846d6df867d0d5aeb9,gx-no-cache=1625499681313 HTTP/1.1" 200 82
200.30.252.117 - - [05/Jul/2021:11:51:57 -0300] "GET /cormun/static/menuarrow.gif HTTP/1.1" 404 1015
200.30.252.117 - - [05/Jul/2021:11:52:07 -0300] "GET /cormun/servlet/permisogoce?92c9702e2462b67b0e3f1664319c2b54139d2630d6ca2d57255280fbdc48c7857360c554bf72591e27764cbd5f33e8fce16eefc523c2feb9242397fc745779c2,gx-no-cache=1625499695612 HTTP/1.1" 200 129
200.30.252.117 - - [05/Jul/2021:11:52:07 -0300] "GET /cormun/static/Shared/jqueryui/images/ui-bg_highlight-soft_100_c6c2c8_1x100.png HTTP/1.1" 404 1117
200.30.252.117 - - [05/Jul/2021:11:52:07 -0300] "GET /cormun/static/Shared/jqueryui/images/ui-icons_ebccce_256x240.png HTTP/1.1" 404 1089
200.30.252.117 - - [05/Jul/2021:11:52:07 -0300] "GET /cormun/static/Shared/jqueryui/images/ui-bg_flat_55_994d53_40x100.png HTTP/1.1" 404 1097
200.30.252.117 - - [05/Jul/2021:11:52:07 -0300] "GET /cormun/static/Shared/jqueryui/images/ui-icons_82798d_256x240.png HTTP/1.1" 404 1089
200.30.252.117 - - [05/Jul/2021:11:52:07 -0300] "POST /cormun/servlet/permisogoce?8dc8d214deeb11c708268cc65622465c,INS,0,,,,gx-no-cache=1625499695681 HTTP/1.1" 200 4500
200.30.252.117 - - [05/Jul/2021:11:52:12 -0300] "GET /cormun/servlet/permisogoce?92c9702e2462b67b0e3f1664319c2b54139d2630d6ca2d57255280fbdc48c7856887a24044cf3fa84c4774b60e7bf0c4e16eefc523c2feb9242397fc745779c2,gx-no-cache=1625499701087 HTTP/1.1" 200 46
200.30.252.117 - - [05/Jul/2021:11:52:15 -0300] "POST /cormun/servlet/permisogoce?8dc8d214deeb11c708268cc65622465c,INS,0,,,,gx-no-cache=1625499703580 HTTP/1.1" 200 93
200.30.252.117 - - [05/Jul/2021:11:52:15 -0300] "GET /cormun/servlet/hpexe_return? HTTP/1.1" 200 1027
200.30.252.117 - - [05/Jul/2021:11:52:15 -0300] "GET /cormun/servlet/trpermisosgoce?gx-no-cache=1625499160413 HTTP/1.1" 200 14358
200.30.252.117 - - [05/Jul/2021:11:52:16 -0300] "GET /cormun/servlet/trpermisosgoce?gx-no-cache=1625499160413 HTTP/1.1" 200 14374
200.30.252.117 - - [05/Jul/2021:11:52:18 -0300] "GET /cormun/servlet/permisogoce?INS,0,,, HTTP/1.1" 200 6853
200.30.252.117 - - [05/Jul/2021:11:52:18 -0300] "GET /cormun/servlet/permisogoce?INS,0,,, HTTP/1.1" 200 6833
200.30.252.117 - - [05/Jul/2021:11:52:31 -0300] "GET /cormun/servlet/permisogoce?92c9702e2462b67b0e3f1664319c2b54258ef074900662fb6e02ec5e9735fb5d649576b7e731bc9b3b554323f02f0b5b21305fe24ebbd5846d6df867d0d5aeb9,gx-no-cache=1625499719733 HTTP/1.1" 200 91
200.30.252.117 - - [05/Jul/2021:11:52:36 -0300] "GET /cormun/static/menuarrow.gif HTTP/1.1" 404 1015
200.30.252.117 - - [05/Jul/2021:11:52:44 -0300] "GET /cormun/servlet/permisogoce?92c9702e2462b67b0e3f1664319c2b54f7798c43ea0ca7cf42c7aecc6d8d26e6ad4a0352f413995e2809a1f8b27ed6968307804042fc4eb224e3b81db375489c,gx-no-cache=1625499733067 HTTP/1.1" 200 47
200.30.252.117 - - [05/Jul/2021:11:52:47 -0300] "POST /cormun/servlet/permisogoce?8dc8d214deeb11c708268cc65622465c,INS,0,,,,gx-no-cache=1625499735166 HTTP/1.1" 200 93
200.30.252.117 - - [05/Jul/2021:11:52:47 -0300] "GET /cormun/servlet/hpexe_return? HTTP/1.1" 200 1027
200.30.252.117 - - [05/Jul/2021:11:52:47 -0300] "GET /cormun/servlet/trpermisosgoce?gx-no-cache=1625499160413 HTTP/1.1" 200 14511
200.30.252.117 - - [05/Jul/2021:11:52:47 -0300] "GET /cormun/servlet/trpermisosgoce?gx-no-cache=1625499160413 HTTP/1.1" 200 14528
200.30.252.117 - - [05/Jul/2021:11:52:50 -0300] "GET /cormun/servlet/permisogoce?INS,0,,, HTTP/1.1" 200 6853
200.30.252.117 - - [05/Jul/2021:11:52:50 -0300] "GET /cormun/servlet/permisogoce?INS,0,,, HTTP/1.1" 200 6832
190.171.141.106 - - [05/Jul/2021:11:53:03 -0300] "GET /cormun/servlet/solicitudot?6de0376172c17cadda840df6384b692630817cb4452d9e836126c72b34cc42ea1f5f3927a8ad215314daa7565d35331b1e74948216f79b0f0f7051e8193ff6e7,gx-no-cache=1625496164497 HTTP/1.1" 200 30
190.171.141.106 - - [05/Jul/2021:11:53:03 -0300] "GET /cormun/servlet/solicitudot?6de0376172c17cadda840df6384b69263b0551ddae426230a424bff8050208c6a6cec0089d772ddfcc2eae80c75322f889019082bfa0a34c410923fa00649b275522b68d66a707af0713473347d525a6569da224d93e92e5be359590f7999f30cd219e67e426c5c569af4789c32bd884dcdb0e1f092de909c2b60599b5488e0227e3f68c345ed045d0fb192c7ff0cb03e5cdf6e78a679cb211e5b9e49a7dd9e68c02b338b4386792b5198aff87b48ca083555b05471f3c6a4506d94d08e48ca287a0d8f65271d93f086e322cd2dcfe2d10621b06dfe39922387afffc6db30d368b14f9123be9ba1346fa7e5729111f69fa18801c98a3cc12c5490d9664be4e58461028518d76a65df059f293056f6ec580308c8171706033a6645a25259fe032296abe302e315110889b1cd4207575fd22b85cad9e3a31fc4866157091855078e654ac0dc0f1a4841b5f9919496ca8dbee006b9990823fb778028430fff9db7fc43ad2c6fe64496effc2d934327354b63ef86de219565c5499a5870d74b37174816e543a07221de0f8b9a830dc13cf4b,gx-no-cache=1625496164577 HTTP/1.1" 200 30
190.171.141.106 - - [05/Jul/2021:11:53:03 -0300] "POST /cormun/servlet/solicitudot?gx-no-cache=1625496164629 HTTP/1.1" 200 30
190.171.141.106 - - [05/Jul/2021:11:53:03 -0300] "POST /cormun/servlet/solicitudot?gx-no-cache=1625496164682 HTTP/1.1" 200 1442
190.171.141.106 - - [05/Jul/2021:11:53:03 -0300] "POST /cormun/servlet/solicitudot?gx-no-cache=1625496164805 HTTP/1.1" 200 40
190.171.141.106 - - [05/Jul/2021:11:53:03 -0300] "GET /cormun/servlet/solicitudot?6de0376172c17cadda840df6384b6926db686c5372f8ed3409d6a45939a5cf0c235cabc11e74795f768afe1d2be3dc50f097a85ccec5d78016a3f872e98100bc258bda77ad7e21e76ea64251d9580b9e6f76d0553bf4a5f774aa8387dd6a672eb9ebc7ec91466bc02558fa658728238f,gx-no-cache=1625496164866 HTTP/1.1" 200 110
190.171.141.106 - - [05/Jul/2021:11:53:03 -0300] "POST /cormun/servlet/solicitudot?gx-no-cache=1625496164931 HTTP/1.1" 200 67
190.171.141.106 - - [05/Jul/2021:11:53:04 -0300] "GET /cormun/servlet/solicitudot?6de0376172c17cadda840df6384b692602fffcb12d0d056fc87e06eb4f30339d5035fa615f4ad04d74e8359cf83290d7,gx-no-cache=1625496164977 HTTP/1.1" 200 30
190.171.141.106 - - [05/Jul/2021:11:53:04 -0300] "POST /cormun/servlet/solicitudot?gx-no-cache=1625496165029 HTTP/1.1" 200 34
190.171.141.106 - - [05/Jul/2021:11:53:04 -0300] "POST /cormun/servlet/solicitudot?97f7ac0d8e8f794b52895cf1ee347a99,INS,0,0,false,,gx-no-cache=1625496165077 HTTP/1.1" 200 93
190.171.141.106 - - [05/Jul/2021:11:53:04 -0300] "GET /cormun/servlet/hpexe_return? HTTP/1.1" 200 1010
190.171.141.106 - - [05/Jul/2021:11:53:04 -0300] "GET /cormun/servlet/trsolicitudot HTTP/1.1" 200 9570
190.171.141.106 - - [05/Jul/2021:11:53:05 -0300] "GET /cormun/servlet/trsolicitudot HTTP/1.1" 200 9565
200.86.165.116 - - [05/Jul/2021:11:53:28 -0300] "GET /cormun/static/menuarrow.gif HTTP/1.1" 404 1015
190.171.141.106 - - [05/Jul/2021:11:53:49 -0300] "POST /cormun/servlet/trsolicitudot?97f7ac0d8e8f794b52895cf1ee347a99,gx-no-cache=1625496209969 HTTP/1.1" 200 6373
190.171.141.106 - - [05/Jul/2021:11:53:49 -0300] "GET /cormun/static/Shared/jqueryui/images/ui-bg_highlight-soft_100_c6c2c8_1x100.png HTTP/1.1" 404 1117
190.171.141.106 - - [05/Jul/2021:11:53:49 -0300] "GET /cormun/static/Shared/jqueryui/images/ui-icons_82798d_256x240.png HTTP/1.1" 404 1089
190.171.141.106 - - [05/Jul/2021:11:53:49 -0300] "GET /cormun/static/Shared/jqueryui/images/ui-bg_flat_55_fafafa_40x100.png HTTP/1.1" 404 1097
190.171.141.106 - - [05/Jul/2021:11:53:49 -0300] "GET /cormun/static/Shared/jqueryui/images/ui-icons_8d78a5_256x240.png HTTP/1.1" 404 1089
190.171.141.106 - - [05/Jul/2021:11:53:49 -0300] "POST /cormun/servlet/trsolicitudot?97f7ac0d8e8f794b52895cf1ee347a99,gx-no-cache=1625496210342 HTTP/1.1" 200 6315
200.30.252.117 - - [05/Jul/2021:11:54:02 -0300] "GET /cormun/servlet/permisogoce?92c9702e2462b67b0e3f1664319c2b54481c8c0aaad6c4d8cac9ca0850e7f949649576b7e731bc9b3b554323f02f0b5b21305fe24ebbd5846d6df867d0d5aeb9,gx-no-cache=1625499810829 HTTP/1.1" 200 76
200.30.252.117 - - [05/Jul/2021:11:54:07 -0300] "GET /cormun/static/menuarrow.gif HTTP/1.1" 404 1015
200.30.252.117 - - [05/Jul/2021:11:54:13 -0300] "GET /cormun/servlet/permisogoce?92c9702e2462b67b0e3f1664319c2b54b097bc1a368b7ac8734e4b603000b202db44e4fa4068401e44c8f60684f9d91be16eefc523c2feb9242397fc745779c2,gx-no-cache=1625499821633 HTTP/1.1" 200 46
200.30.252.117 - - [05/Jul/2021:11:54:21 -0300] "GET /cormun/servlet/permisogoce?92c9702e2462b67b0e3f1664319c2b54b097bc1a368b7ac8734e4b603000b20202efacca7df6359f450045e6dba495698718a8685b449c7e8aec8e29dc02e3ed,gx-no-cache=1625499829864 HTTP/1.1" 200 46
200.30.252.117 - - [05/Jul/2021:11:54:23 -0300] "POST /cormun/servlet/permisogoce?8dc8d214deeb11c708268cc65622465c,INS,0,,,,gx-no-cache=1625499831793 HTTP/1.1" 200 93
200.30.252.117 - - [05/Jul/2021:11:54:23 -0300] "GET /cormun/servlet/hpexe_return? HTTP/1.1" 200 1027
200.30.252.117 - - [05/Jul/2021:11:54:24 -0300] "GET /cormun/servlet/trpermisosgoce?gx-no-cache=1625499160413 HTTP/1.1" 200 14663
200.30.252.117 - - [05/Jul/2021:11:54:24 -0300] "GET /cormun/servlet/trpermisosgoce?gx-no-cache=1625499160413 HTTP/1.1" 200 14679
200.30.252.117 - - [05/Jul/2021:11:54:27 -0300] "GET /cormun/servlet/permisogoce?INS,0,,, HTTP/1.1" 200 6852
200.30.252.117 - - [05/Jul/2021:11:54:28 -0300] "GET /cormun/servlet/permisogoce?INS,0,,, HTTP/1.1" 200 6832
200.30.252.117 - - [05/Jul/2021:11:54:36 -0300] "GET /cormun/servlet/permisogoce?92c9702e2462b67b0e3f1664319c2b54ba31be6688f84070bc687075b776483d649576b7e731bc9b3b554323f02f0b5b21305fe24ebbd5846d6df867d0d5aeb9,gx-no-cache=1625499845121 HTTP/1.1" 200 79
200.30.252.117 - - [05/Jul/2021:11:54:40 -0300] "GET /cormun/static/menuarrow.gif HTTP/1.1" 404 1015
200.30.252.117 - - [05/Jul/2021:11:54:49 -0300] "GET /cormun/servlet/permisogoce?92c9702e2462b67b0e3f1664319c2b546b34976ecef15a51d757b2f7dfa2455beba1d13511fd939414fae9446196efd9e16eefc523c2feb9242397fc745779c2,gx-no-cache=1625499857438 HTTP/1.1" 200 129
200.30.252.117 - - [05/Jul/2021:11:54:49 -0300] "GET /cormun/static/Shared/jqueryui/images/ui-bg_highlight-soft_100_c6c2c8_1x100.png HTTP/1.1" 404 1117
200.30.252.117 - - [05/Jul/2021:11:54:49 -0300] "GET /cormun/static/Shared/jqueryui/images/ui-icons_82798d_256x240.png HTTP/1.1" 404 1089
200.30.252.117 - - [05/Jul/2021:11:54:49 -0300] "GET /cormun/static/Shared/jqueryui/images/ui-icons_ebccce_256x240.png HTTP/1.1" 404 1089
200.30.252.117 - - [05/Jul/2021:11:54:49 -0300] "GET /cormun/static/Shared/jqueryui/images/ui-bg_flat_55_994d53_40x100.png HTTP/1.1" 404 1097
200.30.252.117 - - [05/Jul/2021:11:54:53 -0300] "GET /cormun/servlet/permisogoce?92c9702e2462b67b0e3f1664319c2b546b34976ecef15a51d757b2f7dfa2455bc95c685c8d8c3c7c88aec4625bcd36f1e16eefc523c2feb9242397fc745779c2,gx-no-cache=1625499862038 HTTP/1.1" 200 46
200.30.252.117 - - [05/Jul/2021:11:54:56 -0300] "POST /cormun/servlet/permisogoce?8dc8d214deeb11c708268cc65622465c,INS,0,,,,gx-no-cache=1625499864218 HTTP/1.1" 200 93
200.30.252.117 - - [05/Jul/2021:11:54:56 -0300] "GET /cormun/servlet/hpexe_return? HTTP/1.1" 200 1027
200.30.252.117 - - [05/Jul/2021:11:54:56 -0300] "GET /cormun/servlet/trpermisosgoce?gx-no-cache=1625499160413 HTTP/1.1" 200 14943
200.30.252.117 - - [05/Jul/2021:11:54:57 -0300] "GET /cormun/servlet/trpermisosgoce?gx-no-cache=1625499160413 HTTP/1.1" 200 14958
192.168.10.78 - - [05/Jul/2021:11:55:01 -0300] "GET /cormun/servlet/trautorizarot? HTTP/1.1" 200 10699
192.168.10.78 - - [05/Jul/2021:11:55:01 -0300] "GET /cormun/servlet/hlogin HTTP/1.1" 200 1741
192.168.10.78 - - [05/Jul/2021:11:55:01 -0300] "GET /cormun/servlet/trautorizarot? HTTP/1.1" 200 10692
200.30.252.117 - - [05/Jul/2021:11:55:01 -0300] "GET /cormun/servlet/permisogoce?INS,0,,, HTTP/1.1" 200 6853
200.30.252.117 - - [05/Jul/2021:11:55:02 -0300] "GET /cormun/servlet/permisogoce?INS,0,,, HTTP/1.1" 200 6832
200.86.165.116 - - [05/Jul/2021:11:55:07 -0300] "GET /cormun/servlet/licenciaspermisos?f0c061dfe7ff66dad6908f237937e552b0e744b920d9d1e81ced475f7dcb140ed5d93944b01b63f791f3b8dc9e6e26f5f464bfe0a0256d6d572959eb0d6c8576ce4035d0b58f37d0f0ac095e91129cfcf9cc06e88d9de6a2ac684fdf19edd180d90561f3cd38bca74bf458ccf42b0b5ada8df164b4d087606e66f115d45593dabe7e9db99e9cd60b10680cdec33c6d7234dbd69e7eadc96205746d7d626e764f5c745700e9143d60f2be405cab0381b3,gx-no-cache=1625496292829 HTTP/1.1" 200 30
200.86.165.116 - - [05/Jul/2021:11:55:08 -0300] "POST /cormun/servlet/licenciaspermisos?c9d01d5f144c303c6ae06b68682b51bd,INS,0,,,,gx-no-cache=1625496293303 HTTP/1.1" 200 5157
192.168.10.78 - - [05/Jul/2021:11:55:08 -0300] "POST /cormun/servlet/hlogin?a700ed7c327d3d00dbbfd1096e16e80e,gx-no-cache=1625496153477 HTTP/1.1" 200 90
192.168.10.78 - - [05/Jul/2021:11:55:08 -0300] "GET /cormun/servlet/hpexe_link HTTP/1.1" 200 956
192.168.10.78 - - [05/Jul/2021:11:55:08 -0300] "GET /cormun/servlet/trautorizarot HTTP/1.1" 200 11174
192.168.10.78 - - [05/Jul/2021:11:55:08 -0300] "GET /cormun/servlet/trautorizarot HTTP/1.1" 200 11173
200.86.165.116 - - [05/Jul/2021:11:55:09 -0300] "GET /cormun/servlet/licenciaspermisos?f0c061dfe7ff66dad6908f237937e552dee40c1b9b933e3ef9601fe75710c4bfd7a36cdfcf216757ec43040a4b64c10870afd8ec37eccb33d9323be227cc29a0f5721ef014440dabd8fcfd13c4df57a9cc410949cfb452f64ed1f902fb65ce99cf3bf9a5293ce3b919ec28ef9826d8950cce9f71c1717beda6a4fa2895ac5885,gx-no-cache=1625496294628 HTTP/1.1" 200 101
200.86.165.116 - - [05/Jul/2021:11:55:09 -0300] "POST /cormun/servlet/licenciaspermisos?c9d01d5f144c303c6ae06b68682b51bd,INS,0,,,,gx-no-cache=1625496294734 HTTP/1.1" 200 5146
200.30.252.117 - - [05/Jul/2021:11:55:09 -0300] "GET /cormun/servlet/permisogoce?92c9702e2462b67b0e3f1664319c2b545e731f5f3421ab5cc7d3ba79acfa8e3c5323eda9feb613a741e716ace99404a823a1d7f0eec2df0073ace30679072ff1,gx-no-cache=1625499878085 HTTP/1.1" 200 84
200.30.252.117 - - [05/Jul/2021:11:55:12 -0300] "GET /cormun/static/menuarrow.gif HTTP/1.1" 404 1015
192.168.10.78 - - [05/Jul/2021:11:55:14 -0300] "POST /cormun/servlet/trautorizarot?a700ed7c327d3d00dbbfd1096e16e80e,gx-no-cache=1625496159910 HTTP/1.1" 200 5075
200.30.252.117 - - [05/Jul/2021:11:55:18 -0300] "GET /cormun/servlet/permisogoce?92c9702e2462b67b0e3f1664319c2b54c0e64a4e31bd9727e1a656a693f4af2fefaa88948a1c88cbf621089c794180b2f04f1515fd65b621d1eb9af961573f16,gx-no-cache=1625499886526 HTTP/1.1" 200 45
200.30.252.117 - - [05/Jul/2021:11:55:20 -0300] "POST /cormun/servlet/permisogoce?8dc8d214deeb11c708268cc65622465c,INS,0,,,,gx-no-cache=1625499888635 HTTP/1.1" 200 93
200.30.252.117 - - [05/Jul/2021:11:55:20 -0300] "GET /cormun/servlet/hpexe_return? HTTP/1.1" 200 1027
200.30.252.117 - - [05/Jul/2021:11:55:20 -0300] "GET /cormun/servlet/trpermisosgoce?gx-no-cache=1625499160413 HTTP/1.1" 200 15139
200.30.252.117 - - [05/Jul/2021:11:55:21 -0300] "GET /cormun/servlet/trpermisosgoce?gx-no-cache=1625499160413 HTTP/1.1" 200 15154
200.30.252.117 - - [05/Jul/2021:11:55:23 -0300] "GET /cormun/servlet/permisogoce?INS,0,,, HTTP/1.1" 200 6853
200.30.252.117 - - [05/Jul/2021:11:55:24 -0300] "GET /cormun/servlet/permisogoce?INS,0,,, HTTP/1.1" 200 6833
200.30.252.117 - - [05/Jul/2021:11:55:32 -0300] "GET /cormun/servlet/permisogoce?92c9702e2462b67b0e3f1664319c2b545c7fd4af3cbd2741673a5a5c0cce62755323eda9feb613a741e716ace99404a823a1d7f0eec2df0073ace30679072ff1,gx-no-cache=1625499900677 HTTP/1.1" 200 75
200.30.252.117 - - [05/Jul/2021:11:55:35 -0300] "GET /cormun/static/menuarrow.gif HTTP/1.1" 404 1015
200.30.252.117 - - [05/Jul/2021:11:55:42 -0300] "GET /cormun/servlet/permisogoce?92c9702e2462b67b0e3f1664319c2b547326e683afdff70f70b5a4ae7b9c41933175788aa95a9f1fb75de687e3e1ee8d8bf065a9bab81f4000506ada6a65e2b0,gx-no-cache=1625499910534 HTTP/1.1" 200 46
200.30.252.117 - - [05/Jul/2021:11:55:44 -0300] "POST /cormun/servlet/permisogoce?8dc8d214deeb11c708268cc65622465c,INS,0,,,,gx-no-cache=1625499912580 HTTP/1.1" 200 93
200.30.252.117 - - [05/Jul/2021:11:55:44 -0300] "GET /cormun/servlet/hpexe_return? HTTP/1.1" 200 1027
200.30.252.117 - - [05/Jul/2021:11:55:44 -0300] "GET /cormun/servlet/trpermisosgoce?gx-no-cache=1625499160413 HTTP/1.1" 200 15357
200.30.252.117 - - [05/Jul/2021:11:55:45 -0300] "GET /cormun/servlet/trpermisosgoce?gx-no-cache=1625499160413 HTTP/1.1" 200 15373
200.30.252.117 - - [05/Jul/2021:11:55:47 -0300] "GET /cormun/servlet/permisogoce?INS,0,,, HTTP/1.1" 200 6853
200.30.252.117 - - [05/Jul/2021:11:55:47 -0300] "GET /cormun/servlet/permisogoce?INS,0,,, HTTP/1.1" 200 6853
200.30.252.117 - - [05/Jul/2021:11:55:48 -0300] "GET /cormun/servlet/permisogoce?INS,0,,, HTTP/1.1" 200 6832
200.30.252.117 - - [05/Jul/2021:11:55:57 -0300] "GET /cormun/servlet/permisogoce?92c9702e2462b67b0e3f1664319c2b54178598896d53642778a7d3522f5cbf5c649576b7e731bc9b3b554323f02f0b5b21305fe24ebbd5846d6df867d0d5aeb9,gx-no-cache=1625499926209 HTTP/1.1" 200 79
200.30.252.117 - - [05/Jul/2021:11:56:05 -0300] "GET /cormun/static/menuarrow.gif HTTP/1.1" 404 1015
200.30.252.117 - - [05/Jul/2021:11:56:09 -0300] "GET /cormun/servlet/permisogoce?92c9702e2462b67b0e3f1664319c2b54a6c8d1141a108b677264ed5c3f99fa11edab10df47914ffc9a5b1bc87865c263e16eefc523c2feb9242397fc745779c2,gx-no-cache=1625499937840 HTTP/1.1" 200 47
192.168.10.78 - - [05/Jul/2021:11:56:18 -0300] "GET /cormun/servlet/trsolicitudgral? HTTP/1.1" 200 18525
192.168.10.78 - - [05/Jul/2021:11:56:18 -0300] "GET /cormun/servlet/trsolicitudgral? HTTP/1.1" 200 18524
200.30.252.117 - - [05/Jul/2021:11:56:38 -0300] "GET /cormun/servlet/permisogoce?92c9702e2462b67b0e3f1664319c2b54a6c8d1141a108b677264ed5c3f99fa11834dbc043fd9cace346a98377719c5a791981415b129c3450c1a14da963dd529,gx-no-cache=1625499966459 HTTP/1.1" 200 47
200.30.252.117 - - [05/Jul/2021:11:56:42 -0300] "POST /cormun/servlet/permisogoce?8dc8d214deeb11c708268cc65622465c,INS,0,,,,gx-no-cache=1625499970652 HTTP/1.1" 200 93
200.30.252.117 - - [05/Jul/2021:11:56:42 -0300] "GET /cormun/servlet/hpexe_return? HTTP/1.1" 200 1027
200.30.252.117 - - [05/Jul/2021:11:56:43 -0300] "GET /cormun/servlet/trpermisosgoce?gx-no-cache=1625499160413 HTTP/1.1" 200 15610
200.30.252.117 - - [05/Jul/2021:11:56:43 -0300] "GET /cormun/servlet/trpermisosgoce?gx-no-cache=1625499160413 HTTP/1.1" 200 15626
200.30.252.117 - - [05/Jul/2021:11:56:45 -0300] "GET /cormun/servlet/permisogoce?INS,0,,, HTTP/1.1" 200 6852
200.30.252.117 - - [05/Jul/2021:11:56:46 -0300] "GET /cormun/servlet/permisogoce?INS,0,,, HTTP/1.1" 200 6832
200.30.252.117 - - [05/Jul/2021:11:56:54 -0300] "GET /cormun/servlet/permisogoce?92c9702e2462b67b0e3f1664319c2b548171bed4fc3e3e120b53cf8615d44eb3649576b7e731bc9b3b554323f02f0b5b21305fe24ebbd5846d6df867d0d5aeb9,gx-no-cache=1625499982912 HTTP/1.1" 200 77
200.30.252.117 - - [05/Jul/2021:11:56:58 -0300] "GET /cormun/static/menuarrow.gif HTTP/1.1" 404 1015
200.30.252.117 - - [05/Jul/2021:11:57:03 -0300] "GET /cormun/servlet/permisogoce?92c9702e2462b67b0e3f1664319c2b547efd244db92c0e8735dff82b2c63ce33ad420d50d0540e94c620f907139562b6e16eefc523c2feb9242397fc745779c2,gx-no-cache=1625499991635 HTTP/1.1" 200 46
200.30.252.117 - - [05/Jul/2021:11:57:08 -0300] "POST /cormun/servlet/permisogoce?8dc8d214deeb11c708268cc65622465c,INS,0,,,,gx-no-cache=1625499996505 HTTP/1.1" 200 93
200.30.252.117 - - [05/Jul/2021:11:57:08 -0300] "GET /cormun/servlet/hpexe_return? HTTP/1.1" 200 1027
200.30.252.117 - - [05/Jul/2021:11:57:08 -0300] "GET /cormun/servlet/trpermisosgoce?gx-no-cache=1625499160413 HTTP/1.1" 200 15782
200.30.252.117 - - [05/Jul/2021:11:57:09 -0300] "GET /cormun/servlet/trpermisosgoce?gx-no-cache=1625499160413 HTTP/1.1" 200 15798
200.30.252.117 - - [05/Jul/2021:11:57:17 -0300] "GET /cormun/servlet/permisogoce?INS,0,,, HTTP/1.1" 200 6852
200.30.252.117 - - [05/Jul/2021:11:57:18 -0300] "GET /cormun/servlet/permisogoce?INS,0,,, HTTP/1.1" 200 6832
200.30.252.117 - - [05/Jul/2021:11:57:30 -0300] "GET /cormun/servlet/permisogoce?92c9702e2462b67b0e3f1664319c2b54b3538746ee3fe0ef6c80cfc0f8b31a92649576b7e731bc9b3b554323f02f0b5b21305fe24ebbd5846d6df867d0d5aeb9,gx-no-cache=1625500018950 HTTP/1.1" 200 76
200.30.252.117 - - [05/Jul/2021:11:57:34 -0300] "GET /cormun/static/menuarrow.gif HTTP/1.1" 404 1015
200.30.252.117 - - [05/Jul/2021:11:57:41 -0300] "GET /cormun/servlet/permisogoce?92c9702e2462b67b0e3f1664319c2b54a8ae541b8c45458b6dd218b4071da27151154c7a01a1107348fa3a658da2528ae16eefc523c2feb9242397fc745779c2,gx-no-cache=1625500029548 HTTP/1.1" 200 47
200.30.252.117 - - [05/Jul/2021:11:57:43 -0300] "POST /cormun/servlet/permisogoce?8dc8d214deeb11c708268cc65622465c,INS,0,,,,gx-no-cache=1625500031652 HTTP/1.1" 200 93
200.30.252.117 - - [05/Jul/2021:11:57:43 -0300] "GET /cormun/servlet/hpexe_return? HTTP/1.1" 200 1027
200.30.252.117 - - [05/Jul/2021:11:57:44 -0300] "GET /cormun/servlet/trpermisosgoce?gx-no-cache=1625499160413 HTTP/1.1" 200 15960
200.30.252.117 - - [05/Jul/2021:11:57:44 -0300] "GET /cormun/servlet/trpermisosgoce?gx-no-cache=1625499160413 HTTP/1.1" 200 15976
200.30.252.117 - - [05/Jul/2021:11:57:57 -0300] "GET /cormun/servlet/permisogoce?UPD,7419043,P,20210705104249, HTTP/1.1" 200 6904
200.30.252.117 - - [05/Jul/2021:11:57:57 -0300] "GET /cormun/servlet/permisogoce?UPD,7419043,P,20210705104249, HTTP/1.1" 200 6884
200.30.252.117 - - [05/Jul/2021:11:57:58 -0300] "GET /cormun/servlet/permisogoce?92c9702e2462b67b0e3f1664319c2b545c7fd4af3cbd2741673a5a5c0cce62755f2945b63fdb1850507dc2579f254f08450f7cd2fd7ca317ecc68fe0b860b45a,gx-no-cache=1625500046559 HTTP/1.1" 200 74
200.30.252.117 - - [05/Jul/2021:11:58:03 -0300] "GET /cormun/static/menuarrow.gif HTTP/1.1" 404 1015
200.30.252.117 - - [05/Jul/2021:11:58:08 -0300] "GET /cormun/servlet/permisogoce?92c9702e2462b67b0e3f1664319c2b547326e683afdff70f70b5a4ae7b9c4193215ad01399622fbbe253fd06939ef2e2cf840c0a8319ecd01ce63eef3b252565,gx-no-cache=1625500056380 HTTP/1.1" 200 46
200.30.252.117 - - [05/Jul/2021:11:58:10 -0300] "POST /cormun/servlet/permisogoce?8dc8d214deeb11c708268cc65622465c,UPD,7419043,P,20210705104249,,gx-no-cache=1625500058471 HTTP/1.1" 200 93
200.30.252.117 - - [05/Jul/2021:11:58:10 -0300] "GET /cormun/servlet/hpexe_return? HTTP/1.1" 200 1044
200.30.252.117 - - [05/Jul/2021:11:58:10 -0300] "GET /cormun/servlet/trpermisosgoce?gx-no-cache=1625499160413 HTTP/1.1" 200 15950
200.30.252.117 - - [05/Jul/2021:11:58:11 -0300] "GET /cormun/servlet/trpermisosgoce?gx-no-cache=1625499160413 HTTP/1.1" 200 15966
200.30.252.117 - - [05/Jul/2021:11:58:27 -0300] "GET /cormun/servlet/permisogoce?INS,0,,, HTTP/1.1" 200 6853
200.30.252.117 - - [05/Jul/2021:11:58:27 -0300] "GET /cormun/servlet/permisogoce?INS,0,,, HTTP/1.1" 200 6832
200.30.252.117 - - [05/Jul/2021:11:58:37 -0300] "GET /cormun/servlet/permisogoce?92c9702e2462b67b0e3f1664319c2b54297095309565a0c549e0c6db933cf2a4649576b7e731bc9b3b554323f02f0b5b21305fe24ebbd5846d6df867d0d5aeb9,gx-no-cache=1625500085461 HTTP/1.1" 200 80
200.30.252.117 - - [05/Jul/2021:11:58:40 -0300] "GET /cormun/static/menuarrow.gif HTTP/1.1" 404 1015
200.30.252.117 - - [05/Jul/2021:11:58:45 -0300] "GET /cormun/servlet/permisogoce?92c9702e2462b67b0e3f1664319c2b542e11e14e6dd764d7d34e6ead0a424ff426cd34141f4bbd63e7b4d06519a8c0fde16eefc523c2feb9242397fc745779c2,gx-no-cache=1625500094350 HTTP/1.1" 200 46
200.30.252.117 - - [05/Jul/2021:11:58:48 -0300] "POST /cormun/servlet/permisogoce?8dc8d214deeb11c708268cc65622465c,INS,0,,,,gx-no-cache=1625500096889 HTTP/1.1" 200 93
200.30.252.117 - - [05/Jul/2021:11:58:48 -0300] "GET /cormun/servlet/hpexe_return? HTTP/1.1" 200 1027
200.30.252.117 - - [05/Jul/2021:11:58:49 -0300] "GET /cormun/servlet/trpermisosgoce?gx-no-cache=1625499160413 HTTP/1.1" 200 16107
200.30.252.117 - - [05/Jul/2021:11:58:49 -0300] "GET /cormun/servlet/trpermisosgoce?gx-no-cache=1625499160413 HTTP/1.1" 200 16123
200.30.252.117 - - [05/Jul/2021:11:58:52 -0300] "GET /cormun/servlet/permisogoce?INS,0,,, HTTP/1.1" 200 6853
200.30.252.117 - - [05/Jul/2021:11:58:52 -0300] "GET /cormun/servlet/permisogoce?INS,0,,, HTTP/1.1" 200 6833
200.30.252.117 - - [05/Jul/2021:11:59:01 -0300] "GET /cormun/servlet/permisogoce?92c9702e2462b67b0e3f1664319c2b540765b5bdf74563c9ae1eab9af2405642649576b7e731bc9b3b554323f02f0b5b21305fe24ebbd5846d6df867d0d5aeb9,gx-no-cache=1625500109352 HTTP/1.1" 200 89
200.30.252.117 - - [05/Jul/2021:11:59:05 -0300] "GET /cormun/static/menuarrow.gif HTTP/1.1" 404 1015
200.30.252.117 - - [05/Jul/2021:11:59:09 -0300] "GET /cormun/servlet/permisogoce?92c9702e2462b67b0e3f1664319c2b54f7798c43ea0ca7cf42c7aecc6d8d26e69ab51b7b176d6d7d4e4a9596650dcb6fe16eefc523c2feb9242397fc745779c2,gx-no-cache=1625500117526 HTTP/1.1" 200 45
200.30.252.117 - - [05/Jul/2021:11:59:11 -0300] "POST /cormun/servlet/permisogoce?8dc8d214deeb11c708268cc65622465c,INS,0,,,,gx-no-cache=1625500119329 HTTP/1.1" 200 93
200.30.252.117 - - [05/Jul/2021:11:59:11 -0300] "GET /cormun/servlet/hpexe_return? HTTP/1.1" 200 1027
200.30.252.117 - - [05/Jul/2021:11:59:11 -0300] "GET /cormun/servlet/trpermisosgoce?gx-no-cache=1625499160413 HTTP/1.1" 200 16326
200.30.252.117 - - [05/Jul/2021:11:59:12 -0300] "GET /cormun/servlet/trpermisosgoce?gx-no-cache=1625499160413 HTTP/1.1" 200 16342
200.30.252.117 - - [05/Jul/2021:11:59:16 -0300] "POST /cormun/servlet/trpermisosgoce?8dc8d214deeb11c708268cc65622465c,gx-no-cache=1625499160413,gx-no-cache=1625500124909 HTTP/1.1" 200 104
200.30.252.117 - - [05/Jul/2021:11:59:16 -0300] "GET /cormun/PermisosGoce-7950.xls HTTP/1.1" 200 13312
200.30.252.117 - - [05/Jul/2021:11:59:30 -0300] "GET /cormun/static/menuarrow.gif HTTP/1.1" 404 1015
192.168.10.78 - - [05/Jul/2021:11:59:38 -0300] "POST /cormun/servlet/trsolicitudgral?a700ed7c327d3d00dbbfd1096e16e80e,,gx-no-cache=1625496423124 HTTP/1.1" 200 7230
200.30.252.117 - - [05/Jul/2021:11:59:38 -0300] "POST /cormun/servlet/trpermisosgoce?8dc8d214deeb11c708268cc65622465c,gx-no-cache=1625499160413,gx-no-cache=1625500146507 HTTP/1.1" 200 13595
200.30.252.117 - - [05/Jul/2021:11:59:42 -0300] "POST /cormun/servlet/trpermisosgoce?8dc8d214deeb11c708268cc65622465c,gx-no-cache=1625499160413,gx-no-cache=1625500150822 HTTP/1.1" 200 104
200.30.252.117 - - [05/Jul/2021:11:59:42 -0300] "GET /cormun/PermisosGoce-9401.xls HTTP/1.1" 200 13312
200.86.165.116 - - [05/Jul/2021:12:01:16 -0300] "GET /cormun/servlet/prfichaempleado?,MD,,gxPopupLevel%3D0%3B HTTP/1.1" 200 9337
200.86.165.116 - - [05/Jul/2021:12:01:39 -0300] "POST /cormun/servlet/prfichaempleado?c9d01d5f144c303c6ae06b68682b51bd,,MD,,gxPopupLevel%3D0%3B,gx-no-cache=1625496684398 HTTP/1.1" 200 3179
200.86.165.116 - - [05/Jul/2021:12:01:49 -0300] "GET /cormun/servlet/licenciaspermisos?f0c061dfe7ff66dad6908f237937e552b75fe92ee78dfdb7c1a2a6ceb118c8982e1f79f589e84625ec50f062d82680ecbc070487a9ef23270e1f6b572bc19f512956ae31b63ad6e91878a97a9cd75f7c1141764bdcce102bfa79d0cafe24976786fc881c46304841d62f216f4b2f46e4ab115ebf7d640ce1408f6a3449cc4a8c43acbabe7f84ba16694dd25efc8110e66332bb39594c403e197b583f1e44df98f08b41066e2b229bb072a173e3d5a668,gx-no-cache=1625496694895 HTTP/1.1" 200 29
200.86.165.116 - - [05/Jul/2021:12:02:23 -0300] "GET /cormun/servlet/licenciaspermisos?f0c061dfe7ff66dad6908f237937e552b75fe92ee78dfdb7c1a2a6ceb118c8982e1f79f589e84625ec50f062d82680ecbc070487a9ef23270e1f6b572bc19f512956ae31b63ad6e91878a97a9cd75f7c1141764bdcce102bfa79d0cafe24976786fc881c46304841d62f216f4b2f46e4ab115ebf7d640ce1408f6a3449cc4a8c43acbabe7f84ba16694dd25efc8110e66332bb39594c403e197b583f1e44df98f08b41066e2b229bb072a173e3d5a668,gx-no-cache=1625496728915 HTTP/1.1" 200 29
200.86.165.116 - - [05/Jul/2021:12:02:29 -0300] "POST /cormun/servlet/licenciaspermisos?c9d01d5f144c303c6ae06b68682b51bd,INS,0,,,,gx-no-cache=1625496734095 HTTP/1.1" 200 93
200.86.165.116 - - [05/Jul/2021:12:02:29 -0300] "GET /cormun/servlet/hpexe_return? HTTP/1.1" 200 1018
200.86.165.116 - - [05/Jul/2021:12:02:30 -0300] "GET /cormun/static/gxcfg.js?201991422392976 HTTP/1.1" 200 953
200.86.165.116 - - [05/Jul/2021:12:02:30 -0300] "GET /cormun/static/hpexe_return.js?201991422392984 HTTP/1.1" 200 1633
190.171.141.114 - - [05/Jul/2021:12:02:30 -0300] "GET /cormun/servlet/hlogin HTTP/1.1" 200 1721
200.86.165.116 - - [05/Jul/2021:12:02:31 -0300] "GET /cormun/servlet/trlicencias? HTTP/1.1" 200 9924
200.86.165.116 - - [05/Jul/2021:12:02:35 -0300] "GET /cormun/servlet/trlicencias? HTTP/1.1" 200 9918
200.86.165.116 - - [05/Jul/2021:12:02:35 -0300] "GET /cormun//static/Resources/PXToolsGridUpdate.png HTTP/1.1" 200 470
200.86.165.116 - - [05/Jul/2021:12:02:35 -0300] "GET /cormun//static/Resources/PXToolsGridDelete.png HTTP/1.1" 200 538
190.171.141.114 - - [05/Jul/2021:12:02:43 -0300] "POST /cormun/servlet/hlogin?b1f349a265be4ffd30bd64e7b1dd2ac6,gx-no-cache=1625496691178 HTTP/1.1" 200 90
190.171.141.114 - - [05/Jul/2021:12:02:44 -0300] "GET /cormun/servlet/hpexe_link HTTP/1.1" 200 950
190.171.141.114 - - [05/Jul/2021:12:02:44 -0300] "GET /cormun/servlet/hhome HTTP/1.1" 200 3977
190.171.141.114 - - [05/Jul/2021:12:02:46 -0300] "GET /cormun/servlet/hhome HTTP/1.1" 200 3973
200.86.165.116 - - [05/Jul/2021:12:02:47 -0300] "GET /cormun/servlet/trlicencias? HTTP/1.1" 200 9918
200.86.165.116 - - [05/Jul/2021:12:02:51 -0300] "GET /cormun/servlet/trlicencias? HTTP/1.1" 200 9918
190.171.141.114 - - [05/Jul/2021:12:02:52 -0300] "GET /cormun/servlet/trlicencias? HTTP/1.1" 200 10771
190.171.141.114 - - [05/Jul/2021:12:02:54 -0300] "GET /cormun/servlet/trlicencias? HTTP/1.1" 200 10768
190.171.141.114 - - [05/Jul/2021:12:02:59 -0300] "POST /cormun/servlet/trlicencias?b1f349a265be4ffd30bd64e7b1dd2ac6,,gx-no-cache=1625496706361 HTTP/1.1" 200 8257
200.86.165.116 - - [05/Jul/2021:12:03:27 -0300] "GET /cormun/servlet/alicenciaprn?9325030,L,20210705000000,PU HTTP/1.1" 200 1556
200.86.165.116 - - [05/Jul/2021:12:04:04 -0300] "GET /cormun/servlet/licenciaspermisos?UPD,9325030,L,20210705000000, HTTP/1.1" 200 8082
200.86.165.116 - - [05/Jul/2021:12:04:07 -0300] "GET /cormun/servlet/licenciaspermisos?UPD,9325030,L,20210705000000, HTTP/1.1" 200 8101
200.86.165.116 - - [05/Jul/2021:12:04:08 -0300] "GET /cormun/servlet/licenciaspermisos?f0c061dfe7ff66dad6908f237937e552dee40c1b9b933e3ef9601fe75710c4bf025b0e1946cd28cbfa2745a153119019345cef81c35a5a03d1ec7e5812e85e718e5a94d5c43596e324ae0f9086a5852e90d2745ab5785dc279ed946d9fdd6b73,gx-no-cache=1625496833629 HTTP/1.1" 200 101
200.86.165.116 - - [05/Jul/2021:12:04:10 -0300] "GET /cormun/servlet/licenciaspermisos?f0c061dfe7ff66dad6908f237937e552af09528f93b99910098b72fafc2c8ec6d5d93944b01b63f791f3b8dc9e6e26f5f464bfe0a0256d6d572959eb0d6c8576ce4035d0b58f37d0f0ac095e91129cfcf9cc06e88d9de6a2ac684fdf19edd18081be8c1db6ea794fbc47979132c47e56da8df164b4d087606e66f115d45593da89d5715e9ce87478b1c8bce7e11447d69f1132ef1d421dd846f9fc45d3b4e9afe384fc5367a02169e95636ebce546a721e960b6a94c0d05d8cf8cc2cc473431b86d585724db7e993fd9f8e395001a4e8392f41a30794c3d22416fc584b8cd627,gx-no-cache=1625496835667 HTTP/1.1" 200 30
200.86.165.116 - - [05/Jul/2021:12:04:37 -0300] "GET /cormun/servlet/licenciaspermisos?f0c061dfe7ff66dad6908f237937e552b75fe92ee78dfdb7c1a2a6ceb118c8982e1f79f589e84625ec50f062d82680ecbc070487a9ef23270e1f6b572bc19f512956ae31b63ad6e91878a97a9cd75f7c1141764bdcce102bfa79d0cafe2497674433dd519245f2b41d77d62ae7ec94e0ab115ebf7d640ce1408f6a3449cc4a8c044e4417bca020d2f2b8ece8b2def4ab8945cc3cabb8e79f941f89cd8720728a46d2aed8258decb7328f9831157e7c4a373d3950bce0b0067383472bf34803488089b3dda32e932e0aadfc365d75fd00eb3cc7af3b92a3280b17bf3d0b011b9b1f5f18b5a584c0b42d9db3b30cbe4a1b,gx-no-cache=1625496862462 HTTP/1.1" 200 29
200.86.165.116 - - [05/Jul/2021:12:04:40 -0300] "GET /cormun/servlet/prfichaempleado?,MD,,gxPopupLevel%3D0%3B HTTP/1.1" 200 9351
200.86.165.116 - - [05/Jul/2021:12:04:59 -0300] "POST /cormun/servlet/prfichaempleado?c9d01d5f144c303c6ae06b68682b51bd,,MD,,gxPopupLevel%3D0%3B,gx-no-cache=1625496884506 HTTP/1.1" 200 3195
200.86.165.116 - - [05/Jul/2021:12:05:03 -0300] "POST /cormun/servlet/prfichaempleado?c9d01d5f144c303c6ae06b68682b51bd,,MD,,gxPopupLevel%3D0%3B,gx-no-cache=1625496889189 HTTP/1.1" 200 3192
190.171.152.114 - - [05/Jul/2021:12:05:12 -0300] "GET /cormun/servlet/trlicencias? HTTP/1.1" 200 6047
190.171.152.114 - - [05/Jul/2021:12:05:12 -0300] "GET /cormun/servlet/hlogin HTTP/1.1" 200 1743
190.171.152.114 - - [05/Jul/2021:12:05:13 -0300] "GET /cormun/servlet/trlicencias? HTTP/1.1" 200 6036
190.171.152.114 - - [05/Jul/2021:12:05:27 -0300] "POST /cormun/servlet/hlogin?3e3fb880ebb51abf30e141bbfd799052,gx-no-cache=1625496908739 HTTP/1.1" 200 90
190.171.152.114 - - [05/Jul/2021:12:05:27 -0300] "GET /cormun/servlet/hpexe_link HTTP/1.1" 200 958
190.171.152.114 - - [05/Jul/2021:12:05:27 -0300] "GET /cormun/servlet/trlicencias HTTP/1.1" 200 14781
190.171.152.114 - - [05/Jul/2021:12:05:28 -0300] "GET /cormun/servlet/trlicencias HTTP/1.1" 200 14779
190.171.152.114 - - [05/Jul/2021:12:05:34 -0300] "GET /cormun/servlet/alicenciaprn?14200289,L,20210701000000,PU HTTP/1.1" 200 1557
200.86.165.116 - - [05/Jul/2021:12:05:51 -0300] "GET /cormun/servlet/prfichaempleado?,MD,,gxPopupLevel%3D0%3B HTTP/1.1" 200 9351
