190.171.142.10 - - [02/Jul/2021:09:48:09 -0300] "GET /cormun/static/Resources/PXToolsGridNew.png HTTP/1.1" 200 427
190.171.142.10 - - [02/Jul/2021:09:48:09 -0300] "GET /cormun/static/trsolicitudadjuntos.js?20201215574932 HTTP/1.1" 200 17922
190.171.142.10 - - [02/Jul/2021:09:48:10 -0300] "GET /cormun/servlet/trsolicitudadjuntos?2021,17254, HTTP/1.1" 200 6220
190.171.142.10 - - [02/Jul/2021:09:48:18 -0300] "POST /cormun/servlet/trsolicitudadjuntos?1beded28ba850c3bdaccb1f81c4187ca,2021,17254,,gx-no-cache=1625229479593 HTTP/1.1" 200 90
190.171.142.10 - - [02/Jul/2021:09:48:18 -0300] "GET /cormun/servlet/hpexe_link HTTP/1.1" 200 967
190.171.152.242 - - [02/Jul/2021:09:48:18 -0300] "POST /cormun/servlet/prfichaempleado?77450fd4d408c282cdbc9032e5d7c3be,,MD,,gxPopupLevel%3D0%3B,gx-no-cache=1625229479933 HTTP/1.1" 200 3411
190.171.142.10 - - [02/Jul/2021:09:48:18 -0300] "GET /cormun/servlet/trsolicitudot HTTP/1.1" 200 8774
190.171.142.10 - - [02/Jul/2021:09:48:19 -0300] "GET /cormun/servlet/trsolicitudot HTTP/1.1" 200 8773
190.171.152.242 - - [02/Jul/2021:09:48:25 -0300] "GET /cormun/servlet/prlicenciaspermisos?16882610,L,,MD,,gxPopupLevel%3D0%3B HTTP/1.1" 200 5522
190.171.152.242 - - [02/Jul/2021:09:48:25 -0300] "GET /cormun/static/gxcfg.js?2020121559567 HTTP/1.1" 200 953
190.171.152.242 - - [02/Jul/2021:09:48:25 -0300] "GET /cormun/static/prlicenciaspermisos.js?2020121559821 HTTP/1.1" 200 13379
190.171.152.242 - - [02/Jul/2021:09:48:34 -0300] "POST /cormun/servlet/solicitudot?gx-no-cache=1625229496480 HTTP/1.1" 200 1442
190.171.152.242 - - [02/Jul/2021:09:48:40 -0300] "GET /cormun/servlet/prfichaempleado?,MD,,gxPopupLevel%3D0%3B HTTP/1.1" 200 9302
186.11.84.218 - - [02/Jul/2021:09:48:43 -0300] "GET /cormun/servlet/solicitudot?c885cb428575cee65a0aa673cdd332a7b5a451071f6848e768749236325200223fe0d79561f5b736a110228ccba1f90ea11d6e0a43efb72b3a7ab0e6a43e804a,gx-no-cache=1625229375469 HTTP/1.1" 200 30
186.11.84.218 - - [02/Jul/2021:09:48:46 -0300] "GET /cormun/servlet/prbanco?,MD,,gxPopupLevel%3D0%3B HTTP/1.1" 200 6673
186.11.84.218 - - [02/Jul/2021:09:48:46 -0300] "GET /cormun/static/Resources/PXToolsDataSearch.png HTTP/1.1" 304 -
186.11.84.218 - - [02/Jul/2021:09:48:46 -0300] "GET /cormun/static/Resources/PXToolsDataTitle.png HTTP/1.1" 304 -
186.11.84.218 - - [02/Jul/2021:09:48:46 -0300] "GET /cormun/static/Resources/PXToolsGridFirstDisabled.gif HTTP/1.1" 304 -
186.11.84.218 - - [02/Jul/2021:09:48:46 -0300] "GET /cormun/static/Resources/PXToolsGridPreviousDisabled.gif HTTP/1.1" 304 -
186.11.84.218 - - [02/Jul/2021:09:48:46 -0300] "GET /cormun/static/Resources/PXToolsGridLastDisabled.gif HTTP/1.1" 304 -
186.11.84.218 - - [02/Jul/2021:09:48:46 -0300] "GET /cormun/static/Resources/PXToolsGridNextDisabled.gif HTTP/1.1" 304 -
186.11.84.218 - - [02/Jul/2021:09:48:46 -0300] "GET /cormun/static/Resources/PXToolsGridPage.gif HTTP/1.1" 304 -
186.11.84.218 - - [02/Jul/2021:09:48:46 -0300] "GET /cormun/static/Resources/asc.gif HTTP/1.1" 304 -
186.11.84.218 - - [02/Jul/2021:09:48:46 -0300] "GET /cormun/static/Resources/desc.gif HTTP/1.1" 304 -
190.171.152.242 - - [02/Jul/2021:09:48:52 -0300] "POST /cormun/servlet/prfichaempleado?77450fd4d408c282cdbc9032e5d7c3be,,MD,,gxPopupLevel%3D0%3B,gx-no-cache=1625229513869 HTTP/1.1" 200 3407
186.11.84.218 - - [02/Jul/2021:09:48:53 -0300] "GET /cormun/servlet/solicitudot?c885cb428575cee65a0aa673cdd332a72a5a14c616257aca81f188806c491f7b,gx-no-cache=1625229385376 HTTP/1.1" 200 53
190.171.152.242 - - [02/Jul/2021:09:48:57 -0300] "POST /cormun/servlet/solicitudot?gx-no-cache=1625229519009 HTTP/1.1" 200 3826
190.171.152.242 - - [02/Jul/2021:09:48:57 -0300] "POST /cormun/servlet/solicitudot?77450fd4d408c282cdbc9032e5d7c3be,INS,0,0,false,,gx-no-cache=1625229519134 HTTP/1.1" 200 12354
190.171.152.242 - - [02/Jul/2021:09:49:04 -0300] "GET /cormun/servlet/solicitudot?ab4bac1b768884a56e1fc879828f40c1ebc2e8862ffc7d50903c7b9f84f56356874c1d03391e9271731f765004a2ce87,gx-no-cache=1625229526219 HTTP/1.1" 200 30
186.11.84.218 - - [02/Jul/2021:09:49:18 -0300] "POST /cormun/servlet/solicitudot?gx-no-cache=1625229410938 HTTP/1.1" 200 240
186.11.84.218 - - [02/Jul/2021:09:49:21 -0300] "GET /cormun/servlet/solicitudot?c885cb428575cee65a0aa673cdd332a7c5e31ced88ea4869b5abdf11a5d1b4e8d739d3ee1188b316c5f2de3043bd723282a5812f5f8ba115e601c7ee0249be6eb2ba63f45b63eb4508b0fffb2ec9e88c0027d269bb93fec22bfbedd9083a3b35773c7892767e4189ab42d5d6eefbe502840f3290039419f172d7a9816561ae0b60028c68c102305ae78133af58ab93eab5ba14bb3edaaf9adb5cd040aa7eed737e99e458726150d297041a264b99665c6587fd041a6315ed466afa756b5017d404f2a248452c2dbe744d0b850b55bbed697a81975244f031842fb9f4f5e6fe42d21d98494c6ba553864c4645e261277e010d550aaa3bca78403376d1efa7fc5166249bcf7cbaf6cb458a5cfd94d7cc0166981aa2c136967a2c679c763e94e89ba0ab2bd6673eb8b3afcd618c5ecee0e134589dd6b43bc76c6b774db889387ddd3ecc00387a9bc7b1220700e4dd65fdb6003c1eb5a67cbddb138e53d76985b1548e655fb80566700c0b191ca1dcb9cfe4992ad032d798f11a3859dcee14bfd7ba,gx-no-cache=1625229413981 HTTP/1.1" 200 30
190.171.142.10 - - [02/Jul/2021:09:49:22 -0300] "POST /cormun/servlet/trsolicitudot?1beded28ba850c3bdaccb1f81c4187ca,gx-no-cache=1625229544136 HTTP/1.1" 200 4855
190.171.142.10 - - [02/Jul/2021:09:49:22 -0300] "GET /cormun/static/Shared/jqueryui/images/ui-bg_highlight-soft_100_c6c2c8_1x100.png HTTP/1.1" 404 1117
190.171.142.10 - - [02/Jul/2021:09:49:22 -0300] "GET /cormun/static/Shared/jqueryui/images/ui-icons_82798d_256x240.png HTTP/1.1" 404 1089
190.171.142.10 - - [02/Jul/2021:09:49:22 -0300] "GET /cormun/static/Shared/jqueryui/images/ui-bg_flat_55_fafafa_40x100.png HTTP/1.1" 404 1097
190.171.142.10 - - [02/Jul/2021:09:49:22 -0300] "GET /cormun/static/Shared/jqueryui/images/ui-icons_8d78a5_256x240.png HTTP/1.1" 404 1089
190.171.142.10 - - [02/Jul/2021:09:49:23 -0300] "POST /cormun/servlet/trsolicitudot?1beded28ba850c3bdaccb1f81c4187ca,gx-no-cache=1625229544564 HTTP/1.1" 200 4600
186.11.84.218 - - [02/Jul/2021:09:49:26 -0300] "POST /cormun/servlet/solicitudot?gx-no-cache=1625229418288 HTTP/1.1" 200 30
190.171.142.10 - - [02/Jul/2021:09:49:31 -0300] "GET /cormun/servlet/trautorizarsolicitud? HTTP/1.1" 200 8651
190.171.142.10 - - [02/Jul/2021:09:49:31 -0300] "GET /cormun/static/gxcfg.js?201991422414522 HTTP/1.1" 200 953
190.171.142.10 - - [02/Jul/2021:09:49:31 -0300] "GET /cormun/static/trautorizarsolicitud.js?201991422415463 HTTP/1.1" 200 53910
190.171.142.10 - - [02/Jul/2021:09:49:32 -0300] "GET /cormun/servlet/trautorizarsolicitud? HTTP/1.1" 200 8651
190.171.142.10 - - [02/Jul/2021:09:49:47 -0300] "POST /cormun/servlet/trautorizarsolicitud?1beded28ba850c3bdaccb1f81c4187ca,,gx-no-cache=1625229569447 HTTP/1.1" 200 107
190.171.142.10 - - [02/Jul/2021:09:49:48 -0300] "GET /cormun/servlet/trsolicitudadjuntos?2021,17254, HTTP/1.1" 200 6159
190.171.142.10 - - [02/Jul/2021:09:49:49 -0300] "GET /cormun/servlet/trsolicitudadjuntos?2021,17254, HTTP/1.1" 200 6158
190.171.142.10 - - [02/Jul/2021:09:49:56 -0300] "POST /cormun/servlet/trsolicitudadjuntos?1beded28ba850c3bdaccb1f81c4187ca,2021,17254,,gx-no-cache=1625229577826 HTTP/1.1" 200 90
190.171.142.10 - - [02/Jul/2021:09:49:56 -0300] "GET /cormun/servlet/hpexe_link HTTP/1.1" 200 973
190.171.142.10 - - [02/Jul/2021:09:49:56 -0300] "GET /cormun/servlet/trautorizarsolicitud HTTP/1.1" 200 8652
190.171.142.10 - - [02/Jul/2021:09:49:57 -0300] "GET /cormun/servlet/trautorizarsolicitud HTTP/1.1" 200 8651
186.11.84.218 - - [02/Jul/2021:09:50:04 -0300] "GET /cormun/servlet/prlicenciaspermisos?18039691,L,,MD,,gxPopupLevel%3D0%3B HTTP/1.1" 200 5691
186.11.84.218 - - [02/Jul/2021:09:50:10 -0300] "POST /cormun/servlet/solicitudot?gx-no-cache=1625229462675 HTTP/1.1" 200 1441
186.11.84.218 - - [02/Jul/2021:09:50:16 -0300] "POST /cormun/servlet/solicitudot?gx-no-cache=1625229468236 HTTP/1.1" 200 40
190.171.142.10 - - [02/Jul/2021:09:50:20 -0300] "GET /cormun/servlet/treventos?2021,17254, HTTP/1.1" 200 8181
190.171.142.10 - - [02/Jul/2021:09:50:20 -0300] "GET /cormun/static/gxcfg.js?20201215584657 HTTP/1.1" 200 953
190.171.142.10 - - [02/Jul/2021:09:50:20 -0300] "GET /cormun/static/treventos.js?2020121558506 HTTP/1.1" 200 16064
190.171.142.10 - - [02/Jul/2021:09:50:21 -0300] "GET /cormun/servlet/treventos?2021,17254, HTTP/1.1" 200 8180
190.171.142.10 - - [02/Jul/2021:09:50:22 -0300] "POST /cormun/servlet/acontrolpreferencessavestate?None,GCONTRERAS,true HTTP/1.1" 200 35
190.171.142.10 - - [02/Jul/2021:09:50:25 -0300] "POST /cormun/servlet/treventos?1beded28ba850c3bdaccb1f81c4187ca,2021,17254,,gx-no-cache=1625229606921 HTTP/1.1" 200 90
190.171.142.10 - - [02/Jul/2021:09:50:25 -0300] "GET /cormun/servlet/hpexe_link HTTP/1.1" 200 970
190.171.142.10 - - [02/Jul/2021:09:50:25 -0300] "GET /cormun/servlet/trautorizarsolicitud HTTP/1.1" 200 8656
190.171.142.10 - - [02/Jul/2021:09:50:26 -0300] "GET /cormun/servlet/trautorizarsolicitud HTTP/1.1" 200 8655
190.171.142.10 - - [02/Jul/2021:09:50:39 -0300] "POST /cormun/servlet/trautorizarsolicitud?1beded28ba850c3bdaccb1f81c4187ca,gx-no-cache=1625229621175 HTTP/1.1" 200 5994
190.171.142.10 - - [02/Jul/2021:09:50:46 -0300] "GET /cormun/servlet/veautorizarsolicitud?2021,17254,, HTTP/1.1" 200 8497
190.171.142.10 - - [02/Jul/2021:09:50:46 -0300] "GET /cormun/static/gxcfg.js?201991422424023 HTTP/1.1" 200 953
190.171.142.10 - - [02/Jul/2021:09:50:46 -0300] "GET /cormun/pexe_scrolldiv.js HTTP/1.1" 404 1009
190.171.142.10 - - [02/Jul/2021:09:50:46 -0300] "GET /cormun/static/veautorizarsolicitud.js?201991422424092 HTTP/1.1" 200 6140
190.171.142.10 - - [02/Jul/2021:09:50:46 -0300] "GET /cormun/static/hwcviewtabs.js?201991422154026 HTTP/1.1" 200 1074
190.171.142.10 - - [02/Jul/2021:09:50:46 -0300] "GET /cormun/static/Resources/PXToolsTabFirstSelected.png HTTP/1.1" 200 1270
190.171.142.10 - - [02/Jul/2021:09:50:46 -0300] "GET /cormun/static/hpexe_tabsview.js?2020121447381 HTTP/1.1" 200 1661
190.171.142.10 - - [02/Jul/2021:09:50:46 -0300] "GET /cormun/static/Resources/PXToolsTabLastUnselected.png HTTP/1.1" 200 1297
190.171.142.10 - - [02/Jul/2021:09:50:46 -0300] "GET /cormun/static/tbautorizarsolicitud01.js?201991419252835 HTTP/1.1" 200 30580
190.171.142.10 - - [02/Jul/2021:09:50:46 -0300] "GET /cormun/static/Resources/PXToolsTabPrevious.gif HTTP/1.1" 200 172
190.171.142.10 - - [02/Jul/2021:09:50:46 -0300] "GET /cormun/static/Resources/PXToolsTabNext.gif HTTP/1.1" 200 168
190.171.142.10 - - [02/Jul/2021:09:50:47 -0300] "GET /cormun/static/calendar-system.css HTTP/1.1" 200 5572
190.171.142.10 - - [02/Jul/2021:09:50:47 -0300] "GET /cormun/static/Resources/PXToolsTabBackSelected.png HTTP/1.1" 200 1157
190.171.142.10 - - [02/Jul/2021:09:50:47 -0300] "GET /cormun/static/Resources/PXToolsTabBackUnselected.png HTTP/1.1" 200 1175
190.171.142.10 - - [02/Jul/2021:09:50:47 -0300] "GET /cormun/static/Resources/PXToolsTabSelectedUnselected.png HTTP/1.1" 200 1451
190.171.142.10 - - [02/Jul/2021:09:50:47 -0300] "GET /cormun/static/Resources/PXToolsTabUnselectedUnselected.png HTTP/1.1" 200 1470
190.171.142.10 - - [02/Jul/2021:09:50:47 -0300] "GET /cormun/servlet/veautorizarsolicitud?2021,17254,, HTTP/1.1" 200 8497
186.11.84.218 - - [02/Jul/2021:09:50:50 -0300] "GET /cormun/servlet/solicitudot?c885cb428575cee65a0aa673cdd332a7d657591abbc5f66ec4d7ff904998fb29f66199c053042644ec60f628ba293445bdf37888c8343e55159913f1ebc4af807c757ed1218ce875c7df88e4d6f2da905b2c591371f90a35cdecf302d761fd6f9193ec298f1fe1b574a7b21811aa8115,gx-no-cache=1625229502822 HTTP/1.1" 200 110
186.11.84.218 - - [02/Jul/2021:09:50:50 -0300] "POST /cormun/servlet/solicitudot?gx-no-cache=1625229502962 HTTP/1.1" 200 97
190.171.142.10 - - [02/Jul/2021:09:50:52 -0300] "GET /cormun/servlet/veautorizarsolicitud?2021,17254,,SolicitudOTAdjuntos HTTP/1.1" 200 7352
190.171.142.10 - - [02/Jul/2021:09:50:52 -0300] "GET /cormun/static/tbautorizarsolicitud02.js?201991419251923 HTTP/1.1" 200 14747
190.171.142.10 - - [02/Jul/2021:09:50:52 -0300] "GET /cormun/pexe_scrolldiv.js HTTP/1.1" 404 1009
190.171.142.10 - - [02/Jul/2021:09:50:53 -0300] "GET /cormun/static/gxui/gxui-all.css HTTP/1.1" 200 2179
190.171.142.10 - - [02/Jul/2021:09:50:53 -0300] "GET /cormun/servlet/veautorizarsolicitud?2021,17254,,SolicitudOTAdjuntos HTTP/1.1" 200 7353
190.171.142.10 - - [02/Jul/2021:09:50:53 -0300] "GET /cormun/static/Resources/PXToolsTabUnselectedSelected.png HTTP/1.1" 200 1458
190.171.142.10 - - [02/Jul/2021:09:50:53 -0300] "GET /cormun/static/Resources/PXToolsTabFirstUnselected.png HTTP/1.1" 200 1278
190.171.142.10 - - [02/Jul/2021:09:50:54 -0300] "GET /cormun/static/Shared/ext/resources/css/ext-all.css HTTP/1.1" 200 416045
190.171.142.10 - - [02/Jul/2021:09:50:55 -0300] "POST /cormun/servlet/acontrolpreferencessavestate?None,GCONTRERAS,true HTTP/1.1" 200 35
186.11.84.218 - - [02/Jul/2021:09:50:55 -0300] "GET /cormun/servlet/solicitudot?c885cb428575cee65a0aa673cdd332a70e41522f4fb6ff469c1ccd1c6b71abff1d61be440e782e34c3c5bfe99f446ad80868b386afd0067f466673f19607fb872cd0678f016a5fa4b0b64a0e79bc56faa695b3b6cec03cfa35587970b01b5d9b6c50fd1dfe11ffb480c36bf33ec76af6,gx-no-cache=1625229507959 HTTP/1.1" 200 29
186.11.84.218 - - [02/Jul/2021:09:50:55 -0300] "GET /cormun/static/menuarrow.gif HTTP/1.1" 404 1015
190.171.142.10 - - [02/Jul/2021:09:50:56 -0300] "GET /cormun/servlet/veautorizarsolicitud?2021,17254,,SolicitudOTLog HTTP/1.1" 200 9318
190.171.142.10 - - [02/Jul/2021:09:50:57 -0300] "GET /cormun/static/tbautorizarsolicitud03.js?20201214455732 HTTP/1.1" 200 13367
190.171.142.10 - - [02/Jul/2021:09:50:57 -0300] "GET /cormun/static/Resources/PXToolsTabLastSelected.png HTTP/1.1" 200 1274
190.171.142.10 - - [02/Jul/2021:09:50:57 -0300] "GET /cormun/pexe_scrolldiv.js HTTP/1.1" 404 1009
190.171.142.10 - - [02/Jul/2021:09:50:58 -0300] "GET /cormun/servlet/veautorizarsolicitud?2021,17254,,SolicitudOTLog HTTP/1.1" 200 9318
190.171.142.10 - - [02/Jul/2021:09:50:59 -0300] "POST /cormun/servlet/acontrolpreferencessavestate?None,GCONTRERAS,true HTTP/1.1" 200 35
186.11.84.218 - - [02/Jul/2021:09:51:02 -0300] "GET /cormun/servlet/solicitudot?c885cb428575cee65a0aa673cdd332a744f92e69d70165454047cfcb31807b8a8e161cbe797a71e937a182300681a410,gx-no-cache=1625229514520 HTTP/1.1" 200 134
186.11.84.218 - - [02/Jul/2021:09:51:02 -0300] "GET /cormun/static/Shared/jqueryui/images/ui-bg_highlight-soft_100_c6c2c8_1x100.png HTTP/1.1" 404 1117
186.11.84.218 - - [02/Jul/2021:09:51:02 -0300] "GET /cormun/static/Shared/jqueryui/images/ui-icons_82798d_256x240.png HTTP/1.1" 404 1089
186.11.84.218 - - [02/Jul/2021:09:51:02 -0300] "GET /cormun/static/Shared/jqueryui/images/ui-icons_ebccce_256x240.png HTTP/1.1" 404 1089
186.11.84.218 - - [02/Jul/2021:09:51:02 -0300] "GET /cormun/static/Shared/jqueryui/images/ui-bg_flat_55_994d53_40x100.png HTTP/1.1" 404 1097
190.171.142.10 - - [02/Jul/2021:09:51:04 -0300] "GET /cormun/servlet/veautorizarsolicitud?2021,17254,,General HTTP/1.1" 200 8506
190.171.142.10 - - [02/Jul/2021:09:51:04 -0300] "GET /cormun/pexe_scrolldiv.js HTTP/1.1" 404 1009
190.171.142.10 - - [02/Jul/2021:09:51:05 -0300] "GET /cormun/servlet/veautorizarsolicitud?2021,17254,,General HTTP/1.1" 200 8506
190.171.142.10 - - [02/Jul/2021:09:51:14 -0300] "POST /cormun/servlet/veautorizarsolicitud?1beded28ba850c3bdaccb1f81c4187ca,2021,17254,,General,gx-no-cache=1625229655766 HTTP/1.1" 200 93
190.171.142.10 - - [02/Jul/2021:09:51:14 -0300] "GET /cormun/servlet/hpexe_return? HTTP/1.1" 200 1040
190.171.142.10 - - [02/Jul/2021:09:51:14 -0300] "GET /cormun/static/gxcfg.js?201991422392976 HTTP/1.1" 304 -
190.171.142.10 - - [02/Jul/2021:09:51:14 -0300] "GET /cormun/static/hpexe_return.js?201991422392984 HTTP/1.1" 304 -
190.171.142.10 - - [02/Jul/2021:09:51:14 -0300] "GET /cormun/servlet/trautorizarsolicitud?gx-no-cache=1625229621175 HTTP/1.1" 200 8662
190.171.142.10 - - [02/Jul/2021:09:51:15 -0300] "GET /cormun/servlet/trautorizarsolicitud?gx-no-cache=1625229621175 HTTP/1.1" 200 8681
190.171.142.10 - - [02/Jul/2021:09:51:35 -0300] "POST /cormun/servlet/trautorizarsolicitud?1beded28ba850c3bdaccb1f81c4187ca,gx-no-cache=1625229621175,gx-no-cache=1625229676824 HTTP/1.1" 200 107
190.171.142.10 - - [02/Jul/2021:09:51:35 -0300] "GET /cormun/servlet/trsolicitudadjuntos?2021,17254, HTTP/1.1" 200 6191
190.171.142.10 - - [02/Jul/2021:09:51:36 -0300] "GET /cormun/servlet/trsolicitudadjuntos?2021,17254, HTTP/1.1" 200 6168
190.171.142.10 - - [02/Jul/2021:09:51:47 -0300] "GET /cormun/Manuales/ManualSolicitud.pdf HTTP/1.1" 200 850295
186.11.84.218 - - [02/Jul/2021:09:52:35 -0300] "GET /cormun/servlet/solicitudot?c885cb428575cee65a0aa673cdd332a763e5d85737943b3f8e28e1ee6a7b70fc894b32fbfe89bc1691316cef83d11e18,gx-no-cache=1625229607426 HTTP/1.1" 200 30
190.171.142.10 - - [02/Jul/2021:09:52:40 -0300] "GET /cormun/servlet/hlogin HTTP/1.1" 200 1721
186.11.84.218 - - [02/Jul/2021:09:52:50 -0300] "POST /cormun/servlet/solicitudot?gx-no-cache=1625229622356 HTTP/1.1" 200 120
190.171.142.10 - - [02/Jul/2021:09:52:53 -0300] "POST /cormun/servlet/hlogin?1beded28ba850c3bdaccb1f81c4187ca,gx-no-cache=1625229754688 HTTP/1.1" 200 90
190.171.142.10 - - [02/Jul/2021:09:52:53 -0300] "GET /cormun/servlet/hpexe_link HTTP/1.1" 200 969
190.171.142.10 - - [02/Jul/2021:09:52:53 -0300] "GET /cormun/servlet/trsolicitudadjuntos?2021,17254, HTTP/1.1" 200 6170
190.171.142.10 - - [02/Jul/2021:09:52:54 -0300] "GET /cormun/servlet/trsolicitudadjuntos?2021,17254, HTTP/1.1" 200 6168
190.171.152.242 - - [02/Jul/2021:09:52:56 -0300] "GET /cormun/servlet/solicitudot?ab4bac1b768884a56e1fc879828f40c1dd5e8bf1723440743dd669f81419e895bf5ec75fc635c071ed29aeaf6b085ef88657b4e3ebc219e19b9a6cc06158a39de7eb3582a2c4791656684a9061b8305d,gx-no-cache=1625229757961 HTTP/1.1" 200 30
190.171.152.242 - - [02/Jul/2021:09:52:56 -0300] "GET /cormun/servlet/solicitudot?ab4bac1b768884a56e1fc879828f40c176526a80e9025c427ccd59204f7b17e7,gx-no-cache=1625229758015 HTTP/1.1" 200 70
190.171.152.242 - - [02/Jul/2021:09:52:56 -0300] "POST /cormun/servlet/solicitudot?gx-no-cache=1625229758053 HTTP/1.1" 200 240
190.171.152.242 - - [02/Jul/2021:09:52:56 -0300] "GET /cormun/servlet/solicitudot?ab4bac1b768884a56e1fc879828f40c100290753ef3b3fe9fd8212cc02a471427c847a85f71f2066cf200ce2337d1eeff53fa6706ec61eface97be10da61bde2af9082b568e09ae7a88f8235ba64f322ae22d4501cf4f761bcae04c5f30bbe70f41607cad1bdf18ad076e1ffcfe8dfa306b8eb74321c7caddf6112970dc44750b64c4a7b52e04a9581d8c90b74d9bfec64786283d9175fbaf82bdb8fb710871deeb80298a5956f74c24d9a0f371cf5ccb29699978b7c1564b506a94b567f2629bb7035a07dad810dd6018b77fb911e0955cc5b9ae4143fc7ca6cb10672ca47c925f4c4bd860dfb52a7e4236f1a3f26c3ed785d29130475790873e2be7087360f10d6f2c54fe43e2dadc7708f6c9dd3283f68fadfa715938a0656cb1e51073b69ba910866d92fe3fe084985817e6fd0e6c6dada51c18f45b146d7740227377cfb9301aeb17131875e4df68bf11b6b6b819bb83ea4fe94f90e9964e498dcabf5483d9ab0c86b85e2db53f074c34a76d5a86f623604931af57382c9e14878394125,gx-no-cache=1625229758090 HTTP/1.1" 200 30
190.171.152.242 - - [02/Jul/2021:09:52:56 -0300] "POST /cormun/servlet/solicitudot?gx-no-cache=1625229758118 HTTP/1.1" 200 30
190.171.152.242 - - [02/Jul/2021:09:52:56 -0300] "POST /cormun/servlet/solicitudot?gx-no-cache=1625229758157 HTTP/1.1" 200 1442
190.171.152.242 - - [02/Jul/2021:09:52:56 -0300] "POST /cormun/servlet/solicitudot?gx-no-cache=1625229758249 HTTP/1.1" 200 40
190.171.152.242 - - [02/Jul/2021:09:52:56 -0300] "GET /cormun/servlet/solicitudot?ab4bac1b768884a56e1fc879828f40c1da63e58296cffd913184a538334613a41ea5e078cfeea7957af4a89461f9ba0d3a73af77dcee9a138765400f7082e395f8eeebaef10e7a4bbdf7ad8932cf09cdda1ed8a24ebf1cd3dc415d846989af4e81f2967264758bc32c803f1a5a9f8728,gx-no-cache=1625229758288 HTTP/1.1" 200 110
190.171.152.242 - - [02/Jul/2021:09:52:56 -0300] "POST /cormun/servlet/solicitudot?gx-no-cache=1625229758337 HTTP/1.1" 200 79
190.171.142.10 - - [02/Jul/2021:09:52:59 -0300] "GET /cormun/servlet/trsolicitudot? HTTP/1.1" 200 7360
190.171.142.10 - - [02/Jul/2021:09:53:00 -0300] "GET /cormun/servlet/trsolicitudot? HTTP/1.1" 200 7345
190.171.142.10 - - [02/Jul/2021:09:53:08 -0300] "GET /cormun/servlet/trautorizarsolicitud? HTTP/1.1" 200 8659
190.171.152.242 - - [02/Jul/2021:09:53:09 -0300] "GET /cormun/servlet/solicitudot?ab4bac1b768884a56e1fc879828f40c1205783b7f23b58c3391f5915ac799c6de73ccff5b02c0f6910a9d3d96e40b4f3d7513b0c8c5d430e3e4e35e0d4bf6217e0ec7c422e0e7411051c974e67f4c58890652891c165c3c0ff521446e7c2a0b1fe324005d987a6ea066657c6a241df9d7dfb39856c4278c2c903a4f42bf10d962a0a78c2592fd73e338a74e8bd715f1fbd67f69af0a4715a0d6a276a4e15c79f,gx-no-cache=1625229771090 HTTP/1.1" 200 29
190.171.152.242 - - [02/Jul/2021:09:53:09 -0300] "GET /cormun/static/menuarrow.gif HTTP/1.1" 404 1015
190.171.142.10 - - [02/Jul/2021:09:53:09 -0300] "GET /cormun/servlet/trautorizarsolicitud? HTTP/1.1" 200 8659
190.171.142.10 - - [02/Jul/2021:09:53:13 -0300] "POST /cormun/servlet/trautorizarsolicitud?1beded28ba850c3bdaccb1f81c4187ca,,gx-no-cache=1625229774917 HTTP/1.1" 200 107
190.171.142.10 - - [02/Jul/2021:09:53:13 -0300] "GET /cormun/servlet/trsolicitudadjuntos?2021,17254, HTTP/1.1" 200 6168
190.171.142.10 - - [02/Jul/2021:09:53:14 -0300] "GET /cormun/servlet/trsolicitudadjuntos?2021,17254, HTTP/1.1" 200 6168
186.11.84.218 - - [02/Jul/2021:09:53:27 -0300] "GET /cormun/servlet/solicitudot?c885cb428575cee65a0aa673cdd332a7083d8cb7ccdf9e555d6e731d8d3cd497,gx-no-cache=1625229658736 HTTP/1.1" 200 30
186.11.84.218 - - [02/Jul/2021:09:53:27 -0300] "POST /cormun/servlet/solicitudot?gx-no-cache=1625229659447 HTTP/1.1" 200 30
190.171.142.10 - - [02/Jul/2021:09:53:31 -0300] "POST /cormun/servlet/acontrolpreferencessavestate?None,GCONTRERAS,true HTTP/1.1" 200 35
190.171.152.242 - - [02/Jul/2021:09:53:32 -0300] "GET /cormun/servlet/solicitudot?ab4bac1b768884a56e1fc879828f40c1a2f4cc1e13bd90383cb15b7b45a3b455392ece7ac40fa2eafeac3f72032c83cd,gx-no-cache=1625229793862 HTTP/1.1" 200 30
190.171.152.242 - - [02/Jul/2021:09:53:32 -0300] "POST /cormun/servlet/solicitudot?gx-no-cache=1625229793905 HTTP/1.1" 200 34
190.171.142.10 - - [02/Jul/2021:09:53:33 -0300] "POST /cormun/servlet/acontrolpreferencessavestate?None,GCONTRERAS,true HTTP/1.1" 200 35
186.11.84.218 - - [02/Jul/2021:09:53:36 -0300] "POST /cormun/servlet/solicitudot?c0615628b6d099daa13e4cae902bcc4b,INS,0,0,false,,gx-no-cache=1625229668637 HTTP/1.1" 200 13312
190.171.142.10 - - [02/Jul/2021:09:53:50 -0300] "POST /cormun/servlet/trsolicitudadjuntos?1beded28ba850c3bdaccb1f81c4187ca,2021,17254,,gx-no-cache=1625229811984 HTTP/1.1" 200 90
190.171.142.10 - - [02/Jul/2021:09:53:50 -0300] "GET /cormun/servlet/hpexe_link HTTP/1.1" 200 973
190.171.142.10 - - [02/Jul/2021:09:53:50 -0300] "GET /cormun/servlet/trautorizarsolicitud HTTP/1.1" 200 8660
190.171.142.10 - - [02/Jul/2021:09:53:51 -0300] "GET /cormun/servlet/trautorizarsolicitud HTTP/1.1" 200 8659
190.171.142.10 - - [02/Jul/2021:09:53:58 -0300] "POST /cormun/servlet/trautorizarsolicitud?1beded28ba850c3bdaccb1f81c4187ca,gx-no-cache=1625229819627 HTTP/1.1" 200 107
190.171.142.10 - - [02/Jul/2021:09:53:58 -0300] "GET /cormun/servlet/trsolicitudadjuntos?2021,17254, HTTP/1.1" 200 6169
190.171.142.10 - - [02/Jul/2021:09:53:59 -0300] "GET /cormun/servlet/trsolicitudadjuntos?2021,17254, HTTP/1.1" 200 6168
190.171.152.242 - - [02/Jul/2021:09:54:39 -0300] "POST /cormun/servlet/solicitudot?77450fd4d408c282cdbc9032e5d7c3be,INS,0,0,false,,gx-no-cache=1625229860389 HTTP/1.1" 200 93
190.171.152.242 - - [02/Jul/2021:09:54:39 -0300] "GET /cormun/servlet/hpexe_return? HTTP/1.1" 200 1011
190.171.152.242 - - [02/Jul/2021:09:54:39 -0300] "GET /cormun/static/gxcfg.js?201991422392976 HTTP/1.1" 200 953
190.171.152.242 - - [02/Jul/2021:09:54:39 -0300] "GET /cormun/static/hpexe_return.js?201991422392984 HTTP/1.1" 200 1633
190.171.152.242 - - [02/Jul/2021:09:54:39 -0300] "GET /cormun/servlet/trsolicitudot HTTP/1.1" 200 8648
190.171.152.242 - - [02/Jul/2021:09:54:39 -0300] "GET /cormun//static/Resources/PXToolsActionView.png HTTP/1.1" 200 398
190.171.152.242 - - [02/Jul/2021:09:54:39 -0300] "GET /cormun//static/Resources/PXToolsRemoveAllAction.png HTTP/1.1" 200 487
190.171.152.242 - - [02/Jul/2021:09:54:40 -0300] "GET /cormun//static/Resources/PXToolsGridUpdate.png HTTP/1.1" 200 470
190.171.152.242 - - [02/Jul/2021:09:54:40 -0300] "GET /cormun//static/Resources/PXToolsGridDelete.png HTTP/1.1" 200 538
190.171.152.242 - - [02/Jul/2021:09:54:40 -0300] "GET /cormun/servlet/trsolicitudot HTTP/1.1" 200 8644
190.171.142.10 - - [02/Jul/2021:09:54:42 -0300] "GET /cormun/servlet/trautorizarsolicitud? HTTP/1.1" 200 8666
190.171.152.242 - - [02/Jul/2021:09:54:43 -0300] "POST /cormun/servlet/trsolicitudot?77450fd4d408c282cdbc9032e5d7c3be,gx-no-cache=1625229864955 HTTP/1.1" 200 4577
190.171.152.242 - - [02/Jul/2021:09:54:43 -0300] "GET /cormun/static/Shared/jqueryui/images/ui-icons_82798d_256x240.png HTTP/1.1" 404 1089
190.171.152.242 - - [02/Jul/2021:09:54:43 -0300] "GET /cormun/static/Shared/jqueryui/images/ui-bg_highlight-soft_100_c6c2c8_1x100.png HTTP/1.1" 404 1117
190.171.152.242 - - [02/Jul/2021:09:54:43 -0300] "GET /cormun/static/Shared/jqueryui/images/ui-bg_flat_55_fafafa_40x100.png HTTP/1.1" 404 1097
190.171.152.242 - - [02/Jul/2021:09:54:43 -0300] "GET /cormun/static/Shared/jqueryui/images/ui-icons_8d78a5_256x240.png HTTP/1.1" 404 1089
190.171.152.242 - - [02/Jul/2021:09:54:43 -0300] "POST /cormun/servlet/trsolicitudot?77450fd4d408c282cdbc9032e5d7c3be,gx-no-cache=1625229865171 HTTP/1.1" 200 4339
190.171.142.10 - - [02/Jul/2021:09:54:44 -0300] "GET /cormun/servlet/trautorizarsolicitud? HTTP/1.1" 200 8659
190.171.152.242 - - [02/Jul/2021:09:54:50 -0300] "GET /cormun/servlet/solicitudot?INS,0,0,false, HTTP/1.1" 200 15549
190.171.152.242 - - [02/Jul/2021:09:54:51 -0300] "GET /cormun/servlet/solicitudot?INS,0,0,false, HTTP/1.1" 200 15557
190.171.152.242 - - [02/Jul/2021:09:54:56 -0300] "GET /cormun/servlet/prfichaempleado?,MD,,gxPopupLevel%3D0%3B HTTP/1.1" 200 9302
190.171.152.242 - - [02/Jul/2021:09:55:04 -0300] "POST /cormun/servlet/prfichaempleado?77450fd4d408c282cdbc9032e5d7c3be,,MD,,gxPopupLevel%3D0%3B,gx-no-cache=1625229886376 HTTP/1.1" 200 3407
190.171.152.242 - - [02/Jul/2021:09:55:10 -0300] "POST /cormun/servlet/solicitudot?gx-no-cache=1625229892242 HTTP/1.1" 200 3826
190.171.152.242 - - [02/Jul/2021:09:55:10 -0300] "POST /cormun/servlet/solicitudot?77450fd4d408c282cdbc9032e5d7c3be,INS,0,0,false,,gx-no-cache=1625229892385 HTTP/1.1" 200 12330
186.11.84.218 - - [02/Jul/2021:09:55:14 -0300] "POST /cormun/servlet/solicitudot?gx-no-cache=1625229766273 HTTP/1.1" 200 30
186.11.84.218 - - [02/Jul/2021:09:55:14 -0300] "POST /cormun/servlet/solicitudot?gx-no-cache=1625229766661 HTTP/1.1" 200 1441
186.11.84.218 - - [02/Jul/2021:09:55:14 -0300] "POST /cormun/servlet/solicitudot?gx-no-cache=1625229766788 HTTP/1.1" 200 40
186.11.84.218 - - [02/Jul/2021:09:55:15 -0300] "GET /cormun/servlet/solicitudot?c885cb428575cee65a0aa673cdd332a7d657591abbc5f66ec4d7ff904998fb29f66199c053042644ec60f628ba293445bdf37888c8343e55159913f1ebc4af807c757ed1218ce875c7df88e4d6f2da905b2c591371f90a35cdecf302d761fd6f9193ec298f1fe1b574a7b21811aa8115,gx-no-cache=1625229766886 HTTP/1.1" 200 110
186.11.84.218 - - [02/Jul/2021:09:55:15 -0300] "POST /cormun/servlet/solicitudot?gx-no-cache=1625229767326 HTTP/1.1" 200 97
190.171.152.242 - - [02/Jul/2021:09:55:15 -0300] "GET /cormun/servlet/solicitudot?ab4bac1b768884a56e1fc879828f40c1ebc2e8862ffc7d50903c7b9f84f56356874c1d03391e9271731f765004a2ce87,gx-no-cache=1625229897391 HTTP/1.1" 200 30
186.11.84.218 - - [02/Jul/2021:09:55:17 -0300] "POST /cormun/servlet/solicitudot?gx-no-cache=1625229769394 HTTP/1.1" 200 30
186.11.84.218 - - [02/Jul/2021:09:55:18 -0300] "POST /cormun/servlet/solicitudot?gx-no-cache=1625229770200 HTTP/1.1" 200 1441
186.11.84.218 - - [02/Jul/2021:09:55:18 -0300] "POST /cormun/servlet/solicitudot?gx-no-cache=1625229770336 HTTP/1.1" 200 40
186.11.84.218 - - [02/Jul/2021:09:55:18 -0300] "GET /cormun/servlet/solicitudot?c885cb428575cee65a0aa673cdd332a7d657591abbc5f66ec4d7ff904998fb29f66199c053042644ec60f628ba293445bdf37888c8343e55159913f1ebc4af807c757ed1218ce875c7df88e4d6f2da905b2c591371f90a35cdecf302d761fd6f9193ec298f1fe1b574a7b21811aa8115,gx-no-cache=1625229770395 HTTP/1.1" 200 110
186.11.84.218 - - [02/Jul/2021:09:55:18 -0300] "POST /cormun/servlet/solicitudot?gx-no-cache=1625229770460 HTTP/1.1" 200 97
190.171.142.10 - - [02/Jul/2021:09:55:21 -0300] "POST /cormun/servlet/trautorizarsolicitud?1beded28ba850c3bdaccb1f81c4187ca,,gx-no-cache=1625229902688 HTTP/1.1" 200 116
190.171.142.10 - - [02/Jul/2021:09:55:21 -0300] "GET /cormun/servlet/solicitudotlog?INS,2021,17254,0,REC, HTTP/1.1" 200 5946
190.171.142.10 - - [02/Jul/2021:09:55:21 -0300] "GET /cormun/static/gxcfg.js?2020121572485 HTTP/1.1" 200 953
190.171.142.10 - - [02/Jul/2021:09:55:21 -0300] "GET /cormun/static/solicitudotlog.js?2020121572497 HTTP/1.1" 200 8934
190.171.142.10 - - [02/Jul/2021:09:55:22 -0300] "GET /cormun/servlet/solicitudotlog?INS,2021,17254,0,REC, HTTP/1.1" 200 5946
186.11.84.218 - - [02/Jul/2021:09:55:22 -0300] "GET /cormun/servlet/solicitudot?c885cb428575cee65a0aa673cdd332a744f92e69d70165454047cfcb31807b8a8e161cbe797a71e937a182300681a410,gx-no-cache=1625229774802 HTTP/1.1" 200 134
190.171.142.10 - - [02/Jul/2021:09:55:23 -0300] "GET /cormun/servlet/solicitudotlog?3c867a7d340fac1d12832073d9dc07f488b9d5e3eff2e37f1c3c444582047e0fd8e2aa5cc4552e299845d745d5eb75685639c43c3d040feb36801706dd03e054ff0dbd510254816f7c974cb96dc98394e955391f69f30cee325e66846ee989be0baba534a3a3128712c38e2ca40c22ae2f7d42a2cccb0cf9fcd15986f49b1351a8c4910c73881c4da9ad61c3dea86f754c2c6a5996ec5a5dda6c24c3a6fd462d,gx-no-cache=1625229904666 HTTP/1.1" 200 94
186.11.84.218 - - [02/Jul/2021:09:55:32 -0300] "GET /cormun/servlet/solicitudot?c885cb428575cee65a0aa673cdd332a744f92e69d70165454047cfcb31807b8a8e161cbe797a71e937a182300681a410,gx-no-cache=1625229784665 HTTP/1.1" 200 134
186.11.84.218 - - [02/Jul/2021:09:55:32 -0300] "POST /cormun/servlet/solicitudot?gx-no-cache=1625229784743 HTTP/1.1" 200 34
186.11.84.218 - - [02/Jul/2021:09:55:32 -0300] "POST /cormun/servlet/solicitudot?c0615628b6d099daa13e4cae902bcc4b,INS,0,0,false,,gx-no-cache=1625229784819 HTTP/1.1" 200 13082
186.11.84.218 - - [02/Jul/2021:09:55:41 -0300] "POST /cormun/servlet/solicitudot?gx-no-cache=1625229794109 HTTP/1.1" 200 30
190.171.152.242 - - [02/Jul/2021:09:56:07 -0300] "GET /cormun/servlet/solicitudot?ab4bac1b768884a56e1fc879828f40c1dd5e8bf1723440743dd669f81419e895bf5ec75fc635c071ed29aeaf6b085ef88657b4e3ebc219e19b9a6cc06158a39de7eb3582a2c4791656684a9061b8305d,gx-no-cache=1625229949001 HTTP/1.1" 200 30
190.171.152.242 - - [02/Jul/2021:09:56:07 -0300] "GET /cormun/servlet/solicitudot?ab4bac1b768884a56e1fc879828f40c176526a80e9025c427ccd59204f7b17e7,gx-no-cache=1625229949073 HTTP/1.1" 200 70
190.171.152.242 - - [02/Jul/2021:09:56:07 -0300] "POST /cormun/servlet/solicitudot?gx-no-cache=1625229949103 HTTP/1.1" 200 240
190.171.152.242 - - [02/Jul/2021:09:56:07 -0300] "GET /cormun/servlet/solicitudot?ab4bac1b768884a56e1fc879828f40c100290753ef3b3fe9fd8212cc02a471427c847a85f71f2066cf200ce2337d1eeff53fa6706ec61eface97be10da61bde2af9082b568e09ae7a88f8235ba64f322ae22d4501cf4f761bcae04c5f30bbe70f41607cad1bdf18ad076e1ffcfe8dfa306b8eb74321c7caddf6112970dc44750b64c4a7b52e04a9581d8c90b74d9bfec64786283d9175fbaf82bdb8fb710871deeb80298a5956f74c24d9a0f371cf5ccb29699978b7c1564b506a94b567f2629bb7035a07dad810dd6018b77fb911e0955cc5b9ae4143fc7ca6cb10672ca47c925f4c4bd860dfb52a7e4236f1a3f26c3ed785d29130475790873e2be7087360f10d6f2c54fe43e2dadc7708f6c9dd3283f68fadfa715938a0656cb1e51073b69ba910866d92fe3fe084985817e6fd0e6c6dada51c18f45b146d7740227377cfb9301aeb17131875e4df68bf11b6b6b819bb83ea4fe94f90e9964e498dcabf5483d9ab0c86b85e2db53f074c34a76d5a8af0e3b8f77d601233640fc2ff40fb794,gx-no-cache=1625229949134 HTTP/1.1" 200 30
190.171.152.242 - - [02/Jul/2021:09:56:09 -0300] "POST /cormun/servlet/solicitudot?gx-no-cache=1625229951284 HTTP/1.1" 200 30
190.171.152.242 - - [02/Jul/2021:09:56:12 -0300] "GET /cormun/servlet/prfichaempleado?,MD,,gxPopupLevel%3D0%3B HTTP/1.1" 200 9302
186.11.84.218 - - [02/Jul/2021:09:56:15 -0300] "GET /cormun/servlet/hlogin HTTP/1.1" 200 1727
190.171.152.242 - - [02/Jul/2021:09:56:26 -0300] "POST /cormun/servlet/prfichaempleado?77450fd4d408c282cdbc9032e5d7c3be,,MD,,gxPopupLevel%3D0%3B,gx-no-cache=1625229967693 HTTP/1.1" 200 3411
186.11.84.218 - - [02/Jul/2021:09:56:27 -0300] "POST /cormun/servlet/hlogin?c0615628b6d099daa13e4cae902bcc4b,gx-no-cache=1625229839676 HTTP/1.1" 200 90
186.11.84.218 - - [02/Jul/2021:09:56:27 -0300] "GET /cormun/servlet/hpexe_link HTTP/1.1" 200 969
186.11.84.218 - - [02/Jul/2021:09:56:27 -0300] "GET /cormun/servlet/solicitudot?INS,0,0,false, HTTP/1.1" 200 15911
186.11.84.218 - - [02/Jul/2021:09:56:28 -0300] "GET /cormun/static/Resources/PXTools/calendar.png HTTP/1.1" 304 -
186.11.84.218 - - [02/Jul/2021:09:56:28 -0300] "GET /cormun/servlet/solicitudot?INS,0,0,false, HTTP/1.1" 200 15917
190.171.152.242 - - [02/Jul/2021:09:56:32 -0300] "GET /cormun/servlet/prlicenciaspermisos?16882610,L,,MD,,gxPopupLevel%3D0%3B HTTP/1.1" 200 5522
190.171.152.242 - - [02/Jul/2021:09:56:35 -0300] "POST /cormun/servlet/solicitudot?gx-no-cache=1625229977019 HTTP/1.1" 200 1442
190.171.152.242 - - [02/Jul/2021:09:56:39 -0300] "POST /cormun/servlet/solicitudot?gx-no-cache=1625229980743 HTTP/1.1" 200 40
190.171.152.242 - - [02/Jul/2021:09:56:39 -0300] "GET /cormun/servlet/solicitudot?ab4bac1b768884a56e1fc879828f40c1da63e58296cffd913184a538334613a41ea5e078cfeea7957af4a89461f9ba0d3a73af77dcee9a138765400f7082e395f8eeebaef10e7a4bbdf7ad8932cf09cdda1ed8a24ebf1cd3dc415d846989af4e81f2967264758bc32c803f1a5a9f8728,gx-no-cache=1625229980825 HTTP/1.1" 200 110
190.171.152.242 - - [02/Jul/2021:09:56:39 -0300] "POST /cormun/servlet/solicitudot?gx-no-cache=1625229980892 HTTP/1.1" 200 79
190.171.152.242 - - [02/Jul/2021:09:56:43 -0300] "GET /cormun/servlet/solicitudot?ab4bac1b768884a56e1fc879828f40c1205783b7f23b58c3391f5915ac799c6de73ccff5b02c0f6910a9d3d96e40b4f3d7513b0c8c5d430e3e4e35e0d4bf6217e0ec7c422e0e7411051c974e67f4c58890652891c165c3c0ff521446e7c2a0b1fe324005d987a6ea066657c6a241df9d7dfb39856c4278c2c903a4f42bf10d962a0a78c2592fd73e338a74e8bd715f1fbd67f69af0a4715a0d6a276a4e15c79f,gx-no-cache=1625229985083 HTTP/1.1" 200 29
190.171.152.242 - - [02/Jul/2021:09:56:43 -0300] "GET /cormun/static/menuarrow.gif HTTP/1.1" 404 1015
186.11.84.218 - - [02/Jul/2021:09:56:44 -0300] "POST /cormun/servlet/solicitudot?gx-no-cache=1625229856398 HTTP/1.1" 200 3707
186.11.84.218 - - [02/Jul/2021:09:56:44 -0300] "POST /cormun/servlet/solicitudot?c0615628b6d099daa13e4cae902bcc4b,INS,0,0,false,,gx-no-cache=1625229856703 HTTP/1.1" 200 12482
186.11.84.218 - - [02/Jul/2021:09:56:49 -0300] "GET /cormun/servlet/solicitudot?c885cb428575cee65a0aa673cdd332a725d6d241063988b4e184ca06078183fb178bd700c4904759347203b649cb46aa,gx-no-cache=1625229861840 HTTP/1.1" 200 30
190.171.152.242 - - [02/Jul/2021:09:56:51 -0300] "GET /cormun/servlet/solicitudot?ab4bac1b768884a56e1fc879828f40c19f1630075537449caee2ed394b4bb70b392ece7ac40fa2eafeac3f72032c83cd,gx-no-cache=1625229993533 HTTP/1.1" 200 134
190.171.152.242 - - [02/Jul/2021:09:56:51 -0300] "GET /cormun/static/Shared/jqueryui/images/ui-bg_highlight-soft_100_c6c2c8_1x100.png HTTP/1.1" 404 1117
190.171.152.242 - - [02/Jul/2021:09:56:51 -0300] "GET /cormun/static/Shared/jqueryui/images/ui-icons_82798d_256x240.png HTTP/1.1" 404 1089
190.171.152.242 - - [02/Jul/2021:09:56:51 -0300] "GET /cormun/static/Shared/jqueryui/images/ui-bg_flat_55_994d53_40x100.png HTTP/1.1" 404 1097
190.171.152.242 - - [02/Jul/2021:09:56:51 -0300] "GET /cormun/static/Shared/jqueryui/images/ui-icons_ebccce_256x240.png HTTP/1.1" 404 1089
190.171.152.242 - - [02/Jul/2021:09:56:51 -0300] "POST /cormun/servlet/solicitudot?gx-no-cache=1625229993618 HTTP/1.1" 200 34
190.171.152.242 - - [02/Jul/2021:09:56:55 -0300] "POST /cormun/servlet/solicitudot?77450fd4d408c282cdbc9032e5d7c3be,INS,0,0,false,,gx-no-cache=1625229996932 HTTP/1.1" 200 12774
190.171.152.242 - - [02/Jul/2021:09:57:12 -0300] "GET /cormun/servlet/prlicenciaspermisos?16882610,L,,MD,,gxPopupLevel%3D0%3B HTTP/1.1" 200 5522
190.171.152.242 - - [02/Jul/2021:09:57:22 -0300] "POST /cormun/servlet/solicitudot?gx-no-cache=1625230024457 HTTP/1.1" 200 40
190.171.152.242 - - [02/Jul/2021:09:57:22 -0300] "GET /cormun/servlet/solicitudot?ab4bac1b768884a56e1fc879828f40c1da63e58296cffd913184a538334613a41ea5e078cfeea7957af4a89461f9ba0d3a73af77dcee9a138765400f7082e395f8eeebaef10e7a4bbdf7ad8932cf09cdda1ed8a24ebf1cd3dc415d846989af4e81f2967264758bc32c803f1a5a9f8728,gx-no-cache=1625230024492 HTTP/1.1" 200 110
190.171.152.242 - - [02/Jul/2021:09:57:24 -0300] "GET /cormun/servlet/solicitudot?ab4bac1b768884a56e1fc879828f40c1da63e58296cffd913184a538334613a41ea5e078cfeea7957af4a89461f9ba0d3a73af77dcee9a138765400f7082e395f8eeebaef10e7a4bbdf7ad8932cf09cdda1ed8a24ebf1cd3dc415d846989af4e81f2967264758bc32c803f1a5a9f8728,gx-no-cache=1625230026174 HTTP/1.1" 200 110
190.171.152.242 - - [02/Jul/2021:09:57:36 -0300] "GET /cormun/servlet/solicitudot?ab4bac1b768884a56e1fc879828f40c143e54b234e0b04a14cd1de663ad330b50da1a1aa8fbaba7a11fdf3b2b14c07b9,gx-no-cache=1625230037688 HTTP/1.1" 200 30
190.171.152.242 - - [02/Jul/2021:09:57:36 -0300] "POST /cormun/servlet/solicitudot?gx-no-cache=1625230037711 HTTP/1.1" 200 34
190.171.152.242 - - [02/Jul/2021:09:57:36 -0300] "POST /cormun/servlet/solicitudot?77450fd4d408c282cdbc9032e5d7c3be,INS,0,0,false,,gx-no-cache=1625230037736 HTTP/1.1" 200 93
190.171.152.242 - - [02/Jul/2021:09:57:36 -0300] "GET /cormun/servlet/hpexe_return? HTTP/1.1" 200 1032
190.171.152.242 - - [02/Jul/2021:09:57:36 -0300] "GET /cormun/servlet/trsolicitudot?gx-no-cache=1625229865171 HTTP/1.1" 200 8653
190.171.152.242 - - [02/Jul/2021:09:57:36 -0300] "GET /cormun/servlet/trsolicitudot?gx-no-cache=1625229865171 HTTP/1.1" 200 8670
190.171.152.242 - - [02/Jul/2021:09:57:45 -0300] "POST /cormun/servlet/trsolicitudot?77450fd4d408c282cdbc9032e5d7c3be,gx-no-cache=1625229865171,gx-no-cache=1625230047319 HTTP/1.1" 200 107
190.171.152.242 - - [02/Jul/2021:09:57:45 -0300] "GET /cormun/servlet/trsolicitudadjuntos?2021,17256, HTTP/1.1" 200 6126
190.171.152.242 - - [02/Jul/2021:09:57:45 -0300] "GET /cormun/static/gxcfg.js?20201215574222 HTTP/1.1" 200 953
190.171.152.242 - - [02/Jul/2021:09:57:45 -0300] "GET /cormun/static/trsolicitudadjuntos.js?20201215574932 HTTP/1.1" 200 17922
190.171.152.242 - - [02/Jul/2021:09:57:45 -0300] "GET /cormun/static/Resources/PXToolsGridNew.png HTTP/1.1" 200 427
190.171.152.242 - - [02/Jul/2021:09:57:46 -0300] "GET /cormun/servlet/trsolicitudadjuntos?2021,17256, HTTP/1.1" 200 6105
190.171.152.242 - - [02/Jul/2021:09:57:53 -0300] "GET /cormun/servlet/solicitudotadjuntos?INS,2021,17256,,1, HTTP/1.1" 200 6053
190.171.152.242 - - [02/Jul/2021:09:57:53 -0300] "GET /cormun/static/gxcfg.js?202012157947 HTTP/1.1" 200 953
190.171.152.242 - - [02/Jul/2021:09:57:53 -0300] "GET /cormun/static/solicitudotadjuntos.js?202012157966 HTTP/1.1" 200 11771
190.171.152.242 - - [02/Jul/2021:09:57:53 -0300] "GET /cormun/static/about:blank HTTP/1.1" 404 1011
190.171.152.242 - - [02/Jul/2021:09:57:54 -0300] "GET /cormun/servlet/solicitudotadjuntos?INS,2021,17256,,1, HTTP/1.1" 200 6046
190.171.152.242 - - [02/Jul/2021:09:57:54 -0300] "GET /cormun/servlet/solicitudotadjuntos?ab4bac1b768884a56e1fc879828f40c19931329dcebb7389af1d743603e9e807ca3f541fd8886b9b1bbcbda2ab16ac2d,gx-no-cache=1625230056147 HTTP/1.1" 200 30
190.171.152.242 - - [02/Jul/2021:09:57:54 -0300] "POST /cormun/servlet/solicitudotadjuntos?77450fd4d408c282cdbc9032e5d7c3be,INS,2021,17256,,1,,gx-no-cache=1625230056212 HTTP/1.1" 200 3913
186.11.84.218 - - [02/Jul/2021:09:57:55 -0300] "GET /cormun/servlet/prbanco?,MD,,gxPopupLevel%3D0%3B HTTP/1.1" 200 6673
190.171.152.242 - - [02/Jul/2021:09:57:56 -0300] "POST /cormun/servlet/solicitudotadjuntos?gx-no-cache=1625230058359 HTTP/1.1" 200 26
186.11.84.218 - - [02/Jul/2021:09:58:00 -0300] "GET /cormun/servlet/solicitudot?c885cb428575cee65a0aa673cdd332a7b5a451071f6848e768749236325200223fe0d79561f5b736a110228ccba1f90ea11d6e0a43efb72b3a7ab0e6a43e804a,gx-no-cache=1625229932363 HTTP/1.1" 200 30
186.11.84.218 - - [02/Jul/2021:09:58:05 -0300] "GET /cormun/servlet/solicitudot?c885cb428575cee65a0aa673cdd332a72a5a14c616257aca81f188806c491f7b,gx-no-cache=1625229938081 HTTP/1.1" 200 53
186.11.84.218 - - [02/Jul/2021:09:58:27 -0300] "POST /cormun/servlet/solicitudot?gx-no-cache=1625229959559 HTTP/1.1" 200 240
200.30.252.117 - - [02/Jul/2021:09:58:28 -0300] "GET /cormun/servlet/hlogin HTTP/1.1" 200 1721
200.30.252.117 - - [02/Jul/2021:09:58:30 -0300] "GET /cormun/servlet/hlogin HTTP/1.1" 200 1731
186.11.84.218 - - [02/Jul/2021:09:58:31 -0300] "GET /cormun/servlet/solicitudot?c885cb428575cee65a0aa673cdd332a7c5e31ced88ea4869b5abdf11a5d1b4e8d739d3ee1188b316c5f2de3043bd723282a5812f5f8ba115e601c7ee0249be6eb2ba63f45b63eb4508b0fffb2ec9e88c0027d269bb93fec22bfbedd9083a3b35773c7892767e4189ab42d5d6eefbe502840f3290039419f172d7a9816561ae0b60028c68c102305ae78133af58ab93eab5ba14bb3edaaf9adb5cd040aa7eed737e99e458726150d297041a264b99665c6587fd041a6315ed466afa756b5017d404f2a248452c2dbe744d0b850b55bbed697a81975244f031842fb9f4f5e6fe42d21d98494c6ba553864c4645e261277e010d550aaa3bca78403376d1efa7fc5166249bcf7cbaf6cb458a5cfd94d7cc0166981aa2c136967a2c679c763e94e89ba0ab2bd6673eb8b3afcd618c5ecee0e134589dd6b43bc76c6b774db889387ddd3ecc00387a9bc7b1220700e4dd65fdb6003c1eb5a67cbddb138e53d76985b1548e655fb80566700c0b191ca1dcb9cfe4992ad032d798f11a3859dcee14bfd7ba,gx-no-cache=1625229963839 HTTP/1.1" 200 30
200.30.252.117 - - [02/Jul/2021:09:58:33 -0300] "POST /cormun/servlet/hlogin?04150e2437d8bfc67f3ff9b8b8d689e6,gx-no-cache=1625230095370 HTTP/1.1" 200 90
200.30.252.117 - - [02/Jul/2021:09:58:34 -0300] "GET /cormun/servlet/hpexe_link HTTP/1.1" 200 949
200.30.252.117 - - [02/Jul/2021:09:58:34 -0300] "GET /cormun/servlet/hhome HTTP/1.1" 200 3968
186.11.84.218 - - [02/Jul/2021:09:58:34 -0300] "POST /cormun/servlet/solicitudot?gx-no-cache=1625229966793 HTTP/1.1" 200 30
200.30.252.117 - - [02/Jul/2021:09:58:35 -0300] "GET /cormun/static/gxcfg.js?20201215495537 HTTP/1.1" 200 953
200.30.252.117 - - [02/Jul/2021:09:58:35 -0300] "GET /cormun/static/hhome.js?20201215495544 HTTP/1.1" 200 777
200.30.252.117 - - [02/Jul/2021:09:58:38 -0300] "GET /cormun/servlet/hhome HTTP/1.1" 200 3964
186.11.84.218 - - [02/Jul/2021:09:58:52 -0300] "GET /cormun/servlet/prlicenciaspermisos?18039691,L,,MD,,gxPopupLevel%3D0%3B HTTP/1.1" 200 5691
186.11.84.218 - - [02/Jul/2021:09:58:58 -0300] "POST /cormun/servlet/solicitudot?gx-no-cache=1625229990151 HTTP/1.1" 200 1441
190.171.141.114 - - [02/Jul/2021:09:59:34 -0300] "GET /cormun/servlet/hlogin HTTP/1.1" 200 1719
190.171.141.114 - - [02/Jul/2021:09:59:35 -0300] "GET /cormun/servlet/hlogin HTTP/1.1" 200 1729
190.171.141.114 - - [02/Jul/2021:09:59:55 -0300] "POST /cormun/servlet/hlogin?53569929aeedb7bcebb76472abf855ed,gx-no-cache=1625230123649 HTTP/1.1" 200 90
190.171.141.114 - - [02/Jul/2021:09:59:55 -0300] "GET /cormun/servlet/hpexe_link HTTP/1.1" 200 946
190.171.141.114 - - [02/Jul/2021:09:59:55 -0300] "GET /cormun/servlet/hhome HTTP/1.1" 200 3971
190.171.141.114 - - [02/Jul/2021:09:59:57 -0300] "GET /cormun/servlet/hhome HTTP/1.1" 200 3967
190.171.141.114 - - [02/Jul/2021:10:00:12 -0300] "GET /cormun/servlet/trlicencias? HTTP/1.1" 200 10772
190.171.141.114 - - [02/Jul/2021:10:00:12 -0300] "GET /cormun/static/gxcfg.js?2020121613995 HTTP/1.1" 200 953
190.171.141.114 - - [02/Jul/2021:10:00:13 -0300] "GET /cormun/static/trlicencias.js?202012162481 HTTP/1.1" 200 41883
190.171.141.114 - - [02/Jul/2021:10:00:14 -0300] "GET /cormun/servlet/trlicencias? HTTP/1.1" 200 10770
190.171.141.114 - - [02/Jul/2021:10:00:18 -0300] "POST /cormun/servlet/trlicencias?53569929aeedb7bcebb76472abf855ed,,gx-no-cache=1625230146463 HTTP/1.1" 200 8257
190.171.152.242 - - [02/Jul/2021:10:00:30 -0300] "GET /cormun/servlet/solicitudotadjuntos?ab4bac1b768884a56e1fc879828f40c1d7b464cfaf2d18b9c59cb63bd190b3dd,gx-no-cache=1625230211764 HTTP/1.1" 200 30
190.171.152.242 - - [02/Jul/2021:10:00:30 -0300] "GET /cormun/servlet/solicitudotadjuntos?ab4bac1b768884a56e1fc879828f40c1d7b464cfaf2d18b9c59cb63bd190b3dd,gx-no-cache=1625230211842 HTTP/1.1" 200 30
190.171.152.242 - - [02/Jul/2021:10:00:34 -0300] "POST /cormun/servlet/solicitudotadjuntos?77450fd4d408c282cdbc9032e5d7c3be,INS,2021,17256,,1, HTTP/1.1" 200 116
200.30.252.117 - - [02/Jul/2021:10:00:34 -0300] "GET /cormun/servlet/hlogin HTTP/1.1" 200 1728
190.171.152.242 - - [02/Jul/2021:10:00:34 -0300] "GET /cormun/servlet/hpexe_return? HTTP/1.1" 200 1030
200.30.252.117 - - [02/Jul/2021:10:00:34 -0300] "GET /cormun/static/gxtimezone.js?85251 HTTP/1.1" 200 5781
200.30.252.117 - - [02/Jul/2021:10:00:34 -0300] "GET /cormun/static/gxcfg.js?201910216285969 HTTP/1.1" 200 953
200.30.252.117 - - [02/Jul/2021:10:00:34 -0300] "GET /cormun/static/Resources/Spanish/PXTools.css?2294816 HTTP/1.1" 200 100853
200.30.252.117 - - [02/Jul/2021:10:00:35 -0300] "GET /cormun/static/messages.spa.js?85251 HTTP/1.1" 200 30736
200.30.252.117 - - [02/Jul/2021:10:00:35 -0300] "GET /cormun/static/hlogin.js?201910216285995 HTTP/1.1" 200 2136
200.30.252.117 - - [02/Jul/2021:10:00:35 -0300] "GET /cormun/static/Resources/Logo2019_Grande.png HTTP/1.1" 200 31733
200.30.252.117 - - [02/Jul/2021:10:00:35 -0300] "GET /cormun/static/gxgral.js?85251 HTTP/1.1" 200 384558
190.171.152.242 - - [02/Jul/2021:10:00:35 -0300] "GET /cormun/servlet/trsolicitudadjuntos?2021,17256, HTTP/1.1" 200 8855
200.30.252.117 - - [02/Jul/2021:10:00:35 -0300] "GET /cormun/static/Resources/PXToolsLoginTop.png HTTP/1.1" 200 1337
200.30.252.117 - - [02/Jul/2021:10:00:35 -0300] "GET /cormun/static/Resources/PXToolsButtonRight.png HTTP/1.1" 200 1294
200.30.252.117 - - [02/Jul/2021:10:00:35 -0300] "GET /cormun/static/Resources/PXToolsButtonLeft.png HTTP/1.1" 200 1310
200.30.252.117 - - [02/Jul/2021:10:00:35 -0300] "GET /cormun/static/Resources/PXToolsLoginBackground.png HTTP/1.1" 200 1164
200.30.252.117 - - [02/Jul/2021:10:00:35 -0300] "GET /cormun/static/Resources/PXToolsLoginBottom.png HTTP/1.1" 200 1389
200.30.252.117 - - [02/Jul/2021:10:00:35 -0300] "GET /cormun/static/Resources/indicator.gif HTTP/1.1" 200 1553
200.30.252.117 - - [02/Jul/2021:10:00:35 -0300] "GET /cormun/static/Resources/PXToolsButtonBackground.png HTTP/1.1" 200 1176
200.30.252.117 - - [02/Jul/2021:10:00:35 -0300] "GET /cormun/servlet/hlogin HTTP/1.1" 200 1738
200.30.252.117 - - [02/Jul/2021:10:00:35 -0300] "GET /favicon.ico HTTP/1.1" 200 21630
190.171.152.242 - - [02/Jul/2021:10:00:36 -0300] "GET /cormun/servlet/trsolicitudadjuntos?2021,17256, HTTP/1.1" 200 8851
200.30.252.117 - - [02/Jul/2021:10:00:42 -0300] "POST /cormun/servlet/hlogin?6e7d75d563ca41d0894c35b0372dd244,gx-no-cache=1625233709640 HTTP/1.1" 200 90
200.30.252.117 - - [02/Jul/2021:10:00:43 -0300] "GET /cormun/servlet/hpexe_link HTTP/1.1" 200 955
200.30.252.117 - - [02/Jul/2021:10:00:43 -0300] "GET /cormun/static/gxcfg.js?201991422392958 HTTP/1.1" 200 953
200.30.252.117 - - [02/Jul/2021:10:00:43 -0300] "GET /cormun/static/hpexe_link.js?201991422392963 HTTP/1.1" 200 625
200.30.252.117 - - [02/Jul/2021:10:00:43 -0300] "GET /cormun/servlet/hhome HTTP/1.1" 200 3975
200.30.252.117 - - [02/Jul/2021:10:00:43 -0300] "GET /cormun/static/PXToolsJavascripts/pexe_autoreload.js HTTP/1.1" 200 1762
200.30.252.117 - - [02/Jul/2021:10:00:43 -0300] "GET /cormun/static/gxcfg.js?20201215495537 HTTP/1.1" 200 953
200.30.252.117 - - [02/Jul/2021:10:00:43 -0300] "GET /cormun/static/PXToolsJavascripts/pexe_cookies.js HTTP/1.1" 200 792
200.30.252.117 - - [02/Jul/2021:10:00:43 -0300] "GET /cormun/static/PXToolsJavascripts/pexe_windows.js HTTP/1.1" 200 15207
200.30.252.117 - - [02/Jul/2021:10:00:43 -0300] "GET /cormun/static/PXToolsJavascripts/pexe_grid.js HTTP/1.1" 200 7559
200.30.252.117 - - [02/Jul/2021:10:00:43 -0300] "GET /cormun/static/PXToolsJavascripts/pexe_menudivfix.js HTTP/1.1" 200 333
200.30.252.117 - - [02/Jul/2021:10:00:43 -0300] "GET /cormun/static/PXToolsJavascripts/pexe_link.js HTTP/1.1" 200 5671
200.30.252.117 - - [02/Jul/2021:10:00:43 -0300] "GET /cormun/static/PXToolsJavascripts/pexe_griddivfix.js HTTP/1.1" 200 6644
200.30.252.117 - - [02/Jul/2021:10:00:43 -0300] "GET /cormun/static/PXToolsJavascripts/pexe_menus.js HTTP/1.1" 200 1286
200.30.252.117 - - [02/Jul/2021:10:00:43 -0300] "GET /cormun/static/PXToolsJavascripts/pexe_layers.js HTTP/1.1" 200 4114
200.30.252.117 - - [02/Jul/2021:10:00:43 -0300] "GET /cormun/static/PXToolsJavascripts/pexe_oav.js HTTP/1.1" 200 645
200.30.252.117 - - [02/Jul/2021:10:00:43 -0300] "GET /cormun/static/PXToolsJavascripts/pexe_oavdivfix.js HTTP/1.1" 200 639
200.30.252.117 - - [02/Jul/2021:10:00:43 -0300] "GET /cormun/static/PXToolsJavascripts/pexe_picture.js HTTP/1.1" 200 689
200.30.252.117 - - [02/Jul/2021:10:00:43 -0300] "GET /cormun/static/PXToolsJavascripts/pexe_popup.js HTTP/1.1" 200 13458
200.30.252.117 - - [02/Jul/2021:10:00:43 -0300] "GET /cormun/static/PXToolsJavascripts/pexe_scrolldiv.js HTTP/1.1" 200 4138
200.30.252.117 - - [02/Jul/2021:10:00:43 -0300] "GET /cormun/static/PXToolsJavascripts/pexe_tabdivfix.js HTTP/1.1" 200 876
200.30.252.117 - - [02/Jul/2021:10:00:43 -0300] "GET /cormun/static/PXToolsJavascripts/pexe_upload.js HTTP/1.1" 200 1423
200.30.252.117 - - [02/Jul/2021:10:00:43 -0300] "GET /cormun/static/PXToolsJavascripts/pexe_tabs.js HTTP/1.1" 200 3748
200.30.252.117 - - [02/Jul/2021:10:00:43 -0300] "GET /cormun/static/PXToolsJavascripts/PXToolsJavascriptsRender.js HTTP/1.1" 200 367
200.30.252.117 - - [02/Jul/2021:10:00:43 -0300] "GET /cormun/static/RunJS/RunJS.js HTTP/1.1" 200 288
200.30.252.117 - - [02/Jul/2021:10:00:43 -0300] "GET /cormun/static/hhome.js?20201215495544 HTTP/1.1" 200 777
200.30.252.117 - - [02/Jul/2021:10:00:43 -0300] "GET /cormun/static/hwchdr01.js?20201214473739 HTTP/1.1" 200 996
200.30.252.117 - - [02/Jul/2021:10:00:43 -0300] "GET /cormun/static/Shared/ext/locale/ext-lang-en.js HTTP/1.1" 200 10940
200.30.252.117 - - [02/Jul/2021:10:00:43 -0300] "GET /cormun/static/Resources/ImgLogin.png HTTP/1.1" 200 1432
200.30.252.117 - - [02/Jul/2021:10:00:43 -0300] "GET /cormun/static/Resources/ImgHome.png HTTP/1.1" 200 1364
