190.171.143.82 - - [23/Jun/2021:17:00:15 -0300] "GET /cormun/servlet/permisosingoce?013b4354908d2ea6a8eebb18d175c335fba14fbd335123775507c6c4c1df4067c2e9396f0f2cd561f9167073e705c565,gx-no-cache=1624477799319 HTTP/1.1" 200 33
190.171.143.82 - - [23/Jun/2021:17:00:15 -0300] "GET /cormun/servlet/permisosingoce?013b4354908d2ea6a8eebb18d175c335ce36c5e172c2677ba386e0a24f497929ac410d65c59196e2bfe6d206e4997d47e30e751e84c2b3420254126c0d7207ba91ec850a777ec838471a24eb2b6b2808799bc7079b68c61a6ceb13a2697be900b307f6838537c601b66999868cca58265baa1fcc1ed8f8be7fe84513d1114ad20ba7b990df09a9c95e18bba3e5c6c88a21851e568b19fd55687a72f29ebb8b92,gx-no-cache=1624477799392 HTTP/1.1" 200 41
190.171.143.82 - - [23/Jun/2021:17:00:15 -0300] "GET /cormun/pexe_autoreload.js HTTP/1.1" 404 1011
190.171.143.82 - - [23/Jun/2021:17:00:15 -0300] "GET /cormun/pexe_menudivfix.js HTTP/1.1" 404 1011
190.171.143.82 - - [23/Jun/2021:17:00:15 -0300] "GET /cormun/pexe_tabdivfix.js HTTP/1.1" 404 1009
190.171.143.82 - - [23/Jun/2021:17:00:15 -0300] "GET /cormun/pexe_menus.js HTTP/1.1" 404 1001
190.171.143.82 - - [23/Jun/2021:17:00:15 -0300] "GET /cormun/pexe_layers.js HTTP/1.1" 404 1003
190.171.143.82 - - [23/Jun/2021:17:00:15 -0300] "POST /cormun/servlet/permisosingoce?415815fbab67ec77d67592e0495a3da7,INS,0,,gx-no-cache=1624477799473 HTTP/1.1" 200 93
190.171.143.82 - - [23/Jun/2021:17:00:15 -0300] "GET /cormun/pexe_windows.js HTTP/1.1" 404 1005
190.171.143.82 - - [23/Jun/2021:17:00:15 -0300] "GET /cormun/servlet/hpexe_return? HTTP/1.1" 200 1005
190.171.143.82 - - [23/Jun/2021:17:00:15 -0300] "GET /cormun/pexe_link.js HTTP/1.1" 404 999
190.171.143.82 - - [23/Jun/2021:17:00:16 -0300] "GET /cormun/pexe_cookies.js HTTP/1.1" 404 1005
190.171.143.82 - - [23/Jun/2021:17:00:16 -0300] "GET /cormun/pexe_grid.js HTTP/1.1" 404 999
190.171.143.82 - - [23/Jun/2021:17:00:16 -0300] "GET /cormun/pexe_griddivfix.js HTTP/1.1" 404 1011
190.171.143.82 - - [23/Jun/2021:17:00:16 -0300] "GET /cormun/pexe_picture.js HTTP/1.1" 404 1005
190.171.143.82 - - [23/Jun/2021:17:00:16 -0300] "GET /cormun/servlet/trpermisosingoce HTTP/1.1" 200 8333
190.171.143.82 - - [23/Jun/2021:17:00:16 -0300] "GET /cormun/pexe_treedivfix.js HTTP/1.1" 404 1011
190.171.143.82 - - [23/Jun/2021:17:00:16 -0300] "GET /cormun/pexe_autoreload.js HTTP/1.1" 404 1011
190.171.143.82 - - [23/Jun/2021:17:00:17 -0300] "GET /cormun/pexe_menudivfix.js HTTP/1.1" 404 1011
190.171.143.82 - - [23/Jun/2021:17:00:17 -0300] "GET /cormun/pexe_tabdivfix.js HTTP/1.1" 404 1009
190.171.143.82 - - [23/Jun/2021:17:00:18 -0300] "GET /cormun/servlet/trpermisosingoce HTTP/1.1" 200 8329
190.171.154.42 - - [23/Jun/2021:17:00:19 -0300] "POST /cormun/servlet/solicitudot?gx-no-cache=1624477801608 HTTP/1.1" 200 110
190.171.143.82 - - [23/Jun/2021:17:00:21 -0300] "POST /cormun/servlet/trpermisosingoce?415815fbab67ec77d67592e0495a3da7,gx-no-cache=1624477804988 HTTP/1.1" 200 5600
190.171.143.82 - - [23/Jun/2021:17:00:27 -0300] "GET /cormun/servlet/permisosingoce?INS,0, HTTP/1.1" 200 6809
190.171.143.82 - - [23/Jun/2021:17:00:29 -0300] "GET /cormun/servlet/permisosingoce?INS,0, HTTP/1.1" 200 6809
190.171.154.42 - - [23/Jun/2021:17:00:40 -0300] "GET /cormun/servlet/solicitudot?40f7840606efc900a7658c2667c11e27304f063a2fc26976e019d36db8bfa9bebfc5b8ebd1b53c17d1381e2baf9dc23cf481a622382c536b1204b2c3217d90db4502ac9eb38a53631bbe8fa3caaddd7acf1df9f02a5cd9a0a630af5e794ef5fe2021ca22af9a42e4e2fa904b4ea9c3e0,gx-no-cache=1624477822711 HTTP/1.1" 200 29
190.171.154.42 - - [23/Jun/2021:17:00:41 -0300] "GET /cormun/static/menuarrow.gif HTTP/1.1" 404 1015
190.171.143.82 - - [23/Jun/2021:17:00:43 -0300] "GET /cormun/servlet/permisosingoce?013b4354908d2ea6a8eebb18d175c335746fe6ec3f5acf8c3f7167e3301909d32f00e5d0f3f91dcf0587135a027aa2c6799c76f926c438d47b33f062a91a01ed,gx-no-cache=1624477827421 HTTP/1.1" 200 84
190.171.143.82 - - [23/Jun/2021:17:00:52 -0300] "GET /cormun/servlet/permisosingoce?013b4354908d2ea6a8eebb18d175c335fba14fbd335123775507c6c4c1df406744ac18239b1490b2a920dfaa729d6037,gx-no-cache=1624477836479 HTTP/1.1" 200 33
190.171.143.82 - - [23/Jun/2021:17:00:54 -0300] "GET /cormun/servlet/permisosingoce?013b4354908d2ea6a8eebb18d175c335ce36c5e172c2677ba386e0a24f497929ac410d65c59196e2bfe6d206e4997d47e30e751e84c2b3420254126c0d7207ba91ec850a777ec838471a24eb2b6b2808799bc7079b68c61a6ceb13a2697be900b307f6838537c601b66999868cca58265baa1fcc1ed8f8be7fe84513d1114ad20396e38e82afe4286eb3e18b949ad88c,gx-no-cache=1624477838538 HTTP/1.1" 200 41
190.171.143.82 - - [23/Jun/2021:17:01:00 -0300] "POST /cormun/servlet/permisosingoce?415815fbab67ec77d67592e0495a3da7,INS,0,,gx-no-cache=1624477844781 HTTP/1.1" 200 4307
190.171.143.82 - - [23/Jun/2021:17:01:01 -0300] "GET /cormun/servlet/puconsultasingoce?19590652,PU HTTP/1.1" 200 4420
190.171.143.82 - - [23/Jun/2021:17:01:01 -0300] "POST /cormun/servlet/permisosingoce?415815fbab67ec77d67592e0495a3da7,INS,0,,gx-no-cache=1624477844992 HTTP/1.1" 200 4316
190.171.143.82 - - [23/Jun/2021:17:01:01 -0300] "GET /cormun/pexe_windows.js HTTP/1.1" 404 1005
190.171.143.82 - - [23/Jun/2021:17:01:01 -0300] "GET /cormun/pexe_picture.js HTTP/1.1" 404 1005
190.171.143.82 - - [23/Jun/2021:17:01:01 -0300] "GET /cormun/pexe_menus.js HTTP/1.1" 404 1001
190.171.143.82 - - [23/Jun/2021:17:01:01 -0300] "GET /cormun/pexe_layers.js HTTP/1.1" 404 1003
190.171.143.82 - - [23/Jun/2021:17:01:01 -0300] "GET /cormun/pexe_link.js HTTP/1.1" 404 999
190.171.143.82 - - [23/Jun/2021:17:01:01 -0300] "GET /cormun/pexe_cookies.js HTTP/1.1" 404 1005
190.171.143.82 - - [23/Jun/2021:17:01:01 -0300] "GET /cormun/pexe_griddivfix.js HTTP/1.1" 404 1011
190.171.143.82 - - [23/Jun/2021:17:01:01 -0300] "GET /cormun/pexe_grid.js HTTP/1.1" 404 999
190.171.143.82 - - [23/Jun/2021:17:01:01 -0300] "GET /cormun/pexe_treedivfix.js HTTP/1.1" 404 1011
190.171.143.82 - - [23/Jun/2021:17:01:01 -0300] "GET /cormun/servlet/permisosingoce?013b4354908d2ea6a8eebb18d175c335fba14fbd335123775507c6c4c1df406798a19b420dec8d361e3fd5082ea30167,gx-no-cache=1624477845627 HTTP/1.1" 200 33
190.171.143.82 - - [23/Jun/2021:17:01:01 -0300] "GET /cormun/servlet/permisosingoce?013b4354908d2ea6a8eebb18d175c335ce36c5e172c2677ba386e0a24f497929ac410d65c59196e2bfe6d206e4997d47e30e751e84c2b3420254126c0d7207ba91ec850a777ec838471a24eb2b6b2808799bc7079b68c61a6ceb13a2697be900b307f6838537c601b66999868cca58265baa1fcc1ed8f8be7fe84513d1114ad2fd02d6923f11ec7a7948b040a53695c34d92d254903491e487be62bca0649d70,gx-no-cache=1624477845686 HTTP/1.1" 200 41
190.171.143.82 - - [23/Jun/2021:17:01:01 -0300] "GET /cormun/pexe_autoreload.js HTTP/1.1" 404 1011
190.171.143.82 - - [23/Jun/2021:17:01:01 -0300] "GET /cormun/pexe_menudivfix.js HTTP/1.1" 404 1011
190.171.143.82 - - [23/Jun/2021:17:01:01 -0300] "POST /cormun/servlet/permisosingoce?415815fbab67ec77d67592e0495a3da7,INS,0,,gx-no-cache=1624477845734 HTTP/1.1" 200 93
190.171.143.82 - - [23/Jun/2021:17:01:02 -0300] "GET /cormun/pexe_tabdivfix.js HTTP/1.1" 404 1009
190.171.143.82 - - [23/Jun/2021:17:01:02 -0300] "GET /cormun/servlet/hpexe_return? HTTP/1.1" 200 1028
190.171.143.82 - - [23/Jun/2021:17:01:02 -0300] "GET /cormun/pexe_menus.js HTTP/1.1" 404 1001
190.171.143.82 - - [23/Jun/2021:17:01:02 -0300] "GET /cormun/pexe_layers.js HTTP/1.1" 404 1003
190.171.143.82 - - [23/Jun/2021:17:01:02 -0300] "GET /cormun/pexe_windows.js HTTP/1.1" 404 1005
190.171.143.82 - - [23/Jun/2021:17:01:02 -0300] "GET /cormun/pexe_link.js HTTP/1.1" 404 999
190.171.143.82 - - [23/Jun/2021:17:01:02 -0300] "GET /cormun/servlet/trpermisosingoce?gx-no-cache=1624477804988 HTTP/1.1" 200 8485
190.171.143.82 - - [23/Jun/2021:17:01:02 -0300] "GET /cormun/pexe_cookies.js HTTP/1.1" 404 1005
190.171.143.82 - - [23/Jun/2021:17:01:03 -0300] "GET /cormun/pexe_grid.js HTTP/1.1" 404 999
190.171.143.82 - - [23/Jun/2021:17:01:03 -0300] "GET /cormun/pexe_griddivfix.js HTTP/1.1" 404 1011
190.171.143.82 - - [23/Jun/2021:17:01:03 -0300] "GET /cormun/pexe_picture.js HTTP/1.1" 404 1005
190.171.143.82 - - [23/Jun/2021:17:01:04 -0300] "GET /cormun/pexe_treedivfix.js HTTP/1.1" 404 1011
190.171.143.82 - - [23/Jun/2021:17:01:04 -0300] "GET /cormun/servlet/trpermisosingoce?gx-no-cache=1624477804988 HTTP/1.1" 200 8504
190.171.143.82 - - [23/Jun/2021:17:01:04 -0300] "GET /cormun/pexe_autoreload.js HTTP/1.1" 404 1011
190.171.143.82 - - [23/Jun/2021:17:01:05 -0300] "GET /cormun/pexe_menudivfix.js HTTP/1.1" 404 1011
190.171.143.82 - - [23/Jun/2021:17:01:05 -0300] "GET /cormun/pexe_tabdivfix.js HTTP/1.1" 404 1009
190.171.143.82 - - [23/Jun/2021:17:01:07 -0300] "POST /cormun/servlet/trpermisosingoce?415815fbab67ec77d67592e0495a3da7,gx-no-cache=1624477804988,gx-no-cache=1624477851748 HTTP/1.1" 200 5752
190.171.154.42 - - [23/Jun/2021:17:01:13 -0300] "GET /cormun/servlet/solicitudot?40f7840606efc900a7658c2667c11e27d4fdc3bae44f44015c61f5b6311a4411671264ea1c3cfa54f757347e0bb98521,gx-no-cache=1624477855396 HTTP/1.1" 200 30
190.171.143.82 - - [23/Jun/2021:17:01:13 -0300] "GET /cormun/servlet/apermisosingoceprn?534,PU HTTP/1.1" 200 1650
190.171.143.82 - - [23/Jun/2021:17:01:26 -0300] "GET /cormun/servlet/apermisosingoceprn?534,PU HTTP/1.1" 200 1650
190.171.154.42 - - [23/Jun/2021:17:01:53 -0300] "POST /cormun/servlet/solicitudot?gx-no-cache=1624477895158 HTTP/1.1" 200 30
190.171.143.82 - - [23/Jun/2021:17:01:54 -0300] "GET /cormun/servlet/apermisosingoceprn?535,PU HTTP/1.1" 200 1650
192.168.10.96 - - [23/Jun/2021:17:01:56 -0300] "POST /cormun/servlet/solicitudot?gx-no-cache=1624477764157 HTTP/1.1" 200 30
190.171.154.42 - - [23/Jun/2021:17:01:59 -0300] "POST /cormun/servlet/solicitudot?gx-no-cache=1624477901576 HTTP/1.1" 200 1440
190.171.154.42 - - [23/Jun/2021:17:01:59 -0300] "POST /cormun/servlet/solicitudot?gx-no-cache=1624477901695 HTTP/1.1" 200 41
190.171.154.42 - - [23/Jun/2021:17:01:59 -0300] "GET /cormun/servlet/solicitudot?40f7840606efc900a7658c2667c11e27677295b2ee372d8279dd1a741b0846c2022ef942ca264624ecf76b8c170b248a28eb38d7b38919d32dd800c130e7c7d4ceba537e944d8cfcfea4939939576ef014ff33449c6e90e326f898a7987c937eab85022ccb36364da93eb016203b28bb,gx-no-cache=1624477901833 HTTP/1.1" 200 110
190.171.154.42 - - [23/Jun/2021:17:02:00 -0300] "POST /cormun/servlet/solicitudot?gx-no-cache=1624477901917 HTTP/1.1" 200 109
190.171.154.42 - - [23/Jun/2021:17:02:00 -0300] "POST /cormun/servlet/solicitudot?gx-no-cache=1624477902057 HTTP/1.1" 200 30
190.171.154.42 - - [23/Jun/2021:17:02:17 -0300] "POST /cormun/servlet/solicitudot?850f027ca1a0f3ac46487193ad6392a7,INS,0,0,false,,gx-no-cache=1624477918555 HTTP/1.1" 200 93
190.171.154.42 - - [23/Jun/2021:17:02:17 -0300] "GET /cormun/servlet/hpexe_return? HTTP/1.1" 200 1002
190.171.154.42 - - [23/Jun/2021:17:02:18 -0300] "GET /cormun/servlet/trsolicitudot HTTP/1.1" 200 9369
190.171.143.82 - - [23/Jun/2021:17:02:18 -0300] "GET /cormun/servlet/apermisosingoceprn?536,PU HTTP/1.1" 200 1647
190.171.154.42 - - [23/Jun/2021:17:02:21 -0300] "GET /cormun/servlet/trsolicitudot HTTP/1.1" 200 9364
190.171.142.42 - - [23/Jun/2021:17:02:22 -0300] "GET /cormun/servlet/hlogin HTTP/1.1" 200 1731
190.171.154.42 - - [23/Jun/2021:17:02:25 -0300] "GET /cormun/servlet/trautorizarsolicitud? HTTP/1.1" 200 7463
190.171.154.42 - - [23/Jun/2021:17:02:25 -0300] "GET /cormun/static/gxcfg.js?201991422414522 HTTP/1.1" 200 953
190.171.154.42 - - [23/Jun/2021:17:02:26 -0300] "GET /cormun/static/trautorizarsolicitud.js?201991422415463 HTTP/1.1" 200 53910
190.171.154.42 - - [23/Jun/2021:17:02:27 -0300] "GET /cormun/servlet/trautorizarsolicitud? HTTP/1.1" 200 7462
190.171.154.42 - - [23/Jun/2021:17:02:29 -0300] "POST /cormun/servlet/trautorizarsolicitud?850f027ca1a0f3ac46487193ad6392a7,,gx-no-cache=1624477931724 HTTP/1.1" 200 4559
190.171.154.42 - - [23/Jun/2021:17:02:32 -0300] "POST /cormun/servlet/trautorizarsolicitud?850f027ca1a0f3ac46487193ad6392a7,,gx-no-cache=1624477934516 HTTP/1.1" 200 4559
190.171.154.42 - - [23/Jun/2021:17:02:35 -0300] "GET /cormun/servlet/trautorizarsolicitud? HTTP/1.1" 200 7462
190.171.154.42 - - [23/Jun/2021:17:02:37 -0300] "GET /cormun/servlet/trautorizarsolicitud? HTTP/1.1" 200 7462
190.171.154.42 - - [23/Jun/2021:17:02:39 -0300] "POST /cormun/servlet/trautorizarsolicitud?850f027ca1a0f3ac46487193ad6392a7,,gx-no-cache=1624477941774 HTTP/1.1" 200 4559
190.171.154.42 - - [23/Jun/2021:17:02:47 -0300] "POST /cormun/servlet/trautorizarsolicitud?850f027ca1a0f3ac46487193ad6392a7,,gx-no-cache=1624477948927 HTTP/1.1" 200 7183
190.171.143.82 - - [23/Jun/2021:17:02:59 -0300] "GET /cormun/servlet/trpermisosgoce? HTTP/1.1" 200 12661
190.171.143.82 - - [23/Jun/2021:17:03:01 -0300] "GET /cormun/servlet/trpermisosgoce? HTTP/1.1" 200 12643
192.168.10.96 - - [23/Jun/2021:17:03:09 -0300] "POST /cormun/servlet/solicitudot?9c636cefb4e778bb2e5a1830111b485b,INS,0,0,false,,gx-no-cache=1624477836936 HTTP/1.1" 200 93
192.168.10.96 - - [23/Jun/2021:17:03:09 -0300] "GET /cormun/servlet/hpexe_return? HTTP/1.1" 200 1011
190.171.143.82 - - [23/Jun/2021:17:03:09 -0300] "POST /cormun/servlet/trpermisosgoce?415815fbab67ec77d67592e0495a3da7,,gx-no-cache=1624477973400 HTTP/1.1" 200 9767
192.168.10.96 - - [23/Jun/2021:17:03:09 -0300] "GET /cormun/servlet/trsolicitudot HTTP/1.1" 200 9377
192.168.10.96 - - [23/Jun/2021:17:03:10 -0300] "GET /cormun/servlet/trsolicitudot HTTP/1.1" 200 9372
192.168.10.96 - - [23/Jun/2021:17:03:15 -0300] "GET /cormun/servlet/hlogin HTTP/1.1" 200 1744
190.171.143.82 - - [23/Jun/2021:17:03:19 -0300] "GET /cormun/servlet/trlicencias? HTTP/1.1" 200 9965
190.171.143.82 - - [23/Jun/2021:17:03:21 -0300] "GET /cormun/servlet/trlicencias? HTTP/1.1" 200 9965
190.171.154.42 - - [23/Jun/2021:17:03:26 -0300] "POST /cormun/servlet/trautorizarsolicitud?850f027ca1a0f3ac46487193ad6392a7,,gx-no-cache=1624477988600 HTTP/1.1" 200 7195
190.171.154.42 - - [23/Jun/2021:17:03:27 -0300] "GET /cormun/static/Shared/jqueryui/images/ui-bg_highlight-soft_100_c6c2c8_1x100.png HTTP/1.1" 404 1117
190.171.154.42 - - [23/Jun/2021:17:03:27 -0300] "GET /cormun/static/Shared/jqueryui/images/ui-icons_82798d_256x240.png HTTP/1.1" 404 1089
190.171.154.42 - - [23/Jun/2021:17:03:27 -0300] "GET /cormun/static/Shared/jqueryui/images/ui-bg_flat_55_fafafa_40x100.png HTTP/1.1" 404 1097
190.171.154.42 - - [23/Jun/2021:17:03:27 -0300] "GET /cormun/static/Shared/jqueryui/images/ui-icons_8d78a5_256x240.png HTTP/1.1" 404 1089
192.168.10.96 - - [23/Jun/2021:17:03:27 -0300] "POST /cormun/servlet/hlogin?9c636cefb4e778bb2e5a1830111b485b,gx-no-cache=1624477854984 HTTP/1.1" 200 90
192.168.10.96 - - [23/Jun/2021:17:03:27 -0300] "GET /cormun/servlet/hpexe_link HTTP/1.1" 200 953
192.168.10.96 - - [23/Jun/2021:17:03:27 -0300] "GET /cormun/servlet/hhome HTTP/1.1" 200 3790
192.168.10.96 - - [23/Jun/2021:17:03:28 -0300] "GET /cormun/servlet/hhome HTTP/1.1" 200 3787
192.168.10.96 - - [23/Jun/2021:17:03:30 -0300] "GET /cormun/servlet/trsolicitudgral? HTTP/1.1" 200 9723
192.168.10.96 - - [23/Jun/2021:17:03:31 -0300] "GET /cormun/servlet/trsolicitudgral? HTTP/1.1" 200 9720
190.171.154.42 - - [23/Jun/2021:17:03:34 -0300] "POST /cormun/servlet/trautorizarsolicitud?850f027ca1a0f3ac46487193ad6392a7,,gx-no-cache=1624477996214 HTTP/1.1" 200 7195
192.168.10.96 - - [23/Jun/2021:17:03:40 -0300] "POST /cormun/servlet/trsolicitudgral?9c636cefb4e778bb2e5a1830111b485b,,gx-no-cache=1624477868176 HTTP/1.1" 200 6634
192.168.10.96 - - [23/Jun/2021:17:03:43 -0300] "GET /cormun/servlet/vesolicitudgral?2021,17225,, HTTP/1.1" 200 8351
192.168.10.96 - - [23/Jun/2021:17:03:43 -0300] "GET /cormun/pexe_scrolldiv.js HTTP/1.1" 404 1009
192.168.10.96 - - [23/Jun/2021:17:03:43 -0300] "GET /cormun/pexe_scrolldiv.js HTTP/1.1" 404 1009
192.168.10.96 - - [23/Jun/2021:17:03:43 -0300] "GET /cormun/servlet/vesolicitudgral?2021,17225,, HTTP/1.1" 200 8351
190.171.154.42 - - [23/Jun/2021:17:03:43 -0300] "GET /cormun/servlet/trsolicitudot? HTTP/1.1" 200 9365
192.168.10.96 - - [23/Jun/2021:17:03:44 -0300] "GET /cormun/servlet/vesolicitudgral?2021,17225,,SolicitudOTAdjuntos HTTP/1.1" 200 7042
192.168.10.96 - - [23/Jun/2021:17:03:45 -0300] "GET /cormun/pexe_scrolldiv.js HTTP/1.1" 404 1009
192.168.10.96 - - [23/Jun/2021:17:03:45 -0300] "GET /cormun/pexe_scrolldiv.js HTTP/1.1" 404 1009
192.168.10.96 - - [23/Jun/2021:17:03:45 -0300] "GET /cormun/servlet/vesolicitudgral?2021,17225,,SolicitudOTAdjuntos HTTP/1.1" 200 7048
190.171.154.42 - - [23/Jun/2021:17:03:45 -0300] "GET /cormun/servlet/trsolicitudot? HTTP/1.1" 200 9364
192.168.10.96 - - [23/Jun/2021:17:03:46 -0300] "POST /cormun/servlet/acontrolpreferencessavestate?None,RRHH+CATALINA+CACERES,true HTTP/1.1" 200 35
192.168.10.96 - - [23/Jun/2021:17:03:49 -0300] "GET /cormun/servlet/vesolicitudgral?2021,17225,,General HTTP/1.1" 200 8355
192.168.10.96 - - [23/Jun/2021:17:03:49 -0300] "GET /cormun/pexe_scrolldiv.js HTTP/1.1" 404 1009
192.168.10.96 - - [23/Jun/2021:17:03:50 -0300] "GET /cormun/pexe_scrolldiv.js HTTP/1.1" 404 1009
192.168.10.96 - - [23/Jun/2021:17:03:50 -0300] "GET /cormun/servlet/vesolicitudgral?2021,17225,,General HTTP/1.1" 200 8355
192.168.10.96 - - [23/Jun/2021:17:03:55 -0300] "GET /cormun/servlet/vesolicitudgral?2021,17225,,SolicitudOTAdjuntos HTTP/1.1" 200 7048
192.168.10.96 - - [23/Jun/2021:17:03:55 -0300] "GET /cormun/pexe_scrolldiv.js HTTP/1.1" 404 1009
192.168.10.96 - - [23/Jun/2021:17:03:55 -0300] "GET /cormun/pexe_scrolldiv.js HTTP/1.1" 404 1009
192.168.10.96 - - [23/Jun/2021:17:03:55 -0300] "GET /cormun/servlet/vesolicitudgral?2021,17225,,SolicitudOTAdjuntos HTTP/1.1" 200 7048
192.168.10.96 - - [23/Jun/2021:17:03:56 -0300] "POST /cormun/servlet/acontrolpreferencessavestate?None,RRHH+CATALINA+CACERES,true HTTP/1.1" 200 35
192.168.10.96 - - [23/Jun/2021:17:03:57 -0300] "GET /cormun/servlet/vesolicitudgral?2021,17225,,General HTTP/1.1" 200 8355
192.168.10.96 - - [23/Jun/2021:17:03:57 -0300] "GET /cormun/pexe_scrolldiv.js HTTP/1.1" 404 1009
192.168.10.96 - - [23/Jun/2021:17:03:58 -0300] "GET /cormun/pexe_scrolldiv.js HTTP/1.1" 404 1009
192.168.10.96 - - [23/Jun/2021:17:03:58 -0300] "GET /cormun/servlet/vesolicitudgral?2021,17225,,General HTTP/1.1" 200 8355
190.171.154.42 - - [23/Jun/2021:17:03:59 -0300] "POST /cormun/servlet/trsolicitudot?850f027ca1a0f3ac46487193ad6392a7,,gx-no-cache=1624478021186 HTTP/1.1" 200 6095
190.171.154.42 - - [23/Jun/2021:17:03:59 -0300] "GET /cormun/static/Shared/jqueryui/images/ui-bg_highlight-soft_100_c6c2c8_1x100.png HTTP/1.1" 404 1117
190.171.154.42 - - [23/Jun/2021:17:03:59 -0300] "GET /cormun/static/Shared/jqueryui/images/ui-icons_8d78a5_256x240.png HTTP/1.1" 404 1089
190.171.154.42 - - [23/Jun/2021:17:03:59 -0300] "GET /cormun/static/Shared/jqueryui/images/ui-icons_82798d_256x240.png HTTP/1.1" 404 1089
190.171.154.42 - - [23/Jun/2021:17:03:59 -0300] "GET /cormun/static/Shared/jqueryui/images/ui-bg_flat_55_fafafa_40x100.png HTTP/1.1" 404 1097
190.171.154.42 - - [23/Jun/2021:17:04:00 -0300] "POST /cormun/servlet/trsolicitudot?850f027ca1a0f3ac46487193ad6392a7,,gx-no-cache=1624478021665 HTTP/1.1" 200 6037
192.168.10.96 - - [23/Jun/2021:17:04:02 -0300] "POST /cormun/servlet/vesolicitudgral?9c636cefb4e778bb2e5a1830111b485b,2021,17225,,General,gx-no-cache=1624477889458 HTTP/1.1" 200 90
192.168.10.96 - - [23/Jun/2021:17:04:02 -0300] "GET /cormun/servlet/hpexe_link HTTP/1.1" 200 975
192.168.10.96 - - [23/Jun/2021:17:04:02 -0300] "GET /cormun/servlet/trsolicitudgral? HTTP/1.1" 200 9678
192.168.10.96 - - [23/Jun/2021:17:04:02 -0300] "GET /cormun/servlet/trsolicitudgral? HTTP/1.1" 200 9676
190.171.154.42 - - [23/Jun/2021:17:04:15 -0300] "GET /cormun/servlet/trautorizarsolicitud? HTTP/1.1" 200 10061
190.171.154.42 - - [23/Jun/2021:17:04:16 -0300] "GET /cormun/servlet/trautorizarsolicitud? HTTP/1.1" 200 10060
190.171.154.42 - - [23/Jun/2021:17:04:25 -0300] "POST /cormun/servlet/trautorizarsolicitud?850f027ca1a0f3ac46487193ad6392a7,,gx-no-cache=1624478047109 HTTP/1.1" 200 7218
190.171.154.42 - - [23/Jun/2021:17:04:25 -0300] "GET /cormun/static/Shared/jqueryui/images/ui-bg_highlight-soft_100_c6c2c8_1x100.png HTTP/1.1" 404 1117
190.171.154.42 - - [23/Jun/2021:17:04:25 -0300] "GET /cormun/static/Shared/jqueryui/images/ui-icons_82798d_256x240.png HTTP/1.1" 404 1089
190.171.154.42 - - [23/Jun/2021:17:04:25 -0300] "GET /cormun/static/Shared/jqueryui/images/ui-bg_flat_55_fafafa_40x100.png HTTP/1.1" 404 1097
190.171.154.42 - - [23/Jun/2021:17:04:25 -0300] "GET /cormun/static/Shared/jqueryui/images/ui-icons_8d78a5_256x240.png HTTP/1.1" 404 1089
157.55.39.80 - - [23/Jun/2021:17:04:25 -0300] "GET /cormun/servlet/trsolicitudot?_escaped_fragment_= HTTP/1.1" 200 6260
190.171.154.42 - - [23/Jun/2021:17:04:25 -0300] "POST /cormun/servlet/trautorizarsolicitud?850f027ca1a0f3ac46487193ad6392a7,,gx-no-cache=1624478047731 HTTP/1.1" 200 7165
40.77.188.246 - - [23/Jun/2021:17:04:27 -0300] "GET /cormun/static/calendar-system.css?75620 HTTP/1.1" 200 5572
40.77.188.246 - - [23/Jun/2021:17:04:27 -0300] "GET /cormun/static/gxcfg.js?201991910464971 HTTP/1.1" 200 953
40.77.188.246 - - [23/Jun/2021:17:04:27 -0300] "GET /cormun/static/gxui/gxui-all.css?110300 HTTP/1.1" 200 2179
40.77.188.246 - - [23/Jun/2021:17:04:27 -0300] "GET /cormun/static/RunJS/RunJS.js HTTP/1.1" 200 288
40.77.188.246 - - [23/Jun/2021:17:04:27 -0300] "GET /cormun/static/PXToolsJavascripts/pexe_scrolldiv.js HTTP/1.1" 200 4138
40.77.188.246 - - [23/Jun/2021:17:04:27 -0300] "GET /cormun/static/PXToolsJavascripts/pexe_tabs.js HTTP/1.1" 200 3748
40.77.188.246 - - [23/Jun/2021:17:04:27 -0300] "GET /cormun/static/PXToolsJavascripts/pexe_upload.js HTTP/1.1" 200 1423
40.77.188.246 - - [23/Jun/2021:17:04:27 -0300] "GET /cormun/static/Shared/ext/locale/ext-lang-en.js HTTP/1.1" 200 10940
40.77.188.246 - - [23/Jun/2021:17:04:28 -0300] "GET /cormun/static/trsolicitudot.js?201991910465845 HTTP/1.1" 200 54041
40.77.188.246 - - [23/Jun/2021:17:04:28 -0300] "GET /cormun/static/hpexe_messagepopupcomponent.js?2020121447232 HTTP/1.1" 200 605
40.77.188.246 - - [23/Jun/2021:17:04:28 -0300] "GET /cormun/static/hpexe_messagegenexuscomponent.js?2020121447173 HTTP/1.1" 200 587
40.77.188.246 - - [23/Jun/2021:17:04:28 -0300] "GET /cormun/static/Shared/ext/resources/css/ext-all.css?205870 HTTP/1.1" 200 416045
40.77.188.246 - - [23/Jun/2021:17:04:29 -0300] "GET /cormun/static/Shared/jquery/jquery-1.10.2.min.js HTTP/1.1" 200 273199
40.77.188.246 - - [23/Jun/2021:17:04:29 -0300] "GET /cormun/servlet/trsolicitudot HTTP/1.1" 200 6330
40.77.188.246 - - [23/Jun/2021:17:04:29 -0300] "GET /cormun/servlet/trsolicitudot HTTP/1.1" 200 6330
192.168.10.96 - - [23/Jun/2021:17:04:34 -0300] "POST /cormun/servlet/trsolicitudgral?9c636cefb4e778bb2e5a1830111b485b,,gx-no-cache=1624477922192 HTTP/1.1" 200 6638
190.171.142.42 - - [23/Jun/2021:17:07:56 -0300] "GET /cormun/servlet/hlogin HTTP/1.1" 200 1728
190.171.142.42 - - [23/Jun/2021:17:11:35 -0300] "GET /cormun/servlet/hlogin HTTP/1.1" 200 1735
186.67.172.234 - - [23/Jun/2021:17:11:40 -0300] "POST /cormun/servlet/trlicencias?a6cd6c649f79141cc5ce9d2c37a61a00,gx-no-cache=1624478484179 HTTP/1.1" 440 972
186.67.172.234 - - [23/Jun/2021:17:11:41 -0300] "GET /cormun/servlet/trlicencias HTTP/1.1" 200 6042
186.67.172.234 - - [23/Jun/2021:17:11:41 -0300] "GET /cormun/servlet/hlogin HTTP/1.1" 200 1744
186.67.172.234 - - [23/Jun/2021:17:11:42 -0300] "GET /cormun/servlet/trlicencias HTTP/1.1" 200 6042
186.67.172.234 - - [23/Jun/2021:17:11:49 -0300] "POST /cormun/servlet/hlogin?a0d88c3ecf22c8d1a486b23093ff8887,gx-no-cache=1624478494036 HTTP/1.1" 200 90
186.67.172.234 - - [23/Jun/2021:17:11:50 -0300] "GET /cormun/servlet/hpexe_link HTTP/1.1" 200 958
186.67.172.234 - - [23/Jun/2021:17:11:50 -0300] "GET /cormun/servlet/trlicencias HTTP/1.1" 200 15435
186.67.172.234 - - [23/Jun/2021:17:11:50 -0300] "GET /cormun/servlet/trlicencias HTTP/1.1" 200 15458
192.168.10.96 - - [23/Jun/2021:17:16:17 -0300] "POST /cormun/servlet/trsolicitudgral?9c636cefb4e778bb2e5a1830111b485b,,gx-no-cache=1624478624976 HTTP/1.1" 200 90
192.168.10.96 - - [23/Jun/2021:17:16:17 -0300] "GET /cormun/servlet/hpexe_link HTTP/1.1" 200 960
192.168.10.96 - - [23/Jun/2021:17:16:17 -0300] "GET /cormun/servlet/hhome HTTP/1.1" 200 3790
192.168.10.96 - - [23/Jun/2021:17:16:18 -0300] "GET /cormun/servlet/hhome HTTP/1.1" 200 3787
192.168.10.96 - - [23/Jun/2021:17:16:20 -0300] "GET /cormun/servlet/trsolicitudgral? HTTP/1.1" 200 9679
192.168.10.96 - - [23/Jun/2021:17:16:21 -0300] "GET /cormun/servlet/trsolicitudgral? HTTP/1.1" 200 9676
192.168.10.96 - - [23/Jun/2021:17:16:28 -0300] "POST /cormun/servlet/trsolicitudgral?9c636cefb4e778bb2e5a1830111b485b,,gx-no-cache=1624478636057 HTTP/1.1" 200 6709
192.168.10.96 - - [23/Jun/2021:17:16:31 -0300] "GET /cormun/servlet/vesolicitudgral?2021,17214,, HTTP/1.1" 200 8338
192.168.10.96 - - [23/Jun/2021:17:16:31 -0300] "GET /cormun/pexe_scrolldiv.js HTTP/1.1" 404 1009
192.168.10.96 - - [23/Jun/2021:17:16:31 -0300] "GET /cormun/pexe_scrolldiv.js HTTP/1.1" 404 1009
192.168.10.96 - - [23/Jun/2021:17:16:32 -0300] "GET /cormun/servlet/vesolicitudgral?2021,17214,, HTTP/1.1" 200 8339
192.168.10.96 - - [23/Jun/2021:17:16:34 -0300] "GET /cormun/servlet/vesolicitudgral?2021,17214,,SolicitudOTAdjuntos HTTP/1.1" 200 11020
192.168.10.96 - - [23/Jun/2021:17:16:34 -0300] "GET /cormun/pexe_scrolldiv.js HTTP/1.1" 404 1009
192.168.10.96 - - [23/Jun/2021:17:16:34 -0300] "GET /cormun/pexe_scrolldiv.js HTTP/1.1" 404 1009
192.168.10.96 - - [23/Jun/2021:17:16:35 -0300] "GET /cormun/servlet/vesolicitudgral?2021,17214,,SolicitudOTAdjuntos HTTP/1.1" 200 11023
192.168.10.96 - - [23/Jun/2021:17:16:35 -0300] "POST /cormun/servlet/acontrolpreferencessavestate?None,RRHH+CATALINA+CACERES,true HTTP/1.1" 200 35
186.67.172.234 - - [23/Jun/2021:17:17:05 -0300] "GET /cormun/servlet/trautorizarsolicitud? HTTP/1.1" 200 9790
186.67.172.234 - - [23/Jun/2021:17:17:05 -0300] "GET /cormun/servlet/trautorizarsolicitud? HTTP/1.1" 200 9790
192.168.10.96 - - [23/Jun/2021:17:17:11 -0300] "GET /cormun/PublicTempStorage/certificado_antecedentes_catalina_ortega4452230.pdf HTTP/1.1" 200 162537
192.168.10.96 - - [23/Jun/2021:17:20:39 -0300] "GET /cormun/PublicTempStorage/certificado_de_titulo_catalina_ortega_%281%298006276.pdf HTTP/1.1" 200 155949
192.168.10.96 - - [23/Jun/2021:17:21:10 -0300] "GET /cormun/PublicTempStorage/certificado_afp_catalina_ortega283446.pdf HTTP/1.1" 200 94378
192.168.10.96 - - [23/Jun/2021:17:21:52 -0300] "GET /cormun/servlet/vesolicitudgral?2021,17214,,General HTTP/1.1" 200 8343
192.168.10.96 - - [23/Jun/2021:17:21:52 -0300] "GET /cormun/pexe_scrolldiv.js HTTP/1.1" 404 1009
192.168.10.96 - - [23/Jun/2021:17:21:52 -0300] "GET /cormun/pexe_scrolldiv.js HTTP/1.1" 404 1009
192.168.10.96 - - [23/Jun/2021:17:21:53 -0300] "GET /cormun/servlet/vesolicitudgral?2021,17214,,General HTTP/1.1" 200 8343
190.171.141.82 - - [23/Jun/2021:17:22:09 -0300] "GET /cormun/servlet/hlogin HTTP/1.1" 200 1753
190.171.141.82 - - [23/Jun/2021:17:22:55 -0300] "POST /cormun/servlet/hlogin?1b0b7476ca19f23a014c3c74adf4ee8e,gx-no-cache=1624479159042 HTTP/1.1" 200 90
190.171.141.82 - - [23/Jun/2021:17:22:55 -0300] "GET /cormun/servlet/hpexe_link HTTP/1.1" 200 957
190.171.141.82 - - [23/Jun/2021:17:22:56 -0300] "GET /cormun/servlet/hhome HTTP/1.1" 200 3932
190.171.141.82 - - [23/Jun/2021:17:22:57 -0300] "GET /cormun/servlet/hhome HTTP/1.1" 200 3928
190.171.141.82 - - [23/Jun/2021:17:23:13 -0300] "GET /cormun/servlet/trlicencias? HTTP/1.1" 200 11993
190.171.141.82 - - [23/Jun/2021:17:23:15 -0300] "GET /cormun/servlet/trlicencias? HTTP/1.1" 200 11990
190.171.141.82 - - [23/Jun/2021:17:23:21 -0300] "POST /cormun/servlet/trlicencias?1b0b7476ca19f23a014c3c74adf4ee8e,,gx-no-cache=1624479185241 HTTP/1.1" 200 9540
186.67.172.234 - - [23/Jun/2021:17:24:13 -0300] "POST /cormun/servlet/trautorizarsolicitud?a0d88c3ecf22c8d1a486b23093ff8887,,gx-no-cache=1624479237063 HTTP/1.1" 200 6428
186.67.172.234 - - [23/Jun/2021:17:24:13 -0300] "GET /cormun/static/Shared/jqueryui/images/ui-bg_highlight-soft_100_c6c2c8_1x100.png HTTP/1.1" 404 1117
186.67.172.234 - - [23/Jun/2021:17:24:13 -0300] "GET /cormun/static/Shared/jqueryui/images/ui-bg_flat_55_fafafa_40x100.png HTTP/1.1" 404 1097
186.67.172.234 - - [23/Jun/2021:17:24:13 -0300] "GET /cormun/static/Shared/jqueryui/images/ui-icons_8d78a5_256x240.png HTTP/1.1" 404 1089
186.67.172.234 - - [23/Jun/2021:17:24:13 -0300] "GET /cormun/static/Shared/jqueryui/images/ui-icons_82798d_256x240.png HTTP/1.1" 404 1089
186.67.172.234 - - [23/Jun/2021:17:24:13 -0300] "POST /cormun/servlet/trautorizarsolicitud?a0d88c3ecf22c8d1a486b23093ff8887,,gx-no-cache=1624479237257 HTTP/1.1" 200 6372
186.67.172.234 - - [23/Jun/2021:17:24:14 -0300] "POST /cormun/servlet/trautorizarsolicitud?a0d88c3ecf22c8d1a486b23093ff8887,,gx-no-cache=1624479238547 HTTP/1.1" 200 5997
186.67.172.234 - - [23/Jun/2021:17:24:14 -0300] "POST /cormun/servlet/trautorizarsolicitud?a0d88c3ecf22c8d1a486b23093ff8887,,gx-no-cache=1624479238694 HTTP/1.1" 200 5943
186.67.172.234 - - [23/Jun/2021:17:24:15 -0300] "POST /cormun/servlet/trautorizarsolicitud?a0d88c3ecf22c8d1a486b23093ff8887,,gx-no-cache=1624479239715 HTTP/1.1" 200 4787
186.67.172.234 - - [23/Jun/2021:17:24:15 -0300] "POST /cormun/servlet/trautorizarsolicitud?a0d88c3ecf22c8d1a486b23093ff8887,,gx-no-cache=1624479239846 HTTP/1.1" 200 4535
190.171.141.82 - - [23/Jun/2021:17:24:22 -0300] "GET /cormun/servlet/trsolicitudot? HTTP/1.1" 200 7146
190.171.141.82 - - [23/Jun/2021:17:24:24 -0300] "GET /cormun/servlet/trsolicitudot? HTTP/1.1" 200 7147
190.171.141.82 - - [23/Jun/2021:17:24:30 -0300] "POST /cormun/servlet/trsolicitudot?1b0b7476ca19f23a014c3c74adf4ee8e,,gx-no-cache=1624479254408 HTTP/1.1" 200 4356
190.171.141.82 - - [23/Jun/2021:17:24:34 -0300] "POST /cormun/servlet/trsolicitudot?1b0b7476ca19f23a014c3c74adf4ee8e,,gx-no-cache=1624479257591 HTTP/1.1" 200 4355
190.171.141.82 - - [23/Jun/2021:17:24:37 -0300] "POST /cormun/servlet/trsolicitudot?1b0b7476ca19f23a014c3c74adf4ee8e,,gx-no-cache=1624479260494 HTTP/1.1" 200 4356
190.171.141.82 - - [23/Jun/2021:17:24:51 -0300] "POST /cormun/servlet/trsolicitudot?1b0b7476ca19f23a014c3c74adf4ee8e,,gx-no-cache=1624479274654 HTTP/1.1" 200 6491
128.1.248.26 - - [23/Jun/2021:17:26:11 -0300] "GET / HTTP/1.1" 200 11217
190.171.141.82 - - [23/Jun/2021:17:26:13 -0300] "POST /cormun/servlet/trsolicitudot?1b0b7476ca19f23a014c3c74adf4ee8e,,gx-no-cache=1624479356736 HTTP/1.1" 200 6217
192.168.10.96 - - [23/Jun/2021:17:27:45 -0300] "POST /cormun/servlet/vesolicitudgral?9c636cefb4e778bb2e5a1830111b485b,2021,17214,,General,gx-no-cache=1624479312795 HTTP/1.1" 200 90
192.168.10.96 - - [23/Jun/2021:17:27:45 -0300] "GET /cormun/servlet/hpexe_link HTTP/1.1" 200 975
192.168.10.96 - - [23/Jun/2021:17:27:45 -0300] "GET /cormun/servlet/trsolicitudgral? HTTP/1.1" 200 9746
192.168.10.96 - - [23/Jun/2021:17:27:46 -0300] "GET /cormun/servlet/trsolicitudgral? HTTP/1.1" 200 9745
190.171.141.82 - - [23/Jun/2021:17:27:54 -0300] "POST /cormun/servlet/trsolicitudot?1b0b7476ca19f23a014c3c74adf4ee8e,,gx-no-cache=1624479458074 HTTP/1.1" 200 5808
192.168.10.96 - - [23/Jun/2021:17:27:57 -0300] "POST /cormun/servlet/trsolicitudgral?9c636cefb4e778bb2e5a1830111b485b,,gx-no-cache=1624479324603 HTTP/1.1" 200 25970
190.171.141.82 - - [23/Jun/2021:17:28:13 -0300] "POST /cormun/servlet/trsolicitudot?1b0b7476ca19f23a014c3c74adf4ee8e,,gx-no-cache=1624479476970 HTTP/1.1" 200 4354
192.168.10.96 - - [23/Jun/2021:17:28:13 -0300] "POST /cormun/servlet/trsolicitudgral?9c636cefb4e778bb2e5a1830111b485b,,gx-no-cache=1624479340749 HTTP/1.1" 200 9850
190.171.141.82 - - [23/Jun/2021:17:28:15 -0300] "POST /cormun/servlet/trsolicitudot?1b0b7476ca19f23a014c3c74adf4ee8e,,gx-no-cache=1624479478923 HTTP/1.1" 200 4354
190.171.141.82 - - [23/Jun/2021:17:28:21 -0300] "POST /cormun/servlet/trsolicitudot?1b0b7476ca19f23a014c3c74adf4ee8e,,gx-no-cache=1624479484512 HTTP/1.1" 200 4354
192.168.10.96 - - [23/Jun/2021:17:28:22 -0300] "POST /cormun/servlet/trsolicitudgral?9c636cefb4e778bb2e5a1830111b485b,,gx-no-cache=1624479349305 HTTP/1.1" 200 25970
190.171.141.82 - - [23/Jun/2021:17:28:22 -0300] "POST /cormun/servlet/trsolicitudot?1b0b7476ca19f23a014c3c74adf4ee8e,,gx-no-cache=1624479486114 HTTP/1.1" 200 4353
190.171.141.82 - - [23/Jun/2021:17:28:40 -0300] "POST /cormun/servlet/trsolicitudot?1b0b7476ca19f23a014c3c74adf4ee8e,,gx-no-cache=1624479504353 HTTP/1.1" 200 4354
190.171.141.82 - - [23/Jun/2021:17:28:42 -0300] "POST /cormun/servlet/trsolicitudot?1b0b7476ca19f23a014c3c74adf4ee8e,,gx-no-cache=1624479505586 HTTP/1.1" 200 4354
190.171.141.82 - - [23/Jun/2021:17:28:50 -0300] "POST /cormun/servlet/trsolicitudot?1b0b7476ca19f23a014c3c74adf4ee8e,,gx-no-cache=1624479514456 HTTP/1.1" 200 4353
190.171.141.82 - - [23/Jun/2021:17:28:57 -0300] "POST /cormun/servlet/trsolicitudot?1b0b7476ca19f23a014c3c74adf4ee8e,,gx-no-cache=1624479520665 HTTP/1.1" 200 4353
190.171.141.82 - - [23/Jun/2021:17:29:05 -0300] "POST /cormun/servlet/trsolicitudot?1b0b7476ca19f23a014c3c74adf4ee8e,,gx-no-cache=1624479528751 HTTP/1.1" 200 4351
190.171.141.82 - - [23/Jun/2021:17:29:06 -0300] "POST /cormun/servlet/trsolicitudot?1b0b7476ca19f23a014c3c74adf4ee8e,,gx-no-cache=1624479530323 HTTP/1.1" 200 4351
190.171.141.82 - - [23/Jun/2021:17:29:08 -0300] "POST /cormun/servlet/trsolicitudot?1b0b7476ca19f23a014c3c74adf4ee8e,,gx-no-cache=1624479531705 HTTP/1.1" 200 4351
190.171.141.82 - - [23/Jun/2021:17:29:17 -0300] "POST /cormun/servlet/trsolicitudot?1b0b7476ca19f23a014c3c74adf4ee8e,,gx-no-cache=1624479540902 HTTP/1.1" 200 4355
190.171.141.82 - - [23/Jun/2021:17:29:19 -0300] "POST /cormun/servlet/trsolicitudot?1b0b7476ca19f23a014c3c74adf4ee8e,,gx-no-cache=1624479542566 HTTP/1.1" 200 4356
190.171.141.82 - - [23/Jun/2021:17:29:28 -0300] "POST /cormun/servlet/trsolicitudot?1b0b7476ca19f23a014c3c74adf4ee8e,,gx-no-cache=1624479552062 HTTP/1.1" 200 6491
190.171.141.82 - - [23/Jun/2021:17:29:51 -0300] "POST /cormun/servlet/trsolicitudot?1b0b7476ca19f23a014c3c74adf4ee8e,,gx-no-cache=1624479575065 HTTP/1.1" 200 4353
190.171.141.82 - - [23/Jun/2021:17:29:53 -0300] "POST /cormun/servlet/trsolicitudot?1b0b7476ca19f23a014c3c74adf4ee8e,,gx-no-cache=1624479577426 HTTP/1.1" 200 4353
190.171.141.82 - - [23/Jun/2021:17:29:55 -0300] "POST /cormun/servlet/trsolicitudot?1b0b7476ca19f23a014c3c74adf4ee8e,,gx-no-cache=1624479579168 HTTP/1.1" 200 4352
190.171.141.82 - - [23/Jun/2021:17:29:57 -0300] "POST /cormun/servlet/trsolicitudot?1b0b7476ca19f23a014c3c74adf4ee8e,,gx-no-cache=1624479580885 HTTP/1.1" 200 4352
190.171.141.82 - - [23/Jun/2021:17:30:07 -0300] "POST /cormun/servlet/trsolicitudot?1b0b7476ca19f23a014c3c74adf4ee8e,,gx-no-cache=1624479590608 HTTP/1.1" 200 6814
190.171.141.82 - - [23/Jun/2021:17:32:31 -0300] "POST /cormun/servlet/trsolicitudot?1b0b7476ca19f23a014c3c74adf4ee8e,,gx-no-cache=1624479735461 HTTP/1.1" 200 4353
190.171.141.138 - - [23/Jun/2021:17:32:34 -0300] "GET /cormun/servlet/hlogin HTTP/1.1" 200 1724
190.171.141.138 - - [23/Jun/2021:17:32:34 -0300] "GET /cormun/servlet/hlogin HTTP/1.1" 200 1733
190.171.141.82 - - [23/Jun/2021:17:32:36 -0300] "POST /cormun/servlet/trsolicitudot?1b0b7476ca19f23a014c3c74adf4ee8e,,gx-no-cache=1624479739576 HTTP/1.1" 200 4353
190.171.141.82 - - [23/Jun/2021:17:32:38 -0300] "POST /cormun/servlet/trsolicitudot?1b0b7476ca19f23a014c3c74adf4ee8e,,gx-no-cache=1624479741573 HTTP/1.1" 200 4352
190.171.141.138 - - [23/Jun/2021:17:33:00 -0300] "POST /cormun/servlet/hlogin?aee29d0e2e3be3ca185db7633ba6c314,gx-no-cache=1624479763553 HTTP/1.1" 200 90
190.171.141.138 - - [23/Jun/2021:17:33:00 -0300] "GET /cormun/servlet/hpexe_link HTTP/1.1" 200 951
190.171.141.138 - - [23/Jun/2021:17:33:00 -0300] "GET /cormun/servlet/hhome HTTP/1.1" 200 4461
190.171.141.138 - - [23/Jun/2021:17:33:01 -0300] "GET /cormun/servlet/hhome HTTP/1.1" 200 4457
190.171.141.138 - - [23/Jun/2021:17:33:05 -0300] "GET /cormun/servlet/trlicencias? HTTP/1.1" 200 12764
190.171.141.138 - - [23/Jun/2021:17:33:05 -0300] "GET /cormun/servlet/trlicencias? HTTP/1.1" 200 12761
190.171.141.82 - - [23/Jun/2021:17:33:16 -0300] "POST /cormun/servlet/trsolicitudot?1b0b7476ca19f23a014c3c74adf4ee8e,,gx-no-cache=1624479780074 HTTP/1.1" 200 5808
190.171.141.82 - - [23/Jun/2021:17:33:29 -0300] "POST /cormun/servlet/trsolicitudot?1b0b7476ca19f23a014c3c74adf4ee8e,,gx-no-cache=1624479792851 HTTP/1.1" 200 4355
190.171.141.82 - - [23/Jun/2021:17:33:31 -0300] "POST /cormun/servlet/trsolicitudot?1b0b7476ca19f23a014c3c74adf4ee8e,,gx-no-cache=1624479795131 HTTP/1.1" 200 4355
190.171.141.82 - - [23/Jun/2021:17:33:32 -0300] "POST /cormun/servlet/trsolicitudot?1b0b7476ca19f23a014c3c74adf4ee8e,,gx-no-cache=1624479796319 HTTP/1.1" 200 4356
190.171.141.82 - - [23/Jun/2021:17:33:42 -0300] "POST /cormun/servlet/trsolicitudot?1b0b7476ca19f23a014c3c74adf4ee8e,,gx-no-cache=1624479805960 HTTP/1.1" 200 6216
190.171.141.82 - - [23/Jun/2021:17:34:26 -0300] "POST /cormun/servlet/trsolicitudot?1b0b7476ca19f23a014c3c74adf4ee8e,,gx-no-cache=1624479850145 HTTP/1.1" 200 6491
190.171.141.82 - - [23/Jun/2021:17:34:38 -0300] "POST /cormun/servlet/trsolicitudot?1b0b7476ca19f23a014c3c74adf4ee8e,,gx-no-cache=1624479862233 HTTP/1.1" 200 4353
190.171.141.82 - - [23/Jun/2021:17:34:45 -0300] "POST /cormun/servlet/trsolicitudot?1b0b7476ca19f23a014c3c74adf4ee8e,,gx-no-cache=1624479869128 HTTP/1.1" 200 4354
190.171.141.82 - - [23/Jun/2021:17:34:47 -0300] "POST /cormun/servlet/trsolicitudot?1b0b7476ca19f23a014c3c74adf4ee8e,,gx-no-cache=1624479870990 HTTP/1.1" 200 4354
190.171.141.82 - - [23/Jun/2021:17:35:02 -0300] "POST /cormun/servlet/trsolicitudot?1b0b7476ca19f23a014c3c74adf4ee8e,,gx-no-cache=1624479885561 HTTP/1.1" 200 6814
190.171.141.82 - - [23/Jun/2021:17:38:18 -0300] "POST /cormun/servlet/trsolicitudot?1b0b7476ca19f23a014c3c74adf4ee8e,,gx-no-cache=1624480082026 HTTP/1.1" 200 6490
190.171.141.82 - - [23/Jun/2021:17:39:20 -0300] "POST /cormun/servlet/trsolicitudot?1b0b7476ca19f23a014c3c74adf4ee8e,,gx-no-cache=1624480143761 HTTP/1.1" 200 6217
190.171.141.82 - - [23/Jun/2021:17:40:22 -0300] "POST /cormun/servlet/trsolicitudot?1b0b7476ca19f23a014c3c74adf4ee8e,,gx-no-cache=1624480205604 HTTP/1.1" 200 4351
190.171.141.82 - - [23/Jun/2021:17:40:23 -0300] "POST /cormun/servlet/trsolicitudot?1b0b7476ca19f23a014c3c74adf4ee8e,,gx-no-cache=1624480207082 HTTP/1.1" 200 4351
190.171.141.82 - - [23/Jun/2021:17:40:25 -0300] "POST /cormun/servlet/trsolicitudot?1b0b7476ca19f23a014c3c74adf4ee8e,,gx-no-cache=1624480208790 HTTP/1.1" 200 4351
190.171.141.82 - - [23/Jun/2021:17:40:32 -0300] "POST /cormun/servlet/trsolicitudot?1b0b7476ca19f23a014c3c74adf4ee8e,,gx-no-cache=1624480216188 HTTP/1.1" 200 8832
190.171.141.82 - - [23/Jun/2021:17:43:27 -0300] "POST /cormun/servlet/trsolicitudot?1b0b7476ca19f23a014c3c74adf4ee8e,,gx-no-cache=1624480391128 HTTP/1.1" 200 6814
190.171.141.82 - - [23/Jun/2021:17:44:31 -0300] "POST /cormun/servlet/trsolicitudot?1b0b7476ca19f23a014c3c74adf4ee8e,,gx-no-cache=1624480455372 HTTP/1.1" 200 6218
190.171.141.106 - - [23/Jun/2021:17:48:29 -0300] "GET /cormun/servlet/hlogin HTTP/1.1" 200 1717
190.171.141.106 - - [23/Jun/2021:17:48:29 -0300] "GET /cormun/servlet/hlogin HTTP/1.1" 200 1727
190.171.141.106 - - [23/Jun/2021:17:48:35 -0300] "POST /cormun/servlet/hlogin?6e4314d348f0b66b11271833b59ca105,gx-no-cache=1624477086592 HTTP/1.1" 200 90
190.171.141.106 - - [23/Jun/2021:17:48:35 -0300] "GET /cormun/servlet/hpexe_link HTTP/1.1" 200 956
190.171.141.106 - - [23/Jun/2021:17:48:36 -0300] "GET /cormun/servlet/hhome HTTP/1.1" 200 4275
190.171.141.106 - - [23/Jun/2021:17:48:37 -0300] "GET /cormun/servlet/hhome HTTP/1.1" 200 4271
190.171.141.106 - - [23/Jun/2021:17:48:40 -0300] "GET /cormun/servlet/trlicencias? HTTP/1.1" 200 11826
190.171.141.106 - - [23/Jun/2021:17:48:40 -0300] "GET /cormun/servlet/trlicencias? HTTP/1.1" 200 11845
186.11.24.227 - - [23/Jun/2021:17:53:59 -0300] "POST /cormun/servlet/trlicencias?1749d65758e51ae34a983725b0a2ff88,,gx-no-cache=1624481019988 HTTP/1.1" 440 972
186.11.24.227 - - [23/Jun/2021:17:54:01 -0300] "GET /cormun/servlet/trlicencias? HTTP/1.1" 200 6041
186.11.24.227 - - [23/Jun/2021:17:54:01 -0300] "GET /cormun/servlet/hlogin HTTP/1.1" 200 1745
186.11.24.227 - - [23/Jun/2021:17:54:01 -0300] "GET /cormun/servlet/trlicencias? HTTP/1.1" 200 6041
186.11.24.227 - - [23/Jun/2021:17:54:08 -0300] "POST /cormun/servlet/hlogin?61c47e614836e18fc192adbd01509662,gx-no-cache=1624481028525 HTTP/1.1" 200 90
186.11.24.227 - - [23/Jun/2021:17:54:08 -0300] "GET /cormun/servlet/hpexe_link HTTP/1.1" 200 956
186.11.24.227 - - [23/Jun/2021:17:54:08 -0300] "GET /cormun/servlet/trlicencias HTTP/1.1" 200 8538
186.11.24.227 - - [23/Jun/2021:17:54:08 -0300] "GET /cormun/servlet/trlicencias HTTP/1.1" 200 8536
186.67.172.234 - - [23/Jun/2021:17:57:39 -0300] "GET /cormun/servlet/trlicencias? HTTP/1.1" 200 6054
186.67.172.234 - - [23/Jun/2021:17:57:39 -0300] "GET /cormun/servlet/hlogin HTTP/1.1" 200 1751
186.67.172.234 - - [23/Jun/2021:17:57:39 -0300] "GET /cormun/servlet/trlicencias? HTTP/1.1" 200 6047
186.67.172.234 - - [23/Jun/2021:17:57:47 -0300] "POST /cormun/servlet/hlogin?557c53f8fedcabf2b56fdf5088162ae3,gx-no-cache=1624481251449 HTTP/1.1" 200 90
186.67.172.234 - - [23/Jun/2021:17:57:47 -0300] "GET /cormun/servlet/hpexe_link HTTP/1.1" 200 964
186.67.172.234 - - [23/Jun/2021:17:57:47 -0300] "GET /cormun/servlet/trlicencias HTTP/1.1" 200 15454
186.67.172.234 - - [23/Jun/2021:17:57:48 -0300] "GET /cormun/servlet/trlicencias HTTP/1.1" 200 15460
190.171.149.74 - - [23/Jun/2021:17:58:06 -0300] "POST /cormun/servlet/trlicencias?dc01b4c36b583bca3a4ce4e7920f7bce,gx-no-cache=1624470662592,gx-no-cache=1624481269037 HTTP/1.1" 440 972
190.171.149.74 - - [23/Jun/2021:17:58:07 -0300] "GET /cormun/servlet/trlicencias?gx-no-cache=1624470662592 HTTP/1.1" 200 6063
190.171.149.74 - - [23/Jun/2021:17:58:08 -0300] "GET /cormun/servlet/hlogin HTTP/1.1" 200 1764
190.171.149.74 - - [23/Jun/2021:17:58:08 -0300] "GET /cormun/servlet/trlicencias?gx-no-cache=1624470662592 HTTP/1.1" 200 6063
190.171.149.74 - - [23/Jun/2021:17:58:17 -0300] "POST /cormun/servlet/hlogin?536ab742eb05dbe485fe80e8deb7fc22,gx-no-cache=1624481279899 HTTP/1.1" 200 90
190.171.149.74 - - [23/Jun/2021:17:58:17 -0300] "GET /cormun/servlet/hpexe_link HTTP/1.1" 200 981
190.171.149.74 - - [23/Jun/2021:17:58:17 -0300] "GET /cormun/servlet/trlicencias?gx-no-cache=1624470662592 HTTP/1.1" 200 11356
190.171.149.74 - - [23/Jun/2021:17:58:18 -0300] "GET /cormun/servlet/trlicencias?gx-no-cache=1624470662592 HTTP/1.1" 200 11373
190.171.141.138 - - [23/Jun/2021:17:59:42 -0300] "GET /cormun/servlet/trlicencias? HTTP/1.1" 200 6033
190.171.141.138 - - [23/Jun/2021:17:59:44 -0300] "GET /cormun/servlet/hlogin HTTP/1.1" 200 1735
190.171.141.138 - - [23/Jun/2021:17:59:44 -0300] "GET /cormun/servlet/trlicencias? HTTP/1.1" 200 6032
190.171.141.138 - - [23/Jun/2021:18:02:17 -0300] "POST /cormun/servlet/hlogin?4adbc8ba0723f8ab01777c4e3406ad9d,gx-no-cache=1624481520261 HTTP/1.1" 200 90
190.171.141.138 - - [23/Jun/2021:18:02:17 -0300] "GET /cormun/servlet/hpexe_link HTTP/1.1" 200 951
190.171.141.138 - - [23/Jun/2021:18:02:17 -0300] "GET /cormun/servlet/trlicencias HTTP/1.1" 200 12624
190.171.141.138 - - [23/Jun/2021:18:02:18 -0300] "GET /cormun/servlet/trlicencias HTTP/1.1" 200 12622
190.171.142.42 - - [23/Jun/2021:18:03:42 -0300] "GET /cormun/servlet/hlogin HTTP/1.1" 200 1731
190.171.142.42 - - [23/Jun/2021:18:03:44 -0300] "GET /cormun/servlet/hlogin HTTP/1.1" 200 1741
190.171.149.74 - - [23/Jun/2021:18:05:19 -0300] "GET /cormun/static/menuarrow.gif HTTP/1.1" 404 1015
190.171.149.74 - - [23/Jun/2021:18:05:24 -0300] "POST /cormun/servlet/trlicencias?536ab742eb05dbe485fe80e8deb7fc22,gx-no-cache=1624470662592,gx-no-cache=1624481707132 HTTP/1.1" 200 12878
190.171.142.42 - - [23/Jun/2021:18:13:00 -0300] "GET /cormun/servlet/hlogin HTTP/1.1" 200 1720
190.171.141.82 - - [23/Jun/2021:18:13:19 -0300] "POST /cormun/servlet/trsolicitudot?1b0b7476ca19f23a014c3c74adf4ee8e,,gx-no-cache=1624482182823 HTTP/1.1" 200 6218
190.171.141.82 - - [23/Jun/2021:18:15:13 -0300] "POST /cormun/servlet/trsolicitudot?1b0b7476ca19f23a014c3c74adf4ee8e,,gx-no-cache=1624482296991 HTTP/1.1" 200 8831
190.171.141.82 - - [23/Jun/2021:18:23:37 -0300] "POST /cormun/servlet/trsolicitudot?1b0b7476ca19f23a014c3c74adf4ee8e,,gx-no-cache=1624482800766 HTTP/1.1" 200 6814
190.171.141.82 - - [23/Jun/2021:18:27:48 -0300] "GET /cormun/servlet/hlogin HTTP/1.1" 200 1749
190.171.141.82 - - [23/Jun/2021:18:27:57 -0300] "POST /cormun/servlet/hlogin?1b0b7476ca19f23a014c3c74adf4ee8e,gx-no-cache=1624483061386 HTTP/1.1" 200 90
190.171.141.82 - - [23/Jun/2021:18:27:57 -0300] "GET /cormun/servlet/hpexe_link HTTP/1.1" 200 963
190.171.141.82 - - [23/Jun/2021:18:27:58 -0300] "GET /cormun/servlet/trsolicitudot? HTTP/1.1" 200 9609
190.171.141.82 - - [23/Jun/2021:18:28:00 -0300] "GET /cormun/servlet/trsolicitudot? HTTP/1.1" 200 9608
190.171.141.82 - - [23/Jun/2021:18:28:05 -0300] "GET /cormun/servlet/trsolicitudot? HTTP/1.1" 200 9608
190.171.141.82 - - [23/Jun/2021:18:28:07 -0300] "GET /cormun/servlet/trsolicitudot? HTTP/1.1" 200 9608
190.171.141.82 - - [23/Jun/2021:18:28:16 -0300] "POST /cormun/servlet/trsolicitudot?1b0b7476ca19f23a014c3c74adf4ee8e,,gx-no-cache=1624483080277 HTTP/1.1" 200 4348
190.171.141.82 - - [23/Jun/2021:18:28:19 -0300] "POST /cormun/servlet/trsolicitudot?1b0b7476ca19f23a014c3c74adf4ee8e,,gx-no-cache=1624483082533 HTTP/1.1" 200 4348
190.171.141.82 - - [23/Jun/2021:18:28:20 -0300] "POST /cormun/servlet/trsolicitudot?1b0b7476ca19f23a014c3c74adf4ee8e,,gx-no-cache=1624483083773 HTTP/1.1" 200 4348
190.171.141.82 - - [23/Jun/2021:18:28:26 -0300] "POST /cormun/servlet/trsolicitudot?1b0b7476ca19f23a014c3c74adf4ee8e,,gx-no-cache=1624483089835 HTTP/1.1" 200 4348
190.171.141.82 - - [23/Jun/2021:18:28:27 -0300] "POST /cormun/servlet/trsolicitudot?1b0b7476ca19f23a014c3c74adf4ee8e,,gx-no-cache=1624483091130 HTTP/1.1" 200 4347
190.171.141.82 - - [23/Jun/2021:18:28:59 -0300] "POST /cormun/servlet/trsolicitudot?1b0b7476ca19f23a014c3c74adf4ee8e,,gx-no-cache=1624483123035 HTTP/1.1" 200 4349
190.171.141.82 - - [23/Jun/2021:18:29:00 -0300] "POST /cormun/servlet/trsolicitudot?1b0b7476ca19f23a014c3c74adf4ee8e,,gx-no-cache=1624483124414 HTTP/1.1" 200 4347
190.171.141.82 - - [23/Jun/2021:18:29:02 -0300] "POST /cormun/servlet/trsolicitudot?1b0b7476ca19f23a014c3c74adf4ee8e,,gx-no-cache=1624483126040 HTTP/1.1" 200 4347
190.171.141.82 - - [23/Jun/2021:18:29:03 -0300] "POST /cormun/servlet/trsolicitudot?1b0b7476ca19f23a014c3c74adf4ee8e,,gx-no-cache=1624483127117 HTTP/1.1" 200 4347
190.171.141.82 - - [23/Jun/2021:18:29:20 -0300] "POST /cormun/servlet/trsolicitudot?1b0b7476ca19f23a014c3c74adf4ee8e,,gx-no-cache=1624483144411 HTTP/1.1" 200 4349
190.171.141.82 - - [23/Jun/2021:18:29:27 -0300] "POST /cormun/servlet/trsolicitudot?1b0b7476ca19f23a014c3c74adf4ee8e,,gx-no-cache=1624483151378 HTTP/1.1" 200 4349
190.171.142.42 - - [23/Jun/2021:18:29:33 -0300] "GET /cormun/servlet/hlogin HTTP/1.1" 200 1729
190.171.141.82 - - [23/Jun/2021:18:29:36 -0300] "GET /cormun/servlet/hlogin HTTP/1.1" 200 1749
190.171.141.82 - - [23/Jun/2021:18:29:48 -0300] "POST /cormun/servlet/hlogin?1b0b7476ca19f23a014c3c74adf4ee8e,gx-no-cache=1624483171951 HTTP/1.1" 200 90
190.171.141.82 - - [23/Jun/2021:18:29:48 -0300] "GET /cormun/servlet/hpexe_link HTTP/1.1" 200 957
190.171.141.82 - - [23/Jun/2021:18:29:48 -0300] "GET /cormun/servlet/hhome HTTP/1.1" 200 4324
190.171.141.82 - - [23/Jun/2021:18:29:50 -0300] "GET /cormun/servlet/hhome HTTP/1.1" 200 4321
190.171.141.82 - - [23/Jun/2021:18:30:00 -0300] "GET /cormun/servlet/trsolicitudot? HTTP/1.1" 200 7549
190.171.141.82 - - [23/Jun/2021:18:30:02 -0300] "GET /cormun/servlet/trsolicitudot? HTTP/1.1" 200 7547
190.171.141.82 - - [23/Jun/2021:18:30:11 -0300] "POST /cormun/servlet/trsolicitudot?1b0b7476ca19f23a014c3c74adf4ee8e,,gx-no-cache=1624483194641 HTTP/1.1" 200 4632
190.171.141.82 - - [23/Jun/2021:18:30:12 -0300] "POST /cormun/servlet/trsolicitudot?1b0b7476ca19f23a014c3c74adf4ee8e,,gx-no-cache=1624483196364 HTTP/1.1" 200 4631
190.171.141.82 - - [23/Jun/2021:18:30:18 -0300] "POST /cormun/servlet/trsolicitudot?1b0b7476ca19f23a014c3c74adf4ee8e,,gx-no-cache=1624483202302 HTTP/1.1" 200 6090
190.171.141.82 - - [23/Jun/2021:18:30:26 -0300] "POST /cormun/servlet/trsolicitudot?1b0b7476ca19f23a014c3c74adf4ee8e,,gx-no-cache=1624483210267 HTTP/1.1" 200 4632
190.171.141.82 - - [23/Jun/2021:18:30:31 -0300] "POST /cormun/servlet/trsolicitudot?1b0b7476ca19f23a014c3c74adf4ee8e,,gx-no-cache=1624483215410 HTTP/1.1" 200 7094
190.171.141.82 - - [23/Jun/2021:18:30:42 -0300] "POST /cormun/servlet/trsolicitudot?1b0b7476ca19f23a014c3c74adf4ee8e,,gx-no-cache=1624483226444 HTTP/1.1" 200 4634
190.171.141.82 - - [23/Jun/2021:18:30:47 -0300] "POST /cormun/servlet/trsolicitudot?1b0b7476ca19f23a014c3c74adf4ee8e,,gx-no-cache=1624483231026 HTTP/1.1" 200 4634
190.171.141.82 - - [23/Jun/2021:18:30:49 -0300] "POST /cormun/servlet/trsolicitudot?1b0b7476ca19f23a014c3c74adf4ee8e,,gx-no-cache=1624483232735 HTTP/1.1" 200 4635
190.171.141.82 - - [23/Jun/2021:18:30:53 -0300] "POST /cormun/servlet/trsolicitudot?1b0b7476ca19f23a014c3c74adf4ee8e,,gx-no-cache=1624483237286 HTTP/1.1" 200 6505
190.171.141.82 - - [23/Jun/2021:18:31:04 -0300] "POST /cormun/servlet/trsolicitudot?1b0b7476ca19f23a014c3c74adf4ee8e,,gx-no-cache=1624483247623 HTTP/1.1" 200 6773
190.171.141.82 - - [23/Jun/2021:18:31:13 -0300] "POST /cormun/servlet/trsolicitudot?1b0b7476ca19f23a014c3c74adf4ee8e,,gx-no-cache=1624483257038 HTTP/1.1" 200 4634
190.171.141.82 - - [23/Jun/2021:18:31:18 -0300] "POST /cormun/servlet/trsolicitudot?1b0b7476ca19f23a014c3c74adf4ee8e,,gx-no-cache=1624483262071 HTTP/1.1" 200 4632
190.171.141.82 - - [23/Jun/2021:18:31:19 -0300] "POST /cormun/servlet/trsolicitudot?1b0b7476ca19f23a014c3c74adf4ee8e,,gx-no-cache=1624483263496 HTTP/1.1" 200 4633
190.171.141.82 - - [23/Jun/2021:18:31:25 -0300] "POST /cormun/servlet/trsolicitudot?1b0b7476ca19f23a014c3c74adf4ee8e,,gx-no-cache=1624483269334 HTTP/1.1" 200 7095
190.171.141.82 - - [23/Jun/2021:18:34:28 -0300] "POST /cormun/servlet/trsolicitudot?1b0b7476ca19f23a014c3c74adf4ee8e,,gx-no-cache=1624483451805 HTTP/1.1" 200 4630
190.171.141.82 - - [23/Jun/2021:18:34:51 -0300] "POST /cormun/servlet/trsolicitudot?1b0b7476ca19f23a014c3c74adf4ee8e,,gx-no-cache=1624483474981 HTTP/1.1" 200 4631
