190.171.143.106 - - [15/Jun/2021:11:08:07 -0300] "GET /cormun/static/Resources/PXTools/calendar.png HTTP/1.1" 200 1306
190.171.143.106 - - [15/Jun/2021:11:08:07 -0300] "GET /cormun/static/Shared/ext/resources/css/ext-all.css?215870 HTTP/1.1" 200 416045
190.171.143.106 - - [15/Jun/2021:11:08:07 -0300] "GET /cormun/static/Resources/PXToolsDataSearch.png HTTP/1.1" 200 435
190.171.143.106 - - [15/Jun/2021:11:08:07 -0300] "GET /cormun/static/Resources/PXToolsGridFirstDisabled.gif HTTP/1.1" 200 100
190.171.143.106 - - [15/Jun/2021:11:08:07 -0300] "GET /cormun/static/Resources/PXToolsGridPreviousDisabled.gif HTTP/1.1" 200 90
190.171.143.106 - - [15/Jun/2021:11:08:07 -0300] "GET /cormun/static/Resources/PXToolsGridNextDisabled.gif HTTP/1.1" 200 90
190.171.143.106 - - [15/Jun/2021:11:08:07 -0300] "GET /cormun/static/Resources/PXToolsGridPage.gif HTTP/1.1" 200 725
190.171.143.106 - - [15/Jun/2021:11:08:07 -0300] "GET /cormun/static/Resources/PXToolsAddAllAction.png HTTP/1.1" 200 495
190.171.143.106 - - [15/Jun/2021:11:08:07 -0300] "GET /cormun/static/Resources/PXToolsActionExcel.png HTTP/1.1" 200 727
190.171.143.106 - - [15/Jun/2021:11:08:07 -0300] "GET /cormun/static/Resources/PXToolsGridLastDisabled.gif HTTP/1.1" 200 98
190.171.143.106 - - [15/Jun/2021:11:08:08 -0300] "GET /cormun/static/Resources/asc.gif HTTP/1.1" 200 67
190.171.143.106 - - [15/Jun/2021:11:08:08 -0300] "GET /cormun/static/Resources/desc.gif HTTP/1.1" 200 65
190.171.143.106 - - [15/Jun/2021:11:08:08 -0300] "GET /cormun//static/Resources/PXTools/ActionInsert.png HTTP/1.1" 200 1482
190.171.143.106 - - [15/Jun/2021:11:08:08 -0300] "GET /cormun//static/Resources/PXToolsGridDisplay.png HTTP/1.1" 200 525
190.171.143.106 - - [15/Jun/2021:11:08:08 -0300] "GET /cormun//static/Resources/PXToolsActionDisabled.gif HTTP/1.1" 200 53
190.171.143.106 - - [15/Jun/2021:11:08:08 -0300] "GET /cormun/servlet/trlicencias? HTTP/1.1" 200 10167
190.171.143.106 - - [15/Jun/2021:11:08:08 -0300] "GET /cormun//static/Resources/PXToolsHeaderHelp.png HTTP/1.1" 200 1333
190.171.143.106 - - [15/Jun/2021:11:08:08 -0300] "GET /cormun//static/Resources/PXToolsActionPrint.png HTTP/1.1" 200 404
190.171.143.106 - - [15/Jun/2021:11:08:08 -0300] "GET /cormun//static/Resources/PXToolsHeaderFavorites.png HTTP/1.1" 200 1414
190.171.143.106 - - [15/Jun/2021:11:08:08 -0300] "GET /cormun/static/Shared/ext/resources/themes/images/default/tools/tool-sprites.gif HTTP/1.1" 200 5434
190.171.143.106 - - [15/Jun/2021:11:08:08 -0300] "GET /cormun/static/Shared/ext/resources/themes/images/default/panel/bg-headersPanel.png HTTP/1.1" 200 255
186.103.157.42 - - [15/Jun/2021:11:08:18 -0300] "POST /cormun/servlet/trlicencias?fa5e8ed732a96910d51e81c23f6d7a86,,gx-no-cache=1623765483453 HTTP/1.1" 200 7634
190.171.143.106 - - [15/Jun/2021:11:08:22 -0300] "GET /cormun/servlet/trvisualizadoreventos? HTTP/1.1" 200 6722
190.171.143.106 - - [15/Jun/2021:11:08:22 -0300] "GET /cormun/static/gxui/gxui-all.css?110300 HTTP/1.1" 200 2179
190.171.143.106 - - [15/Jun/2021:11:08:22 -0300] "GET /cormun/static/calendar-system.css?75620 HTTP/1.1" 200 5572
190.171.143.106 - - [15/Jun/2021:11:08:22 -0300] "GET /cormun/static/gxcfg.js?20199142243133 HTTP/1.1" 200 953
190.171.143.106 - - [15/Jun/2021:11:08:22 -0300] "GET /cormun/static/trvisualizadoreventos.js?201991422431650 HTTP/1.1" 200 19318
190.171.143.106 - - [15/Jun/2021:11:08:22 -0300] "GET /cormun/static/Resources/PXToolsActionPrint.png HTTP/1.1" 200 404
190.171.143.106 - - [15/Jun/2021:11:08:22 -0300] "GET /cormun/static/Shared/ext/resources/css/ext-all.css?205870 HTTP/1.1" 200 416045
190.171.143.106 - - [15/Jun/2021:11:08:22 -0300] "GET /cormun/servlet/trvisualizadoreventos? HTTP/1.1" 200 6722
190.171.143.106 - - [15/Jun/2021:11:08:26 -0300] "GET /cormun/static/menuarrow.gif HTTP/1.1" 404 1015
190.171.143.106 - - [15/Jun/2021:11:08:34 -0300] "POST /cormun/servlet/trvisualizadoreventos?0a8c179d255500018ff6fc0ef29e61f1,,gx-no-cache=1623765499296 HTTP/1.1" 200 4014
190.171.143.106 - - [15/Jun/2021:11:08:39 -0300] "POST /cormun/servlet/trvisualizadoreventos?0a8c179d255500018ff6fc0ef29e61f1,,gx-no-cache=1623765504322 HTTP/1.1" 200 4688
200.111.191.213 - - [15/Jun/2021:11:08:45 -0300] "GET /cormun/servlet/trpermisosadjuntos?11364484,20210524094157,P, HTTP/1.1" 200 6266
200.111.191.213 - - [15/Jun/2021:11:08:46 -0300] "GET /cormun/servlet/trpermisosadjuntos?11364484,20210524094157,P, HTTP/1.1" 200 6267
200.111.191.213 - - [15/Jun/2021:11:08:47 -0300] "GET /cormun/servlet/permisosadjuntos?INS,11364484,P,20210524094157,, HTTP/1.1" 200 5592
200.111.191.213 - - [15/Jun/2021:11:08:47 -0300] "GET /cormun/static/about:blank HTTP/1.1" 404 1011
200.111.191.213 - - [15/Jun/2021:11:08:48 -0300] "GET /cormun/servlet/permisosadjuntos?INS,11364484,P,20210524094157,, HTTP/1.1" 200 5582
200.111.191.213 - - [15/Jun/2021:11:08:58 -0300] "POST /cormun/servlet/permisosadjuntos?57ae3caef0ee6c396ad45957dfcda85f,INS,11364484,P,20210524094157,, HTTP/1.1" 200 116
200.111.191.213 - - [15/Jun/2021:11:08:58 -0300] "GET /cormun/servlet/hpexe_return? HTTP/1.1" 200 1039
200.111.191.213 - - [15/Jun/2021:11:08:59 -0300] "GET /cormun/servlet/trpermisosadjuntos?11364484,20210524094157,P, HTTP/1.1" 200 6730
200.111.191.213 - - [15/Jun/2021:11:08:59 -0300] "GET /cormun/servlet/trpermisosadjuntos?11364484,20210524094157,P, HTTP/1.1" 200 6726
200.111.191.213 - - [15/Jun/2021:11:09:02 -0300] "GET /cormun/servlet/trpermisosgoce? HTTP/1.1" 200 15851
200.111.191.213 - - [15/Jun/2021:11:09:02 -0300] "GET /cormun/servlet/trpermisosgoce? HTTP/1.1" 200 15824
200.111.191.213 - - [15/Jun/2021:11:09:05 -0300] "POST /cormun/servlet/trpermisosgoce?57ae3caef0ee6c396ad45957dfcda85f,,gx-no-cache=1623765678879 HTTP/1.1" 200 12926
200.111.191.213 - - [15/Jun/2021:11:09:05 -0300] "GET /cormun/static/Shared/jqueryui/images/ui-bg_highlight-soft_100_c6c2c8_1x100.png HTTP/1.1" 404 1117
200.111.191.213 - - [15/Jun/2021:11:09:05 -0300] "GET /cormun/static/Shared/jqueryui/images/ui-bg_flat_55_fafafa_40x100.png HTTP/1.1" 404 1097
200.111.191.213 - - [15/Jun/2021:11:09:05 -0300] "GET /cormun/static/Shared/jqueryui/images/ui-icons_8d78a5_256x240.png HTTP/1.1" 404 1089
200.111.191.213 - - [15/Jun/2021:11:09:05 -0300] "GET /cormun/static/Shared/jqueryui/images/ui-icons_82798d_256x240.png HTTP/1.1" 404 1089
200.111.191.213 - - [15/Jun/2021:11:09:06 -0300] "GET /cormun/servlet/trpermisosadjuntos?18622105,20210519144804,P, HTTP/1.1" 200 6262
200.111.191.213 - - [15/Jun/2021:11:09:07 -0300] "GET /cormun/servlet/trpermisosadjuntos?18622105,20210519144804,P, HTTP/1.1" 200 6262
200.111.191.213 - - [15/Jun/2021:11:09:08 -0300] "GET /cormun/servlet/permisosadjuntos?INS,18622105,P,20210519144804,, HTTP/1.1" 200 5589
200.111.191.213 - - [15/Jun/2021:11:09:08 -0300] "GET /cormun/static/about:blank HTTP/1.1" 404 1011
200.111.191.213 - - [15/Jun/2021:11:09:08 -0300] "GET /cormun/servlet/permisosadjuntos?INS,18622105,P,20210519144804,, HTTP/1.1" 200 5579
200.111.191.213 - - [15/Jun/2021:11:09:16 -0300] "POST /cormun/servlet/permisosadjuntos?57ae3caef0ee6c396ad45957dfcda85f,INS,18622105,P,20210519144804,, HTTP/1.1" 200 116
200.111.191.213 - - [15/Jun/2021:11:09:16 -0300] "GET /cormun/servlet/hpexe_return? HTTP/1.1" 200 1035
200.111.191.213 - - [15/Jun/2021:11:09:16 -0300] "GET /cormun/servlet/trpermisosadjuntos?18622105,20210519144804,P, HTTP/1.1" 200 6729
200.111.191.213 - - [15/Jun/2021:11:09:16 -0300] "GET /cormun/servlet/trpermisosadjuntos?18622105,20210519144804,P, HTTP/1.1" 200 6724
200.111.191.213 - - [15/Jun/2021:11:09:19 -0300] "GET /cormun/servlet/trpermisosgoce? HTTP/1.1" 200 15849
200.111.191.213 - - [15/Jun/2021:11:09:19 -0300] "GET /cormun/servlet/trpermisosgoce? HTTP/1.1" 200 15834
200.111.191.213 - - [15/Jun/2021:11:09:22 -0300] "POST /cormun/servlet/trpermisosgoce?57ae3caef0ee6c396ad45957dfcda85f,,gx-no-cache=1623765695693 HTTP/1.1" 200 12917
200.111.191.213 - - [15/Jun/2021:11:09:22 -0300] "GET /cormun/static/Shared/jqueryui/images/ui-icons_82798d_256x240.png HTTP/1.1" 404 1089
200.111.191.213 - - [15/Jun/2021:11:09:22 -0300] "GET /cormun/static/Shared/jqueryui/images/ui-bg_highlight-soft_100_c6c2c8_1x100.png HTTP/1.1" 404 1117
200.111.191.213 - - [15/Jun/2021:11:09:22 -0300] "GET /cormun/static/Shared/jqueryui/images/ui-bg_flat_55_fafafa_40x100.png HTTP/1.1" 404 1097
200.111.191.213 - - [15/Jun/2021:11:09:22 -0300] "GET /cormun/static/Shared/jqueryui/images/ui-icons_8d78a5_256x240.png HTTP/1.1" 404 1089
200.111.191.213 - - [15/Jun/2021:11:09:23 -0300] "GET /cormun/servlet/trpermisosadjuntos?8953106,20210514113427,P, HTTP/1.1" 200 6268
200.111.191.213 - - [15/Jun/2021:11:09:23 -0300] "GET /cormun/servlet/trpermisosadjuntos?8953106,20210514113427,P, HTTP/1.1" 200 6269
200.111.191.213 - - [15/Jun/2021:11:09:25 -0300] "GET /cormun/servlet/permisosadjuntos?INS,8953106,P,20210514113427,, HTTP/1.1" 200 5594
200.111.191.213 - - [15/Jun/2021:11:09:25 -0300] "GET /cormun/static/about:blank HTTP/1.1" 404 1011
200.111.191.213 - - [15/Jun/2021:11:09:25 -0300] "GET /cormun/servlet/permisosadjuntos?INS,8953106,P,20210514113427,, HTTP/1.1" 200 5584
190.171.143.106 - - [15/Jun/2021:11:09:29 -0300] "GET /cormun/servlet/trvisualizadoreventos? HTTP/1.1" 200 7384
190.171.143.106 - - [15/Jun/2021:11:09:30 -0300] "GET /cormun/servlet/trvisualizadoreventos? HTTP/1.1" 200 7384
200.111.191.213 - - [15/Jun/2021:11:09:33 -0300] "POST /cormun/servlet/permisosadjuntos?57ae3caef0ee6c396ad45957dfcda85f,INS,8953106,P,20210514113427,, HTTP/1.1" 200 116
200.111.191.213 - - [15/Jun/2021:11:09:33 -0300] "GET /cormun/servlet/hpexe_return? HTTP/1.1" 200 1037
200.111.191.213 - - [15/Jun/2021:11:09:34 -0300] "GET /cormun/servlet/trpermisosadjuntos?8953106,20210514113427,P, HTTP/1.1" 200 6737
200.111.191.213 - - [15/Jun/2021:11:09:34 -0300] "GET /cormun/servlet/trpermisosadjuntos?8953106,20210514113427,P, HTTP/1.1" 200 6733
200.111.191.213 - - [15/Jun/2021:11:09:36 -0300] "GET /cormun/servlet/trpermisosgoce? HTTP/1.1" 200 15830
200.111.191.213 - - [15/Jun/2021:11:09:37 -0300] "GET /cormun/servlet/trpermisosgoce? HTTP/1.1" 200 15822
190.171.143.106 - - [15/Jun/2021:11:09:38 -0300] "POST /cormun/servlet/trvisualizadoreventos?0a8c179d255500018ff6fc0ef29e61f1,,gx-no-cache=1623765562959 HTTP/1.1" 200 4661
200.111.191.213 - - [15/Jun/2021:11:09:39 -0300] "POST /cormun/servlet/trpermisosgoce?57ae3caef0ee6c396ad45957dfcda85f,,gx-no-cache=1623765712770 HTTP/1.1" 200 12927
200.111.191.213 - - [15/Jun/2021:11:09:39 -0300] "GET /cormun/static/Shared/jqueryui/images/ui-bg_highlight-soft_100_c6c2c8_1x100.png HTTP/1.1" 404 1117
200.111.191.213 - - [15/Jun/2021:11:09:39 -0300] "GET /cormun/static/Shared/jqueryui/images/ui-icons_82798d_256x240.png HTTP/1.1" 404 1089
200.111.191.213 - - [15/Jun/2021:11:09:39 -0300] "GET /cormun/static/Shared/jqueryui/images/ui-bg_flat_55_fafafa_40x100.png HTTP/1.1" 404 1097
200.111.191.213 - - [15/Jun/2021:11:09:39 -0300] "GET /cormun/static/Shared/jqueryui/images/ui-icons_8d78a5_256x240.png HTTP/1.1" 404 1089
200.111.191.213 - - [15/Jun/2021:11:09:41 -0300] "GET /cormun/servlet/trpermisosadjuntos?18042029,20210512192803,P, HTTP/1.1" 200 6265
200.111.191.213 - - [15/Jun/2021:11:09:41 -0300] "GET /cormun/servlet/trpermisosadjuntos?18042029,20210512192803,P, HTTP/1.1" 200 6265
200.111.191.213 - - [15/Jun/2021:11:09:43 -0300] "GET /cormun/servlet/permisosadjuntos?INS,18042029,P,20210512192803,, HTTP/1.1" 200 5589
200.111.191.213 - - [15/Jun/2021:11:09:43 -0300] "GET /cormun/static/about:blank HTTP/1.1" 404 1011
200.111.191.213 - - [15/Jun/2021:11:09:43 -0300] "GET /cormun/servlet/permisosadjuntos?INS,18042029,P,20210512192803,, HTTP/1.1" 200 5579
200.111.191.213 - - [15/Jun/2021:11:09:48 -0300] "POST /cormun/servlet/permisosadjuntos?57ae3caef0ee6c396ad45957dfcda85f,INS,18042029,P,20210512192803,, HTTP/1.1" 200 116
200.111.191.213 - - [15/Jun/2021:11:09:48 -0300] "GET /cormun/servlet/hpexe_return? HTTP/1.1" 200 1037
200.111.191.213 - - [15/Jun/2021:11:09:49 -0300] "GET /cormun/servlet/trpermisosadjuntos?18042029,20210512192803,P, HTTP/1.1" 200 6730
200.111.191.213 - - [15/Jun/2021:11:09:49 -0300] "GET /cormun/servlet/trpermisosadjuntos?18042029,20210512192803,P, HTTP/1.1" 200 6726
200.111.191.213 - - [15/Jun/2021:11:09:51 -0300] "GET /cormun/servlet/trpermisosgoce? HTTP/1.1" 200 15832
200.111.191.213 - - [15/Jun/2021:11:09:51 -0300] "GET /cormun/servlet/trpermisosgoce? HTTP/1.1" 200 15832
200.111.191.213 - - [15/Jun/2021:11:09:55 -0300] "POST /cormun/servlet/trpermisosgoce?57ae3caef0ee6c396ad45957dfcda85f,,gx-no-cache=1623765728359 HTTP/1.1" 200 12913
200.111.191.213 - - [15/Jun/2021:11:09:55 -0300] "GET /cormun/static/Shared/jqueryui/images/ui-bg_highlight-soft_100_c6c2c8_1x100.png HTTP/1.1" 404 1117
200.111.191.213 - - [15/Jun/2021:11:09:55 -0300] "GET /cormun/static/Shared/jqueryui/images/ui-icons_82798d_256x240.png HTTP/1.1" 404 1089
200.111.191.213 - - [15/Jun/2021:11:09:55 -0300] "GET /cormun/static/Shared/jqueryui/images/ui-icons_8d78a5_256x240.png HTTP/1.1" 404 1089
200.111.191.213 - - [15/Jun/2021:11:09:55 -0300] "GET /cormun/static/Shared/jqueryui/images/ui-bg_flat_55_fafafa_40x100.png HTTP/1.1" 404 1097
200.111.191.213 - - [15/Jun/2021:11:10:00 -0300] "GET /cormun/servlet/trpermisosadjuntos?12961880,20210512193016,P, HTTP/1.1" 200 6267
200.111.191.213 - - [15/Jun/2021:11:10:00 -0300] "GET /cormun/servlet/trpermisosadjuntos?12961880,20210512193016,P, HTTP/1.1" 200 6268
192.168.10.89 - - [15/Jun/2021:11:10:02 -0300] "GET /cormun/servlet/hlogin HTTP/1.1" 200 1731
200.111.191.213 - - [15/Jun/2021:11:10:02 -0300] "GET /cormun/servlet/permisosadjuntos?INS,12961880,P,20210512193016,, HTTP/1.1" 200 5592
200.111.191.213 - - [15/Jun/2021:11:10:02 -0300] "GET /cormun/static/about:blank HTTP/1.1" 404 1011
200.111.191.213 - - [15/Jun/2021:11:10:02 -0300] "GET /cormun/servlet/permisosadjuntos?INS,12961880,P,20210512193016,, HTTP/1.1" 200 5582
192.168.10.89 - - [15/Jun/2021:11:10:07 -0300] "POST /cormun/servlet/hlogin?d5e587c69e0958c0b9dee0021da51be5,gx-no-cache=1623765456431 HTTP/1.1" 200 90
192.168.10.89 - - [15/Jun/2021:11:10:07 -0300] "GET /cormun/servlet/hpexe_link HTTP/1.1" 200 968
192.168.10.89 - - [15/Jun/2021:11:10:07 -0300] "GET /cormun/servlet/trsolicitudgral? HTTP/1.1" 200 9652
192.168.10.89 - - [15/Jun/2021:11:10:08 -0300] "GET /cormun/servlet/trsolicitudgral? HTTP/1.1" 200 9651
200.111.191.213 - - [15/Jun/2021:11:10:09 -0300] "POST /cormun/servlet/permisosadjuntos?57ae3caef0ee6c396ad45957dfcda85f,INS,12961880,P,20210512193016,, HTTP/1.1" 200 116
200.111.191.213 - - [15/Jun/2021:11:10:09 -0300] "GET /cormun/servlet/hpexe_return? HTTP/1.1" 200 1038
200.111.191.213 - - [15/Jun/2021:11:10:09 -0300] "GET /cormun/servlet/trpermisosadjuntos?12961880,20210512193016,P, HTTP/1.1" 200 6733
192.168.10.89 - - [15/Jun/2021:11:10:10 -0300] "GET /cormun/servlet/trsolicitudgral? HTTP/1.1" 200 9651
200.111.191.213 - - [15/Jun/2021:11:10:10 -0300] "GET /cormun/servlet/trpermisosadjuntos?12961880,20210512193016,P, HTTP/1.1" 200 6730
192.168.10.89 - - [15/Jun/2021:11:10:10 -0300] "GET /cormun/servlet/trsolicitudgral? HTTP/1.1" 200 9651
200.111.191.213 - - [15/Jun/2021:11:10:12 -0300] "GET /cormun/servlet/trpermisosgoce? HTTP/1.1" 200 15838
200.111.191.213 - - [15/Jun/2021:11:10:12 -0300] "GET /cormun/servlet/trpermisosgoce? HTTP/1.1" 200 15825
200.111.191.213 - - [15/Jun/2021:11:10:15 -0300] "POST /cormun/servlet/trpermisosgoce?57ae3caef0ee6c396ad45957dfcda85f,,gx-no-cache=1623765748595 HTTP/1.1" 200 12928
200.111.191.213 - - [15/Jun/2021:11:10:15 -0300] "GET /cormun/static/Shared/jqueryui/images/ui-bg_highlight-soft_100_c6c2c8_1x100.png HTTP/1.1" 404 1117
200.111.191.213 - - [15/Jun/2021:11:10:15 -0300] "GET /cormun/static/Shared/jqueryui/images/ui-icons_82798d_256x240.png HTTP/1.1" 404 1089
200.111.191.213 - - [15/Jun/2021:11:10:15 -0300] "GET /cormun/static/Shared/jqueryui/images/ui-bg_flat_55_fafafa_40x100.png HTTP/1.1" 404 1097
200.111.191.213 - - [15/Jun/2021:11:10:15 -0300] "GET /cormun/static/Shared/jqueryui/images/ui-icons_8d78a5_256x240.png HTTP/1.1" 404 1089
200.111.191.213 - - [15/Jun/2021:11:10:16 -0300] "GET /cormun/servlet/trpermisosadjuntos?15107975,20210511094735,P, HTTP/1.1" 200 6266
200.111.191.213 - - [15/Jun/2021:11:10:17 -0300] "GET /cormun/servlet/trpermisosadjuntos?15107975,20210511094735,P, HTTP/1.1" 200 6265
200.111.191.213 - - [15/Jun/2021:11:10:19 -0300] "GET /cormun/servlet/permisosadjuntos?INS,15107975,P,20210511094735,, HTTP/1.1" 200 5589
200.111.191.213 - - [15/Jun/2021:11:10:19 -0300] "GET /cormun/static/about:blank HTTP/1.1" 404 1011
200.111.191.213 - - [15/Jun/2021:11:10:19 -0300] "GET /cormun/servlet/permisosadjuntos?INS,15107975,P,20210511094735,, HTTP/1.1" 200 5579
192.168.10.89 - - [15/Jun/2021:11:10:22 -0300] "POST /cormun/servlet/trsolicitudgral?d5e587c69e0958c0b9dee0021da51be5,,gx-no-cache=1623765471248 HTTP/1.1" 200 6668
192.168.10.89 - - [15/Jun/2021:11:10:23 -0300] "POST /cormun/servlet/trsolicitudgral?d5e587c69e0958c0b9dee0021da51be5,,gx-no-cache=1623765472071 HTTP/1.1" 200 6668
200.111.191.213 - - [15/Jun/2021:11:10:24 -0300] "POST /cormun/servlet/permisosadjuntos?57ae3caef0ee6c396ad45957dfcda85f,INS,15107975,P,20210511094735,, HTTP/1.1" 200 116
200.111.191.213 - - [15/Jun/2021:11:10:24 -0300] "GET /cormun/servlet/hpexe_return? HTTP/1.1" 200 1039
200.111.191.213 - - [15/Jun/2021:11:10:24 -0300] "GET /cormun/servlet/trpermisosadjuntos?15107975,20210511094735,P, HTTP/1.1" 200 6727
200.111.191.213 - - [15/Jun/2021:11:10:24 -0300] "GET /cormun/servlet/trpermisosadjuntos?15107975,20210511094735,P, HTTP/1.1" 200 6723
200.111.191.213 - - [15/Jun/2021:11:10:26 -0300] "GET /cormun/servlet/trpermisosgoce? HTTP/1.1" 200 15830
200.111.191.213 - - [15/Jun/2021:11:10:26 -0300] "GET /cormun/servlet/trpermisosgoce? HTTP/1.1" 200 15829
200.111.191.213 - - [15/Jun/2021:11:10:29 -0300] "POST /cormun/servlet/trpermisosgoce?57ae3caef0ee6c396ad45957dfcda85f,,gx-no-cache=1623765762306 HTTP/1.1" 200 12919
200.111.191.213 - - [15/Jun/2021:11:10:29 -0300] "GET /cormun/static/Shared/jqueryui/images/ui-bg_highlight-soft_100_c6c2c8_1x100.png HTTP/1.1" 404 1117
200.111.191.213 - - [15/Jun/2021:11:10:29 -0300] "GET /cormun/static/Shared/jqueryui/images/ui-icons_82798d_256x240.png HTTP/1.1" 404 1089
200.111.191.213 - - [15/Jun/2021:11:10:29 -0300] "GET /cormun/static/Shared/jqueryui/images/ui-icons_8d78a5_256x240.png HTTP/1.1" 404 1089
200.111.191.213 - - [15/Jun/2021:11:10:29 -0300] "GET /cormun/static/Shared/jqueryui/images/ui-bg_flat_55_fafafa_40x100.png HTTP/1.1" 404 1097
200.111.191.213 - - [15/Jun/2021:11:10:30 -0300] "GET /cormun/servlet/trpermisosadjuntos?18154723,20210511105033,P, HTTP/1.1" 200 6263
200.111.191.213 - - [15/Jun/2021:11:10:30 -0300] "GET /cormun/servlet/trpermisosadjuntos?18154723,20210511105033,P, HTTP/1.1" 200 6264
192.168.10.89 - - [15/Jun/2021:11:10:30 -0300] "GET /cormun/servlet/vesolicitudgral?2021,17066,, HTTP/1.1" 200 8318
192.168.10.89 - - [15/Jun/2021:11:10:30 -0300] "GET /cormun/pexe_scrolldiv.js HTTP/1.1" 404 1009
192.168.10.89 - - [15/Jun/2021:11:10:31 -0300] "GET /cormun/servlet/vesolicitudgral?2021,17066,, HTTP/1.1" 200 8318
200.111.191.213 - - [15/Jun/2021:11:10:32 -0300] "GET /cormun/servlet/permisosadjuntos?INS,18154723,P,20210511105033,, HTTP/1.1" 200 5591
200.111.191.213 - - [15/Jun/2021:11:10:32 -0300] "GET /cormun/static/about:blank HTTP/1.1" 404 1011
192.168.10.89 - - [15/Jun/2021:11:10:32 -0300] "GET /cormun/servlet/vesolicitudgral?2021,17066,,SolicitudOTLog HTTP/1.1" 200 9197
200.111.191.213 - - [15/Jun/2021:11:10:32 -0300] "GET /cormun/servlet/permisosadjuntos?INS,18154723,P,20210511105033,, HTTP/1.1" 200 5581
192.168.10.89 - - [15/Jun/2021:11:10:32 -0300] "GET /cormun/pexe_scrolldiv.js HTTP/1.1" 404 1009
192.168.10.89 - - [15/Jun/2021:11:10:32 -0300] "GET /cormun/servlet/vesolicitudgral?2021,17066,,SolicitudOTLog HTTP/1.1" 200 9197
192.168.10.89 - - [15/Jun/2021:11:10:33 -0300] "POST /cormun/servlet/acontrolpreferencessavestate?None,RRHH+DANIELA,true HTTP/1.1" 200 35
200.111.191.213 - - [15/Jun/2021:11:10:37 -0300] "POST /cormun/servlet/permisosadjuntos?57ae3caef0ee6c396ad45957dfcda85f,INS,18154723,P,20210511105033,, HTTP/1.1" 200 116
200.111.191.213 - - [15/Jun/2021:11:10:37 -0300] "GET /cormun/servlet/hpexe_return? HTTP/1.1" 200 1037
200.111.191.213 - - [15/Jun/2021:11:10:37 -0300] "GET /cormun/servlet/trpermisosadjuntos?18154723,20210511105033,P, HTTP/1.1" 200 6729
200.111.191.213 - - [15/Jun/2021:11:10:37 -0300] "GET /cormun/servlet/trpermisosadjuntos?18154723,20210511105033,P, HTTP/1.1" 200 6726
200.111.191.213 - - [15/Jun/2021:11:10:39 -0300] "GET /cormun/servlet/trpermisosgoce? HTTP/1.1" 200 15825
200.111.191.213 - - [15/Jun/2021:11:10:40 -0300] "GET /cormun/servlet/trpermisosgoce? HTTP/1.1" 200 15808
200.111.191.213 - - [15/Jun/2021:11:10:43 -0300] "POST /cormun/servlet/trpermisosgoce?57ae3caef0ee6c396ad45957dfcda85f,,gx-no-cache=1623765776895 HTTP/1.1" 200 12903
200.111.191.213 - - [15/Jun/2021:11:10:43 -0300] "GET /cormun/static/Shared/jqueryui/images/ui-bg_highlight-soft_100_c6c2c8_1x100.png HTTP/1.1" 404 1117
200.111.191.213 - - [15/Jun/2021:11:10:43 -0300] "GET /cormun/static/Shared/jqueryui/images/ui-icons_82798d_256x240.png HTTP/1.1" 404 1089
200.111.191.213 - - [15/Jun/2021:11:10:43 -0300] "GET /cormun/static/Shared/jqueryui/images/ui-bg_flat_55_fafafa_40x100.png HTTP/1.1" 404 1097
200.111.191.213 - - [15/Jun/2021:11:10:43 -0300] "GET /cormun/static/Shared/jqueryui/images/ui-icons_8d78a5_256x240.png HTTP/1.1" 404 1089
200.111.191.213 - - [15/Jun/2021:11:10:45 -0300] "GET /cormun/servlet/trpermisosadjuntos?18645771,20210505132530,P, HTTP/1.1" 200 6260
200.111.191.213 - - [15/Jun/2021:11:10:45 -0300] "GET /cormun/servlet/trpermisosadjuntos?18645771,20210505132530,P, HTTP/1.1" 200 6260
200.111.191.213 - - [15/Jun/2021:11:10:46 -0300] "GET /cormun/servlet/permisosadjuntos?INS,18645771,P,20210505132530,, HTTP/1.1" 200 5586
200.111.191.213 - - [15/Jun/2021:11:10:46 -0300] "GET /cormun/static/about:blank HTTP/1.1" 404 1011
200.111.191.213 - - [15/Jun/2021:11:10:46 -0300] "GET /cormun/servlet/permisosadjuntos?INS,18645771,P,20210505132530,, HTTP/1.1" 200 5577
200.111.191.213 - - [15/Jun/2021:11:10:52 -0300] "POST /cormun/servlet/permisosadjuntos?57ae3caef0ee6c396ad45957dfcda85f,INS,18645771,P,20210505132530,, HTTP/1.1" 200 116
200.111.191.213 - - [15/Jun/2021:11:10:52 -0300] "GET /cormun/servlet/hpexe_return? HTTP/1.1" 200 1038
200.111.191.213 - - [15/Jun/2021:11:10:52 -0300] "GET /cormun/servlet/trpermisosadjuntos?18645771,20210505132530,P, HTTP/1.1" 200 6725
200.111.191.213 - - [15/Jun/2021:11:10:52 -0300] "GET /cormun/servlet/trpermisosadjuntos?18645771,20210505132530,P, HTTP/1.1" 200 6723
200.111.191.213 - - [15/Jun/2021:11:10:54 -0300] "GET /cormun/servlet/trpermisosgoce? HTTP/1.1" 200 15799
200.111.191.213 - - [15/Jun/2021:11:10:54 -0300] "GET /cormun/servlet/trpermisosgoce? HTTP/1.1" 200 15788
200.111.191.213 - - [15/Jun/2021:11:10:57 -0300] "POST /cormun/servlet/trpermisosgoce?57ae3caef0ee6c396ad45957dfcda85f,,gx-no-cache=1623765790818 HTTP/1.1" 200 12901
200.111.191.213 - - [15/Jun/2021:11:10:57 -0300] "GET /cormun/static/Shared/jqueryui/images/ui-bg_highlight-soft_100_c6c2c8_1x100.png HTTP/1.1" 404 1117
200.111.191.213 - - [15/Jun/2021:11:10:57 -0300] "GET /cormun/static/Shared/jqueryui/images/ui-icons_82798d_256x240.png HTTP/1.1" 404 1089
200.111.191.213 - - [15/Jun/2021:11:10:57 -0300] "GET /cormun/static/Shared/jqueryui/images/ui-bg_flat_55_fafafa_40x100.png HTTP/1.1" 404 1097
200.111.191.213 - - [15/Jun/2021:11:10:57 -0300] "GET /cormun/static/Shared/jqueryui/images/ui-icons_8d78a5_256x240.png HTTP/1.1" 404 1089
200.111.191.213 - - [15/Jun/2021:11:10:58 -0300] "GET /cormun/servlet/trpermisosadjuntos?10999910,20210504113347,P, HTTP/1.1" 200 6268
200.111.191.213 - - [15/Jun/2021:11:10:58 -0300] "GET /cormun/servlet/trpermisosadjuntos?10999910,20210504113347,P, HTTP/1.1" 200 6268
200.111.191.213 - - [15/Jun/2021:11:11:00 -0300] "GET /cormun/servlet/permisosadjuntos?INS,10999910,P,20210504113347,, HTTP/1.1" 200 5593
200.111.191.213 - - [15/Jun/2021:11:11:00 -0300] "GET /cormun/static/about:blank HTTP/1.1" 404 1011
200.111.191.213 - - [15/Jun/2021:11:11:00 -0300] "GET /cormun/servlet/permisosadjuntos?INS,10999910,P,20210504113347,, HTTP/1.1" 200 5583
200.111.191.213 - - [15/Jun/2021:11:11:07 -0300] "POST /cormun/servlet/permisosadjuntos?57ae3caef0ee6c396ad45957dfcda85f,INS,10999910,P,20210504113347,, HTTP/1.1" 200 116
200.111.191.213 - - [15/Jun/2021:11:11:07 -0300] "GET /cormun/servlet/hpexe_return? HTTP/1.1" 200 1037
200.111.191.213 - - [15/Jun/2021:11:11:07 -0300] "GET /cormun/servlet/trpermisosadjuntos?10999910,20210504113347,P, HTTP/1.1" 200 6731
200.111.191.213 - - [15/Jun/2021:11:11:08 -0300] "GET /cormun/servlet/trpermisosadjuntos?10999910,20210504113347,P, HTTP/1.1" 200 6727
190.171.141.106 - - [15/Jun/2021:11:11:09 -0300] "GET /cormun/servlet/hlogin HTTP/1.1" 200 1732
200.111.191.213 - - [15/Jun/2021:11:11:09 -0300] "GET /cormun/servlet/trpermisosgoce? HTTP/1.1" 200 15797
200.111.191.213 - - [15/Jun/2021:11:11:10 -0300] "GET /cormun/servlet/trpermisosgoce? HTTP/1.1" 200 15786
200.111.191.213 - - [15/Jun/2021:11:11:13 -0300] "POST /cormun/servlet/trpermisosgoce?57ae3caef0ee6c396ad45957dfcda85f,,gx-no-cache=1623765806746 HTTP/1.1" 200 12876
200.111.191.213 - - [15/Jun/2021:11:11:13 -0300] "GET /cormun/static/Shared/jqueryui/images/ui-bg_highlight-soft_100_c6c2c8_1x100.png HTTP/1.1" 404 1117
200.111.191.213 - - [15/Jun/2021:11:11:13 -0300] "GET /cormun/static/Shared/jqueryui/images/ui-icons_82798d_256x240.png HTTP/1.1" 404 1089
200.111.191.213 - - [15/Jun/2021:11:11:13 -0300] "GET /cormun/static/Shared/jqueryui/images/ui-icons_8d78a5_256x240.png HTTP/1.1" 404 1089
200.111.191.213 - - [15/Jun/2021:11:11:13 -0300] "GET /cormun/static/Shared/jqueryui/images/ui-bg_flat_55_fafafa_40x100.png HTTP/1.1" 404 1097
190.171.141.106 - - [15/Jun/2021:11:11:13 -0300] "GET /cormun/servlet/hlogin HTTP/1.1" 200 1743
200.111.191.213 - - [15/Jun/2021:11:11:14 -0300] "GET /cormun/servlet/trpermisosadjuntos?12961977,20210429092827,P, HTTP/1.1" 200 6264
200.111.191.213 - - [15/Jun/2021:11:11:14 -0300] "GET /cormun/servlet/trpermisosadjuntos?12961977,20210429092827,P, HTTP/1.1" 200 6265
200.111.191.213 - - [15/Jun/2021:11:11:16 -0300] "GET /cormun/servlet/permisosadjuntos?INS,12961977,P,20210429092827,, HTTP/1.1" 200 5590
200.111.191.213 - - [15/Jun/2021:11:11:16 -0300] "GET /cormun/static/about:blank HTTP/1.1" 404 1011
200.111.191.213 - - [15/Jun/2021:11:11:16 -0300] "GET /cormun/servlet/permisosadjuntos?INS,12961977,P,20210429092827,, HTTP/1.1" 200 5580
190.171.141.106 - - [15/Jun/2021:11:11:22 -0300] "POST /cormun/servlet/hlogin?0000022ec1e998378029d2d660eccf22,gx-no-cache=1623765664903 HTTP/1.1" 200 90
190.171.141.106 - - [15/Jun/2021:11:11:22 -0300] "GET /cormun/servlet/hpexe_link HTTP/1.1" 200 958
190.171.141.106 - - [15/Jun/2021:11:11:22 -0300] "GET /cormun/servlet/hhome HTTP/1.1" 200 4271
200.111.191.213 - - [15/Jun/2021:11:11:22 -0300] "POST /cormun/servlet/permisosadjuntos?57ae3caef0ee6c396ad45957dfcda85f,INS,12961977,P,20210429092827,, HTTP/1.1" 200 116
200.111.191.213 - - [15/Jun/2021:11:11:22 -0300] "GET /cormun/servlet/hpexe_return? HTTP/1.1" 200 1038
200.111.191.213 - - [15/Jun/2021:11:11:22 -0300] "GET /cormun/servlet/trpermisosadjuntos?12961977,20210429092827,P, HTTP/1.1" 200 6726
200.111.191.213 - - [15/Jun/2021:11:11:23 -0300] "GET /cormun/servlet/trpermisosadjuntos?12961977,20210429092827,P, HTTP/1.1" 200 6723
190.171.141.106 - - [15/Jun/2021:11:11:24 -0300] "GET /cormun/servlet/hhome HTTP/1.1" 200 4269
200.111.191.213 - - [15/Jun/2021:11:11:25 -0300] "GET /cormun/servlet/trpermisosgoce? HTTP/1.1" 200 15776
200.111.191.213 - - [15/Jun/2021:11:11:25 -0300] "GET /cormun/servlet/trpermisosgoce? HTTP/1.1" 200 15775
200.111.191.213 - - [15/Jun/2021:11:11:29 -0300] "POST /cormun/servlet/trpermisosgoce?57ae3caef0ee6c396ad45957dfcda85f,,gx-no-cache=1623765822790 HTTP/1.1" 200 12885
200.111.191.213 - - [15/Jun/2021:11:11:29 -0300] "GET /cormun/static/Shared/jqueryui/images/ui-bg_highlight-soft_100_c6c2c8_1x100.png HTTP/1.1" 404 1117
200.111.191.213 - - [15/Jun/2021:11:11:29 -0300] "GET /cormun/static/Shared/jqueryui/images/ui-icons_82798d_256x240.png HTTP/1.1" 404 1089
200.111.191.213 - - [15/Jun/2021:11:11:29 -0300] "GET /cormun/static/Shared/jqueryui/images/ui-icons_8d78a5_256x240.png HTTP/1.1" 404 1089
200.111.191.213 - - [15/Jun/2021:11:11:29 -0300] "GET /cormun/static/Shared/jqueryui/images/ui-bg_flat_55_fafafa_40x100.png HTTP/1.1" 404 1097
200.111.191.213 - - [15/Jun/2021:11:11:30 -0300] "GET /cormun/servlet/trpermisosadjuntos?16884606,20210426165127,P, HTTP/1.1" 200 6268
200.111.191.213 - - [15/Jun/2021:11:11:31 -0300] "GET /cormun/servlet/trpermisosadjuntos?16884606,20210426165127,P, HTTP/1.1" 200 6268
200.111.191.213 - - [15/Jun/2021:11:11:32 -0300] "GET /cormun/servlet/permisosadjuntos?INS,16884606,P,20210426165127,, HTTP/1.1" 200 5592
200.111.191.213 - - [15/Jun/2021:11:11:32 -0300] "GET /cormun/static/about:blank HTTP/1.1" 404 1011
200.111.191.213 - - [15/Jun/2021:11:11:32 -0300] "GET /cormun/servlet/permisosadjuntos?INS,16884606,P,20210426165127,, HTTP/1.1" 200 5582
200.111.191.213 - - [15/Jun/2021:11:11:38 -0300] "POST /cormun/servlet/permisosadjuntos?57ae3caef0ee6c396ad45957dfcda85f,INS,16884606,P,20210426165127,, HTTP/1.1" 200 116
200.111.191.213 - - [15/Jun/2021:11:11:38 -0300] "GET /cormun/servlet/hpexe_return? HTTP/1.1" 200 1038
200.111.191.213 - - [15/Jun/2021:11:11:38 -0300] "GET /cormun/servlet/trpermisosadjuntos?16884606,20210426165127,P, HTTP/1.1" 200 6730
200.111.191.213 - - [15/Jun/2021:11:11:39 -0300] "GET /cormun/servlet/trpermisosadjuntos?16884606,20210426165127,P, HTTP/1.1" 200 6728
200.30.252.117 - - [15/Jun/2021:11:11:40 -0300] "GET /cormun/servlet/hlogin HTTP/1.1" 200 1725
200.111.191.213 - - [15/Jun/2021:11:11:40 -0300] "GET /cormun/servlet/trpermisosgoce? HTTP/1.1" 200 15779
200.111.191.213 - - [15/Jun/2021:11:11:41 -0300] "GET /cormun/servlet/trpermisosgoce? HTTP/1.1" 200 15765
200.30.252.117 - - [15/Jun/2021:11:11:42 -0300] "GET /cormun/servlet/hlogin HTTP/1.1" 200 1735
200.111.191.213 - - [15/Jun/2021:11:11:45 -0300] "POST /cormun/servlet/trpermisosgoce?57ae3caef0ee6c396ad45957dfcda85f,,gx-no-cache=1623765838439 HTTP/1.1" 200 12875
200.111.191.213 - - [15/Jun/2021:11:11:45 -0300] "GET /cormun/static/Shared/jqueryui/images/ui-bg_highlight-soft_100_c6c2c8_1x100.png HTTP/1.1" 404 1117
200.111.191.213 - - [15/Jun/2021:11:11:45 -0300] "GET /cormun/static/Shared/jqueryui/images/ui-icons_82798d_256x240.png HTTP/1.1" 404 1089
200.111.191.213 - - [15/Jun/2021:11:11:45 -0300] "GET /cormun/static/Shared/jqueryui/images/ui-bg_flat_55_fafafa_40x100.png HTTP/1.1" 404 1097
200.111.191.213 - - [15/Jun/2021:11:11:45 -0300] "GET /cormun/static/Shared/jqueryui/images/ui-icons_8d78a5_256x240.png HTTP/1.1" 404 1089
200.111.191.213 - - [15/Jun/2021:11:11:46 -0300] "GET /cormun/servlet/trpermisosadjuntos?16838872,20210426165312,P, HTTP/1.1" 200 6264
200.111.191.213 - - [15/Jun/2021:11:11:46 -0300] "GET /cormun/servlet/trpermisosadjuntos?16838872,20210426165312,P, HTTP/1.1" 200 6264
200.30.252.117 - - [15/Jun/2021:11:11:46 -0300] "POST /cormun/servlet/hlogin?56ed3861ca627d2876cb89875d7062b5,gx-no-cache=1623769291431 HTTP/1.1" 200 90
200.30.252.117 - - [15/Jun/2021:11:11:46 -0300] "GET /cormun/servlet/hpexe_link HTTP/1.1" 200 950
200.30.252.117 - - [15/Jun/2021:11:11:46 -0300] "GET /cormun/servlet/hhome HTTP/1.1" 200 3970
200.111.191.213 - - [15/Jun/2021:11:11:47 -0300] "GET /cormun/servlet/permisosadjuntos?INS,16838872,P,20210426165312,, HTTP/1.1" 200 5589
200.111.191.213 - - [15/Jun/2021:11:11:47 -0300] "GET /cormun/static/about:blank HTTP/1.1" 404 1011
200.111.191.213 - - [15/Jun/2021:11:11:47 -0300] "GET /cormun/servlet/permisosadjuntos?INS,16838872,P,20210426165312,, HTTP/1.1" 200 5579
200.30.252.117 - - [15/Jun/2021:11:11:47 -0300] "GET /cormun/servlet/hhome HTTP/1.1" 200 3966
200.111.191.213 - - [15/Jun/2021:11:11:52 -0300] "POST /cormun/servlet/permisosadjuntos?57ae3caef0ee6c396ad45957dfcda85f,INS,16838872,P,20210426165312,, HTTP/1.1" 200 116
200.111.191.213 - - [15/Jun/2021:11:11:52 -0300] "GET /cormun/servlet/hpexe_return? HTTP/1.1" 200 1038
200.30.252.117 - - [15/Jun/2021:11:11:52 -0300] "GET /cormun/servlet/trsolicitudot? HTTP/1.1" 200 7191
200.111.191.213 - - [15/Jun/2021:11:11:52 -0300] "GET /cormun/servlet/trpermisosadjuntos?16838872,20210426165312,P, HTTP/1.1" 200 6727
200.111.191.213 - - [15/Jun/2021:11:11:53 -0300] "GET /cormun/servlet/trpermisosadjuntos?16838872,20210426165312,P, HTTP/1.1" 200 6723
200.30.252.117 - - [15/Jun/2021:11:11:53 -0300] "GET /cormun/servlet/trsolicitudot? HTTP/1.1" 200 7191
200.111.191.213 - - [15/Jun/2021:11:11:54 -0300] "GET /cormun/servlet/trpermisosgoce? HTTP/1.1" 200 15771
200.111.191.213 - - [15/Jun/2021:11:11:54 -0300] "GET /cormun/servlet/trpermisosgoce? HTTP/1.1" 200 15756
200.111.191.213 - - [15/Jun/2021:11:11:57 -0300] "POST /cormun/servlet/trpermisosgoce?57ae3caef0ee6c396ad45957dfcda85f,,gx-no-cache=1623765850974 HTTP/1.1" 200 12849
200.111.191.213 - - [15/Jun/2021:11:11:57 -0300] "GET /cormun/static/Shared/jqueryui/images/ui-bg_highlight-soft_100_c6c2c8_1x100.png HTTP/1.1" 404 1117
200.111.191.213 - - [15/Jun/2021:11:11:57 -0300] "GET /cormun/static/Shared/jqueryui/images/ui-icons_82798d_256x240.png HTTP/1.1" 404 1089
200.111.191.213 - - [15/Jun/2021:11:11:57 -0300] "GET /cormun/static/Shared/jqueryui/images/ui-bg_flat_55_fafafa_40x100.png HTTP/1.1" 404 1097
200.111.191.213 - - [15/Jun/2021:11:11:57 -0300] "GET /cormun/static/Shared/jqueryui/images/ui-icons_8d78a5_256x240.png HTTP/1.1" 404 1089
200.30.252.117 - - [15/Jun/2021:11:11:58 -0300] "GET /cormun/servlet/solicitudot?INS,0,0,false, HTTP/1.1" 200 15529
200.111.191.213 - - [15/Jun/2021:11:11:58 -0300] "GET /cormun/servlet/trpermisosadjuntos?8265182,20210424142415,P, HTTP/1.1" 200 6262
200.111.191.213 - - [15/Jun/2021:11:11:58 -0300] "GET /cormun/servlet/trpermisosadjuntos?8265182,20210424142415,P, HTTP/1.1" 200 6263
200.30.252.117 - - [15/Jun/2021:11:11:59 -0300] "GET /cormun/servlet/solicitudot?INS,0,0,false, HTTP/1.1" 200 15537
200.111.191.213 - - [15/Jun/2021:11:12:00 -0300] "GET /cormun/servlet/permisosadjuntos?INS,8265182,P,20210424142415,, HTTP/1.1" 200 5588
200.111.191.213 - - [15/Jun/2021:11:12:00 -0300] "GET /cormun/static/about:blank HTTP/1.1" 404 1011
200.111.191.213 - - [15/Jun/2021:11:12:00 -0300] "GET /cormun/servlet/permisosadjuntos?INS,8265182,P,20210424142415,, HTTP/1.1" 200 5578
190.171.143.106 - - [15/Jun/2021:11:12:00 -0300] "POST /cormun/servlet/solicitudot?gx-no-cache=1623765704990 HTTP/1.1" 200 1439
190.171.143.106 - - [15/Jun/2021:11:12:00 -0300] "POST /cormun/servlet/solicitudot?gx-no-cache=1623765705051 HTTP/1.1" 200 38
200.111.191.213 - - [15/Jun/2021:11:12:06 -0300] "POST /cormun/servlet/permisosadjuntos?57ae3caef0ee6c396ad45957dfcda85f,INS,8265182,P,20210424142415,, HTTP/1.1" 200 116
200.111.191.213 - - [15/Jun/2021:11:12:06 -0300] "GET /cormun/servlet/hpexe_return? HTTP/1.1" 200 1035
200.111.191.213 - - [15/Jun/2021:11:12:06 -0300] "GET /cormun/servlet/trpermisosadjuntos?8265182,20210424142415,P, HTTP/1.1" 200 6727
200.111.191.213 - - [15/Jun/2021:11:12:06 -0300] "GET /cormun/servlet/trpermisosadjuntos?8265182,20210424142415,P, HTTP/1.1" 200 6723
200.111.191.213 - - [15/Jun/2021:11:12:07 -0300] "GET /cormun/servlet/trpermisosgoce? HTTP/1.1" 200 15766
200.111.191.213 - - [15/Jun/2021:11:12:08 -0300] "GET /cormun/servlet/trpermisosgoce? HTTP/1.1" 200 15766
200.111.191.213 - - [15/Jun/2021:11:12:11 -0300] "POST /cormun/servlet/trpermisosgoce?57ae3caef0ee6c396ad45957dfcda85f,,gx-no-cache=1623765864638 HTTP/1.1" 200 12854
200.111.191.213 - - [15/Jun/2021:11:12:11 -0300] "GET /cormun/static/Shared/jqueryui/images/ui-bg_highlight-soft_100_c6c2c8_1x100.png HTTP/1.1" 404 1117
200.111.191.213 - - [15/Jun/2021:11:12:11 -0300] "GET /cormun/static/Shared/jqueryui/images/ui-icons_82798d_256x240.png HTTP/1.1" 404 1089
200.111.191.213 - - [15/Jun/2021:11:12:11 -0300] "GET /cormun/static/Shared/jqueryui/images/ui-bg_flat_55_fafafa_40x100.png HTTP/1.1" 404 1097
200.111.191.213 - - [15/Jun/2021:11:12:11 -0300] "GET /cormun/static/Shared/jqueryui/images/ui-icons_8d78a5_256x240.png HTTP/1.1" 404 1089
200.111.191.213 - - [15/Jun/2021:11:12:12 -0300] "GET /cormun/servlet/trpermisosadjuntos?16838872,20210412165908,P, HTTP/1.1" 200 6264
200.111.191.213 - - [15/Jun/2021:11:12:12 -0300] "GET /cormun/servlet/trpermisosadjuntos?16838872,20210412165908,P, HTTP/1.1" 200 6264
200.30.252.117 - - [15/Jun/2021:11:12:13 -0300] "POST /cormun/servlet/solicitudot?gx-no-cache=1623769318394 HTTP/1.1" 200 3826
200.30.252.117 - - [15/Jun/2021:11:12:13 -0300] "POST /cormun/servlet/solicitudot?56ed3861ca627d2876cb89875d7062b5,INS,0,0,false,,gx-no-cache=1623769318713 HTTP/1.1" 200 12336
200.111.191.213 - - [15/Jun/2021:11:12:14 -0300] "GET /cormun/servlet/permisosadjuntos?INS,16838872,P,20210412165908,, HTTP/1.1" 200 5588
200.111.191.213 - - [15/Jun/2021:11:12:14 -0300] "GET /cormun/static/about:blank HTTP/1.1" 404 1011
200.111.191.213 - - [15/Jun/2021:11:12:14 -0300] "GET /cormun/servlet/permisosadjuntos?INS,16838872,P,20210412165908,, HTTP/1.1" 200 5578
200.111.191.213 - - [15/Jun/2021:11:12:20 -0300] "POST /cormun/servlet/permisosadjuntos?57ae3caef0ee6c396ad45957dfcda85f,INS,16838872,P,20210412165908,, HTTP/1.1" 200 116
200.111.191.213 - - [15/Jun/2021:11:12:20 -0300] "GET /cormun/servlet/hpexe_return? HTTP/1.1" 200 1038
200.111.191.213 - - [15/Jun/2021:11:12:20 -0300] "GET /cormun/servlet/trpermisosadjuntos?16838872,20210412165908,P, HTTP/1.1" 200 6728
200.111.191.213 - - [15/Jun/2021:11:12:21 -0300] "GET /cormun/servlet/trpermisosadjuntos?16838872,20210412165908,P, HTTP/1.1" 200 6724
200.111.191.213 - - [15/Jun/2021:11:12:23 -0300] "GET /cormun/servlet/trpermisosgoce? HTTP/1.1" 200 15756
200.30.252.117 - - [15/Jun/2021:11:12:23 -0300] "GET /cormun/servlet/solicitudot?4668b36eabcaabb6e09d74b16b23014658c1b4eff56ef6b47266076545c3bf3c6ddcc8259b0dbca40ff022df8bc4755a,gx-no-cache=1623769328385 HTTP/1.1" 200 30
200.30.252.117 - - [15/Jun/2021:11:12:23 -0300] "GET /cormun/servlet/solicitudot?4668b36eabcaabb6e09d74b16b230146911b801bb6e5bf7c70c48356403ec5ad3400a547f9b599ab84815e95d496219c3bd465455fd40514035d9723aa24c935,gx-no-cache=1623769328454 HTTP/1.1" 200 30
200.30.252.117 - - [15/Jun/2021:11:12:23 -0300] "GET /cormun/servlet/solicitudot?4668b36eabcaabb6e09d74b16b230146fc5b8c4efac2cbf3eb7cd806818661e3,gx-no-cache=1623769328498 HTTP/1.1" 200 60
200.30.252.117 - - [15/Jun/2021:11:12:23 -0300] "POST /cormun/servlet/solicitudot?gx-no-cache=1623769328546 HTTP/1.1" 200 255
200.30.252.117 - - [15/Jun/2021:11:12:23 -0300] "GET /cormun/servlet/solicitudot?4668b36eabcaabb6e09d74b16b2301469aa4c31e6c3917019168f44ee509af9920af03915cb071da932e322a5438042367217b340307bdbb02d72c023ea9b50765e8235575b1426981e5a5924380f59c0a528ada8315353246ec589f0ab7f5805996edf88bad7724c57efe8ffdf6ee61e0fa484119e5887c433ae5df5004b464d6fe27f1467884c30c74f2e640fc3d95059d69c5817e04c78cb0423c523ed9f995d186f0aeb557d43e4c22104f060aa6ce2c8102705d62963f1d2024ca65eb141b32278158c5539d4037a1e69750184c383dead129a01ef375cfc19831d5cc1bf1012574f7020c2b8183da216b5c03bcf9c44546e52ea0dd611297bbbda37ebb3a30b9a8b8ca63dcc8ecd302f3b91240bce7ce2c27f3e4ef551a94f183788f697c0aaf07f939418be17374fde70a918027cba33a59e39abec3af564cc68df87de807bc5d5117eaf9fa6225f701e88d23d965c0688f1ef7faa4c6b85494d9c166c94272460d1e3c2c34610243a284f122b0e00e807e59a82381672d915858d9dc,gx-no-cache=1623769328631 HTTP/1.1" 200 30
200.111.191.213 - - [15/Jun/2021:11:12:23 -0300] "GET /cormun/servlet/trpermisosgoce? HTTP/1.1" 200 15767
200.30.252.117 - - [15/Jun/2021:11:12:25 -0300] "POST /cormun/servlet/solicitudot?gx-no-cache=1623769330897 HTTP/1.1" 200 30
200.111.191.213 - - [15/Jun/2021:11:12:27 -0300] "POST /cormun/servlet/trpermisosgoce?57ae3caef0ee6c396ad45957dfcda85f,,gx-no-cache=1623765880330 HTTP/1.1" 200 12843
200.111.191.213 - - [15/Jun/2021:11:12:27 -0300] "GET /cormun/static/Shared/jqueryui/images/ui-bg_highlight-soft_100_c6c2c8_1x100.png HTTP/1.1" 404 1117
200.111.191.213 - - [15/Jun/2021:11:12:27 -0300] "GET /cormun/static/Shared/jqueryui/images/ui-icons_82798d_256x240.png HTTP/1.1" 404 1089
200.111.191.213 - - [15/Jun/2021:11:12:27 -0300] "GET /cormun/static/Shared/jqueryui/images/ui-bg_flat_55_fafafa_40x100.png HTTP/1.1" 404 1097
200.111.191.213 - - [15/Jun/2021:11:12:27 -0300] "GET /cormun/static/Shared/jqueryui/images/ui-icons_8d78a5_256x240.png HTTP/1.1" 404 1089
200.30.252.117 - - [15/Jun/2021:11:12:28 -0300] "GET /cormun/static/Resources/resize.gif HTTP/1.1" 200 77
200.30.252.117 - - [15/Jun/2021:11:12:28 -0300] "GET /cormun/static/Resources/PXTools/ClosePrompt.png HTTP/1.1" 200 1036
200.30.252.117 - - [15/Jun/2021:11:12:28 -0300] "GET /cormun/servlet/prcontratosol?17107852,,,,,MD,,gxPopupLevel%3D0%3B HTTP/1.1" 200 8718
200.30.252.117 - - [15/Jun/2021:11:12:28 -0300] "GET /cormun/static/gxcfg.js?2019914201458 HTTP/1.1" 200 953
200.30.252.117 - - [15/Jun/2021:11:12:28 -0300] "GET /cormun/static/Resources/PXToolsMenuSearch.png HTTP/1.1" 200 336
200.30.252.117 - - [15/Jun/2021:11:12:28 -0300] "GET /cormun/static/prcontratosol.js?20199142014772 HTTP/1.1" 200 15806
200.30.252.117 - - [15/Jun/2021:11:12:28 -0300] "GET /cormun/static/Resources/Spanish/PXTools.css?19172979 HTTP/1.1" 200 100853
200.30.252.117 - - [15/Jun/2021:11:12:29 -0300] "GET /cormun/static/menusearch.js?20201214473581 HTTP/1.1" 200 1424
200.30.252.117 - - [15/Jun/2021:11:12:29 -0300] "GET /cormun/static/hmpwkw011.js?20201215495555 HTTP/1.1" 200 1968
200.111.191.213 - - [15/Jun/2021:11:12:29 -0300] "GET /cormun/servlet/trpermisosadjuntos?12291516,20210412121534,P, HTTP/1.1" 200 6271
200.30.252.117 - - [15/Jun/2021:11:12:29 -0300] "GET /cormun/static/Resources/PXToolsMenuSearchCancel.png HTTP/1.1" 200 306
200.111.191.213 - - [15/Jun/2021:11:12:29 -0300] "GET /cormun/servlet/trpermisosadjuntos?12291516,20210412121534,P, HTTP/1.1" 200 6271
190.171.143.106 - - [15/Jun/2021:11:12:31 -0300] "GET /cormun/servlet/solicitudot?35b8915c7162f5e99cb513f82a3498b39ee9fefb8756d596a3b279521f0bebda08d752d26d20b66ac5d07d02d80c383c252cd1fc37b0d0b684b76db9bf6c1314d06c32106417c688ac1612f6089db2a2ad11c158ad530ff581ad159b196134e8eb20fa930e76c198212fe58b383bdbe8,gx-no-cache=1623765736679 HTTP/1.1" 200 110
190.171.143.106 - - [15/Jun/2021:11:12:32 -0300] "POST /cormun/servlet/solicitudot?gx-no-cache=1623765736715 HTTP/1.1" 200 64
190.171.143.106 - - [15/Jun/2021:11:12:32 -0300] "GET /cormun/servlet/solicitudot?35b8915c7162f5e99cb513f82a3498b35e60b50d7d5dcc1654a7747d1302a186cf004cd396167cfee0450a9dabf3f7ed8a2b1d1120e675cc1e139375d8797f5a6d195f4d93219e6e146decf1bf8f9f6a631297ff29351b4ad8d95eb13785f2624175090e4c8927f59ad0947461a5317b,gx-no-cache=1623765736744 HTTP/1.1" 200 29
200.111.191.213 - - [15/Jun/2021:11:12:33 -0300] "GET /cormun/servlet/permisosadjuntos?INS,12291516,P,20210412121534,, HTTP/1.1" 200 5593
200.111.191.213 - - [15/Jun/2021:11:12:33 -0300] "GET /cormun/static/about:blank HTTP/1.1" 404 1011
200.111.191.213 - - [15/Jun/2021:11:12:33 -0300] "GET /cormun/servlet/permisosadjuntos?INS,12291516,P,20210412121534,, HTTP/1.1" 200 5583
200.30.252.117 - - [15/Jun/2021:11:12:34 -0300] "POST /cormun/servlet/solicitudot?gx-no-cache=1623769339184 HTTP/1.1" 200 1522
200.30.252.117 - - [15/Jun/2021:11:12:34 -0300] "GET /cormun/static/Shared/jqueryui/images/ui-bg_highlight-soft_100_c6c2c8_1x100.png HTTP/1.1" 404 1117
200.30.252.117 - - [15/Jun/2021:11:12:34 -0300] "GET /cormun/static/Shared/jqueryui/images/ui-icons_82798d_256x240.png HTTP/1.1" 404 1089
200.30.252.117 - - [15/Jun/2021:11:12:34 -0300] "GET /cormun/static/Shared/jqueryui/images/ui-bg_flat_55_994d53_40x100.png HTTP/1.1" 404 1097
200.30.252.117 - - [15/Jun/2021:11:12:34 -0300] "GET /cormun/static/Shared/jqueryui/images/ui-icons_ebccce_256x240.png HTTP/1.1" 404 1089
200.30.252.117 - - [15/Jun/2021:11:12:34 -0300] "POST /cormun/servlet/solicitudot?gx-no-cache=1623769339354 HTTP/1.1" 200 117
200.30.252.117 - - [15/Jun/2021:11:12:34 -0300] "GET /cormun/servlet/solicitudot?4668b36eabcaabb6e09d74b16b230146ee9bd8f580a337b12a6d33689a7581b60d92b5ec8935ef29aa0daac25f63fb384d34b796e2c6de6350a6ea2a01dc2a5ff2eb93758df184276bcd4accf42b2ef3450efe1c83ba07d649dbb0fd20c74a2bba0ccef67579d18766144bf0e5499c8d,gx-no-cache=1623769339405 HTTP/1.1" 200 110
200.30.252.117 - - [15/Jun/2021:11:12:34 -0300] "POST /cormun/servlet/solicitudot?gx-no-cache=1623769339454 HTTP/1.1" 200 64
200.30.252.117 - - [15/Jun/2021:11:12:34 -0300] "GET /cormun/servlet/solicitudot?4668b36eabcaabb6e09d74b16b2301466481b99d1a0a4427fddd4cd9e1c5983776d90574ea52646a7de894b565f18f476b5bd9ffd5771818d96e1fb18be42a448eeaac5841de3736fee89feb4fa61b4c7d52327c6e89ed4be7b49e2b2525c5a957a51e2bbdec54233c1e90e4c0097b17f5dcd412ae4bbb9d64c79fa6b5a2f1b85628cac3e9e33b0988b8f556d3957f3d1e3d32dc74c6c24c78a6f475a00334e1,gx-no-cache=1623769339509 HTTP/1.1" 200 29
200.30.252.117 - - [15/Jun/2021:11:12:34 -0300] "GET /cormun/servlet/solicitudot?4668b36eabcaabb6e09d74b16b230146e80248abf4e4ef059dd376aa0fd1095540c19135730db240f81d63446449a670,gx-no-cache=1623769339550 HTTP/1.1" 200 134
200.111.191.213 - - [15/Jun/2021:11:12:38 -0300] "POST /cormun/servlet/permisosadjuntos?57ae3caef0ee6c396ad45957dfcda85f,INS,12291516,P,20210412121534,, HTTP/1.1" 200 116
200.111.191.213 - - [15/Jun/2021:11:12:38 -0300] "GET /cormun/servlet/hpexe_return? HTTP/1.1" 200 1037
200.111.191.213 - - [15/Jun/2021:11:12:38 -0300] "GET /cormun/servlet/trpermisosadjuntos?12291516,20210412121534,P, HTTP/1.1" 200 6731
200.111.191.213 - - [15/Jun/2021:11:12:39 -0300] "GET /cormun/servlet/trpermisosadjuntos?12291516,20210412121534,P, HTTP/1.1" 200 6727
200.111.191.213 - - [15/Jun/2021:11:12:40 -0300] "GET /cormun/servlet/trpermisosgoce? HTTP/1.1" 200 15755
200.111.191.213 - - [15/Jun/2021:11:12:41 -0300] "GET /cormun/servlet/trpermisosgoce? HTTP/1.1" 200 15754
200.30.252.117 - - [15/Jun/2021:11:12:43 -0300] "GET /cormun/static/menuarrow.gif HTTP/1.1" 404 1015
200.111.191.213 - - [15/Jun/2021:11:12:44 -0300] "POST /cormun/servlet/trpermisosgoce?57ae3caef0ee6c396ad45957dfcda85f,,gx-no-cache=1623765898110 HTTP/1.1" 200 12820
200.111.191.213 - - [15/Jun/2021:11:12:45 -0300] "GET /cormun/static/Shared/jqueryui/images/ui-icons_82798d_256x240.png HTTP/1.1" 404 1089
200.111.191.213 - - [15/Jun/2021:11:12:45 -0300] "GET /cormun/static/Shared/jqueryui/images/ui-bg_highlight-soft_100_c6c2c8_1x100.png HTTP/1.1" 404 1117
200.111.191.213 - - [15/Jun/2021:11:12:45 -0300] "GET /cormun/static/Shared/jqueryui/images/ui-bg_flat_55_fafafa_40x100.png HTTP/1.1" 404 1097
200.111.191.213 - - [15/Jun/2021:11:12:45 -0300] "GET /cormun/static/Shared/jqueryui/images/ui-icons_8d78a5_256x240.png HTTP/1.1" 404 1089
200.111.191.213 - - [15/Jun/2021:11:12:45 -0300] "GET /cormun/servlet/trpermisosadjuntos?16348726,20210408165538,P, HTTP/1.1" 200 6271
190.171.143.106 - - [15/Jun/2021:11:12:46 -0300] "GET /cormun/servlet/solicitudot?35b8915c7162f5e99cb513f82a3498b372a42328888c714c432c57fd43a293307c726a58ee2307bf97a85c2862a325bd,gx-no-cache=1623765750721 HTTP/1.1" 200 30
200.111.191.213 - - [15/Jun/2021:11:12:46 -0300] "GET /cormun/servlet/trpermisosadjuntos?16348726,20210408165538,P, HTTP/1.1" 200 6272
200.111.191.213 - - [15/Jun/2021:11:12:47 -0300] "GET /cormun/servlet/permisosadjuntos?INS,16348726,P,20210408165538,, HTTP/1.1" 200 5592
200.111.191.213 - - [15/Jun/2021:11:12:47 -0300] "GET /cormun/static/about:blank HTTP/1.1" 404 1011
200.111.191.213 - - [15/Jun/2021:11:12:47 -0300] "GET /cormun/servlet/permisosadjuntos?INS,16348726,P,20210408165538,, HTTP/1.1" 200 5582
190.171.143.106 - - [15/Jun/2021:11:12:52 -0300] "POST /cormun/servlet/solicitudot?gx-no-cache=1623765757432 HTTP/1.1" 200 30
200.111.191.213 - - [15/Jun/2021:11:12:55 -0300] "POST /cormun/servlet/permisosadjuntos?57ae3caef0ee6c396ad45957dfcda85f,INS,16348726,P,20210408165538,, HTTP/1.1" 200 116
200.111.191.213 - - [15/Jun/2021:11:12:55 -0300] "GET /cormun/servlet/hpexe_return? HTTP/1.1" 200 1038
200.111.191.213 - - [15/Jun/2021:11:12:55 -0300] "GET /cormun/servlet/trpermisosadjuntos?16348726,20210408165538,P, HTTP/1.1" 200 6731
200.111.191.213 - - [15/Jun/2021:11:12:55 -0300] "GET /cormun/servlet/trpermisosadjuntos?16348726,20210408165538,P, HTTP/1.1" 200 6728
200.111.191.213 - - [15/Jun/2021:11:12:58 -0300] "GET /cormun/servlet/trpermisosgoce? HTTP/1.1" 200 15743
200.111.191.213 - - [15/Jun/2021:11:12:58 -0300] "GET /cormun/servlet/trpermisosgoce? HTTP/1.1" 200 15742
200.111.191.213 - - [15/Jun/2021:11:13:01 -0300] "POST /cormun/servlet/trpermisosgoce?57ae3caef0ee6c396ad45957dfcda85f,,gx-no-cache=1623765914614 HTTP/1.1" 200 12824
200.111.191.213 - - [15/Jun/2021:11:13:01 -0300] "GET /cormun/static/Shared/jqueryui/images/ui-bg_highlight-soft_100_c6c2c8_1x100.png HTTP/1.1" 404 1117
200.111.191.213 - - [15/Jun/2021:11:13:01 -0300] "GET /cormun/static/Shared/jqueryui/images/ui-icons_82798d_256x240.png HTTP/1.1" 404 1089
200.111.191.213 - - [15/Jun/2021:11:13:01 -0300] "GET /cormun/static/Shared/jqueryui/images/ui-bg_flat_55_fafafa_40x100.png HTTP/1.1" 404 1097
200.111.191.213 - - [15/Jun/2021:11:13:01 -0300] "GET /cormun/static/Shared/jqueryui/images/ui-icons_8d78a5_256x240.png HTTP/1.1" 404 1089
200.111.191.213 - - [15/Jun/2021:11:13:03 -0300] "GET /cormun/static/menuarrow.gif HTTP/1.1" 404 1015
200.30.252.117 - - [15/Jun/2021:11:13:04 -0300] "GET /cormun/servlet/solicitudot?4668b36eabcaabb6e09d74b16b230146ac52d4caaabc3a9bf7e8240154f15e2c6d0d5054fbfc1cb00060c8d5657eaf35,gx-no-cache=1623769369069 HTTP/1.1" 200 30
200.111.191.213 - - [15/Jun/2021:11:13:07 -0300] "POST /cormun/servlet/trpermisosgoce?57ae3caef0ee6c396ad45957dfcda85f,,gx-no-cache=1623765920772 HTTP/1.1" 200 13051
200.111.191.213 - - [15/Jun/2021:11:13:18 -0300] "GET /cormun/servlet/trlicencias? HTTP/1.1" 200 11948
200.111.191.213 - - [15/Jun/2021:11:13:18 -0300] "GET /cormun/static/gxcfg.js?2020121613995 HTTP/1.1" 304 -
