186.67.172.234 - - [02/Jun/2021:12:55:48 -0300] "GET /cormun/static/PXToolsJavascripts/pexe_scrolldiv.js HTTP/1.1" 200 4138
186.67.172.234 - - [02/Jun/2021:12:55:48 -0300] "GET /cormun/static/PXToolsJavascripts/pexe_tabs.js HTTP/1.1" 200 3748
186.67.172.234 - - [02/Jun/2021:12:55:48 -0300] "GET /cormun/static/PXToolsJavascripts/pexe_tabdivfix.js HTTP/1.1" 200 876
186.67.172.234 - - [02/Jun/2021:12:55:48 -0300] "GET /cormun/static/PXToolsJavascripts/pexe_upload.js HTTP/1.1" 200 1423
186.67.172.234 - - [02/Jun/2021:12:55:48 -0300] "GET /cormun/static/PXToolsJavascripts/PXToolsJavascriptsRender.js HTTP/1.1" 200 367
186.67.172.234 - - [02/Jun/2021:12:55:48 -0300] "GET /cormun/static/hhome.js?20201215495544 HTTP/1.1" 200 777
186.67.172.234 - - [02/Jun/2021:12:55:48 -0300] "GET /cormun/static/hwchdr01.js?20201214473739 HTTP/1.1" 200 996
186.67.172.234 - - [02/Jun/2021:12:55:48 -0300] "GET /cormun/static/Resources/Llave.png HTTP/1.1" 200 1395
186.67.172.234 - - [02/Jun/2021:12:55:48 -0300] "GET /cormun/static/Resources/PXToolsDataTitle.png HTTP/1.1" 200 1173
186.67.172.234 - - [02/Jun/2021:12:55:48 -0300] "GET /cormun/static/gxui/gxui-all.js HTTP/1.1" 200 107772
186.67.172.234 - - [02/Jun/2021:12:55:48 -0300] "GET /cormun/static/Resources/ImgHome.png HTTP/1.1" 200 1364
186.67.172.234 - - [02/Jun/2021:12:55:48 -0300] "GET /cormun/static/RunJS/RunJS.js HTTP/1.1" 200 288
186.67.172.234 - - [02/Jun/2021:12:55:48 -0300] "GET /cormun/static/Shared/ext/locale/ext-lang-en.js HTTP/1.1" 200 10940
186.67.172.234 - - [02/Jun/2021:12:55:48 -0300] "GET /cormun/static/Resources/ImgLogin.png HTTP/1.1" 200 1432
186.67.172.234 - - [02/Jun/2021:12:55:48 -0300] "GET /cormun/static/Resources/Logo2019_Small.png HTTP/1.1" 200 10855
186.67.172.234 - - [02/Jun/2021:12:55:48 -0300] "GET /cormun/static/hpexe_recentlink.js?20201214471090 HTTP/1.1" 200 2144
186.67.172.234 - - [02/Jun/2021:12:55:48 -0300] "GET /cormun/static/hpexe_scripts.js?20201214471411 HTTP/1.1" 200 1544
186.67.172.234 - - [02/Jun/2021:12:55:48 -0300] "GET /cormun/static/hpexe_messagecontroller.js?201991422154126 HTTP/1.1" 200 870
186.67.172.234 - - [02/Jun/2021:12:55:48 -0300] "GET /cormun/static/hpexe_messagepopupcomponent.js?2020121447232 HTTP/1.1" 200 605
186.67.172.234 - - [02/Jun/2021:12:55:48 -0300] "GET /cormun/static/hpexe_messagegenexuscomponent.js?2020121447173 HTTP/1.1" 200 587
186.67.172.234 - - [02/Jun/2021:12:55:48 -0300] "GET /cormun/static/cmcontrolpreferences.js?20199141926336 HTTP/1.1" 200 1375
186.67.172.234 - - [02/Jun/2021:12:55:48 -0300] "GET /cormun/static/Shared/jqueryui/jquery-ui.min.js HTTP/1.1" 200 240427
186.67.172.234 - - [02/Jun/2021:12:55:48 -0300] "GET /cormun/static/SmoothNavMenu/resources/ddsmoothmenu.js HTTP/1.1" 200 12712
186.67.172.234 - - [02/Jun/2021:12:55:48 -0300] "GET /cormun/static/SmoothNavMenu/resources/SmoothNavMenuRender.js HTTP/1.1" 200 5951
186.67.172.234 - - [02/Jun/2021:12:55:48 -0300] "GET /cormun/static/scaMessage/js/jquery.pnotify.min.js HTTP/1.1" 200 13038
186.67.172.234 - - [02/Jun/2021:12:55:48 -0300] "GET /cormun/static/Shared/jquery/jquery-1.4.2.min.js HTTP/1.1" 200 72174
186.67.172.234 - - [02/Jun/2021:12:55:48 -0300] "GET /cormun/static/scaMessage/scaMessageRender.js HTTP/1.1" 200 11977
186.67.172.234 - - [02/Jun/2021:12:55:48 -0300] "GET /cormun/static/hmpwkw03.js?20201215501896 HTTP/1.1" 200 3973
186.67.172.234 - - [02/Jun/2021:12:55:49 -0300] "GET /cormun/static/Shared/ext/ext-all.js HTTP/1.1" 200 1289687
186.67.172.234 - - [02/Jun/2021:12:55:49 -0300] "GET /cormun/static/Shared/jquery/jquery-1.10.2.min.js HTTP/1.1" 200 273199
186.67.172.234 - - [02/Jun/2021:12:55:49 -0300] "GET /cormun/static/SmoothNavMenu/resources/images/down.gif HTTP/1.1" 200 854
186.67.172.234 - - [02/Jun/2021:12:55:49 -0300] "GET /cormun/static/SmoothNavMenu/resources/images/right.gif HTTP/1.1" 200 860
186.67.172.234 - - [02/Jun/2021:12:55:49 -0300] "GET /cormun/servlet/hhome HTTP/1.1" 200 4366
181.212.43.89 - - [02/Jun/2021:12:55:50 -0300] "POST /cormun/servlet/permisogoce?cf50efda1026d42aab5c4642e8fcd21e,INS,0,,,,gx-no-cache=1622648735488 HTTP/1.1" 200 93
181.212.43.89 - - [02/Jun/2021:12:55:50 -0300] "GET /cormun/servlet/hpexe_return? HTTP/1.1" 200 1030
181.212.43.89 - - [02/Jun/2021:12:55:50 -0300] "GET /cormun/servlet/trpermisosgoce?gx-no-cache=1622648500989 HTTP/1.1" 200 10229
181.212.43.89 - - [02/Jun/2021:12:55:51 -0300] "GET /cormun/servlet/trpermisosgoce?gx-no-cache=1622648500989 HTTP/1.1" 200 10248
181.212.43.89 - - [02/Jun/2021:12:55:55 -0300] "GET /cormun/servlet/apermisogoceprn?17503006,P,20210602114257,PU HTTP/1.1" 200 1670
186.67.172.234 - - [02/Jun/2021:12:55:58 -0300] "GET /cormun/servlet/trautorizarsolicitud? HTTP/1.1" 200 8926
186.67.172.234 - - [02/Jun/2021:12:55:58 -0300] "GET /cormun/static/gxui/gxui-all.css?110300 HTTP/1.1" 200 2179
186.67.172.234 - - [02/Jun/2021:12:55:58 -0300] "GET /cormun/static/calendar.js?85251 HTTP/1.1" 200 26246
186.67.172.234 - - [02/Jun/2021:12:55:58 -0300] "GET /cormun/static/calendar-system.css?75620 HTTP/1.1" 200 5572
186.67.172.234 - - [02/Jun/2021:12:55:58 -0300] "GET /cormun/static/gxcfg.js?201991422414522 HTTP/1.1" 200 953
186.67.172.234 - - [02/Jun/2021:12:55:58 -0300] "GET /cormun/static/calendar-setup.js?85251 HTTP/1.1" 200 2588
186.67.172.234 - - [02/Jun/2021:12:55:58 -0300] "GET /cormun/static/calendar-es.js?85251 HTTP/1.1" 200 1901
186.67.172.234 - - [02/Jun/2021:12:55:58 -0300] "GET /cormun/static/gxdec.js?85251 HTTP/1.1" 200 19579
186.67.172.234 - - [02/Jun/2021:12:55:58 -0300] "GET /cormun/static/trautorizarsolicitud.js?201991422415463 HTTP/1.1" 200 53910
186.67.172.234 - - [02/Jun/2021:12:55:58 -0300] "GET /cormun/static/Shared/ext/resources/css/ext-all.css?205870 HTTP/1.1" 200 416045
186.67.172.234 - - [02/Jun/2021:12:55:58 -0300] "GET /cormun/static/Resources/PXTools/calendar.png HTTP/1.1" 200 1306
186.67.172.234 - - [02/Jun/2021:12:55:58 -0300] "GET /cormun/static/Resources/PXToolsGridFirstDisabled.gif HTTP/1.1" 200 100
186.67.172.234 - - [02/Jun/2021:12:55:58 -0300] "GET /cormun/static/Resources/PXToolsGridNextDisabled.gif HTTP/1.1" 200 90
186.67.172.234 - - [02/Jun/2021:12:55:58 -0300] "GET /cormun/static/Resources/PXToolsActionExcel.png HTTP/1.1" 200 727
186.67.172.234 - - [02/Jun/2021:12:55:58 -0300] "GET /cormun/static/Resources/PXToolsGridLastDisabled.gif HTTP/1.1" 200 98
186.67.172.234 - - [02/Jun/2021:12:55:58 -0300] "GET /cormun/static/Resources/PXToolsGridPage.gif HTTP/1.1" 200 725
186.67.172.234 - - [02/Jun/2021:12:55:58 -0300] "GET /cormun/static/Resources/PXToolsGridPreviousDisabled.gif HTTP/1.1" 200 90
186.67.172.234 - - [02/Jun/2021:12:55:59 -0300] "GET /cormun//static/Resources/PXToolsActionView.png HTTP/1.1" 200 398
186.67.172.234 - - [02/Jun/2021:12:55:59 -0300] "GET /cormun/static/Resources/asc.gif HTTP/1.1" 200 67
186.67.172.234 - - [02/Jun/2021:12:55:59 -0300] "GET /cormun//static/Resources/PXToolsRemoveAllAction.png HTTP/1.1" 200 487
186.67.172.234 - - [02/Jun/2021:12:55:59 -0300] "GET /cormun/static/Resources/desc.gif HTTP/1.1" 200 65
186.67.172.234 - - [02/Jun/2021:12:55:59 -0300] "GET /cormun//static/Resources/PXToolsGridDelete.png HTTP/1.1" 200 538
186.67.172.234 - - [02/Jun/2021:12:55:59 -0300] "GET /cormun//static/Resources/PXToolsGridUpdate.png HTTP/1.1" 200 470
186.67.172.234 - - [02/Jun/2021:12:55:59 -0300] "GET /cormun//static/Resources/PXTools/ActionInsert.png HTTP/1.1" 200 1482
186.67.172.234 - - [02/Jun/2021:12:55:59 -0300] "GET /cormun/static/Shared/ext/resources/themes/images/default/tools/tool-sprites.gif HTTP/1.1" 200 5434
186.67.172.234 - - [02/Jun/2021:12:55:59 -0300] "GET /cormun/static/Shared/ext/resources/themes/images/default/panel/bg-headersPanel.png HTTP/1.1" 200 255
186.67.172.234 - - [02/Jun/2021:12:55:59 -0300] "GET /cormun/servlet/trautorizarsolicitud? HTTP/1.1" 200 8922
186.67.172.234 - - [02/Jun/2021:12:56:06 -0300] "POST /cormun/servlet/trautorizarsolicitud?5d8c78c56fe623b475c3de16a4f9d8c6,,gx-no-cache=1622648753001 HTTP/1.1" 200 4795
186.67.172.234 - - [02/Jun/2021:12:56:06 -0300] "GET /cormun/static/Shared/jqueryui/images/ui-bg_highlight-soft_100_c6c2c8_1x100.png HTTP/1.1" 404 1117
186.67.172.234 - - [02/Jun/2021:12:56:06 -0300] "GET /cormun/static/Shared/jqueryui/images/ui-icons_82798d_256x240.png HTTP/1.1" 404 1089
186.67.172.234 - - [02/Jun/2021:12:56:06 -0300] "GET /cormun/static/Shared/jqueryui/images/ui-icons_8d78a5_256x240.png HTTP/1.1" 404 1089
186.67.172.234 - - [02/Jun/2021:12:56:06 -0300] "GET /cormun/static/Shared/jqueryui/images/ui-bg_flat_55_fafafa_40x100.png HTTP/1.1" 404 1097
186.67.172.234 - - [02/Jun/2021:12:56:06 -0300] "POST /cormun/servlet/trautorizarsolicitud?5d8c78c56fe623b475c3de16a4f9d8c6,,gx-no-cache=1622648753205 HTTP/1.1" 200 4539
181.212.43.89 - - [02/Jun/2021:12:56:22 -0300] "GET /cormun/servlet/trpermisosadjuntos?17503006,20210602114257,P, HTTP/1.1" 200 6305
181.212.43.89 - - [02/Jun/2021:12:56:23 -0300] "GET /cormun/servlet/trpermisosadjuntos?17503006,20210602114257,P, HTTP/1.1" 200 6285
181.212.43.89 - - [02/Jun/2021:12:56:25 -0300] "GET /cormun/servlet/permisosadjuntos?INS,17503006,P,20210602114257,, HTTP/1.1" 200 5607
181.212.43.89 - - [02/Jun/2021:12:56:25 -0300] "GET /cormun/static/about:blank HTTP/1.1" 404 1011
181.212.43.89 - - [02/Jun/2021:12:56:25 -0300] "GET /cormun/servlet/permisosadjuntos?INS,17503006,P,20210602114257,, HTTP/1.1" 200 5596
192.168.10.89 - - [02/Jun/2021:12:57:21 -0300] "POST /cormun/servlet/trsolicitudgral?2232247039531332d16b9a12814b9a9c,,gx-no-cache=1622648692772 HTTP/1.1" 200 15237
192.168.10.89 - - [02/Jun/2021:12:57:29 -0300] "GET /cormun/servlet/vesolicitudgral?2021,17103,, HTTP/1.1" 200 8346
192.168.10.89 - - [02/Jun/2021:12:57:29 -0300] "GET /cormun/pexe_scrolldiv.js HTTP/1.1" 404 1009
192.168.10.89 - - [02/Jun/2021:12:57:29 -0300] "GET /cormun/pexe_scrolldiv.js HTTP/1.1" 404 1009
192.168.10.89 - - [02/Jun/2021:12:57:29 -0300] "GET /cormun/servlet/vesolicitudgral?2021,17103,, HTTP/1.1" 200 8345
190.171.152.242 - - [02/Jun/2021:12:58:25 -0300] "GET /cormun/servlet/trcontratounov2? HTTP/1.1" 200 18068
190.171.152.242 - - [02/Jun/2021:12:58:25 -0300] "GET /cormun/static/calendar-system.css?85620 HTTP/1.1" 200 5572
190.171.152.242 - - [02/Jun/2021:12:58:25 -0300] "GET /cormun/static/gxcfg.js?2020121614367 HTTP/1.1" 200 953
190.171.152.242 - - [02/Jun/2021:12:58:25 -0300] "GET /cormun/static/trcontratounov2.js?20201216143065 HTTP/1.1" 200 38486
190.171.152.242 - - [02/Jun/2021:12:58:26 -0300] "GET /cormun/static/Resources/PXToolsAddAllAction.png HTTP/1.1" 200 495
190.171.152.242 - - [02/Jun/2021:12:58:26 -0300] "GET /cormun/static/Resources/PXToolsAddSelectedAction.png HTTP/1.1" 200 523
190.171.152.242 - - [02/Jun/2021:12:58:26 -0300] "GET /cormun/servlet/trcontratounov2? HTTP/1.1" 200 18052
190.171.152.242 - - [02/Jun/2021:12:58:27 -0300] "POST /cormun/servlet/acontrolpreferencessavestate?None,ASANCHEZ,true HTTP/1.1" 200 35
181.212.43.89 - - [02/Jun/2021:12:59:21 -0300] "POST /cormun/servlet/permisosadjuntos?cf50efda1026d42aab5c4642e8fcd21e,INS,17503006,P,20210602114257,, HTTP/1.1" 200 116
181.212.43.89 - - [02/Jun/2021:12:59:21 -0300] "GET /cormun/servlet/hpexe_return? HTTP/1.1" 200 1036
181.212.43.89 - - [02/Jun/2021:12:59:21 -0300] "GET /cormun/servlet/trpermisosadjuntos?17503006,20210602114257,P, HTTP/1.1" 200 6775
181.212.43.89 - - [02/Jun/2021:12:59:22 -0300] "GET /cormun/servlet/trpermisosadjuntos?17503006,20210602114257,P, HTTP/1.1" 200 6771
181.212.43.89 - - [02/Jun/2021:12:59:24 -0300] "POST /cormun/servlet/trpermisosadjuntos?cf50efda1026d42aab5c4642e8fcd21e,17503006,20210602114257,P,,gx-no-cache=1622648950018 HTTP/1.1" 200 90
181.212.43.89 - - [02/Jun/2021:12:59:24 -0300] "GET /cormun/servlet/hpexe_link HTTP/1.1" 200 1004
181.212.43.89 - - [02/Jun/2021:12:59:24 -0300] "GET /cormun/servlet/trpermisosgoce?gx-no-cache=1622648500989 HTTP/1.1" 200 10226
181.212.43.89 - - [02/Jun/2021:12:59:25 -0300] "GET /cormun/servlet/trpermisosgoce?gx-no-cache=1622648500989 HTTP/1.1" 200 10248
181.212.43.89 - - [02/Jun/2021:12:59:28 -0300] "POST /cormun/servlet/trpermisosgoce?cf50efda1026d42aab5c4642e8fcd21e,gx-no-cache=1622648500989,gx-no-cache=1622648953822 HTTP/1.1" 200 7565
181.212.43.89 - - [02/Jun/2021:12:59:28 -0300] "GET /cormun/static/Shared/jqueryui/images/ui-bg_highlight-soft_100_c6c2c8_1x100.png HTTP/1.1" 404 1117
181.212.43.89 - - [02/Jun/2021:12:59:28 -0300] "GET /cormun/static/Shared/jqueryui/images/ui-icons_82798d_256x240.png HTTP/1.1" 404 1089
181.212.43.89 - - [02/Jun/2021:12:59:28 -0300] "GET /cormun/static/Shared/jqueryui/images/ui-bg_flat_55_fafafa_40x100.png HTTP/1.1" 404 1097
181.212.43.89 - - [02/Jun/2021:12:59:28 -0300] "GET /cormun/static/Shared/jqueryui/images/ui-icons_8d78a5_256x240.png HTTP/1.1" 404 1089
181.212.43.89 - - [02/Jun/2021:12:59:33 -0300] "GET /cormun/servlet/permisogoce?INS,0,,, HTTP/1.1" 200 6852
181.212.43.89 - - [02/Jun/2021:12:59:34 -0300] "GET /cormun/servlet/permisogoce?INS,0,,, HTTP/1.1" 200 6831
181.212.43.89 - - [02/Jun/2021:12:59:40 -0300] "GET /cormun/servlet/permisogoce?bdd08d883c946f816d690a2a4fb599e3c0a0d53ad56b5f27f6344ecf156c28c047dd9b934f98ca75daf5703a410476611e40d6780d46324719bf962874b0c8fe,gx-no-cache=1622648966358 HTTP/1.1" 200 75
181.212.43.89 - - [02/Jun/2021:12:59:43 -0300] "GET /cormun/static/menuarrow.gif HTTP/1.1" 404 1015
181.212.43.89 - - [02/Jun/2021:12:59:47 -0300] "GET /cormun/servlet/permisogoce?bdd08d883c946f816d690a2a4fb599e3afab283e79edb60e3eb44d553a46927a3b80086afc47a07e2e2049ae38747705c4499f3e8cc1d2ddb71814f97da63d71,gx-no-cache=1622648973397 HTTP/1.1" 200 47
192.168.10.96 - - [02/Jun/2021:13:01:48 -0300] "GET /cormun/servlet/trconsultaeventos? HTTP/1.1" 200 15673
192.168.10.96 - - [02/Jun/2021:13:01:49 -0300] "GET /cormun/servlet/trconsultaeventos? HTTP/1.1" 200 15673
190.171.142.50 - - [02/Jun/2021:13:02:56 -0300] "GET /cormun/servlet/hlogin HTTP/1.1" 200 1731
190.171.142.50 - - [02/Jun/2021:13:02:56 -0300] "GET /cormun/servlet/hlogin HTTP/1.1" 200 1742
190.171.142.50 - - [02/Jun/2021:13:03:03 -0300] "POST /cormun/servlet/hlogin?ed778d3b137976b56f343eafaeefb7b0,gx-no-cache=1622649159103 HTTP/1.1" 200 90
190.171.142.50 - - [02/Jun/2021:13:03:03 -0300] "GET /cormun/servlet/hpexe_link HTTP/1.1" 200 958
190.171.142.50 - - [02/Jun/2021:13:03:03 -0300] "GET /cormun/servlet/hhome HTTP/1.1" 200 3951
190.171.142.50 - - [02/Jun/2021:13:03:03 -0300] "GET /cormun/servlet/hhome HTTP/1.1" 200 3947
190.171.142.50 - - [02/Jun/2021:13:03:06 -0300] "GET /cormun/servlet/trlicencias? HTTP/1.1" 200 10744
190.171.142.50 - - [02/Jun/2021:13:03:06 -0300] "GET /cormun/servlet/trlicencias? HTTP/1.1" 200 10738
181.212.43.89 - - [02/Jun/2021:13:03:58 -0300] "POST /cormun/servlet/permisogoce?cf50efda1026d42aab5c4642e8fcd21e,INS,0,,,,gx-no-cache=1622649223867 HTTP/1.1" 200 93
181.212.43.89 - - [02/Jun/2021:13:03:58 -0300] "GET /cormun/servlet/hpexe_return? HTTP/1.1" 200 1030
181.212.43.89 - - [02/Jun/2021:13:03:58 -0300] "GET /cormun/servlet/trpermisosgoce?gx-no-cache=1622648500989 HTTP/1.1" 200 10415
181.212.43.89 - - [02/Jun/2021:13:04:00 -0300] "GET /cormun/servlet/trpermisosgoce?gx-no-cache=1622648500989 HTTP/1.1" 200 10433
181.212.43.89 - - [02/Jun/2021:13:04:04 -0300] "GET /cormun/servlet/apermisogoceprn?17503006,P,20210602114705,PU HTTP/1.1" 200 1667
190.171.143.82 - - [02/Jun/2021:13:05:05 -0300] "GET /cormun/servlet/hlogin HTTP/1.1" 200 1725
190.171.143.82 - - [02/Jun/2021:13:05:17 -0300] "POST /cormun/servlet/hlogin?cc09518210a6a0ca23f08e155e154ece,gx-no-cache=1622649304088 HTTP/1.1" 200 90
190.171.143.82 - - [02/Jun/2021:13:05:17 -0300] "GET /cormun/servlet/hpexe_link HTTP/1.1" 200 952
190.171.143.82 - - [02/Jun/2021:13:05:18 -0300] "GET /cormun/servlet/hhome HTTP/1.1" 200 4003
190.171.143.82 - - [02/Jun/2021:13:05:19 -0300] "GET /cormun/servlet/hhome HTTP/1.1" 200 3999
190.171.143.82 - - [02/Jun/2021:13:05:23 -0300] "GET /cormun/servlet/trlicencias? HTTP/1.1" 200 10742
190.171.143.82 - - [02/Jun/2021:13:05:25 -0300] "GET /cormun/servlet/trlicencias? HTTP/1.1" 200 10739
190.171.143.82 - - [02/Jun/2021:13:05:31 -0300] "POST /cormun/servlet/trlicencias?cc09518210a6a0ca23f08e155e154ece,,gx-no-cache=1622649317674 HTTP/1.1" 200 8180
190.171.141.82 - - [02/Jun/2021:13:07:20 -0300] "GET /cormun/servlet/hlogin HTTP/1.1" 200 1724
190.171.141.82 - - [02/Jun/2021:13:07:29 -0300] "POST /cormun/servlet/hlogin?9900743c16f3cfe47b11a087490c86d9,gx-no-cache=1622649435345 HTTP/1.1" 200 424
192.168.10.96 - - [02/Jun/2021:13:07:37 -0300] "GET /cormun/servlet/trconsultaeventos? HTTP/1.1" 200 15673
190.171.141.82 - - [02/Jun/2021:13:07:38 -0300] "POST /cormun/servlet/hlogin?9900743c16f3cfe47b11a087490c86d9,gx-no-cache=1622649444144 HTTP/1.1" 200 424
192.168.10.96 - - [02/Jun/2021:13:07:38 -0300] "GET /cormun/servlet/trconsultaeventos? HTTP/1.1" 200 15673
190.171.141.82 - - [02/Jun/2021:13:07:53 -0300] "POST /cormun/servlet/hlogin?9900743c16f3cfe47b11a087490c86d9,gx-no-cache=1622649459344 HTTP/1.1" 200 424
190.171.141.82 - - [02/Jun/2021:13:08:00 -0300] "POST /cormun/servlet/hlogin?9900743c16f3cfe47b11a087490c86d9,gx-no-cache=1622649466749 HTTP/1.1" 200 424
190.171.141.82 - - [02/Jun/2021:13:08:09 -0300] "POST /cormun/servlet/hlogin?9900743c16f3cfe47b11a087490c86d9,gx-no-cache=1622649475079 HTTP/1.1" 200 90
190.171.141.82 - - [02/Jun/2021:13:08:09 -0300] "GET /cormun/servlet/hpexe_link HTTP/1.1" 200 949
190.171.141.82 - - [02/Jun/2021:13:08:09 -0300] "GET /cormun/servlet/hhome HTTP/1.1" 200 3901
190.171.141.82 - - [02/Jun/2021:13:08:11 -0300] "GET /cormun/servlet/hhome HTTP/1.1" 200 3897
190.171.141.82 - - [02/Jun/2021:13:08:17 -0300] "GET /cormun/servlet/trlicencias? HTTP/1.1" 200 10140
190.171.141.82 - - [02/Jun/2021:13:08:18 -0300] "GET /cormun/servlet/trlicencias? HTTP/1.1" 200 10138
190.171.141.82 - - [02/Jun/2021:13:08:21 -0300] "POST /cormun/servlet/trlicencias?9900743c16f3cfe47b11a087490c86d9,,gx-no-cache=1622649487069 HTTP/1.1" 200 7746
192.168.10.89 - - [02/Jun/2021:13:08:26 -0300] "GET /cormun/servlet/trsolicitudgral? HTTP/1.1" 200 18246
192.168.10.89 - - [02/Jun/2021:13:08:27 -0300] "GET /cormun/servlet/trsolicitudgral? HTTP/1.1" 200 18245
192.168.10.96 - - [02/Jun/2021:13:08:33 -0300] "POST /cormun/servlet/trconsultaeventos?e6958128062bf6af3054c3cad202b0fc,,gx-no-cache=1622649364416 HTTP/1.1" 200 4884
192.168.10.89 - - [02/Jun/2021:13:08:33 -0300] "POST /cormun/servlet/trsolicitudgral?2232247039531332d16b9a12814b9a9c,,gx-no-cache=1622649365155 HTTP/1.1" 200 5254
192.168.10.89 - - [02/Jun/2021:13:08:39 -0300] "POST /cormun/servlet/trsolicitudgral?2232247039531332d16b9a12814b9a9c,,gx-no-cache=1622649370680 HTTP/1.1" 200 5255
192.168.10.89 - - [02/Jun/2021:13:08:42 -0300] "POST /cormun/servlet/trsolicitudgral?2232247039531332d16b9a12814b9a9c,,gx-no-cache=1622649373984 HTTP/1.1" 200 9803
192.168.10.89 - - [02/Jun/2021:13:08:42 -0300] "POST /cormun/servlet/trsolicitudgral?2232247039531332d16b9a12814b9a9c,,gx-no-cache=1622649374251 HTTP/1.1" 200 9803
192.168.10.89 - - [02/Jun/2021:13:08:43 -0300] "POST /cormun/servlet/trsolicitudgral?2232247039531332d16b9a12814b9a9c,,gx-no-cache=1622649374501 HTTP/1.1" 200 9803
192.168.10.96 - - [02/Jun/2021:13:08:50 -0300] "POST /cormun/servlet/trconsultaeventos?e6958128062bf6af3054c3cad202b0fc,,gx-no-cache=1622649381932 HTTP/1.1" 200 4884
192.168.10.96 - - [02/Jun/2021:13:08:53 -0300] "POST /cormun/servlet/trconsultaeventos?e6958128062bf6af3054c3cad202b0fc,,gx-no-cache=1622649385060 HTTP/1.1" 200 4885
192.168.10.96 - - [02/Jun/2021:13:08:58 -0300] "GET /cormun/servlet/trvisualizadoreventos? HTTP/1.1" 200 6500
192.168.10.96 - - [02/Jun/2021:13:08:59 -0300] "GET /cormun/static/gxcfg.js?20199142243133 HTTP/1.1" 200 953
192.168.10.96 - - [02/Jun/2021:13:08:59 -0300] "GET /cormun/static/Resources/PXToolsActionPrint.png HTTP/1.1" 200 404
192.168.10.96 - - [02/Jun/2021:13:08:59 -0300] "GET /cormun/static/trvisualizadoreventos.js?201991422431650 HTTP/1.1" 200 19318
192.168.10.96 - - [02/Jun/2021:13:08:59 -0300] "GET /cormun/servlet/trvisualizadoreventos? HTTP/1.1" 200 6500
190.171.141.82 - - [02/Jun/2021:13:09:01 -0300] "POST /cormun/servlet/trlicencias?9900743c16f3cfe47b11a087490c86d9,,gx-no-cache=1622649526996 HTTP/1.1" 200 7746
192.168.10.96 - - [02/Jun/2021:13:09:05 -0300] "GET /cormun/servlet/trconsultaempleado? HTTP/1.1" 200 9498
192.168.10.96 - - [02/Jun/2021:13:09:05 -0300] "GET /cormun/static/Resources/Spanish/PXTools.css?19172979 HTTP/1.1" 200 100853
192.168.10.96 - - [02/Jun/2021:13:09:05 -0300] "GET /cormun/static/gxcfg.js?20199142024519 HTTP/1.1" 200 953
192.168.10.96 - - [02/Jun/2021:13:09:05 -0300] "GET /cormun/static/trconsultaempleado.js?20199142024834 HTTP/1.1" 200 16782
192.168.10.96 - - [02/Jun/2021:13:09:05 -0300] "GET /cormun//static/Resources/PXToolsActionView.png HTTP/1.1" 200 398
192.168.10.96 - - [02/Jun/2021:13:09:06 -0300] "GET /cormun/servlet/trconsultaempleado? HTTP/1.1" 200 9497
192.168.10.96 - - [02/Jun/2021:13:09:17 -0300] "POST /cormun/servlet/trconsultaempleado?e6958128062bf6af3054c3cad202b0fc,,gx-no-cache=1622649408532 HTTP/1.1" 200 4081
192.168.10.96 - - [02/Jun/2021:13:09:19 -0300] "GET /cormun/servlet/trsolicitudnombre?16179944, HTTP/1.1" 200 7549
192.168.10.96 - - [02/Jun/2021:13:09:19 -0300] "GET /cormun/static/gxcfg.js?201991422434181 HTTP/1.1" 200 953
192.168.10.96 - - [02/Jun/2021:13:09:19 -0300] "GET /cormun/static/trsolicitudnombre.js?201991422434718 HTTP/1.1" 200 43705
192.168.10.96 - - [02/Jun/2021:13:09:19 -0300] "GET /cormun/servlet/trsolicitudnombre?16179944, HTTP/1.1" 200 7552
192.168.10.96 - - [02/Jun/2021:13:09:25 -0300] "GET /cormun/servlet/vesolicitudnombre?2018,10503,, HTTP/1.1" 200 8160
192.168.10.96 - - [02/Jun/2021:13:09:25 -0300] "GET /cormun/static/gxcfg.js?201991422434032 HTTP/1.1" 200 953
192.168.10.96 - - [02/Jun/2021:13:09:25 -0300] "GET /cormun/static/vesolicitudnombre.js?201991422434119 HTTP/1.1" 200 6119
192.168.10.96 - - [02/Jun/2021:13:09:25 -0300] "GET /cormun/pexe_scrolldiv.js HTTP/1.1" 404 1009
192.168.10.96 - - [02/Jun/2021:13:09:25 -0300] "GET /cormun/static/tbsolicitudnombre01.js?20201214453847 HTTP/1.1" 200 31196
192.168.10.96 - - [02/Jun/2021:13:09:25 -0300] "GET /cormun/servlet/vesolicitudnombre?2018,10503,, HTTP/1.1" 200 8155
192.168.10.96 - - [02/Jun/2021:13:09:27 -0300] "GET /cormun/servlet/vesolicitudnombre?2018,10503,,SolicitudOTAdjuntos HTTP/1.1" 200 6989
192.168.10.96 - - [02/Jun/2021:13:09:27 -0300] "GET /cormun/pexe_scrolldiv.js HTTP/1.1" 404 1009
192.168.10.96 - - [02/Jun/2021:13:09:27 -0300] "GET /cormun/static/tbsolicitudnombre02.js?2020121445311 HTTP/1.1" 200 14732
192.168.10.96 - - [02/Jun/2021:13:09:27 -0300] "GET /cormun/pexe_scrolldiv.js HTTP/1.1" 404 1009
192.168.10.96 - - [02/Jun/2021:13:09:27 -0300] "GET /cormun/servlet/vesolicitudnombre?2018,10503,,SolicitudOTAdjuntos HTTP/1.1" 200 6990
192.168.10.96 - - [02/Jun/2021:13:09:28 -0300] "POST /cormun/servlet/acontrolpreferencessavestate?None,RRHH+CATALINA+CACERES,true HTTP/1.1" 200 35
192.168.10.96 - - [02/Jun/2021:13:09:30 -0300] "GET /cormun/servlet/vesolicitudnombre?2018,10503,,General HTTP/1.1" 200 8166
192.168.10.96 - - [02/Jun/2021:13:09:30 -0300] "GET /cormun/pexe_scrolldiv.js HTTP/1.1" 404 1009
192.168.10.96 - - [02/Jun/2021:13:09:31 -0300] "GET /cormun/pexe_scrolldiv.js HTTP/1.1" 404 1009
192.168.10.96 - - [02/Jun/2021:13:09:31 -0300] "GET /cormun/servlet/vesolicitudnombre?2018,10503,,General HTTP/1.1" 200 8164
190.171.141.138 - - [02/Jun/2021:13:09:31 -0300] "GET /cormun/servlet/hlogin HTTP/1.1" 200 1726
190.171.141.138 - - [02/Jun/2021:13:09:38 -0300] "POST /cormun/servlet/hlogin?bf8313c394e7d87a5696e18bcd5bd93e,gx-no-cache=1622649566860 HTTP/1.1" 200 90
190.171.141.138 - - [02/Jun/2021:13:09:38 -0300] "GET /cormun/servlet/hpexe_link HTTP/1.1" 200 952
190.171.141.138 - - [02/Jun/2021:13:09:38 -0300] "GET /cormun/servlet/hhome HTTP/1.1" 200 4463
192.168.10.96 - - [02/Jun/2021:13:09:38 -0300] "GET /cormun/servlet/vesolicitudnombre?2018,10503,,SolicitudOTAdjuntos HTTP/1.1" 200 6993
192.168.10.96 - - [02/Jun/2021:13:09:38 -0300] "GET /cormun/pexe_scrolldiv.js HTTP/1.1" 404 1009
192.168.10.96 - - [02/Jun/2021:13:09:38 -0300] "GET /cormun/pexe_scrolldiv.js HTTP/1.1" 404 1009
192.168.10.96 - - [02/Jun/2021:13:09:39 -0300] "GET /cormun/servlet/vesolicitudnombre?2018,10503,,SolicitudOTAdjuntos HTTP/1.1" 200 6993
190.171.141.138 - - [02/Jun/2021:13:09:39 -0300] "GET /cormun/servlet/hhome HTTP/1.1" 200 4460
192.168.10.96 - - [02/Jun/2021:13:09:40 -0300] "POST /cormun/servlet/acontrolpreferencessavestate?None,RRHH+CATALINA+CACERES,true HTTP/1.1" 200 35
192.168.10.96 - - [02/Jun/2021:13:09:41 -0300] "GET /cormun/servlet/vesolicitudnombre?2018,10503,,SolicitudOTLog HTTP/1.1" 200 9768
192.168.10.96 - - [02/Jun/2021:13:09:41 -0300] "GET /cormun/pexe_scrolldiv.js HTTP/1.1" 404 1009
192.168.10.96 - - [02/Jun/2021:13:09:41 -0300] "GET /cormun/static/tbsolicitudnombre03.js?2020121445266 HTTP/1.1" 200 13352
192.168.10.96 - - [02/Jun/2021:13:09:41 -0300] "GET /cormun/pexe_scrolldiv.js HTTP/1.1" 404 1009
192.168.10.96 - - [02/Jun/2021:13:09:41 -0300] "GET /cormun/servlet/vesolicitudnombre?2018,10503,,SolicitudOTLog HTTP/1.1" 200 9765
190.171.141.138 - - [02/Jun/2021:13:09:41 -0300] "GET /cormun/servlet/trlicencias? HTTP/1.1" 200 11756
192.168.10.96 - - [02/Jun/2021:13:09:42 -0300] "POST /cormun/servlet/acontrolpreferencessavestate?None,RRHH+CATALINA+CACERES,true HTTP/1.1" 200 35
190.171.141.138 - - [02/Jun/2021:13:09:42 -0300] "GET /cormun/servlet/trlicencias? HTTP/1.1" 200 11742
192.168.10.96 - - [02/Jun/2021:13:09:44 -0300] "GET /cormun/servlet/vesolicitudnombre?2018,10503,,General HTTP/1.1" 200 8171
192.168.10.96 - - [02/Jun/2021:13:09:44 -0300] "GET /cormun/pexe_scrolldiv.js HTTP/1.1" 404 1009
192.168.10.96 - - [02/Jun/2021:13:09:44 -0300] "GET /cormun/pexe_scrolldiv.js HTTP/1.1" 404 1009
192.168.10.96 - - [02/Jun/2021:13:09:44 -0300] "GET /cormun/servlet/vesolicitudnombre?2018,10503,,General HTTP/1.1" 200 8171
192.168.10.96 - - [02/Jun/2021:13:09:46 -0300] "POST /cormun/servlet/vesolicitudnombre?e6958128062bf6af3054c3cad202b0fc,2018,10503,,General,gx-no-cache=1622649437901 HTTP/1.1" 200 93
192.168.10.96 - - [02/Jun/2021:13:09:46 -0300] "GET /cormun/servlet/hpexe_return? HTTP/1.1" 200 1031
192.168.10.96 - - [02/Jun/2021:13:09:46 -0300] "GET /cormun/servlet/trsolicitudnombre?16179944, HTTP/1.1" 200 7566
192.168.10.96 - - [02/Jun/2021:13:09:47 -0300] "GET /cormun/servlet/trsolicitudnombre?16179944, HTTP/1.1" 200 7565
190.171.141.138 - - [02/Jun/2021:13:09:48 -0300] "GET /cormun/servlet/trautorizarpermisogoce? HTTP/1.1" 200 7308
190.171.141.138 - - [02/Jun/2021:13:09:48 -0300] "GET /cormun/static/gxcfg.js?2020121645532 HTTP/1.1" 200 953
190.171.141.138 - - [02/Jun/2021:13:09:48 -0300] "GET /cormun/static/trautorizarpermisogoce.js?2020121651492 HTTP/1.1" 200 34948
190.171.141.138 - - [02/Jun/2021:13:09:49 -0300] "GET /cormun/servlet/trautorizarpermisogoce? HTTP/1.1" 200 7308
190.171.141.138 - - [02/Jun/2021:13:09:51 -0300] "GET /cormun/servlet/trpermisosgoce? HTTP/1.1" 200 9540
190.171.141.138 - - [02/Jun/2021:13:09:51 -0300] "GET /cormun/servlet/trpermisosgoce? HTTP/1.1" 200 9539
190.171.141.138 - - [02/Jun/2021:13:09:54 -0300] "GET /cormun/servlet/permisogoce?INS,0,,, HTTP/1.1" 200 7364
190.171.141.138 - - [02/Jun/2021:13:09:54 -0300] "GET /cormun/servlet/permisogoce?INS,0,,, HTTP/1.1" 200 7365
192.168.10.89 - - [02/Jun/2021:13:09:54 -0300] "GET /cormun/servlet/vesolicitudgral?2021,17038,, HTTP/1.1" 200 8328
192.168.10.96 - - [02/Jun/2021:13:09:54 -0300] "GET /cormun/servlet/vesolicitudnombre?2019,13262,, HTTP/1.1" 200 8189
192.168.10.89 - - [02/Jun/2021:13:09:55 -0300] "GET /cormun/pexe_scrolldiv.js HTTP/1.1" 404 1009
192.168.10.96 - - [02/Jun/2021:13:09:55 -0300] "GET /cormun/pexe_scrolldiv.js HTTP/1.1" 404 1009
192.168.10.89 - - [02/Jun/2021:13:09:55 -0300] "GET /cormun/pexe_scrolldiv.js HTTP/1.1" 404 1009
192.168.10.96 - - [02/Jun/2021:13:09:55 -0300] "GET /cormun/pexe_scrolldiv.js HTTP/1.1" 404 1009
192.168.10.96 - - [02/Jun/2021:13:09:55 -0300] "GET /cormun/servlet/vesolicitudnombre?2019,13262,, HTTP/1.1" 200 8183
192.168.10.89 - - [02/Jun/2021:13:09:55 -0300] "GET /cormun/servlet/vesolicitudgral?2021,17038,, HTTP/1.1" 200 8327
192.168.10.96 - - [02/Jun/2021:13:09:56 -0300] "GET /cormun/servlet/vesolicitudnombre?2019,13262,,SolicitudOTAdjuntos HTTP/1.1" 200 7000
192.168.10.96 - - [02/Jun/2021:13:09:57 -0300] "GET /cormun/pexe_scrolldiv.js HTTP/1.1" 404 1009
192.168.10.96 - - [02/Jun/2021:13:09:57 -0300] "GET /cormun/pexe_scrolldiv.js HTTP/1.1" 404 1009
192.168.10.96 - - [02/Jun/2021:13:09:57 -0300] "GET /cormun/servlet/vesolicitudnombre?2019,13262,,SolicitudOTAdjuntos HTTP/1.1" 200 7001
192.168.10.96 - - [02/Jun/2021:13:09:58 -0300] "POST /cormun/servlet/acontrolpreferencessavestate?None,RRHH+CATALINA+CACERES,true HTTP/1.1" 200 35
192.168.10.96 - - [02/Jun/2021:13:09:59 -0300] "GET /cormun/servlet/vesolicitudnombre?2019,13262,,SolicitudOTLog HTTP/1.1" 200 9353
192.168.10.96 - - [02/Jun/2021:13:09:59 -0300] "GET /cormun/pexe_scrolldiv.js HTTP/1.1" 404 1009
192.168.10.96 - - [02/Jun/2021:13:09:59 -0300] "GET /cormun/pexe_scrolldiv.js HTTP/1.1" 404 1009
190.171.141.138 - - [02/Jun/2021:13:09:59 -0300] "GET /cormun/servlet/prfichaempleado?,MD,,gxPopupLevel%3D0%3B HTTP/1.1" 200 9513
192.168.10.96 - - [02/Jun/2021:13:09:59 -0300] "GET /cormun/servlet/vesolicitudnombre?2019,13262,,SolicitudOTLog HTTP/1.1" 200 9353
192.168.10.96 - - [02/Jun/2021:13:10:00 -0300] "POST /cormun/servlet/acontrolpreferencessavestate?None,RRHH+CATALINA+CACERES,true HTTP/1.1" 200 35
192.168.10.96 - - [02/Jun/2021:13:10:07 -0300] "GET /cormun/servlet/vesolicitudnombre?2019,13262,,General HTTP/1.1" 200 8189
192.168.10.96 - - [02/Jun/2021:13:10:07 -0300] "GET /cormun/pexe_scrolldiv.js HTTP/1.1" 404 1009
192.168.10.96 - - [02/Jun/2021:13:10:07 -0300] "GET /cormun/pexe_scrolldiv.js HTTP/1.1" 404 1009
192.168.10.96 - - [02/Jun/2021:13:10:07 -0300] "GET /cormun/servlet/vesolicitudnombre?2019,13262,,General HTTP/1.1" 200 8189
190.171.141.138 - - [02/Jun/2021:13:10:08 -0300] "POST /cormun/servlet/prfichaempleado?bf8313c394e7d87a5696e18bcd5bd93e,,MD,,gxPopupLevel%3D0%3B,gx-no-cache=1622649596455 HTTP/1.1" 200 3168
192.168.10.96 - - [02/Jun/2021:13:10:09 -0300] "POST /cormun/servlet/vesolicitudnombre?e6958128062bf6af3054c3cad202b0fc,2019,13262,,General,gx-no-cache=1622649461072 HTTP/1.1" 200 93
192.168.10.96 - - [02/Jun/2021:13:10:09 -0300] "GET /cormun/servlet/hpexe_return? HTTP/1.1" 200 1031
192.168.10.96 - - [02/Jun/2021:13:10:09 -0300] "GET /cormun/servlet/trsolicitudnombre?16179944, HTTP/1.1" 200 7565
192.168.10.96 - - [02/Jun/2021:13:10:10 -0300] "GET /cormun/servlet/trsolicitudnombre?16179944, HTTP/1.1" 200 7563
192.168.10.96 - - [02/Jun/2021:13:10:14 -0300] "GET /cormun/servlet/vesolicitudnombre?2018,10709,, HTTP/1.1" 200 8218
192.168.10.96 - - [02/Jun/2021:13:10:14 -0300] "GET /cormun/pexe_scrolldiv.js HTTP/1.1" 404 1009
192.168.10.96 - - [02/Jun/2021:13:10:14 -0300] "GET /cormun/pexe_scrolldiv.js HTTP/1.1" 404 1009
192.168.10.96 - - [02/Jun/2021:13:10:14 -0300] "GET /cormun/servlet/vesolicitudnombre?2018,10709,, HTTP/1.1" 200 8212
192.168.10.96 - - [02/Jun/2021:13:10:16 -0300] "GET /cormun/servlet/vesolicitudnombre?2018,10709,,SolicitudOTAdjuntos HTTP/1.1" 200 10594
192.168.10.96 - - [02/Jun/2021:13:10:16 -0300] "GET /cormun/pexe_scrolldiv.js HTTP/1.1" 404 1009
192.168.10.96 - - [02/Jun/2021:13:10:16 -0300] "GET /cormun/pexe_scrolldiv.js HTTP/1.1" 404 1009
192.168.10.96 - - [02/Jun/2021:13:10:17 -0300] "GET /cormun/servlet/vesolicitudnombre?2018,10709,,SolicitudOTAdjuntos HTTP/1.1" 200 10594
192.168.10.96 - - [02/Jun/2021:13:10:17 -0300] "POST /cormun/servlet/acontrolpreferencessavestate?None,RRHH+CATALINA+CACERES,true HTTP/1.1" 200 35
190.171.141.138 - - [02/Jun/2021:13:10:34 -0300] "GET /cormun/servlet/permisogoce?a73523665f6e51d2190d6e6b8a5f76b97b3024563b8d83e2cf0aaba7fa5b4701633b834f4e9c536d8caa4aefd5327fd8d5ecfaa4c769185e5b4871bdc2a2f75d,gx-no-cache=1622649623386 HTTP/1.1" 200 71
190.171.141.138 - - [02/Jun/2021:13:10:37 -0300] "GET /cormun/static/menuarrow.gif HTTP/1.1" 404 1015
190.171.141.138 - - [02/Jun/2021:13:10:40 -0300] "GET /cormun/servlet/permisogoce?a73523665f6e51d2190d6e6b8a5f76b9eb025aad20286066b089182b7f379043a36d36849c05fccaa7c6eed5d3a662c8af1ba3f1dab78b1aa2f536e663139b4d,gx-no-cache=1622649628988 HTTP/1.1" 200 45
190.171.141.138 - - [02/Jun/2021:13:10:46 -0300] "POST /cormun/servlet/permisogoce?bf8313c394e7d87a5696e18bcd5bd93e,INS,0,,,,gx-no-cache=1622649634391 HTTP/1.1" 200 93
190.171.141.138 - - [02/Jun/2021:13:10:46 -0300] "GET /cormun/servlet/hpexe_return? HTTP/1.1" 200 1010
190.171.141.138 - - [02/Jun/2021:13:10:46 -0300] "GET /cormun/servlet/trpermisosgoce HTTP/1.1" 200 9777
190.171.141.138 - - [02/Jun/2021:13:10:47 -0300] "GET /cormun/servlet/trpermisosgoce HTTP/1.1" 200 9773
190.171.141.138 - - [02/Jun/2021:13:10:49 -0300] "GET /cormun/servlet/apermisogoceprn?24708112,P,20210602115725,PU HTTP/1.1" 200 1654
186.67.172.234 - - [02/Jun/2021:13:12:22 -0300] "GET /cormun/servlet/trautorizarsolicitud? HTTP/1.1" 200 6217
186.67.172.234 - - [02/Jun/2021:13:12:22 -0300] "GET /cormun/servlet/hlogin HTTP/1.1" 200 1749
186.67.172.234 - - [02/Jun/2021:13:12:23 -0300] "GET /cormun/servlet/trautorizarsolicitud? HTTP/1.1" 200 6214
186.67.172.234 - - [02/Jun/2021:13:12:30 -0300] "POST /cormun/servlet/hlogin?0e33c34ebbf725f709080671bb3ff9ba,gx-no-cache=1622649738187 HTTP/1.1" 200 90
186.67.172.234 - - [02/Jun/2021:13:12:30 -0300] "GET /cormun/servlet/hpexe_link HTTP/1.1" 200 965
186.67.172.234 - - [02/Jun/2021:13:12:30 -0300] "GET /cormun/servlet/trautorizarsolicitud HTTP/1.1" 200 7306
186.67.172.234 - - [02/Jun/2021:13:12:31 -0300] "GET /cormun/servlet/trautorizarsolicitud HTTP/1.1" 200 7305
186.67.172.234 - - [02/Jun/2021:13:12:35 -0300] "GET /cormun/servlet/trautorizarsolicitud? HTTP/1.1" 200 7305
186.67.172.234 - - [02/Jun/2021:13:12:35 -0300] "GET /cormun/servlet/trautorizarsolicitud? HTTP/1.1" 200 7305
190.171.153.50 - - [02/Jun/2021:13:13:15 -0300] "POST /cormun/servlet/hlogin?3703066783d8b46fb5b931f5ba92849b,gx-no-cache=1622649782223 HTTP/1.1" 440 972
190.171.153.50 - - [02/Jun/2021:13:13:18 -0300] "GET /cormun/servlet/hlogin HTTP/1.1" 200 1735
190.171.153.50 - - [02/Jun/2021:13:13:18 -0300] "GET /cormun/servlet/hlogin HTTP/1.1" 200 1735
186.103.159.189 - - [02/Jun/2021:13:13:21 -0300] "POST /cormun/servlet/hlogin?bc86de9e38b5442a1df150de64f2db92,gx-no-cache=1622649744854 HTTP/1.1" 200 90
186.103.159.189 - - [02/Jun/2021:13:13:21 -0300] "GET /cormun/servlet/hpexe_link HTTP/1.1" 200 962
186.103.159.189 - - [02/Jun/2021:13:13:22 -0300] "GET /cormun/servlet/trlicencias? HTTP/1.1" 200 13235
186.103.159.189 - - [02/Jun/2021:13:13:25 -0300] "GET /cormun/servlet/trlicencias? HTTP/1.1" 200 13236
186.67.172.234 - - [02/Jun/2021:13:13:25 -0300] "GET /cormun/servlet/trautorizarsolicitud? HTTP/1.1" 200 7305
186.67.172.234 - - [02/Jun/2021:13:13:26 -0300] "GET /cormun/servlet/trautorizarsolicitud? HTTP/1.1" 200 7305
190.171.153.50 - - [02/Jun/2021:13:13:27 -0300] "POST /cormun/servlet/hlogin?fbd9d11500ef348132213bb265ee1f2f,gx-no-cache=1622649794110 HTTP/1.1" 200 90
190.171.153.50 - - [02/Jun/2021:13:13:27 -0300] "GET /cormun/servlet/hpexe_link HTTP/1.1" 200 952
190.171.153.50 - - [02/Jun/2021:13:13:27 -0300] "GET /cormun/servlet/hhome HTTP/1.1" 200 4136
190.171.153.50 - - [02/Jun/2021:13:13:28 -0300] "GET /cormun/servlet/hhome HTTP/1.1" 200 4133
186.103.159.189 - - [02/Jun/2021:13:13:28 -0300] "GET /cormun/servlet/trpermisosgoce? HTTP/1.1" 200 11593
181.212.43.89 - - [02/Jun/2021:13:13:29 -0300] "POST /cormun/servlet/trpermisosgoce?cf50efda1026d42aab5c4642e8fcd21e,gx-no-cache=1622648500989,gx-no-cache=1622649794772 HTTP/1.1" 200 7737
181.212.43.89 - - [02/Jun/2021:13:13:29 -0300] "GET /cormun/static/Shared/jqueryui/images/ui-bg_highlight-soft_100_c6c2c8_1x100.png HTTP/1.1" 404 1117
181.212.43.89 - - [02/Jun/2021:13:13:29 -0300] "GET /cormun/static/Shared/jqueryui/images/ui-icons_82798d_256x240.png HTTP/1.1" 404 1089
181.212.43.89 - - [02/Jun/2021:13:13:29 -0300] "GET /cormun/static/Shared/jqueryui/images/ui-bg_flat_55_fafafa_40x100.png HTTP/1.1" 404 1097
181.212.43.89 - - [02/Jun/2021:13:13:29 -0300] "GET /cormun/static/Shared/jqueryui/images/ui-icons_8d78a5_256x240.png HTTP/1.1" 404 1089
186.103.159.189 - - [02/Jun/2021:13:13:30 -0300] "GET /cormun/servlet/trpermisosgoce? HTTP/1.1" 200 11592
190.171.153.50 - - [02/Jun/2021:13:13:32 -0300] "GET /cormun/servlet/trlicencias? HTTP/1.1" 200 9082
190.171.153.50 - - [02/Jun/2021:13:13:33 -0300] "GET /cormun/servlet/trlicencias? HTTP/1.1" 200 9080
181.212.43.89 - - [02/Jun/2021:13:13:37 -0300] "GET /cormun/servlet/permisogoce?INS,0,,, HTTP/1.1" 200 6852
190.171.153.50 - - [02/Jun/2021:13:13:38 -0300] "GET /cormun/servlet/trsolicitudot? HTTP/1.1" 200 7356
190.171.153.50 - - [02/Jun/2021:13:13:39 -0300] "GET /cormun/servlet/trsolicitudot? HTTP/1.1" 200 7356
181.212.43.89 - - [02/Jun/2021:13:13:39 -0300] "GET /cormun/servlet/permisogoce?INS,0,,, HTTP/1.1" 200 6831
190.171.153.50 - - [02/Jun/2021:13:13:42 -0300] "GET /cormun/servlet/trautorizarsolicitud? HTTP/1.1" 200 8680
190.171.153.50 - - [02/Jun/2021:13:13:42 -0300] "GET /cormun/servlet/trautorizarsolicitud? HTTP/1.1" 200 8680
186.103.159.189 - - [02/Jun/2021:13:13:43 -0300] "GET /cormun/servlet/trpermisosgoce? HTTP/1.1" 200 11593
181.212.43.89 - - [02/Jun/2021:13:13:44 -0300] "GET /cormun/servlet/permisogoce?bdd08d883c946f816d690a2a4fb599e3af972391fab85eba91acb9930213599247dd9b934f98ca75daf5703a410476611e40d6780d46324719bf962874b0c8fe,gx-no-cache=1622649810033 HTTP/1.1" 200 81
186.103.159.189 - - [02/Jun/2021:13:13:44 -0300] "GET /cormun/servlet/trpermisosgoce? HTTP/1.1" 200 11593
181.212.43.89 - - [02/Jun/2021:13:13:47 -0300] "GET /cormun/static/menuarrow.gif HTTP/1.1" 404 1015
186.103.159.189 - - [02/Jun/2021:13:13:48 -0300] "GET /cormun/servlet/permisogoce?INS,0,,, HTTP/1.1" 200 6850
186.103.159.189 - - [02/Jun/2021:13:13:49 -0300] "GET /cormun/servlet/permisogoce?INS,0,,, HTTP/1.1" 200 6850
181.212.43.89 - - [02/Jun/2021:13:13:51 -0300] "GET /cormun/servlet/permisogoce?bdd08d883c946f816d690a2a4fb599e38514573c985c52a29528166c508f9f0d9842569e913c16b35e06f07ffb3a02e0c4499f3e8cc1d2ddb71814f97da63d71,gx-no-cache=1622649816634 HTTP/1.1" 200 45
181.212.43.89 - - [02/Jun/2021:13:14:00 -0300] "POST /cormun/servlet/permisogoce?cf50efda1026d42aab5c4642e8fcd21e,INS,0,,,,gx-no-cache=1622649825351 HTTP/1.1" 200 93
181.212.43.89 - - [02/Jun/2021:13:14:00 -0300] "GET /cormun/servlet/hpexe_return? HTTP/1.1" 200 1030
181.212.43.89 - - [02/Jun/2021:13:14:00 -0300] "GET /cormun/servlet/trpermisosgoce?gx-no-cache=1622648500989 HTTP/1.1" 200 10651
186.103.159.189 - - [02/Jun/2021:13:14:02 -0300] "GET /cormun/servlet/permisogoce?38d6f40b05338a5c8b42dacee309fa41824094636cc9b98d2421faa0c1dc88f8c12ddc28e8d7264807b43c9d506936f0b2c4724e40932c87955ade72b3b57474,gx-no-cache=1622649785662 HTTP/1.1" 200 73
186.103.159.189 - - [02/Jun/2021:13:14:02 -0300] "GET /cormun/static/menuarrow.gif HTTP/1.1" 404 1015
181.212.43.89 - - [02/Jun/2021:13:14:02 -0300] "GET /cormun/servlet/trpermisosgoce?gx-no-cache=1622648500989 HTTP/1.1" 200 10665
181.212.43.89 - - [02/Jun/2021:13:14:06 -0300] "GET /cormun/servlet/apermisogoceprn?18446707,P,20210602120109,PU HTTP/1.1" 200 1685
186.103.159.189 - - [02/Jun/2021:13:14:08 -0300] "GET /cormun/servlet/permisogoce?38d6f40b05338a5c8b42dacee309fa4154e9e5f97ca016bf7d2d59433f41ffed2fb3967d0eb71338964ab05490d021a53ca58a8a196bc487e1a51413bf5f3077,gx-no-cache=1622649792265 HTTP/1.1" 200 45
192.168.10.89 - - [02/Jun/2021:13:14:09 -0300] "GET /cormun/servlet/trautorizarot? HTTP/1.1" 200 12809
192.168.10.89 - - [02/Jun/2021:13:14:09 -0300] "GET /cormun/servlet/trautorizarot? HTTP/1.1" 200 12800
192.168.10.89 - - [02/Jun/2021:13:14:13 -0300] "GET /cormun/servlet/hlogin HTTP/1.1" 200 1738
186.67.172.234 - - [02/Jun/2021:13:14:28 -0300] "GET /cormun/servlet/trlicencias? HTTP/1.1" 200 13692
186.67.172.234 - - [02/Jun/2021:13:14:28 -0300] "GET /cormun/servlet/trlicencias? HTTP/1.1" 200 13688
190.171.153.50 - - [02/Jun/2021:13:14:37 -0300] "POST /cormun/servlet/trautorizarsolicitud?fbd9d11500ef348132213bb265ee1f2f,,gx-no-cache=1622649863701 HTTP/1.1" 200 4810
190.171.153.50 - - [02/Jun/2021:13:14:37 -0300] "GET /cormun/static/Shared/jqueryui/images/ui-bg_highlight-soft_100_c6c2c8_1x100.png HTTP/1.1" 404 1117
190.171.153.50 - - [02/Jun/2021:13:14:37 -0300] "GET /cormun/static/Shared/jqueryui/images/ui-icons_82798d_256x240.png HTTP/1.1" 404 1089
190.171.153.50 - - [02/Jun/2021:13:14:37 -0300] "GET /cormun/static/Shared/jqueryui/images/ui-bg_flat_55_fafafa_40x100.png HTTP/1.1" 404 1097
190.171.153.50 - - [02/Jun/2021:13:14:37 -0300] "GET /cormun/static/Shared/jqueryui/images/ui-icons_8d78a5_256x240.png HTTP/1.1" 404 1089
190.171.153.50 - - [02/Jun/2021:13:14:37 -0300] "POST /cormun/servlet/trautorizarsolicitud?fbd9d11500ef348132213bb265ee1f2f,,gx-no-cache=1622649864004 HTTP/1.1" 200 4553
186.103.159.189 - - [02/Jun/2021:13:14:40 -0300] "POST /cormun/servlet/permisogoce?bc86de9e38b5442a1df150de64f2db92,INS,0,,,,gx-no-cache=1622649824118 HTTP/1.1" 200 93
186.103.159.189 - - [02/Jun/2021:13:14:40 -0300] "GET /cormun/servlet/hpexe_return? HTTP/1.1" 200 1014
186.103.159.189 - - [02/Jun/2021:13:14:41 -0300] "GET /cormun/servlet/trpermisosgoce HTTP/1.1" 200 11910
186.103.159.189 - - [02/Jun/2021:13:14:43 -0300] "GET /cormun/servlet/trpermisosgoce HTTP/1.1" 200 11905
186.103.159.189 - - [02/Jun/2021:13:14:45 -0300] "POST /cormun/servlet/trpermisosgoce?bc86de9e38b5442a1df150de64f2db92,gx-no-cache=1622649829088 HTTP/1.1" 200 9142
181.212.43.89 - - [02/Jun/2021:13:14:48 -0300] "GET /cormun/servlet/trpermisosadjuntos?18446707,20210602120109,P, HTTP/1.1" 200 6312
186.103.159.189 - - [02/Jun/2021:13:14:49 -0300] "GET /cormun/servlet/apermisogoceprn?8686170,P,20210602120119,PU HTTP/1.1" 200 1681
181.212.43.89 - - [02/Jun/2021:13:14:49 -0300] "GET /cormun/servlet/trpermisosadjuntos?18446707,20210602120109,P, HTTP/1.1" 200 6291
181.212.43.89 - - [02/Jun/2021:13:14:52 -0300] "GET /cormun/servlet/permisosadjuntos?INS,18446707,P,20210602120109,, HTTP/1.1" 200 5611
181.212.43.89 - - [02/Jun/2021:13:14:52 -0300] "GET /cormun/static/about:blank HTTP/1.1" 404 1011
181.212.43.89 - - [02/Jun/2021:13:14:52 -0300] "GET /cormun/servlet/permisosadjuntos?INS,18446707,P,20210602120109,, HTTP/1.1" 200 5601
190.171.153.50 - - [02/Jun/2021:13:15:03 -0300] "GET /cormun/servlet/hlogin HTTP/1.1" 200 1749
192.168.10.89 - - [02/Jun/2021:13:15:09 -0300] "POST /cormun/servlet/hlogin?2232247039531332d16b9a12814b9a9c,gx-no-cache=1622649761375 HTTP/1.1" 200 90
192.168.10.89 - - [02/Jun/2021:13:15:10 -0300] "GET /cormun/servlet/hpexe_link HTTP/1.1" 200 952
192.168.10.89 - - [02/Jun/2021:13:15:10 -0300] "GET /cormun/servlet/trautorizarot HTTP/1.1" 200 12802
192.168.10.89 - - [02/Jun/2021:13:15:10 -0300] "GET /cormun/servlet/trautorizarot HTTP/1.1" 200 12800
190.171.154.42 - - [02/Jun/2021:13:15:12 -0300] "GET /cormun/servlet/hlogin HTTP/1.1" 200 1730
190.171.154.42 - - [02/Jun/2021:13:15:17 -0300] "POST /cormun/servlet/hlogin?54791cad0a6bf982b6a5100cdb2f4284,gx-no-cache=1622649902515 HTTP/1.1" 200 90
190.171.154.42 - - [02/Jun/2021:13:15:18 -0300] "GET /cormun/servlet/hpexe_link HTTP/1.1" 200 952
190.171.154.42 - - [02/Jun/2021:13:15:18 -0300] "GET /cormun/servlet/hhome HTTP/1.1" 200 4338
190.171.153.50 - - [02/Jun/2021:13:15:19 -0300] "POST /cormun/servlet/hlogin?fbd9d11500ef348132213bb265ee1f2f,gx-no-cache=1622649905682 HTTP/1.1" 200 90
190.171.153.50 - - [02/Jun/2021:13:15:19 -0300] "GET /cormun/servlet/hpexe_link HTTP/1.1" 200 965
190.171.153.50 - - [02/Jun/2021:13:15:19 -0300] "GET /cormun/servlet/trautorizarsolicitud? HTTP/1.1" 200 7258
190.171.153.50 - - [02/Jun/2021:13:15:20 -0300] "GET /cormun/servlet/trautorizarsolicitud? HTTP/1.1" 200 7256
190.171.154.42 - - [02/Jun/2021:13:15:21 -0300] "GET /cormun/servlet/hhome HTTP/1.1" 200 4336
181.212.43.89 - - [02/Jun/2021:13:15:26 -0300] "POST /cormun/servlet/permisosadjuntos?cf50efda1026d42aab5c4642e8fcd21e,INS,18446707,P,20210602120109,, HTTP/1.1" 200 116
181.212.43.89 - - [02/Jun/2021:13:15:26 -0300] "GET /cormun/servlet/hpexe_return? HTTP/1.1" 200 1035
181.212.43.89 - - [02/Jun/2021:13:15:27 -0300] "GET /cormun/servlet/trpermisosadjuntos?18446707,20210602120109,P, HTTP/1.1" 200 6768
181.212.43.89 - - [02/Jun/2021:13:15:27 -0300] "GET /cormun/servlet/trpermisosadjuntos?18446707,20210602120109,P, HTTP/1.1" 200 6765
181.212.43.89 - - [02/Jun/2021:13:15:30 -0300] "POST /cormun/servlet/trpermisosadjuntos?cf50efda1026d42aab5c4642e8fcd21e,18446707,20210602120109,P,,gx-no-cache=1622649915664 HTTP/1.1" 200 90
181.212.43.89 - - [02/Jun/2021:13:15:30 -0300] "GET /cormun/servlet/hpexe_link HTTP/1.1" 200 1003
181.212.43.89 - - [02/Jun/2021:13:15:30 -0300] "GET /cormun/servlet/trpermisosgoce?gx-no-cache=1622648500989 HTTP/1.1" 200 10648
181.212.43.89 - - [02/Jun/2021:13:15:31 -0300] "GET /cormun/servlet/trpermisosgoce?gx-no-cache=1622648500989 HTTP/1.1" 200 10665
192.168.10.89 - - [02/Jun/2021:13:15:34 -0300] "GET /cormun/servlet/trsolicitudgral? HTTP/1.1" 200 12777
192.168.10.89 - - [02/Jun/2021:13:15:34 -0300] "GET /cormun/servlet/trsolicitudgral? HTTP/1.1" 200 12777
190.171.154.42 - - [02/Jun/2021:13:15:41 -0300] "GET /cormun/servlet/trlicencias? HTTP/1.1" 200 10609
190.171.154.42 - - [02/Jun/2021:13:15:43 -0300] "GET /cormun/servlet/trlicencias? HTTP/1.1" 200 10659
192.168.10.89 - - [02/Jun/2021:13:15:46 -0300] "POST /cormun/servlet/trsolicitudgral?2232247039531332d16b9a12814b9a9c,,gx-no-cache=1622649797483 HTTP/1.1" 200 6669
190.171.154.42 - - [02/Jun/2021:13:15:48 -0300] "POST /cormun/servlet/trlicencias?54791cad0a6bf982b6a5100cdb2f4284,,gx-no-cache=1622649932720 HTTP/1.1" 200 8032
192.168.10.89 - - [02/Jun/2021:13:15:53 -0300] "POST /cormun/servlet/trsolicitudgral?2232247039531332d16b9a12814b9a9c,,gx-no-cache=1622649805192 HTTP/1.1" 200 5474
192.168.10.89 - - [02/Jun/2021:13:15:53 -0300] "GET /cormun/static/Shared/jqueryui/images/ui-bg_highlight-soft_100_c6c2c8_1x100.png HTTP/1.1" 404 1117
192.168.10.89 - - [02/Jun/2021:13:15:53 -0300] "GET /cormun/static/Shared/jqueryui/images/ui-icons_82798d_256x240.png HTTP/1.1" 404 1089
192.168.10.89 - - [02/Jun/2021:13:15:53 -0300] "GET /cormun/static/Shared/jqueryui/images/ui-icons_8d78a5_256x240.png HTTP/1.1" 404 1089
192.168.10.89 - - [02/Jun/2021:13:15:53 -0300] "GET /cormun/static/Shared/jqueryui/images/ui-bg_flat_55_fafafa_40x100.png HTTP/1.1" 404 1097
190.171.154.42 - - [02/Jun/2021:13:16:00 -0300] "POST /cormun/servlet/trlicencias?54791cad0a6bf982b6a5100cdb2f4284,,gx-no-cache=1622649945285 HTTP/1.1" 200 8032
192.168.10.89 - - [02/Jun/2021:13:16:29 -0300] "GET /cormun/servlet/trsolicitudgral? HTTP/1.1" 200 8246
192.168.10.89 - - [02/Jun/2021:13:16:29 -0300] "GET /cormun/servlet/trsolicitudgral? HTTP/1.1" 200 8246
190.171.154.42 - - [02/Jun/2021:13:16:41 -0300] "GET /cormun/servlet/trlicencias? HTTP/1.1" 200 10609
190.171.154.42 - - [02/Jun/2021:13:16:42 -0300] "GET /cormun/servlet/trlicencias? HTTP/1.1" 200 10659
192.168.10.89 - - [02/Jun/2021:13:16:43 -0300] "GET /cormun/servlet/trsolicitudgral? HTTP/1.1" 200 8246
190.171.154.42 - - [02/Jun/2021:13:16:43 -0300] "GET /favicon.ico HTTP/1.1" 200 21630
192.168.10.89 - - [02/Jun/2021:13:16:44 -0300] "GET /cormun/servlet/trsolicitudgral? HTTP/1.1" 200 8246
192.168.10.89 - - [02/Jun/2021:13:16:46 -0300] "POST /cormun/servlet/trsolicitudgral?2232247039531332d16b9a12814b9a9c,,gx-no-cache=1622649857776 HTTP/1.1" 200 16413
192.168.10.89 - - [02/Jun/2021:13:16:56 -0300] "GET /cormun/servlet/vesolicitudgral?2021,17103,, HTTP/1.1" 200 8346
192.168.10.89 - - [02/Jun/2021:13:16:56 -0300] "GET /cormun/pexe_scrolldiv.js HTTP/1.1" 404 1009
192.168.10.89 - - [02/Jun/2021:13:16:56 -0300] "GET /cormun/pexe_scrolldiv.js HTTP/1.1" 404 1009
192.168.10.89 - - [02/Jun/2021:13:16:57 -0300] "GET /cormun/servlet/vesolicitudgral?2021,17103,, HTTP/1.1" 200 8345
190.171.152.242 - - [02/Jun/2021:13:19:55 -0300] "GET /cormun/servlet/hlogin HTTP/1.1" 200 1716
190.171.152.242 - - [02/Jun/2021:13:19:56 -0300] "GET /cormun/servlet/hlogin HTTP/1.1" 200 1727
190.171.152.242 - - [02/Jun/2021:13:19:56 -0300] "GET /favicon.ico HTTP/1.1" 200 21630
190.171.152.114 - - [02/Jun/2021:13:20:07 -0300] "GET /cormun/servlet/hlogin HTTP/1.1" 200 1731
190.171.152.114 - - [02/Jun/2021:13:20:25 -0300] "POST /cormun/servlet/hlogin?12c78369ecbb524e0f3a2392e07664ba,gx-no-cache=1622650215837 HTTP/1.1" 200 90
190.171.152.114 - - [02/Jun/2021:13:20:25 -0300] "GET /cormun/servlet/hpexe_link HTTP/1.1" 200 958
190.171.152.114 - - [02/Jun/2021:13:20:25 -0300] "GET /cormun/servlet/hhome HTTP/1.1" 200 4311
190.171.152.114 - - [02/Jun/2021:13:20:26 -0300] "GET /cormun/servlet/hhome HTTP/1.1" 200 4307
190.171.152.114 - - [02/Jun/2021:13:20:29 -0300] "GET /cormun/servlet/trlicencias? HTTP/1.1" 200 13457
190.171.152.114 - - [02/Jun/2021:13:20:30 -0300] "GET /cormun/servlet/trlicencias? HTTP/1.1" 200 13469
190.171.152.114 - - [02/Jun/2021:13:20:33 -0300] "GET /cormun/servlet/trlicencias? HTTP/1.1" 200 13474
190.171.152.114 - - [02/Jun/2021:13:20:34 -0300] "GET /cormun/servlet/trlicencias? HTTP/1.1" 200 13474
190.171.152.242 - - [02/Jun/2021:13:20:49 -0300] "POST /cormun/servlet/hlogin?277b17ca53b69e53cee3378b563bdb54,gx-no-cache=1622650236015 HTTP/1.1" 200 90
190.171.152.242 - - [02/Jun/2021:13:20:49 -0300] "GET /cormun/servlet/hpexe_link HTTP/1.1" 200 944
190.171.152.242 - - [02/Jun/2021:13:20:49 -0300] "GET /cormun/servlet/hhome HTTP/1.1" 200 3985
190.171.152.242 - - [02/Jun/2021:13:20:50 -0300] "GET /cormun/servlet/hhome HTTP/1.1" 200 3981
190.171.152.242 - - [02/Jun/2021:13:20:53 -0300] "GET /cormun/servlet/trlicencias? HTTP/1.1" 200 11041
190.171.152.242 - - [02/Jun/2021:13:20:53 -0300] "GET /cormun/static/gxcfg.js?2020121613995 HTTP/1.1" 200 953
190.171.152.242 - - [02/Jun/2021:13:20:53 -0300] "GET /cormun/static/trlicencias.js?202012162481 HTTP/1.1" 200 41883
