200.111.191.210 - - [31/May/2021:16:55:42 -0300] "GET /cormun/servlet/solicitudotadjuntos?97515c2f6dc4ee507a40e75ea7dac3462436b5b5f89b79793e5304ce9f0d19557e7c37191c30199376e638cf75d75ba0,gx-no-cache=1622490473285 HTTP/1.1" 200 30
200.111.191.210 - - [31/May/2021:16:55:42 -0300] "POST /cormun/servlet/solicitudotadjuntos?41137d0ca1f0b8be07c56075d2601530,INS,2021,17101,,1,,gx-no-cache=1622490473319 HTTP/1.1" 200 3892
200.30.252.117 - - [31/May/2021:16:55:42 -0300] "GET /cormun/servlet/prcontratosol?7677020,,,,,MD,,gxPopupLevel%3D0%3B HTTP/1.1" 200 8724
200.30.252.117 - - [31/May/2021:16:55:42 -0300] "GET /cormun/static/gxcfg.js?2019914201458 HTTP/1.1" 200 953
200.30.252.117 - - [31/May/2021:16:55:42 -0300] "GET /cormun/static/prcontratosol.js?20199142014772 HTTP/1.1" 200 15806
200.30.252.117 - - [31/May/2021:16:55:42 -0300] "GET /cormun/static/menusearch.js?20201214473581 HTTP/1.1" 200 1424
200.30.252.117 - - [31/May/2021:16:55:43 -0300] "GET /cormun/static/hmpwkw011.js?20201215495555 HTTP/1.1" 200 1968
200.30.252.117 - - [31/May/2021:16:55:43 -0300] "GET /cormun/static/Resources/PXToolsMenuSearch.png HTTP/1.1" 200 336
200.30.252.117 - - [31/May/2021:16:55:43 -0300] "GET /cormun/static/Resources/PXToolsMenuSearchCancel.png HTTP/1.1" 200 306
200.111.191.210 - - [31/May/2021:16:55:45 -0300] "POST /cormun/servlet/solicitudotadjuntos?gx-no-cache=1622490476343 HTTP/1.1" 200 26
200.111.191.210 - - [31/May/2021:16:55:49 -0300] "GET /cormun/servlet/solicitudotadjuntos?97515c2f6dc4ee507a40e75ea7dac34658af36a62acc0f722eeda59b9c463eef,gx-no-cache=1622490480583 HTTP/1.1" 200 30
200.30.252.117 - - [31/May/2021:16:55:49 -0300] "POST /cormun/servlet/solicitudot?gx-no-cache=1622490335812 HTTP/1.1" 200 1522
200.111.191.210 - - [31/May/2021:16:55:49 -0300] "GET /cormun/servlet/solicitudotadjuntos?97515c2f6dc4ee507a40e75ea7dac34658af36a62acc0f722eeda59b9c463eef,gx-no-cache=1622490480595 HTTP/1.1" 200 30
200.30.252.117 - - [31/May/2021:16:55:49 -0300] "GET /cormun/static/Shared/jqueryui/images/ui-bg_highlight-soft_100_c6c2c8_1x100.png HTTP/1.1" 404 1117
200.30.252.117 - - [31/May/2021:16:55:49 -0300] "GET /cormun/static/Shared/jqueryui/images/ui-icons_82798d_256x240.png HTTP/1.1" 404 1089
200.30.252.117 - - [31/May/2021:16:55:49 -0300] "GET /cormun/static/Shared/jqueryui/images/ui-bg_flat_55_994d53_40x100.png HTTP/1.1" 404 1097
200.111.191.210 - - [31/May/2021:16:55:49 -0300] "POST /cormun/servlet/solicitudotadjuntos?41137d0ca1f0b8be07c56075d2601530,INS,2021,17101,,1, HTTP/1.1" 200 116
200.111.191.210 - - [31/May/2021:16:55:49 -0300] "GET /cormun/servlet/hpexe_return? HTTP/1.1" 200 1023
200.30.252.117 - - [31/May/2021:16:55:49 -0300] "GET /cormun/static/Shared/jqueryui/images/ui-icons_ebccce_256x240.png HTTP/1.1" 404 1089
200.30.252.117 - - [31/May/2021:16:55:49 -0300] "POST /cormun/servlet/solicitudot?gx-no-cache=1622490336018 HTTP/1.1" 200 117
200.30.252.117 - - [31/May/2021:16:55:49 -0300] "GET /cormun/servlet/solicitudot?334181e5aa0a72a73a22800de59e6ef8c277061e0e93d6df3ff4c9ef40222180c3ba71130271e7cfb34d926f79eec4c37452c7504658a46b8f49fba55ec6619232eadeb9842ab6e4d80cc627315841ffb2f3698d2ec14f0df7406d405c51697749e52aff3a29b665169e2a82a5909aa3,gx-no-cache=1622490336087 HTTP/1.1" 200 110
200.111.191.210 - - [31/May/2021:16:55:50 -0300] "GET /cormun/servlet/trsolicitudadjuntos?2021,17101, HTTP/1.1" 200 9234
200.30.252.117 - - [31/May/2021:16:55:50 -0300] "POST /cormun/servlet/solicitudot?gx-no-cache=1622490336151 HTTP/1.1" 200 64
200.30.252.117 - - [31/May/2021:16:55:50 -0300] "GET /cormun/servlet/solicitudot?334181e5aa0a72a73a22800de59e6ef859145574aaa6230f57f26c3e116e3ae0b974f6de22a5bffb1f8ea553677a1c3bc47951f9fd9ba499835bd794c79a3fc34f26e6e1dd51a509963e3fcbb4399a4b71b98497c131764524c067e047cea0507aacde380ab5fad3fd72c10ca9c3ba3e746791bb221661f9f61656cf9b251c9c3b87a1eaf9c38604d062eb7dfe73a6ebf2b22333617cfb0c9b3da51365adf43f,gx-no-cache=1622490336260 HTTP/1.1" 200 29
200.30.252.117 - - [31/May/2021:16:55:50 -0300] "GET /cormun/servlet/solicitudot?334181e5aa0a72a73a22800de59e6ef884e5f2bf35af477a05557d96388acdad54a1fdab092eafec9813a20c4e5f3ba2,gx-no-cache=1622490336312 HTTP/1.1" 200 134
200.111.191.210 - - [31/May/2021:16:55:50 -0300] "GET /cormun/servlet/trsolicitudadjuntos?2021,17101, HTTP/1.1" 200 9228
200.111.191.210 - - [31/May/2021:16:55:51 -0300] "GET /cormun/servlet/solicitudotadjuntos?INS,2021,17101,,1, HTTP/1.1" 200 5995
200.111.191.210 - - [31/May/2021:16:55:52 -0300] "GET /cormun/static/about:blank HTTP/1.1" 404 1011
200.111.191.210 - - [31/May/2021:16:55:52 -0300] "GET /cormun/servlet/solicitudotadjuntos?INS,2021,17101,,1, HTTP/1.1" 200 5989
200.111.191.210 - - [31/May/2021:16:55:52 -0300] "GET /cormun/servlet/solicitudotadjuntos?97515c2f6dc4ee507a40e75ea7dac3462436b5b5f89b79793e5304ce9f0d19557e7c37191c30199376e638cf75d75ba0,gx-no-cache=1622490483477 HTTP/1.1" 200 30
200.111.191.210 - - [31/May/2021:16:55:52 -0300] "POST /cormun/servlet/solicitudotadjuntos?41137d0ca1f0b8be07c56075d2601530,INS,2021,17101,,1,,gx-no-cache=1622490483496 HTTP/1.1" 200 3892
200.111.191.210 - - [31/May/2021:16:55:55 -0300] "POST /cormun/servlet/solicitudotadjuntos?gx-no-cache=1622490486049 HTTP/1.1" 200 26
200.111.191.210 - - [31/May/2021:16:56:00 -0300] "GET /cormun/servlet/solicitudotadjuntos?97515c2f6dc4ee507a40e75ea7dac34658af36a62acc0f722eeda59b9c463eef,gx-no-cache=1622490491488 HTTP/1.1" 200 30
200.111.191.210 - - [31/May/2021:16:56:00 -0300] "GET /cormun/servlet/solicitudotadjuntos?97515c2f6dc4ee507a40e75ea7dac34658af36a62acc0f722eeda59b9c463eef,gx-no-cache=1622490491506 HTTP/1.1" 200 30
200.111.191.210 - - [31/May/2021:16:56:00 -0300] "POST /cormun/servlet/solicitudotadjuntos?41137d0ca1f0b8be07c56075d2601530,INS,2021,17101,,1, HTTP/1.1" 200 116
200.111.191.210 - - [31/May/2021:16:56:00 -0300] "GET /cormun/servlet/hpexe_return? HTTP/1.1" 200 1023
200.111.191.210 - - [31/May/2021:16:56:00 -0300] "GET /cormun/servlet/trsolicitudadjuntos?2021,17101, HTTP/1.1" 200 9522
200.111.191.210 - - [31/May/2021:16:56:01 -0300] "GET /cormun/servlet/trsolicitudadjuntos?2021,17101, HTTP/1.1" 200 9520
200.111.191.210 - - [31/May/2021:16:56:03 -0300] "GET /cormun/servlet/solicitudotadjuntos?INS,2021,17101,,1, HTTP/1.1" 200 5995
200.111.191.210 - - [31/May/2021:16:56:03 -0300] "GET /cormun/static/about:blank HTTP/1.1" 404 1011
200.111.191.210 - - [31/May/2021:16:56:03 -0300] "GET /cormun/servlet/solicitudotadjuntos?INS,2021,17101,,1, HTTP/1.1" 200 5989
200.111.191.210 - - [31/May/2021:16:56:03 -0300] "GET /cormun/servlet/solicitudotadjuntos?97515c2f6dc4ee507a40e75ea7dac3462436b5b5f89b79793e5304ce9f0d19557e7c37191c30199376e638cf75d75ba0,gx-no-cache=1622490494514 HTTP/1.1" 200 30
200.111.191.210 - - [31/May/2021:16:56:03 -0300] "POST /cormun/servlet/solicitudotadjuntos?41137d0ca1f0b8be07c56075d2601530,INS,2021,17101,,1,,gx-no-cache=1622490494535 HTTP/1.1" 200 3892
200.111.191.210 - - [31/May/2021:16:56:06 -0300] "POST /cormun/servlet/solicitudotadjuntos?gx-no-cache=1622490496960 HTTP/1.1" 200 26
200.111.191.210 - - [31/May/2021:16:56:10 -0300] "GET /cormun/servlet/solicitudotadjuntos?97515c2f6dc4ee507a40e75ea7dac34658af36a62acc0f722eeda59b9c463eef,gx-no-cache=1622490501601 HTTP/1.1" 200 30
200.111.191.210 - - [31/May/2021:16:56:10 -0300] "GET /cormun/servlet/solicitudotadjuntos?97515c2f6dc4ee507a40e75ea7dac34658af36a62acc0f722eeda59b9c463eef,gx-no-cache=1622490501612 HTTP/1.1" 200 30
200.111.191.210 - - [31/May/2021:16:56:10 -0300] "POST /cormun/servlet/solicitudotadjuntos?41137d0ca1f0b8be07c56075d2601530,INS,2021,17101,,1, HTTP/1.1" 200 116
200.111.191.210 - - [31/May/2021:16:56:10 -0300] "GET /cormun/servlet/hpexe_return? HTTP/1.1" 200 1023
200.111.191.210 - - [31/May/2021:16:56:11 -0300] "GET /cormun/servlet/trsolicitudadjuntos?2021,17101, HTTP/1.1" 200 9804
200.111.191.210 - - [31/May/2021:16:56:11 -0300] "GET /cormun/servlet/trsolicitudadjuntos?2021,17101, HTTP/1.1" 200 9798
200.111.191.210 - - [31/May/2021:16:56:13 -0300] "GET /cormun/servlet/solicitudotadjuntos?INS,2021,17101,,1, HTTP/1.1" 200 5995
200.111.191.210 - - [31/May/2021:16:56:13 -0300] "GET /cormun/static/about:blank HTTP/1.1" 404 1011
200.111.191.210 - - [31/May/2021:16:56:13 -0300] "GET /cormun/servlet/solicitudotadjuntos?INS,2021,17101,,1, HTTP/1.1" 200 5989
200.111.191.210 - - [31/May/2021:16:56:13 -0300] "GET /cormun/servlet/solicitudotadjuntos?97515c2f6dc4ee507a40e75ea7dac3462436b5b5f89b79793e5304ce9f0d19557e7c37191c30199376e638cf75d75ba0,gx-no-cache=1622490504842 HTTP/1.1" 200 30
200.111.191.210 - - [31/May/2021:16:56:14 -0300] "POST /cormun/servlet/solicitudotadjuntos?41137d0ca1f0b8be07c56075d2601530,INS,2021,17101,,1,,gx-no-cache=1622490504863 HTTP/1.1" 200 3892
200.111.191.210 - - [31/May/2021:16:56:16 -0300] "POST /cormun/servlet/solicitudotadjuntos?gx-no-cache=1622490507592 HTTP/1.1" 200 26
200.111.191.210 - - [31/May/2021:16:56:22 -0300] "GET /cormun/servlet/solicitudotadjuntos?97515c2f6dc4ee507a40e75ea7dac34658af36a62acc0f722eeda59b9c463eef,gx-no-cache=1622490513514 HTTP/1.1" 200 30
200.111.191.210 - - [31/May/2021:16:56:22 -0300] "GET /cormun/servlet/solicitudotadjuntos?97515c2f6dc4ee507a40e75ea7dac34658af36a62acc0f722eeda59b9c463eef,gx-no-cache=1622490513530 HTTP/1.1" 200 30
200.111.191.210 - - [31/May/2021:16:56:22 -0300] "POST /cormun/servlet/solicitudotadjuntos?41137d0ca1f0b8be07c56075d2601530,INS,2021,17101,,1, HTTP/1.1" 200 116
200.111.191.210 - - [31/May/2021:16:56:22 -0300] "GET /cormun/servlet/hpexe_return? HTTP/1.1" 200 1023
200.111.191.210 - - [31/May/2021:16:56:23 -0300] "GET /cormun/servlet/trsolicitudadjuntos?2021,17101, HTTP/1.1" 200 9986
200.111.191.210 - - [31/May/2021:16:56:23 -0300] "GET /cormun/servlet/trsolicitudadjuntos?2021,17101, HTTP/1.1" 200 9984
200.30.252.117 - - [31/May/2021:16:56:40 -0300] "POST /cormun/servlet/solicitudot?gx-no-cache=1622490386592 HTTP/1.1" 200 97
200.111.191.210 - - [31/May/2021:16:56:48 -0300] "GET /cormun/servlet/trsolicitudot? HTTP/1.1" 200 8620
200.111.191.210 - - [31/May/2021:16:56:48 -0300] "GET /cormun/servlet/trsolicitudot? HTTP/1.1" 200 8613
200.111.191.210 - - [31/May/2021:16:56:52 -0300] "POST /cormun/servlet/trsolicitudot?41137d0ca1f0b8be07c56075d2601530,,gx-no-cache=1622490543012 HTTP/1.1" 200 4596
200.111.191.210 - - [31/May/2021:16:56:52 -0300] "GET /cormun/static/Shared/jqueryui/images/ui-bg_highlight-soft_100_c6c2c8_1x100.png HTTP/1.1" 404 1117
200.111.191.210 - - [31/May/2021:16:56:52 -0300] "GET /cormun/static/Shared/jqueryui/images/ui-icons_82798d_256x240.png HTTP/1.1" 404 1089
200.111.191.210 - - [31/May/2021:16:56:52 -0300] "GET /cormun/static/Shared/jqueryui/images/ui-bg_flat_55_fafafa_40x100.png HTTP/1.1" 404 1097
200.111.191.210 - - [31/May/2021:16:56:52 -0300] "GET /cormun/static/Shared/jqueryui/images/ui-icons_8d78a5_256x240.png HTTP/1.1" 404 1089
200.111.191.210 - - [31/May/2021:16:56:52 -0300] "POST /cormun/servlet/trsolicitudot?41137d0ca1f0b8be07c56075d2601530,,gx-no-cache=1622490543160 HTTP/1.1" 200 4334
200.30.252.117 - - [31/May/2021:16:56:54 -0300] "GET /cormun/servlet/prlicenciaspermisos?18374339,L,,MD,,gxPopupLevel%3D0%3B HTTP/1.1" 200 5802
200.30.252.117 - - [31/May/2021:16:56:54 -0300] "GET /cormun/static/gxcfg.js?2020121559567 HTTP/1.1" 200 953
200.30.252.117 - - [31/May/2021:16:56:55 -0300] "GET /cormun/static/prlicenciaspermisos.js?2020121559821 HTTP/1.1" 200 13379
200.111.191.210 - - [31/May/2021:16:56:56 -0300] "GET /cormun/servlet/trsolicitudot? HTTP/1.1" 200 7160
200.111.191.210 - - [31/May/2021:16:56:56 -0300] "GET /cormun/servlet/trsolicitudot? HTTP/1.1" 200 7160
200.111.191.210 - - [31/May/2021:16:56:57 -0300] "GET /cormun/servlet/hlogin HTTP/1.1" 200 1740
200.30.252.117 - - [31/May/2021:16:56:59 -0300] "POST /cormun/servlet/solicitudot?gx-no-cache=1622490405182 HTTP/1.1" 200 1440
200.30.252.117 - - [31/May/2021:16:57:04 -0300] "POST /cormun/servlet/solicitudot?gx-no-cache=1622490411082 HTTP/1.1" 200 41
200.30.252.117 - - [31/May/2021:16:57:05 -0300] "GET /cormun/servlet/solicitudot?334181e5aa0a72a73a22800de59e6ef8c277061e0e93d6df3ff4c9ef40222180c3ba71130271e7cfb34d926f79eec4c37452c7504658a46b8f49fba55ec6619232eadeb9842ab6e4d80cc627315841ffb2f3698d2ec14f0df7406d405c51697749e52aff3a29b665169e2a82a5909aa3,gx-no-cache=1622490411148 HTTP/1.1" 200 110
200.30.252.117 - - [31/May/2021:16:57:05 -0300] "POST /cormun/servlet/solicitudot?gx-no-cache=1622490411205 HTTP/1.1" 200 97
200.111.191.210 - - [31/May/2021:16:57:09 -0300] "POST /cormun/servlet/hlogin?41137d0ca1f0b8be07c56075d2601530,gx-no-cache=1622490559850 HTTP/1.1" 200 90
200.111.191.210 - - [31/May/2021:16:57:09 -0300] "GET /cormun/servlet/hpexe_link HTTP/1.1" 200 949
200.111.191.210 - - [31/May/2021:16:57:09 -0300] "GET /cormun/servlet/hhome HTTP/1.1" 200 4321
200.111.191.210 - - [31/May/2021:16:57:09 -0300] "GET /cormun/static/SmoothNavMenu/resources/images/right.gif HTTP/1.1" 200 860
200.111.191.210 - - [31/May/2021:16:57:09 -0300] "GET /cormun/servlet/hhome HTTP/1.1" 200 4320
200.111.191.210 - - [31/May/2021:16:57:11 -0300] "GET /cormun/servlet/trautorizarsolicitud? HTTP/1.1" 200 8874
200.111.191.210 - - [31/May/2021:16:57:11 -0300] "GET /cormun/static/gxcfg.js?201991422414522 HTTP/1.1" 200 953
200.111.191.210 - - [31/May/2021:16:57:11 -0300] "GET /cormun/static/trautorizarsolicitud.js?201991422415463 HTTP/1.1" 200 53910
200.111.191.210 - - [31/May/2021:16:57:11 -0300] "GET /cormun/servlet/trautorizarsolicitud? HTTP/1.1" 200 8870
200.30.252.117 - - [31/May/2021:16:57:11 -0300] "GET /cormun/static/menuarrow.gif HTTP/1.1" 404 1015
200.111.191.210 - - [31/May/2021:16:57:13 -0300] "GET /cormun/servlet/veautorizarsolicitud?2021,17101,, HTTP/1.1" 200 8698
200.111.191.210 - - [31/May/2021:16:57:13 -0300] "GET /cormun/static/gxcfg.js?201991422424023 HTTP/1.1" 200 953
200.111.191.210 - - [31/May/2021:16:57:13 -0300] "GET /cormun/pexe_scrolldiv.js HTTP/1.1" 404 1009
200.111.191.210 - - [31/May/2021:16:57:13 -0300] "GET /cormun/static/veautorizarsolicitud.js?201991422424092 HTTP/1.1" 200 6140
200.111.191.210 - - [31/May/2021:16:57:13 -0300] "GET /cormun/static/tbautorizarsolicitud01.js?201991419252835 HTTP/1.1" 200 30580
200.111.191.210 - - [31/May/2021:16:57:13 -0300] "GET /cormun/servlet/veautorizarsolicitud?2021,17101,, HTTP/1.1" 200 8696
200.111.191.210 - - [31/May/2021:16:57:24 -0300] "POST /cormun/servlet/veautorizarsolicitud?41137d0ca1f0b8be07c56075d2601530,2021,17101,,,gx-no-cache=1622490575068 HTTP/1.1" 200 93
200.111.191.210 - - [31/May/2021:16:57:24 -0300] "GET /cormun/servlet/hpexe_return? HTTP/1.1" 200 1013
200.111.191.210 - - [31/May/2021:16:57:24 -0300] "GET /cormun/servlet/trautorizarsolicitud HTTP/1.1" 200 8874
200.111.191.210 - - [31/May/2021:16:57:24 -0300] "GET /cormun/servlet/trautorizarsolicitud HTTP/1.1" 200 8870
200.111.191.210 - - [31/May/2021:16:57:27 -0300] "POST /cormun/servlet/trautorizarsolicitud?41137d0ca1f0b8be07c56075d2601530,gx-no-cache=1622490578300 HTTP/1.1" 200 4790
200.111.191.210 - - [31/May/2021:16:57:27 -0300] "GET /cormun/static/Shared/jqueryui/images/ui-bg_highlight-soft_100_c6c2c8_1x100.png HTTP/1.1" 404 1117
200.111.191.210 - - [31/May/2021:16:57:27 -0300] "GET /cormun/static/Shared/jqueryui/images/ui-icons_82798d_256x240.png HTTP/1.1" 404 1089
200.111.191.210 - - [31/May/2021:16:57:27 -0300] "GET /cormun/static/Shared/jqueryui/images/ui-bg_flat_55_fafafa_40x100.png HTTP/1.1" 404 1097
200.111.191.210 - - [31/May/2021:16:57:27 -0300] "GET /cormun/static/Shared/jqueryui/images/ui-icons_8d78a5_256x240.png HTTP/1.1" 404 1089
200.111.191.210 - - [31/May/2021:16:57:27 -0300] "POST /cormun/servlet/trautorizarsolicitud?41137d0ca1f0b8be07c56075d2601530,gx-no-cache=1622490578449 HTTP/1.1" 200 4526
200.30.252.117 - - [31/May/2021:16:57:28 -0300] "GET /cormun/servlet/solicitudot?334181e5aa0a72a73a22800de59e6ef8bb73eadd3070627bfee00d99dce5e4c9add68d07e9c9eabcd3eb3754742fa8ea,gx-no-cache=1622490435039 HTTP/1.1" 200 30
190.171.152.114 - - [31/May/2021:16:57:30 -0300] "GET /cormun/servlet/solicitudot?74922f9dff5e6c68c2ddafba2c59b84a1605366a4718be165ebb9dd3488047ca3ce7e88e1a9e9af501baf3ac7302fd42c2a18f741468e14b55314d9a5258f46e83d1cf3d7f5173eaf2feecd1d6a2c1f8,gx-no-cache=1622490437585 HTTP/1.1" 200 30
190.171.152.114 - - [31/May/2021:16:57:35 -0300] "GET /cormun/servlet/solicitudot?74922f9dff5e6c68c2ddafba2c59b84a9bd12a9d8515b900082793b5cd719c77,gx-no-cache=1622490442013 HTTP/1.1" 200 53
200.30.252.117 - - [31/May/2021:16:57:43 -0300] "POST /cormun/servlet/solicitudot?gx-no-cache=1622490449470 HTTP/1.1" 200 32
190.171.152.114 - - [31/May/2021:16:58:29 -0300] "POST /cormun/servlet/solicitudot?gx-no-cache=1622490474450 HTTP/1.1" 200 255
190.171.154.42 - - [31/May/2021:16:58:32 -0300] "GET /cormun/servlet/licenciaspermisos?dfabcf8d6be8a6f5c8dfbd2db8011efdbb8bc7c5fb871ccf5c65e053e0966c1bdaaed45b78ddd3d9e2a44876a4fae599f4cf00cb48e88e5c542fd0f54b4d7d83a712c659be761ba0aaf679a2dc83f8eed2e65c478e0ac9447ce45f8b3676104416658c7cf1e03c0ee214c433bb20077db182dbfba10638a455776e4e63bce0b9ec26593c2558f23f665d4b3a77bc3538492b423c4a59cc7cc07b71f407cb6da89cf4d741d0cca06d4e37294aa1117dac7cbfc8d04fc547b1abed0db5b3601dafcd71e7ed1a79bfb59fa4797d9eb1481242945b920eafd079172509fb8f2bca1308b6a531a53872543c8099cd688e83a1,gx-no-cache=1622490499320 HTTP/1.1" 200 59
190.171.154.42 - - [31/May/2021:16:58:32 -0300] "POST /cormun/servlet/licenciaspermisos?df15c491a37913ba1d71330083eaa4f8,INS,0,,,,gx-no-cache=1622490499387 HTTP/1.1" 200 93
190.171.154.42 - - [31/May/2021:16:58:32 -0300] "GET /cormun/servlet/hpexe_return? HTTP/1.1" 200 1011
190.171.154.42 - - [31/May/2021:16:58:33 -0300] "GET /cormun/servlet/trlicencias HTTP/1.1" 200 10468
190.171.152.114 - - [31/May/2021:16:58:33 -0300] "GET /cormun/servlet/solicitudot?74922f9dff5e6c68c2ddafba2c59b84ac2cd14f147e25504037acd147f4e1b4eda37772c8ef5360b2e61434b64e2c2c0127f97ecbb0cedc7779a4e7872ae69874b807c7b0249b6216e3a156a31eb80273e7c1f013723a6a0c60489779c9836b90689bf7712864d8cfa96e845ac265b44f5edf79623cb94b8a9ea663fa068300a15cd992937f9eea686a5e009a159088f19b86941a7a8a17744f73e28a2ef76078761e9af7cdae08d0e6f9a2286b4d9da974c8c6bad2742e71d45ba592611b3b1683ab22632d8c0d0c57375ed41f87eefa987219435d3f515d5c4960d2f78d008b6b2c1890764114af9e107bf89616e4adf581881ec17b26a1f63a605d3990fdb012aa1d5f3c0c31c0e113dc074a13f046e24d81438f447db61ab8d18e880e90ea15707db165601a53163ffdc59d82d06a04a295f55699cec4ca0f3976924b889fd322eb475bdaf4da7d5d76b923b64f377b2a5dfdd18db66d90579934ae2f578e501bc411a83ed479c53ca39d54baa95b24f5781a4b3689817b339939580882b,gx-no-cache=1622490500409 HTTP/1.1" 200 30
190.171.154.42 - - [31/May/2021:16:58:35 -0300] "GET /cormun/servlet/trlicencias HTTP/1.1" 200 10462
190.171.154.42 - - [31/May/2021:16:58:41 -0300] "GET /cormun/servlet/trlicencias? HTTP/1.1" 200 10462
190.171.152.114 - - [31/May/2021:16:58:41 -0300] "POST /cormun/servlet/solicitudot?gx-no-cache=1622490508541 HTTP/1.1" 200 30
190.171.154.42 - - [31/May/2021:16:58:42 -0300] "GET /cormun/servlet/trlicencias? HTTP/1.1" 200 10462
190.171.152.114 - - [31/May/2021:16:58:44 -0300] "GET /cormun/servlet/prcontratosol?19591963,,,,,MD,,gxPopupLevel%3D0%3B HTTP/1.1" 200 7640
190.171.152.114 - - [31/May/2021:16:58:44 -0300] "GET /cormun/static/Resources/Spanish/PXTools.css?19172979 HTTP/1.1" 200 100853
190.171.152.114 - - [31/May/2021:16:58:44 -0300] "GET /cormun/static/gxcfg.js?2019914201458 HTTP/1.1" 200 953
190.171.152.114 - - [31/May/2021:16:58:44 -0300] "GET /cormun/static/prcontratosol.js?20199142014772 HTTP/1.1" 200 15806
190.171.154.42 - - [31/May/2021:16:58:48 -0300] "POST /cormun/servlet/trlicencias?df15c491a37913ba1d71330083eaa4f8,,gx-no-cache=1622490515305 HTTP/1.1" 200 7849
200.30.252.117 - - [31/May/2021:16:58:49 -0300] "POST /cormun/servlet/solicitudot?06c7c64577865baa139ed79770f54130,INS,0,0,false,,gx-no-cache=1622490515281 HTTP/1.1" 200 93
200.30.252.117 - - [31/May/2021:16:58:49 -0300] "GET /cormun/servlet/hpexe_return? HTTP/1.1" 200 1014
200.30.252.117 - - [31/May/2021:16:58:50 -0300] "GET /cormun/static/gxcfg.js?201991422392976 HTTP/1.1" 200 953
200.30.252.117 - - [31/May/2021:16:58:50 -0300] "GET /cormun/static/hpexe_return.js?201991422392984 HTTP/1.1" 200 1633
200.30.252.117 - - [31/May/2021:16:58:50 -0300] "GET /cormun/servlet/trsolicitudot HTTP/1.1" 200 8644
200.30.252.117 - - [31/May/2021:16:58:51 -0300] "GET /cormun/servlet/trsolicitudot HTTP/1.1" 200 8641
190.171.152.114 - - [31/May/2021:16:58:55 -0300] "POST /cormun/servlet/solicitudot?gx-no-cache=1622490522249 HTTP/1.1" 200 1440
190.171.152.114 - - [31/May/2021:16:58:56 -0300] "POST /cormun/servlet/solicitudot?gx-no-cache=1622490522249 HTTP/1.1" 200 1440
190.171.152.114 - - [31/May/2021:16:58:56 -0300] "POST /cormun/servlet/solicitudot?gx-no-cache=1622490523263 HTTP/1.1" 200 38
190.171.152.114 - - [31/May/2021:16:58:56 -0300] "GET /cormun/servlet/solicitudot?74922f9dff5e6c68c2ddafba2c59b84a31772ca15387565ef3a4df6b888aba05d5b3216024d1e0a7bc7dd1fdad0ddc6bc3d226f241c21698b2cb9ff3f3381d54029d95ca4f067cc87f28714c3ab884dbed7ff94a1192f8f09af08c0fa67b5bfde68e9f8173f4e8690b349e8ee5b6140e,gx-no-cache=1622490523300 HTTP/1.1" 200 110
190.171.152.114 - - [31/May/2021:16:58:56 -0300] "POST /cormun/servlet/solicitudot?gx-no-cache=1622490523341 HTTP/1.1" 200 110
190.171.152.114 - - [31/May/2021:16:58:56 -0300] "GET /cormun/servlet/solicitudot?74922f9dff5e6c68c2ddafba2c59b84a5a6949677017c8ce14f6c522182225aed78dd2ba5bb431dabfb7f98af1ffef494e4d449edc60beb67f7b5f39a8cd0867cbbc29477cc3e8fde4e660fd4429f40034a8b594b8db80258340693ca3ebb71da153f72b8d7db0b1913fbb7f00f0dfd9,gx-no-cache=1622490523396 HTTP/1.1" 200 29
190.171.152.114 - - [31/May/2021:16:58:56 -0300] "GET /cormun/servlet/solicitudot?74922f9dff5e6c68c2ddafba2c59b84a4894f5d994a1a92fbe950753ee1964f5a57b7a5f93954669bb20ea6810fc44dd,gx-no-cache=1622490523434 HTTP/1.1" 200 30
200.30.252.117 - - [31/May/2021:16:59:11 -0300] "POST /cormun/servlet/trsolicitudot?06c7c64577865baa139ed79770f54130,gx-no-cache=1622490537576 HTTP/1.1" 200 4588
200.30.252.117 - - [31/May/2021:16:59:11 -0300] "GET /cormun/static/Shared/jqueryui/images/ui-bg_highlight-soft_100_c6c2c8_1x100.png HTTP/1.1" 404 1117
200.30.252.117 - - [31/May/2021:16:59:11 -0300] "GET /cormun/static/Shared/jqueryui/images/ui-icons_8d78a5_256x240.png HTTP/1.1" 404 1089
200.30.252.117 - - [31/May/2021:16:59:11 -0300] "GET /cormun/static/Shared/jqueryui/images/ui-bg_flat_55_fafafa_40x100.png HTTP/1.1" 404 1097
200.30.252.117 - - [31/May/2021:16:59:11 -0300] "GET /cormun/static/Shared/jqueryui/images/ui-icons_82798d_256x240.png HTTP/1.1" 404 1089
200.30.252.117 - - [31/May/2021:16:59:11 -0300] "POST /cormun/servlet/trsolicitudot?06c7c64577865baa139ed79770f54130,gx-no-cache=1622490537931 HTTP/1.1" 200 4338
190.171.154.42 - - [31/May/2021:16:59:20 -0300] "GET /cormun/servlet/trlicenciaspermisosadjuntos?8762679,20210531000000,L, HTTP/1.1" 200 6691
190.171.154.42 - - [31/May/2021:16:59:21 -0300] "GET /cormun/static/gxcfg.js?201991422445549 HTTP/1.1" 200 953
190.171.154.42 - - [31/May/2021:16:59:21 -0300] "GET /cormun/static/trlicenciaspermisosadjuntos.js?20199142244593 HTTP/1.1" 200 21036
190.171.154.42 - - [31/May/2021:16:59:22 -0300] "GET /cormun/servlet/trlicenciaspermisosadjuntos?8762679,20210531000000,L, HTTP/1.1" 200 6692
190.171.154.42 - - [31/May/2021:16:59:26 -0300] "GET /cormun/servlet/licenciaspermisosadjuntos?INS,8762679,L,20210531000000,, HTTP/1.1" 200 5988
190.171.154.42 - - [31/May/2021:16:59:26 -0300] "GET /cormun/static/gxcfg.js?20201215114875 HTTP/1.1" 200 953
190.171.154.42 - - [31/May/2021:16:59:26 -0300] "GET /cormun/static/licenciaspermisosadjuntos.js?20201215114932 HTTP/1.1" 200 8760
190.171.154.42 - - [31/May/2021:16:59:27 -0300] "GET /cormun/static/about:blank HTTP/1.1" 404 1011
190.171.154.42 - - [31/May/2021:16:59:28 -0300] "GET /cormun/servlet/licenciaspermisosadjuntos?INS,8762679,L,20210531000000,, HTTP/1.1" 200 5975
200.30.252.117 - - [31/May/2021:16:59:48 -0300] "GET /cormun/servlet/hlogin HTTP/1.1" 200 1733
190.171.154.42 - - [31/May/2021:16:59:50 -0300] "POST /cormun/servlet/licenciaspermisosadjuntos?df15c491a37913ba1d71330083eaa4f8,INS,8762679,L,20210531000000,, HTTP/1.1" 200 116
190.171.154.42 - - [31/May/2021:16:59:51 -0300] "GET /cormun/servlet/hpexe_return? HTTP/1.1" 200 1041
190.171.154.42 - - [31/May/2021:16:59:51 -0300] "GET /cormun/servlet/trlicenciaspermisosadjuntos?8762679,20210531000000,L, HTTP/1.1" 200 7230
190.171.154.42 - - [31/May/2021:16:59:53 -0300] "GET /cormun/servlet/trlicenciaspermisosadjuntos?8762679,20210531000000,L, HTTP/1.1" 200 7228
200.30.252.117 - - [31/May/2021:16:59:53 -0300] "POST /cormun/servlet/hlogin?06c7c64577865baa139ed79770f54130,gx-no-cache=1622490579269 HTTP/1.1" 200 90
200.30.252.117 - - [31/May/2021:16:59:53 -0300] "GET /cormun/servlet/hpexe_link HTTP/1.1" 200 957
200.30.252.117 - - [31/May/2021:16:59:53 -0300] "GET /cormun/servlet/hhome HTTP/1.1" 200 4252
200.30.252.117 - - [31/May/2021:16:59:54 -0300] "GET /cormun/servlet/hhome HTTP/1.1" 200 4248
200.30.252.117 - - [31/May/2021:16:59:57 -0300] "GET /cormun/servlet/trautorizarsolicitud? HTTP/1.1" 200 8798
190.171.154.42 - - [31/May/2021:16:59:57 -0300] "GET /cormun/PublicTempStorage/licencia_maria_aguirre_silva_300520215614777.pdf HTTP/1.1" 200 527741
200.30.252.117 - - [31/May/2021:16:59:58 -0300] "GET /cormun/static/gxcfg.js?201991422414522 HTTP/1.1" 200 953
200.30.252.117 - - [31/May/2021:16:59:58 -0300] "GET /cormun/static/trautorizarsolicitud.js?201991422415463 HTTP/1.1" 200 53910
200.30.252.117 - - [31/May/2021:16:59:58 -0300] "GET /cormun/servlet/trautorizarsolicitud? HTTP/1.1" 200 8799
200.30.252.117 - - [31/May/2021:17:00:07 -0300] "POST /cormun/servlet/trautorizarsolicitud?06c7c64577865baa139ed79770f54130,,gx-no-cache=1622490593183 HTTP/1.1" 200 4795
200.30.252.117 - - [31/May/2021:17:00:07 -0300] "GET /cormun/static/Shared/jqueryui/images/ui-bg_highlight-soft_100_c6c2c8_1x100.png HTTP/1.1" 404 1117
200.30.252.117 - - [31/May/2021:17:00:07 -0300] "GET /cormun/static/Shared/jqueryui/images/ui-icons_82798d_256x240.png HTTP/1.1" 404 1089
200.30.252.117 - - [31/May/2021:17:00:07 -0300] "GET /cormun/static/Shared/jqueryui/images/ui-icons_8d78a5_256x240.png HTTP/1.1" 404 1089
200.30.252.117 - - [31/May/2021:17:00:07 -0300] "GET /cormun/static/Shared/jqueryui/images/ui-bg_flat_55_fafafa_40x100.png HTTP/1.1" 404 1097
200.30.252.117 - - [31/May/2021:17:00:07 -0300] "POST /cormun/servlet/trautorizarsolicitud?06c7c64577865baa139ed79770f54130,,gx-no-cache=1622490593603 HTTP/1.1" 200 4542
190.171.154.42 - - [31/May/2021:17:00:08 -0300] "GET /cormun/servlet/trlicenciaspermisosadjuntos?8762679,20210531000000,L, HTTP/1.1" 200 7230
190.171.154.42 - - [31/May/2021:17:00:10 -0300] "GET /cormun/servlet/trlicenciaspermisosadjuntos?8762679,20210531000000,L, HTTP/1.1" 200 7228
190.171.154.42 - - [31/May/2021:17:00:15 -0300] "POST /cormun/servlet/trlicenciaspermisosadjuntos?df15c491a37913ba1d71330083eaa4f8,8762679,20210531000000,L,,gx-no-cache=1622490602186 HTTP/1.1" 200 90
190.171.154.42 - - [31/May/2021:17:00:15 -0300] "GET /cormun/servlet/hpexe_link HTTP/1.1" 200 985
190.171.154.42 - - [31/May/2021:17:00:15 -0300] "GET /cormun/servlet/trlicencias? HTTP/1.1" 200 10567
190.171.154.42 - - [31/May/2021:17:00:17 -0300] "GET /cormun/servlet/trlicencias? HTTP/1.1" 200 10462
190.171.154.42 - - [31/May/2021:17:00:20 -0300] "POST /cormun/servlet/trlicencias?df15c491a37913ba1d71330083eaa4f8,,gx-no-cache=1622490607008 HTTP/1.1" 200 7849
190.171.154.42 - - [31/May/2021:17:00:36 -0300] "GET /cormun/servlet/trlicenciaspermisosadjuntos?8762679,20210531000000,L, HTTP/1.1" 200 7226
190.171.154.42 - - [31/May/2021:17:00:38 -0300] "GET /cormun/servlet/trlicenciaspermisosadjuntos?8762679,20210531000000,L, HTTP/1.1" 200 7227
190.171.154.42 - - [31/May/2021:17:00:41 -0300] "GET /cormun/PublicTempStorage/licencia_maria_aguirre_silva_300520211905643.pdf HTTP/1.1" 200 527741
190.171.152.114 - - [31/May/2021:17:00:42 -0300] "GET /cormun/servlet/solicitudot?INS,0,0,false, HTTP/1.1" 200 15840
190.171.152.114 - - [31/May/2021:17:00:44 -0300] "GET /cormun/servlet/solicitudot?INS,0,0,false, HTTP/1.1" 200 15840
190.171.154.42 - - [31/May/2021:17:00:45 -0300] "GET /cormun/servlet/trlicenciaspermisosadjuntos?8762679,20210531000000,L, HTTP/1.1" 200 7225
190.171.154.42 - - [31/May/2021:17:00:46 -0300] "GET /cormun/servlet/trlicenciaspermisosadjuntos?8762679,20210531000000,L, HTTP/1.1" 200 7227
190.171.154.42 - - [31/May/2021:17:00:51 -0300] "POST /cormun/servlet/trlicenciaspermisosadjuntos?df15c491a37913ba1d71330083eaa4f8,8762679,20210531000000,L,,gx-no-cache=1622490638393 HTTP/1.1" 200 90
190.171.154.42 - - [31/May/2021:17:00:51 -0300] "GET /cormun/servlet/hpexe_link HTTP/1.1" 200 985
190.171.154.42 - - [31/May/2021:17:00:51 -0300] "GET /cormun/servlet/trlicencias? HTTP/1.1" 200 10567
190.171.154.42 - - [31/May/2021:17:00:53 -0300] "GET /cormun/servlet/trlicencias? HTTP/1.1" 200 10462
190.171.152.114 - - [31/May/2021:17:00:59 -0300] "POST /cormun/servlet/solicitudot?gx-no-cache=1622490646166 HTTP/1.1" 200 3701
190.171.152.114 - - [31/May/2021:17:00:59 -0300] "POST /cormun/servlet/solicitudot?3b866f40232e4ee1bda14cf4c1f74c5f,INS,0,0,false,,gx-no-cache=1622490646380 HTTP/1.1" 200 12477
190.171.154.42 - - [31/May/2021:17:01:05 -0300] "POST /cormun/servlet/trlicencias?df15c491a37913ba1d71330083eaa4f8,,gx-no-cache=1622490652321 HTTP/1.1" 200 7849
190.171.154.42 - - [31/May/2021:17:01:22 -0300] "POST /cormun/servlet/trlicencias?df15c491a37913ba1d71330083eaa4f8,,gx-no-cache=1622490669593 HTTP/1.1" 200 7786
190.171.154.42 - - [31/May/2021:17:01:22 -0300] "GET /cormun/static/Shared/jqueryui/images/ui-bg_highlight-soft_100_c6c2c8_1x100.png HTTP/1.1" 404 1117
190.171.154.42 - - [31/May/2021:17:01:22 -0300] "GET /cormun/static/Shared/jqueryui/images/ui-icons_82798d_256x240.png HTTP/1.1" 404 1089
190.171.154.42 - - [31/May/2021:17:01:23 -0300] "GET /cormun/static/Shared/jqueryui/images/ui-icons_8d78a5_256x240.png HTTP/1.1" 404 1089
190.171.154.42 - - [31/May/2021:17:01:23 -0300] "GET /cormun/static/Shared/jqueryui/images/ui-bg_flat_55_fafafa_40x100.png HTTP/1.1" 404 1097
190.171.154.42 - - [31/May/2021:17:01:33 -0300] "GET /cormun/servlet/alicenciaprn?17235020,L,20210531000000,PU HTTP/1.1" 200 1540
190.171.152.114 - - [31/May/2021:17:01:51 -0300] "GET /cormun/servlet/solicitudot?74922f9dff5e6c68c2ddafba2c59b84a355dc23c6451a63fcd4d11bd4737d0274326b7e7898e3dd17ad1997225434b10,gx-no-cache=1622490679079 HTTP/1.1" 200 30
190.171.154.42 - - [31/May/2021:17:02:03 -0300] "GET /cormun/servlet/alicenciaprn?8762679,L,20210531000000,PU HTTP/1.1" 200 1608
190.171.142.42 - - [31/May/2021:17:02:37 -0300] "GET /cormun/servlet/hlogin HTTP/1.1" 200 1729
190.171.154.42 - - [31/May/2021:17:03:29 -0300] "GET /cormun/servlet/trpermisosgoce? HTTP/1.1" 200 8407
190.171.154.42 - - [31/May/2021:17:03:30 -0300] "GET /cormun/servlet/trpermisosgoce? HTTP/1.1" 200 8407
190.171.154.42 - - [31/May/2021:17:03:40 -0300] "GET /cormun/servlet/permisogoce?INS,0,,, HTTP/1.1" 200 7231
190.171.154.42 - - [31/May/2021:17:03:41 -0300] "GET /cormun/servlet/permisogoce?INS,0,,, HTTP/1.1" 200 7231
190.171.154.42 - - [31/May/2021:17:03:52 -0300] "GET /cormun/servlet/prfichaempleado?,MD,,gxPopupLevel%3D0%3B HTTP/1.1" 200 9379
190.171.154.42 - - [31/May/2021:17:04:07 -0300] "POST /cormun/servlet/prfichaempleado?df15c491a37913ba1d71330083eaa4f8,,MD,,gxPopupLevel%3D0%3B,gx-no-cache=1622490835047 HTTP/1.1" 200 3408
200.111.191.210 - - [31/May/2021:17:04:13 -0300] "GET /cormun/servlet/trlicencias? HTTP/1.1" 200 12557
200.111.191.210 - - [31/May/2021:17:04:13 -0300] "GET /cormun/servlet/trlicencias? HTTP/1.1" 200 12553
190.171.154.42 - - [31/May/2021:17:04:16 -0300] "GET /cormun/servlet/permisogoce?dfabcf8d6be8a6f5c8dfbd2db8011efdc6a446fba313c88e1acb01600e404ccd7b5fdb09dbd3bcaebfeb1c8ec5f01402daf10cd1b0e72025621894ecb191e805,gx-no-cache=1622490843168 HTTP/1.1" 200 81
190.171.154.42 - - [31/May/2021:17:04:16 -0300] "GET /cormun/static/menuarrow.gif HTTP/1.1" 404 1015
190.171.154.42 - - [31/May/2021:17:04:31 -0300] "GET /cormun/servlet/permisogoce?dfabcf8d6be8a6f5c8dfbd2db8011efd0fef93d57ee1dee7dd71268f869259af7447cb38865a1eade04f311f33a2dafa93d1303ea568856252487f1a46d011b8,gx-no-cache=1622490858949 HTTP/1.1" 200 45
190.171.153.50 - - [31/May/2021:17:04:59 -0300] "üÒê¾)v¾ŸfZïØà—y@½)€w®½6É1*øøl ®Péh241ÖÏÝ:`>øTþx`·\_$%ô’ðTÍh " 400 -
190.171.153.50 - - [31/May/2021:17:04:59 -0300] "ü†Dè ÆöŒ_Æ'»& Yœ<`ã0Øá‹Âšï<í! ôIJœ{ðy±ð“nM¹œÌ½EGS " 400 -
66.249.85.111 - - [31/May/2021:17:04:59 -0300] "GET /cormun/static/Resources/Logo2019_Grande.png HTTP/1.1" 200 31733
190.171.154.42 - - [31/May/2021:17:05:32 -0300] "POST /cormun/servlet/permisogoce?df15c491a37913ba1d71330083eaa4f8,INS,0,,,,gx-no-cache=1622490919006 HTTP/1.1" 200 93
190.171.154.42 - - [31/May/2021:17:05:32 -0300] "GET /cormun/servlet/hpexe_return? HTTP/1.1" 200 1009
190.171.154.42 - - [31/May/2021:17:05:32 -0300] "GET /cormun/servlet/trpermisosgoce HTTP/1.1" 200 8695
190.171.154.42 - - [31/May/2021:17:05:34 -0300] "GET /cormun/servlet/trpermisosgoce HTTP/1.1" 200 8688
190.171.152.114 - - [31/May/2021:17:06:57 -0300] "GET /cormun/servlet/solicitudot?74922f9dff5e6c68c2ddafba2c59b84a3b2991e1a08f8068c317a6135a3c0cefea6308145dc9af078f8c5210ff2ae6544326b7e7898e3dd17ad1997225434b10,gx-no-cache=1622490984883 HTTP/1.1" 200 103
190.171.152.114 - - [31/May/2021:17:06:57 -0300] "GET /cormun/static/Shared/jqueryui/images/ui-bg_highlight-soft_100_c6c2c8_1x100.png HTTP/1.1" 404 1117
190.171.152.114 - - [31/May/2021:17:06:57 -0300] "GET /cormun/static/Shared/jqueryui/images/ui-icons_82798d_256x240.png HTTP/1.1" 404 1089
190.171.152.114 - - [31/May/2021:17:06:57 -0300] "GET /cormun/static/Shared/jqueryui/images/ui-bg_flat_55_994d53_40x100.png HTTP/1.1" 404 1097
190.171.152.114 - - [31/May/2021:17:06:57 -0300] "GET /cormun/static/Shared/jqueryui/images/ui-icons_ebccce_256x240.png HTTP/1.1" 404 1089
190.171.154.42 - - [31/May/2021:17:07:01 -0300] "GET /cormun/servlet/permisogoce?INS,0,,, HTTP/1.1" 200 7231
190.171.154.42 - - [31/May/2021:17:07:04 -0300] "GET /cormun/servlet/permisogoce?INS,0,,, HTTP/1.1" 200 7231
190.171.154.42 - - [31/May/2021:17:07:11 -0300] "GET /cormun/servlet/trpermisosgoce HTTP/1.1" 200 8695
190.171.154.42 - - [31/May/2021:17:07:13 -0300] "GET /cormun/servlet/trpermisosgoce HTTP/1.1" 200 8691
190.171.154.42 - - [31/May/2021:17:07:29 -0300] "GET /cormun/servlet/trpermisosadjuntos?11372929,20210531155112,P, HTTP/1.1" 200 6652
190.171.154.42 - - [31/May/2021:17:07:31 -0300] "GET /cormun/servlet/trpermisosadjuntos?11372929,20210531155112,P, HTTP/1.1" 200 6652
190.171.154.42 - - [31/May/2021:17:07:34 -0300] "GET /cormun/servlet/permisosadjuntos?INS,11372929,P,20210531155112,, HTTP/1.1" 200 5978
190.171.154.42 - - [31/May/2021:17:07:34 -0300] "GET /cormun/static/about:blank HTTP/1.1" 404 1011
190.171.154.42 - - [31/May/2021:17:07:35 -0300] "GET /cormun/servlet/permisosadjuntos?INS,11372929,P,20210531155112,, HTTP/1.1" 200 5968
190.171.154.42 - - [31/May/2021:17:08:07 -0300] "POST /cormun/servlet/permisosadjuntos?df15c491a37913ba1d71330083eaa4f8,INS,11372929,P,20210531155112,, HTTP/1.1" 200 116
190.171.154.42 - - [31/May/2021:17:08:08 -0300] "GET /cormun/servlet/hpexe_return? HTTP/1.1" 200 1036
190.171.154.42 - - [31/May/2021:17:08:08 -0300] "GET /cormun/servlet/trpermisosadjuntos?11372929,20210531155112,P, HTTP/1.1" 200 7200
190.171.154.42 - - [31/May/2021:17:08:10 -0300] "GET /cormun/servlet/trpermisosadjuntos?11372929,20210531155112,P, HTTP/1.1" 200 7197
190.171.154.42 - - [31/May/2021:17:08:13 -0300] "GET /cormun/PublicTempStorage/permiso_administrativo_carmen_villagra3623922.pdf HTTP/1.1" 200 270252
190.171.154.42 - - [31/May/2021:17:08:18 -0300] "GET /cormun/servlet/trpermisosadjuntos?11372929,20210531155112,P, HTTP/1.1" 200 7201
190.171.154.42 - - [31/May/2021:17:08:20 -0300] "GET /cormun/servlet/trpermisosadjuntos?11372929,20210531155112,P, HTTP/1.1" 200 7197
190.171.152.114 - - [31/May/2021:17:08:22 -0300] "GET /cormun/servlet/solicitudot?74922f9dff5e6c68c2ddafba2c59b84a9bd12a9d8515b900082793b5cd719c77,gx-no-cache=1622491051145 HTTP/1.1" 200 53
190.171.154.42 - - [31/May/2021:17:08:24 -0300] "GET /cormun/servlet/permisosadjuntos?INS,11372929,P,20210531155112,, HTTP/1.1" 200 5978
190.171.154.42 - - [31/May/2021:17:08:26 -0300] "GET /cormun/servlet/permisosadjuntos?INS,11372929,P,20210531155112,, HTTP/1.1" 200 5968
190.171.154.42 - - [31/May/2021:17:08:31 -0300] "POST /cormun/servlet/permisosadjuntos?df15c491a37913ba1d71330083eaa4f8,INS,11372929,P,20210531155112,, HTTP/1.1" 200 114
190.171.154.42 - - [31/May/2021:17:08:31 -0300] "GET /cormun/servlet/hpexe_link HTTP/1.1" 200 992
190.171.154.42 - - [31/May/2021:17:08:31 -0300] "GET /cormun/servlet/trpermisosadjuntos?11372929,20210531155112,P, HTTP/1.1" 200 7198
190.171.152.114 - - [31/May/2021:17:08:31 -0300] "GET /cormun/servlet/solicitudot?74922f9dff5e6c68c2ddafba2c59b84ab01e947ac1254072944e4de2e02c4e65,gx-no-cache=1622491098465 HTTP/1.1" 200 94
190.171.154.42 - - [31/May/2021:17:08:33 -0300] "GET /cormun/servlet/trpermisosadjuntos?11372929,20210531155112,P, HTTP/1.1" 200 7197
190.171.154.42 - - [31/May/2021:17:08:37 -0300] "POST /cormun/servlet/trpermisosadjuntos?df15c491a37913ba1d71330083eaa4f8,11372929,20210531155112,P,,gx-no-cache=1622491104129 HTTP/1.1" 200 90
190.171.154.42 - - [31/May/2021:17:08:37 -0300] "GET /cormun/servlet/hpexe_link HTTP/1.1" 200 983
190.171.154.42 - - [31/May/2021:17:08:37 -0300] "GET /cormun/servlet/trpermisosgoce HTTP/1.1" 200 8693
190.171.154.42 - - [31/May/2021:17:08:39 -0300] "GET /cormun/servlet/trpermisosgoce HTTP/1.1" 200 8691
190.171.154.42 - - [31/May/2021:17:08:42 -0300] "POST /cormun/servlet/trpermisosgoce?df15c491a37913ba1d71330083eaa4f8,gx-no-cache=1622491109151 HTTP/1.1" 200 5876
190.171.152.114 - - [31/May/2021:17:08:43 -0300] "GET /cormun/servlet/solicitudot?74922f9dff5e6c68c2ddafba2c59b84a1605366a4718be165ebb9dd3488047ca3ce7e88e1a9e9af501baf3ac7302fd42c2a18f741468e14b55314d9a5258f46e83d1cf3d7f5173eaf2feecd1d6a2c1f8,gx-no-cache=1622491110622 HTTP/1.1" 200 30
190.171.154.42 - - [31/May/2021:17:08:58 -0300] "GET /cormun/servlet/permisogoce?DSP,11372929,P,20210531155112, HTTP/1.1" 200 7096
190.171.154.42 - - [31/May/2021:17:09:00 -0300] "GET /cormun/servlet/permisogoce?DSP,11372929,P,20210531155112, HTTP/1.1" 200 7099
190.171.154.42 - - [31/May/2021:17:09:06 -0300] "GET /cormun/servlet/trpermisosgoce HTTP/1.1" 200 8693
190.171.154.42 - - [31/May/2021:17:09:08 -0300] "GET /cormun/servlet/trpermisosgoce HTTP/1.1" 200 8691
190.171.152.114 - - [31/May/2021:17:09:08 -0300] "POST /cormun/servlet/solicitudot?gx-no-cache=1622491135344 HTTP/1.1" 200 255
190.171.154.42 - - [31/May/2021:17:09:10 -0300] "GET /cormun/servlet/permisogoce?UPD,11372929,P,20210531155112, HTTP/1.1" 200 7300
190.171.152.114 - - [31/May/2021:17:09:11 -0300] "GET /cormun/servlet/solicitudot?74922f9dff5e6c68c2ddafba2c59b84ac2cd14f147e25504037acd147f4e1b4eda37772c8ef5360b2e61434b64e2c2c0127f97ecbb0cedc7779a4e7872ae69874b807c7b0249b6216e3a156a31eb80273e7c1f013723a6a0c60489779c9836b90689bf7712864d8cfa96e845ac265b44f5edf79623cb94b8a9ea663fa068300a15cd992937f9eea686a5e009a159088f19b86941a7a8a17744f73e28a2ef76078761e9af7cdae08d0e6f9a2286b4d9da974c8c6bad2742e71d45ba592611b3b1683ab22632d8c0d0c57375ed41f87eefa987219435d3f515d5c4960d2f78d008b6b2c1890764114af9e107bf89616e4adf581881ec17b26a1f63a605d3990fdb012aa1d5f3c0c31c0e113dc074a13f046e24d81438f447db61ab8d18e880e90ea15707db165601a53163ffdc59d82d06a04a295f55699cec4ca0f3976924b889fd322eb475bdaf4da7d5d76b923b64f377b2a5dfdd18db66d90579934ae2f578e501bc411a83ed479c53ca39d54baa95b24f5781a4b3689817b339939580882b,gx-no-cache=1622491137896 HTTP/1.1" 200 30
190.171.154.42 - - [31/May/2021:17:09:15 -0300] "GET /cormun/servlet/permisogoce?UPD,11372929,P,20210531155112, HTTP/1.1" 200 7302
190.171.154.42 - - [31/May/2021:17:09:15 -0300] "GET /cormun/servlet/permisogoce?dfabcf8d6be8a6f5c8dfbd2db8011efdc6a446fba313c88e1acb01600e404ccd1cc3e4c07e5ad584798de531b62e8d3d59251c950f58a9cc2b64169175aecd56,gx-no-cache=1622491142753 HTTP/1.1" 200 83
190.171.152.114 - - [31/May/2021:17:09:16 -0300] "POST /cormun/servlet/solicitudot?gx-no-cache=1622491143475 HTTP/1.1" 200 30
190.171.154.42 - - [31/May/2021:17:09:19 -0300] "GET /cormun/servlet/permisogoce?dfabcf8d6be8a6f5c8dfbd2db8011efd0fef93d57ee1dee7dd71268f869259afd999665541a4982c31b77f934d713466670b4c1904b9efaa5aa50ecd21603fcf,gx-no-cache=1622491146226 HTTP/1.1" 200 46
190.171.154.42 - - [31/May/2021:17:09:30 -0300] "POST /cormun/servlet/permisogoce?df15c491a37913ba1d71330083eaa4f8,UPD,11372929,P,20210531155112,,gx-no-cache=1622491157661 HTTP/1.1" 200 93
190.171.154.42 - - [31/May/2021:17:09:30 -0300] "GET /cormun/servlet/hpexe_return? HTTP/1.1" 200 1028
190.171.154.42 - - [31/May/2021:17:09:31 -0300] "GET /cormun/servlet/trpermisosgoce HTTP/1.1" 200 8684
190.171.154.42 - - [31/May/2021:17:09:33 -0300] "GET /cormun/servlet/trpermisosgoce HTTP/1.1" 200 8677
190.171.154.42 - - [31/May/2021:17:09:41 -0300] "POST /cormun/servlet/trpermisosgoce?df15c491a37913ba1d71330083eaa4f8,gx-no-cache=1622491168580 HTTP/1.1" 200 5852
190.171.154.42 - - [31/May/2021:17:09:41 -0300] "GET /cormun/static/Shared/jqueryui/images/ui-bg_highlight-soft_100_c6c2c8_1x100.png HTTP/1.1" 404 1117
190.171.154.42 - - [31/May/2021:17:09:41 -0300] "GET /cormun/static/Shared/jqueryui/images/ui-icons_82798d_256x240.png HTTP/1.1" 404 1089
190.171.154.42 - - [31/May/2021:17:09:41 -0300] "GET /cormun/static/Shared/jqueryui/images/ui-bg_flat_55_fafafa_40x100.png HTTP/1.1" 404 1097
190.171.154.42 - - [31/May/2021:17:09:41 -0300] "GET /cormun/static/Shared/jqueryui/images/ui-icons_8d78a5_256x240.png HTTP/1.1" 404 1089
190.171.154.42 - - [31/May/2021:17:09:44 -0300] "GET /cormun/servlet/apermisogoceprn?11372929,P,20210531155112,PU HTTP/1.1" 200 1657
190.171.154.42 - - [31/May/2021:17:10:10 -0300] "GET /cormun/servlet/trpermisosadjuntos?11372929,20210531155112,P, HTTP/1.1" 200 7196
190.171.154.42 - - [31/May/2021:17:10:12 -0300] "GET /cormun/servlet/trpermisosadjuntos?11372929,20210531155112,P, HTTP/1.1" 200 7197
190.171.152.114 - - [31/May/2021:17:10:14 -0300] "GET /cormun/servlet/prcontratosol?19591963,,,,,MD,,gxPopupLevel%3D0%3B HTTP/1.1" 200 7640
190.171.154.42 - - [31/May/2021:17:10:16 -0300] "POST /cormun/servlet/trpermisosadjuntos?df15c491a37913ba1d71330083eaa4f8,11372929,20210531155112,P,,gx-no-cache=1622491203148 HTTP/1.1" 200 90
190.171.154.42 - - [31/May/2021:17:10:16 -0300] "GET /cormun/servlet/hpexe_link HTTP/1.1" 200 1005
190.171.154.42 - - [31/May/2021:17:10:16 -0300] "GET /cormun/servlet/trpermisosgoce?gx-no-cache=1622491168580 HTTP/1.1" 200 8643
190.171.154.42 - - [31/May/2021:17:10:18 -0300] "GET /cormun/servlet/trpermisosgoce?gx-no-cache=1622491168580 HTTP/1.1" 200 8662
190.171.152.114 - - [31/May/2021:17:10:19 -0300] "POST /cormun/servlet/solicitudot?gx-no-cache=1622491206570 HTTP/1.1" 200 1440
190.171.152.114 - - [31/May/2021:17:10:19 -0300] "POST /cormun/servlet/solicitudot?gx-no-cache=1622491206642 HTTP/1.1" 200 38
190.171.152.114 - - [31/May/2021:17:10:20 -0300] "GET /cormun/servlet/solicitudot?74922f9dff5e6c68c2ddafba2c59b84a31772ca15387565ef3a4df6b888aba05d5b3216024d1e0a7bc7dd1fdad0ddc6bc3d226f241c21698b2cb9ff3f3381d54029d95ca4f067cc87f28714c3ab884dbed7ff94a1192f8f09af08c0fa67b5bfde68e9f8173f4e8690b349e8ee5b6140e,gx-no-cache=1622491206682 HTTP/1.1" 200 110
190.171.152.114 - - [31/May/2021:17:10:20 -0300] "POST /cormun/servlet/solicitudot?gx-no-cache=1622491206721 HTTP/1.1" 200 110
190.171.152.114 - - [31/May/2021:17:10:20 -0300] "GET /cormun/servlet/solicitudot?74922f9dff5e6c68c2ddafba2c59b84a5a6949677017c8ce14f6c522182225aed78dd2ba5bb431dabfb7f98af1ffef494e4d449edc60beb67f7b5f39a8cd0867cbbc29477cc3e8fde4e660fd4429f40034a8b594b8db80258340693ca3ebb71da153f72b8d7db0b1913fbb7f00f0dfd9,gx-no-cache=1622491206768 HTTP/1.1" 200 29
190.171.152.114 - - [31/May/2021:17:10:20 -0300] "GET /cormun/servlet/solicitudot?74922f9dff5e6c68c2ddafba2c59b84a4894f5d994a1a92fbe950753ee1964f5a57b7a5f93954669bb20ea6810fc44dd,gx-no-cache=1622491206800 HTTP/1.1" 200 30
190.171.154.42 - - [31/May/2021:17:10:24 -0300] "GET /cormun/servlet/trpermisosadjuntos?17235020,20210524123507,P, HTTP/1.1" 200 7208
190.171.154.42 - - [31/May/2021:17:10:26 -0300] "GET /cormun/servlet/trpermisosadjuntos?17235020,20210524123507,P, HTTP/1.1" 200 7186
190.171.154.42 - - [31/May/2021:17:10:28 -0300] "GET /cormun/PublicTempStorage/permiso_administrativo_marcela_cerda_16155627.pdf HTTP/1.1" 200 235006
200.111.191.210 - - [31/May/2021:17:10:29 -0300] "GET /cormun/servlet/trpermisosgoce? HTTP/1.1" 200 11186
200.111.191.210 - - [31/May/2021:17:10:30 -0300] "GET /cormun/servlet/trpermisosgoce? HTTP/1.1" 200 11186
200.111.191.210 - - [31/May/2021:17:10:32 -0300] "GET /cormun/servlet/permisogoce?INS,0,,, HTTP/1.1" 200 7214
200.111.191.210 - - [31/May/2021:17:10:32 -0300] "GET /cormun/servlet/permisogoce?INS,0,,, HTTP/1.1" 200 7214
190.171.154.42 - - [31/May/2021:17:10:33 -0300] "GET /cormun/servlet/trpermisosadjuntos?17235020,20210524123507,P, HTTP/1.1" 200 7208
190.171.154.42 - - [31/May/2021:17:10:34 -0300] "GET /cormun/servlet/trpermisosadjuntos?17235020,20210524123507,P, HTTP/1.1" 200 7186
200.111.191.210 - - [31/May/2021:17:10:36 -0300] "GET /cormun/servlet/prfichaempleado?,MD,,gxPopupLevel%3D0%3B HTTP/1.1" 200 9366
200.111.191.210 - - [31/May/2021:17:10:41 -0300] "POST /cormun/servlet/prfichaempleado?41137d0ca1f0b8be07c56075d2601530,,MD,,gxPopupLevel%3D0%3B,gx-no-cache=1622491372779 HTTP/1.1" 200 4191
200.111.191.210 - - [31/May/2021:17:10:45 -0300] "GET /cormun/servlet/permisogoce?34cab31eb7092845795ad2773baca4ad7f08b9a5b13a6d0346e3ad075e73c09390022258e1e2b0c5c1856cb3ed80b95225ec1dd1f8fd6468a4b122b417af2472,gx-no-cache=1622491376553 HTTP/1.1" 200 78
190.171.152.114 - - [31/May/2021:17:10:56 -0300] "GET /cormun/servlet/solicitudot?74922f9dff5e6c68c2ddafba2c59b84a31772ca15387565ef3a4df6b888aba05d5b3216024d1e0a7bc7dd1fdad0ddc6bc3d226f241c21698b2cb9ff3f3381d54029d95ca4f067cc87f28714c3ab884dbed7ff94a1192f8f09af08c0fa67b5bfde68e9f8173f4e8690b349e8ee5b6140e,gx-no-cache=1622491242962 HTTP/1.1" 200 110
200.111.191.210 - - [31/May/2021:17:10:56 -0300] "GET /cormun/servlet/permisogoce?34cab31eb7092845795ad2773baca4ad9f17dc04de36a9f09d702e411ed86ac982b8eaa6f9c92fe86861e4492c6aaeec65702eeaded2880c6c096f7b89d085bd,gx-no-cache=1622491387544 HTTP/1.1" 200 46
200.111.191.210 - - [31/May/2021:17:10:58 -0300] "POST /cormun/servlet/permisogoce?41137d0ca1f0b8be07c56075d2601530,INS,0,,,,gx-no-cache=1622491389517 HTTP/1.1" 200 93
200.111.191.210 - - [31/May/2021:17:10:59 -0300] "GET /cormun/servlet/hpexe_return? HTTP/1.1" 200 1006
200.111.191.210 - - [31/May/2021:17:10:59 -0300] "GET /cormun/servlet/trpermisosgoce HTTP/1.1" 200 11434
200.111.191.210 - - [31/May/2021:17:10:59 -0300] "GET /cormun/servlet/trpermisosgoce HTTP/1.1" 200 11429
200.111.191.210 - - [31/May/2021:17:11:01 -0300] "GET /cormun/servlet/apermisogoceprn?9984335,P,20210531155804,PU HTTP/1.1" 200 1645
200.111.191.210 - - [31/May/2021:17:11:10 -0300] "GET /cormun/servlet/permisogoce?INS,0,,, HTTP/1.1" 200 7214
200.111.191.210 - - [31/May/2021:17:11:10 -0300] "GET /cormun/servlet/permisogoce?INS,0,,, HTTP/1.1" 200 7214
200.111.191.210 - - [31/May/2021:17:11:12 -0300] "GET /cormun/servlet/prfichaempleado?,MD,,gxPopupLevel%3D0%3B HTTP/1.1" 200 9366
200.111.191.210 - - [31/May/2021:17:11:19 -0300] "POST /cormun/servlet/prfichaempleado?41137d0ca1f0b8be07c56075d2601530,,MD,,gxPopupLevel%3D0%3B,gx-no-cache=1622491409959 HTTP/1.1" 200 3401
200.111.191.210 - - [31/May/2021:17:11:21 -0300] "GET /cormun/servlet/permisogoce?34cab31eb7092845795ad2773baca4aded66931204978b566ed973a15c55acd490022258e1e2b0c5c1856cb3ed80b95225ec1dd1f8fd6468a4b122b417af2472,gx-no-cache=1622491412242 HTTP/1.1" 200 85
190.171.152.114 - - [31/May/2021:17:11:22 -0300] "POST /cormun/servlet/solicitudot?gx-no-cache=1622491269352 HTTP/1.1" 200 33
200.111.191.210 - - [31/May/2021:17:11:26 -0300] "GET /cormun/servlet/permisogoce?34cab31eb7092845795ad2773baca4addafb66a0ba7841e35ffe666af02ac4359e0dde9cd8bd7a10a3f5ccb1d054829c65702eeaded2880c6c096f7b89d085bd,gx-no-cache=1622491417544 HTTP/1.1" 200 46
190.171.152.114 - - [31/May/2021:17:11:27 -0300] "POST /cormun/servlet/solicitudot?3b866f40232e4ee1bda14cf4c1f74c5f,INS,0,0,false,,gx-no-cache=1622491274282 HTTP/1.1" 200 93
190.171.152.114 - - [31/May/2021:17:11:27 -0300] "GET /cormun/servlet/hpexe_return? HTTP/1.1" 200 1010
190.171.152.114 - - [31/May/2021:17:11:28 -0300] "GET /cormun/servlet/trsolicitudot HTTP/1.1" 200 8945
200.111.191.210 - - [31/May/2021:17:11:28 -0300] "POST /cormun/servlet/permisogoce?41137d0ca1f0b8be07c56075d2601530,INS,0,,,,gx-no-cache=1622491419506 HTTP/1.1" 200 93
200.111.191.210 - - [31/May/2021:17:11:28 -0300] "GET /cormun/servlet/hpexe_return? HTTP/1.1" 200 1006
200.111.191.210 - - [31/May/2021:17:11:29 -0300] "GET /cormun/servlet/trpermisosgoce HTTP/1.1" 200 11668
200.111.191.210 - - [31/May/2021:17:11:29 -0300] "GET /cormun/servlet/trpermisosgoce HTTP/1.1" 200 11665
190.171.152.114 - - [31/May/2021:17:11:29 -0300] "GET /cormun/servlet/trsolicitudot HTTP/1.1" 200 8941
200.111.191.210 - - [31/May/2021:17:11:32 -0300] "GET /cormun/servlet/apermisogoceprn?8943002,P,20210531155842,PU HTTP/1.1" 200 1652
200.111.191.210 - - [31/May/2021:17:11:42 -0300] "GET /cormun/servlet/permisogoce?INS,0,,, HTTP/1.1" 200 7215
200.111.191.210 - - [31/May/2021:17:11:42 -0300] "GET /cormun/servlet/permisogoce?INS,0,,, HTTP/1.1" 200 7215
200.111.191.210 - - [31/May/2021:17:11:44 -0300] "GET /cormun/servlet/prfichaempleado?,MD,,gxPopupLevel%3D0%3B HTTP/1.1" 200 9366
200.111.191.210 - - [31/May/2021:17:11:49 -0300] "POST /cormun/servlet/prfichaempleado?41137d0ca1f0b8be07c56075d2601530,,MD,,gxPopupLevel%3D0%3B,gx-no-cache=1622491440785 HTTP/1.1" 200 3720
200.111.191.210 - - [31/May/2021:17:11:52 -0300] "GET /cormun/servlet/permisogoce?34cab31eb7092845795ad2773baca4ad6eee8ef1affce1190ccbb15383c52dfbe7aea5fbb157403bf79822d54270766a6e53b752f3c087148633edcc24d498ae,gx-no-cache=1622491443510 HTTP/1.1" 200 78
