190.171.141.90 - - [27/May/2021:10:10:51 -0300] "GET /cormun/servlet/solicitudotadjuntos?e7dd2dd8734a134efafad8b28670615872d80541d1eec9f6484fd2393cb250e3806e8c2f9290087d27a24f1caeb44da0,gx-no-cache=1622120439086 HTTP/1.1" 200 30
190.171.141.90 - - [27/May/2021:10:10:51 -0300] "POST /cormun/servlet/solicitudotadjuntos?cbc017617f87909f72a198973aa8691c,INS,2021,17084,,1,,gx-no-cache=1622120439215 HTTP/1.1" 200 3873
190.171.141.90 - - [27/May/2021:10:10:54 -0300] "POST /cormun/servlet/solicitudotadjuntos?gx-no-cache=1622120442728 HTTP/1.1" 200 26
200.86.165.116 - - [27/May/2021:10:10:54 -0300] "POST /cormun/servlet/hlogin?b779e5a0a765be6e7e2762d58858b456,gx-no-cache=1622120443316 HTTP/1.1" 200 90
200.86.165.116 - - [27/May/2021:10:10:55 -0300] "GET /cormun/servlet/hpexe_link HTTP/1.1" 200 956
200.86.165.116 - - [27/May/2021:10:10:55 -0300] "GET /cormun/static/gxcfg.js?201991422392958 HTTP/1.1" 200 953
200.86.165.116 - - [27/May/2021:10:10:55 -0300] "GET /cormun/static/hpexe_link.js?201991422392963 HTTP/1.1" 200 625
200.86.165.116 - - [27/May/2021:10:10:56 -0300] "GET /cormun/servlet/hhome HTTP/1.1" 200 4307
200.86.165.116 - - [27/May/2021:10:10:56 -0300] "GET /cormun/static/Shared/jqueryui/jquery-ui.min.css?1345370 HTTP/1.1" 200 30288
200.86.165.116 - - [27/May/2021:10:10:57 -0300] "GET /cormun/static/Resources/Spanish/PXTools.css?14345360 HTTP/1.1" 200 100853
200.86.165.116 - - [27/May/2021:10:10:57 -0300] "GET /cormun/static/SmoothNavMenu/resources/ddsmoothmenu.css?1112540 HTTP/1.1" 200 2223
200.86.165.116 - - [27/May/2021:10:10:57 -0300] "GET /cormun/static/SmoothNavMenu/resources/ddsmoothmenu-v.css?1112540 HTTP/1.1" 200 1188
200.86.165.116 - - [27/May/2021:10:10:57 -0300] "GET /cormun/static/gxcfg.js?20201215495537 HTTP/1.1" 200 953
200.86.165.116 - - [27/May/2021:10:10:57 -0300] "GET /cormun/static/scaMessage/css/jquery.pnotify.default.css?1816380 HTTP/1.1" 200 1707
190.171.152.114 - - [27/May/2021:10:10:57 -0300] "POST /cormun/servlet/solicitudot?gx-no-cache=1622120441098 HTTP/1.1" 200 1441
200.86.165.116 - - [27/May/2021:10:10:57 -0300] "GET /cormun/static/PXToolsJavascripts/pexe_autoreload.js HTTP/1.1" 200 1762
200.86.165.116 - - [27/May/2021:10:10:57 -0300] "GET /cormun/static/PXToolsJavascripts/pexe_cookies.js HTTP/1.1" 200 792
200.86.165.116 - - [27/May/2021:10:10:57 -0300] "GET /cormun/static/PXToolsJavascripts/pexe_windows.js HTTP/1.1" 200 15207
200.86.165.116 - - [27/May/2021:10:10:57 -0300] "GET /cormun/static/PXToolsJavascripts/pexe_grid.js HTTP/1.1" 200 7559
200.86.165.116 - - [27/May/2021:10:10:57 -0300] "GET /cormun/static/PXToolsJavascripts/pexe_griddivfix.js HTTP/1.1" 200 6644
200.86.165.116 - - [27/May/2021:10:10:57 -0300] "GET /cormun/static/PXToolsJavascripts/pexe_link.js HTTP/1.1" 200 5671
200.86.165.116 - - [27/May/2021:10:10:58 -0300] "GET /cormun/static/PXToolsJavascripts/pexe_menudivfix.js HTTP/1.1" 200 333
200.86.165.116 - - [27/May/2021:10:10:58 -0300] "GET /cormun/static/PXToolsJavascripts/pexe_menus.js HTTP/1.1" 200 1286
200.86.165.116 - - [27/May/2021:10:10:58 -0300] "GET /cormun/static/PXToolsJavascripts/pexe_layers.js HTTP/1.1" 200 4114
200.86.165.116 - - [27/May/2021:10:10:58 -0300] "GET /cormun/static/PXToolsJavascripts/pexe_oav.js HTTP/1.1" 200 645
200.86.165.116 - - [27/May/2021:10:10:58 -0300] "GET /cormun/static/PXToolsJavascripts/pexe_oavdivfix.js HTTP/1.1" 200 639
200.86.165.116 - - [27/May/2021:10:10:58 -0300] "GET /cormun/static/PXToolsJavascripts/pexe_picture.js HTTP/1.1" 200 689
200.86.165.116 - - [27/May/2021:10:10:58 -0300] "GET /cormun/static/PXToolsJavascripts/pexe_scrolldiv.js HTTP/1.1" 200 4138
200.86.165.116 - - [27/May/2021:10:10:58 -0300] "GET /cormun/static/PXToolsJavascripts/pexe_popup.js HTTP/1.1" 200 13458
200.86.165.116 - - [27/May/2021:10:10:58 -0300] "GET /cormun/static/PXToolsJavascripts/pexe_tabdivfix.js HTTP/1.1" 200 876
200.86.165.116 - - [27/May/2021:10:10:58 -0300] "GET /cormun/static/PXToolsJavascripts/pexe_tabs.js HTTP/1.1" 200 3748
200.86.165.116 - - [27/May/2021:10:10:58 -0300] "GET /cormun/static/PXToolsJavascripts/pexe_upload.js HTTP/1.1" 200 1423
200.86.165.116 - - [27/May/2021:10:10:58 -0300] "GET /cormun/static/PXToolsJavascripts/PXToolsJavascriptsRender.js HTTP/1.1" 200 367
200.86.165.116 - - [27/May/2021:10:10:59 -0300] "GET /cormun/static/RunJS/RunJS.js HTTP/1.1" 200 288
200.86.165.116 - - [27/May/2021:10:10:59 -0300] "GET /cormun/static/Shared/ext/locale/ext-lang-en.js HTTP/1.1" 200 10940
200.86.165.116 - - [27/May/2021:10:10:59 -0300] "GET /cormun/static/hhome.js?20201215495544 HTTP/1.1" 200 777
200.86.165.116 - - [27/May/2021:10:10:59 -0300] "GET /cormun/static/hwchdr01.js?20201214473739 HTTP/1.1" 200 996
200.86.165.116 - - [27/May/2021:10:10:59 -0300] "GET /cormun/static/gxui/gxui-all.js HTTP/1.1" 200 107772
200.86.165.116 - - [27/May/2021:10:10:59 -0300] "GET /cormun/static/hpexe_recentlink.js?20201214471090 HTTP/1.1" 200 2144
200.86.165.116 - - [27/May/2021:10:10:59 -0300] "GET /cormun/static/hpexe_scripts.js?20201214471411 HTTP/1.1" 200 1544
200.86.165.116 - - [27/May/2021:10:10:59 -0300] "GET /cormun/static/hpexe_messagecontroller.js?201991422154126 HTTP/1.1" 200 870
200.86.165.116 - - [27/May/2021:10:10:59 -0300] "GET /cormun/static/hpexe_messagepopupcomponent.js?2020121447232 HTTP/1.1" 200 605
200.86.165.116 - - [27/May/2021:10:11:00 -0300] "GET /cormun/static/Resources/ImgLogin.png HTTP/1.1" 200 1432
200.86.165.116 - - [27/May/2021:10:11:00 -0300] "GET /cormun/static/Resources/ImgHome.png HTTP/1.1" 200 1364
200.86.165.116 - - [27/May/2021:10:11:00 -0300] "GET /cormun/static/Resources/Logo2019_Small.png HTTP/1.1" 200 10855
200.86.165.116 - - [27/May/2021:10:11:00 -0300] "GET /cormun/static/Resources/PXToolsDataTitle.png HTTP/1.1" 200 1173
200.86.165.116 - - [27/May/2021:10:11:00 -0300] "GET /cormun/static/Resources/Llave.png HTTP/1.1" 200 1395
200.86.165.116 - - [27/May/2021:10:11:00 -0300] "GET /cormun/static/Shared/ext/ext-all.js HTTP/1.1" 200 1289687
200.86.165.116 - - [27/May/2021:10:11:00 -0300] "GET /cormun/static/hpexe_messagegenexuscomponent.js?2020121447173 HTTP/1.1" 200 587
200.86.165.116 - - [27/May/2021:10:11:00 -0300] "GET /cormun/static/cmcontrolpreferences.js?20199141926336 HTTP/1.1" 200 1375
200.86.165.116 - - [27/May/2021:10:11:00 -0300] "GET /cormun/static/Shared/jquery/jquery-1.4.2.min.js HTTP/1.1" 200 72174
200.86.165.116 - - [27/May/2021:10:11:01 -0300] "GET /cormun/static/Shared/jquery/jquery-1.10.2.min.js HTTP/1.1" 200 273199
200.86.165.116 - - [27/May/2021:10:11:01 -0300] "GET /cormun/static/Shared/jqueryui/jquery-ui.min.js HTTP/1.1" 200 240427
200.86.165.116 - - [27/May/2021:10:11:01 -0300] "GET /cormun/static/SmoothNavMenu/resources/SmoothNavMenuRender.js HTTP/1.1" 200 5951
200.86.165.116 - - [27/May/2021:10:11:01 -0300] "GET /cormun/static/SmoothNavMenu/resources/ddsmoothmenu.js HTTP/1.1" 200 12712
200.86.165.116 - - [27/May/2021:10:11:01 -0300] "GET /cormun/static/scaMessage/js/jquery.pnotify.min.js HTTP/1.1" 200 13038
200.86.165.116 - - [27/May/2021:10:11:01 -0300] "GET /cormun/static/scaMessage/scaMessageRender.js HTTP/1.1" 200 11977
200.86.165.116 - - [27/May/2021:10:11:01 -0300] "GET /cormun/static/hmpwkw03.js?20201215501896 HTTP/1.1" 200 3973
190.171.152.114 - - [27/May/2021:10:11:02 -0300] "GET /cormun/servlet/prlicenciaspermisos?17651846,L,,MD,,gxPopupLevel%3D0%3B HTTP/1.1" 200 5700
190.171.152.114 - - [27/May/2021:10:11:02 -0300] "GET /cormun/static/gxcfg.js?2020121559567 HTTP/1.1" 200 953
190.171.152.114 - - [27/May/2021:10:11:02 -0300] "GET /cormun/static/prlicenciaspermisos.js?2020121559821 HTTP/1.1" 200 13379
200.86.165.116 - - [27/May/2021:10:11:05 -0300] "GET /cormun/servlet/hhome HTTP/1.1" 200 4303
200.86.165.116 - - [27/May/2021:10:11:05 -0300] "GET /cormun/static/SmoothNavMenu/resources/images/down.gif HTTP/1.1" 200 854
200.86.165.116 - - [27/May/2021:10:11:05 -0300] "GET /cormun/static/SmoothNavMenu/resources/images/right.gif HTTP/1.1" 200 860
190.171.152.114 - - [27/May/2021:10:11:11 -0300] "POST /cormun/servlet/solicitudot?gx-no-cache=1622120455353 HTTP/1.1" 200 40
190.171.152.114 - - [27/May/2021:10:11:59 -0300] "GET /cormun/servlet/solicitudot?b224f4bbfb063d14370b8d1cdc46e37d6b0f77e16c1c5019d980f3b225505ca7b950f868232d24d42a2eccd913ff8afe12e0e05d7b6531a881939be2aab8d9d53d8c34004ebb9d66f91ed305fd62a713bb7761ca0a98a769e293bb14add96681373593d6e18b11acec4fcc42e23511a0,gx-no-cache=1622120503328 HTTP/1.1" 200 110
190.171.152.114 - - [27/May/2021:10:11:59 -0300] "POST /cormun/servlet/solicitudot?gx-no-cache=1622120503419 HTTP/1.1" 200 110
200.86.165.116 - - [27/May/2021:10:12:10 -0300] "GET /cormun/servlet/trlicencias? HTTP/1.1" 200 8909
200.86.165.116 - - [27/May/2021:10:12:11 -0300] "GET /cormun/static/gxui/gxui-all.css?120300 HTTP/1.1" 200 2179
200.86.165.116 - - [27/May/2021:10:12:11 -0300] "GET /cormun/static/calendar-system.css?85620 HTTP/1.1" 200 5572
200.86.165.116 - - [27/May/2021:10:12:11 -0300] "GET /cormun/static/gxcfg.js?2020121613995 HTTP/1.1" 200 953
200.86.165.116 - - [27/May/2021:10:12:11 -0300] "GET /cormun/static/calendar-setup.js?85251 HTTP/1.1" 200 2588
190.171.152.114 - - [27/May/2021:10:12:11 -0300] "GET /cormun/servlet/solicitudot?b224f4bbfb063d14370b8d1cdc46e37d5fd7f0ee9adde91f2cf03d565a215b1164786baca21fe0e75eda29d7c96d482c3977fbb200b3124b5e8426c4e38a38846f821a9c55ce4b93e39bf77030e22374230fe8a01ec4fb04d93d7480e98d58167f84a9646613751c5d9bd7c3e271af2b4c0feb3855f9f5bc793f8a927881ff25a9847b3a62ef472fd88cdabc1035af80d2cf29d209922fba94bc9843cf45db8e,gx-no-cache=1622120515282 HTTP/1.1" 200 29
200.86.165.116 - - [27/May/2021:10:12:11 -0300] "GET /cormun/static/calendar.js?85251 HTTP/1.1" 200 26246
190.171.152.114 - - [27/May/2021:10:12:11 -0300] "GET /cormun/static/menuarrow.gif HTTP/1.1" 404 1015
200.86.165.116 - - [27/May/2021:10:12:11 -0300] "GET /cormun/static/calendar-es.js?85251 HTTP/1.1" 200 1901
200.86.165.116 - - [27/May/2021:10:12:12 -0300] "GET /cormun/static/Shared/ext/resources/css/ext-all.css?215870 HTTP/1.1" 200 416045
200.86.165.116 - - [27/May/2021:10:12:12 -0300] "GET /cormun/static/gxdec.js?85251 HTTP/1.1" 200 19579
200.86.165.116 - - [27/May/2021:10:12:12 -0300] "GET /cormun/static/trlicencias.js?202012162481 HTTP/1.1" 200 41883
190.171.152.114 - - [27/May/2021:10:12:15 -0300] "GET /cormun/servlet/solicitudot?b224f4bbfb063d14370b8d1cdc46e37d26100e4a552c892a1bd6b544e47f52765827e631c11da4cacb3c19217406cd43,gx-no-cache=1622120519144 HTTP/1.1" 200 30
190.171.152.114 - - [27/May/2021:10:12:15 -0300] "POST /cormun/servlet/solicitudot?gx-no-cache=1622120519204 HTTP/1.1" 200 34
200.86.165.116 - - [27/May/2021:10:12:17 -0300] "GET /cormun/static/Resources/PXToolsDataSearch.png HTTP/1.1" 200 435
200.86.165.116 - - [27/May/2021:10:12:17 -0300] "GET /cormun/static/Resources/PXTools/calendar.png HTTP/1.1" 200 1306
200.86.165.116 - - [27/May/2021:10:12:18 -0300] "GET /cormun/static/Resources/PXToolsGridFirstDisabled.gif HTTP/1.1" 200 100
200.86.165.116 - - [27/May/2021:10:12:18 -0300] "GET /cormun/static/Resources/PXToolsGridPreviousDisabled.gif HTTP/1.1" 200 90
200.86.165.116 - - [27/May/2021:10:12:18 -0300] "GET /cormun/static/Resources/PXToolsGridLastDisabled.gif HTTP/1.1" 200 98
200.86.165.116 - - [27/May/2021:10:12:18 -0300] "GET /cormun/static/Resources/PXToolsGridNextDisabled.gif HTTP/1.1" 200 90
200.86.165.116 - - [27/May/2021:10:12:18 -0300] "GET /cormun/static/Resources/PXToolsGridPage.gif HTTP/1.1" 200 725
200.86.165.116 - - [27/May/2021:10:12:18 -0300] "GET /cormun/static/Resources/PXToolsActionExcel.png HTTP/1.1" 200 727
200.86.165.116 - - [27/May/2021:10:12:18 -0300] "GET /cormun/static/Resources/PXToolsAddAllAction.png HTTP/1.1" 200 495
200.86.165.116 - - [27/May/2021:10:12:21 -0300] "GET /cormun/servlet/trlicencias? HTTP/1.1" 200 8907
200.86.165.116 - - [27/May/2021:10:12:21 -0300] "GET /cormun/static/Resources/asc.gif HTTP/1.1" 200 67
200.86.165.116 - - [27/May/2021:10:12:21 -0300] "GET /cormun/static/Resources/desc.gif HTTP/1.1" 200 65
200.86.165.116 - - [27/May/2021:10:12:21 -0300] "GET /cormun//static/Resources/PXToolsActionDisabled.gif HTTP/1.1" 200 53
200.86.165.116 - - [27/May/2021:10:12:21 -0300] "GET /cormun//static/Resources/PXToolsGridDisplay.png HTTP/1.1" 200 525
200.86.165.116 - - [27/May/2021:10:12:21 -0300] "GET /cormun//static/Resources/PXTools/ActionInsert.png HTTP/1.1" 200 1482
200.86.165.116 - - [27/May/2021:10:12:22 -0300] "GET /cormun//static/Resources/PXToolsActionPrint.png HTTP/1.1" 200 404
200.86.165.116 - - [27/May/2021:10:12:22 -0300] "GET /cormun//static/Resources/PXToolsHeaderHelp.png HTTP/1.1" 200 1333
200.86.165.116 - - [27/May/2021:10:12:22 -0300] "GET /cormun//static/Resources/PXToolsHeaderFavorites.png HTTP/1.1" 200 1414
200.86.165.116 - - [27/May/2021:10:12:24 -0300] "GET /cormun/static/Shared/ext/resources/themes/images/default/panel/bg-headersPanel.png HTTP/1.1" 200 255
200.86.165.116 - - [27/May/2021:10:12:24 -0300] "GET /cormun/static/Shared/ext/resources/themes/images/default/tools/tool-sprites.gif HTTP/1.1" 200 5434
190.171.152.114 - - [27/May/2021:10:13:15 -0300] "GET /cormun/servlet/solicitudot?b224f4bbfb063d14370b8d1cdc46e37dcf2f2001b7c5fb3a99fec46b4d23acd909e70decd086790f4b058b2468546d8a5fd5c4de82b83ea4e5ff3e3bbbc552cca5f70d1d83fe8f14217bfac4a4160897,gx-no-cache=1622120579624 HTTP/1.1" 200 30
190.171.152.114 - - [27/May/2021:10:13:15 -0300] "POST /cormun/servlet/solicitudot?gx-no-cache=1622120579741 HTTP/1.1" 200 240
190.171.152.114 - - [27/May/2021:10:13:15 -0300] "GET /cormun/servlet/solicitudot?b224f4bbfb063d14370b8d1cdc46e37d0f222b7d85391528205a3f9616415ec2888ee05eeb64b24152d0242825909df069a492dda536c16b1d6a91e74c514be2fe637b51712abf202341a862e6c738e74bf103af96bc802d94e651baf232c87ce7d1ca2bbac7672e89cb1ba57ed1e57c04a393f5ffae715fae767bd026028c32e11dfc246018a100fff07c8906e7939e7afc324a991164d48499fae91576e8e6c30964219b93157ebb19d191dfb28fc64313cd03ffe23f673a64934ce7a5c9bab77409b32a8f355b6f5dd2ac1f8222bdecdd322a812ec70939d82ca6bacd723839471c972859ebb0021424e9d3d4f83bc9bb4815b0e4feca7485d54a387b8f5850df9df686bea6d3955479714f6dea996c0b7b8dad5db8eb47025f916feebcf3ad8b672ec2efc91bc09c52b9406dbff89351699d05f5aa49ef49e7f11dd8f70f7d5be807d21909edfcb14cd8970d4811d3da8497f03460e2e3b6a9e116f13295067cdfb8e6670afaeb07970309bf11dd3bf39eda8d4a25fe2ed16f9b1fd46dce,gx-no-cache=1622120579806 HTTP/1.1" 200 30
190.171.152.114 - - [27/May/2021:10:13:15 -0300] "POST /cormun/servlet/solicitudot?gx-no-cache=1622120579850 HTTP/1.1" 200 30
190.171.152.114 - - [27/May/2021:10:13:16 -0300] "POST /cormun/servlet/solicitudot?gx-no-cache=1622120579922 HTTP/1.1" 200 1441
190.171.152.114 - - [27/May/2021:10:13:16 -0300] "POST /cormun/servlet/solicitudot?gx-no-cache=1622120580043 HTTP/1.1" 200 40
190.171.152.114 - - [27/May/2021:10:13:16 -0300] "GET /cormun/servlet/solicitudot?b224f4bbfb063d14370b8d1cdc46e37d6b0f77e16c1c5019d980f3b225505ca7b950f868232d24d42a2eccd913ff8afe12e0e05d7b6531a881939be2aab8d9d53d8c34004ebb9d66f91ed305fd62a713bb7761ca0a98a769e293bb14add96681373593d6e18b11acec4fcc42e23511a0,gx-no-cache=1622120580084 HTTP/1.1" 200 110
190.171.152.114 - - [27/May/2021:10:13:16 -0300] "POST /cormun/servlet/solicitudot?gx-no-cache=1622120580134 HTTP/1.1" 200 109
190.171.152.114 - - [27/May/2021:10:13:16 -0300] "GET /cormun/servlet/solicitudot?b224f4bbfb063d14370b8d1cdc46e37d26100e4a552c892a1bd6b544e47f52765827e631c11da4cacb3c19217406cd43,gx-no-cache=1622120580185 HTTP/1.1" 200 30
190.171.152.114 - - [27/May/2021:10:13:16 -0300] "POST /cormun/servlet/solicitudot?gx-no-cache=1622120580230 HTTP/1.1" 200 34
190.171.152.114 - - [27/May/2021:10:13:16 -0300] "POST /cormun/servlet/solicitudot?cf57e4a65c20660310262faade74c31e,INS,0,0,false,,gx-no-cache=1622120580291 HTTP/1.1" 200 93
190.171.152.114 - - [27/May/2021:10:13:16 -0300] "GET /cormun/servlet/hpexe_return? HTTP/1.1" 200 1011
190.171.152.114 - - [27/May/2021:10:13:17 -0300] "GET /cormun/static/gxcfg.js?201991422392976 HTTP/1.1" 200 953
190.171.152.114 - - [27/May/2021:10:13:17 -0300] "GET /cormun/static/hpexe_return.js?201991422392984 HTTP/1.1" 200 1633
190.171.152.114 - - [27/May/2021:10:13:17 -0300] "GET /cormun/servlet/trsolicitudot HTTP/1.1" 200 8969
190.171.152.114 - - [27/May/2021:10:13:18 -0300] "GET /cormun//static/Resources/PXToolsActionView.png HTTP/1.1" 200 398
190.171.152.114 - - [27/May/2021:10:13:18 -0300] "GET /cormun//static/Resources/PXToolsGridUpdate.png HTTP/1.1" 200 470
190.171.152.114 - - [27/May/2021:10:13:18 -0300] "GET /cormun//static/Resources/PXToolsGridDelete.png HTTP/1.1" 200 538
190.171.152.114 - - [27/May/2021:10:13:18 -0300] "GET /cormun//static/Resources/PXTools/ActionInsert.png HTTP/1.1" 200 1482
190.171.152.114 - - [27/May/2021:10:13:18 -0300] "GET /cormun//static/Resources/PXToolsRemoveAllAction.png HTTP/1.1" 200 487
190.171.152.114 - - [27/May/2021:10:13:18 -0300] "GET /cormun/servlet/trsolicitudot HTTP/1.1" 200 8964
200.111.191.210 - - [27/May/2021:10:14:12 -0300] "GET /cormun/servlet/trpermisosgoce? HTTP/1.1" 200 6025
200.111.191.210 - - [27/May/2021:10:14:12 -0300] "GET /cormun/servlet/hlogin HTTP/1.1" 200 1747
200.111.191.210 - - [27/May/2021:10:14:12 -0300] "GET /cormun/servlet/trpermisosgoce? HTTP/1.1" 200 6023
200.111.191.210 - - [27/May/2021:10:14:14 -0300] "GET /cormun/servlet/hlogin HTTP/1.1" 200 1747
200.111.191.210 - - [27/May/2021:10:14:14 -0300] "GET /favicon.ico HTTP/1.1" 200 21630
200.111.191.210 - - [27/May/2021:10:14:26 -0300] "POST /cormun/servlet/hlogin?0e5443971d86a309e175fca8df5f2b61,gx-no-cache=1622120790194 HTTP/1.1" 200 90
200.111.191.210 - - [27/May/2021:10:14:26 -0300] "GET /cormun/servlet/hpexe_link HTTP/1.1" 200 959
200.111.191.210 - - [27/May/2021:10:14:26 -0300] "GET /cormun/servlet/trpermisosgoce HTTP/1.1" 200 10689
200.111.191.210 - - [27/May/2021:10:14:27 -0300] "GET /cormun/servlet/trpermisosgoce HTTP/1.1" 200 10687
190.171.143.82 - - [27/May/2021:10:14:31 -0300] "GET /cormun/servlet/hlogin HTTP/1.1" 200 1730
200.111.191.210 - - [27/May/2021:10:14:34 -0300] "GET /cormun/servlet/permisogoce?INS,0,,, HTTP/1.1" 200 6812
190.171.152.114 - - [27/May/2021:10:14:34 -0300] "GET /cormun/servlet/hlogin HTTP/1.1" 200 1733
200.111.191.210 - - [27/May/2021:10:14:34 -0300] "GET /cormun/servlet/permisogoce?INS,0,,, HTTP/1.1" 200 6812
190.171.152.114 - - [27/May/2021:10:14:35 -0300] "GET /favicon.ico HTTP/1.1" 200 21630
200.111.191.210 - - [27/May/2021:10:14:37 -0300] "GET /cormun/servlet/prfichaempleado?,MD,,gxPopupLevel%3D0%3B HTTP/1.1" 200 9248
190.171.143.82 - - [27/May/2021:10:14:43 -0300] "POST /cormun/servlet/hlogin?978a5b50610f0a4a4e729a653a4a50aa,gx-no-cache=1622120670480 HTTP/1.1" 200 90
200.111.191.210 - - [27/May/2021:10:14:43 -0300] "POST /cormun/servlet/prfichaempleado?0e5443971d86a309e175fca8df5f2b61,,MD,,gxPopupLevel%3D0%3B,gx-no-cache=1622120806812 HTTP/1.1" 200 6227
190.171.143.82 - - [27/May/2021:10:14:43 -0300] "GET /cormun/servlet/hpexe_link HTTP/1.1" 200 955
200.111.191.210 - - [27/May/2021:10:14:43 -0300] "GET /cormun/static/Resources/PXToolsGridNext.gif HTTP/1.1" 200 369
200.111.191.210 - - [27/May/2021:10:14:43 -0300] "GET /cormun/static/Resources/PXToolsGridLast.gif HTTP/1.1" 200 370
190.171.143.82 - - [27/May/2021:10:14:43 -0300] "GET /cormun/servlet/hhome HTTP/1.1" 200 4006
190.171.143.82 - - [27/May/2021:10:14:45 -0300] "GET /cormun/servlet/hhome HTTP/1.1" 200 4002
190.171.152.114 - - [27/May/2021:10:14:45 -0300] "POST /cormun/servlet/hlogin?9aa5080ca509271c603c129baf1fd12c,gx-no-cache=1622117071066 HTTP/1.1" 200 90
190.171.152.114 - - [27/May/2021:10:14:45 -0300] "GET /cormun/servlet/hpexe_link HTTP/1.1" 200 958
190.171.152.114 - - [27/May/2021:10:14:45 -0300] "GET /cormun/servlet/hhome HTTP/1.1" 200 4311
190.171.152.114 - - [27/May/2021:10:14:47 -0300] "GET /cormun/servlet/hhome HTTP/1.1" 200 4307
190.171.143.82 - - [27/May/2021:10:14:49 -0300] "GET /cormun/servlet/trlicencias? HTTP/1.1" 200 10438
190.171.152.114 - - [27/May/2021:10:14:50 -0300] "GET /cormun/servlet/trsolicitudot? HTTP/1.1" 200 8968
190.171.143.82 - - [27/May/2021:10:14:51 -0300] "GET /cormun/servlet/trlicencias? HTTP/1.1" 200 10429
190.171.152.114 - - [27/May/2021:10:14:52 -0300] "GET /cormun/servlet/trsolicitudot? HTTP/1.1" 200 8967
190.171.143.82 - - [27/May/2021:10:14:55 -0300] "POST /cormun/servlet/trlicencias?978a5b50610f0a4a4e729a653a4a50aa,,gx-no-cache=1622120683269 HTTP/1.1" 200 7946
190.171.143.82 - - [27/May/2021:10:15:04 -0300] "GET /cormun/servlet/trpermisosgoce? HTTP/1.1" 200 11752
190.171.143.82 - - [27/May/2021:10:15:06 -0300] "GET /cormun/servlet/trpermisosgoce? HTTP/1.1" 200 11751
190.171.152.114 - - [27/May/2021:10:15:09 -0300] "GET /cormun/servlet/trsolicitudot? HTTP/1.1" 200 8967
190.171.152.114 - - [27/May/2021:10:15:10 -0300] "GET /cormun/servlet/trsolicitudot? HTTP/1.1" 200 8967
190.171.141.90 - - [27/May/2021:10:15:40 -0300] "GET /cormun/servlet/solicitudotadjuntos?e7dd2dd8734a134efafad8b286706158e12d9d87ee2764d70c46e7c44a4bb530,gx-no-cache=1622120729018 HTTP/1.1" 200 30
190.171.141.90 - - [27/May/2021:10:15:40 -0300] "GET /cormun/servlet/solicitudotadjuntos?e7dd2dd8734a134efafad8b286706158e12d9d87ee2764d70c46e7c44a4bb530,gx-no-cache=1622120729048 HTTP/1.1" 200 30
190.171.141.90 - - [27/May/2021:10:15:41 -0300] "POST /cormun/servlet/solicitudotadjuntos?cbc017617f87909f72a198973aa8691c,INS,2021,17084,,1, HTTP/1.1" 200 116
190.171.141.90 - - [27/May/2021:10:15:41 -0300] "GET /cormun/servlet/hpexe_return? HTTP/1.1" 200 1033
190.171.141.90 - - [27/May/2021:10:15:41 -0300] "GET /cormun/servlet/trsolicitudadjuntos?2021,17084, HTTP/1.1" 200 9055
190.171.141.90 - - [27/May/2021:10:15:42 -0300] "GET /cormun/servlet/trsolicitudadjuntos?2021,17084, HTTP/1.1" 200 9053
190.171.141.90 - - [27/May/2021:10:16:01 -0300] "GET /cormun/servlet/solicitudotadjuntos?INS,2021,17084,,1, HTTP/1.1" 200 6018
190.171.141.90 - - [27/May/2021:10:16:01 -0300] "GET /cormun/static/about:blank HTTP/1.1" 404 1011
190.171.152.114 - - [27/May/2021:10:16:02 -0300] "POST /cormun/servlet/trsolicitudot?9aa5080ca509271c603c129baf1fd12c,,gx-no-cache=1622117125973 HTTP/1.1" 200 107
200.111.191.210 - - [27/May/2021:10:16:02 -0300] "GET /cormun/servlet/permisogoce?9f8991349552d16f84a8bc6f7b1cf1888b215123a6e90f8e87b9adc566fee42d4b0ffcc715f41bb71561e2149e3b07db3148918fcf404756008a961a752e7227,gx-no-cache=1622120885942 HTTP/1.1" 200 77
190.171.152.114 - - [27/May/2021:10:16:02 -0300] "GET /cormun/servlet/trsolicitudadjuntos?2021,17086, HTTP/1.1" 200 6409
190.171.141.90 - - [27/May/2021:10:16:02 -0300] "GET /cormun/servlet/solicitudotadjuntos?INS,2021,17084,,1, HTTP/1.1" 200 6011
200.111.191.210 - - [27/May/2021:10:16:03 -0300] "GET /cormun/static/menuarrow.gif HTTP/1.1" 404 1015
190.171.141.90 - - [27/May/2021:10:16:03 -0300] "GET /cormun/servlet/solicitudotadjuntos?e7dd2dd8734a134efafad8b28670615872d80541d1eec9f6484fd2393cb250e3806e8c2f9290087d27a24f1caeb44da0,gx-no-cache=1622120750955 HTTP/1.1" 200 30
190.171.152.114 - - [27/May/2021:10:16:04 -0300] "GET /cormun/servlet/trsolicitudadjuntos?2021,17086, HTTP/1.1" 200 6409
190.171.141.90 - - [27/May/2021:10:16:04 -0300] "POST /cormun/servlet/solicitudotadjuntos?cbc017617f87909f72a198973aa8691c,INS,2021,17084,,1,,gx-no-cache=1622120752117 HTTP/1.1" 200 3873
190.171.141.90 - - [27/May/2021:10:16:08 -0300] "POST /cormun/servlet/solicitudotadjuntos?gx-no-cache=1622120756247 HTTP/1.1" 200 26
200.111.191.210 - - [27/May/2021:10:16:08 -0300] "GET /cormun/servlet/permisogoce?9f8991349552d16f84a8bc6f7b1cf1889081692f9fd4dcc1ab7c540620840b88a72ea6bcb206cb81b033456eedbb75120f5709c4ea1b7ee36b0ed03f1eb10551,gx-no-cache=1622120892318 HTTP/1.1" 200 46
190.171.152.114 - - [27/May/2021:10:16:08 -0300] "GET /cormun/servlet/solicitudotadjuntos?INS,2021,17086,,1, HTTP/1.1" 200 6353
190.171.152.114 - - [27/May/2021:10:16:09 -0300] "GET /cormun/static/about:blank HTTP/1.1" 404 1011
190.171.152.114 - - [27/May/2021:10:16:10 -0300] "GET /cormun/servlet/solicitudotadjuntos?INS,2021,17086,,1, HTTP/1.1" 200 6346
200.111.191.210 - - [27/May/2021:10:16:10 -0300] "POST /cormun/servlet/permisogoce?0e5443971d86a309e175fca8df5f2b61,INS,0,,,,gx-no-cache=1622120894069 HTTP/1.1" 200 93
190.171.152.114 - - [27/May/2021:10:16:11 -0300] "GET /cormun/servlet/solicitudotadjuntos?7d12dfce635c55556582bce8fc23029e71e1156fe22a404cc1f4655b8a0bad18fcfb1855e57e0efbc861cb2d8bc09157,gx-no-cache=1622117156605 HTTP/1.1" 200 30
200.111.191.210 - - [27/May/2021:10:16:11 -0300] "GET /cormun/servlet/hpexe_return? HTTP/1.1" 200 1012
190.171.152.114 - - [27/May/2021:10:16:11 -0300] "POST /cormun/servlet/solicitudotadjuntos?9aa5080ca509271c603c129baf1fd12c,INS,2021,17086,,1,,gx-no-cache=1622117156784 HTTP/1.1" 200 4185
200.111.191.210 - - [27/May/2021:10:16:11 -0300] "GET /cormun/servlet/trpermisosgoce HTTP/1.1" 200 10904
200.111.191.210 - - [27/May/2021:10:16:12 -0300] "GET /cormun/servlet/trpermisosgoce HTTP/1.1" 200 10900
190.171.152.114 - - [27/May/2021:10:16:17 -0300] "POST /cormun/servlet/solicitudotadjuntos?gx-no-cache=1622117163405 HTTP/1.1" 200 26
200.111.191.210 - - [27/May/2021:10:16:54 -0300] "GET /cormun/servlet/apermisogoceprn?18799461,P,20210527090206,PU HTTP/1.1" 200 1652
190.171.152.114 - - [27/May/2021:10:17:15 -0300] "GET /cormun/servlet/solicitudotadjuntos?7d12dfce635c55556582bce8fc23029e180b14cccf2a74c71d04a1ed3428a414,gx-no-cache=1622117216932 HTTP/1.1" 200 30
190.171.152.114 - - [27/May/2021:10:17:15 -0300] "GET /cormun/servlet/solicitudotadjuntos?7d12dfce635c55556582bce8fc23029e180b14cccf2a74c71d04a1ed3428a414,gx-no-cache=1622117221584 HTTP/1.1" 200 30
190.171.152.114 - - [27/May/2021:10:17:17 -0300] "POST /cormun/servlet/solicitudotadjuntos?9aa5080ca509271c603c129baf1fd12c,INS,2021,17086,,1, HTTP/1.1" 200 116
190.171.152.114 - - [27/May/2021:10:17:17 -0300] "GET /cormun/servlet/hpexe_return? HTTP/1.1" 200 1034
190.171.152.114 - - [27/May/2021:10:17:17 -0300] "GET /cormun/servlet/trsolicitudadjuntos?2021,17086, HTTP/1.1" 200 9198
190.171.152.114 - - [27/May/2021:10:17:19 -0300] "GET /cormun/servlet/trsolicitudadjuntos?2021,17086, HTTP/1.1" 200 9196
190.171.152.114 - - [27/May/2021:10:17:22 -0300] "GET /cormun/servlet/solicitudotadjuntos?INS,2021,17086,,1, HTTP/1.1" 200 6354
190.171.152.114 - - [27/May/2021:10:17:23 -0300] "GET /cormun/static/about:blank HTTP/1.1" 404 1011
190.171.152.114 - - [27/May/2021:10:17:24 -0300] "GET /cormun/servlet/solicitudotadjuntos?INS,2021,17086,,1, HTTP/1.1" 200 6347
190.171.152.114 - - [27/May/2021:10:17:24 -0300] "GET /cormun/servlet/solicitudotadjuntos?7d12dfce635c55556582bce8fc23029e71e1156fe22a404cc1f4655b8a0bad18fcfb1855e57e0efbc861cb2d8bc09157,gx-no-cache=1622117230452 HTTP/1.1" 200 30
190.171.152.114 - - [27/May/2021:10:17:25 -0300] "POST /cormun/servlet/solicitudotadjuntos?9aa5080ca509271c603c129baf1fd12c,INS,2021,17086,,1,,gx-no-cache=1622117230615 HTTP/1.1" 200 4186
190.171.141.90 - - [27/May/2021:10:17:28 -0300] "GET /cormun/servlet/hlogin HTTP/1.1" 200 1732
190.171.152.114 - - [27/May/2021:10:17:28 -0300] "POST /cormun/servlet/solicitudotadjuntos?gx-no-cache=1622117233900 HTTP/1.1" 200 26
190.171.141.90 - - [27/May/2021:10:17:35 -0300] "POST /cormun/servlet/hlogin?cbc017617f87909f72a198973aa8691c,gx-no-cache=1622120842996 HTTP/1.1" 200 90
190.171.141.90 - - [27/May/2021:10:17:35 -0300] "GET /cormun/servlet/hpexe_link HTTP/1.1" 200 985
190.171.141.90 - - [27/May/2021:10:17:35 -0300] "GET /cormun/servlet/solicitudotadjuntos?INS,2021,17084,,1, HTTP/1.1" 200 6013
190.171.141.90 - - [27/May/2021:10:17:36 -0300] "GET /cormun/static/about:blank HTTP/1.1" 404 1011
190.171.141.90 - - [27/May/2021:10:17:36 -0300] "GET /cormun/servlet/solicitudotadjuntos?INS,2021,17084,,1, HTTP/1.1" 200 6012
190.171.141.90 - - [27/May/2021:10:17:36 -0300] "GET /cormun/servlet/solicitudotadjuntos?e7dd2dd8734a134efafad8b28670615872d80541d1eec9f6484fd2393cb250e3806e8c2f9290087d27a24f1caeb44da0,gx-no-cache=1622120844900 HTTP/1.1" 200 30
190.171.141.90 - - [27/May/2021:10:17:37 -0300] "POST /cormun/servlet/solicitudotadjuntos?cbc017617f87909f72a198973aa8691c,INS,2021,17084,,1,,gx-no-cache=1622120845035 HTTP/1.1" 200 3861
190.171.141.90 - - [27/May/2021:10:17:40 -0300] "POST /cormun/servlet/solicitudotadjuntos?gx-no-cache=1622120848293 HTTP/1.1" 200 26
190.171.152.114 - - [27/May/2021:10:18:09 -0300] "GET /cormun/servlet/solicitudotadjuntos?7d12dfce635c55556582bce8fc23029e180b14cccf2a74c71d04a1ed3428a414,gx-no-cache=1622117256127 HTTP/1.1" 200 30
190.171.152.114 - - [27/May/2021:10:18:09 -0300] "GET /cormun/servlet/solicitudotadjuntos?7d12dfce635c55556582bce8fc23029e180b14cccf2a74c71d04a1ed3428a414,gx-no-cache=1622117275184 HTTP/1.1" 200 30
190.171.152.114 - - [27/May/2021:10:18:10 -0300] "POST /cormun/servlet/solicitudotadjuntos?9aa5080ca509271c603c129baf1fd12c,INS,2021,17086,,1, HTTP/1.1" 200 116
190.171.152.114 - - [27/May/2021:10:18:10 -0300] "GET /cormun/servlet/hpexe_return? HTTP/1.1" 200 1034
190.171.152.114 - - [27/May/2021:10:18:11 -0300] "GET /cormun/servlet/trsolicitudadjuntos?2021,17086, HTTP/1.1" 200 9431
190.171.152.114 - - [27/May/2021:10:18:12 -0300] "GET /cormun/servlet/trsolicitudadjuntos?2021,17086, HTTP/1.1" 200 9429
200.111.191.210 - - [27/May/2021:10:18:14 -0300] "GET /cormun/servlet/apermisogoceprn?18799461,P,20210527090206,PU HTTP/1.1" 200 1655
190.171.152.114 - - [27/May/2021:10:18:19 -0300] "GET /cormun/servlet/solicitudotadjuntos?INS,2021,17086,,1, HTTP/1.1" 200 6354
190.171.152.114 - - [27/May/2021:10:18:20 -0300] "GET /cormun/static/about:blank HTTP/1.1" 404 1011
190.171.152.114 - - [27/May/2021:10:18:21 -0300] "GET /cormun/servlet/solicitudotadjuntos?INS,2021,17086,,1, HTTP/1.1" 200 6347
190.171.152.114 - - [27/May/2021:10:18:21 -0300] "GET /cormun/servlet/solicitudotadjuntos?7d12dfce635c55556582bce8fc23029e71e1156fe22a404cc1f4655b8a0bad18fcfb1855e57e0efbc861cb2d8bc09157,gx-no-cache=1622117287308 HTTP/1.1" 200 30
190.171.152.114 - - [27/May/2021:10:18:22 -0300] "POST /cormun/servlet/solicitudotadjuntos?9aa5080ca509271c603c129baf1fd12c,INS,2021,17086,,1,,gx-no-cache=1622117287463 HTTP/1.1" 200 4186
190.171.141.90 - - [27/May/2021:10:18:23 -0300] "GET /cormun/servlet/solicitudotadjuntos?e7dd2dd8734a134efafad8b286706158e12d9d87ee2764d70c46e7c44a4bb530,gx-no-cache=1622120891705 HTTP/1.1" 200 30
190.171.141.90 - - [27/May/2021:10:18:23 -0300] "GET /cormun/servlet/solicitudotadjuntos?e7dd2dd8734a134efafad8b286706158e12d9d87ee2764d70c46e7c44a4bb530,gx-no-cache=1622120891910 HTTP/1.1" 200 30
190.171.152.114 - - [27/May/2021:10:18:25 -0300] "POST /cormun/servlet/solicitudotadjuntos?gx-no-cache=1622117290719 HTTP/1.1" 200 26
190.171.141.90 - - [27/May/2021:10:18:25 -0300] "POST /cormun/servlet/solicitudotadjuntos?cbc017617f87909f72a198973aa8691c,INS,2021,17084,,1, HTTP/1.1" 200 6228
190.171.141.90 - - [27/May/2021:10:18:25 -0300] "GET /cormun/static/Shared/jqueryui/images/ui-bg_highlight-soft_100_c6c2c8_1x100.png HTTP/1.1" 404 1117
190.171.141.90 - - [27/May/2021:10:18:25 -0300] "GET /cormun/static/Shared/jqueryui/images/ui-icons_82798d_256x240.png HTTP/1.1" 404 1089
190.171.141.90 - - [27/May/2021:10:18:25 -0300] "GET /cormun/static/Shared/jqueryui/images/ui-bg_flat_55_994d53_40x100.png HTTP/1.1" 404 1097
190.171.141.90 - - [27/May/2021:10:18:25 -0300] "GET /cormun/static/Shared/jqueryui/images/ui-icons_ebccce_256x240.png HTTP/1.1" 404 1089
190.171.141.90 - - [27/May/2021:10:18:25 -0300] "GET /cormun/PrivateTempStorage/upload_00002742.pdf HTTP/1.1" 200 120315
190.171.141.90 - - [27/May/2021:10:18:32 -0300] "POST /cormun/servlet/solicitudotadjuntos?cbc017617f87909f72a198973aa8691c,INS,2021,17084,,1, HTTP/1.1" 200 116
190.171.141.90 - - [27/May/2021:10:18:32 -0300] "GET /cormun/servlet/hpexe_return? HTTP/1.1" 200 1033
190.171.141.90 - - [27/May/2021:10:18:32 -0300] "GET /cormun/servlet/trsolicitudadjuntos?2021,17084, HTTP/1.1" 200 9055
190.171.141.90 - - [27/May/2021:10:18:33 -0300] "GET /cormun/servlet/trsolicitudadjuntos?2021,17084, HTTP/1.1" 200 9055
190.171.141.90 - - [27/May/2021:10:18:35 -0300] "GET /cormun/servlet/solicitudotadjuntos?INS,2021,17084,,1, HTTP/1.1" 200 6018
190.171.141.90 - - [27/May/2021:10:18:36 -0300] "GET /cormun/static/about:blank HTTP/1.1" 404 1011
190.171.141.90 - - [27/May/2021:10:18:37 -0300] "GET /cormun/servlet/solicitudotadjuntos?INS,2021,17084,,1, HTTP/1.1" 200 6011
190.171.141.90 - - [27/May/2021:10:18:37 -0300] "GET /cormun/servlet/solicitudotadjuntos?e7dd2dd8734a134efafad8b28670615872d80541d1eec9f6484fd2393cb250e3806e8c2f9290087d27a24f1caeb44da0,gx-no-cache=1622120905552 HTTP/1.1" 200 30
190.171.141.90 - - [27/May/2021:10:18:37 -0300] "POST /cormun/servlet/solicitudotadjuntos?cbc017617f87909f72a198973aa8691c,INS,2021,17084,,1,,gx-no-cache=1622120905677 HTTP/1.1" 200 3873
190.171.141.90 - - [27/May/2021:10:18:41 -0300] "POST /cormun/servlet/solicitudotadjuntos?gx-no-cache=1622120909189 HTTP/1.1" 200 26
190.171.152.114 - - [27/May/2021:10:18:43 -0300] "GET /cormun/servlet/solicitudotadjuntos?7d12dfce635c55556582bce8fc23029e180b14cccf2a74c71d04a1ed3428a414,gx-no-cache=1622117309195 HTTP/1.1" 200 30
190.171.152.114 - - [27/May/2021:10:18:43 -0300] "GET /cormun/servlet/solicitudotadjuntos?7d12dfce635c55556582bce8fc23029e180b14cccf2a74c71d04a1ed3428a414,gx-no-cache=1622117309332 HTTP/1.1" 200 30
190.171.152.114 - - [27/May/2021:10:18:46 -0300] "POST /cormun/servlet/solicitudotadjuntos?9aa5080ca509271c603c129baf1fd12c,INS,2021,17086,,1, HTTP/1.1" 200 116
190.171.152.114 - - [27/May/2021:10:18:46 -0300] "GET /cormun/servlet/hpexe_return? HTTP/1.1" 200 1034
190.171.152.114 - - [27/May/2021:10:18:46 -0300] "GET /cormun/servlet/trsolicitudadjuntos?2021,17086, HTTP/1.1" 200 9665
190.171.141.90 - - [27/May/2021:10:18:48 -0300] "GET /cormun/servlet/solicitudotadjuntos?e7dd2dd8734a134efafad8b286706158e12d9d87ee2764d70c46e7c44a4bb530,gx-no-cache=1622120916162 HTTP/1.1" 200 30
190.171.141.90 - - [27/May/2021:10:18:48 -0300] "GET /cormun/servlet/solicitudotadjuntos?e7dd2dd8734a134efafad8b286706158e12d9d87ee2764d70c46e7c44a4bb530,gx-no-cache=1622120916383 HTTP/1.1" 200 30
190.171.152.114 - - [27/May/2021:10:18:48 -0300] "GET /cormun/servlet/trsolicitudadjuntos?2021,17086, HTTP/1.1" 200 9663
190.171.141.90 - - [27/May/2021:10:18:50 -0300] "POST /cormun/servlet/solicitudotadjuntos?cbc017617f87909f72a198973aa8691c,INS,2021,17084,,1, HTTP/1.1" 200 116
190.171.141.90 - - [27/May/2021:10:18:50 -0300] "GET /cormun/servlet/hpexe_return? HTTP/1.1" 200 1033
190.171.141.90 - - [27/May/2021:10:18:50 -0300] "GET /cormun/servlet/trsolicitudadjuntos?2021,17084, HTTP/1.1" 200 9230
190.171.141.90 - - [27/May/2021:10:18:51 -0300] "GET /cormun/servlet/trsolicitudadjuntos?2021,17084, HTTP/1.1" 200 9231
190.171.141.90 - - [27/May/2021:10:18:53 -0300] "GET /cormun/servlet/solicitudotadjuntos?INS,2021,17084,,1, HTTP/1.1" 200 6018
190.171.141.90 - - [27/May/2021:10:18:55 -0300] "GET /cormun/static/about:blank HTTP/1.1" 404 1011
190.171.141.90 - - [27/May/2021:10:18:56 -0300] "GET /cormun/servlet/solicitudotadjuntos?INS,2021,17084,,1, HTTP/1.1" 200 6011
190.171.141.90 - - [27/May/2021:10:18:56 -0300] "GET /cormun/servlet/solicitudotadjuntos?e7dd2dd8734a134efafad8b28670615872d80541d1eec9f6484fd2393cb250e3806e8c2f9290087d27a24f1caeb44da0,gx-no-cache=1622120924616 HTTP/1.1" 200 30
190.171.141.90 - - [27/May/2021:10:18:56 -0300] "POST /cormun/servlet/solicitudotadjuntos?cbc017617f87909f72a198973aa8691c,INS,2021,17084,,1,,gx-no-cache=1622120924763 HTTP/1.1" 200 3873
190.171.141.90 - - [27/May/2021:10:18:59 -0300] "POST /cormun/servlet/solicitudotadjuntos?gx-no-cache=1622120927581 HTTP/1.1" 200 26
190.171.152.114 - - [27/May/2021:10:19:41 -0300] "GET /cormun/servlet/solicitudotadjuntos?INS,2021,17086,,1, HTTP/1.1" 200 6354
190.171.152.114 - - [27/May/2021:10:19:42 -0300] "GET /cormun/static/about:blank HTTP/1.1" 404 1011
190.171.152.114 - - [27/May/2021:10:19:43 -0300] "GET /cormun/servlet/solicitudotadjuntos?INS,2021,17086,,1, HTTP/1.1" 200 6347
190.171.152.114 - - [27/May/2021:10:19:43 -0300] "GET /cormun/servlet/solicitudotadjuntos?7d12dfce635c55556582bce8fc23029e71e1156fe22a404cc1f4655b8a0bad18fcfb1855e57e0efbc861cb2d8bc09157,gx-no-cache=1622117369395 HTTP/1.1" 200 30
190.171.152.114 - - [27/May/2021:10:19:44 -0300] "POST /cormun/servlet/solicitudotadjuntos?9aa5080ca509271c603c129baf1fd12c,INS,2021,17086,,1,,gx-no-cache=1622117369542 HTTP/1.1" 200 4186
190.171.152.114 - - [27/May/2021:10:19:49 -0300] "POST /cormun/servlet/solicitudotadjuntos?gx-no-cache=1622117375383 HTTP/1.1" 200 26
190.171.152.114 - - [27/May/2021:10:20:08 -0300] "GET /cormun/servlet/solicitudotadjuntos?7d12dfce635c55556582bce8fc23029e180b14cccf2a74c71d04a1ed3428a414,gx-no-cache=1622117393734 HTTP/1.1" 200 30
190.171.152.114 - - [27/May/2021:10:20:08 -0300] "GET /cormun/servlet/solicitudotadjuntos?7d12dfce635c55556582bce8fc23029e180b14cccf2a74c71d04a1ed3428a414,gx-no-cache=1622117393855 HTTP/1.1" 200 30
190.171.152.114 - - [27/May/2021:10:20:09 -0300] "POST /cormun/servlet/solicitudotadjuntos?9aa5080ca509271c603c129baf1fd12c,INS,2021,17086,,1, HTTP/1.1" 200 116
190.171.152.114 - - [27/May/2021:10:20:09 -0300] "GET /cormun/servlet/hpexe_return? HTTP/1.1" 200 1034
190.171.152.114 - - [27/May/2021:10:20:09 -0300] "GET /cormun/servlet/trsolicitudadjuntos?2021,17086, HTTP/1.1" 200 9887
190.171.141.90 - - [27/May/2021:10:20:10 -0300] "GET /cormun/servlet/solicitudotadjuntos?e7dd2dd8734a134efafad8b286706158e12d9d87ee2764d70c46e7c44a4bb530,gx-no-cache=1622120998513 HTTP/1.1" 200 30
190.171.141.90 - - [27/May/2021:10:20:10 -0300] "GET /cormun/servlet/solicitudotadjuntos?e7dd2dd8734a134efafad8b286706158e12d9d87ee2764d70c46e7c44a4bb530,gx-no-cache=1622120998742 HTTP/1.1" 200 30
190.171.152.114 - - [27/May/2021:10:20:11 -0300] "GET /cormun/servlet/trsolicitudadjuntos?2021,17086, HTTP/1.1" 200 9886
190.171.141.90 - - [27/May/2021:10:20:15 -0300] "POST /cormun/servlet/solicitudotadjuntos?cbc017617f87909f72a198973aa8691c,INS,2021,17084,,1, HTTP/1.1" 200 116
190.171.141.90 - - [27/May/2021:10:20:15 -0300] "GET /cormun/servlet/hpexe_return? HTTP/1.1" 200 1033
190.171.141.90 - - [27/May/2021:10:20:16 -0300] "GET /cormun/servlet/trsolicitudadjuntos?2021,17084, HTTP/1.1" 200 9492
190.171.141.90 - - [27/May/2021:10:20:17 -0300] "GET /cormun/servlet/trsolicitudadjuntos?2021,17084, HTTP/1.1" 200 9491
190.171.152.114 - - [27/May/2021:10:20:27 -0300] "GET /cormun/servlet/solicitudotadjuntos?INS,2021,17086,,1, HTTP/1.1" 200 6354
190.171.152.114 - - [27/May/2021:10:20:28 -0300] "GET /cormun/static/about:blank HTTP/1.1" 404 1011
190.171.152.114 - - [27/May/2021:10:20:29 -0300] "GET /cormun/servlet/solicitudotadjuntos?INS,2021,17086,,1, HTTP/1.1" 200 6347
190.171.141.90 - - [27/May/2021:10:20:30 -0300] "GET /cormun/servlet/solicitudotadjuntos?INS,2021,17084,,1, HTTP/1.1" 200 6018
190.171.141.90 - - [27/May/2021:10:20:30 -0300] "GET /cormun/static/about:blank HTTP/1.1" 404 1011
190.171.141.90 - - [27/May/2021:10:20:31 -0300] "GET /cormun/servlet/solicitudotadjuntos?INS,2021,17084,,1, HTTP/1.1" 200 6011
190.171.141.90 - - [27/May/2021:10:20:31 -0300] "GET /cormun/servlet/solicitudotadjuntos?e7dd2dd8734a134efafad8b28670615872d80541d1eec9f6484fd2393cb250e3806e8c2f9290087d27a24f1caeb44da0,gx-no-cache=1622121019894 HTTP/1.1" 200 30
190.171.141.90 - - [27/May/2021:10:20:32 -0300] "POST /cormun/servlet/solicitudotadjuntos?cbc017617f87909f72a198973aa8691c,INS,2021,17084,,1,,gx-no-cache=1622121020001 HTTP/1.1" 200 3873
190.171.152.114 - - [27/May/2021:10:20:34 -0300] "GET /cormun/servlet/solicitudotadjuntos?INS,2021,17086,,1, HTTP/1.1" 200 6347
190.171.152.114 - - [27/May/2021:10:20:34 -0300] "GET /cormun/servlet/solicitudotadjuntos?7d12dfce635c55556582bce8fc23029e71e1156fe22a404cc1f4655b8a0bad18fcfb1855e57e0efbc861cb2d8bc09157,gx-no-cache=1622117415223 HTTP/1.1" 200 30
190.171.141.90 - - [27/May/2021:10:20:34 -0300] "POST /cormun/servlet/solicitudotadjuntos?gx-no-cache=1622121022835 HTTP/1.1" 200 26
190.171.152.114 - - [27/May/2021:10:20:35 -0300] "POST /cormun/servlet/solicitudotadjuntos?9aa5080ca509271c603c129baf1fd12c,INS,2021,17086,,1,,gx-no-cache=1622117420395 HTTP/1.1" 200 4186
190.171.152.114 - - [27/May/2021:10:20:39 -0300] "POST /cormun/servlet/solicitudotadjuntos?gx-no-cache=1622117425040 HTTP/1.1" 200 26
190.171.152.114 - - [27/May/2021:10:21:04 -0300] "GET /cormun/servlet/solicitudotadjuntos?7d12dfce635c55556582bce8fc23029e180b14cccf2a74c71d04a1ed3428a414,gx-no-cache=1622117450345 HTTP/1.1" 200 30
190.171.152.114 - - [27/May/2021:10:21:04 -0300] "GET /cormun/servlet/solicitudotadjuntos?7d12dfce635c55556582bce8fc23029e180b14cccf2a74c71d04a1ed3428a414,gx-no-cache=1622117450413 HTTP/1.1" 200 30
190.171.152.242 - - [27/May/2021:10:21:06 -0300] "GET /cormun/servlet/hlogin HTTP/1.1" 200 1726
190.171.152.114 - - [27/May/2021:10:21:06 -0300] "POST /cormun/servlet/solicitudotadjuntos?9aa5080ca509271c603c129baf1fd12c,INS,2021,17086,,1, HTTP/1.1" 200 116
190.171.152.114 - - [27/May/2021:10:21:06 -0300] "GET /cormun/servlet/hpexe_return? HTTP/1.1" 200 1034
190.171.152.242 - - [27/May/2021:10:21:06 -0300] "GET /cormun/servlet/hlogin HTTP/1.1" 200 1737
190.171.152.114 - - [27/May/2021:10:21:08 -0300] "GET /cormun/servlet/trsolicitudadjuntos?2021,17086, HTTP/1.1" 200 10162
190.171.152.242 - - [27/May/2021:10:21:10 -0300] "POST /cormun/servlet/hlogin?7eeac3813e5e129bd9131b322884fa3a,gx-no-cache=1622121058517 HTTP/1.1" 200 90
190.171.152.242 - - [27/May/2021:10:21:10 -0300] "GET /cormun/servlet/hpexe_link HTTP/1.1" 200 951
190.171.152.242 - - [27/May/2021:10:21:11 -0300] "GET /cormun/servlet/hhome HTTP/1.1" 200 3993
190.171.152.114 - - [27/May/2021:10:21:11 -0300] "GET /cormun/servlet/trsolicitudadjuntos?2021,17086, HTTP/1.1" 200 10159
190.171.152.242 - - [27/May/2021:10:21:12 -0300] "GET /cormun/servlet/hhome HTTP/1.1" 200 3989
190.171.152.114 - - [27/May/2021:10:21:15 -0300] "GET /cormun/servlet/solicitudotadjuntos?INS,2021,17086,,1, HTTP/1.1" 200 6354
190.171.152.114 - - [27/May/2021:10:21:16 -0300] "GET /cormun/static/about:blank HTTP/1.1" 404 1011
190.171.152.242 - - [27/May/2021:10:21:16 -0300] "GET /cormun/servlet/trlicencias? HTTP/1.1" 200 9871
190.171.152.114 - - [27/May/2021:10:21:17 -0300] "GET /cormun/servlet/solicitudotadjuntos?INS,2021,17086,,1, HTTP/1.1" 200 6347
190.171.152.114 - - [27/May/2021:10:21:17 -0300] "GET /cormun/servlet/solicitudotadjuntos?7d12dfce635c55556582bce8fc23029e71e1156fe22a404cc1f4655b8a0bad18fcfb1855e57e0efbc861cb2d8bc09157,gx-no-cache=1622117463244 HTTP/1.1" 200 30
190.171.152.114 - - [27/May/2021:10:21:17 -0300] "POST /cormun/servlet/solicitudotadjuntos?9aa5080ca509271c603c129baf1fd12c,INS,2021,17086,,1,,gx-no-cache=1622117463371 HTTP/1.1" 200 4186
190.171.152.242 - - [27/May/2021:10:21:18 -0300] "GET /cormun/servlet/trlicencias? HTTP/1.1" 200 9874
190.171.152.114 - - [27/May/2021:10:21:20 -0300] "POST /cormun/servlet/solicitudotadjuntos?gx-no-cache=1622117466451 HTTP/1.1" 200 26
190.171.152.242 - - [27/May/2021:10:21:22 -0300] "GET /cormun/servlet/licenciaspermisos?INS,0,,, HTTP/1.1" 200 7609
190.171.152.242 - - [27/May/2021:10:21:22 -0300] "GET /cormun/static/gxcfg.js?202012153173 HTTP/1.1" 200 953
190.171.152.242 - - [27/May/2021:10:21:22 -0300] "GET /cormun/static/licenciaspermisos.js?2020121532136 HTTP/1.1" 200 38824
190.171.152.242 - - [27/May/2021:10:21:23 -0300] "GET /cormun/servlet/licenciaspermisos?INS,0,,, HTTP/1.1" 200 7617
190.171.152.114 - - [27/May/2021:10:21:25 -0300] "POST /cormun/servlet/solicitudotadjuntos?gx-no-cache=1622117466451 HTTP/1.1" 200 26
190.171.152.242 - - [27/May/2021:10:21:26 -0300] "GET /cormun/servlet/prfichaempleado?,MD,,gxPopupLevel%3D0%3B HTTP/1.1" 200 9300
190.171.152.242 - - [27/May/2021:10:21:41 -0300] "POST /cormun/servlet/prfichaempleado?7eeac3813e5e129bd9131b322884fa3a,,MD,,gxPopupLevel%3D0%3B,gx-no-cache=1622121089574 HTTP/1.1" 200 3415
190.171.152.242 - - [27/May/2021:10:21:48 -0300] "GET /cormun/servlet/licenciaspermisos?681bd092e7406adcde9ca71875b61ab10774b201ad7e17de3f4f5792108ef3d9829487771471a939ed2768bbdd9d6a3ef61a14d0897e46ee7b42a7150eca598b,gx-no-cache=1622121096352 HTTP/1.1" 200 108
190.171.152.242 - - [27/May/2021:10:21:48 -0300] "POST /cormun/servlet/licenciaspermisos?7eeac3813e5e129bd9131b322884fa3a,INS,0,,,,gx-no-cache=1622121096531 HTTP/1.1" 200 4836
190.171.152.114 - - [27/May/2021:10:21:52 -0300] "GET /cormun/servlet/solicitudotadjuntos?7d12dfce635c55556582bce8fc23029e180b14cccf2a74c71d04a1ed3428a414,gx-no-cache=1622117497608 HTTP/1.1" 200 30
190.171.152.114 - - [27/May/2021:10:21:52 -0300] "GET /cormun/servlet/solicitudotadjuntos?7d12dfce635c55556582bce8fc23029e180b14cccf2a74c71d04a1ed3428a414,gx-no-cache=1622117497808 HTTP/1.1" 200 30
190.171.152.114 - - [27/May/2021:10:21:54 -0300] "POST /cormun/servlet/solicitudotadjuntos?9aa5080ca509271c603c129baf1fd12c,INS,2021,17086,,1, HTTP/1.1" 200 116
190.171.152.114 - - [27/May/2021:10:21:54 -0300] "GET /cormun/servlet/hpexe_return? HTTP/1.1" 200 1034
190.171.152.114 - - [27/May/2021:10:21:54 -0300] "GET /cormun/servlet/trsolicitudadjuntos?2021,17086, HTTP/1.1" 200 10349
190.171.152.114 - - [27/May/2021:10:21:56 -0300] "GET /cormun/servlet/trsolicitudadjuntos?2021,17086, HTTP/1.1" 200 10347
190.171.141.90 - - [27/May/2021:10:22:05 -0300] "GET /cormun/servlet/solicitudotadjuntos?e7dd2dd8734a134efafad8b286706158e12d9d87ee2764d70c46e7c44a4bb530,gx-no-cache=1622121113722 HTTP/1.1" 200 30
190.171.141.90 - - [27/May/2021:10:22:05 -0300] "GET /cormun/servlet/solicitudotadjuntos?e7dd2dd8734a134efafad8b286706158e12d9d87ee2764d70c46e7c44a4bb530,gx-no-cache=1622121113806 HTTP/1.1" 200 30
190.171.141.90 - - [27/May/2021:10:22:06 -0300] "POST /cormun/servlet/solicitudotadjuntos?cbc017617f87909f72a198973aa8691c,INS,2021,17084,,1, HTTP/1.1" 200 116
190.171.141.90 - - [27/May/2021:10:22:06 -0300] "GET /cormun/servlet/hpexe_return? HTTP/1.1" 200 1033
190.171.141.90 - - [27/May/2021:10:22:06 -0300] "GET /cormun/servlet/trsolicitudadjuntos?2021,17084, HTTP/1.1" 200 9790
190.171.141.90 - - [27/May/2021:10:22:08 -0300] "GET /cormun/servlet/trsolicitudadjuntos?2021,17084, HTTP/1.1" 200 9791
190.171.141.90 - - [27/May/2021:10:22:09 -0300] "GET /cormun/servlet/solicitudotadjuntos?INS,2021,17084,,1, HTTP/1.1" 200 6018
190.171.141.90 - - [27/May/2021:10:22:10 -0300] "GET /cormun/static/about:blank HTTP/1.1" 404 1011
190.171.141.90 - - [27/May/2021:10:22:10 -0300] "GET /cormun/servlet/solicitudotadjuntos?INS,2021,17084,,1, HTTP/1.1" 200 6011
190.171.141.90 - - [27/May/2021:10:22:11 -0300] "GET /cormun/servlet/solicitudotadjuntos?e7dd2dd8734a134efafad8b28670615872d80541d1eec9f6484fd2393cb250e3806e8c2f9290087d27a24f1caeb44da0,gx-no-cache=1622121119182 HTTP/1.1" 200 30
190.171.141.90 - - [27/May/2021:10:22:11 -0300] "POST /cormun/servlet/solicitudotadjuntos?cbc017617f87909f72a198973aa8691c,INS,2021,17084,,1,,gx-no-cache=1622121119222 HTTP/1.1" 200 3873
190.171.141.90 - - [27/May/2021:10:22:13 -0300] "POST /cormun/servlet/solicitudotadjuntos?gx-no-cache=1622121121738 HTTP/1.1" 200 26
190.171.152.114 - - [27/May/2021:10:22:16 -0300] "GET /cormun/servlet/solicitudotadjuntos?INS,2021,17086,,2, HTTP/1.1" 200 6351
190.171.152.114 - - [27/May/2021:10:22:17 -0300] "GET /cormun/static/about:blank HTTP/1.1" 404 1011
190.171.152.114 - - [27/May/2021:10:22:18 -0300] "GET /cormun/servlet/solicitudotadjuntos?INS,2021,17086,,2, HTTP/1.1" 200 6344
190.171.152.114 - - [27/May/2021:10:22:18 -0300] "GET /cormun/servlet/solicitudotadjuntos?7d12dfce635c55556582bce8fc23029e71e1156fe22a404cc1f4655b8a0bad18fcfb1855e57e0efbc861cb2d8bc09157,gx-no-cache=1622117524449 HTTP/1.1" 200 30
190.171.152.114 - - [27/May/2021:10:22:19 -0300] "POST /cormun/servlet/solicitudotadjuntos?9aa5080ca509271c603c129baf1fd12c,INS,2021,17086,,2,,gx-no-cache=1622117524539 HTTP/1.1" 200 4327
190.171.152.114 - - [27/May/2021:10:22:21 -0300] "POST /cormun/servlet/solicitudotadjuntos?gx-no-cache=1622117527276 HTTP/1.1" 200 26
190.171.152.114 - - [27/May/2021:10:22:30 -0300] "GET /cormun/servlet/solicitudotadjuntos?7d12dfce635c55556582bce8fc23029e180b14cccf2a74c71d04a1ed3428a414,gx-no-cache=1622117535843 HTTP/1.1" 200 30
190.171.152.114 - - [27/May/2021:10:22:30 -0300] "GET /cormun/servlet/solicitudotadjuntos?7d12dfce635c55556582bce8fc23029e180b14cccf2a74c71d04a1ed3428a414,gx-no-cache=1622117535960 HTTP/1.1" 200 30
190.171.152.114 - - [27/May/2021:10:22:30 -0300] "POST /cormun/servlet/solicitudotadjuntos?9aa5080ca509271c603c129baf1fd12c,INS,2021,17086,,2, HTTP/1.1" 200 116
190.171.152.114 - - [27/May/2021:10:22:31 -0300] "GET /cormun/servlet/hpexe_return? HTTP/1.1" 200 1034
190.171.152.114 - - [27/May/2021:10:22:31 -0300] "GET /cormun/servlet/trsolicitudadjuntos?2021,17086, HTTP/1.1" 200 10496
190.171.152.114 - - [27/May/2021:10:22:33 -0300] "GET /cormun/servlet/trsolicitudadjuntos?2021,17086, HTTP/1.1" 200 10492
190.171.152.114 - - [27/May/2021:10:22:36 -0300] "GET /cormun/servlet/trsolicitudot? HTTP/1.1" 200 8974
190.171.152.114 - - [27/May/2021:10:22:38 -0300] "GET /cormun/servlet/trsolicitudot? HTTP/1.1" 200 8967
190.171.152.114 - - [27/May/2021:10:22:42 -0300] "GET /cormun/servlet/trsolicitudot? HTTP/1.1" 200 8967
190.171.152.114 - - [27/May/2021:10:22:44 -0300] "GET /cormun/servlet/trsolicitudot? HTTP/1.1" 200 8967
190.171.152.114 - - [27/May/2021:10:23:01 -0300] "POST /cormun/servlet/trsolicitudot?9aa5080ca509271c603c129baf1fd12c,,gx-no-cache=1622117567510 HTTP/1.1" 200 113
190.171.152.114 - - [27/May/2021:10:23:02 -0300] "GET /cormun/servlet/solicitudot?UPD,2021,17086,false, HTTP/1.1" 200 16439
190.171.152.114 - - [27/May/2021:10:23:04 -0300] "GET /cormun/servlet/solicitudot?UPD,2021,17086,false, HTTP/1.1" 200 16450
190.171.152.114 - - [27/May/2021:10:23:24 -0300] "POST /cormun/servlet/solicitudot?gx-no-cache=1622117570731 HTTP/1.1" 200 3775
190.171.152.114 - - [27/May/2021:10:23:24 -0300] "POST /cormun/servlet/solicitudot?9aa5080ca509271c603c129baf1fd12c,UPD,2021,17086,false,,gx-no-cache=1622117590292 HTTP/1.1" 200 12632
190.171.152.114 - - [27/May/2021:10:23:25 -0300] "GET /cormun/servlet/solicitudot?7d12dfce635c55556582bce8fc23029ea4bf1e70fe0f0a4519153665f2a297b125550293ff470bb7913e48ad882b6d87,gx-no-cache=1622117590804 HTTP/1.1" 200 30
