181.162.168.93 - - [25/May/2021:21:03:16 -0300] "POST /cormun/servlet/trsolicitudgral?6916462f44572496db9294e9f6282708,,gx-no-cache=1621990223060 HTTP/1.1" 200 5465
181.162.168.93 - - [25/May/2021:21:03:32 -0300] "POST /cormun/servlet/trsolicitudgral?6916462f44572496db9294e9f6282708,,gx-no-cache=1621990238690 HTTP/1.1" 200 6660
181.162.168.93 - - [25/May/2021:21:03:36 -0300] "POST /cormun/servlet/trsolicitudgral?6916462f44572496db9294e9f6282708,,gx-no-cache=1621990243128 HTTP/1.1" 200 5473
181.162.168.93 - - [25/May/2021:21:03:43 -0300] "POST /cormun/servlet/trsolicitudgral?6916462f44572496db9294e9f6282708,,gx-no-cache=1621990249455 HTTP/1.1" 200 26537
181.162.168.93 - - [25/May/2021:21:03:44 -0300] "GET /cormun/static/Resources/PXToolsGridNext.gif HTTP/1.1" 200 369
181.162.168.93 - - [25/May/2021:21:03:44 -0300] "GET /cormun/static/Resources/PXToolsGridLast.gif HTTP/1.1" 200 370
181.162.168.93 - - [25/May/2021:21:04:11 -0300] "POST /cormun/servlet/trsolicitudgral?6916462f44572496db9294e9f6282708,,gx-no-cache=1621990278213 HTTP/1.1" 200 6669
181.162.168.93 - - [25/May/2021:21:04:16 -0300] "POST /cormun/servlet/trsolicitudgral?6916462f44572496db9294e9f6282708,,gx-no-cache=1621990282788 HTTP/1.1" 200 5479
181.162.168.93 - - [25/May/2021:21:04:42 -0300] "POST /cormun/servlet/trsolicitudgral?6916462f44572496db9294e9f6282708,,gx-no-cache=1621990308483 HTTP/1.1" 200 8029
181.162.168.93 - - [25/May/2021:21:04:51 -0300] "POST /cormun/servlet/trsolicitudgral?6916462f44572496db9294e9f6282708,,gx-no-cache=1621990317561 HTTP/1.1" 200 7643
181.162.168.93 - - [25/May/2021:21:05:15 -0300] "POST /cormun/servlet/trsolicitudgral?6916462f44572496db9294e9f6282708,,gx-no-cache=1621990341743 HTTP/1.1" 200 7117
181.162.168.93 - - [25/May/2021:21:05:21 -0300] "POST /cormun/servlet/trsolicitudgral?6916462f44572496db9294e9f6282708,,gx-no-cache=1621990347547 HTTP/1.1" 200 5467
181.162.168.93 - - [25/May/2021:21:05:45 -0300] "POST /cormun/servlet/trsolicitudgral?6916462f44572496db9294e9f6282708,,gx-no-cache=1621990371812 HTTP/1.1" 200 7253
181.162.168.93 - - [25/May/2021:21:05:52 -0300] "POST /cormun/servlet/trsolicitudgral?6916462f44572496db9294e9f6282708,,gx-no-cache=1621990379144 HTTP/1.1" 200 5481
181.162.168.93 - - [25/May/2021:21:06:19 -0300] "POST /cormun/servlet/trsolicitudgral?6916462f44572496db9294e9f6282708,,gx-no-cache=1621990405835 HTTP/1.1" 200 8063
181.162.168.93 - - [25/May/2021:21:06:38 -0300] "POST /cormun/servlet/trsolicitudgral?6916462f44572496db9294e9f6282708,,gx-no-cache=1621990425067 HTTP/1.1" 200 9286
181.162.168.93 - - [25/May/2021:21:07:16 -0300] "POST /cormun/servlet/trsolicitudgral?6916462f44572496db9294e9f6282708,,gx-no-cache=1621990462473 HTTP/1.1" 200 7219
181.162.168.93 - - [25/May/2021:21:08:10 -0300] "POST /cormun/servlet/trsolicitudgral?6916462f44572496db9294e9f6282708,,gx-no-cache=1621990517263 HTTP/1.1" 200 8309
46.174.191.30 - - [25/May/2021:21:08:14 -0300] "GET / HTTP/1.0" 200 11197
181.162.168.93 - - [25/May/2021:21:08:42 -0300] "POST /cormun/servlet/trsolicitudgral?6916462f44572496db9294e9f6282708,,gx-no-cache=1621990548444 HTTP/1.1" 200 7211
181.162.168.93 - - [25/May/2021:21:09:09 -0300] "POST /cormun/servlet/trsolicitudgral?6916462f44572496db9294e9f6282708,,gx-no-cache=1621990575725 HTTP/1.1" 200 6665
181.162.168.93 - - [25/May/2021:21:09:13 -0300] "POST /cormun/servlet/trsolicitudgral?6916462f44572496db9294e9f6282708,,gx-no-cache=1621990580314 HTTP/1.1" 200 5471
181.162.168.93 - - [25/May/2021:21:09:36 -0300] "POST /cormun/servlet/trsolicitudgral?6916462f44572496db9294e9f6282708,,gx-no-cache=1621990603126 HTTP/1.1" 200 7434
181.162.168.93 - - [25/May/2021:21:09:43 -0300] "POST /cormun/servlet/trsolicitudgral?6916462f44572496db9294e9f6282708,,gx-no-cache=1621990610354 HTTP/1.1" 200 6710
181.162.168.93 - - [25/May/2021:21:10:17 -0300] "POST /cormun/servlet/trsolicitudgral?6916462f44572496db9294e9f6282708,,gx-no-cache=1621990644080 HTTP/1.1" 200 8533
181.162.168.93 - - [25/May/2021:21:10:48 -0300] "POST /cormun/servlet/trsolicitudgral?6916462f44572496db9294e9f6282708,,gx-no-cache=1621990675207 HTTP/1.1" 200 5470
181.162.168.93 - - [25/May/2021:21:11:13 -0300] "POST /cormun/servlet/trsolicitudgral?6916462f44572496db9294e9f6282708,,gx-no-cache=1621990700253 HTTP/1.1" 200 7577
181.162.168.93 - - [25/May/2021:21:11:31 -0300] "POST /cormun/servlet/trsolicitudgral?6916462f44572496db9294e9f6282708,,gx-no-cache=1621990717721 HTTP/1.1" 200 6679
181.162.168.93 - - [25/May/2021:21:11:57 -0300] "POST /cormun/servlet/trsolicitudgral?6916462f44572496db9294e9f6282708,,gx-no-cache=1621990744118 HTTP/1.1" 200 6646
181.162.168.93 - - [25/May/2021:21:12:03 -0300] "POST /cormun/servlet/trsolicitudgral?6916462f44572496db9294e9f6282708,,gx-no-cache=1621990749542 HTTP/1.1" 200 5462
181.162.168.93 - - [25/May/2021:21:12:29 -0300] "POST /cormun/servlet/trsolicitudgral?6916462f44572496db9294e9f6282708,,gx-no-cache=1621990776316 HTTP/1.1" 200 7209
181.162.168.93 - - [25/May/2021:21:12:34 -0300] "POST /cormun/servlet/trsolicitudgral?6916462f44572496db9294e9f6282708,,gx-no-cache=1621990781135 HTTP/1.1" 200 5472
181.162.168.93 - - [25/May/2021:21:13:17 -0300] "POST /cormun/servlet/trsolicitudgral?6916462f44572496db9294e9f6282708,,gx-no-cache=1621990824138 HTTP/1.1" 200 7991
181.162.168.93 - - [25/May/2021:21:13:21 -0300] "POST /cormun/servlet/trsolicitudgral?6916462f44572496db9294e9f6282708,,gx-no-cache=1621990828359 HTTP/1.1" 200 5474
181.162.168.93 - - [25/May/2021:21:13:48 -0300] "POST /cormun/servlet/trsolicitudgral?6916462f44572496db9294e9f6282708,,gx-no-cache=1621990854763 HTTP/1.1" 200 9172
181.162.168.93 - - [25/May/2021:21:14:10 -0300] "POST /cormun/servlet/trsolicitudgral?6916462f44572496db9294e9f6282708,,gx-no-cache=1621990876541 HTTP/1.1" 200 7036
191.116.128.208 - - [25/May/2021:21:14:26 -0300] "POST /cormun/servlet/hlogin?1756d18841f7fbafe1393f7987859cf3,gx-no-cache=1621987592373 HTTP/1.1" 440 972
191.116.128.208 - - [25/May/2021:21:14:28 -0300] "GET /cormun/servlet/hlogin HTTP/1.1" 200 1738
191.116.128.208 - - [25/May/2021:21:14:39 -0300] "POST /cormun/servlet/hlogin?838ab3bd1a7f51173dcc6f9814495426,gx-no-cache=1621987605071 HTTP/1.1" 200 90
191.116.128.208 - - [25/May/2021:21:14:39 -0300] "GET /cormun/servlet/hpexe_link HTTP/1.1" 200 955
191.116.128.208 - - [25/May/2021:21:14:39 -0300] "GET /cormun/servlet/hhome HTTP/1.1" 200 4358
191.116.128.208 - - [25/May/2021:21:14:40 -0300] "GET /cormun/servlet/hhome HTTP/1.1" 200 4354
191.116.128.208 - - [25/May/2021:21:15:24 -0300] "GET /cormun/servlet/trbonoreemplazo? HTTP/1.1" 500 10
191.116.128.208 - - [25/May/2021:21:15:29 -0300] "GET /cormun/servlet/trbonoreemplazo? HTTP/1.1" 500 10
191.116.128.208 - - [25/May/2021:21:15:30 -0300] "GET /cormun/servlet/trbonoreemplazo? HTTP/1.1" 500 10
191.116.128.208 - - [25/May/2021:21:15:30 -0300] "GET /cormun/servlet/trbonoreemplazo? HTTP/1.1" 500 10
191.116.128.208 - - [25/May/2021:21:15:31 -0300] "GET /cormun/servlet/trbonoreemplazo? HTTP/1.1" 500 10
181.162.168.93 - - [25/May/2021:21:15:34 -0300] "POST /cormun/servlet/trsolicitudgral?6916462f44572496db9294e9f6282708,,gx-no-cache=1621990960643 HTTP/1.1" 200 8340
191.116.128.208 - - [25/May/2021:21:15:34 -0300] "GET /cormun/servlet/trbonoreemplazo? HTTP/1.1" 500 10
191.116.128.208 - - [25/May/2021:21:15:35 -0300] "GET /cormun/servlet/trbonoreemplazo? HTTP/1.1" 500 10
191.116.128.208 - - [25/May/2021:21:15:36 -0300] "GET /cormun/servlet/trbonoreemplazo? HTTP/1.1" 500 10
191.116.128.208 - - [25/May/2021:21:15:41 -0300] "GET /cormun/servlet/hhome HTTP/1.1" 200 4358
191.116.128.208 - - [25/May/2021:21:15:41 -0300] "GET /cormun/servlet/hhome HTTP/1.1" 200 4354
181.162.168.93 - - [25/May/2021:21:15:53 -0300] "POST /cormun/servlet/trsolicitudgral?6916462f44572496db9294e9f6282708,,gx-no-cache=1621990979607 HTTP/1.1" 200 7519
191.116.128.208 - - [25/May/2021:21:16:07 -0300] "GET /cormun/servlet/trvacaciones? HTTP/1.1" 200 7278
191.116.128.208 - - [25/May/2021:21:16:08 -0300] "GET /cormun/static/gxcfg.js?201991422481481 HTTP/1.1" 200 953
191.116.128.208 - - [25/May/2021:21:16:08 -0300] "GET /cormun/static/trvacaciones.js?201991422482010 HTTP/1.1" 200 32368
191.116.128.208 - - [25/May/2021:21:16:09 -0300] "GET /cormun/servlet/trvacaciones? HTTP/1.1" 200 7277
191.116.128.208 - - [25/May/2021:21:16:12 -0300] "GET /cormun/servlet/vacaciones?INS,0, HTTP/1.1" 200 6761
191.116.128.208 - - [25/May/2021:21:16:12 -0300] "GET /cormun/static/gxcfg.js?20199141946639 HTTP/1.1" 200 953
191.116.128.208 - - [25/May/2021:21:16:12 -0300] "GET /cormun/static/vacaciones.js?2019914194674 HTTP/1.1" 200 17809
191.116.128.208 - - [25/May/2021:21:16:12 -0300] "GET /cormun/static/Resources/Spanish/PXTools.css?19172979 HTTP/1.1" 200 100853
191.116.128.208 - - [25/May/2021:21:16:13 -0300] "GET /cormun/servlet/vacaciones?INS,0, HTTP/1.1" 200 6761
191.116.128.208 - - [25/May/2021:21:16:24 -0300] "POST /cormun/servlet/vacaciones?838ab3bd1a7f51173dcc6f9814495426,INS,0,,gx-no-cache=1621987710043 HTTP/1.1" 200 93
191.116.128.208 - - [25/May/2021:21:16:24 -0300] "GET /cormun/servlet/hpexe_return? HTTP/1.1" 200 1009
191.116.128.208 - - [25/May/2021:21:16:25 -0300] "GET /cormun/servlet/trvacaciones HTTP/1.1" 200 7281
181.162.168.93 - - [25/May/2021:21:16:25 -0300] "POST /cormun/servlet/trsolicitudgral?6916462f44572496db9294e9f6282708,,gx-no-cache=1621991011619 HTTP/1.1" 200 6655
191.116.128.208 - - [25/May/2021:21:16:26 -0300] "GET /cormun/servlet/trvacaciones HTTP/1.1" 200 7277
181.162.168.93 - - [25/May/2021:21:16:30 -0300] "POST /cormun/servlet/trsolicitudgral?6916462f44572496db9294e9f6282708,,gx-no-cache=1621991016531 HTTP/1.1" 200 5471
191.116.128.208 - - [25/May/2021:21:16:41 -0300] "GET /cormun/servlet/trdiat? HTTP/1.1" 200 7245
191.116.128.208 - - [25/May/2021:21:16:41 -0300] "GET /cormun/static/gxcfg.js?20201216295890 HTTP/1.1" 200 953
191.116.128.208 - - [25/May/2021:21:16:42 -0300] "GET /cormun/static/trdiat.js?2020121630440 HTTP/1.1" 200 35345
191.116.128.208 - - [25/May/2021:21:16:42 -0300] "GET /cormun/servlet/trdiat? HTTP/1.1" 200 7244
191.116.128.208 - - [25/May/2021:21:16:45 -0300] "GET /cormun/servlet/accidentes?INS,0, HTTP/1.1" 200 7540
191.116.128.208 - - [25/May/2021:21:16:45 -0300] "GET /cormun/static/gxcfg.js?201991422391072 HTTP/1.1" 200 953
191.116.128.208 - - [25/May/2021:21:16:45 -0300] "GET /cormun/static/accidentes.js?201991422391097 HTTP/1.1" 200 26306
191.116.128.208 - - [25/May/2021:21:16:46 -0300] "GET /cormun/servlet/accidentes?INS,0, HTTP/1.1" 200 7545
181.162.168.93 - - [25/May/2021:21:16:58 -0300] "POST /cormun/servlet/trsolicitudgral?6916462f44572496db9294e9f6282708,,gx-no-cache=1621991044624 HTTP/1.1" 200 9131
181.162.168.93 - - [25/May/2021:21:17:23 -0300] "POST /cormun/servlet/trsolicitudgral?6916462f44572496db9294e9f6282708,,gx-no-cache=1621991070157 HTTP/1.1" 200 7540
181.162.168.93 - - [25/May/2021:21:17:52 -0300] "POST /cormun/servlet/trsolicitudgral?6916462f44572496db9294e9f6282708,,gx-no-cache=1621991099317 HTTP/1.1" 200 8724
181.162.168.93 - - [25/May/2021:21:18:09 -0300] "POST /cormun/servlet/trsolicitudgral?6916462f44572496db9294e9f6282708,,gx-no-cache=1621991115837 HTTP/1.1" 200 7113
191.116.128.208 - - [25/May/2021:21:18:37 -0300] "GET /cormun/servlet/trlicencias? HTTP/1.1" 200 10135
191.116.128.208 - - [25/May/2021:21:18:38 -0300] "GET /cormun/servlet/trlicencias? HTTP/1.1" 200 10126
181.162.168.93 - - [25/May/2021:21:19:05 -0300] "POST /cormun/servlet/trsolicitudgral?6916462f44572496db9294e9f6282708,,gx-no-cache=1621991172004 HTTP/1.1" 200 7129
191.116.128.208 - - [25/May/2021:21:19:58 -0300] "GET /cormun/servlet/trlicencias? HTTP/1.1" 200 10126
191.116.128.208 - - [25/May/2021:21:20:00 -0300] "GET /cormun/servlet/trlicencias? HTTP/1.1" 200 10126
191.116.128.208 - - [25/May/2021:21:20:11 -0300] "GET /cormun/servlet/alicenciaprn?10264506,L,20210517000000,PU HTTP/1.1" 200 1537
181.162.168.93 - - [25/May/2021:21:20:25 -0300] "POST /cormun/servlet/trsolicitudgral?6916462f44572496db9294e9f6282708,,gx-no-cache=1621991251900 HTTP/1.1" 200 6690
181.162.168.93 - - [25/May/2021:21:20:33 -0300] "POST /cormun/servlet/trsolicitudgral?6916462f44572496db9294e9f6282708,,gx-no-cache=1621991259927 HTTP/1.1" 200 90
181.162.168.93 - - [25/May/2021:21:20:33 -0300] "GET /cormun/servlet/hpexe_link HTTP/1.1" 200 961
181.162.168.93 - - [25/May/2021:21:20:33 -0300] "GET /cormun/servlet/hhome HTTP/1.1" 200 3760
181.162.168.93 - - [25/May/2021:21:20:34 -0300] "GET /cormun/servlet/hhome HTTP/1.1" 200 3756
191.116.128.208 - - [25/May/2021:21:20:43 -0300] "POST /cormun/servlet/trlicencias?838ab3bd1a7f51173dcc6f9814495426,,gx-no-cache=1621987969311 HTTP/1.1" 200 101
191.116.128.208 - - [25/May/2021:21:20:44 -0300] "GET /cormun/Licencias-9941.xls HTTP/1.1" 200 6656
181.162.168.93 - - [25/May/2021:21:20:53 -0300] "GET /cormun/servlet/trsolicitudgral? HTTP/1.1" 200 9666
181.162.168.93 - - [25/May/2021:21:20:54 -0300] "GET /cormun/servlet/trsolicitudgral? HTTP/1.1" 200 9664
181.162.168.93 - - [25/May/2021:21:21:02 -0300] "POST /cormun/servlet/trsolicitudgral?6916462f44572496db9294e9f6282708,,gx-no-cache=1621991288649 HTTP/1.1" 200 16366
191.116.128.208 - - [25/May/2021:21:22:15 -0300] "GET /cormun/static/menuarrow.gif HTTP/1.1" 404 1015
191.116.128.208 - - [25/May/2021:21:22:23 -0300] "POST /cormun/servlet/trlicencias?838ab3bd1a7f51173dcc6f9814495426,,gx-no-cache=1621988068678 HTTP/1.1" 200 12117
191.116.128.208 - - [25/May/2021:21:29:18 -0300] "GET /cormun/servlet/hlogin HTTP/1.1" 200 1745
181.162.168.93 - - [25/May/2021:21:29:45 -0300] "GET /cormun/servlet/trautorizarot? HTTP/1.1" 200 28847
181.162.168.93 - - [25/May/2021:21:29:47 -0300] "GET /cormun//static/Resources/PXToolsDataSearchRemember.gif HTTP/1.1" 200 1153
181.162.168.93 - - [25/May/2021:21:29:47 -0300] "GET /cormun/servlet/trautorizarot? HTTP/1.1" 200 28846
181.162.168.93 - - [25/May/2021:21:30:06 -0300] "POST /cormun/servlet/trautorizarot?6916462f44572496db9294e9f6282708,,gx-no-cache=1621991832363 HTTP/1.1" 200 26354
181.162.168.93 - - [25/May/2021:21:30:57 -0300] "GET /cormun/servlet/trsolicitudgral? HTTP/1.1" 200 19354
181.162.168.93 - - [25/May/2021:21:30:58 -0300] "GET /cormun/servlet/trsolicitudgral? HTTP/1.1" 200 19353
181.162.168.93 - - [25/May/2021:21:31:06 -0300] "POST /cormun/servlet/trsolicitudgral?6916462f44572496db9294e9f6282708,,gx-no-cache=1621991892868 HTTP/1.1" 200 7087
181.162.168.93 - - [25/May/2021:21:31:10 -0300] "GET /cormun/servlet/vesolicitudgral?2021,17065,, HTTP/1.1" 200 8342
181.162.168.93 - - [25/May/2021:21:31:10 -0300] "GET /cormun/pexe_scrolldiv.js HTTP/1.1" 404 1009
181.162.168.93 - - [25/May/2021:21:31:11 -0300] "GET /cormun/servlet/vesolicitudgral?2021,17065,, HTTP/1.1" 200 8341
181.162.168.93 - - [25/May/2021:21:33:30 -0300] "POST /cormun/servlet/vesolicitudgral?6916462f44572496db9294e9f6282708,2021,17065,,,gx-no-cache=1621992037157 HTTP/1.1" 200 90
181.162.168.93 - - [25/May/2021:21:33:30 -0300] "GET /cormun/servlet/hpexe_link HTTP/1.1" 200 972
181.162.168.93 - - [25/May/2021:21:33:30 -0300] "GET /cormun/servlet/trsolicitudgral? HTTP/1.1" 200 9646
181.162.168.93 - - [25/May/2021:21:33:31 -0300] "GET /cormun/servlet/trsolicitudgral? HTTP/1.1" 200 9647
181.162.168.93 - - [25/May/2021:21:33:37 -0300] "GET /cormun/servlet/trautorizarot? HTTP/1.1" 200 28698
181.162.168.93 - - [25/May/2021:21:33:38 -0300] "GET /cormun/servlet/trautorizarot? HTTP/1.1" 200 28698
157.55.39.51 - - [25/May/2021:21:42:21 -0300] "GET /cormun/static/calendar.js?85251 HTTP/1.1" 200 26246
40.77.167.69 - - [25/May/2021:22:00:52 -0300] "GET /cormun/static/calendar-setup.js?85251 HTTP/1.1" 200 2588
191.116.128.208 - - [25/May/2021:22:08:44 -0300] "POST /cormun/servlet/hlogin?838ab3bd1a7f51173dcc6f9814495426,gx-no-cache=1621990850043 HTTP/1.1" 440 972
191.116.128.208 - - [25/May/2021:22:08:46 -0300] "GET /cormun/servlet/hlogin HTTP/1.1" 200 1733
191.116.128.208 - - [25/May/2021:22:09:03 -0300] "POST /cormun/servlet/hlogin?f3754963ac5038984bf7d23133008518,gx-no-cache=1621990868971 HTTP/1.1" 200 442
191.116.128.208 - - [25/May/2021:22:09:24 -0300] "POST /cormun/servlet/hlogin?f3754963ac5038984bf7d23133008518,gx-no-cache=1621990889684 HTTP/1.1" 200 90
191.116.128.208 - - [25/May/2021:22:09:24 -0300] "GET /cormun/servlet/hpexe_link HTTP/1.1" 200 949
191.116.128.208 - - [25/May/2021:22:09:24 -0300] "GET /cormun/servlet/hhome HTTP/1.1" 200 4351
191.116.128.208 - - [25/May/2021:22:09:25 -0300] "GET /cormun/servlet/hhome HTTP/1.1" 200 4347
191.116.128.208 - - [25/May/2021:22:10:13 -0300] "GET /cormun/servlet/trsolicitudot? HTTP/1.1" 200 8986
191.116.128.208 - - [25/May/2021:22:10:14 -0300] "GET /cormun//static/Resources/PXToolsActionView.png HTTP/1.1" 200 398
191.116.128.208 - - [25/May/2021:22:10:14 -0300] "GET /cormun//static/Resources/PXToolsRemoveAllAction.png HTTP/1.1" 200 487
191.116.128.208 - - [25/May/2021:22:10:14 -0300] "GET /cormun/servlet/trsolicitudot? HTTP/1.1" 200 8984
191.116.128.208 - - [25/May/2021:22:10:38 -0300] "GET /cormun/servlet/solicitudot?INS,0,0,false, HTTP/1.1" 200 15879
191.116.128.208 - - [25/May/2021:22:10:38 -0300] "GET /cormun/static/gxcfg.js?20203414241232 HTTP/1.1" 200 953
191.116.128.208 - - [25/May/2021:22:10:38 -0300] "GET /cormun/static/solicitudot.js?20203414242792 HTTP/1.1" 200 74114
191.116.128.208 - - [25/May/2021:22:10:41 -0300] "GET /cormun/servlet/solicitudot?INS,0,0,false, HTTP/1.1" 200 15887
191.116.128.208 - - [25/May/2021:22:10:42 -0300] "GET /favicon.ico HTTP/1.1" 200 21630
191.116.128.208 - - [25/May/2021:22:10:50 -0300] "POST /cormun/servlet/solicitudot?gx-no-cache=1621990976030 HTTP/1.1" 200 3821
191.116.128.208 - - [25/May/2021:22:10:50 -0300] "POST /cormun/servlet/solicitudot?f3754963ac5038984bf7d23133008518,INS,0,0,false,,gx-no-cache=1621990976413 HTTP/1.1" 200 12616
191.116.128.208 - - [25/May/2021:22:11:10 -0300] "GET /cormun/servlet/solicitudot?b346df89bb020373335b818a999f7cc537d2384804f79f8370f60e02ab7873abb320689efb533fac4c979e096c90f47e,gx-no-cache=1621990986132 HTTP/1.1" 200 30
191.116.128.208 - - [25/May/2021:22:11:46 -0300] "GET /cormun/servlet/solicitudot?b346df89bb020373335b818a999f7cc5289f7c6ad57441b986e72c7d13da721d2e7357d0827ec815164ac6168016b6a24945e4ef1fb8598de843ebdd7b1bacd9,gx-no-cache=1621991032049 HTTP/1.1" 200 30
191.116.128.208 - - [25/May/2021:22:11:46 -0300] "GET /cormun/servlet/solicitudot?b346df89bb020373335b818a999f7cc5b5a7353da5d575ba42fb284937176a71,gx-no-cache=1621991032375 HTTP/1.1" 200 70
191.116.128.208 - - [25/May/2021:22:11:57 -0300] "GET /cormun/static/Resources/resize.gif HTTP/1.1" 200 77
191.116.128.208 - - [25/May/2021:22:11:57 -0300] "GET /cormun/servlet/prbanco?,MD,,gxPopupLevel%3D0%3B HTTP/1.1" 200 6647
191.116.128.208 - - [25/May/2021:22:11:57 -0300] "GET /cormun/static/Resources/PXTools/ClosePrompt.png HTTP/1.1" 200 1036
191.116.128.208 - - [25/May/2021:22:11:57 -0300] "GET /cormun/static/gxcfg.js?20201216131581 HTTP/1.1" 200 953
191.116.128.208 - - [25/May/2021:22:11:58 -0300] "GET /cormun/static/menusearch.js?20201214473581 HTTP/1.1" 200 1424
191.116.128.208 - - [25/May/2021:22:11:58 -0300] "GET /cormun/static/prbanco.js?20201216132311 HTTP/1.1" 200 10693
191.116.128.208 - - [25/May/2021:22:11:58 -0300] "GET /cormun/static/hmpwkw011.js?20201215495555 HTTP/1.1" 200 1968
191.116.128.208 - - [25/May/2021:22:11:58 -0300] "GET /cormun/static/Resources/PXToolsMenuSearch.png HTTP/1.1" 200 336
191.116.128.208 - - [25/May/2021:22:11:58 -0300] "GET /cormun/static/Resources/PXToolsMenuSearchCancel.png HTTP/1.1" 200 306
191.116.128.208 - - [25/May/2021:22:12:17 -0300] "POST /cormun/servlet/solicitudot?gx-no-cache=1621991062684 HTTP/1.1" 200 297
191.116.128.208 - - [25/May/2021:22:12:17 -0300] "GET /cormun/servlet/solicitudot?b346df89bb020373335b818a999f7cc592b66cadd98f9640c4ebd15773b4ec462407b19f6545698c8dee3c7cc92272d96718a0b871dacbca851988e6a4ae0995769c1678509c97f14b1871b5de83073223bbbdb48b7b115393a4ae15800379dbfd44d0b1cd54674ec340623ce900cc7fd9aad38d9f4d8f9190139feedbcc098c95bc7abc62e98c4faac0ed6adab5e85ef8f1aa60ab190a97c5f8404beef7976d50095a54bf9fdf7e36aa92c02ca13fb9794ae497e199ad7bcf08cc5c26fbd4f225f34025b1d648a595024eb0efa9bde9422ac48c773a039d82a890defb6cb9eef155d8458c75efde2d274033e0e9ae3bf4a7fad590c60270be36b3f13f7621f1eea68dff7743d8c07faf815c6ea4cf0fef51fe724cb67bbc8c0f5cd98457630705b33c8fbc465c99949af2defcd293c1f0d007b7b1968fcf142f76981478a88859b4dd9b594f8dde6098961690f0abd4f4624006c46bded80770c8d25bebcace78263752227412abfa137f080f07c078e42a69fe8f6972688dc84429235276b53a2dc7ff3153b5241849610d73891cc8,gx-no-cache=1621991063076 HTTP/1.1" 200 30
191.116.128.208 - - [25/May/2021:22:13:20 -0300] "POST /cormun/servlet/solicitudot?gx-no-cache=1621991125386 HTTP/1.1" 200 30
191.116.128.208 - - [25/May/2021:22:13:20 -0300] "POST /cormun/servlet/solicitudot?gx-no-cache=1621991126351 HTTP/1.1" 200 1440
191.116.128.208 - - [25/May/2021:22:13:20 -0300] "POST /cormun/servlet/solicitudot?gx-no-cache=1621991126573 HTTP/1.1" 200 38
191.116.128.208 - - [25/May/2021:22:13:20 -0300] "GET /cormun/servlet/solicitudot?b346df89bb020373335b818a999f7cc558d92d63fb8c4cb1ff6c28310864851a07b6b0bafd7d0e854910405fb6f1ae60ae13925c6530f1eba75dfc120ef861179925b8ebb211635d7856a253c36f7e83b69055654f61009b02fd139baf01cb67c8c0d6e7dffea7994dd7dc2af621b736,gx-no-cache=1621991126674 HTTP/1.1" 200 110
191.116.128.208 - - [25/May/2021:22:13:50 -0300] "POST /cormun/servlet/solicitudot?gx-no-cache=1621991155042 HTTP/1.1" 200 79
191.116.128.208 - - [25/May/2021:22:14:20 -0300] "GET /cormun/servlet/solicitudot?b346df89bb020373335b818a999f7cc5450589f2617f7d9fbb12fb608bdb671d5577ea19c2738ef2aca3b5716a9c33c0816f4dc86a1db74e4beebd06d82f6eca9e679433b8c0e608f136ec0b6cc274b397fa63c8dbed21c4fbb43e9ab1f2eb13aae2b2a080a4189efb60da5db79c24ee,gx-no-cache=1621991185555 HTTP/1.1" 200 29
191.116.128.208 - - [25/May/2021:22:14:20 -0300] "GET /cormun/servlet/solicitudot?b346df89bb020373335b818a999f7cc534656adeba643917cf1b32c63eed7ded,gx-no-cache=1621991186707 HTTP/1.1" 200 30
191.116.128.208 - - [25/May/2021:22:14:21 -0300] "POST /cormun/servlet/solicitudot?gx-no-cache=1621991186829 HTTP/1.1" 200 30
191.116.128.208 - - [25/May/2021:22:15:41 -0300] "POST /cormun/servlet/solicitudot?f3754963ac5038984bf7d23133008518,INS,0,0,false,,gx-no-cache=1621991266863 HTTP/1.1" 200 93
191.116.128.208 - - [25/May/2021:22:15:41 -0300] "GET /cormun/servlet/hpexe_return? HTTP/1.1" 200 1006
191.116.128.208 - - [25/May/2021:22:15:42 -0300] "GET /cormun/servlet/trsolicitudot HTTP/1.1" 200 8986
191.116.128.208 - - [25/May/2021:22:15:42 -0300] "GET /cormun/servlet/trsolicitudot HTTP/1.1" 200 8984
191.116.128.208 - - [25/May/2021:22:16:42 -0300] "GET /cormun/static/menuarrow.gif HTTP/1.1" 404 1015
191.116.128.208 - - [25/May/2021:22:16:47 -0300] "POST /cormun/servlet/trsolicitudot?f3754963ac5038984bf7d23133008518,gx-no-cache=1621991332748 HTTP/1.1" 200 6047
191.116.128.208 - - [25/May/2021:22:32:46 -0300] "GET /cormun/servlet/hlogin HTTP/1.1" 200 1739
170.0.230.33 - - [25/May/2021:22:52:46 -0300] "GET / HTTP/1.1" 200 11217
46.174.191.30 - - [25/May/2021:23:12:06 -0300] "GET / HTTP/1.0" 200 11197
185.53.90.20 - - [25/May/2021:23:32:34 -0300] "GET / HTTP/1.1" 200 11217
103.154.9.178 - - [25/May/2021:23:44:16 -0300] "GET / HTTP/1.1" 200 11217
5.160.234.165 - - [25/May/2021:23:53:27 -0300] "GET / HTTP/1.1" 200 11217