186.103.159.186 - - [08/Apr/2021:10:19:30 -0300] "POST /cormun/servlet/prfichaempleado?05e833b23c1dccd7d13d8da74e88e4d6,,MD,,gxPopupLevel%3D0%3B,gx-no-cache=1617886628996 HTTP/1.1" 200 3412
186.103.159.186 - - [08/Apr/2021:10:19:33 -0300] "GET /cormun/servlet/prlicenciaspermisos?7714012,L,,MD,,gxPopupLevel%3D0%3B HTTP/1.1" 200 6998
186.103.159.186 - - [08/Apr/2021:10:19:35 -0300] "POST /cormun/servlet/solicitudot?gx-no-cache=1617886634815 HTTP/1.1" 200 1440
186.103.159.186 - - [08/Apr/2021:10:19:57 -0300] "POST /cormun/servlet/solicitudot?gx-no-cache=1617886656758 HTTP/1.1" 200 41
186.103.159.186 - - [08/Apr/2021:10:19:58 -0300] "GET /cormun/servlet/solicitudot?492956ae3eaaba79a99318cb075f77fc73c5623a0b4441341d0524d775a5ad40e39d1f035f0a9b7797779d949f2a0f281cde7cc135930e91cb463d6baf2172f4d872d2fbb671f755f1f41b0603cfbf0f8b10240c1dc9344db26a60318c0c00cc0cc316df67f3a4154b44eaa363d6edbc,gx-no-cache=1617886656913 HTTP/1.1" 200 110
186.103.159.186 - - [08/Apr/2021:10:19:58 -0300] "POST /cormun/servlet/solicitudot?gx-no-cache=1617886657002 HTTP/1.1" 200 97
186.103.159.186 - - [08/Apr/2021:10:20:03 -0300] "GET /cormun/servlet/solicitudot?492956ae3eaaba79a99318cb075f77fcb0c30fa84b727f7271f0062eab275004576347675c0264844fd83dcd1a88092b7ac089ca8600256620499d640ee0c153f35ece66ed4343b55597dcad4ecf3ca86ba6e7964c3aebe374a21b0cca1c24ab0ed9f34692930c68b765b736af68844c1dbc78ee1c6084234b8cf6ae051f8bcb2ccdfd4d5515b5b352c890fb04f68749b2022caf06294f43e432c607d2b6fc1e3e19fdfe2641a63a418667da91a1da7a3af44924ba7d2fe1ab8d4fc39afdbaca5b8caed05fdb849e5a9c2cff14663e91,gx-no-cache=1617886662177 HTTP/1.1" 200 29
192.168.10.89 - - [08/Apr/2021:10:20:13 -0300] "GET /cormun/servlet/trsolicitudgral? HTTP/1.1" 200 8250
192.168.10.89 - - [08/Apr/2021:10:20:14 -0300] "GET /cormun/servlet/trsolicitudgral? HTTP/1.1" 200 8250
192.168.10.89 - - [08/Apr/2021:10:20:19 -0300] "POST /cormun/servlet/trsolicitudgral?6dd48fc9e765f23a539b52021e5d534e,,gx-no-cache=1617887295596 HTTP/1.1" 200 8454
186.103.159.186 - - [08/Apr/2021:10:20:21 -0300] "GET /cormun/static/menuarrow.gif HTTP/1.1" 404 1015
186.103.159.186 - - [08/Apr/2021:10:20:26 -0300] "GET /cormun/servlet/solicitudot?492956ae3eaaba79a99318cb075f77fce0766cd2a3331c58b125fdd597c6016db09f9bc6a88210e738fd8386d4a6882a,gx-no-cache=1617886685303 HTTP/1.1" 200 30
186.103.159.186 - - [08/Apr/2021:10:20:46 -0300] "POST /cormun/servlet/solicitudot?gx-no-cache=1617886704934 HTTP/1.1" 200 32
186.103.159.186 - - [08/Apr/2021:10:22:07 -0300] "POST /cormun/servlet/solicitudot?05e833b23c1dccd7d13d8da74e88e4d6,INS,0,0,false,,gx-no-cache=1617886786180 HTTP/1.1" 200 93
186.103.159.186 - - [08/Apr/2021:10:22:07 -0300] "GET /cormun/servlet/hpexe_return? HTTP/1.1" 200 1014
186.103.159.186 - - [08/Apr/2021:10:22:08 -0300] "GET /cormun/servlet/trsolicitudot HTTP/1.1" 200 9069
186.103.159.186 - - [08/Apr/2021:10:22:08 -0300] "GET /cormun/servlet/trsolicitudot HTTP/1.1" 200 9065
186.103.159.186 - - [08/Apr/2021:10:22:55 -0300] "POST /cormun/servlet/trsolicitudot?05e833b23c1dccd7d13d8da74e88e4d6,gx-no-cache=1617886833868 HTTP/1.1" 200 5858
186.103.159.186 - - [08/Apr/2021:10:22:55 -0300] "GET /cormun/static/Shared/jqueryui/images/ui-bg_highlight-soft_100_c6c2c8_1x100.png HTTP/1.1" 404 1117
186.103.159.186 - - [08/Apr/2021:10:22:55 -0300] "GET /cormun/static/Shared/jqueryui/images/ui-icons_82798d_256x240.png HTTP/1.1" 404 1089
186.103.159.186 - - [08/Apr/2021:10:22:55 -0300] "GET /cormun/static/Shared/jqueryui/images/ui-bg_flat_55_fafafa_40x100.png HTTP/1.1" 404 1097
186.103.159.186 - - [08/Apr/2021:10:22:55 -0300] "GET /cormun/static/Shared/jqueryui/images/ui-icons_8d78a5_256x240.png HTTP/1.1" 404 1089
186.103.159.186 - - [08/Apr/2021:10:22:55 -0300] "POST /cormun/servlet/trsolicitudot?05e833b23c1dccd7d13d8da74e88e4d6,gx-no-cache=1617886834480 HTTP/1.1" 200 5804
186.103.159.186 - - [08/Apr/2021:10:23:00 -0300] "POST /cormun/servlet/trsolicitudot?05e833b23c1dccd7d13d8da74e88e4d6,gx-no-cache=1617886838856 HTTP/1.1" 200 4591
186.103.159.186 - - [08/Apr/2021:10:23:00 -0300] "POST /cormun/servlet/trsolicitudot?05e833b23c1dccd7d13d8da74e88e4d6,gx-no-cache=1617886839051 HTTP/1.1" 200 4341
190.171.141.138 - - [08/Apr/2021:10:23:05 -0300] "GET /cormun/servlet/hlogin HTTP/1.1" 200 1725
190.171.141.138 - - [08/Apr/2021:10:23:06 -0300] "GET /cormun/servlet/hlogin HTTP/1.1" 200 1734
186.103.159.186 - - [08/Apr/2021:10:23:06 -0300] "GET /cormun/servlet/hlogin HTTP/1.1" 200 1730
190.171.141.138 - - [08/Apr/2021:10:23:09 -0300] "POST /cormun/servlet/hlogin?e7dd75e97f3d5ce2d7a126443787d976,gx-no-cache=1617887599478 HTTP/1.1" 200 90
190.171.141.138 - - [08/Apr/2021:10:23:09 -0300] "GET /cormun/servlet/hpexe_link HTTP/1.1" 200 951
190.171.141.138 - - [08/Apr/2021:10:23:09 -0300] "GET /cormun/servlet/hhome HTTP/1.1" 200 4459
190.171.141.138 - - [08/Apr/2021:10:23:09 -0300] "GET /cormun/servlet/hhome HTTP/1.1" 200 4456
190.171.141.138 - - [08/Apr/2021:10:23:13 -0300] "GET /cormun/servlet/trlicencias? HTTP/1.1" 200 11370
190.171.141.138 - - [08/Apr/2021:10:23:13 -0300] "GET /cormun/static/gxcfg.js?2020121613995 HTTP/1.1" 200 953
190.171.141.138 - - [08/Apr/2021:10:23:13 -0300] "GET /cormun/static/trlicencias.js?202012162481 HTTP/1.1" 200 41883
190.171.141.138 - - [08/Apr/2021:10:23:13 -0300] "GET /cormun//static/Resources/PXToolsActionDisabled.gif HTTP/1.1" 200 53
190.171.141.138 - - [08/Apr/2021:10:23:13 -0300] "GET /cormun//static/Resources/PXToolsActionPrint.png HTTP/1.1" 200 404
190.171.141.138 - - [08/Apr/2021:10:23:13 -0300] "GET /cormun//static/Resources/PXToolsHeaderFavorites.png HTTP/1.1" 200 1414
190.171.141.138 - - [08/Apr/2021:10:23:13 -0300] "GET /cormun//static/Resources/PXToolsHeaderHelp.png HTTP/1.1" 200 1333
190.171.141.138 - - [08/Apr/2021:10:23:13 -0300] "GET /cormun/servlet/trlicencias? HTTP/1.1" 200 11356
186.103.159.186 - - [08/Apr/2021:10:23:16 -0300] "POST /cormun/servlet/hlogin?05e833b23c1dccd7d13d8da74e88e4d6,gx-no-cache=1617886855057 HTTP/1.1" 200 428
186.103.159.186 - - [08/Apr/2021:10:23:21 -0300] "POST /cormun/servlet/hlogin?05e833b23c1dccd7d13d8da74e88e4d6,gx-no-cache=1617886860328 HTTP/1.1" 200 90
186.103.159.186 - - [08/Apr/2021:10:23:21 -0300] "GET /cormun/servlet/hpexe_link HTTP/1.1" 200 956
186.103.159.186 - - [08/Apr/2021:10:23:21 -0300] "GET /cormun/servlet/hhome HTTP/1.1" 200 4216
186.103.159.186 - - [08/Apr/2021:10:23:21 -0300] "GET /cormun/static/SmoothNavMenu/resources/images/right.gif HTTP/1.1" 200 860
186.103.159.186 - - [08/Apr/2021:10:23:21 -0300] "GET /cormun/servlet/hhome HTTP/1.1" 200 4212
186.103.159.186 - - [08/Apr/2021:10:23:26 -0300] "GET /cormun/servlet/trautorizarsolicitud? HTTP/1.1" 200 9215
186.103.159.186 - - [08/Apr/2021:10:23:26 -0300] "GET /cormun/static/gxcfg.js?201991422414522 HTTP/1.1" 200 953
186.103.159.186 - - [08/Apr/2021:10:23:26 -0300] "GET /cormun/static/trautorizarsolicitud.js?201991422415463 HTTP/1.1" 200 53910
186.103.159.186 - - [08/Apr/2021:10:23:26 -0300] "GET /cormun/servlet/trautorizarsolicitud? HTTP/1.1" 200 9213
186.103.159.186 - - [08/Apr/2021:10:23:30 -0300] "POST /cormun/servlet/trautorizarsolicitud?05e833b23c1dccd7d13d8da74e88e4d6,,gx-no-cache=1617886868939 HTTP/1.1" 200 6051
186.103.159.186 - - [08/Apr/2021:10:23:30 -0300] "GET /cormun/static/Shared/jqueryui/images/ui-bg_highlight-soft_100_c6c2c8_1x100.png HTTP/1.1" 404 1117
186.103.159.186 - - [08/Apr/2021:10:23:30 -0300] "GET /cormun/static/Shared/jqueryui/images/ui-icons_82798d_256x240.png HTTP/1.1" 404 1089
186.103.159.186 - - [08/Apr/2021:10:23:30 -0300] "GET /cormun/static/Shared/jqueryui/images/ui-bg_flat_55_fafafa_40x100.png HTTP/1.1" 404 1097
186.103.159.186 - - [08/Apr/2021:10:23:30 -0300] "GET /cormun/static/Shared/jqueryui/images/ui-icons_8d78a5_256x240.png HTTP/1.1" 404 1089
186.103.159.186 - - [08/Apr/2021:10:23:30 -0300] "POST /cormun/servlet/trautorizarsolicitud?05e833b23c1dccd7d13d8da74e88e4d6,,gx-no-cache=1617886869218 HTTP/1.1" 200 5997
186.103.159.186 - - [08/Apr/2021:10:23:31 -0300] "POST /cormun/servlet/trautorizarsolicitud?05e833b23c1dccd7d13d8da74e88e4d6,,gx-no-cache=1617886870785 HTTP/1.1" 200 4790
186.103.159.186 - - [08/Apr/2021:10:23:32 -0300] "POST /cormun/servlet/trautorizarsolicitud?05e833b23c1dccd7d13d8da74e88e4d6,,gx-no-cache=1617886870976 HTTP/1.1" 200 4540
186.67.172.234 - - [08/Apr/2021:10:26:18 -0300] "GET /cormun/servlet/trlicencias? HTTP/1.1" 200 14197
186.67.172.234 - - [08/Apr/2021:10:26:19 -0300] "GET /cormun/servlet/trlicencias? HTTP/1.1" 200 14184
186.67.172.234 - - [08/Apr/2021:10:26:22 -0300] "POST /cormun/servlet/trlicencias?a0d9824b27c699222ae529ead1ffdc70,,gx-no-cache=1617887821181 HTTP/1.1" 200 11770
186.67.172.234 - - [08/Apr/2021:10:26:25 -0300] "GET /cormun/servlet/trsolicitudot? HTTP/1.1" 200 7584
186.67.172.234 - - [08/Apr/2021:10:26:26 -0300] "GET /cormun/servlet/trsolicitudot? HTTP/1.1" 200 7584
173.249.10.27 - - [08/Apr/2021:10:30:08 -0300] "HEAD / HTTP/1.1" 200 -
173.249.10.27 - - [08/Apr/2021:10:30:08 -0300] "GET / HTTP/1.1" 200 11217
186.67.172.234 - - [08/Apr/2021:10:30:14 -0300] "GET /cormun/servlet/trsolicitudot? HTTP/1.1" 200 7584
186.67.172.234 - - [08/Apr/2021:10:30:14 -0300] "GET /cormun/servlet/trsolicitudot? HTTP/1.1" 200 7584
186.67.172.234 - - [08/Apr/2021:10:30:17 -0300] "GET /cormun/servlet/solicitudot?INS,0,0,false, HTTP/1.1" 200 15878
186.67.172.234 - - [08/Apr/2021:10:30:17 -0300] "GET /cormun/servlet/solicitudot?INS,0,0,false, HTTP/1.1" 200 15886
186.67.172.234 - - [08/Apr/2021:10:30:46 -0300] "POST /cormun/servlet/solicitudot?gx-no-cache=1617888085470 HTTP/1.1" 200 3825
186.67.172.234 - - [08/Apr/2021:10:30:46 -0300] "POST /cormun/servlet/solicitudot?a0d9824b27c699222ae529ead1ffdc70,INS,0,0,false,,gx-no-cache=1617888085675 HTTP/1.1" 200 12622
186.103.159.230 - - [08/Apr/2021:10:30:53 -0300] "GET /cormun/servlet/solicitudotadjuntos?6d9b9c4f38ea7fe0dfbb6b945ffa013a90843a0557b34cd8e1cb2baa9af51595,gx-no-cache=1617888064396 HTTP/1.1" 200 30
186.103.159.230 - - [08/Apr/2021:10:30:53 -0300] "GET /cormun/servlet/solicitudotadjuntos?6d9b9c4f38ea7fe0dfbb6b945ffa013a90843a0557b34cd8e1cb2baa9af51595,gx-no-cache=1617888064688 HTTP/1.1" 200 30
186.103.159.230 - - [08/Apr/2021:10:30:55 -0300] "POST /cormun/servlet/solicitudotadjuntos?006413c24769beca1df937cadf2aa7c9,INS,2021,16914,,1, HTTP/1.1" 200 116
186.103.159.230 - - [08/Apr/2021:10:30:55 -0300] "GET /cormun/servlet/hpexe_return? HTTP/1.1" 200 1033
186.103.159.230 - - [08/Apr/2021:10:30:56 -0300] "GET /cormun/servlet/trsolicitudadjuntos?2021,16914, HTTP/1.1" 200 10230
186.103.159.230 - - [08/Apr/2021:10:30:57 -0300] "GET /cormun/servlet/trsolicitudadjuntos?2021,16914, HTTP/1.1" 200 10229
186.67.172.234 - - [08/Apr/2021:10:31:39 -0300] "GET /cormun/servlet/solicitudot?b264ec6db3de89ffee237f1d9867187939d191f2e93c2920648cd9b6359f69afd5672ec0b3c3f70f47ddb79aba9898f7,gx-no-cache=1617888139125 HTTP/1.1" 200 30
186.67.172.234 - - [08/Apr/2021:10:32:06 -0300] "GET /cormun/servlet/prbanco?,MD,,gxPopupLevel%3D0%3B HTTP/1.1" 200 6665
186.103.159.230 - - [08/Apr/2021:10:32:10 -0300] "GET /cormun/servlet/trsolicitudot? HTTP/1.1" 200 9379
186.103.159.230 - - [08/Apr/2021:10:32:11 -0300] "GET /cormun/servlet/trsolicitudot? HTTP/1.1" 200 9372
186.67.172.234 - - [08/Apr/2021:10:32:12 -0300] "GET /cormun/servlet/solicitudot?b264ec6db3de89ffee237f1d986718799e01cbabf4a269c21c765351b888a9ac49943771ac15a8fa9915b53d3af99b5907b0c54a0103319ceeb6962222d5ba81,gx-no-cache=1617888171361 HTTP/1.1" 200 30
186.67.172.234 - - [08/Apr/2021:10:32:13 -0300] "GET /cormun/servlet/solicitudot?b264ec6db3de89ffee237f1d986718794f61848ecf3dff2c0dfa63b2bba03dd8,gx-no-cache=1617888172762 HTTP/1.1" 200 51
190.171.142.10 - - [08/Apr/2021:10:32:34 -0300] "GET /cormun/servlet/hlogin HTTP/1.1" 200 1730
190.171.142.10 - - [08/Apr/2021:10:32:34 -0300] "GET /cormun/servlet/hlogin HTTP/1.1" 200 1740
186.103.159.230 - - [08/Apr/2021:10:32:36 -0300] "GET /cormun/servlet/treventos?2021,16914, HTTP/1.1" 200 6279
186.103.159.230 - - [08/Apr/2021:10:32:37 -0300] "GET /cormun/servlet/treventos?2021,16914, HTTP/1.1" 200 6278
186.67.172.234 - - [08/Apr/2021:10:32:42 -0300] "POST /cormun/servlet/solicitudot?gx-no-cache=1617888201333 HTTP/1.1" 200 297
186.67.172.234 - - [08/Apr/2021:10:32:42 -0300] "GET /cormun/servlet/solicitudot?b264ec6db3de89ffee237f1d986718792b7ac88d59ad52be399c624c9ecc6a7fb1afe4bd732ad63415a1e6c8fa551711458f83773ecd5c4b6504069e7705dd78f5418ff668495f56733845ced4f6f2a3a1352144989da42601317e60cae757c1ec55a99b636650e73cbc55e364aaf460e1e271b649a6f39b7ea8c606f7ca8da0ab616e2700897baa1434f5b807ad0e0803fc889d907bec5d7f30cd457fa2e0c53a6fbffe59e159c83a74d5177fc478c26b9e30a2306613c47b65a78b890ee19e9bb01b02aab644bb00e71610a3cb53a3f4085978bfdc0d276e4a33b4b3ff41c0fe1ea5119d8819a22ffff858dabc5537b83fbe14220e72eee6e5239b97387033b058b8f0cbfb5a9c87b73f866972db18c4c96cb7b0f8058de5342fba65487db3ccd6e067bad5bded372a5862190c871ad285be1c910bfa75ff3bcf8cd950f33229d318d98d5f693451cf2874f8d127c72e5db39e74d617f9f5e70f198b6c6a59f0f18b6f3e08db970b835e0ec2acb8602756a7d4da8ed03599c467849990e03cb87e84c3524af399a5faec04eb3e72f6,gx-no-cache=1617888201412 HTTP/1.1" 200 30
186.103.159.230 - - [08/Apr/2021:10:32:43 -0300] "GET /cormun/servlet/trsolicitudot? HTTP/1.1" 200 9373
190.171.142.10 - - [08/Apr/2021:10:32:43 -0300] "POST /cormun/servlet/hlogin?5f956ca88002ec5bcd09547925f2dbb0,gx-no-cache=1617888174866 HTTP/1.1" 200 90
190.171.142.10 - - [08/Apr/2021:10:32:44 -0300] "GET /cormun/servlet/hpexe_link HTTP/1.1" 200 955
186.67.172.234 - - [08/Apr/2021:10:32:44 -0300] "POST /cormun/servlet/solicitudot?gx-no-cache=1617888203387 HTTP/1.1" 200 30
190.171.142.10 - - [08/Apr/2021:10:32:44 -0300] "GET /cormun/servlet/hhome HTTP/1.1" 200 4258
186.103.159.230 - - [08/Apr/2021:10:32:44 -0300] "GET /cormun/servlet/trsolicitudot? HTTP/1.1" 200 9372
190.171.142.10 - - [08/Apr/2021:10:32:46 -0300] "GET /cormun/servlet/hhome HTTP/1.1" 200 4254
186.67.172.234 - - [08/Apr/2021:10:32:48 -0300] "POST /cormun/servlet/solicitudot?gx-no-cache=1617888207942 HTTP/1.1" 200 1440
186.67.172.234 - - [08/Apr/2021:10:32:48 -0300] "POST /cormun/servlet/solicitudot?gx-no-cache=1617888208034 HTTP/1.1" 200 38
186.67.172.234 - - [08/Apr/2021:10:32:48 -0300] "GET /cormun/servlet/solicitudot?b264ec6db3de89ffee237f1d98671879c321b7d1c491a424f3deb43486387e0e9d0abac05f3148b76bfedee641f386d04faa594885f8742db4a4684775dcbd1529944e98391377f202f91502d34d9df09ff5a760e7c107f2ac378eafc301d3f7eb31a023ddff4056da35a6101037e398,gx-no-cache=1617888208064 HTTP/1.1" 200 110
190.171.142.10 - - [08/Apr/2021:10:32:52 -0300] "GET /cormun/servlet/trsolicitudot? HTTP/1.1" 200 7480
186.103.159.230 - - [08/Apr/2021:10:32:53 -0300] "POST /cormun/servlet/trsolicitudot?006413c24769beca1df937cadf2aa7c9,,gx-no-cache=1617888184899 HTTP/1.1" 200 6100
190.171.142.10 - - [08/Apr/2021:10:32:54 -0300] "GET /cormun/servlet/trsolicitudot? HTTP/1.1" 200 7479
186.103.159.230 - - [08/Apr/2021:10:32:54 -0300] "GET /cormun/static/Shared/jqueryui/images/ui-icons_82798d_256x240.png HTTP/1.1" 404 1089
186.103.159.230 - - [08/Apr/2021:10:32:54 -0300] "GET /cormun/static/Shared/jqueryui/images/ui-bg_highlight-soft_100_c6c2c8_1x100.png HTTP/1.1" 404 1117
186.103.159.230 - - [08/Apr/2021:10:32:54 -0300] "GET /cormun/static/Shared/jqueryui/images/ui-bg_flat_55_fafafa_40x100.png HTTP/1.1" 404 1097
186.103.159.230 - - [08/Apr/2021:10:32:54 -0300] "GET /cormun/static/Shared/jqueryui/images/ui-icons_8d78a5_256x240.png HTTP/1.1" 404 1089
186.103.159.230 - - [08/Apr/2021:10:32:54 -0300] "POST /cormun/servlet/trsolicitudot?006413c24769beca1df937cadf2aa7c9,,gx-no-cache=1617888185305 HTTP/1.1" 200 6045
190.171.142.10 - - [08/Apr/2021:10:33:01 -0300] "POST /cormun/servlet/trsolicitudot?5f956ca88002ec5bcd09547925f2dbb0,,gx-no-cache=1617888192410 HTTP/1.1" 200 12556
190.171.142.10 - - [08/Apr/2021:10:33:26 -0300] "POST /cormun/servlet/trsolicitudot?5f956ca88002ec5bcd09547925f2dbb0,,gx-no-cache=1617888217036 HTTP/1.1" 200 12533
186.67.172.234 - - [08/Apr/2021:10:33:35 -0300] "POST /cormun/servlet/solicitudot?gx-no-cache=1617888255162 HTTP/1.1" 200 72
190.171.142.10 - - [08/Apr/2021:10:33:36 -0300] "GET /cormun/servlet/vesolicitudot?2021,16822,, HTTP/1.1" 200 8570
190.171.142.10 - - [08/Apr/2021:10:33:36 -0300] "GET /cormun/pexe_scrolldiv.js HTTP/1.1" 404 1009
190.171.142.10 - - [08/Apr/2021:10:33:36 -0300] "GET /cormun/pexe_scrolldiv.js HTTP/1.1" 404 1009
190.171.142.10 - - [08/Apr/2021:10:33:37 -0300] "GET /cormun/servlet/vesolicitudot?2021,16822,, HTTP/1.1" 200 8572
186.67.172.234 - - [08/Apr/2021:10:33:39 -0300] "GET /cormun/servlet/solicitudot?b264ec6db3de89ffee237f1d98671879d8599d505ba971413ae654402c6bcb06a067dcdea7447e006879232b9419a4936d5261c610ffc5e899d3fe7df08a472c18c7e17f7882de9920613857fca5edc2f21af747905ec09564c70ea96bb44ef5edb57680929ea15a4fcb33fbfc85f3d7,gx-no-cache=1617888259138 HTTP/1.1" 200 29
186.67.172.234 - - [08/Apr/2021:10:33:39 -0300] "GET /cormun/static/menuarrow.gif HTTP/1.1" 404 1015
186.67.172.234 - - [08/Apr/2021:10:33:43 -0300] "GET /cormun/servlet/solicitudot?b264ec6db3de89ffee237f1d98671879b838d3ff5fd4555966caa919632b7ea12c67a0f452d06a56bc1a6915d38baff6,gx-no-cache=1617888263176 HTTP/1.1" 200 30
186.67.172.234 - - [08/Apr/2021:10:33:58 -0300] "POST /cormun/servlet/solicitudot?gx-no-cache=1617888278192 HTTP/1.1" 200 30
186.67.172.234 - - [08/Apr/2021:10:34:29 -0300] "GET /cormun/servlet/solicitudot?b264ec6db3de89ffee237f1d98671879b838d3ff5fd4555966caa919632b7ea12c67a0f452d06a56bc1a6915d38baff6,gx-no-cache=1617888308522 HTTP/1.1" 200 30
186.67.172.234 - - [08/Apr/2021:10:34:29 -0300] "POST /cormun/servlet/solicitudot?gx-no-cache=1617888309029 HTTP/1.1" 200 30
186.67.172.234 - - [08/Apr/2021:10:34:30 -0300] "POST /cormun/servlet/solicitudot?a0d9824b27c699222ae529ead1ffdc70,INS,0,0,false,,gx-no-cache=1617888309145 HTTP/1.1" 200 93
186.67.172.234 - - [08/Apr/2021:10:34:30 -0300] "GET /cormun/servlet/hpexe_return? HTTP/1.1" 200 1008
186.67.172.234 - - [08/Apr/2021:10:34:31 -0300] "GET /cormun/servlet/trsolicitudot HTTP/1.1" 200 8978
186.67.172.234 - - [08/Apr/2021:10:34:31 -0300] "GET /cormun/servlet/trsolicitudot HTTP/1.1" 200 8976
186.67.172.234 - - [08/Apr/2021:10:34:41 -0300] "POST /cormun/servlet/trsolicitudot?a0d9824b27c699222ae529ead1ffdc70,gx-no-cache=1617888320719 HTTP/1.1" 200 107
186.67.172.234 - - [08/Apr/2021:10:34:41 -0300] "GET /cormun/servlet/trsolicitudadjuntos?2021,16920, HTTP/1.1" 200 6466
186.67.172.234 - - [08/Apr/2021:10:34:41 -0300] "GET /cormun/static/gxcfg.js?20201215574222 HTTP/1.1" 200 953
186.67.172.234 - - [08/Apr/2021:10:34:41 -0300] "GET /cormun/static/Resources/PXToolsGridNew.png HTTP/1.1" 200 427
186.67.172.234 - - [08/Apr/2021:10:34:41 -0300] "GET /cormun/static/trsolicitudadjuntos.js?20201215574932 HTTP/1.1" 200 17922
186.67.172.234 - - [08/Apr/2021:10:34:41 -0300] "GET /cormun/servlet/trsolicitudadjuntos?2021,16920, HTTP/1.1" 200 6466
186.67.172.234 - - [08/Apr/2021:10:34:46 -0300] "GET /cormun/servlet/solicitudotadjuntos?INS,2021,16920,,1, HTTP/1.1" 200 6410
186.67.172.234 - - [08/Apr/2021:10:34:46 -0300] "GET /cormun/static/gxcfg.js?202012157947 HTTP/1.1" 200 953
186.67.172.234 - - [08/Apr/2021:10:34:46 -0300] "GET /cormun/static/solicitudotadjuntos.js?202012157966 HTTP/1.1" 200 11771
186.67.172.234 - - [08/Apr/2021:10:34:46 -0300] "GET /cormun/static/about:blank HTTP/1.1" 404 1011
186.67.172.234 - - [08/Apr/2021:10:34:47 -0300] "GET /cormun/servlet/solicitudotadjuntos?INS,2021,16920,,1, HTTP/1.1" 200 6403
186.67.172.234 - - [08/Apr/2021:10:34:47 -0300] "GET /cormun/servlet/solicitudotadjuntos?b264ec6db3de89ffee237f1d986718795a6107ef21462f780b4d2ff826fdf035483d9a41be3c6c0854d2e4abd15f0012,gx-no-cache=1617888326774 HTTP/1.1" 200 30
186.67.172.234 - - [08/Apr/2021:10:34:47 -0300] "POST /cormun/servlet/solicitudotadjuntos?a0d9824b27c699222ae529ead1ffdc70,INS,2021,16920,,1,,gx-no-cache=1617888326858 HTTP/1.1" 200 4151
186.67.172.234 - - [08/Apr/2021:10:34:49 -0300] "POST /cormun/servlet/solicitudotadjuntos?gx-no-cache=1617888328913 HTTP/1.1" 200 26
186.67.172.234 - - [08/Apr/2021:10:35:01 -0300] "GET /cormun/servlet/solicitudotadjuntos?b264ec6db3de89ffee237f1d98671879614c4c2a6940e410d67bb1f0550f8908,gx-no-cache=1617888341041 HTTP/1.1" 200 30
186.67.172.234 - - [08/Apr/2021:10:35:02 -0300] "GET /cormun/servlet/solicitudotadjuntos?b264ec6db3de89ffee237f1d98671879614c4c2a6940e410d67bb1f0550f8908,gx-no-cache=1617888341255 HTTP/1.1" 200 30
186.67.172.234 - - [08/Apr/2021:10:35:08 -0300] "POST /cormun/servlet/solicitudotadjuntos?a0d9824b27c699222ae529ead1ffdc70,INS,2021,16920,,1, HTTP/1.1" 200 116
186.67.172.234 - - [08/Apr/2021:10:35:09 -0300] "GET /cormun/servlet/hpexe_return? HTTP/1.1" 200 1025
186.67.172.234 - - [08/Apr/2021:10:35:09 -0300] "GET /cormun/servlet/trsolicitudadjuntos?2021,16920, HTTP/1.1" 200 9226
186.67.172.234 - - [08/Apr/2021:10:35:09 -0300] "GET /cormun/servlet/trsolicitudadjuntos?2021,16920, HTTP/1.1" 200 9224
186.67.172.234 - - [08/Apr/2021:10:35:15 -0300] "GET /cormun/servlet/solicitudotadjuntos?INS,2021,16920,,1, HTTP/1.1" 200 6410
186.67.172.234 - - [08/Apr/2021:10:35:16 -0300] "GET /cormun/static/about:blank HTTP/1.1" 404 1011
186.67.172.234 - - [08/Apr/2021:10:35:16 -0300] "GET /cormun/servlet/solicitudotadjuntos?INS,2021,16920,,1, HTTP/1.1" 200 6403
186.67.172.234 - - [08/Apr/2021:10:35:16 -0300] "GET /cormun/servlet/solicitudotadjuntos?b264ec6db3de89ffee237f1d986718795a6107ef21462f780b4d2ff826fdf035483d9a41be3c6c0854d2e4abd15f0012,gx-no-cache=1617888355865 HTTP/1.1" 200 30
186.67.172.234 - - [08/Apr/2021:10:35:16 -0300] "POST /cormun/servlet/solicitudotadjuntos?a0d9824b27c699222ae529ead1ffdc70,INS,2021,16920,,1,,gx-no-cache=1617888355963 HTTP/1.1" 200 4151
186.67.172.234 - - [08/Apr/2021:10:35:24 -0300] "POST /cormun/servlet/solicitudotadjuntos?gx-no-cache=1617888363340 HTTP/1.1" 200 26
186.67.172.234 - - [08/Apr/2021:10:35:27 -0300] "POST /cormun/servlet/solicitudotadjuntos?gx-no-cache=1617888366698 HTTP/1.1" 200 26
186.67.172.234 - - [08/Apr/2021:10:35:33 -0300] "GET /cormun/servlet/solicitudotadjuntos?b264ec6db3de89ffee237f1d98671879614c4c2a6940e410d67bb1f0550f8908,gx-no-cache=1617888372513 HTTP/1.1" 200 30
186.67.172.234 - - [08/Apr/2021:10:35:33 -0300] "GET /cormun/servlet/solicitudotadjuntos?b264ec6db3de89ffee237f1d98671879614c4c2a6940e410d67bb1f0550f8908,gx-no-cache=1617888372598 HTTP/1.1" 200 30
186.67.172.234 - - [08/Apr/2021:10:35:33 -0300] "POST /cormun/servlet/solicitudotadjuntos?a0d9824b27c699222ae529ead1ffdc70,INS,2021,16920,,1, HTTP/1.1" 200 116
186.67.172.234 - - [08/Apr/2021:10:35:34 -0300] "GET /cormun/servlet/hpexe_return? HTTP/1.1" 200 1025
186.67.172.234 - - [08/Apr/2021:10:35:34 -0300] "GET /cormun/servlet/trsolicitudadjuntos?2021,16920, HTTP/1.1" 200 9494
186.67.172.234 - - [08/Apr/2021:10:35:34 -0300] "GET /cormun/servlet/trsolicitudadjuntos?2021,16920, HTTP/1.1" 200 9492
186.67.172.234 - - [08/Apr/2021:10:35:36 -0300] "GET /cormun/servlet/solicitudotadjuntos?INS,2021,16920,,1, HTTP/1.1" 200 6410
186.67.172.234 - - [08/Apr/2021:10:35:37 -0300] "GET /cormun/static/about:blank HTTP/1.1" 404 1011
186.67.172.234 - - [08/Apr/2021:10:35:37 -0300] "GET /cormun/servlet/solicitudotadjuntos?INS,2021,16920,,1, HTTP/1.1" 200 6403
186.67.172.234 - - [08/Apr/2021:10:35:37 -0300] "GET /cormun/servlet/solicitudotadjuntos?b264ec6db3de89ffee237f1d986718795a6107ef21462f780b4d2ff826fdf035483d9a41be3c6c0854d2e4abd15f0012,gx-no-cache=1617888376984 HTTP/1.1" 200 30
186.67.172.234 - - [08/Apr/2021:10:35:37 -0300] "POST /cormun/servlet/solicitudotadjuntos?a0d9824b27c699222ae529ead1ffdc70,INS,2021,16920,,1,,gx-no-cache=1617888377005 HTTP/1.1" 200 4151
186.67.172.234 - - [08/Apr/2021:10:35:42 -0300] "POST /cormun/servlet/solicitudotadjuntos?gx-no-cache=1617888381940 HTTP/1.1" 200 26
186.67.172.234 - - [08/Apr/2021:10:35:49 -0300] "GET /cormun/servlet/solicitudotadjuntos?b264ec6db3de89ffee237f1d98671879614c4c2a6940e410d67bb1f0550f8908,gx-no-cache=1617888389121 HTTP/1.1" 200 30
186.67.172.234 - - [08/Apr/2021:10:35:49 -0300] "GET /cormun/servlet/solicitudotadjuntos?b264ec6db3de89ffee237f1d98671879614c4c2a6940e410d67bb1f0550f8908,gx-no-cache=1617888389146 HTTP/1.1" 200 30
186.67.172.234 - - [08/Apr/2021:10:35:49 -0300] "POST /cormun/servlet/solicitudotadjuntos?a0d9824b27c699222ae529ead1ffdc70,INS,2021,16920,,1, HTTP/1.1" 200 116
186.67.172.234 - - [08/Apr/2021:10:35:50 -0300] "GET /cormun/servlet/hpexe_return? HTTP/1.1" 200 1025
186.67.172.234 - - [08/Apr/2021:10:35:50 -0300] "GET /cormun/servlet/trsolicitudadjuntos?2021,16920, HTTP/1.1" 200 9717
186.67.172.234 - - [08/Apr/2021:10:35:50 -0300] "GET /cormun/servlet/trsolicitudadjuntos?2021,16920, HTTP/1.1" 200 9712
186.67.172.234 - - [08/Apr/2021:10:35:53 -0300] "GET /cormun/servlet/solicitudotadjuntos?INS,2021,16920,,1, HTTP/1.1" 200 6410
186.67.172.234 - - [08/Apr/2021:10:35:53 -0300] "GET /cormun/static/about:blank HTTP/1.1" 404 1011
186.67.172.234 - - [08/Apr/2021:10:35:53 -0300] "GET /cormun/servlet/solicitudotadjuntos?INS,2021,16920,,1, HTTP/1.1" 200 6403
186.67.172.234 - - [08/Apr/2021:10:35:54 -0300] "GET /cormun/servlet/solicitudotadjuntos?b264ec6db3de89ffee237f1d986718795a6107ef21462f780b4d2ff826fdf035483d9a41be3c6c0854d2e4abd15f0012,gx-no-cache=1617888393349 HTTP/1.1" 200 30
186.67.172.234 - - [08/Apr/2021:10:35:54 -0300] "POST /cormun/servlet/solicitudotadjuntos?a0d9824b27c699222ae529ead1ffdc70,INS,2021,16920,,1,,gx-no-cache=1617888393371 HTTP/1.1" 200 4151
186.67.172.234 - - [08/Apr/2021:10:35:59 -0300] "POST /cormun/servlet/solicitudotadjuntos?gx-no-cache=1617888398554 HTTP/1.1" 200 26
186.67.172.234 - - [08/Apr/2021:10:36:00 -0300] "GET /cormun/servlet/solicitudotadjuntos?b264ec6db3de89ffee237f1d98671879614c4c2a6940e410d67bb1f0550f8908,gx-no-cache=1617888399433 HTTP/1.1" 200 30
186.67.172.234 - - [08/Apr/2021:10:36:00 -0300] "GET /cormun/servlet/solicitudotadjuntos?b264ec6db3de89ffee237f1d98671879614c4c2a6940e410d67bb1f0550f8908,gx-no-cache=1617888399449 HTTP/1.1" 200 30
186.67.172.234 - - [08/Apr/2021:10:36:00 -0300] "POST /cormun/servlet/solicitudotadjuntos?a0d9824b27c699222ae529ead1ffdc70,INS,2021,16920,,1,,gx-no-cache=1617888399464 HTTP/1.1" 200 93
186.67.172.234 - - [08/Apr/2021:10:36:00 -0300] "GET /cormun/servlet/hpexe_return? HTTP/1.1" 200 1025
186.67.172.234 - - [08/Apr/2021:10:36:00 -0300] "GET /cormun/servlet/trsolicitudadjuntos?2021,16920, HTTP/1.1" 200 9879
186.67.172.234 - - [08/Apr/2021:10:36:00 -0300] "GET /cormun/servlet/trsolicitudadjuntos?2021,16920, HTTP/1.1" 200 9877
186.67.172.234 - - [08/Apr/2021:10:36:04 -0300] "GET /cormun/servlet/solicitudotadjuntos?DLT,2021,16920,CERTIF5,0, HTTP/1.1" 200 6288
186.67.172.234 - - [08/Apr/2021:10:36:04 -0300] "GET /cormun/static/about:blank HTTP/1.1" 404 1011
186.67.172.234 - - [08/Apr/2021:10:36:04 -0300] "GET /cormun/static/Shared/jqueryui/images/ui-bg_flat_55_fafafa_40x100.png HTTP/1.1" 404 1097
186.67.172.234 - - [08/Apr/2021:10:36:04 -0300] "GET /cormun/static/Shared/jqueryui/images/ui-bg_highlight-soft_100_c6c2c8_1x100.png HTTP/1.1" 404 1117
186.67.172.234 - - [08/Apr/2021:10:36:04 -0300] "GET /cormun/static/Shared/jqueryui/images/ui-icons_82798d_256x240.png HTTP/1.1" 404 1089
186.67.172.234 - - [08/Apr/2021:10:36:04 -0300] "GET /cormun/static/Shared/jqueryui/images/ui-icons_8d78a5_256x240.png HTTP/1.1" 404 1089
186.67.172.234 - - [08/Apr/2021:10:36:04 -0300] "GET /cormun/servlet/solicitudotadjuntos?DLT,2021,16920,CERTIF5,0, HTTP/1.1" 200 6282
186.67.172.234 - - [08/Apr/2021:10:36:06 -0300] "POST /cormun/servlet/solicitudotadjuntos?a0d9824b27c699222ae529ead1ffdc70,DLT,2021,16920,CERTIF5,0,,gx-no-cache=1617888405658 HTTP/1.1" 200 93
186.67.172.234 - - [08/Apr/2021:10:36:06 -0300] "GET /cormun/servlet/hpexe_return? HTTP/1.1" 200 1032
186.67.172.234 - - [08/Apr/2021:10:36:06 -0300] "GET /cormun/servlet/trsolicitudadjuntos?2021,16920, HTTP/1.1" 200 9718
186.67.172.234 - - [08/Apr/2021:10:36:07 -0300] "GET /cormun/servlet/trsolicitudadjuntos?2021,16920, HTTP/1.1" 200 9716
186.67.172.234 - - [08/Apr/2021:10:36:09 -0300] "GET /cormun/servlet/solicitudotadjuntos?INS,2021,16920,,1, HTTP/1.1" 200 6409
186.67.172.234 - - [08/Apr/2021:10:36:09 -0300] "GET /cormun/static/about:blank HTTP/1.1" 404 1011
186.67.172.234 - - [08/Apr/2021:10:36:09 -0300] "GET /cormun/servlet/solicitudotadjuntos?INS,2021,16920,,1, HTTP/1.1" 200 6402
186.67.172.234 - - [08/Apr/2021:10:36:10 -0300] "GET /cormun/servlet/solicitudotadjuntos?b264ec6db3de89ffee237f1d986718795a6107ef21462f780b4d2ff826fdf035483d9a41be3c6c0854d2e4abd15f0012,gx-no-cache=1617888409410 HTTP/1.1" 200 30
186.67.172.234 - - [08/Apr/2021:10:36:10 -0300] "POST /cormun/servlet/solicitudotadjuntos?a0d9824b27c699222ae529ead1ffdc70,INS,2021,16920,,1,,gx-no-cache=1617888409429 HTTP/1.1" 200 4150
186.67.172.234 - - [08/Apr/2021:10:36:12 -0300] "POST /cormun/servlet/solicitudotadjuntos?gx-no-cache=1617888411893 HTTP/1.1" 200 26
186.67.172.234 - - [08/Apr/2021:10:36:23 -0300] "GET /cormun/servlet/solicitudotadjuntos?b264ec6db3de89ffee237f1d98671879614c4c2a6940e410d67bb1f0550f8908,gx-no-cache=1617888422619 HTTP/1.1" 200 30
186.67.172.234 - - [08/Apr/2021:10:36:23 -0300] "GET /cormun/servlet/solicitudotadjuntos?b264ec6db3de89ffee237f1d98671879614c4c2a6940e410d67bb1f0550f8908,gx-no-cache=1617888422642 HTTP/1.1" 200 30
186.67.172.234 - - [08/Apr/2021:10:36:23 -0300] "POST /cormun/servlet/solicitudotadjuntos?a0d9824b27c699222ae529ead1ffdc70,INS,2021,16920,,1, HTTP/1.1" 200 116
186.67.172.234 - - [08/Apr/2021:10:36:23 -0300] "GET /cormun/servlet/hpexe_return? HTTP/1.1" 200 1025
186.67.172.234 - - [08/Apr/2021:10:36:23 -0300] "GET /cormun/servlet/trsolicitudadjuntos?2021,16920, HTTP/1.1" 200 9950
186.67.172.234 - - [08/Apr/2021:10:36:24 -0300] "GET /cormun/servlet/trsolicitudadjuntos?2021,16920, HTTP/1.1" 200 9947
186.67.172.234 - - [08/Apr/2021:10:36:26 -0300] "GET /cormun/servlet/solicitudotadjuntos?INS,2021,16920,,1, HTTP/1.1" 200 6409
186.67.172.234 - - [08/Apr/2021:10:36:26 -0300] "GET /cormun/static/about:blank HTTP/1.1" 404 1011
186.67.172.234 - - [08/Apr/2021:10:36:27 -0300] "GET /cormun/servlet/solicitudotadjuntos?INS,2021,16920,,1, HTTP/1.1" 200 6402
186.67.172.234 - - [08/Apr/2021:10:36:27 -0300] "GET /cormun/servlet/solicitudotadjuntos?b264ec6db3de89ffee237f1d986718795a6107ef21462f780b4d2ff826fdf035483d9a41be3c6c0854d2e4abd15f0012,gx-no-cache=1617888426888 HTTP/1.1" 200 30
186.67.172.234 - - [08/Apr/2021:10:36:27 -0300] "POST /cormun/servlet/solicitudotadjuntos?a0d9824b27c699222ae529ead1ffdc70,INS,2021,16920,,1,,gx-no-cache=1617888426917 HTTP/1.1" 200 4150
186.67.172.234 - - [08/Apr/2021:10:36:31 -0300] "POST /cormun/servlet/solicitudotadjuntos?gx-no-cache=1617888430818 HTTP/1.1" 200 26
186.67.172.234 - - [08/Apr/2021:10:36:39 -0300] "GET /cormun/servlet/solicitudotadjuntos?b264ec6db3de89ffee237f1d98671879614c4c2a6940e410d67bb1f0550f8908,gx-no-cache=1617888438409 HTTP/1.1" 200 30
186.67.172.234 - - [08/Apr/2021:10:36:39 -0300] "GET /cormun/servlet/solicitudotadjuntos?b264ec6db3de89ffee237f1d98671879614c4c2a6940e410d67bb1f0550f8908,gx-no-cache=1617888438607 HTTP/1.1" 200 30
186.67.172.234 - - [08/Apr/2021:10:36:39 -0300] "POST /cormun/servlet/solicitudotadjuntos?a0d9824b27c699222ae529ead1ffdc70,INS,2021,16920,,1, HTTP/1.1" 200 116
186.67.172.234 - - [08/Apr/2021:10:36:39 -0300] "GET /cormun/servlet/hpexe_return? HTTP/1.1" 200 1025
186.67.172.234 - - [08/Apr/2021:10:36:40 -0300] "GET /cormun/servlet/trsolicitudadjuntos?2021,16920, HTTP/1.1" 200 10260
186.67.172.234 - - [08/Apr/2021:10:36:40 -0300] "GET /cormun/servlet/trsolicitudadjuntos?2021,16920, HTTP/1.1" 200 10258
186.67.172.234 - - [08/Apr/2021:10:37:13 -0300] "POST /cormun/servlet/trsolicitudadjuntos?a0d9824b27c699222ae529ead1ffdc70,2021,16920,,gx-no-cache=1617888472900 HTTP/1.1" 200 90
186.67.172.234 - - [08/Apr/2021:10:37:13 -0300] "GET /cormun/servlet/hpexe_link HTTP/1.1" 200 969
186.67.172.234 - - [08/Apr/2021:10:37:13 -0300] "GET /cormun/servlet/trsolicitudot HTTP/1.1" 200 8977
186.67.172.234 - - [08/Apr/2021:10:37:14 -0300] "GET /cormun/servlet/trsolicitudot HTTP/1.1" 200 8976
186.67.172.234 - - [08/Apr/2021:10:37:33 -0300] "GET /cormun/servlet/trlicencias? HTTP/1.1" 200 14186
186.67.172.234 - - [08/Apr/2021:10:37:34 -0300] "GET /cormun/servlet/trlicencias? HTTP/1.1" 200 14193
186.67.172.234 - - [08/Apr/2021:10:37:36 -0300] "POST /cormun/servlet/trlicencias?a0d9824b27c699222ae529ead1ffdc70,,gx-no-cache=1617888495487 HTTP/1.1" 200 11768
190.171.141.138 - - [08/Apr/2021:10:38:23 -0300] "GET /cormun/servlet/hlogin HTTP/1.1" 200 1724
190.171.141.138 - - [08/Apr/2021:10:38:25 -0300] "POST /cormun/servlet/hlogin?7a671fb574f75778d6f4364f2070edd3,gx-no-cache=1617884918013 HTTP/1.1" 200 90
190.171.141.138 - - [08/Apr/2021:10:38:25 -0300] "GET /cormun/servlet/hpexe_link HTTP/1.1" 200 950
190.171.141.138 - - [08/Apr/2021:10:38:26 -0300] "GET /cormun/servlet/hhome HTTP/1.1" 200 4460
190.171.141.138 - - [08/Apr/2021:10:38:27 -0300] "GET /cormun/servlet/hhome HTTP/1.1" 200 4456
190.171.141.138 - - [08/Apr/2021:10:38:30 -0300] "GET /cormun/servlet/trlicencias? HTTP/1.1" 200 11367
190.171.141.138 - - [08/Apr/2021:10:38:31 -0300] "GET /cormun/servlet/trlicencias? HTTP/1.1" 200 11365
192.168.10.89 - - [08/Apr/2021:10:43:02 -0300] "GET /cormun/servlet/trsolicitudgral? HTTP/1.1" 200 11410
192.168.10.89 - - [08/Apr/2021:10:43:02 -0300] "GET /cormun/servlet/trsolicitudgral? HTTP/1.1" 200 11410
192.168.10.89 - - [08/Apr/2021:10:43:06 -0300] "POST /cormun/servlet/trsolicitudgral?6dd48fc9e765f23a539b52021e5d534e,,gx-no-cache=1617888663271 HTTP/1.1" 200 6673
192.168.10.89 - - [08/Apr/2021:10:43:13 -0300] "POST /cormun/servlet/trsolicitudgral?6dd48fc9e765f23a539b52021e5d534e,,gx-no-cache=1617888670077 HTTP/1.1" 200 6673
192.168.10.89 - - [08/Apr/2021:10:43:13 -0300] "POST /cormun/servlet/trsolicitudgral?6dd48fc9e765f23a539b52021e5d534e,,gx-no-cache=1617888670388 HTTP/1.1" 200 6673
192.168.10.89 - - [08/Apr/2021:10:43:14 -0300] "POST /cormun/servlet/trsolicitudgral?6dd48fc9e765f23a539b52021e5d534e,,gx-no-cache=1617888670596 HTTP/1.1" 200 6673
192.168.10.89 - - [08/Apr/2021:10:43:17 -0300] "POST /cormun/servlet/trsolicitudgral?6dd48fc9e765f23a539b52021e5d534e,,gx-no-cache=1617888673885 HTTP/1.1" 200 6638
192.168.10.89 - - [08/Apr/2021:10:43:21 -0300] "POST /cormun/servlet/trsolicitudgral?6dd48fc9e765f23a539b52021e5d534e,,gx-no-cache=1617888677797 HTTP/1.1" 200 9924
192.168.10.89 - - [08/Apr/2021:10:43:32 -0300] "GET /cormun/servlet/trsolicitudgral? HTTP/1.1" 200 12919
192.168.10.89 - - [08/Apr/2021:10:43:32 -0300] "GET /cormun/servlet/trsolicitudgral? HTTP/1.1" 200 12919
192.168.10.89 - - [08/Apr/2021:10:43:44 -0300] "GET /cormun/servlet/trautorizarot? HTTP/1.1" 200 8087
192.168.10.89 - - [08/Apr/2021:10:43:44 -0300] "GET /cormun/servlet/trautorizarot? HTTP/1.1" 200 8087
186.103.159.230 - - [08/Apr/2021:10:43:45 -0300] "GET /cormun/servlet/trautorizarsolicitud? HTTP/1.1" 200 8760
186.103.159.230 - - [08/Apr/2021:10:43:46 -0300] "GET /cormun/servlet/trautorizarsolicitud? HTTP/1.1" 200 8760
192.168.10.89 - - [08/Apr/2021:10:43:48 -0300] "POST /cormun/servlet/trautorizarot?6dd48fc9e765f23a539b52021e5d534e,,gx-no-cache=1617888705422 HTTP/1.1" 200 5162
192.168.10.89 - - [08/Apr/2021:10:43:53 -0300] "GET /cormun/servlet/trsolicitudgral? HTTP/1.1" 200 12920
192.168.10.89 - - [08/Apr/2021:10:43:53 -0300] "GET /cormun/servlet/trsolicitudgral? HTTP/1.1" 200 12919
192.168.10.89 - - [08/Apr/2021:10:43:58 -0300] "POST /cormun/servlet/trsolicitudgral?6dd48fc9e765f23a539b52021e5d534e,,gx-no-cache=1617888714622 HTTP/1.1" 200 6678
192.168.10.89 - - [08/Apr/2021:10:43:58 -0300] "POST /cormun/servlet/trsolicitudgral?6dd48fc9e765f23a539b52021e5d534e,,gx-no-cache=1617888715356 HTTP/1.1" 200 6676
186.103.159.230 - - [08/Apr/2021:10:43:59 -0300] "POST /cormun/servlet/trautorizarsolicitud?006413c24769beca1df937cadf2aa7c9,,gx-no-cache=1617888849449 HTTP/1.1" 200 4811
192.168.10.89 - - [08/Apr/2021:10:43:59 -0300] "POST /cormun/servlet/trsolicitudgral?6dd48fc9e765f23a539b52021e5d534e,,gx-no-cache=1617888715548 HTTP/1.1" 200 7197
186.103.159.230 - - [08/Apr/2021:10:43:59 -0300] "GET /cormun/static/Shared/jqueryui/images/ui-bg_highlight-soft_100_c6c2c8_1x100.png HTTP/1.1" 404 1117
186.103.159.230 - - [08/Apr/2021:10:43:59 -0300] "GET /cormun/static/Shared/jqueryui/images/ui-icons_82798d_256x240.png HTTP/1.1" 404 1089
186.103.159.230 - - [08/Apr/2021:10:43:59 -0300] "GET /cormun/static/Shared/jqueryui/images/ui-bg_flat_55_fafafa_40x100.png HTTP/1.1" 404 1097
186.103.159.230 - - [08/Apr/2021:10:43:59 -0300] "GET /cormun/static/Shared/jqueryui/images/ui-icons_8d78a5_256x240.png HTTP/1.1" 404 1089
192.168.10.89 - - [08/Apr/2021:10:43:59 -0300] "POST /cormun/servlet/trsolicitudgral?6dd48fc9e765f23a539b52021e5d534e,,gx-no-cache=1617888715789 HTTP/1.1" 200 7197
186.103.159.230 - - [08/Apr/2021:10:43:59 -0300] "POST /cormun/servlet/trautorizarsolicitud?006413c24769beca1df937cadf2aa7c9,,gx-no-cache=1617888850216 HTTP/1.1" 200 4547
192.168.10.89 - - [08/Apr/2021:10:43:59 -0300] "POST /cormun/servlet/trsolicitudgral?6dd48fc9e765f23a539b52021e5d534e,,gx-no-cache=1617888716124 HTTP/1.1" 200 7196
192.168.10.89 - - [08/Apr/2021:10:43:59 -0300] "POST /cormun/servlet/trsolicitudgral?6dd48fc9e765f23a539b52021e5d534e,,gx-no-cache=1617888716421 HTTP/1.1" 200 7196
192.168.10.89 - - [08/Apr/2021:10:44:00 -0300] "POST /cormun/servlet/trsolicitudgral?6dd48fc9e765f23a539b52021e5d534e,,gx-no-cache=1617888716693 HTTP/1.1" 200 7197
192.168.10.89 - - [08/Apr/2021:10:44:00 -0300] "POST /cormun/servlet/trsolicitudgral?6dd48fc9e765f23a539b52021e5d534e,,gx-no-cache=1617888717165 HTTP/1.1" 200 7197
192.168.10.89 - - [08/Apr/2021:10:44:00 -0300] "POST /cormun/servlet/trsolicitudgral?6dd48fc9e765f23a539b52021e5d534e,,gx-no-cache=1617888717381 HTTP/1.1" 200 7197
192.168.10.89 - - [08/Apr/2021:10:44:01 -0300] "POST /cormun/servlet/trsolicitudgral?6dd48fc9e765f23a539b52021e5d534e,,gx-no-cache=1617888717623 HTTP/1.1" 200 7197
186.103.159.230 - - [08/Apr/2021:10:45:03 -0300] "GET /cormun/servlet/trsolicitudot? HTTP/1.1" 200 8852
186.103.159.230 - - [08/Apr/2021:10:45:04 -0300] "GET /cormun/servlet/trsolicitudot? HTTP/1.1" 200 8851
186.103.159.230 - - [08/Apr/2021:10:45:21 -0300] "POST /cormun/servlet/trsolicitudot?006413c24769beca1df937cadf2aa7c9,,gx-no-cache=1617888932753 HTTP/1.1" 200 4835
186.103.159.230 - - [08/Apr/2021:10:45:22 -0300] "POST /cormun/servlet/trsolicitudot?006413c24769beca1df937cadf2aa7c9,,gx-no-cache=1617888932974 HTTP/1.1" 200 4622
186.103.159.230 - - [08/Apr/2021:10:45:24 -0300] "GET /cormun/servlet/trsolicitudot? HTTP/1.1" 200 7436
186.103.159.230 - - [08/Apr/2021:10:45:25 -0300] "GET /cormun/servlet/trsolicitudot? HTTP/1.1" 200 7436
190.171.141.138 - - [08/Apr/2021:10:46:42 -0300] "POST /cormun/servlet/trlicencias?7a671fb574f75778d6f4364f2070edd3,,gx-no-cache=1617885413788 HTTP/1.1" 200 8722
192.168.10.89 - - [08/Apr/2021:10:53:26 -0300] "GET /cormun/servlet/trsolicitudgral? HTTP/1.1" 200 10206
192.168.10.89 - - [08/Apr/2021:10:53:26 -0300] "GET /cormun/servlet/trsolicitudgral? HTTP/1.1" 200 10206
192.168.10.89 - - [08/Apr/2021:10:53:30 -0300] "POST /cormun/servlet/trsolicitudgral?6dd48fc9e765f23a539b52021e5d534e,,gx-no-cache=1617889287493 HTTP/1.1" 200 6674
186.103.159.230 - - [08/Apr/2021:10:53:31 -0300] "GET /cormun/servlet/solicitudot?INS,0,0,false, HTTP/1.1" 200 15739
192.168.10.89 - - [08/Apr/2021:10:53:32 -0300] "GET /cormun/servlet/vesolicitudgral?2021,16862,, HTTP/1.1" 200 8379
186.103.159.230 - - [08/Apr/2021:10:53:32 -0300] "GET /cormun/servlet/solicitudot?INS,0,0,false, HTTP/1.1" 200 15746
192.168.10.89 - - [08/Apr/2021:10:53:32 -0300] "GET /cormun/pexe_scrolldiv.js HTTP/1.1" 404 1009
192.168.10.89 - - [08/Apr/2021:10:53:32 -0300] "GET /cormun/pexe_scrolldiv.js HTTP/1.1" 404 1009
192.168.10.89 - - [08/Apr/2021:10:53:33 -0300] "GET /cormun/servlet/vesolicitudgral?2021,16862,, HTTP/1.1" 200 8378
192.168.10.89 - - [08/Apr/2021:10:53:44 -0300] "GET /cormun/servlet/vesolicitudgral?2021,16862,,SolicitudOTAdjuntos HTTP/1.1" 200 10817
192.168.10.89 - - [08/Apr/2021:10:53:44 -0300] "GET /cormun/pexe_scrolldiv.js HTTP/1.1" 404 1009
192.168.10.89 - - [08/Apr/2021:10:53:44 -0300] "GET /cormun/pexe_scrolldiv.js HTTP/1.1" 404 1009
192.168.10.89 - - [08/Apr/2021:10:53:45 -0300] "GET /cormun/servlet/vesolicitudgral?2021,16862,,SolicitudOTAdjuntos HTTP/1.1" 200 10819
192.168.10.89 - - [08/Apr/2021:10:53:46 -0300] "POST /cormun/servlet/acontrolpreferencessavestate?None,RRHH+DANIELA,true HTTP/1.1" 200 35
186.103.159.230 - - [08/Apr/2021:10:53:48 -0300] "POST /cormun/servlet/solicitudot?gx-no-cache=1617889439651 HTTP/1.1" 200 3789
186.103.159.230 - - [08/Apr/2021:10:53:48 -0300] "POST /cormun/servlet/solicitudot?006413c24769beca1df937cadf2aa7c9,INS,0,0,false,,gx-no-cache=1617889439857 HTTP/1.1" 200 12552
186.103.159.230 - - [08/Apr/2021:10:53:56 -0300] "GET /cormun/servlet/solicitudot?6d9b9c4f38ea7fe0dfbb6b945ffa013a1afa1e49804ff14c3b30c2bb6d3185a1dc61ef27ecfa9d83846bd9101cd5ad62,gx-no-cache=1617889447334 HTTP/1.1" 200 30
192.168.10.89 - - [08/Apr/2021:10:53:56 -0300] "GET /cormun/PublicTempStorage/cv_francisco_fari%F1a_23574336.pdf HTTP/1.1" 200 77835
192.168.10.89 - - [08/Apr/2021:10:54:02 -0300] "GET /cormun/servlet/vesolicitudgral?2021,16862,,SolicitudOTAdjuntos HTTP/1.1" 200 10818
192.168.10.89 - - [08/Apr/2021:10:54:03 -0300] "GET /cormun/servlet/vesolicitudgral?2021,16862,,SolicitudOTAdjuntos HTTP/1.1" 200 10819
192.168.10.89 - - [08/Apr/2021:10:54:04 -0300] "POST /cormun/servlet/acontrolpreferencessavestate?None,RRHH+DANIELA,true HTTP/1.1" 200 35
192.168.10.89 - - [08/Apr/2021:10:54:05 -0300] "GET /cormun/PublicTempStorage/cv_francisco_fari%F1a_21562116.pdf HTTP/1.1" 200 77835
192.168.10.89 - - [08/Apr/2021:10:54:09 -0300] "GET /cormun/servlet/vesolicitudgral?2021,16862,,SolicitudOTAdjuntos HTTP/1.1" 200 10817
192.168.10.89 - - [08/Apr/2021:10:54:09 -0300] "GET /cormun/servlet/vesolicitudgral?2021,16862,,SolicitudOTAdjuntos HTTP/1.1" 200 10819
192.168.10.89 - - [08/Apr/2021:10:54:10 -0300] "POST /cormun/servlet/acontrolpreferencessavestate?None,RRHH+DANIELA,true HTTP/1.1" 200 35
192.168.10.89 - - [08/Apr/2021:10:54:11 -0300] "GET /cormun/PublicTempStorage/certificado_afiliacion_fonasa_-_francisco_fari%F1a5175770.pdf HTTP/1.1" 200 74235
192.168.10.89 - - [08/Apr/2021:10:54:14 -0300] "GET /cormun/servlet/vesolicitudgral?2021,16862,,SolicitudOTAdjuntos HTTP/1.1" 200 10817
192.168.10.89 - - [08/Apr/2021:10:54:15 -0300] "GET /cormun/servlet/vesolicitudgral?2021,16862,,SolicitudOTAdjuntos HTTP/1.1" 200 10821
192.168.10.89 - - [08/Apr/2021:10:54:15 -0300] "POST /cormun/servlet/acontrolpreferencessavestate?None,RRHH+DANIELA,true HTTP/1.1" 200 35
192.168.10.89 - - [08/Apr/2021:10:55:40 -0300] "POST /cormun/servlet/vesolicitudgral?6dd48fc9e765f23a539b52021e5d534e,2021,16862,,SolicitudOTAdjuntos,gx-no-cache=1617889416806 HTTP/1.1" 200 90
192.168.10.89 - - [08/Apr/2021:10:55:40 -0300] "GET /cormun/servlet/hpexe_link HTTP/1.1" 200 980
192.168.10.89 - - [08/Apr/2021:10:55:40 -0300] "GET /cormun/servlet/trsolicitudgral? HTTP/1.1" 200 9682
192.168.10.89 - - [08/Apr/2021:10:55:40 -0300] "GET /cormun/servlet/trsolicitudgral? HTTP/1.1" 200 9683
192.168.10.89 - - [08/Apr/2021:10:55:43 -0300] "GET /cormun/servlet/vesolicitudgral?2021,16862,, HTTP/1.1" 200 8379
192.168.10.89 - - [08/Apr/2021:10:55:43 -0300] "GET /cormun/pexe_scrolldiv.js HTTP/1.1" 404 1009
192.168.10.89 - - [08/Apr/2021:10:55:43 -0300] "GET /cormun/pexe_scrolldiv.js HTTP/1.1" 404 1009
192.168.10.89 - - [08/Apr/2021:10:55:43 -0300] "GET /cormun/servlet/vesolicitudgral?2021,16862,, HTTP/1.1" 200 8378
186.103.159.230 - - [08/Apr/2021:10:57:17 -0300] "GET /cormun/servlet/solicitudot?6d9b9c4f38ea7fe0dfbb6b945ffa013ae28a95f9b11b5d59775ad4f81fdd15612c93d0c7da51c02d236a8d751dd946a9ae7cb4fbd671dc6b62c69e96ae88f4c4,gx-no-cache=1617889647635 HTTP/1.1" 200 30
186.103.159.230 - - [08/Apr/2021:10:57:17 -0300] "GET /cormun/servlet/solicitudot?6d9b9c4f38ea7fe0dfbb6b945ffa013a6df0dbc5ee2d5947f1021785786f0f74,gx-no-cache=1617889648372 HTTP/1.1" 200 53
186.103.159.230 - - [08/Apr/2021:10:57:17 -0300] "POST /cormun/servlet/solicitudot?gx-no-cache=1617889648406 HTTP/1.1" 200 240
186.103.159.230 - - [08/Apr/2021:10:57:17 -0300] "GET /cormun/servlet/solicitudot?6d9b9c4f38ea7fe0dfbb6b945ffa013acaa5d736c88d86316e767fe1a1c00a734802cd1a21b085497fdfa732992fb91231b2af931a8ddd2a8d79f633127b1f63785cb8e381e10d01ea0b3ff10649dd6b98976dfd8a6acfa1e7e4e9cea3c901fab9fea51d9f862cd3673960bada07b04ad9af1377090fc704d72557a7fb609ddf3f14c59fc7952b5fda4bccf543c48c4d2e3f186e034eef5ce797b23706edef44a725d4c458c7eed5d939e3658b85fe7545893f8ce8a06586e45edf9e10949a26ed520504b619359d6e501a948197f2187a492b99cc789a445c1e60ae9b694bbf9b839ff5333135e7d28915261623c371065b58d4511db86fe7a5f18b84c8b9eb6290e77ee0528f82ab485091b4c59ddc0f574465d8f00c32fec7013b6c8889dd25f855585136610b6c4ea9e80b62853f92a1ebbd48635ef70829016633df5b00832498d61cffd1401c0db0ae915c2f58be79cf04f966590af9e7e253a737b65ba0cf881f8781bb702b2c39d5959f96f26790edc649807a6a9238acb508f06fc7,gx-no-cache=1617889648451 HTTP/1.1" 200 30
186.103.159.230 - - [08/Apr/2021:10:57:22 -0300] "POST /cormun/servlet/solicitudot?gx-no-cache=1617889653922 HTTP/1.1" 200 30
186.103.159.230 - - [08/Apr/2021:10:57:54 -0300] "POST /cormun/servlet/solicitudot?gx-no-cache=1617889685477 HTTP/1.1" 200 1440
186.103.159.230 - - [08/Apr/2021:10:57:54 -0300] "GET /cormun/static/menuarrow.gif HTTP/1.1" 404 1015
186.103.159.230 - - [08/Apr/2021:10:58:02 -0300] "GET /cormun/servlet/prlicenciaspermisos?15792774,L,,MD,,gxPopupLevel%3D0%3B HTTP/1.1" 200 5991
186.103.159.230 - - [08/Apr/2021:10:58:20 -0300] "POST /cormun/servlet/solicitudot?gx-no-cache=1617889711746 HTTP/1.1" 200 40
186.103.159.230 - - [08/Apr/2021:10:58:20 -0300] "GET /cormun/servlet/solicitudot?6d9b9c4f38ea7fe0dfbb6b945ffa013a9cf21134bcf331a08772c108dc8af91b5acda7c552a8bf6fbcee854857c677d6f53fdea6420ef1b47f64f8f111204bdcc491a39eed33661af192d2e6378db52ba5994583361ad155ae38c2701bd66f5d0b29a1eb08f284bc0aa311d6100f4528,gx-no-cache=1617889711782 HTTP/1.1" 200 110
186.103.159.230 - - [08/Apr/2021:10:58:20 -0300] "POST /cormun/servlet/solicitudot?gx-no-cache=1617889711819 HTTP/1.1" 200 97
186.103.159.230 - - [08/Apr/2021:10:58:20 -0300] "GET /cormun/servlet/solicitudot?6d9b9c4f38ea7fe0dfbb6b945ffa013a61d2b14d7fe3d63dca672b65db9f3f7a6c5ea70e93374e2d9d956c32680a92f1042451efec3d6906788721571c1bfc5daa7df6c538185c70f14b469cbdd43588c2467b07af2590ac669030e58801f551fbb0355dceac4dbe131d33ad31cfb0a62cb39be64aefd32ab150ed0bf3c2e98263a127c433baaee6f0aaaac5ad588650b55268d4dab2369162f53c6f845d365e,gx-no-cache=1617889711857 HTTP/1.1" 200 29
186.103.159.230 - - [08/Apr/2021:10:58:33 -0300] "GET /cormun/servlet/solicitudot?6d9b9c4f38ea7fe0dfbb6b945ffa013a9cf21134bcf331a08772c108dc8af91b5acda7c552a8bf6fbcee854857c677d6f53fdea6420ef1b47f64f8f111204bdcc491a39eed33661af192d2e6378db52ba5994583361ad155ae38c2701bd66f5d0b29a1eb08f284bc0aa311d6100f4528,gx-no-cache=1617889724192 HTTP/1.1" 200 110
186.103.159.230 - - [08/Apr/2021:10:58:38 -0300] "GET /cormun/servlet/solicitudot?6d9b9c4f38ea7fe0dfbb6b945ffa013a9631afd54fb061bdcb07c20338cf34cb05c6a1e3f9977c60e83e67959b635a68,gx-no-cache=1617889729904 HTTP/1.1" 200 30
186.103.159.230 - - [08/Apr/2021:10:58:39 -0300] "POST /cormun/servlet/solicitudot?gx-no-cache=1617889730157 HTTP/1.1" 200 34
186.103.159.230 - - [08/Apr/2021:10:58:57 -0300] "POST /cormun/servlet/solicitudot?006413c24769beca1df937cadf2aa7c9,INS,0,0,false,,gx-no-cache=1617889748297 HTTP/1.1" 200 93
186.103.159.230 - - [08/Apr/2021:10:58:58 -0300] "GET /cormun/servlet/hpexe_return? HTTP/1.1" 200 1017
186.103.159.230 - - [08/Apr/2021:10:59:00 -0300] "GET /cormun/servlet/trsolicitudot HTTP/1.1" 200 8878
186.103.159.230 - - [08/Apr/2021:10:59:00 -0300] "GET /cormun/servlet/trsolicitudot HTTP/1.1" 200 8874
186.103.159.230 - - [08/Apr/2021:10:59:09 -0300] "POST /cormun/servlet/trsolicitudot?006413c24769beca1df937cadf2aa7c9,gx-no-cache=1617889760644 HTTP/1.1" 200 107
186.103.159.230 - - [08/Apr/2021:10:59:09 -0300] "GET /cormun/servlet/trsolicitudadjuntos?2021,16921, HTTP/1.1" 200 6313
186.103.159.230 - - [08/Apr/2021:10:59:10 -0300] "GET /cormun/servlet/trsolicitudadjuntos?2021,16921, HTTP/1.1" 200 6313
186.103.159.230 - - [08/Apr/2021:10:59:12 -0300] "GET /cormun/servlet/solicitudotadjuntos?INS,2021,16921,,1, HTTP/1.1" 200 6262
186.67.172.234 - - [08/Apr/2021:10:59:13 -0300] "POST /cormun/servlet/trlicencias?a0d9824b27c699222ae529ead1ffdc70,,gx-no-cache=1617889792206 HTTP/1.1" 200 12302
186.103.159.230 - - [08/Apr/2021:10:59:13 -0300] "GET /cormun/static/about:blank HTTP/1.1" 404 1011
186.103.159.230 - - [08/Apr/2021:10:59:13 -0300] "GET /cormun/servlet/solicitudotadjuntos?INS,2021,16921,,1, HTTP/1.1" 200 6255
186.103.159.230 - - [08/Apr/2021:10:59:13 -0300] "GET /cormun/servlet/solicitudotadjuntos?6d9b9c4f38ea7fe0dfbb6b945ffa013ad8abe9171c0a99ed2710e6d34edbba6dfb52adcfb83283a77b0dc2c6ec0c9d0d,gx-no-cache=1617889764853 HTTP/1.1" 200 30
186.103.159.230 - - [08/Apr/2021:10:59:13 -0300] "POST /cormun/servlet/solicitudotadjuntos?006413c24769beca1df937cadf2aa7c9,INS,2021,16921,,1,,gx-no-cache=1617889764886 HTTP/1.1" 200 4187
186.67.172.234 - - [08/Apr/2021:10:59:18 -0300] "GET /cormun/servlet/trlicencias? HTTP/1.1" 200 14652
186.67.172.234 - - [08/Apr/2021:10:59:19 -0300] "GET /cormun/servlet/trlicencias? HTTP/1.1" 200 14698
186.103.159.230 - - [08/Apr/2021:11:00:50 -0300] "POST /cormun/servlet/solicitudotadjuntos?gx-no-cache=1617889855234 HTTP/1.1" 200 26
186.103.159.230 - - [08/Apr/2021:11:01:38 -0300] "GET /cormun/servlet/solicitudotadjuntos?6d9b9c4f38ea7fe0dfbb6b945ffa013a90843a0557b34cd8e1cb2baa9af51595,gx-no-cache=1617889909485 HTTP/1.1" 200 30
186.103.159.230 - - [08/Apr/2021:11:01:38 -0300] "GET /cormun/servlet/solicitudotadjuntos?6d9b9c4f38ea7fe0dfbb6b945ffa013a90843a0557b34cd8e1cb2baa9af51595,gx-no-cache=1617889909538 HTTP/1.1" 200 30
186.103.159.230 - - [08/Apr/2021:11:01:38 -0300] "POST /cormun/servlet/solicitudotadjuntos?006413c24769beca1df937cadf2aa7c9,INS,2021,16921,,1, HTTP/1.1" 200 116
186.103.159.230 - - [08/Apr/2021:11:01:39 -0300] "GET /cormun/servlet/hpexe_return? HTTP/1.1" 200 1033
