190.171.141.106 - - [31/Mar/2021:10:09:10 -0300] "POST /cormun/servlet/solicitudot?gx-no-cache=1617195583974 HTTP/1.1" 200 3907
190.171.141.106 - - [31/Mar/2021:10:09:10 -0300] "GET /cormun/static/Shared/jqueryui/images/ui-bg_highlight-soft_100_c6c2c8_1x100.png HTTP/1.1" 404 1117
190.171.141.106 - - [31/Mar/2021:10:09:10 -0300] "GET /cormun/static/Shared/jqueryui/images/ui-icons_82798d_256x240.png HTTP/1.1" 404 1089
190.171.141.106 - - [31/Mar/2021:10:09:10 -0300] "GET /cormun/static/Shared/jqueryui/images/ui-bg_flat_55_994d53_40x100.png HTTP/1.1" 404 1097
190.171.141.106 - - [31/Mar/2021:10:09:10 -0300] "GET /cormun/static/Shared/jqueryui/images/ui-icons_ebccce_256x240.png HTTP/1.1" 404 1089
190.171.141.106 - - [31/Mar/2021:10:09:16 -0300] "GET /cormun/servlet/prfichaempleado?,MD,,gxPopupLevel%3D0%3B HTTP/1.1" 200 9284
190.171.152.242 - - [31/Mar/2021:10:09:23 -0300] "GET /cormun/servlet/prcontratosol?15126645,,,,,MD,,gxPopupLevel%3D0%3B HTTP/1.1" 200 7726
190.171.152.242 - - [31/Mar/2021:10:09:23 -0300] "GET /cormun/static/gxcfg.js?2019914201458 HTTP/1.1" 200 953
190.171.152.242 - - [31/Mar/2021:10:09:23 -0300] "GET /cormun/static/Resources/Spanish/PXTools.css?19172979 HTTP/1.1" 200 100853
190.171.152.242 - - [31/Mar/2021:10:09:23 -0300] "GET /cormun/static/prcontratosol.js?20199142014772 HTTP/1.1" 200 15806
190.171.152.242 - - [31/Mar/2021:10:09:35 -0300] "GET /cormun/servlet/solicitudot?0fd3113a0bd2d258083e1b66c221cf9c4599d61928b02024fa7f2a9bd815864596f0d869e5609e4bf04689df64a56730debb39828c007bf655be09eef03334ff6ad594c661387a0ecce4aab3000894a58cb8af5e8fccf705ffd119885528726953a29205668eee759a67c0bfa7d68428,gx-no-cache=1617195587522 HTTP/1.1" 200 110
190.171.152.242 - - [31/Mar/2021:10:09:35 -0300] "GET /cormun/servlet/solicitudot?0fd3113a0bd2d258083e1b66c221cf9c86c9be69564b829f7739d57844225994d1774abdd6f01e97dd7df6ecdcfdb337,gx-no-cache=1617195587585 HTTP/1.1" 200 30
190.171.141.106 - - [31/Mar/2021:10:09:37 -0300] "POST /cormun/servlet/prfichaempleado?95d99bb4df7cff469d90fb376be6d717,,MD,,gxPopupLevel%3D0%3B,gx-no-cache=1617195610230 HTTP/1.1" 200 3463
190.171.141.106 - - [31/Mar/2021:10:09:43 -0300] "POST /cormun/servlet/solicitudot?gx-no-cache=1617195616923 HTTP/1.1" 200 3907
190.171.141.106 - - [31/Mar/2021:10:09:43 -0300] "GET /cormun/servlet/solicitudot?f18bf24abef3c6b2b9c9ff30c071b6a56aca90692aa9f7d0409b8e3b70c822e5582fb27d77691967165e8cef79febfb0,gx-no-cache=1617195617070 HTTP/1.1" 200 30
190.171.152.242 - - [31/Mar/2021:10:09:46 -0300] "POST /cormun/servlet/solicitudot?gx-no-cache=1617195598861 HTTP/1.1" 200 122
190.171.152.242 - - [31/Mar/2021:10:09:47 -0300] "POST /cormun/servlet/solicitudot?b78eb9163de90fb26d64f4b8fd6a0f67,INS,0,0,false,,gx-no-cache=1617195598981 HTTP/1.1" 200 12599
190.171.142.18 - - [31/Mar/2021:10:09:53 -0300] "GET /cormun/servlet/hlogin HTTP/1.1" 200 1723
190.171.142.18 - - [31/Mar/2021:10:09:53 -0300] "GET /cormun/static/Resources/Logo2019_Grande.png HTTP/1.1" 200 31733
190.171.142.18 - - [31/Mar/2021:10:09:53 -0300] "GET /cormun/static/Resources/PXToolsLoginTop.png HTTP/1.1" 200 1337
190.171.142.18 - - [31/Mar/2021:10:09:53 -0300] "GET /cormun/static/Resources/PXToolsLoginBackground.png HTTP/1.1" 200 1164
190.171.142.18 - - [31/Mar/2021:10:09:53 -0300] "GET /cormun/static/Resources/PXToolsButtonLeft.png HTTP/1.1" 200 1310
190.171.142.18 - - [31/Mar/2021:10:09:53 -0300] "GET /cormun/static/Resources/PXToolsButtonRight.png HTTP/1.1" 200 1294
190.171.142.18 - - [31/Mar/2021:10:09:53 -0300] "GET /cormun/static/Resources/PXToolsButtonBackground.png HTTP/1.1" 200 1176
190.171.142.18 - - [31/Mar/2021:10:09:53 -0300] "GET /cormun/static/Resources/PXToolsLoginBottom.png HTTP/1.1" 200 1389
190.171.142.18 - - [31/Mar/2021:10:09:53 -0300] "GET /cormun/static/Resources/indicator.gif HTTP/1.1" 200 1553
190.171.142.18 - - [31/Mar/2021:10:09:53 -0300] "GET /cormun/servlet/hlogin HTTP/1.1" 200 1734
190.171.142.18 - - [31/Mar/2021:10:09:57 -0300] "POST /cormun/servlet/hlogin?44dc17375c59b997067554ce566e2c14,gx-no-cache=1617195611752 HTTP/1.1" 200 90
190.171.142.18 - - [31/Mar/2021:10:09:57 -0300] "GET /cormun/servlet/hpexe_link HTTP/1.1" 200 948
190.171.142.18 - - [31/Mar/2021:10:09:57 -0300] "GET /cormun/servlet/hhome HTTP/1.1" 200 4343
190.171.142.18 - - [31/Mar/2021:10:09:57 -0300] "GET /cormun/static/Resources/Llave.png HTTP/1.1" 200 1395
190.171.142.18 - - [31/Mar/2021:10:09:57 -0300] "GET /cormun/static/Resources/ImgLogin.png HTTP/1.1" 200 1432
190.171.142.18 - - [31/Mar/2021:10:09:57 -0300] "GET /cormun/static/Resources/ImgHome.png HTTP/1.1" 200 1364
190.171.142.18 - - [31/Mar/2021:10:09:57 -0300] "GET /cormun/static/hpexe_messagegenexuscomponent.js?2020121447173 HTTP/1.1" 200 587
190.171.142.18 - - [31/Mar/2021:10:09:57 -0300] "GET /cormun/static/Resources/Logo2019_Small.png HTTP/1.1" 200 10855
190.171.142.18 - - [31/Mar/2021:10:09:58 -0300] "GET /cormun/static/hmpwkw03.js?20201215501896 HTTP/1.1" 200 3973
190.171.142.18 - - [31/Mar/2021:10:09:58 -0300] "GET /cormun/static/SmoothNavMenu/resources/ddsmoothmenu.js HTTP/1.1" 200 12712
190.171.142.18 - - [31/Mar/2021:10:09:58 -0300] "GET /cormun/static/SmoothNavMenu/resources/SmoothNavMenuRender.js HTTP/1.1" 200 5951
190.171.142.18 - - [31/Mar/2021:10:09:58 -0300] "GET /cormun/static/Shared/jquery/jquery-1.4.2.min.js HTTP/1.1" 200 72174
190.171.142.18 - - [31/Mar/2021:10:09:58 -0300] "GET /cormun/static/PXToolsJavascripts/pexe_oav.js HTTP/1.1" 200 645
190.171.142.18 - - [31/Mar/2021:10:09:58 -0300] "GET /cormun/static/PXToolsJavascripts/pexe_tabdivfix.js HTTP/1.1" 200 876
190.171.142.18 - - [31/Mar/2021:10:09:58 -0300] "GET /cormun/static/PXToolsJavascripts/pexe_oavdivfix.js HTTP/1.1" 200 639
190.171.142.18 - - [31/Mar/2021:10:09:58 -0300] "GET /cormun/static/PXToolsJavascripts/PXToolsJavascriptsRender.js HTTP/1.1" 200 367
190.171.142.18 - - [31/Mar/2021:10:09:58 -0300] "GET /cormun/static/RunJS/RunJS.js HTTP/1.1" 200 288
190.171.142.18 - - [31/Mar/2021:10:09:58 -0300] "GET /cormun/static/PXToolsJavascripts/pexe_picture.js HTTP/1.1" 200 689
190.171.142.18 - - [31/Mar/2021:10:09:58 -0300] "GET /cormun/static/hpexe_messagepopupcomponent.js?2020121447232 HTTP/1.1" 200 605
190.171.142.18 - - [31/Mar/2021:10:09:58 -0300] "GET /cormun/static/hwchdr01.js?20201214473739 HTTP/1.1" 200 996
190.171.142.18 - - [31/Mar/2021:10:09:58 -0300] "GET /cormun/static/hhome.js?20201215495544 HTTP/1.1" 200 777
190.171.142.18 - - [31/Mar/2021:10:09:58 -0300] "GET /cormun/static/hpexe_messagecontroller.js?201991422154126 HTTP/1.1" 200 870
190.171.142.18 - - [31/Mar/2021:10:09:58 -0300] "GET /cormun/static/Resources/PXToolsDataTitle.png HTTP/1.1" 200 1173
190.171.142.18 - - [31/Mar/2021:10:09:59 -0300] "GET /cormun/static/SmoothNavMenu/resources/images/down.gif HTTP/1.1" 200 854
190.171.142.18 - - [31/Mar/2021:10:09:59 -0300] "GET /cormun/static/SmoothNavMenu/resources/images/right.gif HTTP/1.1" 200 860
190.171.142.18 - - [31/Mar/2021:10:10:02 -0300] "GET /cormun/servlet/trlicencias? HTTP/1.1" 200 10688
190.171.142.18 - - [31/Mar/2021:10:10:02 -0300] "GET /cormun/static/gxcfg.js?2020121613995 HTTP/1.1" 200 953
190.171.142.18 - - [31/Mar/2021:10:10:02 -0300] "GET /cormun/static/gxui/gxui-all.css?120300 HTTP/1.1" 200 2179
190.171.142.18 - - [31/Mar/2021:10:10:02 -0300] "GET /cormun/static/calendar-system.css?85620 HTTP/1.1" 200 5572
190.171.142.18 - - [31/Mar/2021:10:10:03 -0300] "GET /cormun/static/Resources/PXToolsAddAllAction.png HTTP/1.1" 200 495
190.171.142.18 - - [31/Mar/2021:10:10:03 -0300] "GET /cormun/static/Resources/PXTools/calendar.png HTTP/1.1" 200 1306
190.171.142.18 - - [31/Mar/2021:10:10:03 -0300] "GET /cormun/static/trlicencias.js?202012162481 HTTP/1.1" 200 16384
190.171.142.18 - - [31/Mar/2021:10:10:03 -0300] "GET /cormun/static/Resources/PXToolsDataSearch.png HTTP/1.1" 200 435
190.171.142.18 - - [31/Mar/2021:10:10:03 -0300] "GET /cormun/static/Resources/PXToolsGridFirstDisabled.gif HTTP/1.1" 200 100
190.171.142.18 - - [31/Mar/2021:10:10:03 -0300] "GET /cormun/static/Resources/PXToolsGridPreviousDisabled.gif HTTP/1.1" 200 90
190.171.142.18 - - [31/Mar/2021:10:10:03 -0300] "GET /cormun/static/Resources/PXToolsGridPage.gif HTTP/1.1" 200 725
190.171.142.18 - - [31/Mar/2021:10:10:03 -0300] "GET /cormun/static/Resources/PXToolsGridNextDisabled.gif HTTP/1.1" 200 90
190.171.142.18 - - [31/Mar/2021:10:10:03 -0300] "GET /cormun/static/Resources/PXToolsActionExcel.png HTTP/1.1" 200 727
190.171.142.18 - - [31/Mar/2021:10:10:03 -0300] "GET /cormun/static/Resources/asc.gif HTTP/1.1" 200 67
190.171.142.18 - - [31/Mar/2021:10:10:03 -0300] "GET /cormun/static/Resources/desc.gif HTTP/1.1" 200 65
190.171.142.18 - - [31/Mar/2021:10:10:03 -0300] "GET /cormun//static/Resources/PXToolsActionDisabled.gif HTTP/1.1" 200 53
190.171.142.18 - - [31/Mar/2021:10:10:03 -0300] "GET /cormun/static/Resources/PXToolsGridLastDisabled.gif HTTP/1.1" 200 98
190.171.142.18 - - [31/Mar/2021:10:10:03 -0300] "GET /cormun//static/Resources/PXToolsGridDisplay.png HTTP/1.1" 200 525
190.171.142.18 - - [31/Mar/2021:10:10:03 -0300] "GET /cormun//static/Resources/PXTools/ActionInsert.png HTTP/1.1" 200 1482
190.171.142.18 - - [31/Mar/2021:10:10:03 -0300] "GET /cormun//static/Resources/PXToolsHeaderFavorites.png HTTP/1.1" 200 1414
190.171.142.18 - - [31/Mar/2021:10:10:03 -0300] "GET /cormun//static/Resources/PXToolsActionPrint.png HTTP/1.1" 200 404
190.171.142.18 - - [31/Mar/2021:10:10:03 -0300] "GET /cormun//static/Resources/PXToolsHeaderHelp.png HTTP/1.1" 200 1333
190.171.142.18 - - [31/Mar/2021:10:10:03 -0300] "GET /cormun/static/Shared/ext/resources/themes/images/default/panel/bg-headersPanel.png HTTP/1.1" 200 255
190.171.142.18 - - [31/Mar/2021:10:10:03 -0300] "GET /cormun/static/Shared/ext/resources/themes/images/default/tools/tool-sprites.gif HTTP/1.1" 200 5434
190.171.142.10 - - [31/Mar/2021:10:10:06 -0300] "GET /cormun/servlet/solicitudotadjuntos?INS,2021,16874,,1, HTTP/1.1" 200 6031
190.171.142.10 - - [31/Mar/2021:10:10:06 -0300] "GET /cormun/static/about:blank HTTP/1.1" 404 1011
190.171.142.10 - - [31/Mar/2021:10:10:07 -0300] "GET /cormun/servlet/solicitudotadjuntos?INS,2021,16874,,1, HTTP/1.1" 200 6025
190.171.142.10 - - [31/Mar/2021:10:10:08 -0300] "GET /cormun/servlet/solicitudotadjuntos?2657e2d1db3ef9f0d7bdaeb3cf8f1f6687067d2dd189ba9b096ea785ce22f1460d32d2b46baff1a0cfdb3527d15cf553,gx-no-cache=1617195620565 HTTP/1.1" 200 30
190.171.142.10 - - [31/Mar/2021:10:10:08 -0300] "POST /cormun/servlet/solicitudotadjuntos?7cb37e4b2acdb4656f2b8e04c430b2f0,INS,2021,16874,,1,,gx-no-cache=1617195620618 HTTP/1.1" 200 3879
190.171.142.10 - - [31/Mar/2021:10:10:12 -0300] "POST /cormun/servlet/solicitudotadjuntos?gx-no-cache=1617195625233 HTTP/1.1" 200 26
190.171.142.10 - - [31/Mar/2021:10:10:18 -0300] "GET /cormun/servlet/solicitudotadjuntos?2657e2d1db3ef9f0d7bdaeb3cf8f1f663ad70d57a1818893e8ec82f70792f7c3,gx-no-cache=1617195631146 HTTP/1.1" 200 30
190.171.142.10 - - [31/Mar/2021:10:10:18 -0300] "GET /cormun/servlet/solicitudotadjuntos?2657e2d1db3ef9f0d7bdaeb3cf8f1f663ad70d57a1818893e8ec82f70792f7c3,gx-no-cache=1617195631232 HTTP/1.1" 200 30
190.171.142.10 - - [31/Mar/2021:10:10:19 -0300] "POST /cormun/servlet/solicitudotadjuntos?7cb37e4b2acdb4656f2b8e04c430b2f0,INS,2021,16874,,1, HTTP/1.1" 200 116
190.171.142.10 - - [31/Mar/2021:10:10:19 -0300] "GET /cormun/servlet/hpexe_return? HTTP/1.1" 200 1030
190.171.142.10 - - [31/Mar/2021:10:10:19 -0300] "GET /cormun/servlet/trsolicitudadjuntos?2021,16874, HTTP/1.1" 200 9088
190.171.142.10 - - [31/Mar/2021:10:10:20 -0300] "GET /cormun/servlet/trsolicitudadjuntos?2021,16874, HTTP/1.1" 200 9087
190.171.152.242 - - [31/Mar/2021:10:10:21 -0300] "GET /cormun/servlet/prlicenciaspermisos?16180340,L,,MD,,gxPopupLevel%3D0%3B HTTP/1.1" 200 5817
190.171.152.242 - - [31/Mar/2021:10:10:34 -0300] "GET /cormun/servlet/prpersonalsolicitud?15126645,,,,,MD,,gxPopupLevel%3D0%3B HTTP/1.1" 200 5637
190.171.152.242 - - [31/Mar/2021:10:10:34 -0300] "GET /cormun/static/gxcfg.js?20199142022523 HTTP/1.1" 200 953
190.171.152.242 - - [31/Mar/2021:10:10:35 -0300] "GET /cormun/static/prpersonalsolicitud.js?20199142022764 HTTP/1.1" 200 13873
190.171.141.106 - - [31/Mar/2021:10:10:36 -0300] "GET /cormun/servlet/solicitudot?f18bf24abef3c6b2b9c9ff30c071b6a5cabce275995976463450694379e6bcf2,gx-no-cache=1617195669258 HTTP/1.1" 200 94
190.171.141.106 - - [31/Mar/2021:10:10:36 -0300] "GET /cormun/servlet/solicitudot?f18bf24abef3c6b2b9c9ff30c071b6a5fc04333726e05988f59a7c0996431f4c,gx-no-cache=1617195669447 HTTP/1.1" 200 29
190.171.141.106 - - [31/Mar/2021:10:10:36 -0300] "GET /cormun/servlet/solicitudot?f18bf24abef3c6b2b9c9ff30c071b6a5068487d8676ab690d5001fc28282391db7af01bd8015fc04b4c6dcd7928c1176da16c3f72ad559a116b7c8eb6396c0b0d9246c25d8635bc53be995b78eb779b25d03efeca47f45ec47ff60f50850493d59b8436a28fa418a06e0947f7f63c8af7149f875750f8f38eeec9abf68e5d66e48652ec586552088bf973219f8b166b375e4f6544800b184e632ca417c664f4ad14f93ce80417c52beda9caf56ee26c2d00181a1d8bfd0e6b5720daae6c9a17937be67449a4080bd1bbf9bd26238912c5d22e0c649cbd5cbb2cf48a2c1ca780695caf2cb6fdfd9a85cb7462a6eb455e8da9dc3fb976c53067eb89e00c26714507d7bdfa2dfa8df36b8a00401320f3a210ab15ad3d4957650b036d7c7dbd92e1cd138660cb863c80053b55ee949e52c5589706fae6984eb5b6a6703a4f27c47d7bff0f794b8d6685ec0513a909b2febc4,gx-no-cache=1617195669527 HTTP/1.1" 200 297
190.171.152.242 - - [31/Mar/2021:10:10:39 -0300] "POST /cormun/servlet/solicitudot?gx-no-cache=1617195651346 HTTP/1.1" 200 40
190.171.152.242 - - [31/Mar/2021:10:10:39 -0300] "GET /cormun/servlet/solicitudot?0fd3113a0bd2d258083e1b66c221cf9c4599d61928b02024fa7f2a9bd815864596f0d869e5609e4bf04689df64a56730debb39828c007bf655be09eef03334ff6ad594c661387a0ecce4aab3000894a58cb8af5e8fccf705ffd119885528726953a29205668eee759a67c0bfa7d68428,gx-no-cache=1617195651406 HTTP/1.1" 200 110
190.171.141.106 - - [31/Mar/2021:10:10:40 -0300] "GET /cormun/servlet/solicitudot?f18bf24abef3c6b2b9c9ff30c071b6a50a38682663f2877f86ef5adf154e935f97e8dc0b2a1e89dc40fd2917b79f99526e6e4bee2785e7478884756a0e5389ed71dd5f95b5e72a792070727403ddafbde0a03743c6d010f2217bdf75dbd5897cc43f8b83efa26c15fc3b32c66e9856d6f57b21e4310e8ac3b1b32b81b970721827b7ee629115385049d421107e082443cb7ca180349e09ba58e479595f0ac7a98df91014d6dba1cc77a1105815481558015c0dc7028a31e40ec484cb7fa3f29d58d90ceb6fe59b2b9a95eb1b923f661d5a96e16b98958f646c059ded610bb4a9ebb8d3777250be092d6d61eb801641c088f7efc480885fd1c8050964c3859ea53cfa00844b4ade3160b5d73a054b7c4bf11e219e12f30bcf5985197aa03d1699794cc68e776d0baf6b5996deefc559893cabb397442f1744d894c51d3725863ce82c6265d8a67920007846fd12606b92b96e25fe3cc7ea0d29fd24046144df061992cc09c6dcf1d379978127ae05282a9d5c54f82d5184e853bd67e5f55c40e9b7ed22e830e9f775c76e0201cda760b3,gx-no-cache=1617195673904 HTTP/1.1" 200 30
190.171.141.106 - - [31/Mar/2021:10:10:44 -0300] "POST /cormun/servlet/solicitudot?gx-no-cache=1617195677508 HTTP/1.1" 200 30
190.171.152.242 - - [31/Mar/2021:10:10:55 -0300] "GET /cormun/static/menuarrow.gif HTTP/1.1" 404 1015
190.171.142.10 - - [31/Mar/2021:10:10:56 -0300] "GET /cormun/servlet/solicitudotadjuntos?INS,2021,16874,,1, HTTP/1.1" 200 6031
190.171.142.10 - - [31/Mar/2021:10:10:57 -0300] "GET /cormun/static/about:blank HTTP/1.1" 404 1011
190.171.142.10 - - [31/Mar/2021:10:10:57 -0300] "GET /cormun/servlet/solicitudotadjuntos?INS,2021,16874,,1, HTTP/1.1" 200 6025
190.171.142.10 - - [31/Mar/2021:10:10:58 -0300] "GET /cormun/servlet/solicitudotadjuntos?2657e2d1db3ef9f0d7bdaeb3cf8f1f6687067d2dd189ba9b096ea785ce22f1460d32d2b46baff1a0cfdb3527d15cf553,gx-no-cache=1617195670720 HTTP/1.1" 200 30
190.171.142.10 - - [31/Mar/2021:10:10:58 -0300] "POST /cormun/servlet/solicitudotadjuntos?7cb37e4b2acdb4656f2b8e04c430b2f0,INS,2021,16874,,1,,gx-no-cache=1617195670781 HTTP/1.1" 200 3879
190.171.152.242 - - [31/Mar/2021:10:11:12 -0300] "GET /cormun/servlet/prlicenciaspermisos?16180340,L,,MD,,gxPopupLevel%3D0%3B HTTP/1.1" 200 5817
190.171.149.90 - - [31/Mar/2021:10:11:46 -0300] "POST /cormun/servlet/solicitudot?gx-no-cache=1617195715836 HTTP/1.1" 200 30
190.171.149.90 - - [31/Mar/2021:10:11:47 -0300] "POST /cormun/servlet/solicitudot?gx-no-cache=1617195716845 HTTP/1.1" 200 1434
190.171.149.90 - - [31/Mar/2021:10:11:47 -0300] "POST /cormun/servlet/solicitudot?gx-no-cache=1617195716890 HTTP/1.1" 200 38
190.171.141.106 - - [31/Mar/2021:10:11:52 -0300] "GET /cormun/servlet/prfichaempleado?,MD,,gxPopupLevel%3D0%3B HTTP/1.1" 200 9284
200.30.252.117 - - [31/Mar/2021:10:12:01 -0300] "GET /cormun/servlet/hlogin HTTP/1.1" 200 1724
200.30.252.117 - - [31/Mar/2021:10:12:03 -0300] "GET /cormun/servlet/hlogin HTTP/1.1" 200 1734
190.171.141.106 - - [31/Mar/2021:10:12:07 -0300] "POST /cormun/servlet/prfichaempleado?95d99bb4df7cff469d90fb376be6d717,,MD,,gxPopupLevel%3D0%3B,gx-no-cache=1617195759571 HTTP/1.1" 200 3460
200.30.252.117 - - [31/Mar/2021:10:12:07 -0300] "POST /cormun/servlet/hlogin?393caf91086385c6fa38b10e5de6825f,gx-no-cache=1617195740222 HTTP/1.1" 200 90
200.30.252.117 - - [31/Mar/2021:10:12:07 -0300] "GET /cormun/servlet/hpexe_link HTTP/1.1" 200 949
200.30.252.117 - - [31/Mar/2021:10:12:08 -0300] "GET /cormun/servlet/hhome HTTP/1.1" 200 3967
200.30.252.117 - - [31/Mar/2021:10:12:09 -0300] "GET /cormun/servlet/hhome HTTP/1.1" 200 3965
190.171.149.90 - - [31/Mar/2021:10:12:11 -0300] "GET /cormun/servlet/solicitudot?1b5ba83bc80db8ca8de2a48c0e37e5df2b168305d26257d545b203bd818348645030ab4f6364e430e894f83bf15453bc05ee0e18f4d1ba82c95559b4965a189e80da59e5df6d2279de167c968ce2c957eb8bbd8f07173e6c8e7277f53b9ff63959c5e9fbf94c5e195cf1fca5cb35aaa6,gx-no-cache=1617195741402 HTTP/1.1" 200 110
190.171.152.242 - - [31/Mar/2021:10:12:11 -0300] "GET /cormun/servlet/prcontratosol?15126645,,,,,MD,,gxPopupLevel%3D0%3B HTTP/1.1" 200 7726
200.30.252.117 - - [31/Mar/2021:10:12:13 -0300] "GET /cormun/servlet/trsolicitudot? HTTP/1.1" 200 7187
190.171.141.106 - - [31/Mar/2021:10:12:14 -0300] "POST /cormun/servlet/solicitudot?gx-no-cache=1617195768044 HTTP/1.1" 200 1442
200.30.252.117 - - [31/Mar/2021:10:12:15 -0300] "GET /cormun/servlet/trsolicitudot? HTTP/1.1" 200 7186
200.30.252.117 - - [31/Mar/2021:10:12:19 -0300] "GET /cormun/static/menuarrow.gif HTTP/1.1" 404 1015
190.171.149.90 - - [31/Mar/2021:10:12:19 -0300] "POST /cormun/servlet/solicitudot?gx-no-cache=1617195749461 HTTP/1.1" 200 79
192.168.10.89 - - [31/Mar/2021:10:12:20 -0300] "GET /cormun/servlet/trsolicitudgral? HTTP/1.1" 500 10
190.171.152.242 - - [31/Mar/2021:10:12:22 -0300] "POST /cormun/servlet/solicitudot?gx-no-cache=1617195754104 HTTP/1.1" 200 30
190.171.152.242 - - [31/Mar/2021:10:12:22 -0300] "POST /cormun/servlet/solicitudot?gx-no-cache=1617195754144 HTTP/1.1" 200 1440
190.171.152.242 - - [31/Mar/2021:10:12:22 -0300] "POST /cormun/servlet/solicitudot?gx-no-cache=1617195754245 HTTP/1.1" 200 40
190.171.152.242 - - [31/Mar/2021:10:12:22 -0300] "GET /cormun/servlet/solicitudot?0fd3113a0bd2d258083e1b66c221cf9c4599d61928b02024fa7f2a9bd815864596f0d869e5609e4bf04689df64a56730debb39828c007bf655be09eef03334ff6ad594c661387a0ecce4aab3000894a58cb8af5e8fccf705ffd119885528726953a29205668eee759a67c0bfa7d68428,gx-no-cache=1617195754294 HTTP/1.1" 200 110
190.171.152.242 - - [31/Mar/2021:10:12:22 -0300] "POST /cormun/servlet/solicitudot?gx-no-cache=1617195754331 HTTP/1.1" 200 97
190.171.152.242 - - [31/Mar/2021:10:12:22 -0300] "GET /cormun/servlet/solicitudot?0fd3113a0bd2d258083e1b66c221cf9c86c9be69564b829f7739d578442259941eb06af35f93f62d74d3d1885604bb9d,gx-no-cache=1617195754369 HTTP/1.1" 200 30
200.30.252.117 - - [31/Mar/2021:10:12:24 -0300] "POST /cormun/servlet/trsolicitudot?393caf91086385c6fa38b10e5de6825f,,gx-no-cache=1617195756974 HTTP/1.1" 200 4350
190.171.152.242 - - [31/Mar/2021:10:12:27 -0300] "GET /cormun/servlet/prlicenciaspermisos?16180340,L,,MD,,gxPopupLevel%3D0%3B HTTP/1.1" 200 5817
190.171.149.90 - - [31/Mar/2021:10:12:28 -0300] "GET /cormun/servlet/solicitudot?1b5ba83bc80db8ca8de2a48c0e37e5dffc512b3e57731532067ddaacf72fc7d6bad1413409ff7bce5eebe18e69972b5cd817aad67857c8a1ad6085b5fce2139256ab15f0b80e7423b4723bf8cdf3e04a,gx-no-cache=1617195758440 HTTP/1.1" 200 29
190.171.149.90 - - [31/Mar/2021:10:12:28 -0300] "GET /cormun/static/menuarrow.gif HTTP/1.1" 404 1015
200.30.252.117 - - [31/Mar/2021:10:12:31 -0300] "POST /cormun/servlet/trsolicitudot?393caf91086385c6fa38b10e5de6825f,,gx-no-cache=1617195763801 HTTP/1.1" 200 9877
190.171.149.90 - - [31/Mar/2021:10:12:34 -0300] "GET /cormun/servlet/solicitudot?1b5ba83bc80db8ca8de2a48c0e37e5df2212614b1721bc85167129ec143f598a60c86cb0ae3d89a40ea1b11daa1784d6,gx-no-cache=1617195763829 HTTP/1.1" 200 30
190.171.141.106 - - [31/Mar/2021:10:12:34 -0300] "POST /cormun/servlet/solicitudot?gx-no-cache=1617195787861 HTTP/1.1" 200 40
190.171.152.242 - - [31/Mar/2021:10:12:37 -0300] "GET /cormun/servlet/prpersonalsolicitud?15126645,,,,,MD,,gxPopupLevel%3D0%3B HTTP/1.1" 200 5637
192.168.10.89 - - [31/Mar/2021:10:12:40 -0300] "GET /cormun/servlet/hlogin HTTP/1.1" 200 1727
190.171.152.242 - - [31/Mar/2021:10:12:41 -0300] "POST /cormun/servlet/solicitudot?gx-no-cache=1617195772851 HTTP/1.1" 200 40
190.171.152.242 - - [31/Mar/2021:10:12:41 -0300] "GET /cormun/servlet/solicitudot?0fd3113a0bd2d258083e1b66c221cf9c4599d61928b02024fa7f2a9bd815864596f0d869e5609e4bf04689df64a56730debb39828c007bf655be09eef03334ff6ad594c661387a0ecce4aab3000894a58cb8af5e8fccf705ffd119885528726953a29205668eee759a67c0bfa7d68428,gx-no-cache=1617195773916 HTTP/1.1" 200 110
190.171.152.242 - - [31/Mar/2021:10:12:42 -0300] "GET /cormun/servlet/prsolicitudot?15126645,,,,,MD,,gxPopupLevel%3D0%3B HTTP/1.1" 200 5962
192.168.10.89 - - [31/Mar/2021:10:12:48 -0300] "POST /cormun/servlet/hlogin?dacbebe71bbbecbb03aa88a0c560a9e2,gx-no-cache=1617195646638 HTTP/1.1" 200 90
192.168.10.89 - - [31/Mar/2021:10:12:48 -0300] "GET /cormun/servlet/hpexe_link HTTP/1.1" 200 954
192.168.10.89 - - [31/Mar/2021:10:12:48 -0300] "GET /cormun/servlet/hhome HTTP/1.1" 200 3755
192.168.10.89 - - [31/Mar/2021:10:12:49 -0300] "GET /cormun/servlet/hhome HTTP/1.1" 200 3751
192.168.10.89 - - [31/Mar/2021:10:12:51 -0300] "GET /cormun/servlet/trsolicitudgral? HTTP/1.1" 200 15560
192.168.10.89 - - [31/Mar/2021:10:12:51 -0300] "GET /cormun/servlet/trsolicitudgral? HTTP/1.1" 200 15557
190.171.152.242 - - [31/Mar/2021:10:12:53 -0300] "GET /cormun/servlet/prcontratosol?15126645,,,,,MD,,gxPopupLevel%3D0%3B HTTP/1.1" 200 7726
192.168.10.89 - - [31/Mar/2021:10:13:00 -0300] "POST /cormun/servlet/trsolicitudgral?dacbebe71bbbecbb03aa88a0c560a9e2,,gx-no-cache=1617195657904 HTTP/1.1" 200 12489
192.168.10.89 - - [31/Mar/2021:10:13:05 -0300] "POST /cormun/servlet/trsolicitudgral?dacbebe71bbbecbb03aa88a0c560a9e2,,gx-no-cache=1617195662823 HTTP/1.1" 200 15425
190.171.152.242 - - [31/Mar/2021:10:13:14 -0300] "GET /cormun/servlet/prlicenciaspermisos?16180340,L,,MD,,gxPopupLevel%3D0%3B HTTP/1.1" 200 5817
190.171.142.10 - - [31/Mar/2021:10:13:24 -0300] "POST /cormun/servlet/solicitudotadjuntos?gx-no-cache=1617195816429 HTTP/1.1" 200 26
192.168.10.89 - - [31/Mar/2021:10:13:26 -0300] "POST /cormun/servlet/trsolicitudgral?dacbebe71bbbecbb03aa88a0c560a9e2,,gx-no-cache=1617195684222 HTTP/1.1" 200 12492
190.171.152.242 - - [31/Mar/2021:10:13:28 -0300] "POST /cormun/servlet/solicitudot?gx-no-cache=1617195820840 HTTP/1.1" 200 40
190.171.152.242 - - [31/Mar/2021:10:13:28 -0300] "GET /cormun/servlet/solicitudot?0fd3113a0bd2d258083e1b66c221cf9c4599d61928b02024fa7f2a9bd815864596f0d869e5609e4bf04689df64a56730debb39828c007bf655be09eef03334ff6ad594c661387a0ecce4aab3000894a58cb8af5e8fccf705ffd119885528726953a29205668eee759a67c0bfa7d68428,gx-no-cache=1617195820899 HTTP/1.1" 200 110
192.168.10.89 - - [31/Mar/2021:10:13:30 -0300] "POST /cormun/servlet/trsolicitudgral?dacbebe71bbbecbb03aa88a0c560a9e2,,gx-no-cache=1617195687535 HTTP/1.1" 200 15426
190.171.142.10 - - [31/Mar/2021:10:13:31 -0300] "GET /cormun/servlet/solicitudotadjuntos?2657e2d1db3ef9f0d7bdaeb3cf8f1f663ad70d57a1818893e8ec82f70792f7c3,gx-no-cache=1617195823806 HTTP/1.1" 200 30
190.171.142.10 - - [31/Mar/2021:10:13:31 -0300] "GET /cormun/servlet/solicitudotadjuntos?2657e2d1db3ef9f0d7bdaeb3cf8f1f663ad70d57a1818893e8ec82f70792f7c3,gx-no-cache=1617195823835 HTTP/1.1" 200 30
190.171.142.10 - - [31/Mar/2021:10:13:31 -0300] "POST /cormun/servlet/solicitudotadjuntos?7cb37e4b2acdb4656f2b8e04c430b2f0,INS,2021,16874,,1, HTTP/1.1" 200 116
190.171.142.10 - - [31/Mar/2021:10:13:31 -0300] "GET /cormun/servlet/hpexe_return? HTTP/1.1" 200 1030
190.171.142.10 - - [31/Mar/2021:10:13:32 -0300] "GET /cormun/servlet/trsolicitudadjuntos?2021,16874, HTTP/1.1" 200 9269
190.171.152.242 - - [31/Mar/2021:10:13:33 -0300] "GET /cormun/servlet/solicitudot?0fd3113a0bd2d258083e1b66c221cf9c4599d61928b02024fa7f2a9bd815864596f0d869e5609e4bf04689df64a56730debb39828c007bf655be09eef03334ff6ad594c661387a0ecce4aab3000894a58cb8af5e8fccf705ffd119885528726953a29205668eee759a67c0bfa7d68428,gx-no-cache=1617195825249 HTTP/1.1" 200 110
190.171.142.10 - - [31/Mar/2021:10:13:33 -0300] "GET /cormun/servlet/trsolicitudadjuntos?2021,16874, HTTP/1.1" 200 9270
192.168.10.89 - - [31/Mar/2021:10:13:36 -0300] "POST /cormun/servlet/trsolicitudgral?dacbebe71bbbecbb03aa88a0c560a9e2,,gx-no-cache=1617195694485 HTTP/1.1" 200 12145
190.171.142.10 - - [31/Mar/2021:10:13:37 -0300] "GET /cormun/servlet/solicitudotadjuntos?INS,2021,16874,,1, HTTP/1.1" 200 6031
190.171.142.10 - - [31/Mar/2021:10:13:38 -0300] "GET /cormun/static/about:blank HTTP/1.1" 404 1011
190.171.142.10 - - [31/Mar/2021:10:13:39 -0300] "GET /cormun/servlet/solicitudotadjuntos?INS,2021,16874,,1, HTTP/1.1" 200 6025
190.171.142.10 - - [31/Mar/2021:10:13:39 -0300] "GET /cormun/servlet/solicitudotadjuntos?2657e2d1db3ef9f0d7bdaeb3cf8f1f6687067d2dd189ba9b096ea785ce22f1460d32d2b46baff1a0cfdb3527d15cf553,gx-no-cache=1617195831863 HTTP/1.1" 200 30
190.171.142.10 - - [31/Mar/2021:10:13:39 -0300] "POST /cormun/servlet/solicitudotadjuntos?7cb37e4b2acdb4656f2b8e04c430b2f0,INS,2021,16874,,1,,gx-no-cache=1617195831919 HTTP/1.1" 200 3877
190.171.142.10 - - [31/Mar/2021:10:13:42 -0300] "POST /cormun/servlet/solicitudotadjuntos?gx-no-cache=1617195835002 HTTP/1.1" 200 26
190.171.142.10 - - [31/Mar/2021:10:13:44 -0300] "GET /cormun/servlet/solicitudotadjuntos?2657e2d1db3ef9f0d7bdaeb3cf8f1f663ad70d57a1818893e8ec82f70792f7c3,gx-no-cache=1617195837214 HTTP/1.1" 200 30
190.171.142.10 - - [31/Mar/2021:10:13:44 -0300] "GET /cormun/servlet/solicitudotadjuntos?2657e2d1db3ef9f0d7bdaeb3cf8f1f663ad70d57a1818893e8ec82f70792f7c3,gx-no-cache=1617195837247 HTTP/1.1" 200 30
190.171.142.10 - - [31/Mar/2021:10:13:45 -0300] "POST /cormun/servlet/solicitudotadjuntos?7cb37e4b2acdb4656f2b8e04c430b2f0,INS,2021,16874,,1,,gx-no-cache=1617195837280 HTTP/1.1" 200 93
190.171.142.10 - - [31/Mar/2021:10:13:45 -0300] "GET /cormun/servlet/hpexe_return? HTTP/1.1" 200 1030
190.171.142.10 - - [31/Mar/2021:10:13:45 -0300] "GET /cormun/servlet/trsolicitudadjuntos?2021,16874, HTTP/1.1" 200 9459
190.171.142.10 - - [31/Mar/2021:10:13:46 -0300] "GET /cormun/servlet/trsolicitudadjuntos?2021,16874, HTTP/1.1" 200 9458
190.171.142.10 - - [31/Mar/2021:10:13:49 -0300] "GET /cormun/servlet/solicitudotadjuntos?DLT,2021,16874,CERTIF4,0, HTTP/1.1" 200 5907
190.171.142.10 - - [31/Mar/2021:10:13:50 -0300] "GET /cormun/static/about:blank HTTP/1.1" 404 1011
190.171.142.10 - - [31/Mar/2021:10:13:50 -0300] "GET /cormun/static/Shared/jqueryui/images/ui-icons_82798d_256x240.png HTTP/1.1" 404 1089
190.171.142.10 - - [31/Mar/2021:10:13:50 -0300] "GET /cormun/static/Shared/jqueryui/images/ui-bg_highlight-soft_100_c6c2c8_1x100.png HTTP/1.1" 404 1117
190.171.142.10 - - [31/Mar/2021:10:13:51 -0300] "GET /cormun/static/Shared/jqueryui/images/ui-bg_flat_55_fafafa_40x100.png HTTP/1.1" 404 1097
190.171.142.10 - - [31/Mar/2021:10:13:51 -0300] "GET /cormun/static/Shared/jqueryui/images/ui-icons_8d78a5_256x240.png HTTP/1.1" 404 1089
190.171.142.10 - - [31/Mar/2021:10:13:51 -0300] "GET /cormun/servlet/solicitudotadjuntos?DLT,2021,16874,CERTIF4,0, HTTP/1.1" 200 5900
190.171.142.10 - - [31/Mar/2021:10:13:52 -0300] "POST /cormun/servlet/solicitudotadjuntos?7cb37e4b2acdb4656f2b8e04c430b2f0,DLT,2021,16874,CERTIF4,0,,gx-no-cache=1617195844876 HTTP/1.1" 200 93
190.171.142.10 - - [31/Mar/2021:10:13:52 -0300] "GET /cormun/servlet/hpexe_return? HTTP/1.1" 200 1036
190.171.142.10 - - [31/Mar/2021:10:13:53 -0300] "GET /cormun/servlet/trsolicitudadjuntos?2021,16874, HTTP/1.1" 200 9267
190.171.142.10 - - [31/Mar/2021:10:13:54 -0300] "GET /cormun/servlet/trsolicitudadjuntos?2021,16874, HTTP/1.1" 200 9265
190.171.141.106 - - [31/Mar/2021:10:13:55 -0300] "GET /cormun/servlet/solicitudot?f18bf24abef3c6b2b9c9ff30c071b6a5cbc4f3320aad23bbccab110966048dda502a3f75cdcce46aef21644d61222695567c8532d87648306c84767a29682e494a4b6def29a28f9422badc27e885cb8ef3818b92dbab21b42b286d7a5c5ea1e773a7bc09c57e42e0a0df5f9867c1fe6a,gx-no-cache=1617195868836 HTTP/1.1" 200 110
190.171.141.106 - - [31/Mar/2021:10:13:55 -0300] "POST /cormun/servlet/solicitudot?gx-no-cache=1617195868893 HTTP/1.1" 200 79
190.171.142.10 - - [31/Mar/2021:10:13:57 -0300] "GET /cormun/servlet/solicitudotadjuntos?INS,2021,16874,,1, HTTP/1.1" 200 6031
190.171.142.10 - - [31/Mar/2021:10:13:57 -0300] "GET /cormun/static/about:blank HTTP/1.1" 404 1011
190.171.142.10 - - [31/Mar/2021:10:13:58 -0300] "GET /cormun/servlet/solicitudotadjuntos?INS,2021,16874,,1, HTTP/1.1" 200 6025
190.171.142.10 - - [31/Mar/2021:10:13:58 -0300] "GET /cormun/servlet/solicitudotadjuntos?2657e2d1db3ef9f0d7bdaeb3cf8f1f6687067d2dd189ba9b096ea785ce22f1460d32d2b46baff1a0cfdb3527d15cf553,gx-no-cache=1617195851046 HTTP/1.1" 200 30
190.171.142.10 - - [31/Mar/2021:10:13:58 -0300] "POST /cormun/servlet/solicitudotadjuntos?7cb37e4b2acdb4656f2b8e04c430b2f0,INS,2021,16874,,1,,gx-no-cache=1617195851097 HTTP/1.1" 200 3877
190.171.142.10 - - [31/Mar/2021:10:14:02 -0300] "POST /cormun/servlet/solicitudotadjuntos?gx-no-cache=1617195854400 HTTP/1.1" 200 26
190.171.142.10 - - [31/Mar/2021:10:14:08 -0300] "GET /cormun/servlet/solicitudotadjuntos?2657e2d1db3ef9f0d7bdaeb3cf8f1f663ad70d57a1818893e8ec82f70792f7c3,gx-no-cache=1617195860760 HTTP/1.1" 200 30
190.171.142.10 - - [31/Mar/2021:10:14:08 -0300] "GET /cormun/servlet/solicitudotadjuntos?2657e2d1db3ef9f0d7bdaeb3cf8f1f663ad70d57a1818893e8ec82f70792f7c3,gx-no-cache=1617195860789 HTTP/1.1" 200 30
190.171.152.242 - - [31/Mar/2021:10:14:08 -0300] "GET /cormun/servlet/solicitudot?0fd3113a0bd2d258083e1b66c221cf9ce0e61028c4d5aeb73d8db2fdefe2cafed402c1b0dba49ad017affd297d9eca04,gx-no-cache=1617195860668 HTTP/1.1" 200 30
190.171.142.10 - - [31/Mar/2021:10:14:08 -0300] "POST /cormun/servlet/solicitudotadjuntos?7cb37e4b2acdb4656f2b8e04c430b2f0,INS,2021,16874,,1, HTTP/1.1" 200 116
190.171.142.10 - - [31/Mar/2021:10:14:08 -0300] "GET /cormun/servlet/hpexe_return? HTTP/1.1" 200 1030
190.171.142.10 - - [31/Mar/2021:10:14:09 -0300] "GET /cormun/servlet/trsolicitudadjuntos?2021,16874, HTTP/1.1" 200 9522
190.171.142.10 - - [31/Mar/2021:10:14:10 -0300] "GET /cormun/servlet/trsolicitudadjuntos?2021,16874, HTTP/1.1" 200 9521
190.171.141.106 - - [31/Mar/2021:10:14:11 -0300] "GET /cormun/servlet/solicitudot?f18bf24abef3c6b2b9c9ff30c071b6a56901fdd14af8c9a736f8ac0a40ce873dda9dc3fb976c53067eb89e00c26714507d7bdfa2dfa8df36b8a00401320f3a211f198f99b6feed4d82a056c9322040e2,gx-no-cache=1617195885111 HTTP/1.1" 200 29
190.171.152.242 - - [31/Mar/2021:10:14:13 -0300] "POST /cormun/servlet/solicitudot?gx-no-cache=1617195865038 HTTP/1.1" 200 145
190.171.142.10 - - [31/Mar/2021:10:14:13 -0300] "GET /cormun/servlet/solicitudotadjuntos?INS,2021,16874,,1, HTTP/1.1" 200 6031
190.171.152.242 - - [31/Mar/2021:10:14:13 -0300] "POST /cormun/servlet/solicitudot?b78eb9163de90fb26d64f4b8fd6a0f67,INS,0,0,false,,gx-no-cache=1617195865142 HTTP/1.1" 200 12679
190.171.142.10 - - [31/Mar/2021:10:14:13 -0300] "GET /cormun/static/about:blank HTTP/1.1" 404 1011
190.171.142.10 - - [31/Mar/2021:10:14:14 -0300] "GET /cormun/servlet/solicitudotadjuntos?INS,2021,16874,,1, HTTP/1.1" 200 6025
190.171.142.10 - - [31/Mar/2021:10:14:14 -0300] "GET /cormun/servlet/solicitudotadjuntos?2657e2d1db3ef9f0d7bdaeb3cf8f1f6687067d2dd189ba9b096ea785ce22f1460d32d2b46baff1a0cfdb3527d15cf553,gx-no-cache=1617195867247 HTTP/1.1" 200 30
190.171.142.10 - - [31/Mar/2021:10:14:15 -0300] "POST /cormun/servlet/solicitudotadjuntos?7cb37e4b2acdb4656f2b8e04c430b2f0,INS,2021,16874,,1,,gx-no-cache=1617195867295 HTTP/1.1" 200 3878
190.171.142.10 - - [31/Mar/2021:10:14:20 -0300] "POST /cormun/servlet/solicitudotadjuntos?gx-no-cache=1617195872730 HTTP/1.1" 200 26
190.171.142.10 - - [31/Mar/2021:10:14:22 -0300] "GET /cormun/servlet/solicitudotadjuntos?2657e2d1db3ef9f0d7bdaeb3cf8f1f663ad70d57a1818893e8ec82f70792f7c3,gx-no-cache=1617195874840 HTTP/1.1" 200 30
190.171.142.10 - - [31/Mar/2021:10:14:22 -0300] "GET /cormun/servlet/solicitudotadjuntos?2657e2d1db3ef9f0d7bdaeb3cf8f1f663ad70d57a1818893e8ec82f70792f7c3,gx-no-cache=1617195874868 HTTP/1.1" 200 30
190.171.142.10 - - [31/Mar/2021:10:14:22 -0300] "POST /cormun/servlet/solicitudotadjuntos?7cb37e4b2acdb4656f2b8e04c430b2f0,INS,2021,16874,,1,,gx-no-cache=1617195874900 HTTP/1.1" 200 93
190.171.142.10 - - [31/Mar/2021:10:14:22 -0300] "GET /cormun/servlet/hpexe_return? HTTP/1.1" 200 1030
190.171.152.242 - - [31/Mar/2021:10:14:23 -0300] "POST /cormun/servlet/solicitudot?gx-no-cache=1617195875118 HTTP/1.1" 200 30
190.171.142.10 - - [31/Mar/2021:10:14:23 -0300] "GET /cormun/servlet/trsolicitudadjuntos?2021,16874, HTTP/1.1" 200 9745
190.171.142.10 - - [31/Mar/2021:10:14:24 -0300] "GET /cormun/servlet/trsolicitudadjuntos?2021,16874, HTTP/1.1" 200 9743
190.171.141.106 - - [31/Mar/2021:10:14:25 -0300] "GET /cormun/servlet/solicitudot?f18bf24abef3c6b2b9c9ff30c071b6a5e5c149ffc880966caa4556324c5511ab040d9085e11d31cd07cab96cf5798f3b,gx-no-cache=1617195899011 HTTP/1.1" 200 30
190.171.141.106 - - [31/Mar/2021:10:14:25 -0300] "POST /cormun/servlet/solicitudot?gx-no-cache=1617195899178 HTTP/1.1" 200 34
190.171.142.10 - - [31/Mar/2021:10:14:26 -0300] "GET /cormun/servlet/solicitudotadjuntos?DLT,2021,16874,CERTIF5,0, HTTP/1.1" 200 5907
190.171.142.10 - - [31/Mar/2021:10:14:26 -0300] "GET /cormun/static/about:blank HTTP/1.1" 404 1011
190.171.142.10 - - [31/Mar/2021:10:14:27 -0300] "GET /cormun/static/Shared/jqueryui/images/ui-bg_highlight-soft_100_c6c2c8_1x100.png HTTP/1.1" 404 1117
190.171.142.10 - - [31/Mar/2021:10:14:27 -0300] "GET /cormun/static/Shared/jqueryui/images/ui-icons_82798d_256x240.png HTTP/1.1" 404 1089
190.171.142.10 - - [31/Mar/2021:10:14:27 -0300] "GET /cormun/static/Shared/jqueryui/images/ui-bg_flat_55_fafafa_40x100.png HTTP/1.1" 404 1097
190.171.142.10 - - [31/Mar/2021:10:14:27 -0300] "GET /cormun/static/Shared/jqueryui/images/ui-icons_8d78a5_256x240.png HTTP/1.1" 404 1089
190.171.142.10 - - [31/Mar/2021:10:14:27 -0300] "GET /cormun/servlet/solicitudotadjuntos?DLT,2021,16874,CERTIF5,0, HTTP/1.1" 200 5900
190.171.152.242 - - [31/Mar/2021:10:14:29 -0300] "POST /cormun/servlet/solicitudot?gx-no-cache=1617195881376 HTTP/1.1" 200 1440
190.171.152.242 - - [31/Mar/2021:10:14:29 -0300] "POST /cormun/servlet/solicitudot?gx-no-cache=1617195881489 HTTP/1.1" 200 40
190.171.152.242 - - [31/Mar/2021:10:14:29 -0300] "GET /cormun/servlet/solicitudot?0fd3113a0bd2d258083e1b66c221cf9c4599d61928b02024fa7f2a9bd815864596f0d869e5609e4bf04689df64a56730debb39828c007bf655be09eef03334ff6ad594c661387a0ecce4aab3000894a58cb8af5e8fccf705ffd119885528726953a29205668eee759a67c0bfa7d68428,gx-no-cache=1617195881524 HTTP/1.1" 200 110
190.171.152.242 - - [31/Mar/2021:10:14:29 -0300] "POST /cormun/servlet/solicitudot?gx-no-cache=1617195881559 HTTP/1.1" 200 97
190.171.152.242 - - [31/Mar/2021:10:14:29 -0300] "POST /cormun/servlet/solicitudot?gx-no-cache=1617195881599 HTTP/1.1" 200 34
190.171.152.242 - - [31/Mar/2021:10:14:29 -0300] "POST /cormun/servlet/solicitudot?b78eb9163de90fb26d64f4b8fd6a0f67,INS,0,0,false,,gx-no-cache=1617195881638 HTTP/1.1" 200 93
190.171.152.242 - - [31/Mar/2021:10:14:29 -0300] "GET /cormun/servlet/hpexe_return? HTTP/1.1" 200 1009
190.171.152.242 - - [31/Mar/2021:10:14:30 -0300] "GET /cormun/servlet/trsolicitudot HTTP/1.1" 200 8656
190.171.152.242 - - [31/Mar/2021:10:14:30 -0300] "GET /cormun//static/Resources/PXToolsActionView.png HTTP/1.1" 200 398
190.171.152.242 - - [31/Mar/2021:10:14:30 -0300] "GET /cormun/servlet/trsolicitudot HTTP/1.1" 200 8652
190.171.152.242 - - [31/Mar/2021:10:14:30 -0300] "GET /cormun//static/Resources/PXToolsRemoveAllAction.png HTTP/1.1" 200 487
190.171.152.242 - - [31/Mar/2021:10:14:36 -0300] "POST /cormun/servlet/trsolicitudot?b78eb9163de90fb26d64f4b8fd6a0f67,gx-no-cache=1617195888355 HTTP/1.1" 200 4590
190.171.152.242 - - [31/Mar/2021:10:14:36 -0300] "GET /cormun/static/Shared/jqueryui/images/ui-bg_highlight-soft_100_c6c2c8_1x100.png HTTP/1.1" 404 1117
190.171.152.242 - - [31/Mar/2021:10:14:36 -0300] "GET /cormun/static/Shared/jqueryui/images/ui-icons_82798d_256x240.png HTTP/1.1" 404 1089
190.171.152.242 - - [31/Mar/2021:10:14:36 -0300] "GET /cormun/static/Shared/jqueryui/images/ui-bg_flat_55_fafafa_40x100.png HTTP/1.1" 404 1097
190.171.152.242 - - [31/Mar/2021:10:14:36 -0300] "GET /cormun/static/Shared/jqueryui/images/ui-icons_8d78a5_256x240.png HTTP/1.1" 404 1089
190.171.152.242 - - [31/Mar/2021:10:14:36 -0300] "POST /cormun/servlet/trsolicitudot?b78eb9163de90fb26d64f4b8fd6a0f67,gx-no-cache=1617195888600 HTTP/1.1" 200 4331
190.171.142.10 - - [31/Mar/2021:10:14:45 -0300] "POST /cormun/servlet/solicitudotadjuntos?7cb37e4b2acdb4656f2b8e04c430b2f0,DLT,2021,16874,CERTIF5,0,,gx-no-cache=1617195897842 HTTP/1.1" 200 93
190.171.142.10 - - [31/Mar/2021:10:14:45 -0300] "GET /cormun/servlet/hpexe_return? HTTP/1.1" 200 1036
190.171.142.10 - - [31/Mar/2021:10:14:46 -0300] "GET /cormun/servlet/trsolicitudadjuntos?2021,16874, HTTP/1.1" 200 9522
190.171.152.242 - - [31/Mar/2021:10:14:46 -0300] "GET /cormun/servlet/hlogin HTTP/1.1" 200 1740
190.171.142.10 - - [31/Mar/2021:10:14:47 -0300] "GET /cormun/servlet/trsolicitudadjuntos?2021,16874, HTTP/1.1" 200 9520
190.171.152.242 - - [31/Mar/2021:10:14:49 -0300] "POST /cormun/servlet/hlogin?b78eb9163de90fb26d64f4b8fd6a0f67,gx-no-cache=1617195901861 HTTP/1.1" 200 90
190.171.152.242 - - [31/Mar/2021:10:14:49 -0300] "GET /cormun/servlet/hpexe_link HTTP/1.1" 200 952
190.171.152.242 - - [31/Mar/2021:10:14:50 -0300] "GET /cormun/servlet/hhome HTTP/1.1" 200 4217
190.171.152.242 - - [31/Mar/2021:10:14:50 -0300] "GET /cormun/static/SmoothNavMenu/resources/images/right.gif HTTP/1.1" 200 860
190.171.152.242 - - [31/Mar/2021:10:14:50 -0300] "GET /cormun/servlet/hhome HTTP/1.1" 200 4215
190.171.142.10 - - [31/Mar/2021:10:14:53 -0300] "GET /cormun/servlet/solicitudotadjuntos?INS,2021,16874,,1, HTTP/1.1" 200 6031
190.171.142.10 - - [31/Mar/2021:10:14:53 -0300] "GET /cormun/static/about:blank HTTP/1.1" 404 1011
190.171.142.10 - - [31/Mar/2021:10:14:54 -0300] "GET /cormun/servlet/solicitudotadjuntos?INS,2021,16874,,1, HTTP/1.1" 200 6025
190.171.152.242 - - [31/Mar/2021:10:14:54 -0300] "GET /cormun/servlet/trautorizarsolicitud? HTTP/1.1" 200 8761
190.171.142.10 - - [31/Mar/2021:10:14:54 -0300] "GET /cormun/servlet/solicitudotadjuntos?2657e2d1db3ef9f0d7bdaeb3cf8f1f6687067d2dd189ba9b096ea785ce22f1460d32d2b46baff1a0cfdb3527d15cf553,gx-no-cache=1617195907202 HTTP/1.1" 200 30
190.171.152.242 - - [31/Mar/2021:10:14:54 -0300] "GET /cormun/static/gxcfg.js?201991422414522 HTTP/1.1" 200 953
190.171.152.242 - - [31/Mar/2021:10:14:54 -0300] "GET /cormun/static/trautorizarsolicitud.js?201991422415463 HTTP/1.1" 200 53910
190.171.142.10 - - [31/Mar/2021:10:14:54 -0300] "POST /cormun/servlet/solicitudotadjuntos?7cb37e4b2acdb4656f2b8e04c430b2f0,INS,2021,16874,,1,,gx-no-cache=1617195907249 HTTP/1.1" 200 3878
190.171.152.242 - - [31/Mar/2021:10:14:55 -0300] "GET /cormun/servlet/trautorizarsolicitud? HTTP/1.1" 200 8759
190.171.152.242 - - [31/Mar/2021:10:14:58 -0300] "POST /cormun/servlet/trautorizarsolicitud?b78eb9163de90fb26d64f4b8fd6a0f67,,gx-no-cache=1617195910520 HTTP/1.1" 200 4788
190.171.152.242 - - [31/Mar/2021:10:14:58 -0300] "GET /cormun/static/Shared/jqueryui/images/ui-bg_highlight-soft_100_c6c2c8_1x100.png HTTP/1.1" 404 1117
190.171.152.242 - - [31/Mar/2021:10:14:58 -0300] "GET /cormun/static/Shared/jqueryui/images/ui-bg_flat_55_fafafa_40x100.png HTTP/1.1" 404 1097
190.171.152.242 - - [31/Mar/2021:10:14:58 -0300] "GET /cormun/static/Shared/jqueryui/images/ui-icons_82798d_256x240.png HTTP/1.1" 404 1089
190.171.152.242 - - [31/Mar/2021:10:14:58 -0300] "GET /cormun/static/Shared/jqueryui/images/ui-icons_8d78a5_256x240.png HTTP/1.1" 404 1089
190.171.152.242 - - [31/Mar/2021:10:14:58 -0300] "POST /cormun/servlet/trautorizarsolicitud?b78eb9163de90fb26d64f4b8fd6a0f67,,gx-no-cache=1617195910899 HTTP/1.1" 200 4528
190.171.142.10 - - [31/Mar/2021:10:15:03 -0300] "POST /cormun/servlet/solicitudotadjuntos?gx-no-cache=1617195915637 HTTP/1.1" 200 26
190.171.142.10 - - [31/Mar/2021:10:15:12 -0300] "GET /cormun/servlet/solicitudotadjuntos?2657e2d1db3ef9f0d7bdaeb3cf8f1f663ad70d57a1818893e8ec82f70792f7c3,gx-no-cache=1617195924849 HTTP/1.1" 200 30
190.171.142.10 - - [31/Mar/2021:10:15:12 -0300] "GET /cormun/servlet/solicitudotadjuntos?2657e2d1db3ef9f0d7bdaeb3cf8f1f663ad70d57a1818893e8ec82f70792f7c3,gx-no-cache=1617195924880 HTTP/1.1" 200 30
190.171.142.10 - - [31/Mar/2021:10:15:12 -0300] "POST /cormun/servlet/solicitudotadjuntos?7cb37e4b2acdb4656f2b8e04c430b2f0,INS,2021,16874,,1, HTTP/1.1" 200 116
190.171.142.10 - - [31/Mar/2021:10:15:12 -0300] "GET /cormun/servlet/hpexe_return? HTTP/1.1" 200 1030
190.171.142.10 - - [31/Mar/2021:10:15:13 -0300] "GET /cormun/servlet/trsolicitudadjuntos?2021,16874, HTTP/1.1" 200 9818
190.171.142.10 - - [31/Mar/2021:10:15:14 -0300] "GET /cormun/servlet/trsolicitudadjuntos?2021,16874, HTTP/1.1" 200 9818
190.171.141.106 - - [31/Mar/2021:10:15:24 -0300] "POST /cormun/servlet/solicitudot?95d99bb4df7cff469d90fb376be6d717,INS,0,0,false,,gx-no-cache=1617195957640 HTTP/1.1" 200 12834
190.171.141.106 - - [31/Mar/2021:10:16:13 -0300] "GET /cormun/servlet/solicitudot?f18bf24abef3c6b2b9c9ff30c071b6a5cc0a14d67e8b5a224becaf1ff40cb1ffdc68cf3181d097bb11cd28d9cb2135c488c4b4221c8d2a2ae5cd4fb0278d4fd43a49414ea3d73b93a9f41ebcb28ff9c2,gx-no-cache=1617196007117 HTTP/1.1" 200 30
190.171.141.106 - - [31/Mar/2021:10:16:13 -0300] "GET /cormun/servlet/solicitudot?f18bf24abef3c6b2b9c9ff30c071b6a50a38682663f2877f86ef5adf154e935f97e8dc0b2a1e89dc40fd2917b79f99526e6e4bee2785e7478884756a0e5389ed71dd5f95b5e72a792070727403ddafbde0a03743c6d010f2217bdf75dbd5897cc43f8b83efa26c15fc3b32c66e9856d6f57b21e4310e8ac3b1b32b81b970721827b7ee629115385049d421107e082443cb7ca180349e09ba58e479595f0ac7a98df91014d6dba1cc77a1105815481558015c0dc7028a31e40ec484cb7fa3f29d58d90ceb6fe59b2b9a95eb1b923f661d5a96e16b98958f646c059ded610bb4a9ebb8d3777250be092d6d61eb801641c04a8e3784539618829fe7b18c9288ce0a3cfa00844b4ade3160b5d73a054b7c4b32ee8b4132d9d507c8ac54414801a0843450e9e43bbf7d0a9f0dc6c3e1344497c9444936970c78f5f477b81123533ea4489e85979a3e2a6f225366105b4ea25d7b80f9808efbe8ec06d395d6c08c88941f35d17a8ba60615b69bb9066e1de0a47414ef3403bb7e886bc94cceb32ce6d1302b3b67ac8cea47821a58f8b89b209bbdf02e3ae495cdcde208c523ce71a5ab165092569b80280e198e6c67def3685f,gx-no-cache=1617196007187 HTTP/1.1" 200 30
190.171.141.106 - - [31/Mar/2021:10:16:13 -0300] "POST /cormun/servlet/solicitudot?gx-no-cache=1617196007228 HTTP/1.1" 200 30
190.171.141.106 - - [31/Mar/2021:10:16:13 -0300] "POST /cormun/servlet/solicitudot?gx-no-cache=1617196007270 HTTP/1.1" 200 1442
190.171.141.106 - - [31/Mar/2021:10:16:14 -0300] "POST /cormun/servlet/solicitudot?gx-no-cache=1617196007386 HTTP/1.1" 200 40
190.171.141.106 - - [31/Mar/2021:10:16:14 -0300] "GET /cormun/servlet/solicitudot?f18bf24abef3c6b2b9c9ff30c071b6a5cbc4f3320aad23bbccab110966048dda502a3f75cdcce46aef21644d61222695567c8532d87648306c84767a29682e494a4b6def29a28f9422badc27e885cb8ef3818b92dbab21b42b286d7a5c5ea1e773a7bc09c57e42e0a0df5f9867c1fe6a,gx-no-cache=1617196007423 HTTP/1.1" 200 110
190.171.141.106 - - [31/Mar/2021:10:16:14 -0300] "POST /cormun/servlet/solicitudot?gx-no-cache=1617196007507 HTTP/1.1" 200 79
190.171.141.106 - - [31/Mar/2021:10:16:14 -0300] "GET /cormun/servlet/solicitudot?f18bf24abef3c6b2b9c9ff30c071b6a5e5c149ffc880966caa4556324c5511ab040d9085e11d31cd07cab96cf5798f3b,gx-no-cache=1617196007549 HTTP/1.1" 200 30
190.171.141.106 - - [31/Mar/2021:10:16:14 -0300] "POST /cormun/servlet/solicitudot?gx-no-cache=1617196007595 HTTP/1.1" 200 34
190.171.141.106 - - [31/Mar/2021:10:16:14 -0300] "POST /cormun/servlet/solicitudot?95d99bb4df7cff469d90fb376be6d717,INS,0,0,false,,gx-no-cache=1617196007632 HTTP/1.1" 200 12902
190.171.152.242 - - [31/Mar/2021:10:16:26 -0300] "GET /cormun/servlet/hlogin HTTP/1.1" 200 1745
190.171.141.106 - - [31/Mar/2021:10:16:44 -0300] "POST /cormun/servlet/solicitudot?gx-no-cache=1617196037672 HTTP/1.1" 200 297
190.171.141.106 - - [31/Mar/2021:10:16:44 -0300] "GET /cormun/servlet/solicitudot?f18bf24abef3c6b2b9c9ff30c071b6a50a38682663f2877f86ef5adf154e935f97e8dc0b2a1e89dc40fd2917b79f99526e6e4bee2785e7478884756a0e5389ed71dd5f95b5e72a792070727403ddafbde0a03743c6d010f2217bdf75dbd5897cc43f8b83efa26c15fc3b32c66e9856d6f57b21e4310e8ac3b1b32b81b970721827b7ee629115385049d421107e082443cb7ca180349e09ba58e479595f0ac7a98df91014d6dba1cc77a1105815481558015c0dc7028a31e40ec484cb7fa3f29d58d90ceb6fe59b2b9a95eb1b923f661d5a96e16b98958f646c059ded610bb4a9ebb8d3777250be092d6d61eb801641c04a8e3784539618829fe7b18c9288ce0a3cfa00844b4ade3160b5d73a054b7c4bf11e219e12f30bcf5985197aa03d1699794cc68e776d0baf6b5996deefc559893cabb397442f1744d894c51d3725863ce82c6265d8a67920007846fd12606b92b96e25fe3cc7ea0d29fd24046144df061992cc09c6dcf1d379978127ae05282aeb819226e965cbd71c6a000288a787cab7ed22e830e9f775c76e0201cda760b3,gx-no-cache=1617196037744 HTTP/1.1" 200 30
190.171.141.106 - - [31/Mar/2021:10:16:44 -0300] "POST /cormun/servlet/solicitudot?gx-no-cache=1617196037778 HTTP/1.1" 200 30
190.171.141.106 - - [31/Mar/2021:10:16:44 -0300] "POST /cormun/servlet/solicitudot?gx-no-cache=1617196037819 HTTP/1.1" 200 1442
190.171.141.106 - - [31/Mar/2021:10:16:44 -0300] "POST /cormun/servlet/solicitudot?gx-no-cache=1617196037931 HTTP/1.1" 200 40
190.171.141.106 - - [31/Mar/2021:10:16:44 -0300] "GET /cormun/servlet/solicitudot?f18bf24abef3c6b2b9c9ff30c071b6a5cbc4f3320aad23bbccab110966048dda502a3f75cdcce46aef21644d61222695567c8532d87648306c84767a29682e494a4b6def29a28f9422badc27e885cb8ef3818b92dbab21b42b286d7a5c5ea1e773a7bc09c57e42e0a0df5f9867c1fe6a,gx-no-cache=1617196037972 HTTP/1.1" 200 110
190.171.141.106 - - [31/Mar/2021:10:16:44 -0300] "POST /cormun/servlet/solicitudot?gx-no-cache=1617196038016 HTTP/1.1" 200 79
190.171.141.106 - - [31/Mar/2021:10:16:44 -0300] "GET /cormun/servlet/solicitudot?f18bf24abef3c6b2b9c9ff30c071b6a5e5c149ffc880966caa4556324c5511ab040d9085e11d31cd07cab96cf5798f3b,gx-no-cache=1617196038061 HTTP/1.1" 200 30
190.171.141.106 - - [31/Mar/2021:10:16:44 -0300] "POST /cormun/servlet/solicitudot?gx-no-cache=1617196038102 HTTP/1.1" 200 34
190.171.141.106 - - [31/Mar/2021:10:16:45 -0300] "POST /cormun/servlet/solicitudot?95d99bb4df7cff469d90fb376be6d717,INS,0,0,false,,gx-no-cache=1617196038145 HTTP/1.1" 200 12945
192.168.10.89 - - [31/Mar/2021:10:18:52 -0300] "GET /cormun/servlet/trsolicitudgral? HTTP/1.1" 200 15261
192.168.10.89 - - [31/Mar/2021:10:18:53 -0300] "GET /cormun/servlet/trsolicitudgral? HTTP/1.1" 200 15261
192.168.10.89 - - [31/Mar/2021:10:18:57 -0300] "POST /cormun/servlet/trsolicitudgral?dacbebe71bbbecbb03aa88a0c560a9e2,,gx-no-cache=1617196014935 HTTP/1.1" 200 5250
192.168.10.89 - - [31/Mar/2021:10:19:00 -0300] "POST /cormun/servlet/trsolicitudgral?dacbebe71bbbecbb03aa88a0c560a9e2,,gx-no-cache=1617196018045 HTTP/1.1" 200 7476
192.168.10.89 - - [31/Mar/2021:10:19:08 -0300] "POST /cormun/servlet/trsolicitudgral?dacbebe71bbbecbb03aa88a0c560a9e2,,gx-no-cache=1617196025870 HTTP/1.1" 200 7478
192.168.10.89 - - [31/Mar/2021:10:19:16 -0300] "POST /cormun/servlet/trsolicitudgral?dacbebe71bbbecbb03aa88a0c560a9e2,,gx-no-cache=1617196034757 HTTP/1.1" 200 5252
192.168.10.89 - - [31/Mar/2021:10:19:17 -0300] "POST /cormun/servlet/trsolicitudgral?dacbebe71bbbecbb03aa88a0c560a9e2,,gx-no-cache=1617196035724 HTTP/1.1" 200 5252
192.168.10.89 - - [31/Mar/2021:10:19:18 -0300] "POST /cormun/servlet/trsolicitudgral?dacbebe71bbbecbb03aa88a0c560a9e2,,gx-no-cache=1617196035940 HTTP/1.1" 200 5252
192.168.10.89 - - [31/Mar/2021:10:19:18 -0300] "POST /cormun/servlet/trsolicitudgral?dacbebe71bbbecbb03aa88a0c560a9e2,,gx-no-cache=1617196036155 HTTP/1.1" 200 5253
192.168.10.89 - - [31/Mar/2021:10:19:18 -0300] "POST /cormun/servlet/trsolicitudgral?dacbebe71bbbecbb03aa88a0c560a9e2,,gx-no-cache=1617196036389 HTTP/1.1" 200 5253
192.168.10.89 - - [31/Mar/2021:10:19:35 -0300] "POST /cormun/servlet/trsolicitudgral?dacbebe71bbbecbb03aa88a0c560a9e2,,gx-no-cache=1617196052908 HTTP/1.1" 200 7477
192.168.10.89 - - [31/Mar/2021:10:19:59 -0300] "POST /cormun/servlet/trsolicitudgral?dacbebe71bbbecbb03aa88a0c560a9e2,,gx-no-cache=1617196077244 HTTP/1.1" 200 7477
192.168.10.89 - - [31/Mar/2021:10:20:02 -0300] "POST /cormun/servlet/trsolicitudgral?dacbebe71bbbecbb03aa88a0c560a9e2,,gx-no-cache=1617196080773 HTTP/1.1" 200 7479
192.168.10.89 - - [31/Mar/2021:10:20:03 -0300] "POST /cormun/servlet/trsolicitudgral?dacbebe71bbbecbb03aa88a0c560a9e2,,gx-no-cache=1617196081572 HTTP/1.1" 200 7479
192.168.10.89 - - [31/Mar/2021:10:20:04 -0300] "POST /cormun/servlet/trsolicitudgral?dacbebe71bbbecbb03aa88a0c560a9e2,,gx-no-cache=1617196081854 HTTP/1.1" 200 7479
192.168.10.89 - - [31/Mar/2021:10:20:04 -0300] "POST /cormun/servlet/trsolicitudgral?dacbebe71bbbecbb03aa88a0c560a9e2,,gx-no-cache=1617196082171 HTTP/1.1" 200 7478
