190.171.142.10 - - [22/Mar/2021:10:55:52 -0300] "GET /cormun/static/Resources/PXToolsLoginBottom.png HTTP/1.1" 200 1389
190.171.142.10 - - [22/Mar/2021:10:55:53 -0300] "GET /cormun/servlet/hlogin HTTP/1.1" 200 1737
190.171.142.10 - - [22/Mar/2021:10:55:53 -0300] "GET /cormun/static/Resources/indicator.gif HTTP/1.1" 200 1553
190.171.142.10 - - [22/Mar/2021:10:55:53 -0300] "GET /favicon.ico HTTP/1.1" 200 21630
190.171.152.242 - - [22/Mar/2021:10:55:55 -0300] "GET /cormun/servlet/permisosadjuntos?INS,15731185,P,20210319114345,, HTTP/1.1" 200 5632
190.171.152.242 - - [22/Mar/2021:10:55:55 -0300] "GET /cormun/static/about:blank HTTP/1.1" 404 1011
190.171.152.242 - - [22/Mar/2021:10:55:55 -0300] "GET /cormun/servlet/permisosadjuntos?INS,15731185,P,20210319114345,, HTTP/1.1" 200 5622
186.67.164.138 - - [22/Mar/2021:10:55:58 -0300] "POST /cormun/servlet/solicitudot?gx-no-cache=1616420771982 HTTP/1.1" 200 255
186.67.164.138 - - [22/Mar/2021:10:56:02 -0300] "GET /cormun/servlet/solicitudot?cd3d48eac2ee06f866ef69465700f5b3cde702fcc66eb2a16170b22ed519730a519a1eb989e27d215c3fcb9fe5aad2a9a45974d29124ea9d0ea2b0d83158731008835aae05810a2aae4e1a316a87954d2d4d1c3caf5575f605f8af298efa6d7f2ede65ceec927787d8c987d351a8a2bf49cb09e2e82747510fa57a42d56f9a4b1d8acdf6231137e8189cdbe2ceb172fe9a18a2b7733de1a18647b81afd149f68bc1fd639252b632061b966e9c8a395edd6574614261a15bcde3eb8af086d2a16e479f1522b13d3776e9ae73ffde846432bc3ac95b7d38e812080d25c497dd8792a8c6aaa01bbcf291f52ae83ede8c93b78969e7ba4a0d9392aadcc5736e54f3191b230838ebc13804d2605dd63db8cc9eb9d676513139e41e092eb7dff05085cb7c62d772f2b279acde472ddffbeeee07133f74f32a3f8be8e01d5b73004ec60bc47efc46831500031a88daad17b6de72340e57d4470a76b5b5e9c3eef70735c79570e079dab3e4a8cc4667b255efb1d1ec8480bc407d37aa124a708c036fdc0,gx-no-cache=1616420776025 HTTP/1.1" 200 30
190.171.152.242 - - [22/Mar/2021:10:56:03 -0300] "POST /cormun/servlet/permisosadjuntos?33ae96bcd75032055ab4ab9abe6354f0,INS,15731185,P,20210319114345,, HTTP/1.1" 200 116
190.171.152.242 - - [22/Mar/2021:10:56:03 -0300] "GET /cormun/servlet/hpexe_return? HTTP/1.1" 200 1036
190.171.152.242 - - [22/Mar/2021:10:56:03 -0300] "GET /cormun/servlet/trpermisosadjuntos?15731185,20210319114345,P, HTTP/1.1" 200 6785
190.171.152.242 - - [22/Mar/2021:10:56:03 -0300] "GET /cormun/servlet/trpermisosadjuntos?15731185,20210319114345,P, HTTP/1.1" 200 6783
186.67.164.138 - - [22/Mar/2021:10:56:05 -0300] "POST /cormun/servlet/solicitudot?gx-no-cache=1616420779103 HTTP/1.1" 200 30
190.171.142.10 - - [22/Mar/2021:10:56:06 -0300] "POST /cormun/servlet/hlogin?9786d29a8fc8c78597f689b632b2a510,gx-no-cache=1616420781005 HTTP/1.1" 200 90
190.171.142.10 - - [22/Mar/2021:10:56:06 -0300] "GET /cormun/servlet/hpexe_link HTTP/1.1" 200 954
190.171.142.10 - - [22/Mar/2021:10:56:06 -0300] "GET /cormun/static/hpexe_link.js?201991422392963 HTTP/1.1" 200 625
190.171.142.10 - - [22/Mar/2021:10:56:06 -0300] "GET /cormun/static/gxcfg.js?201991422392958 HTTP/1.1" 200 953
190.171.142.10 - - [22/Mar/2021:10:56:06 -0300] "GET /cormun/servlet/hhome HTTP/1.1" 200 3974
186.67.164.138 - - [22/Mar/2021:10:56:07 -0300] "POST /cormun/servlet/solicitudot?gx-no-cache=1616420780950 HTTP/1.1" 200 1438
186.67.164.138 - - [22/Mar/2021:10:56:07 -0300] "POST /cormun/servlet/solicitudot?gx-no-cache=1616420781022 HTTP/1.1" 200 38
190.171.142.10 - - [22/Mar/2021:10:56:07 -0300] "GET /cormun/static/Resources/Spanish/PXTools.css?14345360 HTTP/1.1" 200 100853
190.171.142.10 - - [22/Mar/2021:10:56:07 -0300] "GET /cormun/static/SmoothNavMenu/resources/ddsmoothmenu.css?1112540 HTTP/1.1" 200 2223
190.171.142.10 - - [22/Mar/2021:10:56:07 -0300] "GET /cormun/static/scaMessage/css/jquery.pnotify.default.css?1816380 HTTP/1.1" 200 1707
190.171.142.10 - - [22/Mar/2021:10:56:07 -0300] "GET /cormun/static/gxcfg.js?20201215495537 HTTP/1.1" 200 953
190.171.142.10 - - [22/Mar/2021:10:56:07 -0300] "GET /cormun/static/SmoothNavMenu/resources/ddsmoothmenu-v.css?1112540 HTTP/1.1" 200 1188
190.171.142.10 - - [22/Mar/2021:10:56:07 -0300] "GET /cormun/static/Shared/jqueryui/jquery-ui.min.css?1345370 HTTP/1.1" 200 30288
190.171.142.10 - - [22/Mar/2021:10:56:07 -0300] "GET /cormun/static/PXToolsJavascripts/pexe_autoreload.js HTTP/1.1" 200 1762
190.171.142.10 - - [22/Mar/2021:10:56:07 -0300] "GET /cormun/static/PXToolsJavascripts/pexe_cookies.js HTTP/1.1" 200 792
190.171.142.10 - - [22/Mar/2021:10:56:07 -0300] "GET /cormun/static/PXToolsJavascripts/pexe_windows.js HTTP/1.1" 200 15207
190.171.142.10 - - [22/Mar/2021:10:56:07 -0300] "GET /cormun/static/PXToolsJavascripts/pexe_grid.js HTTP/1.1" 200 7559
190.171.142.10 - - [22/Mar/2021:10:56:07 -0300] "GET /cormun/static/PXToolsJavascripts/pexe_griddivfix.js HTTP/1.1" 200 6644
190.171.142.10 - - [22/Mar/2021:10:56:07 -0300] "GET /cormun/static/PXToolsJavascripts/pexe_link.js HTTP/1.1" 200 5671
190.171.142.10 - - [22/Mar/2021:10:56:07 -0300] "GET /cormun/static/PXToolsJavascripts/pexe_menudivfix.js HTTP/1.1" 200 333
190.171.142.10 - - [22/Mar/2021:10:56:07 -0300] "GET /cormun/static/PXToolsJavascripts/pexe_menus.js HTTP/1.1" 200 1286
190.171.142.10 - - [22/Mar/2021:10:56:07 -0300] "GET /cormun/static/PXToolsJavascripts/pexe_oavdivfix.js HTTP/1.1" 200 639
190.171.142.10 - - [22/Mar/2021:10:56:07 -0300] "GET /cormun/static/PXToolsJavascripts/pexe_oav.js HTTP/1.1" 200 645
190.171.142.10 - - [22/Mar/2021:10:56:07 -0300] "GET /cormun/static/PXToolsJavascripts/pexe_layers.js HTTP/1.1" 200 4114
190.171.142.10 - - [22/Mar/2021:10:56:07 -0300] "GET /cormun/static/PXToolsJavascripts/pexe_picture.js HTTP/1.1" 200 689
190.171.142.10 - - [22/Mar/2021:10:56:07 -0300] "GET /cormun/static/PXToolsJavascripts/pexe_popup.js HTTP/1.1" 200 13458
190.171.142.10 - - [22/Mar/2021:10:56:07 -0300] "GET /cormun/static/PXToolsJavascripts/pexe_scrolldiv.js HTTP/1.1" 200 4138
190.171.142.10 - - [22/Mar/2021:10:56:07 -0300] "GET /cormun/static/PXToolsJavascripts/pexe_tabdivfix.js HTTP/1.1" 200 876
190.171.142.10 - - [22/Mar/2021:10:56:07 -0300] "GET /cormun/static/PXToolsJavascripts/pexe_upload.js HTTP/1.1" 200 1423
190.171.142.10 - - [22/Mar/2021:10:56:07 -0300] "GET /cormun/static/PXToolsJavascripts/pexe_tabs.js HTTP/1.1" 200 3748
190.171.142.10 - - [22/Mar/2021:10:56:07 -0300] "GET /cormun/static/PXToolsJavascripts/PXToolsJavascriptsRender.js HTTP/1.1" 200 367
190.171.142.10 - - [22/Mar/2021:10:56:07 -0300] "GET /cormun/static/RunJS/RunJS.js HTTP/1.1" 200 288
190.171.142.10 - - [22/Mar/2021:10:56:07 -0300] "GET /cormun/static/Shared/ext/locale/ext-lang-en.js HTTP/1.1" 200 10940
190.171.142.10 - - [22/Mar/2021:10:56:07 -0300] "GET /cormun/static/hwchdr01.js?20201214473739 HTTP/1.1" 200 996
190.171.142.10 - - [22/Mar/2021:10:56:07 -0300] "GET /cormun/static/hhome.js?20201215495544 HTTP/1.1" 200 777
190.171.142.10 - - [22/Mar/2021:10:56:07 -0300] "GET /cormun/static/Resources/Logo2019_Small.png HTTP/1.1" 200 10855
190.171.142.10 - - [22/Mar/2021:10:56:07 -0300] "GET /cormun/static/gxui/gxui-all.js HTTP/1.1" 200 107772
190.171.142.10 - - [22/Mar/2021:10:56:07 -0300] "GET /cormun/static/Resources/ImgHome.png HTTP/1.1" 200 1364
190.171.142.10 - - [22/Mar/2021:10:56:07 -0300] "GET /cormun/static/Resources/Llave.png HTTP/1.1" 200 1395
190.171.142.10 - - [22/Mar/2021:10:56:07 -0300] "GET /cormun/static/Resources/ImgLogin.png HTTP/1.1" 200 1432
190.171.142.10 - - [22/Mar/2021:10:56:07 -0300] "GET /cormun/static/Resources/PXToolsDataTitle.png HTTP/1.1" 200 1173
190.171.142.10 - - [22/Mar/2021:10:56:07 -0300] "GET /cormun/static/hpexe_recentlink.js?20201214471090 HTTP/1.1" 200 2144
190.171.142.10 - - [22/Mar/2021:10:56:07 -0300] "GET /cormun/static/hpexe_scripts.js?20201214471411 HTTP/1.1" 200 1544
190.171.142.10 - - [22/Mar/2021:10:56:07 -0300] "GET /cormun/static/hpexe_messagecontroller.js?201991422154126 HTTP/1.1" 200 870
190.171.142.10 - - [22/Mar/2021:10:56:07 -0300] "GET /cormun/static/hpexe_messagepopupcomponent.js?2020121447232 HTTP/1.1" 200 605
190.171.142.10 - - [22/Mar/2021:10:56:08 -0300] "GET /cormun/static/hpexe_messagegenexuscomponent.js?2020121447173 HTTP/1.1" 200 587
190.171.142.10 - - [22/Mar/2021:10:56:08 -0300] "GET /cormun/static/cmcontrolpreferences.js?20199141926336 HTTP/1.1" 200 1375
190.171.142.10 - - [22/Mar/2021:10:56:08 -0300] "GET /cormun/static/SmoothNavMenu/resources/ddsmoothmenu.js HTTP/1.1" 200 12712
190.171.142.10 - - [22/Mar/2021:10:56:08 -0300] "GET /cormun/static/SmoothNavMenu/resources/SmoothNavMenuRender.js HTTP/1.1" 200 5951
190.171.142.10 - - [22/Mar/2021:10:56:08 -0300] "GET /cormun/static/Shared/jquery/jquery-1.4.2.min.js HTTP/1.1" 200 72174
190.171.142.10 - - [22/Mar/2021:10:56:08 -0300] "GET /cormun/static/scaMessage/js/jquery.pnotify.min.js HTTP/1.1" 200 13038
190.171.142.10 - - [22/Mar/2021:10:56:08 -0300] "GET /cormun/static/Shared/ext/ext-all.js HTTP/1.1" 200 1289687
190.171.142.10 - - [22/Mar/2021:10:56:08 -0300] "GET /cormun/static/scaMessage/scaMessageRender.js HTTP/1.1" 200 11977
190.171.142.10 - - [22/Mar/2021:10:56:08 -0300] "GET /cormun/static/hmpwkw03.js?20201215501896 HTTP/1.1" 200 3973
190.171.142.10 - - [22/Mar/2021:10:56:08 -0300] "GET /cormun/static/Shared/jquery/jquery-1.10.2.min.js HTTP/1.1" 200 273199
190.171.142.10 - - [22/Mar/2021:10:56:08 -0300] "GET /cormun/static/Shared/jqueryui/jquery-ui.min.js HTTP/1.1" 200 240427
190.171.142.10 - - [22/Mar/2021:10:56:09 -0300] "GET /cormun/static/SmoothNavMenu/resources/images/down.gif HTTP/1.1" 200 854
190.171.142.10 - - [22/Mar/2021:10:56:09 -0300] "GET /cormun/servlet/hhome HTTP/1.1" 200 3970
190.171.152.242 - - [22/Mar/2021:10:56:09 -0300] "GET /cormun/servlet/trpermisosgoce? HTTP/1.1" 200 8332
190.171.152.242 - - [22/Mar/2021:10:56:09 -0300] "GET /cormun/servlet/trpermisosgoce? HTTP/1.1" 200 8331
190.171.142.10 - - [22/Mar/2021:10:56:35 -0300] "GET /cormun/servlet/trlicencias? HTTP/1.1" 200 10737
190.171.142.10 - - [22/Mar/2021:10:56:35 -0300] "GET /cormun/static/gxui/gxui-all.css?120300 HTTP/1.1" 200 2179
190.171.142.10 - - [22/Mar/2021:10:56:36 -0300] "GET /cormun/static/calendar-system.css?85620 HTTP/1.1" 200 5572
190.171.142.10 - - [22/Mar/2021:10:56:36 -0300] "GET /cormun/static/gxcfg.js?2020121613995 HTTP/1.1" 200 953
190.171.142.10 - - [22/Mar/2021:10:56:36 -0300] "GET /cormun/static/calendar-setup.js?85251 HTTP/1.1" 200 2588
190.171.142.10 - - [22/Mar/2021:10:56:36 -0300] "GET /cormun/static/calendar-es.js?85251 HTTP/1.1" 200 1901
190.171.142.10 - - [22/Mar/2021:10:56:36 -0300] "GET /cormun/static/calendar.js?85251 HTTP/1.1" 200 26246
190.171.142.10 - - [22/Mar/2021:10:56:36 -0300] "GET /cormun/static/gxdec.js?85251 HTTP/1.1" 200 19579
190.171.142.10 - - [22/Mar/2021:10:56:36 -0300] "GET /cormun/static/trlicencias.js?202012162481 HTTP/1.1" 200 41883
190.171.142.10 - - [22/Mar/2021:10:56:36 -0300] "GET /cormun/static/Shared/ext/resources/css/ext-all.css?215870 HTTP/1.1" 200 416045
190.171.142.10 - - [22/Mar/2021:10:56:36 -0300] "GET /cormun/static/Resources/PXTools/calendar.png HTTP/1.1" 200 1306
190.171.142.10 - - [22/Mar/2021:10:56:37 -0300] "GET /cormun/static/Resources/PXToolsDataSearch.png HTTP/1.1" 200 435
190.171.142.10 - - [22/Mar/2021:10:56:37 -0300] "GET /cormun/static/Resources/PXToolsGridFirstDisabled.gif HTTP/1.1" 200 100
190.171.142.10 - - [22/Mar/2021:10:56:37 -0300] "GET /cormun/static/Resources/PXToolsGridPreviousDisabled.gif HTTP/1.1" 200 90
190.171.142.10 - - [22/Mar/2021:10:56:37 -0300] "GET /cormun/static/Resources/PXToolsGridNextDisabled.gif HTTP/1.1" 200 90
190.171.142.10 - - [22/Mar/2021:10:56:37 -0300] "GET /cormun/static/Resources/PXToolsAddAllAction.png HTTP/1.1" 200 495
190.171.142.10 - - [22/Mar/2021:10:56:37 -0300] "GET /cormun/static/Resources/PXToolsGridLastDisabled.gif HTTP/1.1" 200 98
190.171.142.10 - - [22/Mar/2021:10:56:37 -0300] "GET /cormun/static/Resources/PXToolsGridPage.gif HTTP/1.1" 200 725
190.171.142.10 - - [22/Mar/2021:10:56:37 -0300] "GET /cormun/static/Resources/PXToolsActionExcel.png HTTP/1.1" 200 727
190.171.142.10 - - [22/Mar/2021:10:56:38 -0300] "GET /cormun//static/Resources/PXToolsActionDisabled.gif HTTP/1.1" 200 53
190.171.142.10 - - [22/Mar/2021:10:56:38 -0300] "GET /cormun//static/Resources/PXToolsGridDisplay.png HTTP/1.1" 200 525
190.171.142.10 - - [22/Mar/2021:10:56:38 -0300] "GET /cormun//static/Resources/PXTools/ActionInsert.png HTTP/1.1" 200 1482
190.171.142.10 - - [22/Mar/2021:10:56:38 -0300] "GET /cormun/static/Resources/asc.gif HTTP/1.1" 200 67
190.171.142.10 - - [22/Mar/2021:10:56:38 -0300] "GET /cormun/static/Resources/desc.gif HTTP/1.1" 200 65
190.171.142.10 - - [22/Mar/2021:10:56:38 -0300] "GET /cormun//static/Resources/PXToolsActionPrint.png HTTP/1.1" 200 404
190.171.142.10 - - [22/Mar/2021:10:56:38 -0300] "GET /cormun//static/Resources/PXToolsHeaderHelp.png HTTP/1.1" 200 1333
190.171.142.10 - - [22/Mar/2021:10:56:38 -0300] "GET /cormun//static/Resources/PXToolsHeaderFavorites.png HTTP/1.1" 200 1414
190.171.142.10 - - [22/Mar/2021:10:56:38 -0300] "GET /cormun/servlet/trlicencias? HTTP/1.1" 200 10735
190.171.142.10 - - [22/Mar/2021:10:56:38 -0300] "GET /cormun/static/Shared/ext/resources/themes/images/default/panel/bg-headersPanel.png HTTP/1.1" 200 255
190.171.142.10 - - [22/Mar/2021:10:56:38 -0300] "GET /cormun/static/Shared/ext/resources/themes/images/default/tools/tool-sprites.gif HTTP/1.1" 200 5434
186.67.164.138 - - [22/Mar/2021:10:56:49 -0300] "GET /cormun/servlet/solicitudot?cd3d48eac2ee06f866ef69465700f5b32404684b91f1a36daaa7ab6e5271b836b2a4479fa7731e7bf82fa8965277f00e5c494875e6a76ae8749784b9215a0b893eb8398823945423ba2f3a113a5b9f535c1c794fecd02a26cca253ec958418af927f26989e82eb6910927277c82114e8,gx-no-cache=1616420823573 HTTP/1.1" 200 110
190.171.142.10 - - [22/Mar/2021:10:57:34 -0300] "GET /cormun/servlet/hlogin HTTP/1.1" 200 1731
190.171.142.10 - - [22/Mar/2021:10:57:35 -0300] "GET /cormun/servlet/hlogin HTTP/1.1" 200 1742
190.171.142.10 - - [22/Mar/2021:10:57:50 -0300] "POST /cormun/servlet/hlogin?a3c10cf0f8e3ecc016c9cd3ddb7a30eb,gx-no-cache=1616420884120 HTTP/1.1" 200 90
190.171.142.10 - - [22/Mar/2021:10:57:50 -0300] "GET /cormun/servlet/hpexe_link HTTP/1.1" 200 956
190.171.142.10 - - [22/Mar/2021:10:57:50 -0300] "GET /cormun/servlet/hhome HTTP/1.1" 200 3979
190.171.142.10 - - [22/Mar/2021:10:57:51 -0300] "GET /cormun/servlet/hhome HTTP/1.1" 200 3975
200.86.165.116 - - [22/Mar/2021:10:57:54 -0300] "POST /cormun/servlet/trlicencias?b7f4586c3bf1a332b25c7c57873537ad,gx-no-cache=1616420888663 HTTP/1.1" 200 7260
200.86.165.116 - - [22/Mar/2021:10:57:55 -0300] "GET /cormun/static/Shared/jqueryui/images/ui-bg_highlight-soft_100_c6c2c8_1x100.png HTTP/1.1" 404 1117
200.86.165.116 - - [22/Mar/2021:10:57:55 -0300] "GET /cormun/static/Shared/jqueryui/images/ui-icons_82798d_256x240.png HTTP/1.1" 404 1089
200.86.165.116 - - [22/Mar/2021:10:57:55 -0300] "GET /cormun/static/Shared/jqueryui/images/ui-bg_flat_55_fafafa_40x100.png HTTP/1.1" 404 1097
200.86.165.116 - - [22/Mar/2021:10:57:55 -0300] "GET /cormun/static/Shared/jqueryui/images/ui-icons_8d78a5_256x240.png HTTP/1.1" 404 1089
190.171.142.10 - - [22/Mar/2021:10:57:59 -0300] "GET /cormun/servlet/trlicencias? HTTP/1.1" 200 10742
190.171.142.10 - - [22/Mar/2021:10:58:00 -0300] "GET /cormun/static/gxcfg.js?2020121613995 HTTP/1.1" 200 953
190.171.142.10 - - [22/Mar/2021:10:58:00 -0300] "GET /cormun/static/trlicencias.js?202012162481 HTTP/1.1" 200 41883
190.171.142.10 - - [22/Mar/2021:10:58:01 -0300] "GET /cormun//static/Resources/PXToolsActionDisabled.gif HTTP/1.1" 200 53
190.171.142.10 - - [22/Mar/2021:10:58:01 -0300] "GET /cormun//static/Resources/PXToolsGridDisplay.png HTTP/1.1" 200 525
190.171.142.10 - - [22/Mar/2021:10:58:01 -0300] "GET /cormun//static/Resources/PXTools/ActionInsert.png HTTP/1.1" 200 1482
190.171.142.10 - - [22/Mar/2021:10:58:01 -0300] "GET /cormun//static/Resources/PXToolsActionPrint.png HTTP/1.1" 200 404
190.171.142.10 - - [22/Mar/2021:10:58:01 -0300] "GET /cormun/servlet/trlicencias? HTTP/1.1" 200 10740
190.171.142.10 - - [22/Mar/2021:10:58:01 -0300] "GET /cormun//static/Resources/PXToolsHeaderHelp.png HTTP/1.1" 200 1333
190.171.142.10 - - [22/Mar/2021:10:58:01 -0300] "GET /cormun//static/Resources/PXToolsHeaderFavorites.png HTTP/1.1" 200 1414
190.171.142.10 - - [22/Mar/2021:10:58:05 -0300] "POST /cormun/servlet/trlicencias?a3c10cf0f8e3ecc016c9cd3ddb7a30eb,,gx-no-cache=1616420899477 HTTP/1.1" 200 8227
190.171.152.242 - - [22/Mar/2021:10:58:32 -0300] "GET /cormun/servlet/trpermisosadjuntos?17235403,20210316115446,P, HTTP/1.1" 200 6316
190.171.152.242 - - [22/Mar/2021:10:58:33 -0300] "GET /cormun/servlet/trpermisosadjuntos?17235403,20210316115446,P, HTTP/1.1" 200 6317
190.171.152.242 - - [22/Mar/2021:10:58:36 -0300] "GET /cormun/servlet/permisosadjuntos?INS,17235403,P,20210316115446,, HTTP/1.1" 200 5637
190.171.152.242 - - [22/Mar/2021:10:58:36 -0300] "GET /cormun/static/about:blank HTTP/1.1" 404 1011
190.171.152.242 - - [22/Mar/2021:10:58:36 -0300] "GET /cormun/servlet/permisosadjuntos?INS,17235403,P,20210316115446,, HTTP/1.1" 200 5627
192.168.10.89 - - [22/Mar/2021:10:58:40 -0300] "GET /cormun/servlet/trsolicitudgral? HTTP/1.1" 500 10
190.171.152.242 - - [22/Mar/2021:10:58:44 -0300] "POST /cormun/servlet/permisosadjuntos?33ae96bcd75032055ab4ab9abe6354f0,INS,17235403,P,20210316115446,, HTTP/1.1" 200 116
190.171.152.242 - - [22/Mar/2021:10:58:44 -0300] "GET /cormun/servlet/hpexe_return? HTTP/1.1" 200 1035
190.171.152.242 - - [22/Mar/2021:10:58:44 -0300] "GET /cormun/servlet/trpermisosadjuntos?17235403,20210316115446,P, HTTP/1.1" 200 6791
190.171.152.242 - - [22/Mar/2021:10:58:45 -0300] "GET /cormun/servlet/trpermisosadjuntos?17235403,20210316115446,P, HTTP/1.1" 200 6788
190.171.152.242 - - [22/Mar/2021:10:58:48 -0300] "GET /cormun/servlet/trpermisosgoce? HTTP/1.1" 200 8332
192.168.10.89 - - [22/Mar/2021:10:58:49 -0300] "GET /cormun/servlet/hlogin HTTP/1.1" 200 1724
190.171.152.242 - - [22/Mar/2021:10:58:49 -0300] "GET /cormun/servlet/trpermisosgoce? HTTP/1.1" 200 8331
186.67.164.138 - - [22/Mar/2021:10:58:56 -0300] "POST /cormun/servlet/solicitudot?gx-no-cache=1616420949613 HTTP/1.1" 200 97
192.168.10.89 - - [22/Mar/2021:10:58:56 -0300] "POST /cormun/servlet/hlogin?96bec9b4b63174ef963e983470a6e1c7,gx-no-cache=1616420817017 HTTP/1.1" 200 90
192.168.10.89 - - [22/Mar/2021:10:58:57 -0300] "GET /cormun/servlet/hpexe_link HTTP/1.1" 200 951
192.168.10.89 - - [22/Mar/2021:10:58:57 -0300] "GET /cormun/servlet/hhome HTTP/1.1" 200 4743
192.168.10.89 - - [22/Mar/2021:10:58:57 -0300] "GET /cormun/servlet/hhome HTTP/1.1" 200 4739
190.171.152.242 - - [22/Mar/2021:10:58:57 -0300] "POST /cormun/servlet/trpermisosgoce?33ae96bcd75032055ab4ab9abe6354f0,,gx-no-cache=1616420951381 HTTP/1.1" 200 5614
190.171.152.242 - - [22/Mar/2021:10:58:57 -0300] "GET /cormun/static/Shared/jqueryui/images/ui-bg_highlight-soft_100_c6c2c8_1x100.png HTTP/1.1" 404 1117
190.171.152.242 - - [22/Mar/2021:10:58:57 -0300] "GET /cormun/static/Shared/jqueryui/images/ui-icons_82798d_256x240.png HTTP/1.1" 404 1089
190.171.152.242 - - [22/Mar/2021:10:58:57 -0300] "GET /cormun/static/Shared/jqueryui/images/ui-bg_flat_55_fafafa_40x100.png HTTP/1.1" 404 1097
190.171.152.242 - - [22/Mar/2021:10:58:57 -0300] "GET /cormun/static/Shared/jqueryui/images/ui-icons_8d78a5_256x240.png HTTP/1.1" 404 1089
192.168.10.89 - - [22/Mar/2021:10:59:00 -0300] "GET /cormun/servlet/trsolicitudgral? HTTP/1.1" 200 29896
190.171.152.242 - - [22/Mar/2021:10:59:01 -0300] "POST /cormun/servlet/trpermisosgoce?33ae96bcd75032055ab4ab9abe6354f0,,gx-no-cache=1616420954892 HTTP/1.1" 200 5611
192.168.10.89 - - [22/Mar/2021:10:59:02 -0300] "GET /cormun/servlet/trsolicitudgral? HTTP/1.1" 200 29894
190.171.152.242 - - [22/Mar/2021:10:59:02 -0300] "POST /cormun/servlet/trpermisosgoce?33ae96bcd75032055ab4ab9abe6354f0,,gx-no-cache=1616420956876 HTTP/1.1" 200 5579
186.67.164.138 - - [22/Mar/2021:10:59:05 -0300] "GET /cormun/servlet/solicitudot?cd3d48eac2ee06f866ef69465700f5b3aa657cad36b1d4d3add78e391a70fbe5f0419a3bfe043e82930bc6e1483f6d6780e04c6b1adbcc549d66eddac354d76125d2dd2a4d5f411531f653627b495c22b3bc0b3bc91ac2cdaa0931eb720acc82dfd3ff00c94e226fb903d98fcd6552f0,gx-no-cache=1616420959369 HTTP/1.1" 200 29
186.67.164.138 - - [22/Mar/2021:10:59:05 -0300] "GET /cormun/static/menuarrow.gif HTTP/1.1" 404 1015
192.168.10.89 - - [22/Mar/2021:10:59:06 -0300] "POST /cormun/servlet/trsolicitudgral?96bec9b4b63174ef963e983470a6e1c7,,gx-no-cache=1616420826564 HTTP/1.1" 200 9552
186.67.164.138 - - [22/Mar/2021:10:59:09 -0300] "GET /cormun/servlet/solicitudot?cd3d48eac2ee06f866ef69465700f5b34090d6ea46211a89d59968291062447c38099cf624474529b5e2418d88025884,gx-no-cache=1616420963085 HTTP/1.1" 200 30
190.171.152.242 - - [22/Mar/2021:10:59:15 -0300] "GET /cormun/servlet/hlogin HTTP/1.1" 200 1742
186.67.164.138 - - [22/Mar/2021:10:59:20 -0300] "POST /cormun/servlet/solicitudot?gx-no-cache=1616420974050 HTTP/1.1" 200 30
192.168.10.89 - - [22/Mar/2021:10:59:24 -0300] "GET /cormun/servlet/vesolicitudgral?2021,16622,, HTTP/1.1" 200 9358
192.168.10.89 - - [22/Mar/2021:10:59:24 -0300] "GET /cormun/pexe_scrolldiv.js HTTP/1.1" 404 1009
192.168.10.89 - - [22/Mar/2021:10:59:24 -0300] "GET /cormun/servlet/vesolicitudgral?2021,16622,, HTTP/1.1" 200 9357
190.171.152.242 - - [22/Mar/2021:10:59:25 -0300] "POST /cormun/servlet/hlogin?33ae96bcd75032055ab4ab9abe6354f0,gx-no-cache=1616420980134 HTTP/1.1" 200 90
190.171.152.242 - - [22/Mar/2021:10:59:26 -0300] "GET /cormun/servlet/hpexe_link HTTP/1.1" 200 950
190.171.152.242 - - [22/Mar/2021:10:59:26 -0300] "GET /cormun/servlet/hhome HTTP/1.1" 200 4214
190.171.152.242 - - [22/Mar/2021:10:59:26 -0300] "GET /cormun/static/SmoothNavMenu/resources/images/right.gif HTTP/1.1" 200 860
190.171.152.242 - - [22/Mar/2021:10:59:26 -0300] "GET /cormun/servlet/hhome HTTP/1.1" 200 4213
190.171.152.242 - - [22/Mar/2021:10:59:33 -0300] "GET /cormun/servlet/trpermisosingoceautorizar? HTTP/1.1" 200 7004
190.171.152.242 - - [22/Mar/2021:10:59:33 -0300] "GET /cormun/static/gxui/gxui-all.css?110300 HTTP/1.1" 200 2179
190.171.152.242 - - [22/Mar/2021:10:59:33 -0300] "GET /cormun/static/calendar-system.css?75620 HTTP/1.1" 200 5572
190.171.152.242 - - [22/Mar/2021:10:59:33 -0300] "GET /cormun/static/Resources/Spanish/PXTools.css?19172979 HTTP/1.1" 200 100853
190.171.152.242 - - [22/Mar/2021:10:59:33 -0300] "GET /cormun/static/gxcfg.js?20199142052090 HTTP/1.1" 200 953
190.171.152.242 - - [22/Mar/2021:10:59:33 -0300] "GET /cormun/static/Shared/ext/resources/css/ext-all.css?205870 HTTP/1.1" 200 416045
190.171.152.242 - - [22/Mar/2021:10:59:33 -0300] "GET /cormun/static/trpermisosingoceautorizar.js?20199142052670 HTTP/1.1" 200 32551
190.171.152.242 - - [22/Mar/2021:10:59:34 -0300] "GET /cormun/servlet/trpermisosingoceautorizar? HTTP/1.1" 200 7003
186.67.164.138 - - [22/Mar/2021:10:59:39 -0300] "POST /cormun/servlet/solicitudot?08935bfe721b41430a7c01ae76bca790,INS,0,0,false,,gx-no-cache=1616420992179 HTTP/1.1" 200 93
186.67.164.138 - - [22/Mar/2021:10:59:39 -0300] "GET /cormun/servlet/hpexe_return? HTTP/1.1" 200 1004
186.67.164.138 - - [22/Mar/2021:10:59:40 -0300] "GET /cormun/servlet/trsolicitudot HTTP/1.1" 200 8593
186.67.164.138 - - [22/Mar/2021:10:59:41 -0300] "GET /cormun/servlet/trsolicitudot HTTP/1.1" 200 8589
190.171.152.242 - - [22/Mar/2021:10:59:44 -0300] "GET /cormun/servlet/trautorizarpermisogoce? HTTP/1.1" 200 8398
190.171.152.242 - - [22/Mar/2021:10:59:44 -0300] "GET /cormun/static/gxcfg.js?2020121645532 HTTP/1.1" 200 953
190.171.152.242 - - [22/Mar/2021:10:59:44 -0300] "GET /cormun/static/trautorizarpermisogoce.js?2020121651492 HTTP/1.1" 200 34948
190.171.152.242 - - [22/Mar/2021:10:59:44 -0300] "GET /cormun/servlet/trautorizarpermisogoce? HTTP/1.1" 200 8397
186.67.164.138 - - [22/Mar/2021:10:59:46 -0300] "POST /cormun/servlet/trsolicitudot?08935bfe721b41430a7c01ae76bca790,gx-no-cache=1616421000308 HTTP/1.1" 200 5770
190.171.152.242 - - [22/Mar/2021:10:59:48 -0300] "POST /cormun/servlet/trautorizarpermisogoce?33ae96bcd75032055ab4ab9abe6354f0,,gx-no-cache=1616421002830 HTTP/1.1" 200 5535
190.171.152.242 - - [22/Mar/2021:10:59:48 -0300] "GET /cormun/static/Shared/jqueryui/images/ui-icons_8d78a5_256x240.png HTTP/1.1" 404 1089
190.171.152.242 - - [22/Mar/2021:10:59:48 -0300] "GET /cormun/static/Shared/jqueryui/images/ui-bg_flat_55_fafafa_40x100.png HTTP/1.1" 404 1097
190.171.152.242 - - [22/Mar/2021:10:59:48 -0300] "GET /cormun/static/Shared/jqueryui/images/ui-bg_highlight-soft_100_c6c2c8_1x100.png HTTP/1.1" 404 1117
190.171.152.242 - - [22/Mar/2021:10:59:48 -0300] "GET /cormun/static/Shared/jqueryui/images/ui-icons_82798d_256x240.png HTTP/1.1" 404 1089
190.171.152.242 - - [22/Mar/2021:10:59:50 -0300] "POST /cormun/servlet/trautorizarpermisogoce?33ae96bcd75032055ab4ab9abe6354f0,,gx-no-cache=1616421004451 HTTP/1.1" 200 5282
190.171.152.242 - - [22/Mar/2021:10:59:51 -0300] "POST /cormun/servlet/trautorizarpermisogoce?33ae96bcd75032055ab4ab9abe6354f0,,gx-no-cache=1616421005739 HTTP/1.1" 200 4532
186.67.164.138 - - [22/Mar/2021:10:59:52 -0300] "POST /cormun/servlet/trsolicitudot?08935bfe721b41430a7c01ae76bca790,gx-no-cache=1616421006559 HTTP/1.1" 200 106
186.67.164.138 - - [22/Mar/2021:10:59:52 -0300] "GET /cormun/servlet/trsolicitudadjuntos?2021,16811, HTTP/1.1" 200 6072
186.67.164.138 - - [22/Mar/2021:10:59:54 -0300] "GET /cormun/servlet/trsolicitudadjuntos?2021,16811, HTTP/1.1" 200 6072
186.67.164.138 - - [22/Mar/2021:10:59:56 -0300] "GET /cormun/servlet/solicitudotadjuntos?INS,2021,16811,,1, HTTP/1.1" 200 6017
186.67.164.138 - - [22/Mar/2021:10:59:57 -0300] "GET /cormun/static/about:blank HTTP/1.1" 404 1011
186.67.164.138 - - [22/Mar/2021:10:59:57 -0300] "GET /cormun/servlet/solicitudotadjuntos?INS,2021,16811,,1, HTTP/1.1" 200 6010
186.67.164.138 - - [22/Mar/2021:10:59:58 -0300] "GET /cormun/servlet/solicitudotadjuntos?cd3d48eac2ee06f866ef69465700f5b3736adf6ea43c658db7449585e9ada03cb8909d417088065b657924a7610ce087,gx-no-cache=1616421011974 HTTP/1.1" 200 30
186.67.164.138 - - [22/Mar/2021:10:59:58 -0300] "POST /cormun/servlet/solicitudotadjuntos?08935bfe721b41430a7c01ae76bca790,INS,2021,16811,,1,,gx-no-cache=1616421012005 HTTP/1.1" 200 3911
186.67.164.138 - - [22/Mar/2021:11:00:00 -0300] "POST /cormun/servlet/solicitudotadjuntos?gx-no-cache=1616421014160 HTTP/1.1" 200 26
192.168.10.89 - - [22/Mar/2021:11:00:30 -0300] "POST /cormun/servlet/vesolicitudgral?96bec9b4b63174ef963e983470a6e1c7,2021,16622,,,gx-no-cache=1616420910500 HTTP/1.1" 200 12613
192.168.10.89 - - [22/Mar/2021:11:00:30 -0300] "GET /cormun/static/Shared/jqueryui/images/ui-bg_highlight-soft_100_c6c2c8_1x100.png HTTP/1.1" 404 1117
192.168.10.89 - - [22/Mar/2021:11:00:30 -0300] "GET /cormun/static/Shared/jqueryui/images/ui-icons_82798d_256x240.png HTTP/1.1" 404 1089
192.168.10.89 - - [22/Mar/2021:11:00:30 -0300] "GET /cormun/static/Shared/jqueryui/images/ui-bg_flat_55_fafafa_40x100.png HTTP/1.1" 404 1097
192.168.10.89 - - [22/Mar/2021:11:00:30 -0300] "GET /cormun/static/Shared/jqueryui/images/ui-icons_8d78a5_256x240.png HTTP/1.1" 404 1089
192.168.10.89 - - [22/Mar/2021:11:00:30 -0300] "POST /cormun/servlet/vesolicitudgral?96bec9b4b63174ef963e983470a6e1c7,2021,16622,,,gx-no-cache=1616420910826 HTTP/1.1" 200 12549
192.168.10.89 - - [22/Mar/2021:11:00:31 -0300] "GET /cormun//static/Resources/PXToolsTabLastUnselected.png HTTP/1.1" 200 1297
192.168.10.89 - - [22/Mar/2021:11:00:31 -0300] "GET /cormun/static/Shared/jqueryui/images/ui-bg_highlight-soft_100_eae6ea_1x100.png HTTP/1.1" 404 1117
186.67.164.138 - - [22/Mar/2021:11:00:37 -0300] "GET /cormun/servlet/solicitudotadjuntos?cd3d48eac2ee06f866ef69465700f5b37c5b6a0a40681ecdd057bd3ed24e2216,gx-no-cache=1616421051405 HTTP/1.1" 200 30
186.67.164.138 - - [22/Mar/2021:11:00:37 -0300] "GET /cormun/servlet/solicitudotadjuntos?cd3d48eac2ee06f866ef69465700f5b37c5b6a0a40681ecdd057bd3ed24e2216,gx-no-cache=1616421051449 HTTP/1.1" 200 30
186.67.164.138 - - [22/Mar/2021:11:00:38 -0300] "POST /cormun/servlet/solicitudotadjuntos?08935bfe721b41430a7c01ae76bca790,INS,2021,16811,,1, HTTP/1.1" 200 116
186.67.164.138 - - [22/Mar/2021:11:00:38 -0300] "GET /cormun/servlet/hpexe_return? HTTP/1.1" 200 1021
186.67.164.138 - - [22/Mar/2021:11:00:38 -0300] "GET /cormun/servlet/trsolicitudadjuntos?2021,16811, HTTP/1.1" 200 8873
186.67.164.138 - - [22/Mar/2021:11:00:40 -0300] "GET /cormun/servlet/trsolicitudadjuntos?2021,16811, HTTP/1.1" 200 8868
186.67.164.138 - - [22/Mar/2021:11:00:42 -0300] "GET /cormun/servlet/solicitudotadjuntos?INS,2021,16811,,1, HTTP/1.1" 200 6018
186.67.164.138 - - [22/Mar/2021:11:00:42 -0300] "GET /cormun/static/about:blank HTTP/1.1" 404 1011
186.67.164.138 - - [22/Mar/2021:11:00:43 -0300] "GET /cormun/servlet/solicitudotadjuntos?INS,2021,16811,,1, HTTP/1.1" 200 6011
186.67.164.138 - - [22/Mar/2021:11:00:43 -0300] "GET /cormun/servlet/solicitudotadjuntos?cd3d48eac2ee06f866ef69465700f5b3736adf6ea43c658db7449585e9ada03cb8909d417088065b657924a7610ce087,gx-no-cache=1616421057496 HTTP/1.1" 200 30
186.67.164.138 - - [22/Mar/2021:11:00:43 -0300] "POST /cormun/servlet/solicitudotadjuntos?08935bfe721b41430a7c01ae76bca790,INS,2021,16811,,1,,gx-no-cache=1616421057535 HTTP/1.1" 200 3912
190.171.152.242 - - [22/Mar/2021:11:00:45 -0300] "GET /cormun/servlet/hlogin HTTP/1.1" 200 1746
186.67.164.138 - - [22/Mar/2021:11:00:45 -0300] "POST /cormun/servlet/solicitudotadjuntos?gx-no-cache=1616421059485 HTTP/1.1" 200 26
192.168.10.89 - - [22/Mar/2021:11:00:45 -0300] "GET /cormun/servlet/trsolicitudgral? HTTP/1.1" 200 12372
192.168.10.89 - - [22/Mar/2021:11:00:46 -0300] "GET /cormun/servlet/trsolicitudgral? HTTP/1.1" 200 12368
192.168.10.89 - - [22/Mar/2021:11:00:48 -0300] "GET /cormun/servlet/hlogin HTTP/1.1" 200 1742
190.171.152.242 - - [22/Mar/2021:11:00:48 -0300] "GET /cormun/servlet/hlogin HTTP/1.1" 200 1746
190.171.152.242 - - [22/Mar/2021:11:00:50 -0300] "GET /cormun/servlet/hlogin HTTP/1.1" 200 1746
186.67.164.138 - - [22/Mar/2021:11:00:51 -0300] "GET /cormun/servlet/solicitudotadjuntos?cd3d48eac2ee06f866ef69465700f5b37c5b6a0a40681ecdd057bd3ed24e2216,gx-no-cache=1616421065149 HTTP/1.1" 200 30
186.67.164.138 - - [22/Mar/2021:11:00:51 -0300] "GET /cormun/servlet/solicitudotadjuntos?cd3d48eac2ee06f866ef69465700f5b37c5b6a0a40681ecdd057bd3ed24e2216,gx-no-cache=1616421065352 HTTP/1.1" 200 30
186.67.164.138 - - [22/Mar/2021:11:00:52 -0300] "POST /cormun/servlet/solicitudotadjuntos?08935bfe721b41430a7c01ae76bca790,INS,2021,16811,,1, HTTP/1.1" 200 116
186.67.164.138 - - [22/Mar/2021:11:00:52 -0300] "GET /cormun/servlet/hpexe_return? HTTP/1.1" 200 1021
186.67.164.138 - - [22/Mar/2021:11:00:53 -0300] "GET /cormun/servlet/trsolicitudadjuntos?2021,16811, HTTP/1.1" 200 9113
186.67.164.138 - - [22/Mar/2021:11:00:54 -0300] "GET /cormun/servlet/trsolicitudadjuntos?2021,16811, HTTP/1.1" 200 9112
192.168.10.89 - - [22/Mar/2021:11:00:54 -0300] "POST /cormun/servlet/hlogin?96bec9b4b63174ef963e983470a6e1c7,gx-no-cache=1616420934585 HTTP/1.1" 200 90
192.168.10.89 - - [22/Mar/2021:11:00:54 -0300] "GET /cormun/servlet/hpexe_link HTTP/1.1" 200 951
192.168.10.89 - - [22/Mar/2021:11:00:54 -0300] "GET /cormun/servlet/hhome HTTP/1.1" 200 3740
192.168.10.89 - - [22/Mar/2021:11:00:54 -0300] "GET /cormun/servlet/hhome HTTP/1.1" 200 3738
186.67.164.138 - - [22/Mar/2021:11:00:56 -0300] "GET /cormun/servlet/solicitudotadjuntos?INS,2021,16811,,1, HTTP/1.1" 200 6018
186.67.164.138 - - [22/Mar/2021:11:00:57 -0300] "GET /cormun/static/about:blank HTTP/1.1" 404 1011
192.168.10.89 - - [22/Mar/2021:11:00:57 -0300] "GET /cormun/servlet/trautorizarot? HTTP/1.1" 200 9524
192.168.10.89 - - [22/Mar/2021:11:00:57 -0300] "GET /cormun/servlet/trautorizarot? HTTP/1.1" 200 9522
186.67.164.138 - - [22/Mar/2021:11:00:57 -0300] "GET /cormun/servlet/solicitudotadjuntos?INS,2021,16811,,1, HTTP/1.1" 200 6011
186.67.164.138 - - [22/Mar/2021:11:00:58 -0300] "GET /cormun/servlet/solicitudotadjuntos?cd3d48eac2ee06f866ef69465700f5b3736adf6ea43c658db7449585e9ada03cb8909d417088065b657924a7610ce087,gx-no-cache=1616421071794 HTTP/1.1" 200 30
186.67.164.138 - - [22/Mar/2021:11:00:58 -0300] "POST /cormun/servlet/solicitudotadjuntos?08935bfe721b41430a7c01ae76bca790,INS,2021,16811,,1,,gx-no-cache=1616421071837 HTTP/1.1" 200 3912
186.67.164.138 - - [22/Mar/2021:11:01:00 -0300] "POST /cormun/servlet/solicitudotadjuntos?gx-no-cache=1616421074235 HTTP/1.1" 200 26
192.168.10.89 - - [22/Mar/2021:11:01:00 -0300] "POST /cormun/servlet/trautorizarot?96bec9b4b63174ef963e983470a6e1c7,,gx-no-cache=1616420940516 HTTP/1.1" 200 5357
192.168.10.89 - - [22/Mar/2021:11:01:07 -0300] "GET /cormun/servlet/trautorizarot? HTTP/1.1" 200 8075
186.67.164.138 - - [22/Mar/2021:11:01:07 -0300] "GET /cormun/servlet/solicitudotadjuntos?cd3d48eac2ee06f866ef69465700f5b37c5b6a0a40681ecdd057bd3ed24e2216,gx-no-cache=1616421081081 HTTP/1.1" 200 30
186.67.164.138 - - [22/Mar/2021:11:01:07 -0300] "GET /cormun/servlet/solicitudotadjuntos?cd3d48eac2ee06f866ef69465700f5b37c5b6a0a40681ecdd057bd3ed24e2216,gx-no-cache=1616421081114 HTTP/1.1" 200 30
192.168.10.89 - - [22/Mar/2021:11:01:07 -0300] "GET /cormun/servlet/trautorizarot? HTTP/1.1" 200 8075
186.67.164.138 - - [22/Mar/2021:11:01:07 -0300] "POST /cormun/servlet/solicitudotadjuntos?08935bfe721b41430a7c01ae76bca790,INS,2021,16811,,1, HTTP/1.1" 200 116
186.67.164.138 - - [22/Mar/2021:11:01:07 -0300] "GET /cormun/servlet/hpexe_return? HTTP/1.1" 200 1021
186.67.164.138 - - [22/Mar/2021:11:01:08 -0300] "GET /cormun/servlet/trsolicitudadjuntos?2021,16811, HTTP/1.1" 200 9309
186.67.164.138 - - [22/Mar/2021:11:01:09 -0300] "GET /cormun/servlet/trsolicitudadjuntos?2021,16811, HTTP/1.1" 200 9307
186.67.164.138 - - [22/Mar/2021:11:01:11 -0300] "GET /cormun/servlet/solicitudotadjuntos?INS,2021,16811,,1, HTTP/1.1" 200 6018
192.168.10.89 - - [22/Mar/2021:11:01:11 -0300] "GET /cormun/servlet/trsolicitudgral? HTTP/1.1" 200 11323
186.67.164.138 - - [22/Mar/2021:11:01:12 -0300] "GET /cormun/static/about:blank HTTP/1.1" 404 1011
192.168.10.89 - - [22/Mar/2021:11:01:12 -0300] "GET /cormun/servlet/trsolicitudgral? HTTP/1.1" 200 11322
186.67.164.138 - - [22/Mar/2021:11:01:12 -0300] "GET /cormun/servlet/solicitudotadjuntos?INS,2021,16811,,1, HTTP/1.1" 200 6011
186.67.164.138 - - [22/Mar/2021:11:01:13 -0300] "GET /cormun/servlet/solicitudotadjuntos?cd3d48eac2ee06f866ef69465700f5b3736adf6ea43c658db7449585e9ada03cb8909d417088065b657924a7610ce087,gx-no-cache=1616421086911 HTTP/1.1" 200 30
186.67.164.138 - - [22/Mar/2021:11:01:13 -0300] "POST /cormun/servlet/solicitudotadjuntos?08935bfe721b41430a7c01ae76bca790,INS,2021,16811,,1,,gx-no-cache=1616421086944 HTTP/1.1" 200 3912
192.168.10.89 - - [22/Mar/2021:11:01:16 -0300] "POST /cormun/servlet/trsolicitudgral?96bec9b4b63174ef963e983470a6e1c7,,gx-no-cache=1616420956169 HTTP/1.1" 200 8753
186.67.164.138 - - [22/Mar/2021:11:01:16 -0300] "POST /cormun/servlet/solicitudotadjuntos?gx-no-cache=1616421090019 HTTP/1.1" 200 26
192.168.10.89 - - [22/Mar/2021:11:01:19 -0300] "GET /cormun/servlet/vesolicitudgral?2021,16622,, HTTP/1.1" 200 8371
192.168.10.89 - - [22/Mar/2021:11:01:19 -0300] "GET /cormun/pexe_scrolldiv.js HTTP/1.1" 404 1009
192.168.10.89 - - [22/Mar/2021:11:01:19 -0300] "GET /cormun/pexe_scrolldiv.js HTTP/1.1" 404 1009
192.168.10.89 - - [22/Mar/2021:11:01:19 -0300] "GET /cormun/servlet/vesolicitudgral?2021,16622,, HTTP/1.1" 200 8370
192.168.10.89 - - [22/Mar/2021:11:01:22 -0300] "GET /cormun/servlet/vesolicitudgral?2021,16622,,SolicitudOTAdjuntos HTTP/1.1" 200 10872
192.168.10.89 - - [22/Mar/2021:11:01:22 -0300] "GET /cormun/pexe_scrolldiv.js HTTP/1.1" 404 1009
192.168.10.89 - - [22/Mar/2021:11:01:23 -0300] "GET /cormun/static/tbsolicitudgral02.js?201991422143548 HTTP/1.1" 200 13312
192.168.10.89 - - [22/Mar/2021:11:01:23 -0300] "GET /cormun/pexe_scrolldiv.js HTTP/1.1" 404 1009
192.168.10.89 - - [22/Mar/2021:11:01:23 -0300] "GET /cormun/static/gxui/gxui-all.css HTTP/1.1" 200 2179
192.168.10.89 - - [22/Mar/2021:11:01:23 -0300] "GET /cormun/static/Shared/ext/resources/css/ext-all.css HTTP/1.1" 200 416045
192.168.10.89 - - [22/Mar/2021:11:01:23 -0300] "GET /cormun/static/Resources/PXToolsTabFirstUnselected.png HTTP/1.1" 200 1278
192.168.10.89 - - [22/Mar/2021:11:01:23 -0300] "GET /cormun/static/Resources/PXToolsTabUnselectedSelected.png HTTP/1.1" 200 1458
186.67.164.138 - - [22/Mar/2021:11:01:23 -0300] "GET /cormun/servlet/solicitudotadjuntos?cd3d48eac2ee06f866ef69465700f5b37c5b6a0a40681ecdd057bd3ed24e2216,gx-no-cache=1616421097237 HTTP/1.1" 200 30
186.67.164.138 - - [22/Mar/2021:11:01:23 -0300] "GET /cormun/servlet/solicitudotadjuntos?cd3d48eac2ee06f866ef69465700f5b37c5b6a0a40681ecdd057bd3ed24e2216,gx-no-cache=1616421097270 HTTP/1.1" 200 30
186.67.164.138 - - [22/Mar/2021:11:01:23 -0300] "POST /cormun/servlet/solicitudotadjuntos?08935bfe721b41430a7c01ae76bca790,INS,2021,16811,,1, HTTP/1.1" 200 116
192.168.10.89 - - [22/Mar/2021:11:01:23 -0300] "GET /cormun/servlet/vesolicitudgral?2021,16622,,SolicitudOTAdjuntos HTTP/1.1" 200 10877
186.67.164.138 - - [22/Mar/2021:11:01:23 -0300] "GET /cormun/servlet/hpexe_return? HTTP/1.1" 200 1021
192.168.10.89 - - [22/Mar/2021:11:01:24 -0300] "POST /cormun/servlet/acontrolpreferencessavestate?None,RRHH+DANIELA,true HTTP/1.1" 200 35
186.67.164.138 - - [22/Mar/2021:11:01:24 -0300] "GET /cormun/servlet/trsolicitudadjuntos?2021,16811, HTTP/1.1" 200 9557
186.67.164.138 - - [22/Mar/2021:11:01:25 -0300] "GET /cormun/servlet/trsolicitudadjuntos?2021,16811, HTTP/1.1" 200 9557
186.67.164.138 - - [22/Mar/2021:11:01:27 -0300] "GET /cormun/servlet/solicitudotadjuntos?INS,2021,16811,,1, HTTP/1.1" 200 6018
186.67.164.138 - - [22/Mar/2021:11:01:28 -0300] "GET /cormun/static/about:blank HTTP/1.1" 404 1011
192.168.10.89 - - [22/Mar/2021:11:01:28 -0300] "GET /cormun/PublicTempStorage/cedula_de_identidad_abigail_sanchez2231221.pdf HTTP/1.1" 200 557348
186.67.164.138 - - [22/Mar/2021:11:01:28 -0300] "GET /cormun/servlet/solicitudotadjuntos?INS,2021,16811,,1, HTTP/1.1" 200 6011
186.67.164.138 - - [22/Mar/2021:11:01:29 -0300] "GET /cormun/servlet/solicitudotadjuntos?cd3d48eac2ee06f866ef69465700f5b3736adf6ea43c658db7449585e9ada03cb8909d417088065b657924a7610ce087,gx-no-cache=1616421103108 HTTP/1.1" 200 30
186.67.164.138 - - [22/Mar/2021:11:01:29 -0300] "POST /cormun/servlet/solicitudotadjuntos?08935bfe721b41430a7c01ae76bca790,INS,2021,16811,,1,,gx-no-cache=1616421103138 HTTP/1.1" 200 3912
186.67.164.138 - - [22/Mar/2021:11:01:32 -0300] "POST /cormun/servlet/solicitudotadjuntos?gx-no-cache=1616421106195 HTTP/1.1" 200 26
192.168.10.89 - - [22/Mar/2021:11:01:36 -0300] "GET /cormun/servlet/vesolicitudgral?2021,16622,,SolicitudOTAdjuntos HTTP/1.1" 200 10873
192.168.10.89 - - [22/Mar/2021:11:01:37 -0300] "GET /cormun/servlet/vesolicitudgral?2021,16622,,SolicitudOTAdjuntos HTTP/1.1" 200 10875
192.168.10.89 - - [22/Mar/2021:11:01:37 -0300] "POST /cormun/servlet/acontrolpreferencessavestate?None,RRHH+DANIELA,true HTTP/1.1" 200 35
192.168.10.89 - - [22/Mar/2021:11:01:38 -0300] "GET /cormun/PublicTempStorage/certificado_de_afp8885974.pdf HTTP/1.1" 200 331367
186.67.164.138 - - [22/Mar/2021:11:01:42 -0300] "GET /cormun/servlet/solicitudotadjuntos?cd3d48eac2ee06f866ef69465700f5b37c5b6a0a40681ecdd057bd3ed24e2216,gx-no-cache=1616421116320 HTTP/1.1" 200 30
186.67.164.138 - - [22/Mar/2021:11:01:42 -0300] "GET /cormun/servlet/solicitudotadjuntos?cd3d48eac2ee06f866ef69465700f5b37c5b6a0a40681ecdd057bd3ed24e2216,gx-no-cache=1616421116381 HTTP/1.1" 200 30
186.67.164.138 - - [22/Mar/2021:11:01:42 -0300] "POST /cormun/servlet/solicitudotadjuntos?08935bfe721b41430a7c01ae76bca790,INS,2021,16811,,1, HTTP/1.1" 200 116
186.67.164.138 - - [22/Mar/2021:11:01:43 -0300] "GET /cormun/servlet/hpexe_return? HTTP/1.1" 200 1021
186.67.164.138 - - [22/Mar/2021:11:01:43 -0300] "GET /cormun/servlet/trsolicitudadjuntos?2021,16811, HTTP/1.1" 200 9844
192.168.10.89 - - [22/Mar/2021:11:01:44 -0300] "GET /cormun/servlet/vesolicitudgral?2021,16622,,SolicitudOTAdjuntos HTTP/1.1" 200 10874
186.67.164.138 - - [22/Mar/2021:11:01:44 -0300] "GET /cormun/servlet/trsolicitudadjuntos?2021,16811, HTTP/1.1" 200 9844
192.168.10.89 - - [22/Mar/2021:11:01:45 -0300] "GET /cormun/servlet/vesolicitudgral?2021,16622,,SolicitudOTAdjuntos HTTP/1.1" 200 10876
192.168.10.89 - - [22/Mar/2021:11:01:45 -0300] "POST /cormun/servlet/acontrolpreferencessavestate?None,RRHH+DANIELA,true HTTP/1.1" 200 35
192.168.10.89 - - [22/Mar/2021:11:01:46 -0300] "GET /cormun/PublicTempStorage/certificado_de_fonasa1989156.pdf HTTP/1.1" 200 394580
186.67.164.138 - - [22/Mar/2021:11:01:47 -0300] "GET /cormun/servlet/solicitudotadjuntos?INS,2021,16811,,1, HTTP/1.1" 200 6018
186.67.164.138 - - [22/Mar/2021:11:01:47 -0300] "GET /cormun/static/about:blank HTTP/1.1" 404 1011
186.67.164.138 - - [22/Mar/2021:11:01:48 -0300] "GET /cormun/servlet/solicitudotadjuntos?INS,2021,16811,,1, HTTP/1.1" 200 6011
186.67.164.138 - - [22/Mar/2021:11:01:48 -0300] "GET /cormun/servlet/solicitudotadjuntos?cd3d48eac2ee06f866ef69465700f5b3736adf6ea43c658db7449585e9ada03cb8909d417088065b657924a7610ce087,gx-no-cache=1616421122596 HTTP/1.1" 200 30
186.67.164.138 - - [22/Mar/2021:11:01:48 -0300] "POST /cormun/servlet/solicitudotadjuntos?08935bfe721b41430a7c01ae76bca790,INS,2021,16811,,1,,gx-no-cache=1616421122637 HTTP/1.1" 200 3912
192.168.10.89 - - [22/Mar/2021:11:01:51 -0300] "GET /cormun/servlet/vesolicitudgral?2021,16622,,SolicitudOTAdjuntos HTTP/1.1" 200 10873
186.67.164.138 - - [22/Mar/2021:11:01:51 -0300] "POST /cormun/servlet/solicitudotadjuntos?gx-no-cache=1616421125562 HTTP/1.1" 200 26
192.168.10.89 - - [22/Mar/2021:11:01:52 -0300] "GET /cormun/servlet/vesolicitudgral?2021,16622,,SolicitudOTAdjuntos HTTP/1.1" 200 10878
192.168.10.89 - - [22/Mar/2021:11:01:52 -0300] "POST /cormun/servlet/acontrolpreferencessavestate?None,RRHH+DANIELA,true HTTP/1.1" 200 35
192.168.10.89 - - [22/Mar/2021:11:01:53 -0300] "GET /cormun/PublicTempStorage/certificado_antecedentes_abigail_sanchez4823220.pdf HTTP/1.1" 200 551391
186.103.159.188 - - [22/Mar/2021:11:01:55 -0300] "GET /cormun/servlet/hlogin HTTP/1.1" 200 1730
186.103.159.188 - - [22/Mar/2021:11:01:55 -0300] "GET /cormun/servlet/hlogin HTTP/1.1" 200 1740
186.67.164.138 - - [22/Mar/2021:11:01:58 -0300] "GET /cormun/servlet/solicitudotadjuntos?cd3d48eac2ee06f866ef69465700f5b37c5b6a0a40681ecdd057bd3ed24e2216,gx-no-cache=1616421132577 HTTP/1.1" 200 30
186.67.164.138 - - [22/Mar/2021:11:01:58 -0300] "GET /cormun/servlet/solicitudotadjuntos?cd3d48eac2ee06f866ef69465700f5b37c5b6a0a40681ecdd057bd3ed24e2216,gx-no-cache=1616421132611 HTTP/1.1" 200 30
186.67.164.138 - - [22/Mar/2021:11:01:59 -0300] "POST /cormun/servlet/solicitudotadjuntos?08935bfe721b41430a7c01ae76bca790,INS,2021,16811,,1, HTTP/1.1" 200 116
186.67.164.138 - - [22/Mar/2021:11:01:59 -0300] "GET /cormun/servlet/hpexe_return? HTTP/1.1" 200 1021
192.168.10.89 - - [22/Mar/2021:11:01:59 -0300] "GET /cormun/servlet/vesolicitudgral?2021,16622,,SolicitudOTAdjuntos HTTP/1.1" 200 10874
186.67.164.138 - - [22/Mar/2021:11:02:00 -0300] "GET /cormun/servlet/trsolicitudadjuntos?2021,16811, HTTP/1.1" 200 10026
192.168.10.89 - - [22/Mar/2021:11:02:00 -0300] "GET /cormun/servlet/vesolicitudgral?2021,16622,,SolicitudOTAdjuntos HTTP/1.1" 200 10878
192.168.10.89 - - [22/Mar/2021:11:02:01 -0300] "POST /cormun/servlet/acontrolpreferencessavestate?None,RRHH+DANIELA,true HTTP/1.1" 200 35
186.67.164.138 - - [22/Mar/2021:11:02:01 -0300] "GET /cormun/servlet/trsolicitudadjuntos?2021,16811, HTTP/1.1" 200 10025
186.103.159.188 - - [22/Mar/2021:11:02:01 -0300] "POST /cormun/servlet/hlogin?4d4f34e8203781a40428b05e4a233208,gx-no-cache=1616421135819 HTTP/1.1" 200 90
186.103.159.188 - - [22/Mar/2021:11:02:01 -0300] "GET /cormun/servlet/hpexe_link HTTP/1.1" 200 957
186.103.159.188 - - [22/Mar/2021:11:02:01 -0300] "GET /cormun/servlet/hhome HTTP/1.1" 200 3973
192.168.10.89 - - [22/Mar/2021:11:02:01 -0300] "GET /cormun/PublicTempStorage/curriculum_vitae_sra._abigail_sanchez1692698.pdf HTTP/1.1" 200 1891330
186.103.159.188 - - [22/Mar/2021:11:02:03 -0300] "GET /cormun/servlet/hhome HTTP/1.1" 200 3969
186.67.164.138 - - [22/Mar/2021:11:02:03 -0300] "POST /cormun/servlet/trsolicitudadjuntos?08935bfe721b41430a7c01ae76bca790,2021,16811,,gx-no-cache=1616421137418 HTTP/1.1" 200 90
186.67.164.138 - - [22/Mar/2021:11:02:03 -0300] "GET /cormun/servlet/hpexe_link HTTP/1.1" 200 986
186.67.164.138 - - [22/Mar/2021:11:02:04 -0300] "GET /cormun/servlet/trsolicitudot?gx-no-cache=1616421000308 HTTP/1.1" 200 8591
186.67.164.138 - - [22/Mar/2021:11:02:05 -0300] "GET /cormun/servlet/trsolicitudot?gx-no-cache=1616421000308 HTTP/1.1" 200 8609
186.103.159.188 - - [22/Mar/2021:11:02:07 -0300] "GET /cormun/servlet/trlicencias? HTTP/1.1" 200 11149
186.103.159.188 - - [22/Mar/2021:11:02:08 -0300] "GET /cormun/servlet/trlicencias? HTTP/1.1" 200 11145
192.168.10.89 - - [22/Mar/2021:11:02:12 -0300] "GET /cormun/servlet/vesolicitudgral?2021,16622,,SolicitudOTAdjuntos HTTP/1.1" 200 10874
192.168.10.89 - - [22/Mar/2021:11:02:13 -0300] "GET /cormun/servlet/vesolicitudgral?2021,16622,,SolicitudOTAdjuntos HTTP/1.1" 200 10877
192.168.10.89 - - [22/Mar/2021:11:02:13 -0300] "POST /cormun/servlet/acontrolpreferencessavestate?None,RRHH+DANIELA,true HTTP/1.1" 200 35
192.168.10.89 - - [22/Mar/2021:11:02:15 -0300] "GET /cormun/PublicTempStorage/titulo_legalizado_abigail_sanchez2936122.pdf HTTP/1.1" 200 605828
192.168.10.89 - - [22/Mar/2021:11:02:24 -0300] "GET /cormun/servlet/vesolicitudgral?2021,16622,,SolicitudOTAdjuntos HTTP/1.1" 200 10877
192.168.10.89 - - [22/Mar/2021:11:02:26 -0300] "GET /cormun/servlet/vesolicitudgral?2021,16622,,SolicitudOTAdjuntos HTTP/1.1" 200 10877
192.168.10.89 - - [22/Mar/2021:11:02:26 -0300] "POST /cormun/servlet/acontrolpreferencessavestate?None,RRHH+DANIELA,true HTTP/1.1" 200 35
192.168.10.89 - - [22/Mar/2021:11:02:29 -0300] "GET /cormun/servlet/vesolicitudgral?2021,16622,, HTTP/1.1" 200 8371
192.168.10.89 - - [22/Mar/2021:11:02:29 -0300] "GET /cormun/servlet/vesolicitudgral?2021,16622,, HTTP/1.1" 200 8370
186.67.164.138 - - [22/Mar/2021:11:02:30 -0300] "POST /cormun/servlet/trsolicitudot?08935bfe721b41430a7c01ae76bca790,gx-no-cache=1616421000308,gx-no-cache=1616421164082 HTTP/1.1" 200 4559
186.67.164.138 - - [22/Mar/2021:11:02:30 -0300] "GET /cormun/static/Shared/jqueryui/images/ui-bg_highlight-soft_100_c6c2c8_1x100.png HTTP/1.1" 404 1117
186.67.164.138 - - [22/Mar/2021:11:02:30 -0300] "GET /cormun/static/Shared/jqueryui/images/ui-icons_82798d_256x240.png HTTP/1.1" 404 1089
186.67.164.138 - - [22/Mar/2021:11:02:30 -0300] "GET /cormun/static/Shared/jqueryui/images/ui-bg_flat_55_fafafa_40x100.png HTTP/1.1" 404 1097
186.67.164.138 - - [22/Mar/2021:11:02:30 -0300] "GET /cormun/static/Shared/jqueryui/images/ui-icons_8d78a5_256x240.png HTTP/1.1" 404 1089
186.67.164.138 - - [22/Mar/2021:11:02:30 -0300] "POST /cormun/servlet/trsolicitudot?08935bfe721b41430a7c01ae76bca790,gx-no-cache=1616421000308,gx-no-cache=1616421164519 HTTP/1.1" 200 4339
190.171.149.82 - - [22/Mar/2021:11:04:43 -0300] "GET /cormun/servlet/hlogin HTTP/1.1" 200 1726
190.171.149.82 - - [22/Mar/2021:11:04:43 -0300] "GET /cormun/servlet/hlogin HTTP/1.1" 200 1735
190.171.149.82 - - [22/Mar/2021:11:04:47 -0300] "POST /cormun/servlet/hlogin?9825490e1c76df33a81587ba89aaea0a,gx-no-cache=1616421301262 HTTP/1.1" 200 90
190.171.149.82 - - [22/Mar/2021:11:04:47 -0300] "GET /cormun/servlet/hpexe_link HTTP/1.1" 200 949
190.171.149.82 - - [22/Mar/2021:11:04:47 -0300] "GET /cormun/servlet/hhome HTTP/1.1" 200 4284
190.171.149.82 - - [22/Mar/2021:11:04:47 -0300] "GET /cormun/servlet/hhome HTTP/1.1" 200 4280
190.171.149.82 - - [22/Mar/2021:11:04:53 -0300] "GET /cormun/servlet/trsolicitudot? HTTP/1.1" 200 7505
190.171.149.82 - - [22/Mar/2021:11:04:54 -0300] "GET /cormun/servlet/trsolicitudot? HTTP/1.1" 200 7503
190.171.149.82 - - [22/Mar/2021:11:05:08 -0300] "GET /cormun/static/menuarrow.gif HTTP/1.1" 404 1015
190.171.141.106 - - [22/Mar/2021:11:06:40 -0300] "GET /cormun/servlet/hlogin HTTP/1.1" 200 1726
190.171.141.106 - - [22/Mar/2021:11:06:40 -0300] "GET /cormun/servlet/hlogin HTTP/1.1" 200 1726
190.171.149.82 - - [22/Mar/2021:11:06:44 -0300] "GET /cormun/servlet/solicitudot?INS,0,0,false, HTTP/1.1" 200 15805
190.171.141.106 - - [22/Mar/2021:11:06:45 -0300] "POST /cormun/servlet/hlogin?68fe3b0cf5da3e4f5c3227ecbd6fee59,gx-no-cache=1616421431401 HTTP/1.1" 200 90
190.171.141.106 - - [22/Mar/2021:11:06:45 -0300] "GET /cormun/servlet/hpexe_link HTTP/1.1" 200 952
190.171.149.82 - - [22/Mar/2021:11:06:45 -0300] "GET /cormun/servlet/solicitudot?INS,0,0,false, HTTP/1.1" 200 15812
190.171.141.106 - - [22/Mar/2021:11:06:45 -0300] "GET /cormun/servlet/hhome HTTP/1.1" 200 4260
190.171.141.106 - - [22/Mar/2021:11:06:46 -0300] "GET /cormun/servlet/hhome HTTP/1.1" 200 4257
190.171.141.106 - - [22/Mar/2021:11:06:52 -0300] "GET /cormun/servlet/trlicencias? HTTP/1.1" 200 10227
190.171.141.106 - - [22/Mar/2021:11:06:54 -0300] "GET /cormun/servlet/trlicencias? HTTP/1.1" 200 10223
190.171.149.82 - - [22/Mar/2021:11:06:57 -0300] "GET /cormun/servlet/trsolicitudot? HTTP/1.1" 200 7505
190.171.149.82 - - [22/Mar/2021:11:06:57 -0300] "GET /cormun/servlet/trsolicitudot? HTTP/1.1" 200 7503
190.171.141.106 - - [22/Mar/2021:11:07:19 -0300] "GET /cormun/servlet/alicenciaprn?15106120,L,20210322000000,PU HTTP/1.1" 200 1545
78.108.177.51 - - [22/Mar/2021:11:11:58 -0300] "GET / HTTP/1.0" 200 11197
190.171.142.42 - - [22/Mar/2021:11:23:47 -0300] "GET /cormun/servlet/hlogin HTTP/1.1" 200 1724
190.171.142.42 - - [22/Mar/2021:11:23:48 -0300] "GET /cormun/servlet/hlogin HTTP/1.1" 200 1734
186.103.157.39 - - [22/Mar/2021:11:24:34 -0300] "GET /cormun/servlet/hlogin HTTP/1.1" 200 1724
186.103.157.39 - - [22/Mar/2021:11:24:34 -0300] "GET /cormun/static/gxtimezone.js?85251 HTTP/1.1" 200 5781
186.103.157.39 - - [22/Mar/2021:11:24:34 -0300] "GET /cormun/static/gxcfg.js?201910216285969 HTTP/1.1" 200 953
186.103.157.39 - - [22/Mar/2021:11:24:34 -0300] "GET /cormun/static/Resources/Spanish/PXTools.css?2294816 HTTP/1.1" 200 100853
186.103.157.39 - - [22/Mar/2021:11:24:34 -0300] "GET /cormun/static/gxgral.js?85251 HTTP/1.1" 200 384558
186.103.157.39 - - [22/Mar/2021:11:24:34 -0300] "GET /cormun/static/messages.spa.js?85251 HTTP/1.1" 200 30736
