190.171.142.10 - - [19/Mar/2021:10:57:25 -0300] "POST /cormun/servlet/solicitudot?gx-no-cache=1616161660482 HTTP/1.1" 200 240
190.171.142.10 - - [19/Mar/2021:10:57:26 -0300] "GET /cormun/servlet/solicitudot?cc544c3129888749a835213e17e301c85b5778f80ea95a743130d6d04beb9893f1131126324d4671a4e9a11dde327f451f239884bba843264ea066cc10aeb91a709d81b1896c085f906f720cfbe6517c95528b9b5e8ef008c7d9114e036b63c875128f2f3c05dcb60a7f2b4e528c7319f34cd9ac0be0982dc9a6447bb578d62f306af4cc713400c37e8809d13a8fa45c26495147bd43a6357bdfa25ffe4c8b3703d577a3d1efe7cd234994463c496ad057a7e7c32f1501667f56e824420cfbc973a96b19d52a7f382ddfa455f5a1e8e94a849b16471344037793c40141083d0cc351032e35c08fe848845fc6ca06a075a886a8c0bb674bf0224db4f9a9b19fcd60788c586837161e0d7fd03768c87536f5f6cf3cc0a4658114f56ddc0e452855c0fe3a60a15cb5147deafd7f7097c7f0cd0df842993497929b111529d862e0a5bb8a4b9bdeb4cd70179f7d1d729ded6078a05291cb3b8116f01ef021d675275f12336b534eaf339d5b0b9b61cb572f6e0a40941246f318cfa11a0be8b471a56b,gx-no-cache=1616161660605 HTTP/1.1" 200 30
201.219.233.52 - - [19/Mar/2021:10:57:26 -0300] "POST /cormun/servlet/solicitudot?c35d26cd8ac4a034411a019d69ecdb57,INS,0,0,false,,gx-no-cache=1616161667006 HTTP/1.1" 200 93
201.219.233.52 - - [19/Mar/2021:10:57:27 -0300] "GET /cormun/servlet/hpexe_return? HTTP/1.1" 200 1006
201.219.233.52 - - [19/Mar/2021:10:57:27 -0300] "GET /cormun/static/gxcfg.js?201991422392976 HTTP/1.1" 200 953
201.219.233.52 - - [19/Mar/2021:10:57:27 -0300] "GET /cormun/static/hpexe_return.js?201991422392984 HTTP/1.1" 200 1633
201.219.233.52 - - [19/Mar/2021:10:57:28 -0300] "GET /cormun/servlet/trsolicitudot HTTP/1.1" 200 8941
201.219.233.52 - - [19/Mar/2021:10:57:28 -0300] "GET /cormun//static/Resources/PXToolsActionView.png HTTP/1.1" 200 398
201.219.233.52 - - [19/Mar/2021:10:57:28 -0300] "GET /cormun/servlet/trsolicitudot HTTP/1.1" 200 8937
201.219.233.52 - - [19/Mar/2021:10:57:28 -0300] "GET /cormun//static/Resources/PXToolsGridUpdate.png HTTP/1.1" 200 470
201.219.233.52 - - [19/Mar/2021:10:57:28 -0300] "GET /cormun//static/Resources/PXToolsGridDelete.png HTTP/1.1" 200 538
201.219.233.52 - - [19/Mar/2021:10:57:28 -0300] "GET /cormun//static/Resources/PXToolsRemoveAllAction.png HTTP/1.1" 200 487
201.219.233.52 - - [19/Mar/2021:10:57:28 -0300] "GET /cormun//static/Resources/PXTools/ActionInsert.png HTTP/1.1" 200 1482
190.171.142.10 - - [19/Mar/2021:10:57:29 -0300] "POST /cormun/servlet/solicitudot?gx-no-cache=1616161663744 HTTP/1.1" 200 30
200.54.247.70 - - [19/Mar/2021:10:57:34 -0300] "GET /cormun/servlet/solicitudot?INS,0,0,false, HTTP/1.1" 200 15503
201.219.233.52 - - [19/Mar/2021:10:57:34 -0300] "POST /cormun/servlet/trsolicitudot?c35d26cd8ac4a034411a019d69ecdb57,gx-no-cache=1616161675467 HTTP/1.1" 200 107
200.54.247.70 - - [19/Mar/2021:10:57:34 -0300] "GET /cormun/servlet/solicitudot?INS,0,0,false, HTTP/1.1" 200 15489
201.219.233.52 - - [19/Mar/2021:10:57:34 -0300] "GET /cormun/servlet/trsolicitudadjuntos?2021,16799, HTTP/1.1" 200 6422
201.219.233.52 - - [19/Mar/2021:10:57:35 -0300] "GET /cormun/static/gxcfg.js?20201215574222 HTTP/1.1" 200 953
201.219.233.52 - - [19/Mar/2021:10:57:35 -0300] "GET /cormun/static/trsolicitudadjuntos.js?20201215574932 HTTP/1.1" 200 17922
201.219.233.52 - - [19/Mar/2021:10:57:35 -0300] "GET /cormun/static/Resources/PXToolsGridNew.png HTTP/1.1" 200 427
201.219.233.52 - - [19/Mar/2021:10:57:35 -0300] "GET /cormun/servlet/trsolicitudadjuntos?2021,16799, HTTP/1.1" 200 6422
186.67.172.234 - - [19/Mar/2021:10:57:36 -0300] "GET /cormun/servlet/trsolicitudot? HTTP/1.1" 200 7586
186.67.172.234 - - [19/Mar/2021:10:57:36 -0300] "GET /cormun/servlet/trsolicitudot? HTTP/1.1" 200 7585
201.219.233.52 - - [19/Mar/2021:10:57:39 -0300] "GET /cormun/servlet/solicitudotadjuntos?INS,2021,16799,,1, HTTP/1.1" 200 6366
201.219.233.52 - - [19/Mar/2021:10:57:39 -0300] "GET /cormun/static/gxcfg.js?202012157947 HTTP/1.1" 200 953
201.219.233.52 - - [19/Mar/2021:10:57:39 -0300] "GET /cormun/static/solicitudotadjuntos.js?202012157966 HTTP/1.1" 200 11771
201.219.233.52 - - [19/Mar/2021:10:57:40 -0300] "GET /cormun/static/about:blank HTTP/1.1" 404 1011
201.219.233.52 - - [19/Mar/2021:10:57:40 -0300] "GET /cormun/servlet/solicitudotadjuntos?INS,2021,16799,,1, HTTP/1.1" 200 6359
201.219.233.52 - - [19/Mar/2021:10:57:40 -0300] "GET /cormun/servlet/solicitudotadjuntos?a1735b045d63fc867e74a52252e81c55c09673f48acf012a3ca033a009642f5c56f171dbc2089463bf482fbb8187a479,gx-no-cache=1616161681883 HTTP/1.1" 200 30
186.67.172.234 - - [19/Mar/2021:10:57:41 -0300] "GET /cormun/servlet/solicitudot?INS,0,0,false, HTTP/1.1" 200 15876
201.219.233.52 - - [19/Mar/2021:10:57:41 -0300] "POST /cormun/servlet/solicitudotadjuntos?c35d26cd8ac4a034411a019d69ecdb57,INS,2021,16799,,1,,gx-no-cache=1616161682036 HTTP/1.1" 200 4182
186.67.172.234 - - [19/Mar/2021:10:57:41 -0300] "GET /cormun/servlet/solicitudot?INS,0,0,false, HTTP/1.1" 200 15883
190.171.143.82 - - [19/Mar/2021:10:57:45 -0300] "POST /cormun/servlet/solicitudot?gx-no-cache=1616161680872 HTTP/1.1" 200 3692
190.171.143.82 - - [19/Mar/2021:10:57:45 -0300] "POST /cormun/servlet/solicitudot?e588257d24be67e28a436f349d53b108,INS,0,0,false,,gx-no-cache=1616161681038 HTTP/1.1" 200 12410
201.219.233.52 - - [19/Mar/2021:10:57:46 -0300] "POST /cormun/servlet/solicitudotadjuntos?gx-no-cache=1616161686670 HTTP/1.1" 200 26
190.171.143.82 - - [19/Mar/2021:10:57:50 -0300] "GET /cormun/servlet/prfichaempleado?,MD,,gxPopupLevel%3D0%3B HTTP/1.1" 200 9388
190.171.143.82 - - [19/Mar/2021:10:57:50 -0300] "GET /cormun/static/gxcfg.js?20201215571085 HTTP/1.1" 200 953
190.171.143.82 - - [19/Mar/2021:10:57:50 -0300] "GET /cormun/static/prfichaempleado.js?20201215572193 HTTP/1.1" 200 16006
200.54.247.70 - - [19/Mar/2021:10:57:51 -0300] "POST /cormun/servlet/solicitudot?gx-no-cache=1616161687175 HTTP/1.1" 200 3769
200.54.247.70 - - [19/Mar/2021:10:57:51 -0300] "POST /cormun/servlet/solicitudot?7638dca8f484116d4463f6b75a24a483,INS,0,0,false,,gx-no-cache=1616161687356 HTTP/1.1" 200 12237
200.54.247.70 - - [19/Mar/2021:10:57:51 -0300] "GET /cormun/servlet/solicitudot?f10d0af59446e84cf0c914fbdecb1821b621cd8995b0a380c7cdcda4bbc9ad02ad396443fbb3f62406ae11f096db517d,gx-no-cache=1616161687572 HTTP/1.1" 200 30
186.67.172.234 - - [19/Mar/2021:10:57:52 -0300] "POST /cormun/servlet/solicitudot?gx-no-cache=1616161708982 HTTP/1.1" 200 3815
186.67.172.234 - - [19/Mar/2021:10:57:52 -0300] "POST /cormun/servlet/solicitudot?080a44e49dfb97b2f9c2cb1f33ab8714,INS,0,0,false,,gx-no-cache=1616161709130 HTTP/1.1" 200 12503
190.171.142.10 - - [19/Mar/2021:10:57:58 -0300] "GET /cormun/servlet/prcontratosol?17136850,,,,,MD,,gxPopupLevel%3D0%3B HTTP/1.1" 200 8672
190.171.142.10 - - [19/Mar/2021:10:57:58 -0300] "GET /cormun/static/Resources/Spanish/PXTools.css?19172979 HTTP/1.1" 200 100853
190.171.142.10 - - [19/Mar/2021:10:57:58 -0300] "GET /cormun/static/gxcfg.js?2019914201458 HTTP/1.1" 200 953
190.171.142.10 - - [19/Mar/2021:10:57:58 -0300] "GET /cormun/static/prcontratosol.js?20199142014772 HTTP/1.1" 200 15806
190.171.143.82 - - [19/Mar/2021:10:57:58 -0300] "POST /cormun/servlet/prfichaempleado?e588257d24be67e28a436f349d53b108,,MD,,gxPopupLevel%3D0%3B,gx-no-cache=1616161694430 HTTP/1.1" 200 4045
186.67.172.234 - - [19/Mar/2021:10:58:01 -0300] "GET /cormun/servlet/solicitudot?bd09008b62ce9c0a4ef89f306259d50e7c1e6e19d97d71ac9cfc1d9793ee6b127a496b988888508532c84111556d4f02,gx-no-cache=1616161718065 HTTP/1.1" 200 30
186.67.172.234 - - [19/Mar/2021:10:58:01 -0300] "GET /cormun/servlet/solicitudot?bd09008b62ce9c0a4ef89f306259d50e93c204e500d340a2090a684f52b4516352879149cc5bd8e6343b54ac12c07739ff3e83a03c7c8141857941f852c89a85,gx-no-cache=1616161718102 HTTP/1.1" 200 30
186.67.172.234 - - [19/Mar/2021:10:58:01 -0300] "GET /cormun/servlet/solicitudot?bd09008b62ce9c0a4ef89f306259d50e899e5be0bf0fd53886a5e8615db359ac,gx-no-cache=1616161718127 HTTP/1.1" 200 53
186.67.172.234 - - [19/Mar/2021:10:58:01 -0300] "POST /cormun/servlet/solicitudot?gx-no-cache=1616161718151 HTTP/1.1" 200 240
186.67.172.234 - - [19/Mar/2021:10:58:01 -0300] "GET /cormun/servlet/solicitudot?bd09008b62ce9c0a4ef89f306259d50ed56d686588744b4da9535c63a16050595fc1dd56130f1af7bdc1eec61881156a5e54adf0fa6c733182aa9a8cecb84cc9112b62418da36c579e1f7899544c9f3596b52741b7a95cd6e4c4d027cee12be52e2865d2da19991068eae95cefd299f2606e0cf1d889023807a967b2f30639085977ddad091e25e75a9bb759e78b2bacbeca0f33255391df98221083ae702cb31ebedb71ba1d1b848e11fe64dc0904b133e2ecd798bebf8e4ac79518e3916d728893f5a6208a6c5682dbf9f8dab50d5b3211d13cd393b29afb0b10dd0f49a4b9951ae3624b013fc749f72027b3e5f7e6eb30bcbe75cf1d73eb2b87ad3e4f8bf0975203a5a83dfb2c1f0b454285088e0e85ba0ab66d12aa8b32473d57fdfead4455a9e279dfa4468fa1734f4cc2a4502386f3be8109db541bc8dc3ec0bce3f9c5dd0b6bde55350f1a1cbcc7de56d35890d4d5c5026fc7e5b00e92bc71c83bd4b4a2bb192e63e4608faa4bee8ddae5cd19db082549778c46ffc255a2fd5f1eb3a3,gx-no-cache=1616161718185 HTTP/1.1" 200 30
186.67.172.234 - - [19/Mar/2021:10:58:01 -0300] "POST /cormun/servlet/solicitudot?gx-no-cache=1616161718208 HTTP/1.1" 200 30
186.67.172.234 - - [19/Mar/2021:10:58:01 -0300] "POST /cormun/servlet/solicitudot?gx-no-cache=1616161718237 HTTP/1.1" 200 1440
186.67.172.234 - - [19/Mar/2021:10:58:01 -0300] "POST /cormun/servlet/solicitudot?gx-no-cache=1616161718273 HTTP/1.1" 200 38
186.67.172.234 - - [19/Mar/2021:10:58:01 -0300] "GET /cormun/servlet/solicitudot?bd09008b62ce9c0a4ef89f306259d50e76d940dccfd5db076ace690f57d5bbac97225debdf5524a15e5320f1029a0b91b60afb78190776b0294daf7e0b7f494469390509c289972a3ca7d6e63a219fe241898549895421d45067c0268739affa3d06a9b70ee72511773d17e618c4c85e,gx-no-cache=1616161718295 HTTP/1.1" 200 110
190.171.143.82 - - [19/Mar/2021:10:58:09 -0300] "POST /cormun/servlet/prfichaempleado?e588257d24be67e28a436f349d53b108,,MD,,gxPopupLevel%3D0%3B,gx-no-cache=1616161705243 HTTP/1.1" 200 3171
190.171.142.10 - - [19/Mar/2021:10:58:11 -0300] "POST /cormun/servlet/solicitudot?gx-no-cache=1616161705827 HTTP/1.1" 200 1522
190.171.142.10 - - [19/Mar/2021:10:58:11 -0300] "GET /cormun/static/Shared/jqueryui/images/ui-bg_highlight-soft_100_c6c2c8_1x100.png HTTP/1.1" 404 1117
190.171.142.10 - - [19/Mar/2021:10:58:11 -0300] "GET /cormun/static/Shared/jqueryui/images/ui-icons_82798d_256x240.png HTTP/1.1" 404 1089
190.171.142.10 - - [19/Mar/2021:10:58:11 -0300] "GET /cormun/static/Shared/jqueryui/images/ui-bg_flat_55_994d53_40x100.png HTTP/1.1" 404 1097
200.54.247.70 - - [19/Mar/2021:10:58:11 -0300] "GET /cormun/servlet/solicitudot?f10d0af59446e84cf0c914fbdecb18214ee0762e40cba7466e89a3e12a549c3fb7403eb986e89961a2d7f71f963214b4ad396443fbb3f62406ae11f096db517d,gx-no-cache=1616161707207 HTTP/1.1" 200 30
190.171.142.10 - - [19/Mar/2021:10:58:11 -0300] "GET /cormun/static/Shared/jqueryui/images/ui-icons_ebccce_256x240.png HTTP/1.1" 404 1089
200.54.247.70 - - [19/Mar/2021:10:58:11 -0300] "GET /cormun/servlet/solicitudot?f10d0af59446e84cf0c914fbdecb18211070273389b107a7f75bae3342ab9dbd,gx-no-cache=1616161707245 HTTP/1.1" 200 60
190.171.142.10 - - [19/Mar/2021:10:58:11 -0300] "POST /cormun/servlet/solicitudot?gx-no-cache=1616161705977 HTTP/1.1" 200 117
200.54.247.70 - - [19/Mar/2021:10:58:11 -0300] "POST /cormun/servlet/solicitudot?gx-no-cache=1616161707273 HTTP/1.1" 200 255
200.54.247.70 - - [19/Mar/2021:10:58:11 -0300] "GET /cormun/servlet/solicitudot?f10d0af59446e84cf0c914fbdecb18212b501436170e300ab8bd81386f2c2bea9dff2aa602704c11197b846c2061e0a95a059ebc85d9b2c34222a580061450e8a4e8f901a2db9b09beeabef4a9da5a8f1fc33cf240b89a1d3e38c48abfa09a98d40ab25b1ce5b268d9d98196158a01252bbb146b20bf3db1f19402339becadb7f7724530056680028a8623f9d2eb231717fcd91c0a2a84fdc3246fe61b172cdfa7a796b76f22095fb10d04da5c3ffccb76b412461f070e711b1a88d26454b52136b83d2730924e9986057dfe772fbe619e82f65813a02d000437768ffffdef24e221538d51221bf702a024bbf89e5afcba26a64fdc4291d0eb095b916c7ad106f904c5351245b1e2d6ea858dcdd05800f256dc27bef4c3ee8658d5f545924b487d9cd83983489f11d29f47d078ebda5f6998760fcf419b4a6b5c603d64523924d0a7d3195af5166bf41675f884d242e5164c4d864163dc3f143a94cf1f947e639e244ad4af9421506dbfe28124a14a23775a5436ee4ec4da13e04d7809333895,gx-no-cache=1616161707311 HTTP/1.1" 200 30
190.171.142.10 - - [19/Mar/2021:10:58:11 -0300] "GET /cormun/servlet/solicitudot?cc544c3129888749a835213e17e301c885a69f5668396d082e38f9729b24c7b07cb38aaf3458e226b24a3b5601a6b94ce75b9a189ae3434f0f6a2694479ae94665663c9ffbd0bed62c75dacf492db6d19a9415392176a718c830d19f4d305a58cbe601ddb70b037f46e567b3dc89b647,gx-no-cache=1616161706039 HTTP/1.1" 200 110
190.171.142.10 - - [19/Mar/2021:10:58:11 -0300] "POST /cormun/servlet/solicitudot?gx-no-cache=1616161706096 HTTP/1.1" 200 64
190.171.142.10 - - [19/Mar/2021:10:58:11 -0300] "GET /cormun/servlet/solicitudot?cc544c3129888749a835213e17e301c815ae6e449577769126462140b77ef38555aa8eafa2b5e56d716835ef7cdcea366a8a64e694affca1c208399fdac0f9e4e3f8a2555ac5aee81d953367b30c72bcb449a6e33f8e351ed7f643be9c5831a44fe538923fd31aa562777f5b4abb7ba75b6cc4680feb55e0753b68f0c5e246092b1c20b12f44d3e6bb569d72e6f6fa717be9769a7146e5a12e132d32cefba6ef,gx-no-cache=1616161706158 HTTP/1.1" 200 29
190.171.142.10 - - [19/Mar/2021:10:58:11 -0300] "GET /cormun/servlet/solicitudot?cc544c3129888749a835213e17e301c8c164a7941a123543fa0c16a5cf4a5fbc,gx-no-cache=1616161706199 HTTP/1.1" 200 30
200.54.247.70 - - [19/Mar/2021:10:58:15 -0300] "POST /cormun/servlet/solicitudot?gx-no-cache=1616161711476 HTTP/1.1" 200 30
190.171.143.82 - - [19/Mar/2021:10:58:16 -0300] "GET /cormun/servlet/solicitudot?a613605209e9d23df896aaae15584e67606746eca5ba22d79ed8f3a50985ab9019cbc5e6b6ace81a1703d53ebf78ff44,gx-no-cache=1616161712083 HTTP/1.1" 200 30
186.67.172.234 - - [19/Mar/2021:10:58:17 -0300] "POST /cormun/servlet/solicitudot?gx-no-cache=1616161734464 HTTP/1.1" 200 30
200.54.247.70 - - [19/Mar/2021:10:58:20 -0300] "GET /cormun/servlet/prcontratosol?18302712,,,,,MD,,gxPopupLevel%3D0%3B HTTP/1.1" 200 8222
186.67.172.234 - - [19/Mar/2021:10:58:30 -0300] "GET /cormun/servlet/prlicenciaspermisos?9335247,L,,MD,,gxPopupLevel%3D0%3B HTTP/1.1" 200 7831
190.171.149.74 - - [19/Mar/2021:10:58:32 -0300] "GET /cormun/servlet/trsolicitudot? HTTP/1.1" 200 7205
190.171.149.74 - - [19/Mar/2021:10:58:32 -0300] "GET /cormun/servlet/trsolicitudot? HTTP/1.1" 200 7205
186.67.172.234 - - [19/Mar/2021:10:58:34 -0300] "POST /cormun/servlet/solicitudot?gx-no-cache=1616161751162 HTTP/1.1" 200 1442
190.171.149.74 - - [19/Mar/2021:10:58:35 -0300] "GET /cormun/servlet/solicitudot?INS,0,0,false, HTTP/1.1" 200 15511
190.171.149.74 - - [19/Mar/2021:10:58:36 -0300] "GET /cormun/servlet/solicitudot?INS,0,0,false, HTTP/1.1" 200 15518
190.171.143.90 - - [19/Mar/2021:10:58:37 -0300] "GET /cormun/servlet/hlogin HTTP/1.1" 200 1723
186.67.172.234 - - [19/Mar/2021:10:58:39 -0300] "POST /cormun/servlet/solicitudot?gx-no-cache=1616161756279 HTTP/1.1" 200 39
190.171.142.10 - - [19/Mar/2021:10:58:42 -0300] "POST /cormun/servlet/solicitudot?gx-no-cache=1616161736866 HTTP/1.1" 200 1440
190.171.142.10 - - [19/Mar/2021:10:58:42 -0300] "GET /cormun/static/menuarrow.gif HTTP/1.1" 404 1015
186.67.172.234 - - [19/Mar/2021:10:58:43 -0300] "GET /cormun/servlet/solicitudot?bd09008b62ce9c0a4ef89f306259d50e76d940dccfd5db076ace690f57d5bbac97225debdf5524a15e5320f1029a0b91b60afb78190776b0294daf7e0b7f494469390509c289972a3ca7d6e63a219fe241898549895421d45067c0268739affa3d06a9b70ee72511773d17e618c4c85e,gx-no-cache=1616161760272 HTTP/1.1" 200 110
186.67.172.234 - - [19/Mar/2021:10:58:43 -0300] "POST /cormun/servlet/solicitudot?gx-no-cache=1616161760298 HTTP/1.1" 200 79
190.171.142.10 - - [19/Mar/2021:10:58:47 -0300] "POST /cormun/servlet/solicitudot?gx-no-cache=1616161742025 HTTP/1.1" 200 40
190.171.142.10 - - [19/Mar/2021:10:58:47 -0300] "GET /cormun/servlet/solicitudot?cc544c3129888749a835213e17e301c885a69f5668396d082e38f9729b24c7b07cb38aaf3458e226b24a3b5601a6b94ce75b9a189ae3434f0f6a2694479ae94665663c9ffbd0bed62c75dacf492db6d19a9415392176a718c830d19f4d305a58cbe601ddb70b037f46e567b3dc89b647,gx-no-cache=1616161742089 HTTP/1.1" 200 110
190.171.142.10 - - [19/Mar/2021:10:58:47 -0300] "POST /cormun/servlet/solicitudot?gx-no-cache=1616161742138 HTTP/1.1" 200 97
186.67.172.234 - - [19/Mar/2021:10:58:47 -0300] "GET /cormun/servlet/solicitudot?bd09008b62ce9c0a4ef89f306259d50eb3a08c0d4b12775ea87794eacd4766c0963af835f6149327386c33a7406ca85a0a67bd268f0f8e78ff8a455520d52ec22bb2196f8ae93bd7e7f7761b9e0718a602f8391dc321acca649570384be2b85bd7fbb6eaed151bb45f50db1944586530,gx-no-cache=1616161764384 HTTP/1.1" 200 29
200.54.247.70 - - [19/Mar/2021:10:58:47 -0300] "POST /cormun/servlet/solicitudot?gx-no-cache=1616161743857 HTTP/1.1" 200 1440
200.54.247.70 - - [19/Mar/2021:10:58:48 -0300] "POST /cormun/servlet/solicitudot?gx-no-cache=1616161743931 HTTP/1.1" 200 38
200.54.247.70 - - [19/Mar/2021:10:58:48 -0300] "GET /cormun/servlet/solicitudot?f10d0af59446e84cf0c914fbdecb182126d2a005296348ca1c410d7b02c7e7f2a33d219ad0ecf594b01b8d83b6827e21184eb7591f2ddabc47ade7427c297aac209fc6e67d532a148dc58ef42a759cd4294daab1f989d2fa341e9bc8534ccbe8d8e7685717fa196efd378f25756e2da0,gx-no-cache=1616161743973 HTTP/1.1" 200 110
200.54.247.70 - - [19/Mar/2021:10:58:48 -0300] "POST /cormun/servlet/solicitudot?gx-no-cache=1616161744054 HTTP/1.1" 200 97
200.54.247.70 - - [19/Mar/2021:10:58:48 -0300] "GET /cormun/servlet/solicitudot?f10d0af59446e84cf0c914fbdecb1821b629726b19a9b5ad1662a3798a390404bb75bfe1af7d272dbf2cacb102ffd053dbf20825758d11869d04eb76734680e504de5d06ba5a2b2b754e01541d8bf7b83e91c4db74e9294b3a40f62cbad45c83d2f66b7077766648a455d6727b4fa8ed282d1ca6dc7611cb5b5b6e67ef805ca50349462dfce80dcb1a6208420e8c334aa1dfaf9714bea4382cc2635ea58adc47,gx-no-cache=1616161744086 HTTP/1.1" 200 29
200.54.247.70 - - [19/Mar/2021:10:58:48 -0300] "GET /cormun/servlet/solicitudot?f10d0af59446e84cf0c914fbdecb18219424b3ccbf786f860c156261b1058450,gx-no-cache=1616161744109 HTTP/1.1" 200 30
186.67.172.234 - - [19/Mar/2021:10:58:48 -0300] "GET /cormun/static/menuarrow.gif HTTP/1.1" 404 1015
186.67.172.234 - - [19/Mar/2021:10:58:52 -0300] "GET /cormun/servlet/solicitudot?bd09008b62ce9c0a4ef89f306259d50ef21c1c16825acba8bf4dcb76e3133c166bcbe3fc71e258f72b1bdb0891976a7d,gx-no-cache=1616161768768 HTTP/1.1" 200 30
186.67.172.234 - - [19/Mar/2021:10:58:52 -0300] "POST /cormun/servlet/solicitudot?gx-no-cache=1616161768794 HTTP/1.1" 200 34
200.54.247.70 - - [19/Mar/2021:10:58:52 -0300] "POST /cormun/servlet/solicitudot?7638dca8f484116d4463f6b75a24a483,INS,0,0,false,,gx-no-cache=1616161747984 HTTP/1.1" 200 93
200.54.247.70 - - [19/Mar/2021:10:58:52 -0300] "GET /cormun/servlet/hpexe_return? HTTP/1.1" 200 1023
200.54.247.70 - - [19/Mar/2021:10:58:52 -0300] "GET /cormun/servlet/trsolicitudot?gx-no-cache=1616159640779 HTTP/1.1" 200 7174
200.54.247.70 - - [19/Mar/2021:10:58:52 -0300] "GET /cormun/servlet/trsolicitudot?gx-no-cache=1616159640779 HTTP/1.1" 200 7190
190.171.143.90 - - [19/Mar/2021:10:58:53 -0300] "POST /cormun/servlet/hlogin?f9b0796a4cb460cda11fdc5786507415,gx-no-cache=1616161747879 HTTP/1.1" 200 427
200.54.247.70 - - [19/Mar/2021:10:58:58 -0300] "GET /cormun/servlet/solicitudot?INS,0,0,false, HTTP/1.1" 200 15503
200.54.247.70 - - [19/Mar/2021:10:58:58 -0300] "GET /cormun/servlet/solicitudot?INS,0,0,false, HTTP/1.1" 200 15489
190.171.142.10 - - [19/Mar/2021:10:59:01 -0300] "GET /cormun/servlet/solicitudot?cc544c3129888749a835213e17e301c84ba2fceaf6f72ff1c82c429458c1460243c153b90e16dca5d264800cce67ec22,gx-no-cache=1616161756092 HTTP/1.1" 200 30
190.171.142.10 - - [19/Mar/2021:10:59:01 -0300] "POST /cormun/servlet/solicitudot?gx-no-cache=1616161756143 HTTP/1.1" 200 135
190.171.143.90 - - [19/Mar/2021:10:59:01 -0300] "POST /cormun/servlet/hlogin?f9b0796a4cb460cda11fdc5786507415,gx-no-cache=1616161756614 HTTP/1.1" 200 90
190.171.143.90 - - [19/Mar/2021:10:59:01 -0300] "GET /cormun/servlet/hpexe_link HTTP/1.1" 200 950
190.171.143.90 - - [19/Mar/2021:10:59:02 -0300] "GET /cormun/servlet/hhome HTTP/1.1" 200 4296
190.171.143.90 - - [19/Mar/2021:10:59:02 -0300] "GET /cormun/servlet/hhome HTTP/1.1" 200 4292
200.54.246.54 - - [19/Mar/2021:10:59:03 -0300] "POST /cormun/servlet/solicitudot?080a44e49dfb97b2f9c2cb1f33ab8714,INS,0,0,false,,gx-no-cache=1616161780412 HTTP/1.1" 200 93
200.54.246.54 - - [19/Mar/2021:10:59:04 -0300] "GET /cormun/servlet/hpexe_return? HTTP/1.1" 200 1007
200.54.246.54 - - [19/Mar/2021:10:59:04 -0300] "GET /cormun/servlet/trsolicitudot HTTP/1.1" 200 9007
200.54.246.54 - - [19/Mar/2021:10:59:04 -0300] "GET /cormun/servlet/trsolicitudot HTTP/1.1" 200 9003
190.171.143.90 - - [19/Mar/2021:10:59:10 -0300] "GET /cormun/servlet/trlicencias? HTTP/1.1" 200 9769
190.171.143.90 - - [19/Mar/2021:10:59:10 -0300] "GET /cormun/servlet/trlicencias? HTTP/1.1" 200 9766
186.67.172.234 - - [19/Mar/2021:10:59:12 -0300] "POST /cormun/servlet/trsolicitudot?080a44e49dfb97b2f9c2cb1f33ab8714,gx-no-cache=1616161788738 HTTP/1.1" 200 4866
186.67.172.234 - - [19/Mar/2021:10:59:12 -0300] "GET /cormun/static/Shared/jqueryui/images/ui-icons_82798d_256x240.png HTTP/1.1" 404 1089
186.67.172.234 - - [19/Mar/2021:10:59:12 -0300] "GET /cormun/static/Shared/jqueryui/images/ui-bg_flat_55_fafafa_40x100.png HTTP/1.1" 404 1097
186.67.172.234 - - [19/Mar/2021:10:59:12 -0300] "GET /cormun/static/Shared/jqueryui/images/ui-bg_highlight-soft_100_c6c2c8_1x100.png HTTP/1.1" 404 1117
186.67.172.234 - - [19/Mar/2021:10:59:12 -0300] "GET /cormun/static/Shared/jqueryui/images/ui-icons_8d78a5_256x240.png HTTP/1.1" 404 1089
186.67.172.234 - - [19/Mar/2021:10:59:12 -0300] "POST /cormun/servlet/trsolicitudot?080a44e49dfb97b2f9c2cb1f33ab8714,gx-no-cache=1616161788919 HTTP/1.1" 200 4610
201.219.233.52 - - [19/Mar/2021:10:59:12 -0300] "POST /cormun/servlet/solicitudotadjuntos?gx-no-cache=1616161771535 HTTP/1.1" 200 26
200.54.247.70 - - [19/Mar/2021:10:59:13 -0300] "POST /cormun/servlet/solicitudot?gx-no-cache=1616161769444 HTTP/1.1" 200 3691
200.54.247.70 - - [19/Mar/2021:10:59:14 -0300] "POST /cormun/servlet/solicitudot?7638dca8f484116d4463f6b75a24a483,INS,0,0,false,,gx-no-cache=1616161769830 HTTP/1.1" 200 12147
200.54.247.70 - - [19/Mar/2021:10:59:14 -0300] "GET /cormun/servlet/solicitudot?f10d0af59446e84cf0c914fbdecb1821576cd08d2e915743621e603cea809ac713bad804877457cc7dfdbe394e0f322e,gx-no-cache=1616161770006 HTTP/1.1" 200 111
200.54.247.70 - - [19/Mar/2021:10:59:14 -0300] "GET /cormun/static/Shared/jqueryui/images/ui-bg_highlight-soft_100_c6c2c8_1x100.png HTTP/1.1" 404 1117
200.54.247.70 - - [19/Mar/2021:10:59:14 -0300] "GET /cormun/static/Shared/jqueryui/images/ui-icons_82798d_256x240.png HTTP/1.1" 404 1089
200.54.247.70 - - [19/Mar/2021:10:59:14 -0300] "GET /cormun/static/Shared/jqueryui/images/ui-bg_flat_55_994d53_40x100.png HTTP/1.1" 404 1097
200.54.247.70 - - [19/Mar/2021:10:59:14 -0300] "GET /cormun/static/Shared/jqueryui/images/ui-icons_ebccce_256x240.png HTTP/1.1" 404 1089
186.67.172.234 - - [19/Mar/2021:10:59:14 -0300] "GET /cormun/servlet/trautorizarsolicitud? HTTP/1.1" 200 8894
186.67.172.234 - - [19/Mar/2021:10:59:14 -0300] "GET /cormun/static/gxcfg.js?201991422414522 HTTP/1.1" 200 953
186.67.172.234 - - [19/Mar/2021:10:59:14 -0300] "GET /cormun/static/trautorizarsolicitud.js?201991422415463 HTTP/1.1" 200 53910
186.67.172.234 - - [19/Mar/2021:10:59:15 -0300] "GET /cormun/servlet/trautorizarsolicitud? HTTP/1.1" 200 8894
186.67.172.234 - - [19/Mar/2021:10:59:19 -0300] "POST /cormun/servlet/trautorizarsolicitud?080a44e49dfb97b2f9c2cb1f33ab8714,,gx-no-cache=1616161795999 HTTP/1.1" 200 4791
186.67.172.234 - - [19/Mar/2021:10:59:19 -0300] "GET /cormun/static/Shared/jqueryui/images/ui-bg_highlight-soft_100_c6c2c8_1x100.png HTTP/1.1" 404 1117
186.67.172.234 - - [19/Mar/2021:10:59:19 -0300] "GET /cormun/static/Shared/jqueryui/images/ui-bg_flat_55_fafafa_40x100.png HTTP/1.1" 404 1097
186.67.172.234 - - [19/Mar/2021:10:59:19 -0300] "GET /cormun/static/Shared/jqueryui/images/ui-icons_8d78a5_256x240.png HTTP/1.1" 404 1089
186.67.172.234 - - [19/Mar/2021:10:59:19 -0300] "GET /cormun/static/Shared/jqueryui/images/ui-icons_82798d_256x240.png HTTP/1.1" 404 1089
186.67.172.234 - - [19/Mar/2021:10:59:19 -0300] "POST /cormun/servlet/trautorizarsolicitud?080a44e49dfb97b2f9c2cb1f33ab8714,,gx-no-cache=1616161796179 HTTP/1.1" 200 4535
190.171.143.82 - - [19/Mar/2021:10:59:37 -0300] "GET /cormun/servlet/prbanco?,MD,,gxPopupLevel%3D0%3B HTTP/1.1" 200 6644
190.171.143.82 - - [19/Mar/2021:10:59:40 -0300] "GET /cormun/servlet/solicitudot?a613605209e9d23df896aaae15584e677a525d9b86910bea255219c600b6ac6087a705ebc2d6561a6aedb46cec53a3965d785a303777d08d0878e252d3dc6020,gx-no-cache=1616161796107 HTTP/1.1" 200 103
190.171.143.82 - - [19/Mar/2021:10:59:40 -0300] "GET /cormun/static/Shared/jqueryui/images/ui-bg_highlight-soft_100_c6c2c8_1x100.png HTTP/1.1" 404 1117
190.171.143.82 - - [19/Mar/2021:10:59:40 -0300] "GET /cormun/static/Shared/jqueryui/images/ui-icons_82798d_256x240.png HTTP/1.1" 404 1089
190.171.143.82 - - [19/Mar/2021:10:59:40 -0300] "GET /cormun/static/Shared/jqueryui/images/ui-bg_flat_55_994d53_40x100.png HTTP/1.1" 404 1097
190.171.143.82 - - [19/Mar/2021:10:59:40 -0300] "GET /cormun/static/Shared/jqueryui/images/ui-icons_ebccce_256x240.png HTTP/1.1" 404 1089
201.219.233.52 - - [19/Mar/2021:10:59:41 -0300] "GET /cormun/servlet/solicitudotadjuntos?a1735b045d63fc867e74a52252e81c551a5f2f8e1aa40e1e2057ce09fb7edcf4,gx-no-cache=1616161802684 HTTP/1.1" 200 30
201.219.233.52 - - [19/Mar/2021:10:59:41 -0300] "GET /cormun/servlet/solicitudotadjuntos?a1735b045d63fc867e74a52252e81c551a5f2f8e1aa40e1e2057ce09fb7edcf4,gx-no-cache=1616161802947 HTTP/1.1" 200 30
190.171.143.82 - - [19/Mar/2021:10:59:42 -0300] "GET /cormun/servlet/solicitudot?a613605209e9d23df896aaae15584e674e536cee7e0a8a174ad26a1b48c8f6ef,gx-no-cache=1616161797719 HTTP/1.1" 200 53
201.219.233.52 - - [19/Mar/2021:10:59:45 -0300] "POST /cormun/servlet/solicitudotadjuntos?c35d26cd8ac4a034411a019d69ecdb57,INS,2021,16799,,1, HTTP/1.1" 200 116
201.219.233.52 - - [19/Mar/2021:10:59:45 -0300] "GET /cormun/servlet/hpexe_return? HTTP/1.1" 200 1024
201.219.233.52 - - [19/Mar/2021:10:59:46 -0300] "GET /cormun/servlet/trsolicitudadjuntos?2021,16799, HTTP/1.1" 200 9203
201.219.233.52 - - [19/Mar/2021:10:59:46 -0300] "GET /cormun/servlet/trsolicitudadjuntos?2021,16799, HTTP/1.1" 200 9201
201.219.233.52 - - [19/Mar/2021:10:59:50 -0300] "GET /cormun/PublicTempStorage/cert_afp_david_fuenmayor2082510.pdf HTTP/1.1" 200 114197
201.219.233.52 - - [19/Mar/2021:11:00:03 -0300] "GET /cormun/servlet/trcontratounov2? HTTP/1.1" 200 11687
201.219.233.52 - - [19/Mar/2021:11:00:04 -0300] "GET /cormun/servlet/trcontratounov2? HTTP/1.1" 200 11698
201.219.233.52 - - [19/Mar/2021:11:00:12 -0300] "GET /cormun/servlet/trsolicitudot? HTTP/1.1" 200 8938
201.219.233.52 - - [19/Mar/2021:11:00:13 -0300] "GET /cormun/servlet/trsolicitudot? HTTP/1.1" 200 8937
201.219.233.52 - - [19/Mar/2021:11:00:16 -0300] "POST /cormun/servlet/trsolicitudot?c35d26cd8ac4a034411a019d69ecdb57,,gx-no-cache=1616161836607 HTTP/1.1" 200 107
201.219.233.52 - - [19/Mar/2021:11:00:16 -0300] "GET /cormun/servlet/trsolicitudadjuntos?2021,16799, HTTP/1.1" 200 9199
201.219.233.52 - - [19/Mar/2021:11:00:17 -0300] "GET /cormun/servlet/trsolicitudadjuntos?2021,16799, HTTP/1.1" 200 9202
201.219.233.52 - - [19/Mar/2021:11:00:21 -0300] "GET /cormun/servlet/solicitudotadjuntos?INS,2021,16799,,1, HTTP/1.1" 200 6366
201.219.233.52 - - [19/Mar/2021:11:00:21 -0300] "GET /cormun/static/about:blank HTTP/1.1" 404 1011
201.219.233.52 - - [19/Mar/2021:11:00:21 -0300] "GET /cormun/servlet/solicitudotadjuntos?INS,2021,16799,,1, HTTP/1.1" 200 6359
201.219.233.52 - - [19/Mar/2021:11:00:22 -0300] "GET /cormun/servlet/solicitudotadjuntos?a1735b045d63fc867e74a52252e81c55c09673f48acf012a3ca033a009642f5c56f171dbc2089463bf482fbb8187a479,gx-no-cache=1616161843448 HTTP/1.1" 200 30
201.219.233.52 - - [19/Mar/2021:11:00:22 -0300] "POST /cormun/servlet/solicitudotadjuntos?c35d26cd8ac4a034411a019d69ecdb57,INS,2021,16799,,1,,gx-no-cache=1616161843568 HTTP/1.1" 200 4182
201.219.233.52 - - [19/Mar/2021:11:00:26 -0300] "POST /cormun/servlet/solicitudotadjuntos?gx-no-cache=1616161847690 HTTP/1.1" 200 26
190.171.143.82 - - [19/Mar/2021:11:00:37 -0300] "GET /cormun/servlet/solicitudot?a613605209e9d23df896aaae15584e67e5a48964b5942988a3ab5c629b23f12d4ef763fba52405c3dd2e18f66fe9d42617468cb0f55aa855f419b27837dff8fc,gx-no-cache=1616161852685 HTTP/1.1" 200 30
190.171.143.82 - - [19/Mar/2021:11:00:41 -0300] "POST /cormun/servlet/solicitudot?gx-no-cache=1616161856458 HTTP/1.1" 200 297
201.219.233.52 - - [19/Mar/2021:11:00:42 -0300] "GET /cormun/servlet/solicitudotadjuntos?a1735b045d63fc867e74a52252e81c551a5f2f8e1aa40e1e2057ce09fb7edcf4,gx-no-cache=1616161862067 HTTP/1.1" 200 30
190.171.143.82 - - [19/Mar/2021:11:00:42 -0300] "GET /cormun/servlet/solicitudot?a613605209e9d23df896aaae15584e67a3a2a4fa7164c0097924d407f2f3abbda81bf4a0126b9ad8696444278bb330f2c398e8e5b141e7b205ad1d10de8a3c148f552a938edd1eaaef50243c5eb3ee3e37c3466876130ab5f33ae2752491f1f95f61cb7db258034adf1da78006656ae26f1061e7f8e8fdda38e0abb48dd426634f1855b10a0330567546000c03506d2c89985d1544ff322d1a0214603ac8b165bfd6b34a30c7074b727e6f5780d7006dca90af11777c1f23633b8ec5f0f26b31fa070021239f6b51aed74eac9966ec71321c4743e95037ddb9a1371a092e4b9dc80a1ec4db2e04754d026e8855e7d0f359dddcb49b66c967909149d85b1a4706a8afeb51b3eaa6a52467b35ea5345623f39083ba682da361668fc6aad981c3f08391b778d497287112b5ad7429992c9df957e7744e25bbae9dbf66c5b26a065aaf6dcfc29307db901d843b37be29667d3dcf0f3e69a5cf0c768cb9d1c2a8eb4b417ffec4f55cbd7469f4238257f0ec91de8f351a0a6084203e83f920b2623b9217468cb0f55aa855f419b27837dff8fc,gx-no-cache=1616161857780 HTTP/1.1" 200 30
201.219.233.52 - - [19/Mar/2021:11:00:42 -0300] "GET /cormun/servlet/solicitudotadjuntos?a1735b045d63fc867e74a52252e81c551a5f2f8e1aa40e1e2057ce09fb7edcf4,gx-no-cache=1616161863338 HTTP/1.1" 200 30
190.171.143.82 - - [19/Mar/2021:11:00:43 -0300] "POST /cormun/servlet/solicitudot?gx-no-cache=1616161859518 HTTP/1.1" 200 30
201.219.233.52 - - [19/Mar/2021:11:00:45 -0300] "POST /cormun/servlet/solicitudotadjuntos?c35d26cd8ac4a034411a019d69ecdb57,INS,2021,16799,,1, HTTP/1.1" 200 116
190.171.143.82 - - [19/Mar/2021:11:00:45 -0300] "POST /cormun/servlet/solicitudot?gx-no-cache=1616161860811 HTTP/1.1" 200 1441
201.219.233.52 - - [19/Mar/2021:11:00:45 -0300] "GET /cormun/servlet/hpexe_return? HTTP/1.1" 200 1024
190.171.143.82 - - [19/Mar/2021:11:00:45 -0300] "POST /cormun/servlet/solicitudot?gx-no-cache=1616161860886 HTTP/1.1" 200 38
201.219.233.52 - - [19/Mar/2021:11:00:45 -0300] "GET /cormun/servlet/trsolicitudadjuntos?2021,16799, HTTP/1.1" 200 9426
201.219.233.52 - - [19/Mar/2021:11:00:46 -0300] "GET /cormun/servlet/trsolicitudadjuntos?2021,16799, HTTP/1.1" 200 9424
201.219.233.52 - - [19/Mar/2021:11:00:50 -0300] "GET /cormun/servlet/solicitudotadjuntos?INS,2021,16799,,1, HTTP/1.1" 200 6366
201.219.233.52 - - [19/Mar/2021:11:00:50 -0300] "GET /cormun/static/about:blank HTTP/1.1" 404 1011
201.219.233.52 - - [19/Mar/2021:11:00:50 -0300] "GET /cormun/servlet/solicitudotadjuntos?INS,2021,16799,,1, HTTP/1.1" 200 6359
201.219.233.52 - - [19/Mar/2021:11:00:51 -0300] "GET /cormun/servlet/solicitudotadjuntos?a1735b045d63fc867e74a52252e81c55c09673f48acf012a3ca033a009642f5c56f171dbc2089463bf482fbb8187a479,gx-no-cache=1616161872394 HTTP/1.1" 200 30
201.219.233.52 - - [19/Mar/2021:11:00:51 -0300] "POST /cormun/servlet/solicitudotadjuntos?c35d26cd8ac4a034411a019d69ecdb57,INS,2021,16799,,1,,gx-no-cache=1616161872551 HTTP/1.1" 200 4182
201.219.233.52 - - [19/Mar/2021:11:00:57 -0300] "POST /cormun/servlet/solicitudotadjuntos?gx-no-cache=1616161877027 HTTP/1.1" 200 26
201.219.233.52 - - [19/Mar/2021:11:01:10 -0300] "GET /cormun/servlet/solicitudotadjuntos?a1735b045d63fc867e74a52252e81c551a5f2f8e1aa40e1e2057ce09fb7edcf4,gx-no-cache=1616161890249 HTTP/1.1" 200 30
201.219.233.52 - - [19/Mar/2021:11:01:10 -0300] "GET /cormun/servlet/solicitudotadjuntos?a1735b045d63fc867e74a52252e81c551a5f2f8e1aa40e1e2057ce09fb7edcf4,gx-no-cache=1616161891910 HTTP/1.1" 200 30
201.219.233.52 - - [19/Mar/2021:11:01:13 -0300] "POST /cormun/servlet/solicitudotadjuntos?c35d26cd8ac4a034411a019d69ecdb57,INS,2021,16799,,1, HTTP/1.1" 200 116
201.219.233.52 - - [19/Mar/2021:11:01:13 -0300] "GET /cormun/servlet/hpexe_return? HTTP/1.1" 200 1024
201.219.233.52 - - [19/Mar/2021:11:01:14 -0300] "GET /cormun/servlet/trsolicitudadjuntos?2021,16799, HTTP/1.1" 200 9666
201.219.233.52 - - [19/Mar/2021:11:01:14 -0300] "GET /cormun/servlet/trsolicitudadjuntos?2021,16799, HTTP/1.1" 200 9664
201.219.233.52 - - [19/Mar/2021:11:01:18 -0300] "GET /cormun/servlet/solicitudotadjuntos?INS,2021,16799,,1, HTTP/1.1" 200 6365
201.219.233.52 - - [19/Mar/2021:11:01:19 -0300] "GET /cormun/static/about:blank HTTP/1.1" 404 1011
201.219.233.52 - - [19/Mar/2021:11:01:19 -0300] "GET /cormun/servlet/solicitudotadjuntos?INS,2021,16799,,1, HTTP/1.1" 200 6358
201.219.233.52 - - [19/Mar/2021:11:01:19 -0300] "GET /cormun/servlet/solicitudotadjuntos?a1735b045d63fc867e74a52252e81c55c09673f48acf012a3ca033a009642f5c56f171dbc2089463bf482fbb8187a479,gx-no-cache=1616161901010 HTTP/1.1" 200 30
201.219.233.52 - - [19/Mar/2021:11:01:20 -0300] "POST /cormun/servlet/solicitudotadjuntos?c35d26cd8ac4a034411a019d69ecdb57,INS,2021,16799,,1,,gx-no-cache=1616161901086 HTTP/1.1" 200 4181
201.219.233.52 - - [19/Mar/2021:11:01:24 -0300] "POST /cormun/servlet/solicitudotadjuntos?gx-no-cache=1616161905030 HTTP/1.1" 200 26
201.219.233.52 - - [19/Mar/2021:11:01:35 -0300] "GET /cormun/servlet/solicitudotadjuntos?a1735b045d63fc867e74a52252e81c551a5f2f8e1aa40e1e2057ce09fb7edcf4,gx-no-cache=1616161915126 HTTP/1.1" 200 30
201.219.233.52 - - [19/Mar/2021:11:01:35 -0300] "GET /cormun/servlet/solicitudotadjuntos?a1735b045d63fc867e74a52252e81c551a5f2f8e1aa40e1e2057ce09fb7edcf4,gx-no-cache=1616161916941 HTTP/1.1" 200 30
190.171.143.82 - - [19/Mar/2021:11:01:42 -0300] "GET /cormun/servlet/solicitudot?a613605209e9d23df896aaae15584e672bbf37313e4db09208fe3317afed09850541e68e7ec813781b0e6118a99f560b751edaca5f64929398d8a831a6999c5a8c93aafae545caab5c4d9c2c0b7e4a4bc223f6090c7095c2596d44abe06a9012ac18e0e18ea1e03aba2287f1832db342,gx-no-cache=1616161917764 HTTP/1.1" 200 110
190.171.143.82 - - [19/Mar/2021:11:01:42 -0300] "POST /cormun/servlet/solicitudot?gx-no-cache=1616161917871 HTTP/1.1" 200 83
190.171.143.82 - - [19/Mar/2021:11:01:47 -0300] "GET /cormun/servlet/solicitudot?a613605209e9d23df896aaae15584e67a282d7f99f692f9b8f75689719abf4db2a1b9d6cb16a2941d5767a212a6ad656742ace4abe268e38f9b9a64001da4d047d56f3816f090803a7532e438ec5de694dac509e1530d3c4e1a45720836b9f483f3666eaa76d1ca7fb13d1b90565c7d3,gx-no-cache=1616161922663 HTTP/1.1" 200 29
190.171.143.82 - - [19/Mar/2021:11:01:47 -0300] "GET /cormun/static/menuarrow.gif HTTP/1.1" 404 1015
190.171.143.82 - - [19/Mar/2021:11:01:50 -0300] "GET /cormun/servlet/solicitudot?a613605209e9d23df896aaae15584e6750790dff7ad54357e7d8b7149407da29034b23388a7a5534d448604c5c8465f2,gx-no-cache=1616161926432 HTTP/1.1" 200 30
201.219.233.52 - - [19/Mar/2021:11:01:57 -0300] "POST /cormun/servlet/solicitudotadjuntos?c35d26cd8ac4a034411a019d69ecdb57,INS,2021,16799,,1, HTTP/1.1" 200 116
201.219.233.52 - - [19/Mar/2021:11:01:57 -0300] "GET /cormun/servlet/hpexe_return? HTTP/1.1" 200 1024
201.219.233.52 - - [19/Mar/2021:11:01:58 -0300] "GET /cormun/servlet/trsolicitudadjuntos?2021,16799, HTTP/1.1" 200 9886
201.219.233.52 - - [19/Mar/2021:11:01:59 -0300] "GET /cormun/servlet/trsolicitudadjuntos?2021,16799, HTTP/1.1" 200 9881
190.171.143.82 - - [19/Mar/2021:11:02:01 -0300] "POST /cormun/servlet/solicitudot?gx-no-cache=1616161937336 HTTP/1.1" 200 30
190.171.143.82 - - [19/Mar/2021:11:02:02 -0300] "POST /cormun/servlet/solicitudot?e588257d24be67e28a436f349d53b108,INS,0,0,false,,gx-no-cache=1616161937372 HTTP/1.1" 200 93
190.171.143.82 - - [19/Mar/2021:11:02:02 -0300] "GET /cormun/servlet/hpexe_return? HTTP/1.1" 200 1006
190.171.143.82 - - [19/Mar/2021:11:02:02 -0300] "GET /cormun/servlet/trsolicitudot HTTP/1.1" 200 8848
201.219.233.52 - - [19/Mar/2021:11:02:02 -0300] "GET /cormun/servlet/solicitudotadjuntos?INS,2021,16799,,1, HTTP/1.1" 200 6366
201.219.233.52 - - [19/Mar/2021:11:02:02 -0300] "GET /cormun/static/about:blank HTTP/1.1" 404 1011
190.171.143.82 - - [19/Mar/2021:11:02:03 -0300] "GET /cormun/servlet/trsolicitudot HTTP/1.1" 200 8843
201.219.233.52 - - [19/Mar/2021:11:02:03 -0300] "GET /cormun/servlet/solicitudotadjuntos?INS,2021,16799,,1, HTTP/1.1" 200 6359
201.219.233.52 - - [19/Mar/2021:11:02:03 -0300] "GET /cormun/servlet/solicitudotadjuntos?a1735b045d63fc867e74a52252e81c55c09673f48acf012a3ca033a009642f5c56f171dbc2089463bf482fbb8187a479,gx-no-cache=1616161944813 HTTP/1.1" 200 30
186.67.172.234 - - [19/Mar/2021:11:02:03 -0300] "GET /cormun/servlet/trsolicitudot? HTTP/1.1" 200 7585
201.219.233.52 - - [19/Mar/2021:11:02:04 -0300] "POST /cormun/servlet/solicitudotadjuntos?c35d26cd8ac4a034411a019d69ecdb57,INS,2021,16799,,1,,gx-no-cache=1616161945013 HTTP/1.1" 200 4182
186.67.172.234 - - [19/Mar/2021:11:02:04 -0300] "GET /cormun/servlet/trsolicitudot? HTTP/1.1" 200 7585
201.219.233.52 - - [19/Mar/2021:11:02:08 -0300] "POST /cormun/servlet/solicitudotadjuntos?gx-no-cache=1616161948841 HTTP/1.1" 200 26
186.67.172.234 - - [19/Mar/2021:11:02:09 -0300] "GET /cormun/servlet/solicitudot?INS,0,0,false, HTTP/1.1" 200 15874
186.67.172.234 - - [19/Mar/2021:11:02:09 -0300] "GET /cormun/servlet/solicitudot?INS,0,0,false, HTTP/1.1" 200 15882
190.171.143.82 - - [19/Mar/2021:11:02:15 -0300] "POST /cormun/servlet/trsolicitudot?e588257d24be67e28a436f349d53b108,gx-no-cache=1616161950776 HTTP/1.1" 200 107
190.171.143.82 - - [19/Mar/2021:11:02:15 -0300] "GET /cormun/servlet/trsolicitudadjuntos?2021,16801, HTTP/1.1" 200 6449
190.171.143.82 - - [19/Mar/2021:11:02:15 -0300] "GET /cormun/servlet/trsolicitudadjuntos?2021,16801, HTTP/1.1" 200 6449
190.171.143.82 - - [19/Mar/2021:11:02:19 -0300] "GET /cormun/servlet/solicitudotadjuntos?INS,2021,16801,,1, HTTP/1.1" 200 6391
190.171.143.82 - - [19/Mar/2021:11:02:19 -0300] "GET /cormun/static/about:blank HTTP/1.1" 404 1011
190.171.143.82 - - [19/Mar/2021:11:02:19 -0300] "GET /cormun/servlet/solicitudotadjuntos?INS,2021,16801,,1, HTTP/1.1" 200 6385
190.171.143.82 - - [19/Mar/2021:11:02:20 -0300] "GET /cormun/servlet/solicitudotadjuntos?a613605209e9d23df896aaae15584e67a950e18a73d7d3842804db7e000ab058b4bf18ffbb23ba687b864899717d0b28,gx-no-cache=1616161955858 HTTP/1.1" 200 30
190.171.143.82 - - [19/Mar/2021:11:02:20 -0300] "POST /cormun/servlet/solicitudotadjuntos?e588257d24be67e28a436f349d53b108,INS,2021,16801,,1,,gx-no-cache=1616161955898 HTTP/1.1" 200 4146
201.219.233.52 - - [19/Mar/2021:11:02:28 -0300] "GET /cormun/servlet/solicitudotadjuntos?a1735b045d63fc867e74a52252e81c551a5f2f8e1aa40e1e2057ce09fb7edcf4,gx-no-cache=1616161968907 HTTP/1.1" 200 30
201.219.233.52 - - [19/Mar/2021:11:02:28 -0300] "GET /cormun/servlet/solicitudotadjuntos?a1735b045d63fc867e74a52252e81c551a5f2f8e1aa40e1e2057ce09fb7edcf4,gx-no-cache=1616161969304 HTTP/1.1" 200 30
186.67.172.234 - - [19/Mar/2021:11:02:32 -0300] "POST /cormun/servlet/solicitudot?gx-no-cache=1616161988821 HTTP/1.1" 200 3691
186.67.172.234 - - [19/Mar/2021:11:02:32 -0300] "POST /cormun/servlet/solicitudot?080a44e49dfb97b2f9c2cb1f33ab8714,INS,0,0,false,,gx-no-cache=1616161988956 HTTP/1.1" 200 12404
201.219.233.52 - - [19/Mar/2021:11:02:33 -0300] "POST /cormun/servlet/solicitudotadjuntos?c35d26cd8ac4a034411a019d69ecdb57,INS,2021,16799,,1, HTTP/1.1" 200 116
201.219.233.52 - - [19/Mar/2021:11:02:33 -0300] "GET /cormun/servlet/hpexe_return? HTTP/1.1" 200 1024
186.67.172.234 - - [19/Mar/2021:11:02:33 -0300] "GET /cormun/servlet/solicitudot?bd09008b62ce9c0a4ef89f306259d50e1c9a1a639feaa4b40b861bd44f4ac8dc7a496b988888508532c84111556d4f02,gx-no-cache=1616161990553 HTTP/1.1" 200 30
201.219.233.52 - - [19/Mar/2021:11:02:34 -0300] "GET /cormun/servlet/trsolicitudadjuntos?2021,16799, HTTP/1.1" 200 10150
201.219.233.52 - - [19/Mar/2021:11:02:35 -0300] "GET /cormun/servlet/trsolicitudadjuntos?2021,16799, HTTP/1.1" 200 10149
201.219.233.52 - - [19/Mar/2021:11:02:38 -0300] "GET /cormun/servlet/solicitudotadjuntos?INS,2021,16799,,2, HTTP/1.1" 200 6363
201.219.233.52 - - [19/Mar/2021:11:02:38 -0300] "GET /cormun/static/about:blank HTTP/1.1" 404 1011
201.219.233.52 - - [19/Mar/2021:11:02:38 -0300] "GET /cormun/servlet/solicitudotadjuntos?INS,2021,16799,,2, HTTP/1.1" 200 6356
201.219.233.52 - - [19/Mar/2021:11:02:39 -0300] "GET /cormun/servlet/solicitudotadjuntos?a1735b045d63fc867e74a52252e81c55c09673f48acf012a3ca033a009642f5c56f171dbc2089463bf482fbb8187a479,gx-no-cache=1616161980430 HTTP/1.1" 200 30
201.219.233.52 - - [19/Mar/2021:11:02:39 -0300] "POST /cormun/servlet/solicitudotadjuntos?c35d26cd8ac4a034411a019d69ecdb57,INS,2021,16799,,2,,gx-no-cache=1616161980691 HTTP/1.1" 200 4320
200.54.247.70 - - [19/Mar/2021:11:02:41 -0300] "GET /cormun/servlet/hlogin HTTP/1.1" 200 1724
200.54.247.70 - - [19/Mar/2021:11:02:41 -0300] "GET /cormun/static/gxtimezone.js?85251 HTTP/1.1" 200 5781
200.54.247.70 - - [19/Mar/2021:11:02:41 -0300] "GET /cormun/static/gxcfg.js?201910216285969 HTTP/1.1" 200 953
200.54.247.70 - - [19/Mar/2021:11:02:42 -0300] "GET /cormun/static/Resources/Spanish/PXTools.css?2294816 HTTP/1.1" 200 100853
200.54.247.70 - - [19/Mar/2021:11:02:42 -0300] "GET /cormun/static/messages.spa.js?85251 HTTP/1.1" 200 30736
200.54.247.70 - - [19/Mar/2021:11:02:42 -0300] "GET /cormun/static/hlogin.js?201910216285995 HTTP/1.1" 200 2136
200.54.247.70 - - [19/Mar/2021:11:02:42 -0300] "GET /cormun/static/gxgral.js?85251 HTTP/1.1" 200 384558
200.54.247.70 - - [19/Mar/2021:11:02:42 -0300] "GET /cormun/static/Resources/Logo2019_Grande.png HTTP/1.1" 200 31733
200.54.247.70 - - [19/Mar/2021:11:02:42 -0300] "GET /cormun/static/Resources/PXToolsLoginTop.png HTTP/1.1" 200 1337
200.54.247.70 - - [19/Mar/2021:11:02:42 -0300] "GET /cormun/static/Resources/PXToolsLoginBackground.png HTTP/1.1" 200 1164
200.54.247.70 - - [19/Mar/2021:11:02:42 -0300] "GET /cormun/static/Resources/PXToolsButtonLeft.png HTTP/1.1" 200 1310
200.54.247.70 - - [19/Mar/2021:11:02:42 -0300] "GET /cormun/static/Resources/PXToolsButtonRight.png HTTP/1.1" 200 1294
200.54.247.70 - - [19/Mar/2021:11:02:42 -0300] "GET /cormun/static/Resources/PXToolsButtonBackground.png HTTP/1.1" 200 1176
200.54.247.70 - - [19/Mar/2021:11:02:42 -0300] "GET /cormun/static/Resources/indicator.gif HTTP/1.1" 200 1553
200.54.247.70 - - [19/Mar/2021:11:02:42 -0300] "GET /cormun/static/Resources/PXToolsLoginBottom.png HTTP/1.1" 200 1389
200.54.247.70 - - [19/Mar/2021:11:02:42 -0300] "GET /cormun/servlet/hlogin HTTP/1.1" 200 1733
200.54.247.70 - - [19/Mar/2021:11:02:42 -0300] "GET /favicon.ico HTTP/1.1" 200 21630
200.54.247.70 - - [19/Mar/2021:11:02:47 -0300] "POST /cormun/servlet/hlogin?cd3ccec1707087e9e6eaa85b153e44e7,gx-no-cache=1616161982435 HTTP/1.1" 200 90
200.54.247.70 - - [19/Mar/2021:11:02:47 -0300] "GET /cormun/servlet/hpexe_link HTTP/1.1" 200 948
200.54.247.70 - - [19/Mar/2021:11:02:47 -0300] "GET /cormun/static/gxcfg.js?201991422392958 HTTP/1.1" 200 953
200.54.247.70 - - [19/Mar/2021:11:02:47 -0300] "GET /cormun/static/hpexe_link.js?201991422392963 HTTP/1.1" 200 625
200.54.247.70 - - [19/Mar/2021:11:02:47 -0300] "GET /cormun/servlet/hhome HTTP/1.1" 200 4099
200.54.247.70 - - [19/Mar/2021:11:02:47 -0300] "GET /cormun/static/Shared/jqueryui/jquery-ui.min.css?1345370 HTTP/1.1" 200 30288
200.54.247.70 - - [19/Mar/2021:11:02:47 -0300] "GET /cormun/static/SmoothNavMenu/resources/ddsmoothmenu-v.css?1112540 HTTP/1.1" 200 1188
200.54.247.70 - - [19/Mar/2021:11:02:47 -0300] "GET /cormun/static/SmoothNavMenu/resources/ddsmoothmenu.css?1112540 HTTP/1.1" 200 2223
200.54.247.70 - - [19/Mar/2021:11:02:47 -0300] "GET /cormun/static/gxcfg.js?20201215495537 HTTP/1.1" 200 953
200.54.247.70 - - [19/Mar/2021:11:02:47 -0300] "GET /cormun/static/scaMessage/css/jquery.pnotify.default.css?1816380 HTTP/1.1" 200 1707
200.54.247.70 - - [19/Mar/2021:11:02:47 -0300] "GET /cormun/static/PXToolsJavascripts/pexe_cookies.js HTTP/1.1" 200 792
200.54.247.70 - - [19/Mar/2021:11:02:47 -0300] "GET /cormun/static/PXToolsJavascripts/pexe_autoreload.js HTTP/1.1" 200 1762
200.54.247.70 - - [19/Mar/2021:11:02:47 -0300] "GET /cormun/static/PXToolsJavascripts/pexe_windows.js HTTP/1.1" 200 15207
200.54.247.70 - - [19/Mar/2021:11:02:47 -0300] "GET /cormun/static/PXToolsJavascripts/pexe_grid.js HTTP/1.1" 200 7559
200.54.247.70 - - [19/Mar/2021:11:02:47 -0300] "GET /cormun/static/PXToolsJavascripts/pexe_griddivfix.js HTTP/1.1" 200 6644
200.54.247.70 - - [19/Mar/2021:11:02:47 -0300] "GET /cormun/static/Resources/Spanish/PXTools.css?14345360 HTTP/1.1" 200 100853
200.54.247.70 - - [19/Mar/2021:11:02:47 -0300] "GET /cormun/static/PXToolsJavascripts/pexe_link.js HTTP/1.1" 200 5671
200.54.247.70 - - [19/Mar/2021:11:02:47 -0300] "GET /cormun/static/PXToolsJavascripts/pexe_menudivfix.js HTTP/1.1" 200 333
200.54.247.70 - - [19/Mar/2021:11:02:47 -0300] "GET /cormun/static/PXToolsJavascripts/pexe_menus.js HTTP/1.1" 200 1286
200.54.247.70 - - [19/Mar/2021:11:02:47 -0300] "GET /cormun/static/PXToolsJavascripts/pexe_layers.js HTTP/1.1" 200 4114
200.54.247.70 - - [19/Mar/2021:11:02:47 -0300] "GET /cormun/static/PXToolsJavascripts/pexe_oav.js HTTP/1.1" 200 645
200.54.247.70 - - [19/Mar/2021:11:02:47 -0300] "GET /cormun/static/PXToolsJavascripts/pexe_oavdivfix.js HTTP/1.1" 200 639
200.54.247.70 - - [19/Mar/2021:11:02:47 -0300] "GET /cormun/static/PXToolsJavascripts/pexe_picture.js HTTP/1.1" 200 689
200.54.247.70 - - [19/Mar/2021:11:02:47 -0300] "GET /cormun/static/PXToolsJavascripts/pexe_popup.js HTTP/1.1" 200 13458
200.54.247.70 - - [19/Mar/2021:11:02:47 -0300] "GET /cormun/static/PXToolsJavascripts/pexe_scrolldiv.js HTTP/1.1" 200 4138
200.54.247.70 - - [19/Mar/2021:11:02:47 -0300] "GET /cormun/static/PXToolsJavascripts/pexe_tabs.js HTTP/1.1" 200 3748
200.54.247.70 - - [19/Mar/2021:11:02:47 -0300] "GET /cormun/static/PXToolsJavascripts/pexe_upload.js HTTP/1.1" 200 1423
200.54.247.70 - - [19/Mar/2021:11:02:47 -0300] "GET /cormun/static/PXToolsJavascripts/pexe_tabdivfix.js HTTP/1.1" 200 876
200.54.247.70 - - [19/Mar/2021:11:02:47 -0300] "GET /cormun/static/PXToolsJavascripts/PXToolsJavascriptsRender.js HTTP/1.1" 200 367
200.54.247.70 - - [19/Mar/2021:11:02:47 -0300] "GET /cormun/static/RunJS/RunJS.js HTTP/1.1" 200 288
200.54.247.70 - - [19/Mar/2021:11:02:47 -0300] "GET /cormun/static/Shared/ext/locale/ext-lang-en.js HTTP/1.1" 200 10940
200.54.247.70 - - [19/Mar/2021:11:02:47 -0300] "GET /cormun/static/hhome.js?20201215495544 HTTP/1.1" 200 777
200.54.247.70 - - [19/Mar/2021:11:02:47 -0300] "GET /cormun/static/hwchdr01.js?20201214473739 HTTP/1.1" 200 996
200.54.247.70 - - [19/Mar/2021:11:02:47 -0300] "GET /cormun/static/hpexe_recentlink.js?20201214471090 HTTP/1.1" 200 2144
200.54.247.70 - - [19/Mar/2021:11:02:47 -0300] "GET /cormun/static/hpexe_scripts.js?20201214471411 HTTP/1.1" 200 1544
200.54.247.70 - - [19/Mar/2021:11:02:47 -0300] "GET /cormun/static/hpexe_messagecontroller.js?201991422154126 HTTP/1.1" 200 870
200.54.247.70 - - [19/Mar/2021:11:02:47 -0300] "GET /cormun/static/hpexe_messagepopupcomponent.js?2020121447232 HTTP/1.1" 200 605
200.54.247.70 - - [19/Mar/2021:11:02:47 -0300] "GET /cormun/static/gxui/gxui-all.js HTTP/1.1" 200 107772
200.54.247.70 - - [19/Mar/2021:11:02:47 -0300] "GET /cormun/static/hpexe_messagegenexuscomponent.js?2020121447173 HTTP/1.1" 200 587
200.54.247.70 - - [19/Mar/2021:11:02:47 -0300] "GET /cormun/static/cmcontrolpreferences.js?20199141926336 HTTP/1.1" 200 1375
200.54.247.70 - - [19/Mar/2021:11:02:47 -0300] "GET /cormun/static/SmoothNavMenu/resources/ddsmoothmenu.js HTTP/1.1" 200 12712
200.54.247.70 - - [19/Mar/2021:11:02:47 -0300] "GET /cormun/static/SmoothNavMenu/resources/SmoothNavMenuRender.js HTTP/1.1" 200 5951
200.54.247.70 - - [19/Mar/2021:11:02:47 -0300] "GET /cormun/static/Resources/Logo2019_Small.png HTTP/1.1" 200 10855
200.54.247.70 - - [19/Mar/2021:11:02:47 -0300] "GET /cormun/static/Shared/jquery/jquery-1.4.2.min.js HTTP/1.1" 200 72174
200.54.247.70 - - [19/Mar/2021:11:02:47 -0300] "GET /cormun/static/Resources/PXToolsDataTitle.png HTTP/1.1" 200 1173
200.54.247.70 - - [19/Mar/2021:11:02:47 -0300] "GET /cormun/static/Resources/ImgHome.png HTTP/1.1" 200 1364
200.54.247.70 - - [19/Mar/2021:11:02:47 -0300] "GET /cormun/static/Resources/ImgLogin.png HTTP/1.1" 200 1432
200.54.247.70 - - [19/Mar/2021:11:02:48 -0300] "GET /cormun/static/Shared/jquery/jquery-1.10.2.min.js HTTP/1.1" 200 273199
200.54.247.70 - - [19/Mar/2021:11:02:48 -0300] "GET /cormun/static/Resources/Llave.png HTTP/1.1" 200 1395
200.54.247.70 - - [19/Mar/2021:11:02:48 -0300] "GET /cormun/static/scaMessage/js/jquery.pnotify.min.js HTTP/1.1" 200 13038
200.54.247.70 - - [19/Mar/2021:11:02:48 -0300] "GET /cormun/static/scaMessage/scaMessageRender.js HTTP/1.1" 200 11977
200.54.247.70 - - [19/Mar/2021:11:02:48 -0300] "GET /cormun/static/Shared/jqueryui/jquery-ui.min.js HTTP/1.1" 200 240427
200.54.247.70 - - [19/Mar/2021:11:02:48 -0300] "GET /cormun/static/hmpwkw03.js?20201215501896 HTTP/1.1" 200 3973
200.54.247.70 - - [19/Mar/2021:11:02:48 -0300] "GET /cormun/static/Shared/ext/ext-all.js HTTP/1.1" 200 1289687
200.54.247.70 - - [19/Mar/2021:11:02:49 -0300] "GET /cormun/servlet/hhome HTTP/1.1" 200 4096
200.54.247.70 - - [19/Mar/2021:11:02:50 -0300] "GET /cormun/static/SmoothNavMenu/resources/images/down.gif HTTP/1.1" 200 854
200.54.247.70 - - [19/Mar/2021:11:02:50 -0300] "GET /cormun/static/SmoothNavMenu/resources/images/right.gif HTTP/1.1" 200 860
200.54.247.70 - - [19/Mar/2021:11:02:54 -0300] "GET /cormun/servlet/trautorizarsolicitud? HTTP/1.1" 200 9478
200.54.247.70 - - [19/Mar/2021:11:02:54 -0300] "GET /cormun/static/gxui/gxui-all.css?110300 HTTP/1.1" 200 2179
200.54.247.70 - - [19/Mar/2021:11:02:54 -0300] "GET /cormun/static/gxcfg.js?201991422414522 HTTP/1.1" 200 953
200.54.247.70 - - [19/Mar/2021:11:02:54 -0300] "GET /cormun/static/calendar-system.css?75620 HTTP/1.1" 200 5572
200.54.247.70 - - [19/Mar/2021:11:02:54 -0300] "GET /cormun/static/calendar-setup.js?85251 HTTP/1.1" 200 2588
200.54.247.70 - - [19/Mar/2021:11:02:54 -0300] "GET /cormun/static/calendar.js?85251 HTTP/1.1" 200 26246
200.54.247.70 - - [19/Mar/2021:11:02:54 -0300] "GET /cormun/static/calendar-es.js?85251 HTTP/1.1" 200 1901
