200.54.247.70 - - [19/Mar/2021:11:02:54 -0300] "GET /cormun/static/gxdec.js?85251 HTTP/1.1" 200 19579
200.54.247.70 - - [19/Mar/2021:11:02:54 -0300] "GET /cormun/static/Shared/ext/resources/css/ext-all.css?205870 HTTP/1.1" 200 416045
200.54.247.70 - - [19/Mar/2021:11:02:54 -0300] "GET /cormun/static/trautorizarsolicitud.js?201991422415463 HTTP/1.1" 200 53910
200.54.247.70 - - [19/Mar/2021:11:02:54 -0300] "GET /cormun/static/Resources/PXTools/calendar.png HTTP/1.1" 200 1306
200.54.247.70 - - [19/Mar/2021:11:02:55 -0300] "GET /cormun/static/Resources/PXToolsDataSearch.png HTTP/1.1" 200 435
200.54.247.70 - - [19/Mar/2021:11:02:55 -0300] "GET /cormun/static/Resources/PXToolsGridPreviousDisabled.gif HTTP/1.1" 200 90
200.54.247.70 - - [19/Mar/2021:11:02:55 -0300] "GET /cormun/static/Resources/PXToolsGridNextDisabled.gif HTTP/1.1" 200 90
200.54.247.70 - - [19/Mar/2021:11:02:55 -0300] "GET /cormun/static/Resources/PXToolsGridLastDisabled.gif HTTP/1.1" 200 98
200.54.247.70 - - [19/Mar/2021:11:02:55 -0300] "GET /cormun/static/Resources/PXToolsGridFirstDisabled.gif HTTP/1.1" 200 100
200.54.247.70 - - [19/Mar/2021:11:02:55 -0300] "GET /cormun/static/Resources/PXToolsGridPage.gif HTTP/1.1" 200 725
200.54.247.70 - - [19/Mar/2021:11:02:55 -0300] "GET /cormun/static/Resources/PXToolsActionExcel.png HTTP/1.1" 200 727
200.54.247.70 - - [19/Mar/2021:11:02:55 -0300] "GET /cormun/static/Resources/asc.gif HTTP/1.1" 200 67
200.54.247.70 - - [19/Mar/2021:11:02:55 -0300] "GET /cormun//static/Resources/PXToolsActionView.png HTTP/1.1" 200 398
200.54.247.70 - - [19/Mar/2021:11:02:55 -0300] "GET /cormun/static/Resources/desc.gif HTTP/1.1" 200 65
200.54.247.70 - - [19/Mar/2021:11:02:55 -0300] "GET /cormun//static/Resources/PXToolsRemoveAllAction.png HTTP/1.1" 200 487
200.54.247.70 - - [19/Mar/2021:11:02:55 -0300] "GET /cormun//static/Resources/PXToolsGridDelete.png HTTP/1.1" 200 538
200.54.247.70 - - [19/Mar/2021:11:02:55 -0300] "GET /cormun//static/Resources/PXTools/ActionInsert.png HTTP/1.1" 200 1482
200.54.247.70 - - [19/Mar/2021:11:02:55 -0300] "GET /cormun//static/Resources/PXToolsGridUpdate.png HTTP/1.1" 200 470
200.54.247.70 - - [19/Mar/2021:11:02:55 -0300] "GET /cormun/servlet/trautorizarsolicitud? HTTP/1.1" 200 9476
200.54.247.70 - - [19/Mar/2021:11:02:55 -0300] "GET /cormun/static/Shared/ext/resources/themes/images/default/panel/bg-headersPanel.png HTTP/1.1" 200 255
200.54.247.70 - - [19/Mar/2021:11:02:55 -0300] "GET /cormun/static/Shared/ext/resources/themes/images/default/tools/tool-sprites.gif HTTP/1.1" 200 5434
201.219.233.52 - - [19/Mar/2021:11:02:55 -0300] "POST /cormun/servlet/solicitudotadjuntos?gx-no-cache=1616161996457 HTTP/1.1" 200 26
200.54.247.70 - - [19/Mar/2021:11:03:33 -0300] "POST /cormun/servlet/trautorizarsolicitud?cd3ccec1707087e9e6eaa85b153e44e7,,gx-no-cache=1616162028535 HTTP/1.1" 200 6506
200.54.247.70 - - [19/Mar/2021:11:03:33 -0300] "GET /cormun/static/Shared/jqueryui/images/ui-bg_highlight-soft_100_c6c2c8_1x100.png HTTP/1.1" 404 1117
200.54.247.70 - - [19/Mar/2021:11:03:33 -0300] "GET /cormun/static/Shared/jqueryui/images/ui-icons_82798d_256x240.png HTTP/1.1" 404 1089
200.54.247.70 - - [19/Mar/2021:11:03:33 -0300] "GET /cormun/static/Shared/jqueryui/images/ui-bg_flat_55_fafafa_40x100.png HTTP/1.1" 404 1097
200.54.247.70 - - [19/Mar/2021:11:03:33 -0300] "GET /cormun/static/Shared/jqueryui/images/ui-icons_8d78a5_256x240.png HTTP/1.1" 404 1089
200.54.247.70 - - [19/Mar/2021:11:03:33 -0300] "POST /cormun/servlet/trautorizarsolicitud?cd3ccec1707087e9e6eaa85b153e44e7,,gx-no-cache=1616162028928 HTTP/1.1" 200 6452
200.54.247.70 - - [19/Mar/2021:11:03:38 -0300] "POST /cormun/servlet/trautorizarsolicitud?cd3ccec1707087e9e6eaa85b153e44e7,,gx-no-cache=1616162033498 HTTP/1.1" 200 5995
200.54.247.70 - - [19/Mar/2021:11:03:38 -0300] "POST /cormun/servlet/trautorizarsolicitud?cd3ccec1707087e9e6eaa85b153e44e7,,gx-no-cache=1616162033707 HTTP/1.1" 200 5938
200.54.247.70 - - [19/Mar/2021:11:03:43 -0300] "POST /cormun/servlet/trautorizarsolicitud?cd3ccec1707087e9e6eaa85b153e44e7,,gx-no-cache=1616162038954 HTTP/1.1" 200 4759
200.54.247.70 - - [19/Mar/2021:11:03:43 -0300] "POST /cormun/servlet/trautorizarsolicitud?cd3ccec1707087e9e6eaa85b153e44e7,,gx-no-cache=1616162039124 HTTP/1.1" 200 4522
186.67.172.234 - - [19/Mar/2021:11:03:51 -0300] "GET /cormun/servlet/prbanco?,MD,,gxPopupLevel%3D0%3B HTTP/1.1" 200 6663
200.54.247.70 - - [19/Mar/2021:11:03:58 -0300] "GET /cormun/servlet/hlogin HTTP/1.1" 200 1745
186.67.172.234 - - [19/Mar/2021:11:04:03 -0300] "GET /cormun/servlet/solicitudot?bd09008b62ce9c0a4ef89f306259d50ef89f01e8dda7c66bf445907da419e3af3def674fb12d8fa228b8570075e547ad1ed40c30855f462bc0b3e426baee0ffd,gx-no-cache=1616162079872 HTTP/1.1" 200 30
190.171.143.82 - - [19/Mar/2021:11:04:03 -0300] "POST /cormun/servlet/solicitudotadjuntos?gx-no-cache=1616162059240 HTTP/1.1" 200 26
186.67.172.234 - - [19/Mar/2021:11:04:05 -0300] "GET /cormun/servlet/solicitudot?bd09008b62ce9c0a4ef89f306259d50ef8e3e82894856ad4cd93f0b570af96be,gx-no-cache=1616162081936 HTTP/1.1" 200 55
190.171.143.82 - - [19/Mar/2021:11:04:09 -0300] "GET /cormun/servlet/solicitudotadjuntos?a613605209e9d23df896aaae15584e67ec0257ccd39c78d043450b7e71542135,gx-no-cache=1616162064577 HTTP/1.1" 200 30
190.171.143.82 - - [19/Mar/2021:11:04:09 -0300] "GET /cormun/servlet/solicitudotadjuntos?a613605209e9d23df896aaae15584e67ec0257ccd39c78d043450b7e71542135,gx-no-cache=1616162064597 HTTP/1.1" 200 30
190.171.143.82 - - [19/Mar/2021:11:04:09 -0300] "POST /cormun/servlet/solicitudotadjuntos?e588257d24be67e28a436f349d53b108,INS,2021,16801,,1, HTTP/1.1" 200 116
190.171.143.82 - - [19/Mar/2021:11:04:09 -0300] "GET /cormun/servlet/hpexe_return? HTTP/1.1" 200 1024
190.171.143.82 - - [19/Mar/2021:11:04:09 -0300] "GET /cormun/servlet/trsolicitudadjuntos?2021,16801, HTTP/1.1" 200 9227
190.171.143.82 - - [19/Mar/2021:11:04:10 -0300] "GET /cormun/servlet/trsolicitudadjuntos?2021,16801, HTTP/1.1" 200 9226
190.171.143.82 - - [19/Mar/2021:11:04:12 -0300] "GET /cormun/servlet/solicitudotadjuntos?INS,2021,16801,,1, HTTP/1.1" 200 6392
190.171.143.82 - - [19/Mar/2021:11:04:13 -0300] "GET /cormun/static/about:blank HTTP/1.1" 404 1011
190.171.143.82 - - [19/Mar/2021:11:04:13 -0300] "GET /cormun/servlet/solicitudotadjuntos?INS,2021,16801,,1, HTTP/1.1" 200 6385
190.171.143.82 - - [19/Mar/2021:11:04:13 -0300] "GET /cormun/servlet/solicitudotadjuntos?a613605209e9d23df896aaae15584e67a950e18a73d7d3842804db7e000ab058b4bf18ffbb23ba687b864899717d0b28,gx-no-cache=1616162069448 HTTP/1.1" 200 30
190.171.143.82 - - [19/Mar/2021:11:04:14 -0300] "POST /cormun/servlet/solicitudotadjuntos?e588257d24be67e28a436f349d53b108,INS,2021,16801,,1,,gx-no-cache=1616162069495 HTTP/1.1" 200 4146
190.171.143.82 - - [19/Mar/2021:11:04:18 -0300] "POST /cormun/servlet/solicitudotadjuntos?gx-no-cache=1616162074068 HTTP/1.1" 200 26
186.67.172.234 - - [19/Mar/2021:11:04:23 -0300] "POST /cormun/servlet/solicitudot?gx-no-cache=1616162099785 HTTP/1.1" 200 240
186.67.172.234 - - [19/Mar/2021:11:04:24 -0300] "GET /cormun/servlet/solicitudot?bd09008b62ce9c0a4ef89f306259d50ed56d686588744b4da9535c63a16050595fc1dd56130f1af7bdc1eec61881156a5e54adf0fa6c733182aa9a8cecb84cc9112b62418da36c579e1f7899544c9f3596b52741b7a95cd6e4c4d027cee12be52e2865d2da19991068eae95cefd299f2606e0cf1d889023807a967b2f30639085977ddad091e25e75a9bb759e78b2bacbeca0f33255391df98221083ae702cb31ebedb71ba1d1b848e11fe64dc0904b133e2ecd798bebf8e4ac79518e3916d728893f5a6208a6c5682dbf9f8dab50d5b3211d13cd393b29afb0b10dd0f49a4b9951ae3624b013fc749f72027b3e5f7e6bba5dd5d3fdf5a3a6801c06efe315998975203a5a83dfb2c1f0b454285088e0e85ba0ab66d12aa8b32473d57fdfead4455a9e279dfa4468fa1734f4cc2a4502386f3be8109db541bc8dc3ec0bce3f9c5dd0b6bde55350f1a1cbcc7de56d35890d4d5c5026fc7e5b00e92bc71c83bd4b4a2bb192e63e4608faa4bee8ddae5cd19db082549778c46ffc255a2fd5f1eb3a3,gx-no-cache=1616162101140 HTTP/1.1" 200 30
186.67.172.234 - - [19/Mar/2021:11:04:26 -0300] "POST /cormun/servlet/solicitudot?gx-no-cache=1616162103217 HTTP/1.1" 200 30
190.171.143.82 - - [19/Mar/2021:11:04:32 -0300] "GET /cormun/servlet/solicitudotadjuntos?a613605209e9d23df896aaae15584e67ec0257ccd39c78d043450b7e71542135,gx-no-cache=1616162088421 HTTP/1.1" 200 30
190.171.143.82 - - [19/Mar/2021:11:04:32 -0300] "GET /cormun/servlet/solicitudotadjuntos?a613605209e9d23df896aaae15584e67ec0257ccd39c78d043450b7e71542135,gx-no-cache=1616162088444 HTTP/1.1" 200 30
190.171.143.82 - - [19/Mar/2021:11:04:33 -0300] "POST /cormun/servlet/solicitudotadjuntos?e588257d24be67e28a436f349d53b108,INS,2021,16801,,1, HTTP/1.1" 200 116
190.171.143.82 - - [19/Mar/2021:11:04:33 -0300] "GET /cormun/servlet/hpexe_return? HTTP/1.1" 200 1024
190.171.143.82 - - [19/Mar/2021:11:04:33 -0300] "GET /cormun/servlet/trsolicitudadjuntos?2021,16801, HTTP/1.1" 200 9444
201.219.233.52 - - [19/Mar/2021:11:04:34 -0300] "POST /cormun/servlet/solicitudotadjuntos?gx-no-cache=1616162094929 HTTP/1.1" 200 26
190.171.143.82 - - [19/Mar/2021:11:04:34 -0300] "GET /cormun/servlet/trsolicitudadjuntos?2021,16801, HTTP/1.1" 200 9442
190.171.143.82 - - [19/Mar/2021:11:04:36 -0300] "GET /cormun/servlet/solicitudotadjuntos?INS,2021,16801,,1, HTTP/1.1" 200 6392
190.171.143.82 - - [19/Mar/2021:11:04:37 -0300] "GET /cormun/static/about:blank HTTP/1.1" 404 1011
190.171.143.82 - - [19/Mar/2021:11:04:37 -0300] "GET /cormun/servlet/solicitudotadjuntos?INS,2021,16801,,1, HTTP/1.1" 200 6385
190.171.143.82 - - [19/Mar/2021:11:04:38 -0300] "GET /cormun/servlet/solicitudotadjuntos?a613605209e9d23df896aaae15584e67a950e18a73d7d3842804db7e000ab058b4bf18ffbb23ba687b864899717d0b28,gx-no-cache=1616162093662 HTTP/1.1" 200 30
190.171.143.82 - - [19/Mar/2021:11:04:38 -0300] "POST /cormun/servlet/solicitudotadjuntos?e588257d24be67e28a436f349d53b108,INS,2021,16801,,1,,gx-no-cache=1616162093736 HTTP/1.1" 200 4146
201.219.233.52 - - [19/Mar/2021:11:04:44 -0300] "GET /cormun/servlet/solicitudotadjuntos?a1735b045d63fc867e74a52252e81c551a5f2f8e1aa40e1e2057ce09fb7edcf4,gx-no-cache=1616162104567 HTTP/1.1" 200 30
201.219.233.52 - - [19/Mar/2021:11:04:44 -0300] "GET /cormun/servlet/solicitudotadjuntos?a1735b045d63fc867e74a52252e81c551a5f2f8e1aa40e1e2057ce09fb7edcf4,gx-no-cache=1616162105783 HTTP/1.1" 200 30
201.219.233.52 - - [19/Mar/2021:11:04:50 -0300] "POST /cormun/servlet/solicitudotadjuntos?c35d26cd8ac4a034411a019d69ecdb57,INS,2021,16799,,2, HTTP/1.1" 200 116
201.219.233.52 - - [19/Mar/2021:11:04:50 -0300] "GET /cormun/servlet/hpexe_return? HTTP/1.1" 200 1024
201.219.233.52 - - [19/Mar/2021:11:04:51 -0300] "GET /cormun/servlet/trsolicitudadjuntos?2021,16799, HTTP/1.1" 200 10333
201.219.233.52 - - [19/Mar/2021:11:04:52 -0300] "GET /cormun/servlet/trsolicitudadjuntos?2021,16799, HTTP/1.1" 200 10336
186.67.172.234 - - [19/Mar/2021:11:05:04 -0300] "GET /cormun/servlet/prlicenciaspermisos?7918129,L,,MD,,gxPopupLevel%3D0%3B HTTP/1.1" 200 7880
186.67.172.234 - - [19/Mar/2021:11:05:07 -0300] "POST /cormun/servlet/solicitudot?gx-no-cache=1616162144029 HTTP/1.1" 200 1441
186.67.172.234 - - [19/Mar/2021:11:05:21 -0300] "POST /cormun/servlet/solicitudot?gx-no-cache=1616162158630 HTTP/1.1" 200 40
186.67.172.234 - - [19/Mar/2021:11:06:00 -0300] "GET /cormun/servlet/solicitudot?bd09008b62ce9c0a4ef89f306259d50e76d940dccfd5db076ace690f57d5bbac97225debdf5524a15e5320f1029a0b91b60afb78190776b0294daf7e0b7f494469390509c289972a3ca7d6e63a219fe241898549895421d45067c0268739affa3d06a9b70ee72511773d17e618c4c85e,gx-no-cache=1616162197241 HTTP/1.1" 200 110
186.67.172.234 - - [19/Mar/2021:11:06:00 -0300] "POST /cormun/servlet/solicitudot?gx-no-cache=1616162197274 HTTP/1.1" 200 97
186.67.172.234 - - [19/Mar/2021:11:06:04 -0300] "GET /cormun/servlet/solicitudot?bd09008b62ce9c0a4ef89f306259d50eb3a08c0d4b12775ea87794eacd4766c0963af835f6149327386c33a7406ca85a0a67bd268f0f8e78ff8a455520d52ec22bb2196f8ae93bd7e7f7761b9e0718a602f8391dc321acca649570384be2b85bd7fbb6eaed151bb45f50db1944586530,gx-no-cache=1616162200912 HTTP/1.1" 200 29
186.67.172.234 - - [19/Mar/2021:11:06:04 -0300] "GET /cormun/static/menuarrow.gif HTTP/1.1" 404 1015
186.67.172.234 - - [19/Mar/2021:11:06:09 -0300] "GET /cormun/servlet/solicitudot?bd09008b62ce9c0a4ef89f306259d50eac3d4e4e573b0b95828221bfe198c148f5c0f73744e66a68fe7af6d551eebfa6,gx-no-cache=1616162205967 HTTP/1.1" 200 30
186.67.172.234 - - [19/Mar/2021:11:06:09 -0300] "POST /cormun/servlet/solicitudot?gx-no-cache=1616162205998 HTTP/1.1" 200 34
186.67.172.234 - - [19/Mar/2021:11:06:19 -0300] "POST /cormun/servlet/solicitudot?080a44e49dfb97b2f9c2cb1f33ab8714,INS,0,0,false,,gx-no-cache=1616162215612 HTTP/1.1" 200 93
186.67.172.234 - - [19/Mar/2021:11:06:19 -0300] "GET /cormun/servlet/hpexe_return? HTTP/1.1" 200 1007
186.67.172.234 - - [19/Mar/2021:11:06:19 -0300] "GET /cormun/servlet/trsolicitudot HTTP/1.1" 200 9029
186.67.172.234 - - [19/Mar/2021:11:06:19 -0300] "GET /cormun/servlet/trsolicitudot HTTP/1.1" 200 9027
186.67.172.234 - - [19/Mar/2021:11:06:25 -0300] "POST /cormun/servlet/trsolicitudot?080a44e49dfb97b2f9c2cb1f33ab8714,gx-no-cache=1616162222260 HTTP/1.1" 200 4858
186.67.172.234 - - [19/Mar/2021:11:06:25 -0300] "GET /cormun/static/Shared/jqueryui/images/ui-icons_82798d_256x240.png HTTP/1.1" 404 1089
186.67.172.234 - - [19/Mar/2021:11:06:25 -0300] "GET /cormun/static/Shared/jqueryui/images/ui-bg_highlight-soft_100_c6c2c8_1x100.png HTTP/1.1" 404 1117
186.67.172.234 - - [19/Mar/2021:11:06:25 -0300] "GET /cormun/static/Shared/jqueryui/images/ui-icons_8d78a5_256x240.png HTTP/1.1" 404 1089
186.67.172.234 - - [19/Mar/2021:11:06:25 -0300] "GET /cormun/static/Shared/jqueryui/images/ui-bg_flat_55_fafafa_40x100.png HTTP/1.1" 404 1097
186.67.172.234 - - [19/Mar/2021:11:06:25 -0300] "POST /cormun/servlet/trsolicitudot?080a44e49dfb97b2f9c2cb1f33ab8714,gx-no-cache=1616162222423 HTTP/1.1" 200 4609
200.54.247.70 - - [19/Mar/2021:11:08:02 -0300] "POST /cormun/servlet/solicitudot?7638dca8f484116d4463f6b75a24a483,INS,0,0,false,,gx-no-cache=1616162298040 HTTP/1.1" 200 93
200.54.247.70 - - [19/Mar/2021:11:08:03 -0300] "GET /cormun/servlet/hpexe_return? HTTP/1.1" 200 1023
200.54.247.70 - - [19/Mar/2021:11:08:04 -0300] "GET /cormun/servlet/trsolicitudot?gx-no-cache=1616159640779 HTTP/1.1" 200 7174
200.54.247.70 - - [19/Mar/2021:11:08:04 -0300] "GET /cormun/servlet/trsolicitudot?gx-no-cache=1616159640779 HTTP/1.1" 200 7190
186.67.172.234 - - [19/Mar/2021:11:08:09 -0300] "GET /cormun/servlet/trautorizarsolicitud? HTTP/1.1" 200 8914
186.67.172.234 - - [19/Mar/2021:11:08:09 -0300] "GET /cormun/servlet/trautorizarsolicitud? HTTP/1.1" 200 8914
186.67.172.234 - - [19/Mar/2021:11:08:09 -0300] "GET /cormun/servlet/trautorizarsolicitud? HTTP/1.1" 200 8914
186.67.172.234 - - [19/Mar/2021:11:08:10 -0300] "GET /cormun/servlet/trautorizarsolicitud? HTTP/1.1" 200 8914
120.85.118.79 - - [19/Mar/2021:11:08:46 -0300] "POST /GponForm/diag_Form?images/ HTTP/1.1" 404 997
190.171.143.82 - - [19/Mar/2021:11:09:20 -0300] "POST /cormun/servlet/solicitudotadjuntos?gx-no-cache=1616162376174 HTTP/1.1" 200 26
190.171.143.82 - - [19/Mar/2021:11:10:12 -0300] "GET /cormun/servlet/solicitudotadjuntos?a613605209e9d23df896aaae15584e67ec0257ccd39c78d043450b7e71542135,gx-no-cache=1616162427980 HTTP/1.1" 200 30
190.171.143.82 - - [19/Mar/2021:11:10:12 -0300] "GET /cormun/servlet/solicitudotadjuntos?a613605209e9d23df896aaae15584e67ec0257ccd39c78d043450b7e71542135,gx-no-cache=1616162428009 HTTP/1.1" 200 30
190.171.143.82 - - [19/Mar/2021:11:10:15 -0300] "POST /cormun/servlet/solicitudotadjuntos?e588257d24be67e28a436f349d53b108,INS,2021,16801,,1, HTTP/1.1" 200 116
190.171.143.82 - - [19/Mar/2021:11:10:15 -0300] "GET /cormun/servlet/hpexe_return? HTTP/1.1" 200 1024
190.171.143.82 - - [19/Mar/2021:11:10:16 -0300] "GET /cormun/servlet/trsolicitudadjuntos?2021,16801, HTTP/1.1" 200 9700
190.171.143.82 - - [19/Mar/2021:11:10:17 -0300] "GET /cormun/servlet/trsolicitudadjuntos?2021,16801, HTTP/1.1" 200 9698
190.171.143.82 - - [19/Mar/2021:11:10:21 -0300] "GET /cormun/servlet/solicitudotadjuntos?INS,2021,16801,,1, HTTP/1.1" 200 6391
190.171.143.82 - - [19/Mar/2021:11:10:22 -0300] "GET /cormun/static/about:blank HTTP/1.1" 404 1011
190.171.143.82 - - [19/Mar/2021:11:10:22 -0300] "GET /cormun/servlet/solicitudotadjuntos?INS,2021,16801,,1, HTTP/1.1" 200 6384
190.171.143.82 - - [19/Mar/2021:11:10:23 -0300] "GET /cormun/servlet/solicitudotadjuntos?a613605209e9d23df896aaae15584e67a950e18a73d7d3842804db7e000ab058b4bf18ffbb23ba687b864899717d0b28,gx-no-cache=1616162438520 HTTP/1.1" 200 30
190.171.143.82 - - [19/Mar/2021:11:10:23 -0300] "POST /cormun/servlet/solicitudotadjuntos?e588257d24be67e28a436f349d53b108,INS,2021,16801,,1,,gx-no-cache=1616162438636 HTTP/1.1" 200 4146
200.54.247.70 - - [19/Mar/2021:11:11:34 -0300] "GET /cormun/servlet/solicitudot?INS,0,0,false, HTTP/1.1" 200 15503
200.54.247.70 - - [19/Mar/2021:11:11:35 -0300] "GET /cormun/servlet/solicitudot?INS,0,0,false, HTTP/1.1" 200 15489
200.54.247.70 - - [19/Mar/2021:11:12:07 -0300] "POST /cormun/servlet/solicitudot?gx-no-cache=1616162543143 HTTP/1.1" 200 3691
200.54.247.70 - - [19/Mar/2021:11:12:07 -0300] "POST /cormun/servlet/solicitudot?7638dca8f484116d4463f6b75a24a483,INS,0,0,false,,gx-no-cache=1616162543288 HTTP/1.1" 200 12147
200.54.247.70 - - [19/Mar/2021:11:12:07 -0300] "GET /cormun/servlet/solicitudot?f10d0af59446e84cf0c914fbdecb1821576cd08d2e915743621e603cea809ac713bad804877457cc7dfdbe394e0f322e,gx-no-cache=1616162543456 HTTP/1.1" 200 111
200.54.247.70 - - [19/Mar/2021:11:12:07 -0300] "GET /cormun/static/Shared/jqueryui/images/ui-bg_highlight-soft_100_c6c2c8_1x100.png HTTP/1.1" 404 1117
200.54.247.70 - - [19/Mar/2021:11:12:07 -0300] "GET /cormun/static/Shared/jqueryui/images/ui-icons_82798d_256x240.png HTTP/1.1" 404 1089
200.54.247.70 - - [19/Mar/2021:11:12:07 -0300] "GET /cormun/static/Shared/jqueryui/images/ui-bg_flat_55_994d53_40x100.png HTTP/1.1" 404 1097
200.54.247.70 - - [19/Mar/2021:11:12:07 -0300] "GET /cormun/static/Shared/jqueryui/images/ui-icons_ebccce_256x240.png HTTP/1.1" 404 1089
190.171.143.82 - - [19/Mar/2021:11:12:36 -0300] "POST /cormun/servlet/solicitudotadjuntos?gx-no-cache=1616162572017 HTTP/1.1" 200 26
190.171.143.90 - - [19/Mar/2021:11:12:38 -0300] "GET /cormun/servlet/hlogin HTTP/1.1" 200 1723
190.171.143.82 - - [19/Mar/2021:11:12:41 -0300] "GET /cormun/servlet/solicitudotadjuntos?a613605209e9d23df896aaae15584e67ec0257ccd39c78d043450b7e71542135,gx-no-cache=1616162577435 HTTP/1.1" 200 30
190.171.143.82 - - [19/Mar/2021:11:12:41 -0300] "GET /cormun/servlet/solicitudotadjuntos?a613605209e9d23df896aaae15584e67ec0257ccd39c78d043450b7e71542135,gx-no-cache=1616162577455 HTTP/1.1" 200 30
190.171.143.90 - - [19/Mar/2021:11:12:51 -0300] "POST /cormun/servlet/hlogin?f9b0796a4cb460cda11fdc5786507415,gx-no-cache=1616162586440 HTTP/1.1" 200 90
190.171.143.90 - - [19/Mar/2021:11:12:51 -0300] "GET /cormun/servlet/hpexe_link HTTP/1.1" 200 954
190.171.143.90 - - [19/Mar/2021:11:12:51 -0300] "GET /cormun/servlet/trlicencias HTTP/1.1" 200 9768
190.171.143.90 - - [19/Mar/2021:11:12:52 -0300] "GET /cormun/servlet/trlicencias HTTP/1.1" 200 9766
190.171.143.90 - - [19/Mar/2021:11:13:13 -0300] "POST /cormun/servlet/trlicencias?f9b0796a4cb460cda11fdc5786507415,gx-no-cache=1616162608265 HTTP/1.1" 200 5693
205.185.127.244 - - [19/Mar/2021:11:13:21 -0300] "GET /config/getuser?index=0 HTTP/1.1" 404 989
89.248.168.219 - - [19/Mar/2021:11:13:28 -0300] "HEAD / HTTP/1.0" 200 -
186.67.172.234 - - [19/Mar/2021:11:13:29 -0300] "GET /cormun/servlet/trsolicitudot? HTTP/1.1" 200 7585
186.67.172.234 - - [19/Mar/2021:11:13:30 -0300] "GET /cormun/servlet/trsolicitudot? HTTP/1.1" 200 7585
190.171.143.90 - - [19/Mar/2021:11:14:58 -0300] "POST /cormun/servlet/trlicencias?f9b0796a4cb460cda11fdc5786507415,gx-no-cache=1616162713537 HTTP/1.1" 200 4471
190.171.143.90 - - [19/Mar/2021:11:15:03 -0300] "POST /cormun/servlet/trlicencias?f9b0796a4cb460cda11fdc5786507415,gx-no-cache=1616162717856 HTTP/1.1" 200 4470
190.171.143.90 - - [19/Mar/2021:11:15:08 -0300] "GET /cormun/servlet/licenciaspermisos?INS,0,,, HTTP/1.1" 200 7908
190.171.143.90 - - [19/Mar/2021:11:15:08 -0300] "GET /cormun/servlet/licenciaspermisos?INS,0,,, HTTP/1.1" 200 7916
190.171.143.82 - - [19/Mar/2021:11:15:12 -0300] "POST /cormun/servlet/solicitudotadjuntos?e588257d24be67e28a436f349d53b108,INS,2021,16801,,1, HTTP/1.1" 200 116
190.171.143.82 - - [19/Mar/2021:11:15:12 -0300] "GET /cormun/servlet/hpexe_return? HTTP/1.1" 200 1024
190.171.143.82 - - [19/Mar/2021:11:15:13 -0300] "GET /cormun/servlet/trsolicitudadjuntos?2021,16801, HTTP/1.1" 200 9924
190.171.143.82 - - [19/Mar/2021:11:15:14 -0300] "GET /cormun/servlet/trsolicitudadjuntos?2021,16801, HTTP/1.1" 200 9924
190.171.143.90 - - [19/Mar/2021:11:15:28 -0300] "GET /cormun/servlet/licenciaspermisos?ce170498f6a4da8c9d24f826320da8c79727461337edf0e1624487ec3994f47b22b510a5dc271015a06a6e92e99b91a910654ec9a20c93caf9864dc1dee8a2ba,gx-no-cache=1616162743439 HTTP/1.1" 200 86
190.171.143.90 - - [19/Mar/2021:11:15:28 -0300] "POST /cormun/servlet/licenciaspermisos?f9b0796a4cb460cda11fdc5786507415,INS,0,,,,gx-no-cache=1616162743569 HTTP/1.1" 200 5092
190.171.143.90 - - [19/Mar/2021:11:15:57 -0300] "GET /cormun/static/menuarrow.gif HTTP/1.1" 404 1015
190.171.143.90 - - [19/Mar/2021:11:17:44 -0300] "GET /cormun/servlet/licenciaspermisos?ce170498f6a4da8c9d24f826320da8c7a694bb2325111ef188d21a74def8b23c4b4a06e298af50e5a6d09083996b88d8bfd9617f5ee11d0cc355b865455e329f1ea69239f336a3b2468a055e002a59a08f6f6d009a39620eccdaafbd2f3eda14d96cc8c0619efed581eb6efaf040264ac76fd8dc40e70b5e6732c4dbdaac71c805a7af705d1d78a0a4aa088379e227c7b68d85e3d01c44de18b5badf22d3d692929bcf0fad1192f9ce5eb75cad4cf9a3,gx-no-cache=1616162878937 HTTP/1.1" 200 30
190.171.143.90 - - [19/Mar/2021:11:17:44 -0300] "GET /cormun/servlet/licenciaspermisos?ce170498f6a4da8c9d24f826320da8c786effdce0953196b67f0b484386dd195a06f650d1d17a353eb0a8723c6bc7b6e547b48762c9b5566c5b585f9336967811d7065958d38a61bb3bd41df4cc5a635e76202cb1e021a7614d162b825c7cd3ee4a5a6288142ade87373f6a5d9070901b4f0cd01913a5f77ad1dc809a6a7bdb4cd0058bb5b80ee00f2cbd5ff2a0f944e9c715ad33be79b2ddcdcf17cd7cf3ea37cb251032d5146e8e9770e83d76b9253,gx-no-cache=1616162878971 HTTP/1.1" 200 29
190.171.143.90 - - [19/Mar/2021:11:17:45 -0300] "POST /cormun/servlet/licenciaspermisos?f9b0796a4cb460cda11fdc5786507415,INS,0,,,,gx-no-cache=1616162878992 HTTP/1.1" 200 93
190.171.143.90 - - [19/Mar/2021:11:17:45 -0300] "GET /cormun/servlet/hpexe_return? HTTP/1.1" 200 1030
190.171.143.90 - - [19/Mar/2021:11:17:45 -0300] "GET /cormun/static/gxcfg.js?201991422392976 HTTP/1.1" 200 953
190.171.143.90 - - [19/Mar/2021:11:17:45 -0300] "GET /cormun/static/hpexe_return.js?201991422392984 HTTP/1.1" 200 1633
190.171.143.90 - - [19/Mar/2021:11:17:45 -0300] "GET /cormun/servlet/trlicencias?gx-no-cache=1616162717856 HTTP/1.1" 200 7302
190.171.143.90 - - [19/Mar/2021:11:17:45 -0300] "GET /cormun/servlet/trlicencias?gx-no-cache=1616162717856 HTTP/1.1" 200 7316
190.171.143.90 - - [19/Mar/2021:11:17:57 -0300] "GET /cormun/servlet/licenciaspermisos?INS,0,,, HTTP/1.1" 200 7926
190.171.143.90 - - [19/Mar/2021:11:17:57 -0300] "GET /cormun/servlet/licenciaspermisos?INS,0,,, HTTP/1.1" 200 7916
190.171.143.90 - - [19/Mar/2021:11:18:08 -0300] "GET /cormun/servlet/trlicencias? HTTP/1.1" 200 7299
190.171.143.90 - - [19/Mar/2021:11:18:08 -0300] "GET /cormun/servlet/trlicencias? HTTP/1.1" 200 7297
190.171.143.90 - - [19/Mar/2021:11:18:12 -0300] "POST /cormun/servlet/trlicencias?f9b0796a4cb460cda11fdc5786507415,,gx-no-cache=1616162907364 HTTP/1.1" 200 4470
190.171.143.90 - - [19/Mar/2021:11:18:29 -0300] "POST /cormun/servlet/trlicencias?f9b0796a4cb460cda11fdc5786507415,,gx-no-cache=1616162923832 HTTP/1.1" 200 4470
190.171.143.90 - - [19/Mar/2021:11:18:41 -0300] "GET /cormun/servlet/licenciaspermisos?INS,0,,, HTTP/1.1" 200 7908
190.171.143.90 - - [19/Mar/2021:11:18:41 -0300] "GET /cormun/servlet/licenciaspermisos?INS,0,,, HTTP/1.1" 200 7916
200.54.247.70 - - [19/Mar/2021:11:18:54 -0300] "GET /cormun/servlet/solicitudot?f10d0af59446e84cf0c914fbdecb18211cca9729c0579ee6572a8035cfe11a3ead396443fbb3f62406ae11f096db517d,gx-no-cache=1616162950785 HTTP/1.1" 200 30
190.171.143.90 - - [19/Mar/2021:11:18:58 -0300] "GET /cormun/servlet/trlicencias? HTTP/1.1" 200 7299
190.171.143.90 - - [19/Mar/2021:11:18:58 -0300] "GET /cormun/servlet/trlicencias? HTTP/1.1" 200 7297
190.171.143.90 - - [19/Mar/2021:11:19:01 -0300] "GET /cormun/servlet/trlicencias? HTTP/1.1" 200 7297
190.171.143.90 - - [19/Mar/2021:11:19:01 -0300] "GET /cormun/servlet/trlicencias? HTTP/1.1" 200 7297
190.171.143.90 - - [19/Mar/2021:11:19:11 -0300] "POST /cormun/servlet/trlicencias?f9b0796a4cb460cda11fdc5786507415,,gx-no-cache=1616162966627 HTTP/1.1" 200 4471
190.171.143.90 - - [19/Mar/2021:11:19:13 -0300] "POST /cormun/servlet/trlicencias?f9b0796a4cb460cda11fdc5786507415,,gx-no-cache=1616162968015 HTTP/1.1" 200 4471
190.171.143.90 - - [19/Mar/2021:11:19:13 -0300] "POST /cormun/servlet/trlicencias?f9b0796a4cb460cda11fdc5786507415,,gx-no-cache=1616162968263 HTTP/1.1" 200 4471
190.171.143.90 - - [19/Mar/2021:11:19:17 -0300] "POST /cormun/servlet/trlicencias?f9b0796a4cb460cda11fdc5786507415,,gx-no-cache=1616162971609 HTTP/1.1" 200 101
190.171.143.90 - - [19/Mar/2021:11:19:17 -0300] "POST /cormun/servlet/trlicencias?f9b0796a4cb460cda11fdc5786507415,,gx-no-cache=1616162971793 HTTP/1.1" 200 4448
190.171.143.90 - - [19/Mar/2021:11:19:17 -0300] "GET /cormun/Licencias-5418.xls HTTP/1.1" 200 4608
190.171.143.90 - - [19/Mar/2021:11:19:31 -0300] "GET /cormun/servlet/licenciaspermisos?INS,0,,, HTTP/1.1" 200 7908
190.171.143.90 - - [19/Mar/2021:11:19:31 -0300] "GET /cormun/servlet/licenciaspermisos?INS,0,,, HTTP/1.1" 200 7916
190.171.143.90 - - [19/Mar/2021:11:19:53 -0300] "GET /cormun/servlet/licenciaspermisos?ce170498f6a4da8c9d24f826320da8c79727461337edf0e1624487ec3994f47b22b510a5dc271015a06a6e92e99b91a910654ec9a20c93caf9864dc1dee8a2ba,gx-no-cache=1616163007901 HTTP/1.1" 200 86
190.171.143.90 - - [19/Mar/2021:11:19:53 -0300] "POST /cormun/servlet/licenciaspermisos?f9b0796a4cb460cda11fdc5786507415,INS,0,,,,gx-no-cache=1616163007950 HTTP/1.1" 200 5091
190.171.143.90 - - [19/Mar/2021:11:20:23 -0300] "GET /cormun/static/menuarrow.gif HTTP/1.1" 404 1015
190.171.143.82 - - [19/Mar/2021:11:21:52 -0300] "GET /cormun/servlet/solicitudotadjuntos?INS,2021,16801,,1, HTTP/1.1" 200 6392
190.171.143.82 - - [19/Mar/2021:11:21:52 -0300] "GET /cormun/static/about:blank HTTP/1.1" 404 1011
190.171.143.82 - - [19/Mar/2021:11:21:53 -0300] "GET /cormun/servlet/solicitudotadjuntos?INS,2021,16801,,1, HTTP/1.1" 200 6385
190.171.143.82 - - [19/Mar/2021:11:21:53 -0300] "GET /cormun/servlet/solicitudotadjuntos?a613605209e9d23df896aaae15584e67a950e18a73d7d3842804db7e000ab058b4bf18ffbb23ba687b864899717d0b28,gx-no-cache=1616163129046 HTTP/1.1" 200 30
190.171.143.82 - - [19/Mar/2021:11:21:53 -0300] "POST /cormun/servlet/solicitudotadjuntos?e588257d24be67e28a436f349d53b108,INS,2021,16801,,1,,gx-no-cache=1616163129075 HTTP/1.1" 200 4146
201.219.233.52 - - [19/Mar/2021:11:21:54 -0300] "GET /cormun/servlet/solicitudotadjuntos?INS,2021,16799,,1, HTTP/1.1" 200 6365
201.219.233.52 - - [19/Mar/2021:11:21:55 -0300] "GET /cormun/static/about:blank HTTP/1.1" 404 1011
201.219.233.52 - - [19/Mar/2021:11:21:56 -0300] "GET /cormun/servlet/solicitudotadjuntos?INS,2021,16799,,1, HTTP/1.1" 200 6358
201.219.233.52 - - [19/Mar/2021:11:21:56 -0300] "GET /cormun/servlet/solicitudotadjuntos?a1735b045d63fc867e74a52252e81c55c09673f48acf012a3ca033a009642f5c56f171dbc2089463bf482fbb8187a479,gx-no-cache=1616163131245 HTTP/1.1" 200 30
201.219.233.52 - - [19/Mar/2021:11:21:57 -0300] "POST /cormun/servlet/solicitudotadjuntos?c35d26cd8ac4a034411a019d69ecdb57,INS,2021,16799,,1,,gx-no-cache=1616163131436 HTTP/1.1" 200 4181
190.171.143.82 - - [19/Mar/2021:11:21:57 -0300] "POST /cormun/servlet/solicitudotadjuntos?gx-no-cache=1616163132876 HTTP/1.1" 200 26
201.219.233.52 - - [19/Mar/2021:11:22:00 -0300] "POST /cormun/servlet/solicitudotadjuntos?gx-no-cache=1616163134689 HTTP/1.1" 200 26
190.171.143.82 - - [19/Mar/2021:11:22:04 -0300] "GET /cormun/servlet/solicitudotadjuntos?a613605209e9d23df896aaae15584e67ec0257ccd39c78d043450b7e71542135,gx-no-cache=1616163140190 HTTP/1.1" 200 30
190.171.143.82 - - [19/Mar/2021:11:22:04 -0300] "GET /cormun/servlet/solicitudotadjuntos?a613605209e9d23df896aaae15584e67ec0257ccd39c78d043450b7e71542135,gx-no-cache=1616163140208 HTTP/1.1" 200 30
190.171.143.82 - - [19/Mar/2021:11:22:06 -0300] "POST /cormun/servlet/solicitudotadjuntos?e588257d24be67e28a436f349d53b108,INS,2021,16801,,1, HTTP/1.1" 200 116
190.171.143.82 - - [19/Mar/2021:11:22:06 -0300] "GET /cormun/servlet/hpexe_return? HTTP/1.1" 200 1024
190.171.143.82 - - [19/Mar/2021:11:22:07 -0300] "GET /cormun/servlet/trsolicitudadjuntos?2021,16801, HTTP/1.1" 200 10174
190.171.143.82 - - [19/Mar/2021:11:22:09 -0300] "GET /cormun/servlet/trsolicitudadjuntos?2021,16801, HTTP/1.1" 200 10175
201.219.233.52 - - [19/Mar/2021:11:22:09 -0300] "GET /cormun/servlet/solicitudotadjuntos?a1735b045d63fc867e74a52252e81c551a5f2f8e1aa40e1e2057ce09fb7edcf4,gx-no-cache=1616163143168 HTTP/1.1" 200 30
201.219.233.52 - - [19/Mar/2021:11:22:10 -0300] "GET /cormun/servlet/solicitudotadjuntos?a1735b045d63fc867e74a52252e81c551a5f2f8e1aa40e1e2057ce09fb7edcf4,gx-no-cache=1616163144753 HTTP/1.1" 200 30
190.171.143.90 - - [19/Mar/2021:11:22:13 -0300] "GET /cormun/servlet/licenciaspermisos?ce170498f6a4da8c9d24f826320da8c7a694bb2325111ef188d21a74def8b23c4b4a06e298af50e5a6d09083996b88d8bfd9617f5ee11d0cc355b865455e329f1ea69239f336a3b2468a055e002a59a08f6f6d009a39620eccdaafbd2f3eda14d96cc8c0619efed581eb6efaf040264ac76fd8dc40e70b5e6732c4dbdaac71c805a7af705d1d78a0a4aa088379e227c7b68d85e3d01c44de18b5badf22d3d692929bcf0fad1192f9ce5eb75cad4cf9a3,gx-no-cache=1616163147889 HTTP/1.1" 200 30
190.171.143.90 - - [19/Mar/2021:11:22:13 -0300] "GET /cormun/servlet/licenciaspermisos?ce170498f6a4da8c9d24f826320da8c786effdce0953196b67f0b484386dd195a06f650d1d17a353eb0a8723c6bc7b6e547b48762c9b5566c5b585f9336967811d7065958d38a61bb3bd41df4cc5a635e76202cb1e021a7614d162b825c7cd3ee4a5a6288142ade87373f6a5d9070901b4f0cd01913a5f77ad1dc809a6a7bdb4cd0058bb5b80ee00f2cbd5ff2a0f944e9c715ad33be79b2ddcdcf17cd7cf3ea37cb251032d5146e8e9770e83d76b9253,gx-no-cache=1616163147928 HTTP/1.1" 200 29
190.171.143.90 - - [19/Mar/2021:11:22:13 -0300] "POST /cormun/servlet/licenciaspermisos?f9b0796a4cb460cda11fdc5786507415,INS,0,,,,gx-no-cache=1616163147950 HTTP/1.1" 200 5246
190.171.143.90 - - [19/Mar/2021:11:22:13 -0300] "GET /cormun/static/Shared/jqueryui/images/ui-bg_highlight-soft_100_c6c2c8_1x100.png HTTP/1.1" 404 1117
190.171.143.90 - - [19/Mar/2021:11:22:13 -0300] "GET /cormun/static/Shared/jqueryui/images/ui-icons_82798d_256x240.png HTTP/1.1" 404 1089
190.171.143.90 - - [19/Mar/2021:11:22:13 -0300] "GET /cormun/static/Shared/jqueryui/images/ui-bg_flat_55_994d53_40x100.png HTTP/1.1" 404 1097
190.171.143.90 - - [19/Mar/2021:11:22:13 -0300] "GET /cormun/static/Shared/jqueryui/images/ui-icons_ebccce_256x240.png HTTP/1.1" 404 1089
201.219.233.52 - - [19/Mar/2021:11:22:15 -0300] "POST /cormun/servlet/solicitudotadjuntos?c35d26cd8ac4a034411a019d69ecdb57,INS,2021,16799,,1, HTTP/1.1" 200 116
201.219.233.52 - - [19/Mar/2021:11:22:15 -0300] "GET /cormun/servlet/hpexe_return? HTTP/1.1" 200 1024
190.171.143.82 - - [19/Mar/2021:11:22:15 -0300] "GET /cormun/servlet/solicitudotadjuntos?INS,2021,16801,,1, HTTP/1.1" 200 6391
190.171.143.82 - - [19/Mar/2021:11:22:16 -0300] "GET /cormun/static/about:blank HTTP/1.1" 404 1011
190.171.143.82 - - [19/Mar/2021:11:22:16 -0300] "GET /cormun/servlet/solicitudotadjuntos?INS,2021,16801,,1, HTTP/1.1" 200 6384
201.219.233.52 - - [19/Mar/2021:11:22:16 -0300] "GET /cormun/servlet/trsolicitudadjuntos?2021,16799, HTTP/1.1" 200 10506
190.171.143.82 - - [19/Mar/2021:11:22:16 -0300] "GET /cormun/servlet/solicitudotadjuntos?a613605209e9d23df896aaae15584e67a950e18a73d7d3842804db7e000ab058b4bf18ffbb23ba687b864899717d0b28,gx-no-cache=1616163152474 HTTP/1.1" 200 30
190.171.143.82 - - [19/Mar/2021:11:22:17 -0300] "POST /cormun/servlet/solicitudotadjuntos?e588257d24be67e28a436f349d53b108,INS,2021,16801,,1,,gx-no-cache=1616163152516 HTTP/1.1" 200 4146
201.219.233.52 - - [19/Mar/2021:11:22:17 -0300] "GET /cormun/servlet/trsolicitudadjuntos?2021,16799, HTTP/1.1" 200 10509
201.219.233.52 - - [19/Mar/2021:11:22:25 -0300] "GET /cormun/servlet/trsolicitudot? HTTP/1.1" 200 8944
201.219.233.52 - - [19/Mar/2021:11:22:26 -0300] "GET /cormun/servlet/trsolicitudot? HTTP/1.1" 200 8937
190.171.143.90 - - [19/Mar/2021:11:22:30 -0300] "POST /cormun/servlet/licenciaspermisos?f9b0796a4cb460cda11fdc5786507415,INS,0,,,,gx-no-cache=1616163164832 HTTP/1.1" 200 93
190.171.143.90 - - [19/Mar/2021:11:22:30 -0300] "GET /cormun/servlet/hpexe_return? HTTP/1.1" 200 1010
190.171.143.90 - - [19/Mar/2021:11:22:30 -0300] "GET /cormun/servlet/trlicencias? HTTP/1.1" 200 7302
190.171.143.90 - - [19/Mar/2021:11:22:30 -0300] "GET /cormun/servlet/trlicencias? HTTP/1.1" 200 7297
190.171.143.82 - - [19/Mar/2021:11:22:38 -0300] "POST /cormun/servlet/solicitudotadjuntos?gx-no-cache=1616163174326 HTTP/1.1" 200 26
190.171.143.90 - - [19/Mar/2021:11:22:41 -0300] "GET /cormun/servlet/licenciaspermisos?INS,0,,, HTTP/1.1" 200 7908
190.171.143.90 - - [19/Mar/2021:11:22:41 -0300] "GET /cormun/servlet/licenciaspermisos?INS,0,,, HTTP/1.1" 200 7916
190.171.143.90 - - [19/Mar/2021:11:22:44 -0300] "POST /cormun/servlet/licenciaspermisos?f9b0796a4cb460cda11fdc5786507415,INS,0,,,,gx-no-cache=1616163179154 HTTP/1.1" 200 93
190.171.143.90 - - [19/Mar/2021:11:22:44 -0300] "GET /cormun/servlet/hpexe_return? HTTP/1.1" 200 1009
190.171.143.82 - - [19/Mar/2021:11:22:44 -0300] "GET /cormun/servlet/solicitudotadjuntos?a613605209e9d23df896aaae15584e67ec0257ccd39c78d043450b7e71542135,gx-no-cache=1616163180057 HTTP/1.1" 200 30
190.171.143.82 - - [19/Mar/2021:11:22:44 -0300] "GET /cormun/servlet/solicitudotadjuntos?a613605209e9d23df896aaae15584e67ec0257ccd39c78d043450b7e71542135,gx-no-cache=1616163180081 HTTP/1.1" 200 30
190.171.143.90 - - [19/Mar/2021:11:22:44 -0300] "GET /cormun/servlet/trlicencias HTTP/1.1" 200 7302
190.171.143.90 - - [19/Mar/2021:11:22:45 -0300] "GET /cormun/servlet/trlicencias HTTP/1.1" 200 7297
190.171.143.82 - - [19/Mar/2021:11:22:46 -0300] "POST /cormun/servlet/solicitudotadjuntos?e588257d24be67e28a436f349d53b108,INS,2021,16801,,1, HTTP/1.1" 200 116
190.171.143.82 - - [19/Mar/2021:11:22:46 -0300] "GET /cormun/servlet/hpexe_return? HTTP/1.1" 200 1024
190.171.143.90 - - [19/Mar/2021:11:22:47 -0300] "POST /cormun/servlet/trlicencias?f9b0796a4cb460cda11fdc5786507415,gx-no-cache=1616163181824 HTTP/1.1" 200 4473
190.171.143.82 - - [19/Mar/2021:11:22:47 -0300] "GET /cormun/servlet/trsolicitudadjuntos?2021,16801, HTTP/1.1" 200 10329
190.171.143.90 - - [19/Mar/2021:11:22:49 -0300] "POST /cormun/servlet/trlicencias?f9b0796a4cb460cda11fdc5786507415,gx-no-cache=1616163183559 HTTP/1.1" 200 4473
190.171.143.82 - - [19/Mar/2021:11:22:49 -0300] "GET /cormun/servlet/trsolicitudadjuntos?2021,16801, HTTP/1.1" 200 10322
190.171.143.82 - - [19/Mar/2021:11:22:53 -0300] "GET /cormun/servlet/trsolicitudot? HTTP/1.1" 200 8850
190.171.143.82 - - [19/Mar/2021:11:22:53 -0300] "GET /cormun/servlet/trsolicitudot? HTTP/1.1" 200 8843
190.171.143.82 - - [19/Mar/2021:11:22:57 -0300] "POST /cormun/servlet/trsolicitudot?e588257d24be67e28a436f349d53b108,,gx-no-cache=1616163193000 HTTP/1.1" 200 4604
190.171.143.82 - - [19/Mar/2021:11:22:57 -0300] "GET /cormun/static/Shared/jqueryui/images/ui-bg_highlight-soft_100_c6c2c8_1x100.png HTTP/1.1" 404 1117
190.171.143.82 - - [19/Mar/2021:11:22:57 -0300] "GET /cormun/static/Shared/jqueryui/images/ui-icons_82798d_256x240.png HTTP/1.1" 404 1089
190.171.143.82 - - [19/Mar/2021:11:22:57 -0300] "GET /cormun/static/Shared/jqueryui/images/ui-bg_flat_55_fafafa_40x100.png HTTP/1.1" 404 1097
190.171.143.82 - - [19/Mar/2021:11:22:57 -0300] "GET /cormun/static/Shared/jqueryui/images/ui-icons_8d78a5_256x240.png HTTP/1.1" 404 1089
190.171.143.82 - - [19/Mar/2021:11:22:57 -0300] "POST /cormun/servlet/trsolicitudot?e588257d24be67e28a436f349d53b108,,gx-no-cache=1616163193290 HTTP/1.1" 200 4360
201.219.233.52 - - [19/Mar/2021:11:22:58 -0300] "POST /cormun/servlet/trsolicitudot?c35d26cd8ac4a034411a019d69ecdb57,,gx-no-cache=1616163191673 HTTP/1.1" 200 4853
201.219.233.52 - - [19/Mar/2021:11:22:59 -0300] "GET /cormun/static/Shared/jqueryui/images/ui-bg_highlight-soft_100_c6c2c8_1x100.png HTTP/1.1" 404 1117
201.219.233.52 - - [19/Mar/2021:11:22:59 -0300] "GET /cormun/static/Shared/jqueryui/images/ui-icons_82798d_256x240.png HTTP/1.1" 404 1089
201.219.233.52 - - [19/Mar/2021:11:22:59 -0300] "GET /cormun/static/Shared/jqueryui/images/ui-bg_flat_55_fafafa_40x100.png HTTP/1.1" 404 1097
201.219.233.52 - - [19/Mar/2021:11:22:59 -0300] "GET /cormun/static/Shared/jqueryui/images/ui-icons_8d78a5_256x240.png HTTP/1.1" 404 1089
201.219.233.52 - - [19/Mar/2021:11:22:59 -0300] "POST /cormun/servlet/trsolicitudot?c35d26cd8ac4a034411a019d69ecdb57,,gx-no-cache=1616163194022 HTTP/1.1" 200 4625
190.171.143.82 - - [19/Mar/2021:11:23:01 -0300] "GET /cormun/servlet/trautorizarsolicitud? HTTP/1.1" 200 8862
190.171.143.82 - - [19/Mar/2021:11:23:01 -0300] "GET /cormun/servlet/trautorizarsolicitud? HTTP/1.1" 200 8862
190.171.143.90 - - [19/Mar/2021:11:23:03 -0300] "GET /cormun/servlet/trlicencias? HTTP/1.1" 200 7297
190.171.143.90 - - [19/Mar/2021:11:23:03 -0300] "GET /cormun/servlet/trlicencias? HTTP/1.1" 200 7297
190.171.143.82 - - [19/Mar/2021:11:23:07 -0300] "POST /cormun/servlet/trautorizarsolicitud?e588257d24be67e28a436f349d53b108,,gx-no-cache=1616163203369 HTTP/1.1" 200 4783
190.171.143.82 - - [19/Mar/2021:11:23:08 -0300] "GET /cormun/static/Shared/jqueryui/images/ui-icons_82798d_256x240.png HTTP/1.1" 404 1089
190.171.143.82 - - [19/Mar/2021:11:23:08 -0300] "GET /cormun/static/Shared/jqueryui/images/ui-bg_highlight-soft_100_c6c2c8_1x100.png HTTP/1.1" 404 1117
190.171.143.82 - - [19/Mar/2021:11:23:08 -0300] "GET /cormun/static/Shared/jqueryui/images/ui-bg_flat_55_fafafa_40x100.png HTTP/1.1" 404 1097
190.171.143.82 - - [19/Mar/2021:11:23:08 -0300] "GET /cormun/static/Shared/jqueryui/images/ui-icons_8d78a5_256x240.png HTTP/1.1" 404 1089
190.171.143.82 - - [19/Mar/2021:11:23:08 -0300] "POST /cormun/servlet/trautorizarsolicitud?e588257d24be67e28a436f349d53b108,,gx-no-cache=1616163203696 HTTP/1.1" 200 4539
201.219.233.52 - - [19/Mar/2021:11:23:11 -0300] "GET /cormun/servlet/trautorizarsolicitud? HTTP/1.1" 200 8828
190.171.143.90 - - [19/Mar/2021:11:23:12 -0300] "GET /cormun/servlet/licenciaspermisos?INS,0,,, HTTP/1.1" 200 7908
190.171.143.90 - - [19/Mar/2021:11:23:12 -0300] "GET /cormun/servlet/licenciaspermisos?INS,0,,, HTTP/1.1" 200 7916
201.219.233.52 - - [19/Mar/2021:11:23:12 -0300] "GET /cormun/static/gxcfg.js?201991422414522 HTTP/1.1" 200 953
201.219.233.52 - - [19/Mar/2021:11:23:12 -0300] "GET /cormun/static/trautorizarsolicitud.js?201991422415463 HTTP/1.1" 200 53910
201.219.233.52 - - [19/Mar/2021:11:23:13 -0300] "GET /cormun/servlet/trautorizarsolicitud? HTTP/1.1" 200 8828
190.171.143.90 - - [19/Mar/2021:11:23:15 -0300] "GET /cormun/servlet/trlicencias? HTTP/1.1" 200 7299
190.171.143.90 - - [19/Mar/2021:11:23:15 -0300] "GET /cormun/servlet/trlicencias? HTTP/1.1" 200 7297
190.171.143.90 - - [19/Mar/2021:11:23:17 -0300] "POST /cormun/servlet/trlicencias?f9b0796a4cb460cda11fdc5786507415,,gx-no-cache=1616163212499 HTTP/1.1" 200 101
190.171.143.90 - - [19/Mar/2021:11:23:17 -0300] "POST /cormun/servlet/trlicencias?f9b0796a4cb460cda11fdc5786507415,,gx-no-cache=1616163212589 HTTP/1.1" 200 4447
190.171.143.90 - - [19/Mar/2021:11:23:17 -0300] "GET /cormun/Licencias-3457.xls HTTP/1.1" 200 4608
190.171.143.90 - - [19/Mar/2021:11:23:23 -0300] "GET /cormun/servlet/trlicencias? HTTP/1.1" 200 7297
190.171.143.90 - - [19/Mar/2021:11:23:23 -0300] "GET /cormun/servlet/trlicencias? HTTP/1.1" 200 7297
201.219.233.52 - - [19/Mar/2021:11:24:01 -0300] "POST /cormun/servlet/trautorizarsolicitud?c35d26cd8ac4a034411a019d69ecdb57,,gx-no-cache=1616163254334 HTTP/1.1" 200 4771
201.219.233.52 - - [19/Mar/2021:11:24:01 -0300] "GET /cormun/static/Shared/jqueryui/images/ui-bg_highlight-soft_100_c6c2c8_1x100.png HTTP/1.1" 404 1117
201.219.233.52 - - [19/Mar/2021:11:24:02 -0300] "GET /cormun/static/Shared/jqueryui/images/ui-icons_82798d_256x240.png HTTP/1.1" 404 1089
201.219.233.52 - - [19/Mar/2021:11:24:02 -0300] "GET /cormun/static/Shared/jqueryui/images/ui-bg_flat_55_fafafa_40x100.png HTTP/1.1" 404 1097
201.219.233.52 - - [19/Mar/2021:11:24:02 -0300] "GET /cormun/static/Shared/jqueryui/images/ui-icons_8d78a5_256x240.png HTTP/1.1" 404 1089
201.219.233.52 - - [19/Mar/2021:11:24:02 -0300] "POST /cormun/servlet/trautorizarsolicitud?c35d26cd8ac4a034411a019d69ecdb57,,gx-no-cache=1616163256634 HTTP/1.1" 200 4541
201.219.233.52 - - [19/Mar/2021:11:24:10 -0300] "GET /cormun/servlet/trautorizarsolicitud? HTTP/1.1" 200 7439
201.219.233.52 - - [19/Mar/2021:11:24:11 -0300] "GET /cormun/servlet/trautorizarsolicitud? HTTP/1.1" 200 7439
201.219.233.52 - - [19/Mar/2021:11:24:20 -0300] "POST /cormun/servlet/trautorizarsolicitud?c35d26cd8ac4a034411a019d69ecdb57,,gx-no-cache=1616163273348 HTTP/1.1" 200 4559
201.219.233.52 - - [19/Mar/2021:11:24:29 -0300] "GET /cormun/servlet/trvisualizadoreventos? HTTP/1.1" 200 7099
201.219.233.52 - - [19/Mar/2021:11:24:29 -0300] "GET /cormun/static/gxcfg.js?20199142243133 HTTP/1.1" 200 953
201.219.233.52 - - [19/Mar/2021:11:24:29 -0300] "GET /cormun/static/Resources/PXToolsActionPrint.png HTTP/1.1" 200 404
201.219.233.52 - - [19/Mar/2021:11:24:29 -0300] "GET /cormun/static/trvisualizadoreventos.js?201991422431650 HTTP/1.1" 200 19318
201.219.233.52 - - [19/Mar/2021:11:24:30 -0300] "GET /cormun/servlet/trvisualizadoreventos? HTTP/1.1" 200 7098
201.219.233.52 - - [19/Mar/2021:11:24:39 -0300] "POST /cormun/servlet/trvisualizadoreventos?c35d26cd8ac4a034411a019d69ecdb57,,gx-no-cache=1616163293765 HTTP/1.1" 200 4285
201.219.233.52 - - [19/Mar/2021:11:24:49 -0300] "POST /cormun/servlet/trvisualizadoreventos?c35d26cd8ac4a034411a019d69ecdb57,,gx-no-cache=1616163303238 HTTP/1.1" 200 4286
200.54.247.70 - - [19/Mar/2021:11:26:51 -0300] "GET /cormun/servlet/solicitudot?f10d0af59446e84cf0c914fbdecb182182f87bff71ebde0247c3aa183fddf406,gx-no-cache=1616163427290 HTTP/1.1" 200 94
200.54.247.70 - - [19/Mar/2021:11:26:51 -0300] "GET /cormun/servlet/solicitudot?f10d0af59446e84cf0c914fbdecb18218a689fb4f029b2cb26b25e3a5fcba009,gx-no-cache=1616163427343 HTTP/1.1" 200 29
200.54.247.70 - - [19/Mar/2021:11:26:51 -0300] "POST /cormun/servlet/solicitudot?gx-no-cache=1616163427375 HTTP/1.1" 200 297
200.54.247.70 - - [19/Mar/2021:11:26:51 -0300] "GET /cormun/servlet/solicitudot?f10d0af59446e84cf0c914fbdecb18212b501436170e300ab8bd81386f2c2beacc26f3c2b853989e62ec281c613345775a059ebc85d9b2c34222a580061450e8a4e8f901a2db9b09beeabef4a9da5a8f1fc33cf240b89a1d3e38c48abfa09a98d40ab25b1ce5b268d9d98196158a01252bbb146b20bf3db1f19402339becadb7f7724530056680028a8623f9d2eb231717fcd91c0a2a84fdc3246fe61b172cdfa7a796b76f22095fb10d04da5c3ffccb76b412461f070e711b1a88d26454b52136b83d2730924e9986057dfe772fbe619e82f65813a02d000437768ffffdef24e221538d51221bf702a024bbf89e5afc9057f5bec8fc11ca58330bd476f76e1af904c5351245b1e2d6ea858dcdd05800c90960488203c19103942d5096be5e2692696fbd2c840d20620cc3df94513298f394fbe451ad1eef17ac02a4a19526a5b4e598911c086e63d9fc6579cd0fde8862aacaeb338b58d98506dc8e80378621b93d95e890fb374753a3c403b39c6c36e0902e6db01a0f1199a2a25661d1c0fa930a185dc52180b932188dc2cf3c5ee7,gx-no-cache=1616163427412 HTTP/1.1" 200 30
200.54.247.70 - - [19/Mar/2021:11:27:35 -0300] "POST /cormun/servlet/solicitudot?gx-no-cache=1616163471030 HTTP/1.1" 200 30
200.54.247.70 - - [19/Mar/2021:11:27:39 -0300] "POST /cormun/servlet/solicitudot?gx-no-cache=1616163475565 HTTP/1.1" 200 30
200.54.247.70 - - [19/Mar/2021:11:28:44 -0300] "POST /cormun/servlet/solicitudot?gx-no-cache=1616163540492 HTTP/1.1" 200 254
200.54.247.70 - - [19/Mar/2021:11:28:49 -0300] "GET /cormun/servlet/solicitudot?f10d0af59446e84cf0c914fbdecb18212b501436170e300ab8bd81386f2c2bea9dff2aa602704c11197b846c2061e0a95a059ebc85d9b2c34222a580061450e8a4e8f901a2db9b09beeabef4a9da5a8f1fc33cf240b89a1d3e38c48abfa09a98d40ab25b1ce5b268d9d98196158a01252bbb146b20bf3db1f19402339becadb7f7724530056680028a8623f9d2eb231717fcd91c0a2a84fdc3246fe61b172cdfa7a796b76f22095fb10d04da5c3ffccb76b412461f070e711b1a88d26454b52136b83d2730924e9986057dfe772fbe619e82f65813a02d000437768ffffdef24e221538d51221bf702a024bbf89e5afcba26a64fdc4291d0eb095b916c7ad106f904c5351245b1e2d6ea858dcdd05800f256dc27bef4c3ee8658d5f545924b487d9cd83983489f11d29f47d078ebda5f6998760fcf419b4a6b5c603d64523924d0a7d3195af5166bf41675f884d242e5164c4d864163dc3f143a94cf1f947e639e244ad4af9421506dbfe28124a14a237f9e046413353e884a8ebfac1fab2aff,gx-no-cache=1616163545720 HTTP/1.1" 200 30
200.54.247.70 - - [19/Mar/2021:11:30:16 -0300] "GET /cormun/servlet/solicitudot?f10d0af59446e84cf0c914fbdecb1821f1b9c564784040209593cc411acde0f3682c5d66caaafa0f1084d8e00d858bd5,gx-no-cache=1616163631972 HTTP/1.1" 200 30
200.54.247.70 - - [19/Mar/2021:11:30:40 -0300] "GET /cormun/servlet/prcontratosol?19359485,,,,,MD,,gxPopupLevel%3D0%3B HTTP/1.1" 200 7707
200.54.247.70 - - [19/Mar/2021:11:31:00 -0300] "POST /cormun/servlet/solicitudot?gx-no-cache=1616163676494 HTTP/1.1" 200 30
200.54.247.70 - - [19/Mar/2021:11:31:00 -0300] "POST /cormun/servlet/solicitudot?gx-no-cache=1616163676553 HTTP/1.1" 200 1440
200.54.247.70 - - [19/Mar/2021:11:31:00 -0300] "POST /cormun/servlet/solicitudot?gx-no-cache=1616163676602 HTTP/1.1" 200 38
200.54.247.70 - - [19/Mar/2021:11:31:00 -0300] "GET /cormun/servlet/solicitudot?f10d0af59446e84cf0c914fbdecb182126d2a005296348ca1c410d7b02c7e7f2a33d219ad0ecf594b01b8d83b6827e21184eb7591f2ddabc47ade7427c297aac209fc6e67d532a148dc58ef42a759cd4294daab1f989d2fa341e9bc8534ccbe8d8e7685717fa196efd378f25756e2da0,gx-no-cache=1616163676640 HTTP/1.1" 200 110
200.54.247.70 - - [19/Mar/2021:11:31:00 -0300] "POST /cormun/servlet/solicitudot?gx-no-cache=1616163676863 HTTP/1.1" 200 97
200.54.247.70 - - [19/Mar/2021:11:31:01 -0300] "GET /cormun/servlet/solicitudot?f10d0af59446e84cf0c914fbdecb1821b629726b19a9b5ad1662a3798a390404bb75bfe1af7d272dbf2cacb102ffd0539260b701da0e7897690417a4c8750b50e1e2d5e444ffb81f475b3d615f0c1fd9aea8a43f9b59b2095415f12af5de5d84d514501ca1444a39beb6f6e0ee64e96b,gx-no-cache=1616163676898 HTTP/1.1" 200 29
200.54.247.70 - - [19/Mar/2021:11:31:01 -0300] "GET /cormun/servlet/solicitudot?f10d0af59446e84cf0c914fbdecb1821472c0d17d94254e20ee01905a0db28cc883eaacbcde86e9ad680b559f0a8815c,gx-no-cache=1616163676923 HTTP/1.1" 200 134
200.54.247.70 - - [19/Mar/2021:11:31:14 -0300] "GET /cormun/static/menuarrow.gif HTTP/1.1" 404 1015
200.54.247.70 - - [19/Mar/2021:11:32:19 -0300] "GET /cormun/servlet/solicitudot?f10d0af59446e84cf0c914fbdecb18212b60810e69aa2100b532f45f514a4f3f161419e2e03267824f865a29f2f55bfd,gx-no-cache=1616163755819 HTTP/1.1" 200 30
200.54.247.70 - - [19/Mar/2021:11:32:28 -0300] "POST /cormun/servlet/solicitudot?gx-no-cache=1616163764352 HTTP/1.1" 200 137
200.54.247.70 - - [19/Mar/2021:11:33:32 -0300] "POST /cormun/servlet/solicitudot?gx-no-cache=1616163828390 HTTP/1.1" 200 30
200.54.247.70 - - [19/Mar/2021:11:33:36 -0300] "POST /cormun/servlet/solicitudot?7638dca8f484116d4463f6b75a24a483,INS,0,0,false,,gx-no-cache=1616163828492 HTTP/1.1" 200 93
200.54.247.70 - - [19/Mar/2021:11:33:37 -0300] "GET /cormun/servlet/hpexe_return? HTTP/1.1" 200 1023
200.54.247.70 - - [19/Mar/2021:11:33:37 -0300] "GET /cormun/servlet/trsolicitudot?gx-no-cache=1616159640779 HTTP/1.1" 200 8600
200.54.247.70 - - [19/Mar/2021:11:33:37 -0300] "GET /cormun/servlet/trsolicitudot?gx-no-cache=1616159640779 HTTP/1.1" 200 8616
200.54.247.70 - - [19/Mar/2021:11:33:42 -0300] "POST /cormun/servlet/trsolicitudot?7638dca8f484116d4463f6b75a24a483,gx-no-cache=1616159640779,gx-no-cache=1616163838169 HTTP/1.1" 200 4547
200.54.247.70 - - [19/Mar/2021:11:33:42 -0300] "GET /cormun/static/Shared/jqueryui/images/ui-bg_highlight-soft_100_c6c2c8_1x100.png HTTP/1.1" 404 1117
200.54.247.70 - - [19/Mar/2021:11:33:42 -0300] "GET /cormun/static/Shared/jqueryui/images/ui-bg_flat_55_fafafa_40x100.png HTTP/1.1" 404 1097
200.54.247.70 - - [19/Mar/2021:11:33:42 -0300] "GET /cormun/static/Shared/jqueryui/images/ui-icons_8d78a5_256x240.png HTTP/1.1" 404 1089
200.54.247.70 - - [19/Mar/2021:11:33:42 -0300] "GET /cormun/static/Shared/jqueryui/images/ui-icons_82798d_256x240.png HTTP/1.1" 404 1089
200.54.247.70 - - [19/Mar/2021:11:33:42 -0300] "POST /cormun/servlet/trsolicitudot?7638dca8f484116d4463f6b75a24a483,gx-no-cache=1616159640779,gx-no-cache=1616163838342 HTTP/1.1" 200 4314
186.67.172.234 - - [19/Mar/2021:11:36:29 -0300] "GET /cormun/servlet/trsolicitudot? HTTP/1.1" 200 7585
186.67.172.234 - - [19/Mar/2021:11:36:31 -0300] "GET /cormun/servlet/trsolicitudot? HTTP/1.1" 200 7585
186.67.172.234 - - [19/Mar/2021:11:36:33 -0300] "GET /cormun/servlet/trlicencias? HTTP/1.1" 200 12969
186.67.172.234 - - [19/Mar/2021:11:36:34 -0300] "GET /cormun/servlet/trlicencias? HTTP/1.1" 200 12963
190.171.142.10 - - [19/Mar/2021:11:49:51 -0300] "GET /cormun/servlet/hlogin HTTP/1.1" 200 1725
190.171.142.10 - - [19/Mar/2021:11:50:02 -0300] "POST /cormun/servlet/hlogin?eb48ac6a5021eb54796f313ac52efbdb,gx-no-cache=1616164816749 HTTP/1.1" 200 90
190.171.142.10 - - [19/Mar/2021:11:50:02 -0300] "GET /cormun/servlet/hpexe_link HTTP/1.1" 200 950
190.171.142.10 - - [19/Mar/2021:11:50:02 -0300] "GET /cormun/servlet/hhome HTTP/1.1" 200 3968
190.171.142.10 - - [19/Mar/2021:11:50:04 -0300] "GET /cormun/servlet/hhome HTTP/1.1" 200 3965
190.171.142.10 - - [19/Mar/2021:11:50:19 -0300] "GET /cormun/servlet/trsolicitudot? HTTP/1.1" 200 7191
190.171.142.10 - - [19/Mar/2021:11:50:21 -0300] "GET /cormun/servlet/trsolicitudot? HTTP/1.1" 200 7190
190.171.142.10 - - [19/Mar/2021:11:50:32 -0300] "POST /cormun/servlet/trsolicitudot?eb48ac6a5021eb54796f313ac52efbdb,,gx-no-cache=1616164847359 HTTP/1.1" 200 4350
190.171.142.10 - - [19/Mar/2021:11:50:34 -0300] "POST /cormun/servlet/trsolicitudot?eb48ac6a5021eb54796f313ac52efbdb,,gx-no-cache=1616164849284 HTTP/1.1" 200 4350
