200.54.237.82 - - [17/Mar/2021:11:30:00 -0300] "GET /cormun/servlet/solicitudotadjuntos?08df370df9a8a123a7e1e86945db49b48d21e1864bbb9a04c01afbb598c8949ea7271e005245b5955ba6459a65b02396,gx-no-cache=1615990812487 HTTP/1.1" 200 30
200.54.237.82 - - [17/Mar/2021:11:30:00 -0300] "POST /cormun/servlet/solicitudotadjuntos?e4bcd72813ed96a7715869a33ffd1018,INS,2021,16774,,2,,gx-no-cache=1615990812544 HTTP/1.1" 200 4318
190.171.142.18 - - [17/Mar/2021:11:30:03 -0300] "POST /cormun/servlet/solicitudot?gx-no-cache=1615990819765 HTTP/1.1" 200 30
190.171.142.18 - - [17/Mar/2021:11:30:05 -0300] "POST /cormun/servlet/solicitudot?gx-no-cache=1615990822259 HTTP/1.1" 200 1440
190.171.142.18 - - [17/Mar/2021:11:30:05 -0300] "POST /cormun/servlet/solicitudot?gx-no-cache=1615990822360 HTTP/1.1" 200 38
190.171.142.18 - - [17/Mar/2021:11:30:25 -0300] "GET /cormun/servlet/solicitudot?018932b16f4d9eb2ba489a092d670a9614e137f9d356e499b7564e85e63561cd8ae74fc1c62d15a7dadde4343ca1c9ac4f8a878f2d2414330c9739c1a3040a79099d21c81160a7e9241e788c0d74d05c9f61ac1a04066034a87f759ed0af567c04d3d1963a94aed399a5f3f9728716f1,gx-no-cache=1615990842477 HTTP/1.1" 200 110
190.171.142.18 - - [17/Mar/2021:11:30:25 -0300] "POST /cormun/servlet/solicitudot?gx-no-cache=1615990842543 HTTP/1.1" 200 97
190.171.142.18 - - [17/Mar/2021:11:30:34 -0300] "GET /cormun/servlet/solicitudot?018932b16f4d9eb2ba489a092d670a96bc47d0bfa5ae9eb43c422c31c37d6cbd3b3d3fb4296ab9554e9d5c814e3eca943e9e00f0f88e696142dbaece78a704f625802b194e53831f702e1776542bcb5b0d1693b5d8d3d4c5ad10658f76ecc7829583fb6071e4944c35a33c95f3e1f180,gx-no-cache=1615990851749 HTTP/1.1" 200 29
190.171.142.18 - - [17/Mar/2021:11:30:34 -0300] "GET /cormun/static/menuarrow.gif HTTP/1.1" 404 1015
190.171.152.242 - - [17/Mar/2021:11:30:42 -0300] "GET /cormun/servlet/trsolicitudot? HTTP/1.1" 200 7442
190.171.152.242 - - [17/Mar/2021:11:30:42 -0300] "GET /cormun/static/gxui/gxui-all.css?110300 HTTP/1.1" 200 2179
190.171.152.242 - - [17/Mar/2021:11:30:42 -0300] "GET /cormun/static/calendar-system.css?75620 HTTP/1.1" 200 5572
190.171.152.242 - - [17/Mar/2021:11:30:42 -0300] "GET /cormun/static/gxcfg.js?201991910464971 HTTP/1.1" 200 953
190.171.152.242 - - [17/Mar/2021:11:30:42 -0300] "GET /cormun/static/trsolicitudot.js?201991910465845 HTTP/1.1" 200 54041
190.171.152.242 - - [17/Mar/2021:11:30:43 -0300] "GET /cormun/static/Shared/ext/resources/css/ext-all.css?205870 HTTP/1.1" 200 416045
190.171.152.242 - - [17/Mar/2021:11:30:43 -0300] "GET /cormun/servlet/trsolicitudot? HTTP/1.1" 200 7442
190.171.142.18 - - [17/Mar/2021:11:31:35 -0300] "GET /cormun/servlet/solicitudot?018932b16f4d9eb2ba489a092d670a96226b11bbab3e7a284b18ee60714dcffc0ea90f8b1d802eebb650cc76d3eb28a1,gx-no-cache=1615990911933 HTTP/1.1" 200 30
190.171.152.242 - - [17/Mar/2021:11:32:35 -0300] "GET /cormun/servlet/trsolicitudot? HTTP/1.1" 200 7442
190.171.152.242 - - [17/Mar/2021:11:32:36 -0300] "GET /cormun/servlet/trsolicitudot? HTTP/1.1" 200 7442
190.171.152.242 - - [17/Mar/2021:11:32:41 -0300] "GET /cormun/servlet/trsolicitudot? HTTP/1.1" 200 7442
190.171.152.242 - - [17/Mar/2021:11:32:42 -0300] "GET /cormun/servlet/trsolicitudot? HTTP/1.1" 200 7442
190.171.152.242 - - [17/Mar/2021:11:32:51 -0300] "GET /cormun/servlet/hlogin HTTP/1.1" 200 1748
190.171.152.242 - - [17/Mar/2021:11:33:06 -0300] "POST /cormun/servlet/hlogin?308241722c1784a0e6b7a64851a22309,gx-no-cache=1615991001986 HTTP/1.1" 200 450
190.171.152.242 - - [17/Mar/2021:11:33:52 -0300] "POST /cormun/servlet/hlogin?308241722c1784a0e6b7a64851a22309,gx-no-cache=1615991047407 HTTP/1.1" 200 451
190.171.152.242 - - [17/Mar/2021:11:33:54 -0300] "POST /cormun/servlet/hlogin?308241722c1784a0e6b7a64851a22309,gx-no-cache=1615991049135 HTTP/1.1" 200 450
200.54.237.82 - - [17/Mar/2021:11:34:07 -0300] "POST /cormun/servlet/solicitudotadjuntos?e4bcd72813ed96a7715869a33ffd1018,INS,2021,16774,,2,,gx-no-cache=1615991059499 HTTP/1.1" 200 93
200.54.237.82 - - [17/Mar/2021:11:34:07 -0300] "GET /cormun/servlet/hpexe_return? HTTP/1.1" 200 1023
200.54.237.82 - - [17/Mar/2021:11:34:07 -0300] "GET /cormun/servlet/trsolicitudadjuntos?2021,16774, HTTP/1.1" 200 10333
200.54.237.82 - - [17/Mar/2021:11:34:08 -0300] "GET /cormun/servlet/trsolicitudadjuntos?2021,16774, HTTP/1.1" 200 10328
200.54.237.82 - - [17/Mar/2021:11:34:13 -0300] "GET /cormun/servlet/trautorizarsolicitud? HTTP/1.1" 200 7438
200.54.237.82 - - [17/Mar/2021:11:34:13 -0300] "GET /cormun/static/gxcfg.js?201991422414522 HTTP/1.1" 200 953
200.54.237.82 - - [17/Mar/2021:11:34:13 -0300] "GET /cormun/static/trautorizarsolicitud.js?201991422415463 HTTP/1.1" 200 53910
200.54.237.82 - - [17/Mar/2021:11:34:13 -0300] "GET /cormun/servlet/trautorizarsolicitud? HTTP/1.1" 200 7423
200.54.237.82 - - [17/Mar/2021:11:34:19 -0300] "POST /cormun/servlet/trautorizarsolicitud?e4bcd72813ed96a7715869a33ffd1018,,gx-no-cache=1615991071915 HTTP/1.1" 200 109
200.54.237.82 - - [17/Mar/2021:11:34:19 -0300] "POST /cormun/servlet/trautorizarsolicitud?e4bcd72813ed96a7715869a33ffd1018,,gx-no-cache=1615991072084 HTTP/1.1" 200 4543
200.54.237.82 - - [17/Mar/2021:11:34:19 -0300] "GET /cormun/AutorizarSolicitud-603.xls HTTP/1.1" 200 4608
190.171.142.18 - - [17/Mar/2021:11:34:23 -0300] "POST /cormun/servlet/solicitudot?gx-no-cache=1615991079745 HTTP/1.1" 200 30
190.171.142.18 - - [17/Mar/2021:11:34:23 -0300] "POST /cormun/servlet/solicitudot?868a198eb0d94d69a10f20594eb0f360,INS,0,0,false,,gx-no-cache=1615991079953 HTTP/1.1" 200 93
190.171.142.18 - - [17/Mar/2021:11:34:23 -0300] "GET /cormun/servlet/hpexe_return? HTTP/1.1" 200 1013
190.171.142.18 - - [17/Mar/2021:11:34:23 -0300] "GET /cormun/static/gxcfg.js?201991422392976 HTTP/1.1" 200 953
190.171.142.18 - - [17/Mar/2021:11:34:24 -0300] "GET /cormun/servlet/trsolicitudot HTTP/1.1" 200 8987
190.171.142.18 - - [17/Mar/2021:11:34:24 -0300] "GET /cormun//static/Resources/PXToolsGridUpdate.png HTTP/1.1" 200 470
190.171.142.18 - - [17/Mar/2021:11:34:24 -0300] "GET /cormun//static/Resources/PXToolsGridDelete.png HTTP/1.1" 200 538
190.171.142.18 - - [17/Mar/2021:11:34:24 -0300] "GET /cormun//static/Resources/PXToolsRemoveAllAction.png HTTP/1.1" 200 487
190.171.142.18 - - [17/Mar/2021:11:34:24 -0300] "GET /cormun//static/Resources/PXToolsActionView.png HTTP/1.1" 200 398
190.171.142.18 - - [17/Mar/2021:11:34:24 -0300] "GET /cormun//static/Resources/PXTools/ActionInsert.png HTTP/1.1" 200 1482
190.171.142.18 - - [17/Mar/2021:11:34:24 -0300] "GET /cormun/servlet/trsolicitudot HTTP/1.1" 200 8983
200.54.237.82 - - [17/Mar/2021:11:34:27 -0300] "POST /cormun/servlet/trautorizarsolicitud?e4bcd72813ed96a7715869a33ffd1018,,gx-no-cache=1615991079752 HTTP/1.1" 200 5958
190.171.142.18 - - [17/Mar/2021:11:34:29 -0300] "POST /cormun/servlet/trsolicitudot?868a198eb0d94d69a10f20594eb0f360,gx-no-cache=1615991085876 HTTP/1.1" 200 4862
190.171.142.18 - - [17/Mar/2021:11:34:29 -0300] "GET /cormun/static/Shared/jqueryui/images/ui-bg_flat_55_fafafa_40x100.png HTTP/1.1" 404 1097
190.171.142.18 - - [17/Mar/2021:11:34:29 -0300] "GET /cormun/static/Shared/jqueryui/images/ui-icons_8d78a5_256x240.png HTTP/1.1" 404 1089
190.171.142.18 - - [17/Mar/2021:11:34:29 -0300] "POST /cormun/servlet/trsolicitudot?868a198eb0d94d69a10f20594eb0f360,gx-no-cache=1615991086080 HTTP/1.1" 200 4618
200.54.237.82 - - [17/Mar/2021:11:34:33 -0300] "POST /cormun/servlet/trautorizarsolicitud?e4bcd72813ed96a7715869a33ffd1018,,gx-no-cache=1615991085977 HTTP/1.1" 200 5971
200.54.237.82 - - [17/Mar/2021:11:34:33 -0300] "GET /cormun/static/Shared/jqueryui/images/ui-bg_highlight-soft_100_c6c2c8_1x100.png HTTP/1.1" 404 1117
200.54.237.82 - - [17/Mar/2021:11:34:33 -0300] "GET /cormun/static/Shared/jqueryui/images/ui-icons_82798d_256x240.png HTTP/1.1" 404 1089
200.54.237.82 - - [17/Mar/2021:11:34:33 -0300] "GET /cormun/static/Shared/jqueryui/images/ui-bg_flat_55_fafafa_40x100.png HTTP/1.1" 404 1097
200.54.237.82 - - [17/Mar/2021:11:34:33 -0300] "GET /cormun/static/Shared/jqueryui/images/ui-icons_8d78a5_256x240.png HTTP/1.1" 404 1089
190.171.142.18 - - [17/Mar/2021:11:34:35 -0300] "GET /cormun/servlet/trautorizarsolicitud? HTTP/1.1" 200 8875
190.171.142.18 - - [17/Mar/2021:11:34:35 -0300] "GET /cormun/static/gxcfg.js?201991422414522 HTTP/1.1" 200 953
190.171.142.18 - - [17/Mar/2021:11:34:35 -0300] "GET /cormun/servlet/trautorizarsolicitud? HTTP/1.1" 200 8874
190.171.142.18 - - [17/Mar/2021:11:34:39 -0300] "POST /cormun/servlet/trautorizarsolicitud?868a198eb0d94d69a10f20594eb0f360,,gx-no-cache=1615991095909 HTTP/1.1" 200 4788
190.171.142.18 - - [17/Mar/2021:11:34:39 -0300] "POST /cormun/servlet/trautorizarsolicitud?868a198eb0d94d69a10f20594eb0f360,,gx-no-cache=1615991096097 HTTP/1.1" 200 4546
200.54.237.82 - - [17/Mar/2021:11:34:39 -0300] "POST /cormun/servlet/trautorizarsolicitud?e4bcd72813ed96a7715869a33ffd1018,,gx-no-cache=1615991092096 HTTP/1.1" 200 4560
200.54.237.82 - - [17/Mar/2021:11:34:45 -0300] "GET /cormun/servlet/trautorizarsolicitud? HTTP/1.1" 200 7423
200.54.237.82 - - [17/Mar/2021:11:34:45 -0300] "GET /cormun/servlet/trautorizarsolicitud? HTTP/1.1" 200 7423
200.54.237.82 - - [17/Mar/2021:11:35:06 -0300] "GET /cormun/servlet/trsolicitudot? HTTP/1.1" 200 8947
200.54.237.82 - - [17/Mar/2021:11:35:07 -0300] "GET /cormun/servlet/trsolicitudot? HTTP/1.1" 200 8947
200.54.237.82 - - [17/Mar/2021:11:35:22 -0300] "POST /cormun/servlet/trsolicitudot?e4bcd72813ed96a7715869a33ffd1018,,gx-no-cache=1615991135056 HTTP/1.1" 200 4851
200.54.237.82 - - [17/Mar/2021:11:35:22 -0300] "GET /cormun/static/Shared/jqueryui/images/ui-bg_highlight-soft_100_c6c2c8_1x100.png HTTP/1.1" 404 1117
200.54.237.82 - - [17/Mar/2021:11:35:22 -0300] "GET /cormun/static/Shared/jqueryui/images/ui-icons_82798d_256x240.png HTTP/1.1" 404 1089
200.54.237.82 - - [17/Mar/2021:11:35:22 -0300] "GET /cormun/static/Shared/jqueryui/images/ui-bg_flat_55_fafafa_40x100.png HTTP/1.1" 404 1097
200.54.237.82 - - [17/Mar/2021:11:35:22 -0300] "GET /cormun/static/Shared/jqueryui/images/ui-icons_8d78a5_256x240.png HTTP/1.1" 404 1089
200.54.237.82 - - [17/Mar/2021:11:35:22 -0300] "POST /cormun/servlet/trsolicitudot?e4bcd72813ed96a7715869a33ffd1018,,gx-no-cache=1615991135276 HTTP/1.1" 200 4612
200.54.237.82 - - [17/Mar/2021:11:35:29 -0300] "POST /cormun/servlet/trsolicitudot?e4bcd72813ed96a7715869a33ffd1018,,gx-no-cache=1615991141344 HTTP/1.1" 200 6041
200.54.237.82 - - [17/Mar/2021:11:35:31 -0300] "POST /cormun/servlet/trsolicitudot?e4bcd72813ed96a7715869a33ffd1018,,gx-no-cache=1615991144306 HTTP/1.1" 200 107
200.54.237.82 - - [17/Mar/2021:11:35:32 -0300] "GET /cormun/servlet/trsolicitudadjuntos?2021,16774, HTTP/1.1" 200 10226
200.54.237.82 - - [17/Mar/2021:11:35:33 -0300] "GET /cormun/servlet/trsolicitudadjuntos?2021,16774, HTTP/1.1" 200 10233
190.171.152.242 - - [17/Mar/2021:11:35:33 -0300] "GET /cormun/servlet/hlogin HTTP/1.1" 200 1740
200.54.237.82 - - [17/Mar/2021:11:35:38 -0300] "GET /cormun/servlet/trsolicitudot? HTTP/1.1" 200 8947
200.54.237.82 - - [17/Mar/2021:11:35:38 -0300] "GET /cormun/servlet/trsolicitudot? HTTP/1.1" 200 8947
190.171.152.242 - - [17/Mar/2021:11:35:39 -0300] "GET /cormun/servlet/hlogin HTTP/1.1" 200 1725
190.171.152.242 - - [17/Mar/2021:11:35:43 -0300] "POST /cormun/servlet/hlogin?4da5fd7a6d2ebe63116c061b682d12fc,gx-no-cache=1615991159496 HTTP/1.1" 200 90
190.171.152.242 - - [17/Mar/2021:11:35:43 -0300] "GET /cormun/servlet/hpexe_link HTTP/1.1" 200 955
190.171.152.242 - - [17/Mar/2021:11:35:44 -0300] "GET /cormun/servlet/trlicencias HTTP/1.1" 200 10268
190.171.152.242 - - [17/Mar/2021:11:35:44 -0300] "GET /cormun/servlet/trlicencias HTTP/1.1" 200 10266
190.171.152.242 - - [17/Mar/2021:11:35:47 -0300] "GET /cormun/servlet/trsolicitudot? HTTP/1.1" 200 7211
190.171.152.242 - - [17/Mar/2021:11:35:47 -0300] "GET /cormun/static/gxcfg.js?201991910464971 HTTP/1.1" 200 953
190.171.152.242 - - [17/Mar/2021:11:35:47 -0300] "GET /cormun/static/trsolicitudot.js?201991910465845 HTTP/1.1" 200 54041
190.171.152.242 - - [17/Mar/2021:11:35:47 -0300] "GET /cormun/servlet/trsolicitudot? HTTP/1.1" 200 7213
200.54.237.82 - - [17/Mar/2021:11:35:47 -0300] "POST /cormun/servlet/trsolicitudot?e4bcd72813ed96a7715869a33ffd1018,,gx-no-cache=1615991160255 HTTP/1.1" 200 6018
200.54.237.82 - - [17/Mar/2021:11:35:50 -0300] "POST /cormun/servlet/trsolicitudot?e4bcd72813ed96a7715869a33ffd1018,,gx-no-cache=1615991162600 HTTP/1.1" 200 6018
200.54.237.82 - - [17/Mar/2021:11:35:51 -0300] "POST /cormun/servlet/trsolicitudot?e4bcd72813ed96a7715869a33ffd1018,,gx-no-cache=1615991163895 HTTP/1.1" 200 6019
200.54.237.82 - - [17/Mar/2021:11:35:55 -0300] "GET /cormun/servlet/trautorizarsolicitud? HTTP/1.1" 200 8838
200.54.237.82 - - [17/Mar/2021:11:35:56 -0300] "GET /cormun/servlet/trautorizarsolicitud? HTTP/1.1" 200 8838
190.171.152.242 - - [17/Mar/2021:11:35:58 -0300] "GET /cormun/servlet/solicitudot?INS,0,0,false, HTTP/1.1" 200 15514
190.171.152.242 - - [17/Mar/2021:11:35:58 -0300] "GET /cormun/static/gxcfg.js?20203414241232 HTTP/1.1" 200 953
190.171.152.242 - - [17/Mar/2021:11:35:58 -0300] "GET /cormun/static/solicitudot.js?20203414242792 HTTP/1.1" 200 74114
190.171.152.242 - - [17/Mar/2021:11:35:59 -0300] "GET /cormun/servlet/solicitudot?INS,0,0,false, HTTP/1.1" 200 15523
200.54.237.82 - - [17/Mar/2021:11:36:04 -0300] "POST /cormun/servlet/trautorizarsolicitud?e4bcd72813ed96a7715869a33ffd1018,,gx-no-cache=1615991176726 HTTP/1.1" 200 4777
200.54.237.82 - - [17/Mar/2021:11:36:04 -0300] "GET /cormun/static/Shared/jqueryui/images/ui-bg_highlight-soft_100_c6c2c8_1x100.png HTTP/1.1" 404 1117
200.54.237.82 - - [17/Mar/2021:11:36:04 -0300] "GET /cormun/static/Shared/jqueryui/images/ui-bg_flat_55_fafafa_40x100.png HTTP/1.1" 404 1097
200.54.237.82 - - [17/Mar/2021:11:36:04 -0300] "GET /cormun/static/Shared/jqueryui/images/ui-icons_82798d_256x240.png HTTP/1.1" 404 1089
200.54.237.82 - - [17/Mar/2021:11:36:04 -0300] "GET /cormun/static/Shared/jqueryui/images/ui-icons_8d78a5_256x240.png HTTP/1.1" 404 1089
200.54.237.82 - - [17/Mar/2021:11:36:04 -0300] "POST /cormun/servlet/trautorizarsolicitud?e4bcd72813ed96a7715869a33ffd1018,,gx-no-cache=1615991176954 HTTP/1.1" 200 4539
200.54.237.82 - - [17/Mar/2021:11:36:11 -0300] "POST /cormun/servlet/trautorizarsolicitud?e4bcd72813ed96a7715869a33ffd1018,,gx-no-cache=1615991183728 HTTP/1.1" 200 5966
200.54.237.82 - - [17/Mar/2021:11:36:17 -0300] "POST /cormun/servlet/trautorizarsolicitud?e4bcd72813ed96a7715869a33ffd1018,,gx-no-cache=1615991190266 HTTP/1.1" 200 5977
190.171.152.242 - - [17/Mar/2021:11:36:23 -0300] "POST /cormun/servlet/solicitudot?gx-no-cache=1615991199112 HTTP/1.1" 200 3685
190.171.152.242 - - [17/Mar/2021:11:36:23 -0300] "POST /cormun/servlet/solicitudot?4da5fd7a6d2ebe63116c061b682d12fc,INS,0,0,false,,gx-no-cache=1615991199247 HTTP/1.1" 200 12128
200.54.237.82 - - [17/Mar/2021:11:36:24 -0300] "GET /cormun/servlet/trvisualizadoreventos? HTTP/1.1" 200 7095
200.54.237.82 - - [17/Mar/2021:11:36:24 -0300] "GET /cormun/static/gxcfg.js?20199142243133 HTTP/1.1" 200 953
200.54.237.82 - - [17/Mar/2021:11:36:24 -0300] "GET /cormun/static/trvisualizadoreventos.js?201991422431650 HTTP/1.1" 200 19318
200.54.237.82 - - [17/Mar/2021:11:36:24 -0300] "GET /cormun/static/Resources/PXToolsActionPrint.png HTTP/1.1" 200 404
200.54.237.82 - - [17/Mar/2021:11:36:25 -0300] "GET /cormun/servlet/trvisualizadoreventos? HTTP/1.1" 200 7094
190.171.152.242 - - [17/Mar/2021:11:36:26 -0300] "GET /cormun/servlet/solicitudot?79e4ee27bf1ed7d3f36b3893e95534c98636423ec12266e00ac422f6c4ea824080931844d3c968a372d2372387a469cc,gx-no-cache=1615991202114 HTTP/1.1" 200 30
200.54.237.82 - - [17/Mar/2021:11:36:29 -0300] "POST /cormun/servlet/trvisualizadoreventos?e4bcd72813ed96a7715869a33ffd1018,,gx-no-cache=1615991201569 HTTP/1.1" 200 4648
121.17.146.99 - - [17/Mar/2021:11:37:02 -0300] "GET /admin-scripts.asp HTTP/1.1" 404 995
220.200.163.42 - - [17/Mar/2021:11:37:05 -0300] "HEAD / HTTP/1.1" 200 -
121.17.146.99 - - [17/Mar/2021:11:37:05 -0300] "GET /admin-scripts.asp HTTP/1.1" 404 995
221.213.75.88 - - [17/Mar/2021:11:37:06 -0300] "CONNECT cn.bing.com:443 HTTP/1.1" 400 -
125.72.95.231 - - [17/Mar/2021:11:37:07 -0300] "CONNECT www.so.com:443 HTTP/1.1" 400 -
124.89.118.9 - - [17/Mar/2021:11:37:07 -0300] "CONNECT www.baidu.com:443 HTTP/1.1" 400 -
113.128.105.227 - - [17/Mar/2021:11:37:07 -0300] "GET / HTTP/1.1" 200 11217
218.62.245.56 - - [17/Mar/2021:11:37:09 -0300] "GET /english/ HTTP/1.1" 404 977
110.167.215.143 - - [17/Mar/2021:11:37:10 -0300] "GET / HTTP/1.1" 200 11217
119.118.30.127 - - [17/Mar/2021:11:37:10 -0300] "CONNECT www.voanews.com:443 HTTP/1.1" 400 -
106.45.10.227 - - [17/Mar/2021:11:37:10 -0300] "GET / HTTP/1.1" 200 11217
190.171.152.242 - - [17/Mar/2021:11:38:12 -0300] "GET /cormun/servlet/prbanco?,MD,,gxPopupLevel%3D0%3B HTTP/1.1" 200 6550
190.171.152.242 - - [17/Mar/2021:11:38:12 -0300] "GET /cormun/static/gxcfg.js?20201216131581 HTTP/1.1" 200 953
190.171.152.242 - - [17/Mar/2021:11:38:12 -0300] "GET /cormun/static/prbanco.js?20201216132311 HTTP/1.1" 200 10693
190.171.152.242 - - [17/Mar/2021:11:38:24 -0300] "GET /cormun/servlet/solicitudot?79e4ee27bf1ed7d3f36b3893e95534c9e60512090e2b73a8b19fe572354753de28ed11e7db131923c4067ae31bf5693e7201e4e5ad1ae07d8d83dd62772dbdc62be671a07c69462a2c205d47ef125d61,gx-no-cache=1615991319936 HTTP/1.1" 200 30
190.171.152.242 - - [17/Mar/2021:11:38:26 -0300] "GET /cormun/servlet/solicitudot?79e4ee27bf1ed7d3f36b3893e95534c9b30a87e3ebadd46ad2f07d3fa7a22dc4,gx-no-cache=1615991321722 HTTP/1.1" 200 51
190.171.152.242 - - [17/Mar/2021:11:38:42 -0300] "POST /cormun/servlet/solicitudot?gx-no-cache=1615991338401 HTTP/1.1" 200 240
190.171.152.242 - - [17/Mar/2021:11:38:46 -0300] "GET /cormun/servlet/solicitudot?79e4ee27bf1ed7d3f36b3893e95534c9614a4e5119bdf7299575d57f54b6d96254cc4a456871e8f87a4cd839fed6079b10a286a101969c15c89ba03a31cbc115f0f9ac3c0a9504ee433b79d18cd6b5cd524bc3d4037a5b004e03640070f9f853ffd3096fb8fc37b37eddd367807a4ae9068ca4f51b274a60dadf8d293ed9e1f0d66ee01ae0f7cfbbf273d8dadc1b4de9b72387266dfe2688b73c4b1d1854be0e8c2da0ffed7a7ee89ee09170e942ca69b6fd134ddfd89719e5a766428a0161007a78d8316fca888780a4325d2a76e094093ccd640c4d2944fc4ae8da14fe6ed4863e6b0c9e8fafadb8cb9f89e2a2a0bdc138e6cf853bf02f720b6dfb5eb0467b0577ada8b79f857175f34b7196a3993458e3bd0958d0148a0378b113a9a93e6d7267639fdd48e2d966041f728b12f4807130b7cb66cf4229aa5ec74111d4b87251bcd2fd58b7b6cff29cd851dc90c93a0021fee848af5f8b132a5d9dfba013e5b1edb503aba8481324048103560204e44a5737edc17ea78e0938c5f324adf0c0,gx-no-cache=1615991342157 HTTP/1.1" 200 30
200.111.191.210 - - [17/Mar/2021:11:38:46 -0300] "GET /cormun/servlet/solicitudot?INS,0,0,false, HTTP/1.1" 200 14660
200.111.191.210 - - [17/Mar/2021:11:38:46 -0300] "GET /cormun/servlet/hlogin HTTP/1.1" 200 1752
200.111.191.210 - - [17/Mar/2021:11:38:46 -0300] "GET /cormun/servlet/solicitudot?INS,0,0,false, HTTP/1.1" 200 14668
190.171.152.242 - - [17/Mar/2021:11:38:49 -0300] "POST /cormun/servlet/solicitudot?gx-no-cache=1615991344968 HTTP/1.1" 200 30
190.171.152.242 - - [17/Mar/2021:11:38:51 -0300] "GET /cormun/servlet/prfichaempleado?,MD,,gxPopupLevel%3D0%3B HTTP/1.1" 200 9295
200.111.191.210 - - [17/Mar/2021:11:38:52 -0300] "POST /cormun/servlet/hlogin?0312e5b939c8583b89f1e8abbd9df086,gx-no-cache=1615991424373 HTTP/1.1" 200 90
200.111.191.210 - - [17/Mar/2021:11:38:52 -0300] "GET /cormun/servlet/hpexe_link HTTP/1.1" 200 967
200.111.191.210 - - [17/Mar/2021:11:38:52 -0300] "GET /cormun/servlet/solicitudot?INS,0,0,false, HTTP/1.1" 200 15308
200.111.191.210 - - [17/Mar/2021:11:38:53 -0300] "GET /cormun/servlet/solicitudot?INS,0,0,false, HTTP/1.1" 200 15316
190.171.152.242 - - [17/Mar/2021:11:39:02 -0300] "POST /cormun/servlet/prfichaempleado?4da5fd7a6d2ebe63116c061b682d12fc,,MD,,gxPopupLevel%3D0%3B,gx-no-cache=1615991358312 HTTP/1.1" 200 3406
190.171.152.242 - - [17/Mar/2021:11:39:06 -0300] "GET /cormun/servlet/prlicenciaspermisos?16180340,L,,MD,,gxPopupLevel%3D0%3B HTTP/1.1" 200 5766
190.171.152.242 - - [17/Mar/2021:11:39:06 -0300] "GET /cormun/static/gxcfg.js?2020121559567 HTTP/1.1" 200 953
190.171.152.242 - - [17/Mar/2021:11:39:06 -0300] "GET /cormun/static/prlicenciaspermisos.js?2020121559821 HTTP/1.1" 200 13379
190.171.152.242 - - [17/Mar/2021:11:39:08 -0300] "POST /cormun/servlet/solicitudot?gx-no-cache=1615991364458 HTTP/1.1" 200 1440
190.171.152.242 - - [17/Mar/2021:11:39:10 -0300] "POST /cormun/servlet/solicitudot?gx-no-cache=1615991366290 HTTP/1.1" 200 40
190.171.152.242 - - [17/Mar/2021:11:39:20 -0300] "GET /cormun/servlet/solicitudot?79e4ee27bf1ed7d3f36b3893e95534c950b876a451483cb2ab4048315cbc42568cc0539c8cfb02be50425c4bffc87e3813e463eb5b39691a42ce418fc8b9d2a7aa0537eb5dc8eceb644a07c51a0f6078c6139e6905a952002f62daa775e9e57fa8fe51c73351290c5fa5dd1b327f030e,gx-no-cache=1615991376099 HTTP/1.1" 200 110
190.171.152.242 - - [17/Mar/2021:11:39:20 -0300] "POST /cormun/servlet/solicitudot?gx-no-cache=1615991376175 HTTP/1.1" 200 97
190.171.152.242 - - [17/Mar/2021:11:39:24 -0300] "GET /cormun/servlet/solicitudot?79e4ee27bf1ed7d3f36b3893e95534c9ad7209287cae9f42f69be56f9d2405c366a7410587179b7995907e9c8c4fc2a52d1adee9c0f0cc4702d74f56c71116ae0a1743eeb9bd75e8f927e4dd6afa5c12657f8852b537c7a0a57f1f43272d800165a0c7f977883aecedbb83dc4fb75909,gx-no-cache=1615991380549 HTTP/1.1" 200 29
190.171.152.242 - - [17/Mar/2021:11:39:24 -0300] "GET /cormun/static/menuarrow.gif HTTP/1.1" 404 1015
190.171.152.242 - - [17/Mar/2021:11:39:29 -0300] "GET /cormun/servlet/solicitudot?79e4ee27bf1ed7d3f36b3893e95534c97c3e78a53835a4f0971f2f6610658de4d8b845da0b8bc82fd18f8422c5999bd6,gx-no-cache=1615991384849 HTTP/1.1" 200 30
190.171.152.242 - - [17/Mar/2021:11:39:29 -0300] "POST /cormun/servlet/solicitudot?gx-no-cache=1615991384960 HTTP/1.1" 200 34
200.111.191.210 - - [17/Mar/2021:11:39:35 -0300] "POST /cormun/servlet/solicitudot?gx-no-cache=1615991467227 HTTP/1.1" 200 3822
190.171.152.242 - - [17/Mar/2021:11:39:35 -0300] "POST /cormun/servlet/solicitudot?4da5fd7a6d2ebe63116c061b682d12fc,INS,0,0,false,,gx-no-cache=1615991390817 HTTP/1.1" 200 93
190.171.152.242 - - [17/Mar/2021:11:39:35 -0300] "GET /cormun/servlet/hpexe_return? HTTP/1.1" 200 1008
200.111.191.210 - - [17/Mar/2021:11:39:35 -0300] "POST /cormun/servlet/solicitudot?0312e5b939c8583b89f1e8abbd9df086,INS,0,0,false,,gx-no-cache=1615991467476 HTTP/1.1" 200 12007
190.171.152.242 - - [17/Mar/2021:11:39:35 -0300] "GET /cormun/servlet/trsolicitudot HTTP/1.1" 200 8648
190.171.152.242 - - [17/Mar/2021:11:39:36 -0300] "GET /cormun//static/Resources/PXToolsActionView.png HTTP/1.1" 200 398
190.171.152.242 - - [17/Mar/2021:11:39:36 -0300] "GET /cormun//static/Resources/PXToolsRemoveAllAction.png HTTP/1.1" 200 487
190.171.152.242 - - [17/Mar/2021:11:39:36 -0300] "GET /cormun/servlet/trsolicitudot HTTP/1.1" 200 8645
200.111.191.210 - - [17/Mar/2021:11:39:39 -0300] "GET /cormun/servlet/solicitudot?d9720da1b01b798231e4e29e8e4327e75a7dd226b0a61a20def73a7e65cca4e419fabfb11f008460259899496b432382,gx-no-cache=1615991471302 HTTP/1.1" 200 30
200.111.191.210 - - [17/Mar/2021:11:39:39 -0300] "GET /cormun/servlet/solicitudot?d9720da1b01b798231e4e29e8e4327e7a615b22a2337a0b0de56ab268a14502eae3533369d7ed1393108f7737209ca2b3d9ff05dedfc2005e135f48fee202444,gx-no-cache=1615991471374 HTTP/1.1" 200 30
200.111.191.210 - - [17/Mar/2021:11:39:39 -0300] "GET /cormun/servlet/solicitudot?d9720da1b01b798231e4e29e8e4327e79d52c9fd5e269371108e47b1bf801a10,gx-no-cache=1615991471395 HTTP/1.1" 200 51
200.111.191.210 - - [17/Mar/2021:11:39:39 -0300] "POST /cormun/servlet/solicitudot?gx-no-cache=1615991471416 HTTP/1.1" 200 255
200.111.191.210 - - [17/Mar/2021:11:39:39 -0300] "GET /cormun/servlet/solicitudot?d9720da1b01b798231e4e29e8e4327e7f4577d648abbb9a7829375b507094326c90a238084b8583998c64b5d4051d7dd751b3e6780c7d774b1c3bc15562b559329035d0f9e56de870d0b0bbf2eb4cacbf26d25eba7270c0510945b5c0c125c7afbb9469b3d3cc11c861c21cb43c896dac4a56e5f8e02c9b1f20281282d987d433e1aeb6859bc0cd440430189af4b5ce4e529dbf23f7dfdf0ae46ff891d213e0584c69d2928a69ae687fc4999fc0be49fe3cf906a2e595d07440ae9d3d06c3a71814aa5d6049a1536f46a9980243bd8c6301aac7b8db74a6d2ccb7cc54562bc7edfc2aab71e00739de62837a590792ec3e5c182c428ca1f77ab0c7fe7912e5a456a458d12a4bc073f2e4177b5f9556ed6a30b074ead00be5949f2971852e552b56480297d85b9abbd9711b2b86c8e5b8d0d6d91bcb7e1578cbff951ac7cf3a5cbf0104de956e24a675ad26c1bf0c40ec3871a223f25652415d4e13f712f35ec3463746982c210e108e7cc8db96fadd5ed1880097bea2eb39f9c7ea768a3fa2cd9,gx-no-cache=1615991471444 HTTP/1.1" 200 30
190.171.152.242 - - [17/Mar/2021:11:39:40 -0300] "POST /cormun/servlet/trsolicitudot?4da5fd7a6d2ebe63116c061b682d12fc,gx-no-cache=1615991395867 HTTP/1.1" 200 5997
190.171.152.242 - - [17/Mar/2021:11:39:40 -0300] "GET /cormun/static/Shared/jqueryui/images/ui-bg_highlight-soft_100_c6c2c8_1x100.png HTTP/1.1" 404 1117
190.171.152.242 - - [17/Mar/2021:11:39:40 -0300] "GET /cormun/static/Shared/jqueryui/images/ui-icons_82798d_256x240.png HTTP/1.1" 404 1089
190.171.152.242 - - [17/Mar/2021:11:39:40 -0300] "GET /cormun/static/Shared/jqueryui/images/ui-bg_flat_55_fafafa_40x100.png HTTP/1.1" 404 1097
190.171.152.242 - - [17/Mar/2021:11:39:40 -0300] "GET /cormun/static/Shared/jqueryui/images/ui-icons_8d78a5_256x240.png HTTP/1.1" 404 1089
200.111.191.210 - - [17/Mar/2021:11:39:42 -0300] "POST /cormun/servlet/solicitudot?gx-no-cache=1615991474405 HTTP/1.1" 200 30
190.171.152.242 - - [17/Mar/2021:11:39:44 -0300] "GET /cormun/servlet/solicitudot?INS,0,0,false, HTTP/1.1" 200 15515
190.171.152.242 - - [17/Mar/2021:11:39:44 -0300] "GET /cormun/servlet/solicitudot?INS,0,0,false, HTTP/1.1" 200 15523
200.111.191.210 - - [17/Mar/2021:11:39:49 -0300] "POST /cormun/servlet/solicitudot?gx-no-cache=1615991480983 HTTP/1.1" 200 1439
200.111.191.210 - - [17/Mar/2021:11:39:49 -0300] "POST /cormun/servlet/solicitudot?gx-no-cache=1615991481015 HTTP/1.1" 200 38
200.111.191.210 - - [17/Mar/2021:11:39:49 -0300] "GET /cormun/servlet/solicitudot?d9720da1b01b798231e4e29e8e4327e7c0e781aaa198e431e2ca68bbb80950d8b7f86c9a9459c7922dc2959f7ee95fa95a70884168ebceffa7c70c85d78f64861c99937f6d7f7bebbc5dd122bbe350db8a8447f990745689af5a99d74ec25e90e11903c36b6de33e37f16758125c0525,gx-no-cache=1615991481038 HTTP/1.1" 200 110
190.171.152.242 - - [17/Mar/2021:11:39:49 -0300] "GET /cormun/servlet/trsolicitudot? HTTP/1.1" 200 8646
190.171.152.242 - - [17/Mar/2021:11:39:49 -0300] "GET /cormun/servlet/trsolicitudot? HTTP/1.1" 200 8644
190.171.152.242 - - [17/Mar/2021:11:39:52 -0300] "POST /cormun/servlet/trsolicitudot?4da5fd7a6d2ebe63116c061b682d12fc,,gx-no-cache=1615991408681 HTTP/1.1" 200 107
190.171.152.242 - - [17/Mar/2021:11:39:53 -0300] "GET /cormun/servlet/trsolicitudadjuntos?2021,16776, HTTP/1.1" 200 6098
190.171.152.242 - - [17/Mar/2021:11:39:53 -0300] "GET /cormun/static/gxcfg.js?20201215574222 HTTP/1.1" 200 953
190.171.152.242 - - [17/Mar/2021:11:39:53 -0300] "GET /cormun/static/Resources/PXToolsGridNew.png HTTP/1.1" 200 427
190.171.152.242 - - [17/Mar/2021:11:39:53 -0300] "GET /cormun/static/trsolicitudadjuntos.js?20201215574932 HTTP/1.1" 200 17922
190.171.152.242 - - [17/Mar/2021:11:39:53 -0300] "GET /cormun/servlet/trsolicitudadjuntos?2021,16776, HTTP/1.1" 200 6098
190.171.152.242 - - [17/Mar/2021:11:39:55 -0300] "GET /cormun/servlet/solicitudotadjuntos?INS,2021,16776,,2, HTTP/1.1" 200 6047
190.171.152.242 - - [17/Mar/2021:11:39:55 -0300] "GET /cormun/static/gxcfg.js?202012157947 HTTP/1.1" 200 953
190.171.152.242 - - [17/Mar/2021:11:39:55 -0300] "GET /cormun/static/solicitudotadjuntos.js?202012157966 HTTP/1.1" 200 11771
190.171.152.242 - - [17/Mar/2021:11:39:55 -0300] "GET /cormun/static/about:blank HTTP/1.1" 404 1011
190.171.152.242 - - [17/Mar/2021:11:39:55 -0300] "GET /cormun/servlet/solicitudotadjuntos?INS,2021,16776,,2, HTTP/1.1" 200 6040
190.171.152.242 - - [17/Mar/2021:11:39:56 -0300] "GET /cormun/servlet/solicitudotadjuntos?79e4ee27bf1ed7d3f36b3893e95534c9509a1c780c9e993c53e8740dd40791e354b386f8973fb8bf5ddeca1386b9829b,gx-no-cache=1615991412203 HTTP/1.1" 200 30
190.171.152.242 - - [17/Mar/2021:11:39:56 -0300] "POST /cormun/servlet/solicitudotadjuntos?4da5fd7a6d2ebe63116c061b682d12fc,INS,2021,16776,,2,,gx-no-cache=1615991412225 HTTP/1.1" 200 4086
200.111.191.210 - - [17/Mar/2021:11:40:01 -0300] "POST /cormun/servlet/solicitudot?gx-no-cache=1615991493730 HTTP/1.1" 200 64
200.111.191.210 - - [17/Mar/2021:11:40:19 -0300] "GET /cormun/servlet/solicitudot?d9720da1b01b798231e4e29e8e4327e78b1f0863fec48aaa8fb94a1c2069b66bd6346740d3c2fa14ec428ceca5d40ec906f3deab35abfec831aac4fdc9483afeb536653160d0776760e653da7c707c2cec4a645348c2b2d83aa9fdb10fdf85ec0bf61a99cf60c70bf28351c2a2d73cfb324277380f5fde41c3831a2353f2ab2f960eb0ac415d2cfb12328792195f12a7ae66aae0b98910bafe16e1798dffa62a,gx-no-cache=1615991511017 HTTP/1.1" 200 29
190.171.152.242 - - [17/Mar/2021:11:40:21 -0300] "POST /cormun/servlet/solicitudotadjuntos?gx-no-cache=1615991437497 HTTP/1.1" 200 26
200.111.191.210 - - [17/Mar/2021:11:40:22 -0300] "GET /cormun/servlet/solicitudot?d9720da1b01b798231e4e29e8e4327e7162385f6abd4d86656e5cd221cb675062b090f8ae7b16380754afd57de4a0c9e,gx-no-cache=1615991514422 HTTP/1.1" 200 30
200.111.191.210 - - [17/Mar/2021:11:40:25 -0300] "POST /cormun/servlet/solicitudot?gx-no-cache=1615991517348 HTTP/1.1" 200 30
190.171.152.242 - - [17/Mar/2021:11:40:29 -0300] "GET /cormun/servlet/solicitudotadjuntos?79e4ee27bf1ed7d3f36b3893e95534c908af4a8a1851e670dc9c8e758351b196,gx-no-cache=1615991444831 HTTP/1.1" 200 30
190.171.152.242 - - [17/Mar/2021:11:40:29 -0300] "GET /cormun/servlet/solicitudotadjuntos?79e4ee27bf1ed7d3f36b3893e95534c908af4a8a1851e670dc9c8e758351b196,gx-no-cache=1615991444850 HTTP/1.1" 200 30
190.171.152.242 - - [17/Mar/2021:11:40:32 -0300] "POST /cormun/servlet/solicitudotadjuntos?4da5fd7a6d2ebe63116c061b682d12fc,INS,2021,16776,,2, HTTP/1.1" 200 116
190.171.152.242 - - [17/Mar/2021:11:40:32 -0300] "GET /cormun/servlet/hpexe_return? HTTP/1.1" 200 1026
190.171.152.242 - - [17/Mar/2021:11:40:33 -0300] "GET /cormun/servlet/trsolicitudadjuntos?2021,16776, HTTP/1.1" 200 8887
190.171.152.242 - - [17/Mar/2021:11:40:34 -0300] "GET /cormun/servlet/trsolicitudadjuntos?2021,16776, HTTP/1.1" 200 8883
190.171.152.242 - - [17/Mar/2021:11:40:40 -0300] "GET /cormun/servlet/solicitudotadjuntos?DLT,2021,16776,CERTIF1,0, HTTP/1.1" 200 6053
190.171.152.242 - - [17/Mar/2021:11:40:40 -0300] "GET /cormun/static/Shared/jqueryui/images/ui-bg_highlight-soft_100_c6c2c8_1x100.png HTTP/1.1" 404 1117
190.171.152.242 - - [17/Mar/2021:11:40:40 -0300] "GET /cormun/static/Shared/jqueryui/images/ui-icons_82798d_256x240.png HTTP/1.1" 404 1089
190.171.152.242 - - [17/Mar/2021:11:40:40 -0300] "GET /cormun/static/Shared/jqueryui/images/ui-bg_flat_55_fafafa_40x100.png HTTP/1.1" 404 1097
190.171.152.242 - - [17/Mar/2021:11:40:40 -0300] "GET /cormun/static/Shared/jqueryui/images/ui-icons_8d78a5_256x240.png HTTP/1.1" 404 1089
190.171.152.242 - - [17/Mar/2021:11:40:41 -0300] "GET /cormun/servlet/solicitudotadjuntos?DLT,2021,16776,CERTIF1,0, HTTP/1.1" 200 6047
190.171.152.242 - - [17/Mar/2021:11:40:42 -0300] "GET /cormun/PublicTempStorage/fot.carnet_joussie_%B4poblete9731430.pdf HTTP/1.1" 200 5978783
190.171.152.242 - - [17/Mar/2021:11:40:42 -0300] "POST /cormun/servlet/solicitudotadjuntos?4da5fd7a6d2ebe63116c061b682d12fc,DLT,2021,16776,CERTIF1,0,,gx-no-cache=1615991457383 HTTP/1.1" 200 93
190.171.152.242 - - [17/Mar/2021:11:40:42 -0300] "GET /cormun/servlet/hpexe_return? HTTP/1.1" 200 1032
190.171.152.242 - - [17/Mar/2021:11:40:42 -0300] "GET /cormun/servlet/trsolicitudadjuntos?2021,16776, HTTP/1.1" 200 6102
190.171.152.242 - - [17/Mar/2021:11:40:42 -0300] "GET /cormun/servlet/trsolicitudadjuntos?2021,16776, HTTP/1.1" 200 6098
190.171.152.242 - - [17/Mar/2021:11:40:46 -0300] "GET /cormun/servlet/solicitudotadjuntos?INS,2021,16776,,1, HTTP/1.1" 200 6046
190.171.152.242 - - [17/Mar/2021:11:40:46 -0300] "GET /cormun/static/about:blank HTTP/1.1" 404 1011
190.171.152.242 - - [17/Mar/2021:11:40:46 -0300] "GET /cormun/servlet/solicitudotadjuntos?INS,2021,16776,,1, HTTP/1.1" 200 6040
190.171.152.242 - - [17/Mar/2021:11:40:47 -0300] "GET /cormun/servlet/solicitudotadjuntos?79e4ee27bf1ed7d3f36b3893e95534c9509a1c780c9e993c53e8740dd40791e354b386f8973fb8bf5ddeca1386b9829b,gx-no-cache=1615991462886 HTTP/1.1" 200 30
190.171.152.242 - - [17/Mar/2021:11:40:47 -0300] "POST /cormun/servlet/solicitudotadjuntos?4da5fd7a6d2ebe63116c061b682d12fc,INS,2021,16776,,1,,gx-no-cache=1615991462909 HTTP/1.1" 200 3874
190.171.152.242 - - [17/Mar/2021:11:40:48 -0300] "POST /cormun/servlet/solicitudotadjuntos?gx-no-cache=1615991464649 HTTP/1.1" 200 26
190.171.152.242 - - [17/Mar/2021:11:40:53 -0300] "GET /cormun/servlet/solicitudotadjuntos?79e4ee27bf1ed7d3f36b3893e95534c908af4a8a1851e670dc9c8e758351b196,gx-no-cache=1615991469126 HTTP/1.1" 200 30
190.171.152.242 - - [17/Mar/2021:11:40:53 -0300] "GET /cormun/servlet/solicitudotadjuntos?79e4ee27bf1ed7d3f36b3893e95534c908af4a8a1851e670dc9c8e758351b196,gx-no-cache=1615991469144 HTTP/1.1" 200 30
190.171.152.242 - - [17/Mar/2021:11:40:57 -0300] "POST /cormun/servlet/solicitudotadjuntos?4da5fd7a6d2ebe63116c061b682d12fc,INS,2021,16776,,1, HTTP/1.1" 200 116
190.171.152.242 - - [17/Mar/2021:11:40:57 -0300] "GET /cormun/servlet/hpexe_return? HTTP/1.1" 200 1026
190.171.152.242 - - [17/Mar/2021:11:40:57 -0300] "GET /cormun/servlet/trsolicitudadjuntos?2021,16776, HTTP/1.1" 200 8887
190.171.152.242 - - [17/Mar/2021:11:40:58 -0300] "GET /cormun/servlet/trsolicitudadjuntos?2021,16776, HTTP/1.1" 200 8882
190.171.152.242 - - [17/Mar/2021:11:41:00 -0300] "GET /cormun/servlet/solicitudotadjuntos?INS,2021,16776,,1, HTTP/1.1" 200 6047
190.171.152.242 - - [17/Mar/2021:11:41:00 -0300] "GET /cormun/static/about:blank HTTP/1.1" 404 1011
190.171.152.242 - - [17/Mar/2021:11:41:00 -0300] "GET /cormun/servlet/solicitudotadjuntos?INS,2021,16776,,1, HTTP/1.1" 200 6041
190.171.152.242 - - [17/Mar/2021:11:41:01 -0300] "GET /cormun/servlet/solicitudotadjuntos?79e4ee27bf1ed7d3f36b3893e95534c9509a1c780c9e993c53e8740dd40791e354b386f8973fb8bf5ddeca1386b9829b,gx-no-cache=1615991476777 HTTP/1.1" 200 30
190.171.152.242 - - [17/Mar/2021:11:41:01 -0300] "POST /cormun/servlet/solicitudotadjuntos?4da5fd7a6d2ebe63116c061b682d12fc,INS,2021,16776,,1,,gx-no-cache=1615991476807 HTTP/1.1" 200 3875
190.171.152.242 - - [17/Mar/2021:11:41:03 -0300] "POST /cormun/servlet/solicitudotadjuntos?gx-no-cache=1615991478904 HTTP/1.1" 200 26
190.171.152.242 - - [17/Mar/2021:11:41:09 -0300] "GET /cormun/servlet/solicitudotadjuntos?79e4ee27bf1ed7d3f36b3893e95534c908af4a8a1851e670dc9c8e758351b196,gx-no-cache=1615991485310 HTTP/1.1" 200 30
190.171.152.242 - - [17/Mar/2021:11:41:09 -0300] "GET /cormun/servlet/solicitudotadjuntos?79e4ee27bf1ed7d3f36b3893e95534c908af4a8a1851e670dc9c8e758351b196,gx-no-cache=1615991485358 HTTP/1.1" 200 30
190.171.152.242 - - [17/Mar/2021:11:41:10 -0300] "POST /cormun/servlet/solicitudotadjuntos?4da5fd7a6d2ebe63116c061b682d12fc,INS,2021,16776,,1, HTTP/1.1" 200 6248
190.171.152.242 - - [17/Mar/2021:11:41:10 -0300] "GET /cormun/static/Shared/jqueryui/images/ui-bg_highlight-soft_100_c6c2c8_1x100.png HTTP/1.1" 404 1117
190.171.152.242 - - [17/Mar/2021:11:41:10 -0300] "GET /cormun/static/Shared/jqueryui/images/ui-icons_82798d_256x240.png HTTP/1.1" 404 1089
190.171.152.242 - - [17/Mar/2021:11:41:10 -0300] "GET /cormun/static/Shared/jqueryui/images/ui-icons_ebccce_256x240.png HTTP/1.1" 404 1089
190.171.152.242 - - [17/Mar/2021:11:41:10 -0300] "GET /cormun/static/Shared/jqueryui/images/ui-bg_flat_55_994d53_40x100.png HTTP/1.1" 404 1097
190.171.152.242 - - [17/Mar/2021:11:41:11 -0300] "GET /cormun/PrivateTempStorage/upload_00007044.jpg HTTP/1.1" 200 2120051
190.171.152.242 - - [17/Mar/2021:11:41:15 -0300] "GET /cormun/servlet/trsolicitudot? HTTP/1.1" 200 8656
190.171.152.242 - - [17/Mar/2021:11:41:15 -0300] "GET /cormun/servlet/trsolicitudot? HTTP/1.1" 200 8644
190.171.152.242 - - [17/Mar/2021:11:41:18 -0300] "POST /cormun/servlet/trsolicitudot?4da5fd7a6d2ebe63116c061b682d12fc,,gx-no-cache=1615991493920 HTTP/1.1" 200 107
190.171.152.242 - - [17/Mar/2021:11:41:18 -0300] "GET /cormun/servlet/trsolicitudadjuntos?2021,16776, HTTP/1.1" 200 8883
190.171.152.242 - - [17/Mar/2021:11:41:19 -0300] "GET /cormun/servlet/trsolicitudadjuntos?2021,16776, HTTP/1.1" 200 8882
190.171.152.242 - - [17/Mar/2021:11:41:21 -0300] "GET /cormun/servlet/solicitudotadjuntos?INS,2021,16776,,1, HTTP/1.1" 200 6047
190.171.152.242 - - [17/Mar/2021:11:41:21 -0300] "GET /cormun/static/about:blank HTTP/1.1" 404 1011
190.171.152.242 - - [17/Mar/2021:11:41:21 -0300] "GET /cormun/servlet/solicitudotadjuntos?INS,2021,16776,,1, HTTP/1.1" 200 6041
190.171.152.242 - - [17/Mar/2021:11:41:22 -0300] "GET /cormun/servlet/solicitudotadjuntos?79e4ee27bf1ed7d3f36b3893e95534c9509a1c780c9e993c53e8740dd40791e354b386f8973fb8bf5ddeca1386b9829b,gx-no-cache=1615991497929 HTTP/1.1" 200 30
190.171.152.242 - - [17/Mar/2021:11:41:22 -0300] "POST /cormun/servlet/solicitudotadjuntos?4da5fd7a6d2ebe63116c061b682d12fc,INS,2021,16776,,1,,gx-no-cache=1615991497951 HTTP/1.1" 200 3875
200.111.191.210 - - [17/Mar/2021:11:41:23 -0300] "POST /cormun/servlet/solicitudot?0312e5b939c8583b89f1e8abbd9df086,INS,0,0,false,,gx-no-cache=1615991575413 HTTP/1.1" 200 93
200.111.191.210 - - [17/Mar/2021:11:41:24 -0300] "GET /cormun/servlet/hpexe_return? HTTP/1.1" 200 1010
200.111.191.210 - - [17/Mar/2021:11:41:24 -0300] "GET /cormun/servlet/hhome HTTP/1.1" 200 3951
200.111.191.210 - - [17/Mar/2021:11:41:24 -0300] "GET /cormun/servlet/hhome HTTP/1.1" 200 3945
200.111.191.210 - - [17/Mar/2021:11:41:28 -0300] "GET /cormun/servlet/trsolicitudot? HTTP/1.1" 200 8595
200.111.191.210 - - [17/Mar/2021:11:41:28 -0300] "GET /cormun/servlet/trsolicitudot? HTTP/1.1" 200 8593
200.111.191.210 - - [17/Mar/2021:11:41:30 -0300] "POST /cormun/servlet/trsolicitudot?0312e5b939c8583b89f1e8abbd9df086,,gx-no-cache=1615991582317 HTTP/1.1" 200 103
200.111.191.210 - - [17/Mar/2021:11:41:30 -0300] "POST /cormun/servlet/trsolicitudot?0312e5b939c8583b89f1e8abbd9df086,,gx-no-cache=1615991582497 HTTP/1.1" 200 5743
200.111.191.210 - - [17/Mar/2021:11:41:30 -0300] "GET /cormun/SolicitudOT-7066.xls HTTP/1.1" 200 5632
190.171.152.242 - - [17/Mar/2021:11:41:33 -0300] "POST /cormun/servlet/solicitudotadjuntos?gx-no-cache=1615991508760 HTTP/1.1" 200 26
190.171.152.242 - - [17/Mar/2021:11:41:39 -0300] "GET /cormun/servlet/solicitudotadjuntos?79e4ee27bf1ed7d3f36b3893e95534c908af4a8a1851e670dc9c8e758351b196,gx-no-cache=1615991514926 HTTP/1.1" 200 30
190.171.152.242 - - [17/Mar/2021:11:41:39 -0300] "GET /cormun/servlet/solicitudotadjuntos?79e4ee27bf1ed7d3f36b3893e95534c908af4a8a1851e670dc9c8e758351b196,gx-no-cache=1615991514944 HTTP/1.1" 200 30
190.171.152.242 - - [17/Mar/2021:11:41:39 -0300] "POST /cormun/servlet/solicitudotadjuntos?4da5fd7a6d2ebe63116c061b682d12fc,INS,2021,16776,,1, HTTP/1.1" 200 116
190.171.152.242 - - [17/Mar/2021:11:41:39 -0300] "GET /cormun/servlet/hpexe_return? HTTP/1.1" 200 1026
190.171.152.242 - - [17/Mar/2021:11:41:40 -0300] "GET /cormun/servlet/trsolicitudadjuntos?2021,16776, HTTP/1.1" 200 9120
190.171.152.242 - - [17/Mar/2021:11:41:41 -0300] "GET /cormun/servlet/trsolicitudadjuntos?2021,16776, HTTP/1.1" 200 9121
190.171.152.242 - - [17/Mar/2021:11:41:42 -0300] "GET /cormun/servlet/solicitudotadjuntos?INS,2021,16776,,1, HTTP/1.1" 200 6047
190.171.152.242 - - [17/Mar/2021:11:41:42 -0300] "GET /cormun/static/about:blank HTTP/1.1" 404 1011
190.171.152.242 - - [17/Mar/2021:11:41:43 -0300] "GET /cormun/servlet/solicitudotadjuntos?INS,2021,16776,,1, HTTP/1.1" 200 6041
190.171.152.242 - - [17/Mar/2021:11:41:43 -0300] "GET /cormun/servlet/solicitudotadjuntos?79e4ee27bf1ed7d3f36b3893e95534c9509a1c780c9e993c53e8740dd40791e354b386f8973fb8bf5ddeca1386b9829b,gx-no-cache=1615991519296 HTTP/1.1" 200 30
190.171.152.242 - - [17/Mar/2021:11:41:43 -0300] "POST /cormun/servlet/solicitudotadjuntos?4da5fd7a6d2ebe63116c061b682d12fc,INS,2021,16776,,1,,gx-no-cache=1615991519328 HTTP/1.1" 200 3875
190.171.152.242 - - [17/Mar/2021:11:41:46 -0300] "POST /cormun/servlet/solicitudotadjuntos?gx-no-cache=1615991522664 HTTP/1.1" 200 26
190.171.152.242 - - [17/Mar/2021:11:41:55 -0300] "GET /cormun/servlet/solicitudotadjuntos?79e4ee27bf1ed7d3f36b3893e95534c908af4a8a1851e670dc9c8e758351b196,gx-no-cache=1615991531142 HTTP/1.1" 200 30
190.171.152.242 - - [17/Mar/2021:11:41:55 -0300] "GET /cormun/servlet/solicitudotadjuntos?79e4ee27bf1ed7d3f36b3893e95534c908af4a8a1851e670dc9c8e758351b196,gx-no-cache=1615991531160 HTTP/1.1" 200 30
190.171.152.242 - - [17/Mar/2021:11:41:55 -0300] "POST /cormun/servlet/solicitudotadjuntos?4da5fd7a6d2ebe63116c061b682d12fc,INS,2021,16776,,1, HTTP/1.1" 200 116
190.171.152.242 - - [17/Mar/2021:11:41:55 -0300] "GET /cormun/servlet/hpexe_return? HTTP/1.1" 200 1026
190.171.152.242 - - [17/Mar/2021:11:41:56 -0300] "GET /cormun/servlet/trsolicitudadjuntos?2021,16776, HTTP/1.1" 200 9284
190.171.152.242 - - [17/Mar/2021:11:41:57 -0300] "GET /cormun/servlet/trsolicitudadjuntos?2021,16776, HTTP/1.1" 200 9281
190.171.152.242 - - [17/Mar/2021:11:41:59 -0300] "GET /cormun/servlet/solicitudotadjuntos?INS,2021,16776,,1, HTTP/1.1" 200 6047
190.171.152.242 - - [17/Mar/2021:11:41:59 -0300] "GET /cormun/static/about:blank HTTP/1.1" 404 1011
190.171.152.242 - - [17/Mar/2021:11:41:59 -0300] "GET /cormun/servlet/solicitudotadjuntos?INS,2021,16776,,1, HTTP/1.1" 200 6041
190.171.152.242 - - [17/Mar/2021:11:42:00 -0300] "GET /cormun/servlet/solicitudotadjuntos?79e4ee27bf1ed7d3f36b3893e95534c9509a1c780c9e993c53e8740dd40791e354b386f8973fb8bf5ddeca1386b9829b,gx-no-cache=1615991536028 HTTP/1.1" 200 30
190.171.152.242 - - [17/Mar/2021:11:42:00 -0300] "POST /cormun/servlet/solicitudotadjuntos?4da5fd7a6d2ebe63116c061b682d12fc,INS,2021,16776,,1,,gx-no-cache=1615991536049 HTTP/1.1" 200 3874
190.171.152.242 - - [17/Mar/2021:11:42:03 -0300] "POST /cormun/servlet/solicitudotadjuntos?gx-no-cache=1615991538785 HTTP/1.1" 200 26
200.111.191.210 - - [17/Mar/2021:11:42:03 -0300] "GET /cormun/servlet/solicitudot?INS,0,0,false, HTTP/1.1" 200 15474
200.111.191.210 - - [17/Mar/2021:11:42:03 -0300] "GET /cormun/servlet/solicitudot?INS,0,0,false, HTTP/1.1" 200 15481
200.111.191.210 - - [17/Mar/2021:11:42:07 -0300] "POST /cormun/servlet/solicitudot?gx-no-cache=1615991618994 HTTP/1.1" 200 3799
200.111.191.210 - - [17/Mar/2021:11:42:07 -0300] "POST /cormun/servlet/solicitudot?0312e5b939c8583b89f1e8abbd9df086,INS,0,0,false,,gx-no-cache=1615991619170 HTTP/1.1" 200 12234
190.171.152.242 - - [17/Mar/2021:11:42:10 -0300] "GET /cormun/servlet/solicitudotadjuntos?79e4ee27bf1ed7d3f36b3893e95534c908af4a8a1851e670dc9c8e758351b196,gx-no-cache=1615991545863 HTTP/1.1" 200 30
190.171.152.242 - - [17/Mar/2021:11:42:10 -0300] "GET /cormun/servlet/solicitudotadjuntos?79e4ee27bf1ed7d3f36b3893e95534c908af4a8a1851e670dc9c8e758351b196,gx-no-cache=1615991545880 HTTP/1.1" 200 30
190.171.152.242 - - [17/Mar/2021:11:42:10 -0300] "POST /cormun/servlet/solicitudotadjuntos?4da5fd7a6d2ebe63116c061b682d12fc,INS,2021,16776,,1, HTTP/1.1" 200 116
190.171.152.242 - - [17/Mar/2021:11:42:10 -0300] "GET /cormun/servlet/hpexe_return? HTTP/1.1" 200 1026
200.111.191.210 - - [17/Mar/2021:11:42:10 -0300] "GET /cormun/servlet/solicitudot?d9720da1b01b798231e4e29e8e4327e78773f5d64b77062f01628d9d5798bc5219fabfb11f008460259899496b432382,gx-no-cache=1615991622266 HTTP/1.1" 200 30
200.111.191.210 - - [17/Mar/2021:11:42:10 -0300] "GET /cormun/servlet/solicitudot?d9720da1b01b798231e4e29e8e4327e70272a299cfe6feb151e8429cb0c8438e2d2f9b5f2faca10c8149da129dfd011e361e23ab9a8716cd5f0ccf0ba8848791,gx-no-cache=1615991622774 HTTP/1.1" 200 30
200.111.191.210 - - [17/Mar/2021:11:42:10 -0300] "GET /cormun/servlet/solicitudot?d9720da1b01b798231e4e29e8e4327e74cdfe9806c583ba84c7f38bccebd7fcc,gx-no-cache=1615991622795 HTTP/1.1" 200 53
200.111.191.210 - - [17/Mar/2021:11:42:11 -0300] "POST /cormun/servlet/solicitudot?gx-no-cache=1615991622818 HTTP/1.1" 200 255
200.111.191.210 - - [17/Mar/2021:11:42:11 -0300] "GET /cormun/servlet/solicitudot?d9720da1b01b798231e4e29e8e4327e7f4577d648abbb9a7829375b507094326c90a238084b8583998c64b5d4051d7dd751b3e6780c7d774b1c3bc15562b559329035d0f9e56de870d0b0bbf2eb4cacbf26d25eba7270c0510945b5c0c125c7afbb9469b3d3cc11c861c21cb43c896dac4a56e5f8e02c9b1f20281282d987d433e1aeb6859bc0cd440430189af4b5ce4e529dbf23f7dfdf0ae46ff891d213e0584c69d2928a69ae687fc4999fc0be49fe3cf906a2e595d07440ae9d3d06c3a71814aa5d6049a1536f46a9980243bd8c6301aac7b8db74a6d2ccb7cc54562bc7edfc2aab71e00739de62837a590792ec3e5c182c428ca1f77ab0c7fe7912e5a456a458d12a4bc073f2e4177b5f9556ed6a30b074ead00be5949f2971852e552b56480297d85b9abbd9711b2b86c8e5b8d0d6d91bcb7e1578cbff951ac7cf3a5cbf0104de956e24a675ad26c1bf0c40ec3871a223f25652415d4e13f712f35ec3463746982c210e108e7cc8db96fadd5ed1880097bea2eb39f9c7ea768a3fa2cd9,gx-no-cache=1615991622843 HTTP/1.1" 200 30
190.171.152.242 - - [17/Mar/2021:11:42:11 -0300] "GET /cormun/servlet/trsolicitudadjuntos?2021,16776, HTTP/1.1" 200 9534
190.171.152.242 - - [17/Mar/2021:11:42:12 -0300] "GET /cormun/servlet/trsolicitudadjuntos?2021,16776, HTTP/1.1" 200 9534
200.111.191.210 - - [17/Mar/2021:11:42:12 -0300] "POST /cormun/servlet/solicitudot?gx-no-cache=1615991623997 HTTP/1.1" 200 30
200.111.191.210 - - [17/Mar/2021:11:42:14 -0300] "POST /cormun/servlet/solicitudot?gx-no-cache=1615991625874 HTTP/1.1" 200 1439
200.111.191.210 - - [17/Mar/2021:11:42:14 -0300] "POST /cormun/servlet/solicitudot?gx-no-cache=1615991625908 HTTP/1.1" 200 38
200.111.191.210 - - [17/Mar/2021:11:42:14 -0300] "GET /cormun/servlet/solicitudot?d9720da1b01b798231e4e29e8e4327e7c0e781aaa198e431e2ca68bbb80950d8b7f86c9a9459c7922dc2959f7ee95fa95a70884168ebceffa7c70c85d78f64861c99937f6d7f7bebbc5dd122bbe350db8a8447f990745689af5a99d74ec25e90e11903c36b6de33e37f16758125c0525,gx-no-cache=1615991625927 HTTP/1.1" 200 110
190.171.152.242 - - [17/Mar/2021:11:42:14 -0300] "GET /cormun/servlet/solicitudotadjuntos?INS,2021,16776,,1, HTTP/1.1" 200 6047
190.171.152.242 - - [17/Mar/2021:11:42:14 -0300] "GET /cormun/static/about:blank HTTP/1.1" 404 1011
190.171.152.242 - - [17/Mar/2021:11:42:14 -0300] "GET /cormun/servlet/solicitudotadjuntos?INS,2021,16776,,1, HTTP/1.1" 200 6041
190.171.152.242 - - [17/Mar/2021:11:42:15 -0300] "GET /cormun/servlet/solicitudotadjuntos?79e4ee27bf1ed7d3f36b3893e95534c9509a1c780c9e993c53e8740dd40791e354b386f8973fb8bf5ddeca1386b9829b,gx-no-cache=1615991550762 HTTP/1.1" 200 30
190.171.152.242 - - [17/Mar/2021:11:42:15 -0300] "POST /cormun/servlet/solicitudotadjuntos?4da5fd7a6d2ebe63116c061b682d12fc,INS,2021,16776,,1,,gx-no-cache=1615991550786 HTTP/1.1" 200 3874
190.171.152.242 - - [17/Mar/2021:11:42:17 -0300] "POST /cormun/servlet/solicitudotadjuntos?gx-no-cache=1615991553359 HTTP/1.1" 200 26
200.111.191.210 - - [17/Mar/2021:11:42:19 -0300] "POST /cormun/servlet/solicitudot?gx-no-cache=1615991631459 HTTP/1.1" 200 64
200.111.191.210 - - [17/Mar/2021:11:42:24 -0300] "GET /cormun/servlet/solicitudot?d9720da1b01b798231e4e29e8e4327e78b1f0863fec48aaa8fb94a1c2069b66bd6346740d3c2fa14ec428ceca5d40ec906f3deab35abfec831aac4fdc9483afeb536653160d0776760e653da7c707c2cec4a645348c2b2d83aa9fdb10fdf85ec0bf61a99cf60c70bf28351c2a2d73cfb324277380f5fde41c3831a2353f2ab2f960eb0ac415d2cfb12328792195f12a7ae66aae0b98910bafe16e1798dffa62a,gx-no-cache=1615991636128 HTTP/1.1" 200 29
190.171.152.242 - - [17/Mar/2021:11:42:24 -0300] "GET /cormun/servlet/solicitudotadjuntos?79e4ee27bf1ed7d3f36b3893e95534c908af4a8a1851e670dc9c8e758351b196,gx-no-cache=1615991560238 HTTP/1.1" 200 30
190.171.152.242 - - [17/Mar/2021:11:42:24 -0300] "GET /cormun/servlet/solicitudotadjuntos?79e4ee27bf1ed7d3f36b3893e95534c908af4a8a1851e670dc9c8e758351b196,gx-no-cache=1615991560256 HTTP/1.1" 200 30
190.171.152.242 - - [17/Mar/2021:11:42:24 -0300] "POST /cormun/servlet/solicitudotadjuntos?4da5fd7a6d2ebe63116c061b682d12fc,INS,2021,16776,,1, HTTP/1.1" 200 116
190.171.152.242 - - [17/Mar/2021:11:42:24 -0300] "GET /cormun/servlet/hpexe_return? HTTP/1.1" 200 1026
190.171.152.242 - - [17/Mar/2021:11:42:25 -0300] "GET /cormun/servlet/trsolicitudadjuntos?2021,16776, HTTP/1.1" 200 9835
190.171.152.242 - - [17/Mar/2021:11:42:26 -0300] "GET /cormun/servlet/trsolicitudadjuntos?2021,16776, HTTP/1.1" 200 9831
190.171.152.242 - - [17/Mar/2021:11:42:27 -0300] "GET /cormun/servlet/solicitudotadjuntos?INS,2021,16776,,1, HTTP/1.1" 200 6047
190.171.152.242 - - [17/Mar/2021:11:42:27 -0300] "GET /cormun/static/about:blank HTTP/1.1" 404 1011
190.171.152.242 - - [17/Mar/2021:11:42:28 -0300] "GET /cormun/servlet/solicitudotadjuntos?INS,2021,16776,,1, HTTP/1.1" 200 6041
200.111.191.210 - - [17/Mar/2021:11:42:28 -0300] "GET /cormun/servlet/solicitudot?d9720da1b01b798231e4e29e8e4327e7162385f6abd4d86656e5cd221cb675062b090f8ae7b16380754afd57de4a0c9e,gx-no-cache=1615991639858 HTTP/1.1" 200 30
190.171.152.242 - - [17/Mar/2021:11:42:28 -0300] "GET /cormun/servlet/solicitudotadjuntos?79e4ee27bf1ed7d3f36b3893e95534c9509a1c780c9e993c53e8740dd40791e354b386f8973fb8bf5ddeca1386b9829b,gx-no-cache=1615991564225 HTTP/1.1" 200 30
190.171.152.242 - - [17/Mar/2021:11:42:28 -0300] "POST /cormun/servlet/solicitudotadjuntos?4da5fd7a6d2ebe63116c061b682d12fc,INS,2021,16776,,1,,gx-no-cache=1615991564245 HTTP/1.1" 200 3874
200.111.191.210 - - [17/Mar/2021:11:42:30 -0300] "POST /cormun/servlet/solicitudot?gx-no-cache=1615991642353 HTTP/1.1" 200 30
190.171.152.242 - - [17/Mar/2021:11:42:30 -0300] "POST /cormun/servlet/solicitudotadjuntos?gx-no-cache=1615991566376 HTTP/1.1" 200 26
200.111.191.210 - - [17/Mar/2021:11:42:39 -0300] "POST /cormun/servlet/solicitudot?0312e5b939c8583b89f1e8abbd9df086,INS,0,0,false,,gx-no-cache=1615991650797 HTTP/1.1" 200 93
200.111.191.210 - - [17/Mar/2021:11:42:39 -0300] "GET /cormun/servlet/hpexe_return? HTTP/1.1" 200 1010
200.111.191.210 - - [17/Mar/2021:11:42:39 -0300] "GET /cormun/servlet/trsolicitudot? HTTP/1.1" 200 8977
200.111.191.210 - - [17/Mar/2021:11:42:39 -0300] "GET /cormun/servlet/trsolicitudot? HTTP/1.1" 200 8975
190.171.152.242 - - [17/Mar/2021:11:42:39 -0300] "GET /cormun/servlet/solicitudotadjuntos?79e4ee27bf1ed7d3f36b3893e95534c908af4a8a1851e670dc9c8e758351b196,gx-no-cache=1615991575598 HTTP/1.1" 200 30
