190.171.152.242 - - [17/Mar/2021:11:42:39 -0300] "GET /cormun/servlet/solicitudotadjuntos?79e4ee27bf1ed7d3f36b3893e95534c908af4a8a1851e670dc9c8e758351b196,gx-no-cache=1615991575615 HTTP/1.1" 200 30
190.171.152.242 - - [17/Mar/2021:11:42:40 -0300] "POST /cormun/servlet/solicitudotadjuntos?4da5fd7a6d2ebe63116c061b682d12fc,INS,2021,16776,,1, HTTP/1.1" 200 116
190.171.152.242 - - [17/Mar/2021:11:42:41 -0300] "GET /cormun/servlet/hpexe_return? HTTP/1.1" 200 1026
190.171.152.242 - - [17/Mar/2021:11:42:42 -0300] "GET /cormun/servlet/trsolicitudadjuntos?2021,16776, HTTP/1.1" 200 10036
200.111.191.210 - - [17/Mar/2021:11:42:42 -0300] "POST /cormun/servlet/trsolicitudot?0312e5b939c8583b89f1e8abbd9df086,,gx-no-cache=1615991653847 HTTP/1.1" 200 6399
200.111.191.210 - - [17/Mar/2021:11:42:42 -0300] "GET /cormun/static/Shared/jqueryui/images/ui-bg_highlight-soft_100_c6c2c8_1x100.png HTTP/1.1" 404 1117
200.111.191.210 - - [17/Mar/2021:11:42:42 -0300] "GET /cormun/static/Shared/jqueryui/images/ui-icons_82798d_256x240.png HTTP/1.1" 404 1089
200.111.191.210 - - [17/Mar/2021:11:42:42 -0300] "GET /cormun/static/Shared/jqueryui/images/ui-bg_flat_55_fafafa_40x100.png HTTP/1.1" 404 1097
200.111.191.210 - - [17/Mar/2021:11:42:42 -0300] "GET /cormun/static/Shared/jqueryui/images/ui-icons_8d78a5_256x240.png HTTP/1.1" 404 1089
190.171.152.242 - - [17/Mar/2021:11:42:43 -0300] "GET /cormun/servlet/trsolicitudadjuntos?2021,16776, HTTP/1.1" 200 10031
200.111.191.210 - - [17/Mar/2021:11:42:45 -0300] "POST /cormun/servlet/trsolicitudot?0312e5b939c8583b89f1e8abbd9df086,,gx-no-cache=1615991657463 HTTP/1.1" 200 6399
190.171.152.242 - - [17/Mar/2021:11:42:45 -0300] "GET /cormun/servlet/trsolicitudot? HTTP/1.1" 200 8651
190.171.152.242 - - [17/Mar/2021:11:42:46 -0300] "GET /cormun/servlet/trsolicitudot? HTTP/1.1" 200 8644
190.171.152.242 - - [17/Mar/2021:11:42:48 -0300] "POST /cormun/servlet/trsolicitudot?4da5fd7a6d2ebe63116c061b682d12fc,,gx-no-cache=1615991584487 HTTP/1.1" 200 4610
190.171.152.242 - - [17/Mar/2021:11:42:48 -0300] "GET /cormun/static/Shared/jqueryui/images/ui-bg_highlight-soft_100_c6c2c8_1x100.png HTTP/1.1" 404 1117
190.171.152.242 - - [17/Mar/2021:11:42:48 -0300] "GET /cormun/static/Shared/jqueryui/images/ui-bg_flat_55_fafafa_40x100.png HTTP/1.1" 404 1097
190.171.152.242 - - [17/Mar/2021:11:42:48 -0300] "GET /cormun/static/Shared/jqueryui/images/ui-icons_8d78a5_256x240.png HTTP/1.1" 404 1089
190.171.152.242 - - [17/Mar/2021:11:42:48 -0300] "GET /cormun/static/Shared/jqueryui/images/ui-icons_82798d_256x240.png HTTP/1.1" 404 1089
190.171.152.242 - - [17/Mar/2021:11:42:49 -0300] "POST /cormun/servlet/trsolicitudot?4da5fd7a6d2ebe63116c061b682d12fc,,gx-no-cache=1615991584743 HTTP/1.1" 200 4344
200.111.191.210 - - [17/Mar/2021:11:42:55 -0300] "POST /cormun/servlet/trsolicitudot?0312e5b939c8583b89f1e8abbd9df086,,gx-no-cache=1615991667709 HTTP/1.1" 200 107
200.111.191.210 - - [17/Mar/2021:11:42:56 -0300] "GET /cormun/servlet/trsolicitudadjuntos?2021,16778, HTTP/1.1" 200 6055
200.111.191.210 - - [17/Mar/2021:11:42:56 -0300] "GET /cormun/static/gxcfg.js?20201215574222 HTTP/1.1" 200 953
200.111.191.210 - - [17/Mar/2021:11:42:56 -0300] "GET /cormun/static/trsolicitudadjuntos.js?20201215574932 HTTP/1.1" 200 17922
200.111.191.210 - - [17/Mar/2021:11:42:56 -0300] "GET /cormun/static/Resources/PXToolsGridNew.png HTTP/1.1" 200 427
200.111.191.210 - - [17/Mar/2021:11:42:56 -0300] "GET /cormun/servlet/trsolicitudadjuntos?2021,16778, HTTP/1.1" 200 6055
200.111.191.210 - - [17/Mar/2021:11:42:59 -0300] "GET /cormun/servlet/solicitudotadjuntos?INS,2021,16778,,1, HTTP/1.1" 200 6002
200.111.191.210 - - [17/Mar/2021:11:42:59 -0300] "GET /cormun/static/about:blank HTTP/1.1" 404 1011
200.111.191.210 - - [17/Mar/2021:11:42:59 -0300] "GET /cormun/servlet/solicitudotadjuntos?INS,2021,16778,,1, HTTP/1.1" 200 5996
200.111.191.210 - - [17/Mar/2021:11:42:59 -0300] "GET /cormun/servlet/solicitudotadjuntos?d9720da1b01b798231e4e29e8e4327e70ae92d3de6964f7701def4aaa22a2fbebe927cfa0d64d123f36b4675e41dbbb2,gx-no-cache=1615991671624 HTTP/1.1" 200 30
200.111.191.210 - - [17/Mar/2021:11:42:59 -0300] "POST /cormun/servlet/solicitudotadjuntos?0312e5b939c8583b89f1e8abbd9df086,INS,2021,16778,,1,,gx-no-cache=1615991671640 HTTP/1.1" 200 3897
200.111.191.210 - - [17/Mar/2021:11:43:01 -0300] "POST /cormun/servlet/solicitudotadjuntos?gx-no-cache=1615991673496 HTTP/1.1" 200 26
190.171.152.242 - - [17/Mar/2021:11:43:07 -0300] "GET /cormun/servlet/hlogin HTTP/1.1" 200 1741
190.171.152.242 - - [17/Mar/2021:11:43:11 -0300] "POST /cormun/servlet/hlogin?4da5fd7a6d2ebe63116c061b682d12fc,gx-no-cache=1615991606990 HTTP/1.1" 200 90
190.171.152.242 - - [17/Mar/2021:11:43:11 -0300] "GET /cormun/servlet/hpexe_link HTTP/1.1" 200 951
190.171.152.242 - - [17/Mar/2021:11:43:11 -0300] "GET /cormun/servlet/hhome HTTP/1.1" 200 4214
190.171.152.242 - - [17/Mar/2021:11:43:11 -0300] "GET /cormun/servlet/hhome HTTP/1.1" 200 4213
190.171.152.242 - - [17/Mar/2021:11:43:11 -0300] "GET /cormun/static/SmoothNavMenu/resources/images/right.gif HTTP/1.1" 200 860
190.171.152.242 - - [17/Mar/2021:11:43:16 -0300] "GET /cormun/servlet/trautorizarsolicitud? HTTP/1.1" 200 8756
190.171.152.242 - - [17/Mar/2021:11:43:16 -0300] "GET /cormun/static/gxcfg.js?201991422414522 HTTP/1.1" 200 953
190.171.152.242 - - [17/Mar/2021:11:43:16 -0300] "GET /cormun/static/trautorizarsolicitud.js?201991422415463 HTTP/1.1" 200 53910
190.171.152.242 - - [17/Mar/2021:11:43:16 -0300] "GET /cormun/servlet/trautorizarsolicitud? HTTP/1.1" 200 8754
190.171.152.242 - - [17/Mar/2021:11:43:21 -0300] "POST /cormun/servlet/trautorizarsolicitud?4da5fd7a6d2ebe63116c061b682d12fc,,gx-no-cache=1615991617295 HTTP/1.1" 200 4796
190.171.152.242 - - [17/Mar/2021:11:43:21 -0300] "GET /cormun/static/Shared/jqueryui/images/ui-icons_82798d_256x240.png HTTP/1.1" 404 1089
190.171.152.242 - - [17/Mar/2021:11:43:21 -0300] "GET /cormun/static/Shared/jqueryui/images/ui-bg_highlight-soft_100_c6c2c8_1x100.png HTTP/1.1" 404 1117
190.171.152.242 - - [17/Mar/2021:11:43:21 -0300] "GET /cormun/static/Shared/jqueryui/images/ui-icons_8d78a5_256x240.png HTTP/1.1" 404 1089
190.171.152.242 - - [17/Mar/2021:11:43:21 -0300] "GET /cormun/static/Shared/jqueryui/images/ui-bg_flat_55_fafafa_40x100.png HTTP/1.1" 404 1097
190.171.152.242 - - [17/Mar/2021:11:43:21 -0300] "POST /cormun/servlet/trautorizarsolicitud?4da5fd7a6d2ebe63116c061b682d12fc,,gx-no-cache=1615991617576 HTTP/1.1" 200 4525
190.171.152.242 - - [17/Mar/2021:11:43:48 -0300] "GET /cormun/servlet/hlogin HTTP/1.1" 200 1746
200.54.247.70 - - [17/Mar/2021:11:44:12 -0300] "GET /cormun/servlet/hlogin HTTP/1.1" 200 1730
200.54.247.70 - - [17/Mar/2021:11:44:16 -0300] "POST /cormun/servlet/hlogin?115e586243c260a7de5e2b8f85773088,gx-no-cache=1615991671326 HTTP/1.1" 200 90
200.54.247.70 - - [17/Mar/2021:11:44:16 -0300] "GET /cormun/servlet/hpexe_link HTTP/1.1" 200 962
200.54.237.82 - - [17/Mar/2021:11:45:08 -0300] "GET /cormun/servlet/trautorizarsolicitud? HTTP/1.1" 200 8839
200.54.237.82 - - [17/Mar/2021:11:45:09 -0300] "GET /cormun/servlet/trautorizarsolicitud? HTTP/1.1" 200 8839
200.54.237.82 - - [17/Mar/2021:11:45:17 -0300] "POST /cormun/servlet/trautorizarsolicitud?e4bcd72813ed96a7715869a33ffd1018,,gx-no-cache=1615991730239 HTTP/1.1" 200 5977
200.54.237.82 - - [17/Mar/2021:11:45:18 -0300] "GET /cormun/static/Shared/jqueryui/images/ui-bg_highlight-soft_100_c6c2c8_1x100.png HTTP/1.1" 404 1117
200.54.237.82 - - [17/Mar/2021:11:45:18 -0300] "GET /cormun/static/Shared/jqueryui/images/ui-bg_flat_55_fafafa_40x100.png HTTP/1.1" 404 1097
200.54.237.82 - - [17/Mar/2021:11:45:18 -0300] "GET /cormun/static/Shared/jqueryui/images/ui-icons_8d78a5_256x240.png HTTP/1.1" 404 1089
200.54.237.82 - - [17/Mar/2021:11:45:18 -0300] "GET /cormun/static/Shared/jqueryui/images/ui-icons_82798d_256x240.png HTTP/1.1" 404 1089
200.54.237.82 - - [17/Mar/2021:11:45:26 -0300] "POST /cormun/servlet/trautorizarsolicitud?e4bcd72813ed96a7715869a33ffd1018,,gx-no-cache=1615991738433 HTTP/1.1" 200 4561
200.54.237.82 - - [17/Mar/2021:11:45:31 -0300] "GET /cormun/servlet/trautorizarsolicitud? HTTP/1.1" 200 7439
200.54.237.82 - - [17/Mar/2021:11:45:32 -0300] "GET /cormun/servlet/trautorizarsolicitud? HTTP/1.1" 200 7439
200.54.237.82 - - [17/Mar/2021:11:45:36 -0300] "POST /cormun/servlet/trautorizarsolicitud?e4bcd72813ed96a7715869a33ffd1018,,gx-no-cache=1615991748555 HTTP/1.1" 200 4558
200.54.237.82 - - [17/Mar/2021:11:45:44 -0300] "POST /cormun/servlet/trautorizarsolicitud?e4bcd72813ed96a7715869a33ffd1018,,gx-no-cache=1615991757203 HTTP/1.1" 200 4558
190.171.154.42 - - [17/Mar/2021:11:45:45 -0300] "GET /cormun/servlet/solicitudot?113929edbc9b9b4a46c86f8bac4e824d3d07ecc3a90274f67b8b114505ac79d5683e36f78e83a410523f82fa1328ef595f1cde9d43ba08814515b3b4b78fb6312ec565aad101e984e9af3299afdbac23490ce718f2c8d8fe5c0ff46bbda293a2503cd18834fa510c0ea7101c355e2ef3e17c76b5915f90233c05a7a1ada6b3208ba93b6536ddfc59f53fd0f55d6fcfe2bfeb18853845586f77610346369f39562c7e8d4330120450e7b043d485323cb81658171baa8cefcb0a2c8e50624d7b9883f735c01e48586b6dc2cedfee32fb1984adc0765985765ffdd42bdd7f67f4c48a1b2398ab94a9f2bece0357763f16bbd5327f1123f872cd4d640e6b89574ec32283d8301a0fe86b1c61a0f5a8e02cd2bf156f934b78ebcd524ad915be37b149286eaa57f3fcacff17e2db0f23a7feb31611615a4e814e63632ba49c391edde6cc3a44e19cbb61adec5e3f3c4b5f88d999ee1e5adf737b3e92b081e8d40958aa7ac2fb82e9f65301e7129bcbb0750dfb495ffc66988a3f56d52d0a1484608021aed34a08810d7a47436acde480fc1283,gx-no-cache=1615991759249 HTTP/1.1" 440 972
190.171.154.42 - - [17/Mar/2021:11:45:50 -0300] "POST /cormun/servlet/solicitudot?gx-no-cache=1615991764610 HTTP/1.1" 440 972
190.171.154.42 - - [17/Mar/2021:11:45:50 -0300] "GET /cormun/servlet/solicitudot?INS,0,0,false, HTTP/1.1" 200 14665
190.171.154.42 - - [17/Mar/2021:11:45:53 -0300] "POST /cormun/servlet/solicitudot?gx-no-cache=1615991767820 HTTP/1.1" 440 972
190.171.154.42 - - [17/Mar/2021:11:45:53 -0300] "GET /cormun/servlet/solicitudot?INS,0,0,false, HTTP/1.1" 200 14665
190.171.154.42 - - [17/Mar/2021:11:45:54 -0300] "POST /cormun/servlet/solicitudot?gx-no-cache=1615991768652 HTTP/1.1" 440 972
200.54.237.82 - - [17/Mar/2021:11:45:54 -0300] "POST /cormun/servlet/trautorizarsolicitud?e4bcd72813ed96a7715869a33ffd1018,,gx-no-cache=1615991766881 HTTP/1.1" 200 4556
190.171.154.42 - - [17/Mar/2021:11:45:54 -0300] "GET /cormun/servlet/solicitudot?INS,0,0,false, HTTP/1.1" 200 14665
190.171.154.42 - - [17/Mar/2021:11:45:55 -0300] "GET /cormun/servlet/solicitudot?113929edbc9b9b4a46c86f8bac4e824d65f8a994aa5416303d50d10862fc470417ca86ca37cba82a3c082388cce5607fc3eea7f7354ac37fb3205e15c74be5967adaf1808b70a67a46a51af60ca930024e27a4acb03207c28540ccdf37332e6eb4dfdf68a1f0e2b20252bebb7ec8102b,gx-no-cache=1615991769297 HTTP/1.1" 440 972
190.171.154.42 - - [17/Mar/2021:11:45:55 -0300] "GET /cormun/servlet/solicitudot?INS,0,0,false, HTTP/1.1" 200 14665
190.171.154.42 - - [17/Mar/2021:11:45:55 -0300] "POST /cormun/servlet/solicitudot?gx-no-cache=1615991769989 HTTP/1.1" 440 972
190.171.154.42 - - [17/Mar/2021:11:45:56 -0300] "GET /cormun/servlet/solicitudot?INS,0,0,false, HTTP/1.1" 200 14665
190.171.154.42 - - [17/Mar/2021:11:45:57 -0300] "GET /cormun/servlet/solicitudot?113929edbc9b9b4a46c86f8bac4e824d13b26692feeb889e25c58882a2033a5bd3bdbf785799e2346c601f1e7210aacd,gx-no-cache=1615991771747 HTTP/1.1" 440 972
190.171.154.42 - - [17/Mar/2021:11:45:57 -0300] "GET /cormun/servlet/solicitudot?INS,0,0,false, HTTP/1.1" 200 14665
200.54.237.82 - - [17/Mar/2021:11:45:59 -0300] "POST /cormun/servlet/trautorizarsolicitud?e4bcd72813ed96a7715869a33ffd1018,,gx-no-cache=1615991771737 HTTP/1.1" 200 4558
190.171.154.42 - - [17/Mar/2021:11:46:01 -0300] "POST /cormun/servlet/solicitudot?gx-no-cache=1615991775161 HTTP/1.1" 440 972
190.171.154.42 - - [17/Mar/2021:11:46:01 -0300] "GET /cormun/servlet/solicitudot?INS,0,0,false, HTTP/1.1" 200 14666
200.54.237.82 - - [17/Mar/2021:11:46:05 -0300] "POST /cormun/servlet/trautorizarsolicitud?e4bcd72813ed96a7715869a33ffd1018,,gx-no-cache=1615991777921 HTTP/1.1" 200 4557
190.171.154.42 - - [17/Mar/2021:11:46:08 -0300] "GET /cormun/servlet/hlogin HTTP/1.1" 200 1749
190.171.154.42 - - [17/Mar/2021:11:46:08 -0300] "GET /cormun/servlet/solicitudot?INS,0,0,false, HTTP/1.1" 200 14666
200.54.237.82 - - [17/Mar/2021:11:46:11 -0300] "GET /cormun/servlet/trautorizarsolicitud? HTTP/1.1" 200 7439
200.54.237.82 - - [17/Mar/2021:11:46:11 -0300] "GET /cormun/servlet/trautorizarsolicitud? HTTP/1.1" 200 7439
190.171.154.42 - - [17/Mar/2021:11:46:14 -0300] "POST /cormun/servlet/hlogin?27d00c6e55f02429b8da82d6f5a21f0e,gx-no-cache=1615991788069 HTTP/1.1" 200 90
190.171.154.42 - - [17/Mar/2021:11:46:14 -0300] "GET /cormun/servlet/hpexe_link HTTP/1.1" 200 965
200.54.237.82 - - [17/Mar/2021:11:46:15 -0300] "POST /cormun/servlet/trautorizarsolicitud?e4bcd72813ed96a7715869a33ffd1018,,gx-no-cache=1615991787346 HTTP/1.1" 200 5964
190.171.154.42 - - [17/Mar/2021:11:46:15 -0300] "GET /cormun/servlet/solicitudot?INS,0,0,false, HTTP/1.1" 200 15695
190.171.154.42 - - [17/Mar/2021:11:46:18 -0300] "GET /cormun/servlet/solicitudot?INS,0,0,false, HTTP/1.1" 200 15702
200.54.237.82 - - [17/Mar/2021:11:46:18 -0300] "POST /cormun/servlet/trautorizarsolicitud?e4bcd72813ed96a7715869a33ffd1018,,gx-no-cache=1615991791121 HTTP/1.1" 200 5974
200.54.237.82 - - [17/Mar/2021:11:46:18 -0300] "GET /cormun/static/Shared/jqueryui/images/ui-bg_highlight-soft_100_c6c2c8_1x100.png HTTP/1.1" 404 1117
200.54.237.82 - - [17/Mar/2021:11:46:18 -0300] "GET /cormun/static/Shared/jqueryui/images/ui-bg_flat_55_fafafa_40x100.png HTTP/1.1" 404 1097
200.54.237.82 - - [17/Mar/2021:11:46:18 -0300] "GET /cormun/static/Shared/jqueryui/images/ui-icons_8d78a5_256x240.png HTTP/1.1" 404 1089
200.54.237.82 - - [17/Mar/2021:11:46:18 -0300] "GET /cormun/static/Shared/jqueryui/images/ui-icons_82798d_256x240.png HTTP/1.1" 404 1089
200.54.237.82 - - [17/Mar/2021:11:46:30 -0300] "GET /cormun/servlet/trsolicitudot? HTTP/1.1" 200 7534
200.54.237.82 - - [17/Mar/2021:11:46:30 -0300] "GET /cormun/servlet/trsolicitudot? HTTP/1.1" 200 7534
200.54.237.82 - - [17/Mar/2021:11:46:36 -0300] "GET /cormun/servlet/solicitudot?INS,0,0,false, HTTP/1.1" 200 15841
200.54.237.82 - - [17/Mar/2021:11:46:36 -0300] "GET /cormun/servlet/solicitudot?INS,0,0,false, HTTP/1.1" 200 15849
200.54.237.82 - - [17/Mar/2021:11:46:51 -0300] "GET /cormun/servlet/prfichaempleado?,MD,,gxPopupLevel%3D0%3B HTTP/1.1" 200 9355
200.54.237.82 - - [17/Mar/2021:11:46:51 -0300] "GET /cormun/static/gxcfg.js?20201215571085 HTTP/1.1" 200 953
200.54.237.82 - - [17/Mar/2021:11:46:51 -0300] "GET /cormun/static/prfichaempleado.js?20201215572193 HTTP/1.1" 200 16006
200.54.237.82 - - [17/Mar/2021:11:47:10 -0300] "POST /cormun/servlet/prfichaempleado?e4bcd72813ed96a7715869a33ffd1018,,MD,,gxPopupLevel%3D0%3B,gx-no-cache=1615991842394 HTTP/1.1" 200 3169
200.54.237.82 - - [17/Mar/2021:11:47:29 -0300] "POST /cormun/servlet/solicitudot?gx-no-cache=1615991861619 HTTP/1.1" 200 3758
200.54.237.82 - - [17/Mar/2021:11:47:29 -0300] "GET /cormun/static/Shared/jqueryui/images/ui-bg_highlight-soft_100_c6c2c8_1x100.png HTTP/1.1" 404 1117
200.54.237.82 - - [17/Mar/2021:11:47:29 -0300] "GET /cormun/static/Shared/jqueryui/images/ui-icons_82798d_256x240.png HTTP/1.1" 404 1089
200.54.237.82 - - [17/Mar/2021:11:47:29 -0300] "GET /cormun/static/Shared/jqueryui/images/ui-bg_flat_55_994d53_40x100.png HTTP/1.1" 404 1097
200.54.237.82 - - [17/Mar/2021:11:47:29 -0300] "GET /cormun/static/Shared/jqueryui/images/ui-icons_ebccce_256x240.png HTTP/1.1" 404 1089
200.54.237.82 - - [17/Mar/2021:11:47:49 -0300] "POST /cormun/servlet/solicitudot?gx-no-cache=1615991881977 HTTP/1.1" 200 3758
200.54.237.82 - - [17/Mar/2021:11:47:55 -0300] "GET /cormun/servlet/solicitudot?08df370df9a8a123a7e1e86945db49b4c8f09fc0bffc875b0e3b2bde7c6573ad2bba65d84f0b0471fa3247d17bce067b,gx-no-cache=1615991887867 HTTP/1.1" 200 30
190.171.152.242 - - [17/Mar/2021:11:48:00 -0300] "GET /cormun/servlet/hlogin HTTP/1.1" 200 1725
190.171.152.242 - - [17/Mar/2021:11:48:06 -0300] "POST /cormun/servlet/hlogin?4da5fd7a6d2ebe63116c061b682d12fc,gx-no-cache=1615991901783 HTTP/1.1" 200 90
190.171.152.242 - - [17/Mar/2021:11:48:06 -0300] "GET /cormun/servlet/hpexe_link HTTP/1.1" 200 951
190.171.152.242 - - [17/Mar/2021:11:48:06 -0300] "GET /cormun/servlet/hhome HTTP/1.1" 200 3994
190.171.152.242 - - [17/Mar/2021:11:48:06 -0300] "GET /cormun/servlet/hhome HTTP/1.1" 200 3990
190.171.152.242 - - [17/Mar/2021:11:48:12 -0300] "GET /cormun/servlet/trlicencias? HTTP/1.1" 200 10269
190.171.152.242 - - [17/Mar/2021:11:48:13 -0300] "GET /cormun/servlet/trlicencias? HTTP/1.1" 200 10266
46.174.191.32 - - [17/Mar/2021:11:48:43 -0300] "GET / HTTP/1.0" 200 11197
200.54.247.70 - - [17/Mar/2021:11:48:59 -0300] "GET /cormun/servlet/hlogin HTTP/1.1" 200 1730
200.54.247.70 - - [17/Mar/2021:11:49:03 -0300] "POST /cormun/servlet/hlogin?115e586243c260a7de5e2b8f85773088,gx-no-cache=1615991957959 HTTP/1.1" 200 90
200.54.247.70 - - [17/Mar/2021:11:49:03 -0300] "GET /cormun/servlet/hpexe_link HTTP/1.1" 200 962
190.171.154.42 - - [17/Mar/2021:11:50:21 -0300] "GET /cormun/servlet/trsolicitudot? HTTP/1.1" 200 8966
190.171.154.42 - - [17/Mar/2021:11:50:23 -0300] "GET /cormun/servlet/trsolicitudot? HTTP/1.1" 200 8964
200.54.237.82 - - [17/Mar/2021:11:51:25 -0300] "GET /cormun/servlet/prbanco?,MD,,gxPopupLevel%3D0%3B HTTP/1.1" 200 6608
200.54.237.82 - - [17/Mar/2021:11:51:28 -0300] "GET /cormun/servlet/solicitudot?08df370df9a8a123a7e1e86945db49b4174987e2f6a7b2e5c55bf5b011baa42b269d7b4593e03108190ab817d839184dd83ca4d7fd39fd4ee07582338cc48eee,gx-no-cache=1615992101151 HTTP/1.1" 200 30
200.54.237.82 - - [17/Mar/2021:11:51:34 -0300] "GET /cormun/servlet/solicitudot?08df370df9a8a123a7e1e86945db49b4e2796018903b4cf5e161195276169378,gx-no-cache=1615992106732 HTTP/1.1" 200 60
186.103.156.166 - - [17/Mar/2021:11:51:36 -0300] "GET /cormun/servlet/hlogin HTTP/1.1" 200 1731
186.103.156.166 - - [17/Mar/2021:11:51:36 -0300] "GET /cormun/static/gxtimezone.js?85251 HTTP/1.1" 200 5781
186.103.156.166 - - [17/Mar/2021:11:51:36 -0300] "GET /cormun/static/gxcfg.js?201910216285969 HTTP/1.1" 200 953
186.103.156.166 - - [17/Mar/2021:11:51:37 -0300] "GET /cormun/static/Resources/Spanish/PXTools.css?2294816 HTTP/1.1" 200 100853
186.103.156.166 - - [17/Mar/2021:11:51:37 -0300] "GET /cormun/static/gxgral.js?85251 HTTP/1.1" 200 384558
186.103.156.166 - - [17/Mar/2021:11:51:37 -0300] "GET /cormun/static/messages.spa.js?85251 HTTP/1.1" 200 30736
186.103.156.166 - - [17/Mar/2021:11:51:37 -0300] "GET /cormun/static/hlogin.js?201910216285995 HTTP/1.1" 200 2136
186.103.156.166 - - [17/Mar/2021:11:51:37 -0300] "GET /cormun/static/Resources/Logo2019_Grande.png HTTP/1.1" 200 31733
186.103.156.166 - - [17/Mar/2021:11:51:37 -0300] "GET /cormun/static/Resources/PXToolsLoginBackground.png HTTP/1.1" 200 1164
186.103.156.166 - - [17/Mar/2021:11:51:37 -0300] "GET /cormun/static/Resources/PXToolsLoginTop.png HTTP/1.1" 200 1337
186.103.156.166 - - [17/Mar/2021:11:51:37 -0300] "GET /cormun/static/Resources/PXToolsButtonLeft.png HTTP/1.1" 200 1310
186.103.156.166 - - [17/Mar/2021:11:51:37 -0300] "GET /cormun/static/Resources/PXToolsButtonRight.png HTTP/1.1" 200 1294
186.103.156.166 - - [17/Mar/2021:11:51:37 -0300] "GET /cormun/static/Resources/PXToolsButtonBackground.png HTTP/1.1" 200 1176
186.103.156.166 - - [17/Mar/2021:11:51:37 -0300] "GET /cormun/static/Resources/PXToolsLoginBottom.png HTTP/1.1" 200 1389
186.103.156.166 - - [17/Mar/2021:11:51:37 -0300] "GET /cormun/servlet/hlogin HTTP/1.1" 200 1741
186.103.156.166 - - [17/Mar/2021:11:51:37 -0300] "GET /cormun/static/Resources/indicator.gif HTTP/1.1" 200 1553
186.103.156.166 - - [17/Mar/2021:11:51:38 -0300] "GET /favicon.ico HTTP/1.1" 200 21630
190.171.152.242 - - [17/Mar/2021:11:52:00 -0300] "GET /cormun/servlet/hlogin HTTP/1.1" 200 1740
200.54.237.82 - - [17/Mar/2021:11:52:01 -0300] "GET /cormun/servlet/solicitudot?08df370df9a8a123a7e1e86945db49b4f60732eec95020725409f3eb3fc2f96e9fd17c33e792d0c5579685a13735caf05ba449da8b8a49c66fa4a5e1dda465fd11958b0629508c3112d80d68b1e7bc5db6ffc5a9197051e47e92e6dadb8d25cdb2789bca9879d993d8d673746b39d12153a0cfecf17aa64f8b449bafbb1ee72ab8a65c509bce9cf25419184c42cf2325ee30807e63727df9f94260e218b498436630165cddbbc7c4f13ba9e5d16e33d7c59ddf766f57d5d2ddac8206e5a671c77c2e0eb482e7d934bc485c09b8c7abda14c0766750d0db27e17390f2d80fd2e70c1f2416da697ec4e364f0aa4fc8174a2cdf2c7af6ee46519898db0fc77804061b8e4db5aabffa8daaaa8eced312f06ecdb0310284231a8d257f6ec7544af2641619e63662ef7da5122e439c6cdd1ace7b4d0bfad6e046807b3389a646770eafee3de4e94b6c09c9f1b13244953e5f88,gx-no-cache=1615992133844 HTTP/1.1" 200 255
200.54.237.82 - - [17/Mar/2021:11:52:04 -0300] "GET /cormun/servlet/solicitudot?08df370df9a8a123a7e1e86945db49b48777ef147945c07b5020ffe9a1782d8c5934eed9b192c3ba79ab352d3e450406d2edb3bf183eb5b9db180e7b8f47e18089684e38cf8d500872880fb1b1de681fa91d1ec145c27d2bab93126b40c73e5ff49b46117452a3d90efb6539ec73aa1cf01fc1ad01982c0353587ab62cdaf227c5f4d2f950a9b08b57106d5ddf1bc923f536c6b32ab03a1cc0f33aaf65e3c930196d62aecb7844b5380823b64de236499645455362d268cf0a3c18a745a41af28ebba2b683068d4cb7608a817b7144e9826b14401ca21cd6456f6a2f7748ef5ab041a4f6388115d9be54a62308e8838708bc7a1b65ea34271601614e4c7f999d84b43838e3a7e2e50de1ff8c3aae4373c192e37adc68b42dd118e39d149edfe461522b8ce17069c19f7e33216ab8cc5378adf032b146c69844a36b063a6b3c19e8c6635970909d340f2b9d20a8a1c4d084394bdd07948b6ec8e3856fd6c377553b33983185e1754056053cbb002d220c5a7e6ba51e3f06ac9a8f8f2d5b769f39,gx-no-cache=1615992136890 HTTP/1.1" 200 30
186.103.156.166 - - [17/Mar/2021:11:52:05 -0300] "POST /cormun/servlet/hlogin?891580e04f5469704b76962b1b5a77f6,gx-no-cache=1615992141083 HTTP/1.1" 200 453
186.103.156.166 - - [17/Mar/2021:11:52:16 -0300] "POST /cormun/servlet/hlogin?891580e04f5469704b76962b1b5a77f6,gx-no-cache=1615992152277 HTTP/1.1" 200 449
186.103.156.166 - - [17/Mar/2021:11:52:24 -0300] "POST /cormun/servlet/hlogin?891580e04f5469704b76962b1b5a77f6,gx-no-cache=1615992159476 HTTP/1.1" 200 450
200.54.237.82 - - [17/Mar/2021:11:52:24 -0300] "POST /cormun/servlet/solicitudot?gx-no-cache=1615992156587 HTTP/1.1" 200 30
190.171.154.42 - - [17/Mar/2021:11:52:25 -0300] "GET /cormun/servlet/trsolicitudot? HTTP/1.1" 200 8964
190.171.154.42 - - [17/Mar/2021:11:52:27 -0300] "GET /cormun/servlet/trsolicitudot? HTTP/1.1" 200 8964
190.171.154.42 - - [17/Mar/2021:11:52:45 -0300] "GET /cormun/servlet/solicitudot?INS,0,0,false, HTTP/1.1" 200 15692
190.171.154.42 - - [17/Mar/2021:11:52:47 -0300] "GET /cormun/servlet/solicitudot?INS,0,0,false, HTTP/1.1" 200 15700
190.171.154.42 - - [17/Mar/2021:11:52:56 -0300] "POST /cormun/servlet/solicitudot?gx-no-cache=1615992190697 HTTP/1.1" 200 3804
200.54.237.82 - - [17/Mar/2021:11:52:57 -0300] "GET /cormun/servlet/prcontratosol?15124780,,,,,MD,,gxPopupLevel%3D0%3B HTTP/1.1" 200 5675
190.171.154.42 - - [17/Mar/2021:11:52:57 -0300] "POST /cormun/servlet/solicitudot?27d00c6e55f02429b8da82d6f5a21f0e,INS,0,0,false,,gx-no-cache=1615992191225 HTTP/1.1" 200 12280
200.54.237.82 - - [17/Mar/2021:11:52:57 -0300] "GET /cormun/static/gxcfg.js?2019914201458 HTTP/1.1" 200 953
200.54.237.82 - - [17/Mar/2021:11:52:57 -0300] "GET /cormun/static/Resources/Spanish/PXTools.css?19172979 HTTP/1.1" 200 100853
200.54.237.82 - - [17/Mar/2021:11:52:57 -0300] "GET /cormun/static/prcontratosol.js?20199142014772 HTTP/1.1" 200 15806
200.54.237.82 - - [17/Mar/2021:11:53:04 -0300] "POST /cormun/servlet/solicitudot?gx-no-cache=1615992196393 HTTP/1.1" 200 1516
200.54.237.82 - - [17/Mar/2021:11:53:04 -0300] "POST /cormun/servlet/solicitudot?gx-no-cache=1615992196457 HTTP/1.1" 200 117
200.54.237.82 - - [17/Mar/2021:11:53:04 -0300] "GET /cormun/servlet/solicitudot?08df370df9a8a123a7e1e86945db49b44bf4951dafef8dd14ed637c662cb607375c42668cbf4a558204d2e4f2c8075e01474f8e75bd19a134dca415023f34f4fbbf5c17029feb87f74363b6f95d6bd02d535282ef908de2b153f9a266152fed2e1a323649e139395306388b77a043bd4,gx-no-cache=1615992196499 HTTP/1.1" 200 110
200.54.237.82 - - [17/Mar/2021:11:53:04 -0300] "POST /cormun/servlet/solicitudot?gx-no-cache=1615992196533 HTTP/1.1" 200 64
200.54.237.82 - - [17/Mar/2021:11:53:04 -0300] "GET /cormun/servlet/solicitudot?08df370df9a8a123a7e1e86945db49b42c02a10bee09158cca37b92a4498dbad2cdf2c7af6ee46519898db0fc77804061b8e4db5aabffa8daaaa8eced312f06e27fde302119d465f9fbdef6a228280b5,gx-no-cache=1615992196596 HTTP/1.1" 200 29
200.54.237.82 - - [17/Mar/2021:11:53:04 -0300] "GET /cormun/servlet/solicitudot?08df370df9a8a123a7e1e86945db49b402abb57da885211506fed7d407a0f7ba,gx-no-cache=1615992196643 HTTP/1.1" 200 30
200.54.237.82 - - [17/Mar/2021:11:53:21 -0300] "GET /cormun/servlet/prfichaempleado?,MD,,gxPopupLevel%3D0%3B HTTP/1.1" 200 9355
200.54.237.82 - - [17/Mar/2021:11:53:36 -0300] "POST /cormun/servlet/prfichaempleado?e4bcd72813ed96a7715869a33ffd1018,,MD,,gxPopupLevel%3D0%3B,gx-no-cache=1615992228460 HTTP/1.1" 200 3403
190.171.154.42 - - [17/Mar/2021:11:53:39 -0300] "GET /cormun/servlet/solicitudot?ca401141f2f20a186be06104c4a2332c851256cd21c01e85067a1c17c1267f25f2d65c29afff0988c6873a14b595ac30,gx-no-cache=1615992233257 HTTP/1.1" 200 30
190.171.154.42 - - [17/Mar/2021:11:53:39 -0300] "GET /cormun/servlet/solicitudot?ca401141f2f20a186be06104c4a2332c6fc46b980d1f1f1b0f8cce0947ab6896f0ccbf09548c1e4133610bf6d20c1b74aa9d18213d53a90e8832e48c12ba513b,gx-no-cache=1615992233417 HTTP/1.1" 200 30
190.171.154.42 - - [17/Mar/2021:11:53:39 -0300] "GET /cormun/servlet/solicitudot?ca401141f2f20a186be06104c4a2332c840052f3583fcada8ca9696164dab48f,gx-no-cache=1615992233498 HTTP/1.1" 200 53
190.171.154.42 - - [17/Mar/2021:11:53:39 -0300] "POST /cormun/servlet/solicitudot?gx-no-cache=1615992233603 HTTP/1.1" 200 297
190.171.154.42 - - [17/Mar/2021:11:53:39 -0300] "GET /cormun/servlet/solicitudot?ca401141f2f20a186be06104c4a2332cd3f4410d0c4968086131f876d3bda7b4ee5ac78e27ae5cb920155f70828c373b00dbe40e057d7f28cf8e998f577253d74344b76d53c76bf5c17479c258b03379ac5a4884b73b8cecca71fd06cc6d1df04c17869093eeee6a07da1ad4a072c82e4979754331efe124dc8baea3880954d4b66bb846c9229b0f4ec9cf8a52c6d24ad308a3d3811f24ef0ab93a8b64f23144bfbfccd1009a65589348e5e7871387068d82a3b96c75ec9e37e527b7ea46a76bbedc429584cfb86c45533ac91286bbce7b50c69c9ab88044fca99b7a90095f1cb8574ab92bc7722b99500cc0c46f53e943275a7bebb43829d0a995c139a9a76e0b26e89c0816f1dedcb35da15fdf0c16bae1898139b84ac6a89ac5ba71ffa16229111425d8d7fcd944f8d603a35e8bb71b97da50834cead3d9d38e174a21a40399bdfc881dbef1c9abd1321eca64760fb473ddac3466eafa65bf5548a8610c93aa59897a5c63ac8d48f51c4130a84a1b5358de401237ed94b556ce81e35ff9322bf7999c30a707e68e34b70676ad081e,gx-no-cache=1615992233768 HTTP/1.1" 200 30
200.54.237.82 - - [17/Mar/2021:11:53:40 -0300] "POST /cormun/servlet/solicitudot?gx-no-cache=1615992232767 HTTP/1.1" 200 1440
200.54.237.82 - - [17/Mar/2021:11:53:47 -0300] "GET /cormun/servlet/prlicenciaspermisos?15104564,P,,MD,,gxPopupLevel%3D0%3B HTTP/1.1" 200 5203
200.54.237.82 - - [17/Mar/2021:11:53:47 -0300] "GET /cormun/static/gxcfg.js?2020121559567 HTTP/1.1" 200 953
200.54.237.82 - - [17/Mar/2021:11:53:47 -0300] "GET /cormun/static/prlicenciaspermisos.js?2020121559821 HTTP/1.1" 200 13379
200.54.247.70 - - [17/Mar/2021:11:53:49 -0300] "GET /cormun/servlet/trfichaempleado HTTP/1.1" 200 14570
190.171.149.74 - - [17/Mar/2021:11:54:30 -0300] "POST /cormun/servlet/hlogin?5dbc87a2c6e45841b19197401e1fe977,gx-no-cache=1615995872002 HTTP/1.1" 440 972
190.171.149.74 - - [17/Mar/2021:11:54:31 -0300] "GET /cormun/servlet/hlogin HTTP/1.1" 200 1741
200.54.237.82 - - [17/Mar/2021:11:54:36 -0300] "GET /cormun/servlet/prsolicitudot?15124780,,,,,MD,,gxPopupLevel%3D0%3B HTTP/1.1" 200 5681
200.54.237.82 - - [17/Mar/2021:11:54:36 -0300] "GET /cormun/static/gxcfg.js?20201215593468 HTTP/1.1" 200 953
200.54.237.82 - - [17/Mar/2021:11:54:36 -0300] "GET /cormun/static/prsolicitudot.js?20201215593721 HTTP/1.1" 200 13680
190.171.149.74 - - [17/Mar/2021:11:54:38 -0300] "POST /cormun/servlet/hlogin?c5daf3753ded1bc50dc55d19baefe4a8,gx-no-cache=1615995880318 HTTP/1.1" 200 90
190.171.149.74 - - [17/Mar/2021:11:54:38 -0300] "GET /cormun/servlet/hpexe_link HTTP/1.1" 200 956
190.171.149.74 - - [17/Mar/2021:11:54:38 -0300] "GET /cormun/servlet/hhome HTTP/1.1" 200 3985
190.171.149.74 - - [17/Mar/2021:11:54:39 -0300] "GET /cormun/servlet/hhome HTTP/1.1" 200 3981
200.54.237.82 - - [17/Mar/2021:11:54:40 -0300] "POST /cormun/servlet/solicitudot?gx-no-cache=1615992292401 HTTP/1.1" 200 30
200.54.237.82 - - [17/Mar/2021:11:54:40 -0300] "POST /cormun/servlet/solicitudot?gx-no-cache=1615992292438 HTTP/1.1" 200 1440
200.54.237.82 - - [17/Mar/2021:11:54:40 -0300] "POST /cormun/servlet/solicitudot?gx-no-cache=1615992292619 HTTP/1.1" 200 117
200.54.237.82 - - [17/Mar/2021:11:54:40 -0300] "GET /cormun/servlet/solicitudot?08df370df9a8a123a7e1e86945db49b44bf4951dafef8dd14ed637c662cb607375c42668cbf4a558204d2e4f2c8075e01474f8e75bd19a134dca415023f34f4fbbf5c17029feb87f74363b6f95d6bd02d535282ef908de2b153f9a266152fed2e1a323649e139395306388b77a043bd4,gx-no-cache=1615992292667 HTTP/1.1" 200 110
200.54.237.82 - - [17/Mar/2021:11:54:40 -0300] "POST /cormun/servlet/solicitudot?gx-no-cache=1615992292711 HTTP/1.1" 200 97
190.171.149.74 - - [17/Mar/2021:11:54:41 -0300] "GET /cormun/servlet/trsolicitudot? HTTP/1.1" 200 7208
190.171.149.74 - - [17/Mar/2021:11:54:42 -0300] "GET /cormun/static/gxcfg.js?201991910464971 HTTP/1.1" 200 953
190.171.149.74 - - [17/Mar/2021:11:54:42 -0300] "GET /cormun/static/trsolicitudot.js?201991910465845 HTTP/1.1" 200 54041
190.171.149.74 - - [17/Mar/2021:11:54:42 -0300] "GET /cormun/static/Resources/PXToolsAddAllAction.png HTTP/1.1" 200 495
190.171.149.74 - - [17/Mar/2021:11:54:42 -0300] "GET /cormun/servlet/trsolicitudot? HTTP/1.1" 200 7207
190.171.149.74 - - [17/Mar/2021:11:54:45 -0300] "GET /cormun/servlet/solicitudot?INS,0,0,false, HTTP/1.1" 200 15512
190.171.149.74 - - [17/Mar/2021:11:54:45 -0300] "GET /cormun/static/gxcfg.js?20203414241232 HTTP/1.1" 200 953
190.171.149.74 - - [17/Mar/2021:11:54:45 -0300] "GET /cormun/static/Resources/prompt.gif HTTP/1.1" 200 902
190.171.149.74 - - [17/Mar/2021:11:54:45 -0300] "GET /cormun/static/solicitudot.js?20203414242792 HTTP/1.1" 200 74114
190.171.149.74 - - [17/Mar/2021:11:54:46 -0300] "GET /cormun/servlet/solicitudot?INS,0,0,false, HTTP/1.1" 200 15519
190.171.149.74 - - [17/Mar/2021:11:55:04 -0300] "POST /cormun/servlet/solicitudot?gx-no-cache=1615995906168 HTTP/1.1" 200 3891
190.171.149.74 - - [17/Mar/2021:11:55:04 -0300] "GET /cormun/static/Shared/jqueryui/images/ui-bg_highlight-soft_100_c6c2c8_1x100.png HTTP/1.1" 404 1117
190.171.149.74 - - [17/Mar/2021:11:55:04 -0300] "GET /cormun/static/Shared/jqueryui/images/ui-icons_82798d_256x240.png HTTP/1.1" 404 1089
190.171.149.74 - - [17/Mar/2021:11:55:04 -0300] "GET /cormun/static/Shared/jqueryui/images/ui-bg_flat_55_994d53_40x100.png HTTP/1.1" 404 1097
190.171.149.74 - - [17/Mar/2021:11:55:04 -0300] "GET /cormun/static/Shared/jqueryui/images/ui-icons_ebccce_256x240.png HTTP/1.1" 404 1089
190.171.149.74 - - [17/Mar/2021:11:55:08 -0300] "GET /cormun/servlet/solicitudot?176051a384bb08e25fecde63917e28e988e21a7f7a382d2f605fea95199117d5b85a682c7ad2f89e48aa742baa0d4e84,gx-no-cache=1615995910395 HTTP/1.1" 200 30
190.171.154.42 - - [17/Mar/2021:11:56:22 -0300] "GET /cormun/servlet/trfichaempleado? HTTP/1.1" 200 12903
190.171.149.74 - - [17/Mar/2021:11:56:30 -0300] "GET /cormun/servlet/solicitudot?176051a384bb08e25fecde63917e28e9924eaf4e817da6a6a83e709ea0ac1abf18318f8f986c8475db9dd4a78106553153cf35aa7cfac32737cbef2822f1a2ed,gx-no-cache=1615995992048 HTTP/1.1" 200 30
190.171.149.74 - - [17/Mar/2021:11:56:30 -0300] "GET /cormun/servlet/solicitudot?176051a384bb08e25fecde63917e28e9c2ab2da91d0a8073d9d03043fe566d68,gx-no-cache=1615995992097 HTTP/1.1" 200 29
190.171.149.74 - - [17/Mar/2021:11:56:30 -0300] "GET /cormun/servlet/solicitudot?176051a384bb08e25fecde63917e28e94ac5c46013950b5578b64f50ed45ffb8fdf6f78640b4dfec08e0c0526dea782ccfd09e1fa76b1607e3ea78a127521fb9f870d57beca0beb2751a3362095452929dc80df1c4b9af121d96854d4a94d8c153644445cfafdb4118f3a700634093510300c81af0d083b61fed6e0364017b0aa930faa02db2f6a7714e88d559102f8bc42f833e7c2d9ce4745e782964db9026cab0e73ce2474858250d87f8ff0a23b757df1d6974abc543b9f59186f471e61f1316926477890cb0d57e82ea62d8dbc58e651e070e42cb478b9926410302987d4331681e7875fad718daf37b262cf435e6ed74778efbcaadc9b65ae62a8697ed386cd8990c1886b8fece45ee002daa90a8330b3a4581e2a94a6dcca4a855951226e717dbc3b5012c1816da936bef536a6c3052a1b99a32e45cdcebd03fa811fee24c892ddf1d25f496a04a6879498c55,gx-no-cache=1615995992144 HTTP/1.1" 200 297
190.171.149.74 - - [17/Mar/2021:11:56:39 -0300] "GET /cormun/servlet/solicitudot?176051a384bb08e25fecde63917e28e9ca51fd5ce125ad2e9b74257eddfa72102561ef99a594500b95c138843ac4317bdf941a307090fe3aaaf98d3c21657f077cd73a11e5477483019a7b48695ca17ed7bf6bfd91ef169de804e3929168d52ddfd0d7dd284318dd0b241b8e91020d345094e50eb691b88ec0b088c18bb742eaf6b6ad5e3a668c5f0833f90a658bab41804585c151782dff3fae6caa7e843f7a83a400fe64ebfe828bad989549d37451b0b7a67701dfb79ab16e49f265eae80e2b6f8bd70f2c278161738d7c434f87e63db02ef757859c93f6d19378f9cf5f316b5d8f161f176cb6d83f08fe46d1dc9a775602af8b52b0578db1dd3a1831990eed5a2e612bf60dba47542f8af71aea273b955f3d0a82b5b224068382775c5e98487fff2349082753f353fe2d816ed3f4b9b8e95500920bd633a8d0e05fd682ee3efe12513d22c57db06a626ae49d45a0d6ab5470971e39eb7e1f708bbabbfddaa0b5ebbbbc6cba794464b5d580b9bf1d55602cef4736d15336e1379f7a02e815ae2e85ef7b02bf5fd80f17f173dfb2ac,gx-no-cache=1615996001416 HTTP/1.1" 200 30
190.171.149.74 - - [17/Mar/2021:11:56:41 -0300] "POST /cormun/servlet/solicitudot?gx-no-cache=1615996003120 HTTP/1.1" 200 30
190.171.149.74 - - [17/Mar/2021:11:56:44 -0300] "POST /cormun/servlet/solicitudot?gx-no-cache=1615996005946 HTTP/1.1" 200 1434
190.171.149.74 - - [17/Mar/2021:11:56:44 -0300] "POST /cormun/servlet/solicitudot?gx-no-cache=1615996005985 HTTP/1.1" 200 38
190.171.149.74 - - [17/Mar/2021:11:57:10 -0300] "GET /cormun/servlet/solicitudot?176051a384bb08e25fecde63917e28e922f73f4e62c191ab966f1e0061e1587615195c65d291ac871263f48495cdf9479b6a53bd1a82b31ae5c422707b231e41be92919ef9782f3055d650b6d027fdd054a8d0f51dd5b52d3964f9b42f71370abbbe1922186feb8aef8d0457ba4fe6d6,gx-no-cache=1615996032494 HTTP/1.1" 200 110
200.54.237.82 - - [17/Mar/2021:11:57:14 -0300] "GET /cormun/servlet/prpersonalsolicitud?15124780,,,,,MD,,gxPopupLevel%3D0%3B HTTP/1.1" 200 5688
200.54.237.82 - - [17/Mar/2021:11:57:14 -0300] "GET /cormun/static/gxcfg.js?20199142022523 HTTP/1.1" 200 953
200.54.237.82 - - [17/Mar/2021:11:57:14 -0300] "GET /cormun/static/prpersonalsolicitud.js?20199142022764 HTTP/1.1" 200 13873
190.171.154.42 - - [17/Mar/2021:11:57:14 -0300] "GET /cormun/servlet/trsolicitudot? HTTP/1.1" 200 8964
190.171.149.74 - - [17/Mar/2021:11:57:16 -0300] "POST /cormun/servlet/solicitudot?gx-no-cache=1615996038617 HTTP/1.1" 200 79
190.171.154.42 - - [17/Mar/2021:11:57:17 -0300] "GET /cormun/servlet/trsolicitudot? HTTP/1.1" 200 8963
190.171.149.74 - - [17/Mar/2021:11:57:19 -0300] "GET /cormun/servlet/solicitudot?176051a384bb08e25fecde63917e28e94e023a3b6319e74106ca7a1664e54288e6ed74778efbcaadc9b65ae62a8697ed386cd8990c1886b8fece45ee002daa902939fb4eca37d1eab67032c7f3f3c0e0,gx-no-cache=1615996041175 HTTP/1.1" 200 29
200.54.237.82 - - [17/Mar/2021:11:57:19 -0300] "POST /cormun/servlet/solicitudot?gx-no-cache=1615992451997 HTTP/1.1" 200 30
200.54.237.82 - - [17/Mar/2021:11:57:19 -0300] "POST /cormun/servlet/solicitudot?gx-no-cache=1615992452030 HTTP/1.1" 200 1440
200.54.237.82 - - [17/Mar/2021:11:57:19 -0300] "POST /cormun/servlet/solicitudot?gx-no-cache=1615992452146 HTTP/1.1" 200 117
200.54.237.82 - - [17/Mar/2021:11:57:19 -0300] "GET /cormun/servlet/solicitudot?08df370df9a8a123a7e1e86945db49b44bf4951dafef8dd14ed637c662cb607375c42668cbf4a558204d2e4f2c8075e01474f8e75bd19a134dca415023f34f4fbbf5c17029feb87f74363b6f95d6bd02d535282ef908de2b153f9a266152fed2e1a323649e139395306388b77a043bd4,gx-no-cache=1615992452198 HTTP/1.1" 200 110
200.54.237.82 - - [17/Mar/2021:11:57:19 -0300] "POST /cormun/servlet/solicitudot?gx-no-cache=1615992452244 HTTP/1.1" 200 97
190.171.149.74 - - [17/Mar/2021:11:57:20 -0300] "GET /cormun/static/menuarrow.gif HTTP/1.1" 404 1015
190.171.154.42 - - [17/Mar/2021:11:57:21 -0300] "GET /cormun/servlet/trsolicitudot? HTTP/1.1" 200 8963
190.171.154.42 - - [17/Mar/2021:11:57:24 -0300] "GET /cormun/servlet/trsolicitudot? HTTP/1.1" 200 8963
190.171.154.42 - - [17/Mar/2021:11:57:27 -0300] "GET /cormun/servlet/solicitudot?INS,0,0,false, HTTP/1.1" 200 15693
200.54.247.70 - - [17/Mar/2021:11:57:29 -0300] "GET /cormun/servlet/trfichaempleado HTTP/1.1" 200 14570
190.171.154.42 - - [17/Mar/2021:11:57:29 -0300] "GET /cormun/servlet/solicitudot?INS,0,0,false, HTTP/1.1" 200 15702
190.171.149.74 - - [17/Mar/2021:11:57:30 -0300] "GET /cormun/servlet/solicitudot?176051a384bb08e25fecde63917e28e98c79e22eb1f770fb0019afc5d6e9efb6bd5e9831417ed8c54e70ee42d3f5cd11,gx-no-cache=1615996052165 HTTP/1.1" 200 30
200.54.237.82 - - [17/Mar/2021:11:57:31 -0300] "POST /cormun/servlet/solicitudot?gx-no-cache=1615992463969 HTTP/1.1" 200 30
190.171.154.42 - - [17/Mar/2021:11:57:38 -0300] "POST /cormun/servlet/solicitudot?gx-no-cache=1615992472444 HTTP/1.1" 200 3792
190.171.154.42 - - [17/Mar/2021:11:57:38 -0300] "POST /cormun/servlet/solicitudot?27d00c6e55f02429b8da82d6f5a21f0e,INS,0,0,false,,gx-no-cache=1615992472772 HTTP/1.1" 200 12255
190.171.149.74 - - [17/Mar/2021:11:57:39 -0300] "POST /cormun/servlet/solicitudot?gx-no-cache=1615996061406 HTTP/1.1" 200 30
200.54.237.82 - - [17/Mar/2021:11:57:43 -0300] "POST /cormun/servlet/solicitudot?gx-no-cache=1615992475369 HTTP/1.1" 200 30
190.171.149.74 - - [17/Mar/2021:11:57:49 -0300] "POST /cormun/servlet/solicitudot?c5daf3753ded1bc50dc55d19baefe4a8,INS,0,0,false,,gx-no-cache=1615996071041 HTTP/1.1" 200 12513
190.171.154.42 - - [17/Mar/2021:11:58:04 -0300] "GET /cormun/servlet/trsolicitudot? HTTP/1.1" 200 8964
192.168.10.96 - - [17/Mar/2021:11:58:04 -0300] "GET /cormun/servlet/hlogin HTTP/1.1" 200 1734
192.168.10.96 - - [17/Mar/2021:11:58:05 -0300] "GET /cormun/servlet/hlogin HTTP/1.1" 200 1744
190.171.154.42 - - [17/Mar/2021:11:58:07 -0300] "GET /cormun/servlet/trsolicitudot? HTTP/1.1" 200 8963
192.168.10.96 - - [17/Mar/2021:11:58:12 -0300] "POST /cormun/servlet/hlogin?72bdbb94872fa1ef4ab8ef0cbd4ad4b3,gx-no-cache=1615992373405 HTTP/1.1" 200 90
192.168.10.96 - - [17/Mar/2021:11:58:12 -0300] "GET /cormun/servlet/hpexe_link HTTP/1.1" 200 959
192.168.10.96 - - [17/Mar/2021:11:58:12 -0300] "GET /cormun/servlet/hhome HTTP/1.1" 200 3771
192.168.10.96 - - [17/Mar/2021:11:58:13 -0300] "GET /cormun/servlet/hhome HTTP/1.1" 200 3768
190.171.149.74 - - [17/Mar/2021:11:58:17 -0300] "POST /cormun/servlet/solicitudot?c5daf3753ded1bc50dc55d19baefe4a8,INS,0,0,false,,gx-no-cache=1615996098967 HTTP/1.1" 200 93
190.171.149.74 - - [17/Mar/2021:11:58:17 -0300] "GET /cormun/servlet/hpexe_return? HTTP/1.1" 200 1013
190.171.154.42 - - [17/Mar/2021:11:58:17 -0300] "GET /cormun/servlet/trsolicitudot? HTTP/1.1" 200 8963
190.171.149.74 - - [17/Mar/2021:11:58:17 -0300] "GET /cormun/static/gxcfg.js?201991422392976 HTTP/1.1" 200 953
190.171.149.74 - - [17/Mar/2021:11:58:17 -0300] "GET /cormun/static/hpexe_return.js?201991422392984 HTTP/1.1" 200 1633
190.171.149.74 - - [17/Mar/2021:11:58:17 -0300] "GET /cormun/servlet/trsolicitudot HTTP/1.1" 200 7211
190.171.149.74 - - [17/Mar/2021:11:58:17 -0300] "GET /cormun/servlet/trsolicitudot HTTP/1.1" 200 7207
192.168.10.96 - - [17/Mar/2021:11:58:18 -0300] "GET /cormun/servlet/trsolicitudgral? HTTP/1.1" 200 28066
190.171.154.42 - - [17/Mar/2021:11:58:19 -0300] "GET /cormun/servlet/trsolicitudot? HTTP/1.1" 200 8963
192.168.10.96 - - [17/Mar/2021:11:58:20 -0300] "GET /cormun/servlet/trsolicitudgral? HTTP/1.1" 200 28064
190.171.149.74 - - [17/Mar/2021:11:58:20 -0300] "GET /cormun/servlet/solicitudot?INS,0,0,false, HTTP/1.1" 200 15512
190.171.149.74 - - [17/Mar/2021:11:58:21 -0300] "GET /cormun/servlet/solicitudot?INS,0,0,false, HTTP/1.1" 200 15520
190.171.154.42 - - [17/Mar/2021:11:58:22 -0300] "GET /cormun/servlet/solicitudot?INS,0,0,false, HTTP/1.1" 200 15693
190.171.154.42 - - [17/Mar/2021:11:58:24 -0300] "GET /cormun/servlet/solicitudot?INS,0,0,false, HTTP/1.1" 200 15702
190.171.154.42 - - [17/Mar/2021:11:58:33 -0300] "POST /cormun/servlet/solicitudot?gx-no-cache=1615992527953 HTTP/1.1" 200 3685
190.171.154.42 - - [17/Mar/2021:11:58:34 -0300] "POST /cormun/servlet/solicitudot?27d00c6e55f02429b8da82d6f5a21f0e,INS,0,0,false,,gx-no-cache=1615992528207 HTTP/1.1" 200 12153
190.171.149.74 - - [17/Mar/2021:11:58:47 -0300] "POST /cormun/servlet/solicitudot?gx-no-cache=1615996129730 HTTP/1.1" 200 3799
190.171.149.74 - - [17/Mar/2021:11:58:48 -0300] "POST /cormun/servlet/solicitudot?c5daf3753ded1bc50dc55d19baefe4a8,INS,0,0,false,,gx-no-cache=1615996129889 HTTP/1.1" 200 12254
190.171.149.74 - - [17/Mar/2021:11:58:51 -0300] "GET /cormun/servlet/solicitudot?176051a384bb08e25fecde63917e28e914c86cef0303600f94917be786a9a139b85a682c7ad2f89e48aa742baa0d4e84,gx-no-cache=1615996133048 HTTP/1.1" 200 30
192.168.10.96 - - [17/Mar/2021:11:58:56 -0300] "POST /cormun/servlet/trsolicitudgral?72bdbb94872fa1ef4ab8ef0cbd4ad4b3,,gx-no-cache=1615992416875 HTTP/1.1" 200 25618
192.168.10.96 - - [17/Mar/2021:11:59:03 -0300] "POST /cormun/servlet/trsolicitudgral?72bdbb94872fa1ef4ab8ef0cbd4ad4b3,,gx-no-cache=1615992423480 HTTP/1.1" 200 26733
192.168.10.96 - - [17/Mar/2021:11:59:14 -0300] "POST /cormun/servlet/trsolicitudgral?72bdbb94872fa1ef4ab8ef0cbd4ad4b3,,gx-no-cache=1615992434489 HTTP/1.1" 200 25334
190.171.154.42 - - [17/Mar/2021:11:59:18 -0300] "GET /cormun/servlet/solicitudot?ca401141f2f20a186be06104c4a2332c921e163de53c5d35b02bc0681dabd079aa9d18213d53a90e8832e48c12ba513b,gx-no-cache=1615992572151 HTTP/1.1" 200 30
192.168.10.96 - - [17/Mar/2021:11:59:18 -0300] "POST /cormun/servlet/trsolicitudgral?72bdbb94872fa1ef4ab8ef0cbd4ad4b3,,gx-no-cache=1615992438089 HTTP/1.1" 200 12685
190.171.154.42 - - [17/Mar/2021:11:59:18 -0300] "GET /cormun/servlet/solicitudot?ca401141f2f20a186be06104c4a2332cbf790222f706ba8d09a9b7bb258565de,gx-no-cache=1615992572292 HTTP/1.1" 200 94
190.171.154.42 - - [17/Mar/2021:11:59:18 -0300] "GET /cormun/static/Shared/jqueryui/images/ui-bg_highlight-soft_100_c6c2c8_1x100.png HTTP/1.1" 404 1117
190.171.154.42 - - [17/Mar/2021:11:59:18 -0300] "GET /cormun/static/Shared/jqueryui/images/ui-icons_82798d_256x240.png HTTP/1.1" 404 1089
190.171.154.42 - - [17/Mar/2021:11:59:18 -0300] "GET /cormun/static/Shared/jqueryui/images/ui-bg_flat_55_994d53_40x100.png HTTP/1.1" 404 1097
190.171.154.42 - - [17/Mar/2021:11:59:18 -0300] "GET /cormun/static/Shared/jqueryui/images/ui-icons_ebccce_256x240.png HTTP/1.1" 404 1089
190.171.154.42 - - [17/Mar/2021:11:59:18 -0300] "GET /cormun/servlet/solicitudot?ca401141f2f20a186be06104c4a2332c7d21a3357013384695599eb58a369138,gx-no-cache=1615992572468 HTTP/1.1" 200 29
190.171.154.42 - - [17/Mar/2021:11:59:18 -0300] "POST /cormun/servlet/solicitudot?gx-no-cache=1615992572607 HTTP/1.1" 200 297
190.171.154.42 - - [17/Mar/2021:11:59:18 -0300] "GET /cormun/servlet/solicitudot?ca401141f2f20a186be06104c4a2332cd3f4410d0c4968086131f876d3bda7b4ee5ac78e27ae5cb920155f70828c373b00dbe40e057d7f28cf8e998f577253d74344b76d53c76bf5c17479c258b03379ac5a4884b73b8cecca71fd06cc6d1df04c17869093eeee6a07da1ad4a072c82e4979754331efe124dc8baea3880954d4b66bb846c9229b0f4ec9cf8a52c6d24ad308a3d3811f24ef0ab93a8b64f23144bfbfccd1009a65589348e5e7871387068d82a3b96c75ec9e37e527b7ea46a76bbedc429584cfb86c45533ac91286bbce7b50c69c9ab88044fca99b7a90095f1cb8574ab92bc7722b99500cc0c46f53e943275a7bebb43829d0a995c139a9a76e0b26e89c0816f1dedcb35da15fdf0c16bae1898139b84ac6a89ac5ba71ffa16229111425d8d7fcd944f8d603a35e8bb71b97da50834cead3d9d38e174a21a40399bdfc881dbef1c9abd1321eca64760fb473ddac3466eafa65bf5548a8610c93aa59897a5c63ac8d48f51c4130a84a1b5358de401237ed94b556ce81e35ff9322bf7999c30a707e68e34b70676ad081e,gx-no-cache=1615992572756 HTTP/1.1" 200 30
190.171.149.74 - - [17/Mar/2021:11:59:34 -0300] "GET /cormun/servlet/solicitudot?176051a384bb08e25fecde63917e28e911cea9e20b1956ab3349fc0ded281725a87a21953a5e3272dba434d4ff2b5c2822eb0f1e94110c58d4db7396ec7a5bce,gx-no-cache=1615996176699 HTTP/1.1" 200 30
190.171.149.74 - - [17/Mar/2021:11:59:34 -0300] "GET /cormun/servlet/solicitudot?176051a384bb08e25fecde63917e28e9a898eb65e81d10a63975e97db3c4cc3d,gx-no-cache=1615996176747 HTTP/1.1" 200 45
190.171.149.74 - - [17/Mar/2021:11:59:34 -0300] "POST /cormun/servlet/solicitudot?gx-no-cache=1615996176782 HTTP/1.1" 200 255
190.171.149.74 - - [17/Mar/2021:11:59:34 -0300] "GET /cormun/servlet/solicitudot?176051a384bb08e25fecde63917e28e9ca51fd5ce125ad2e9b74257eddfa72109a0b7d3b51255a547d222d714fc946d5df941a307090fe3aaaf98d3c21657f077cd73a11e5477483019a7b48695ca17ed7bf6bfd91ef169de804e3929168d52ddfd0d7dd284318dd0b241b8e91020d345094e50eb691b88ec0b088c18bb742eaf6b6ad5e3a668c5f0833f90a658bab41804585c151782dff3fae6caa7e843f7a83a400fe64ebfe828bad989549d37451b0b7a67701dfb79ab16e49f265eae80e2b6f8bd70f2c278161738d7c434f87e63db02ef757859c93f6d19378f9cf5f316b5d8f161f176cb6d83f08fe46d1dc9ad6cb1aeb719c050472fc4eaeca3021f3ed5a2e612bf60dba47542f8af71aea27ca0e75da9d48ed163cf2c38e89aaf95f0fa151e654627fe595d380c61fca38b9ad1bdb01b6033ab4b882d9bcbe91fd8ba0bd7eb07f31e1a4270bed46fbf6ee1a202cb64ba46a6455b9842f7a622302308cb6f6e1a36834415cbc549a7409c73f4ee771eac5b56d222165b112e6f45299,gx-no-cache=1615996176825 HTTP/1.1" 200 30
190.171.149.74 - - [17/Mar/2021:11:59:34 -0300] "POST /cormun/servlet/solicitudot?gx-no-cache=1615996176850 HTTP/1.1" 200 30
190.171.149.74 - - [17/Mar/2021:11:59:35 -0300] "POST /cormun/servlet/solicitudot?gx-no-cache=1615996176877 HTTP/1.1" 200 1440
190.171.149.74 - - [17/Mar/2021:11:59:35 -0300] "POST /cormun/servlet/solicitudot?gx-no-cache=1615996176912 HTTP/1.1" 200 38
190.171.149.74 - - [17/Mar/2021:11:59:35 -0300] "GET /cormun/servlet/solicitudot?176051a384bb08e25fecde63917e28e922f73f4e62c191ab966f1e0061e1587615195c65d291ac871263f48495cdf9479b6a53bd1a82b31ae5c422707b231e41be92919ef9782f3055d650b6d027fdd054a8d0f51dd5b52d3964f9b42f71370abbbe1922186feb8aef8d0457ba4fe6d6,gx-no-cache=1615996176934 HTTP/1.1" 200 110
190.171.149.74 - - [17/Mar/2021:12:00:03 -0300] "POST /cormun/servlet/solicitudot?gx-no-cache=1615996205151 HTTP/1.1" 200 1440
190.171.149.74 - - [17/Mar/2021:12:00:03 -0300] "POST /cormun/servlet/solicitudot?gx-no-cache=1615996205190 HTTP/1.1" 200 38
190.171.149.74 - - [17/Mar/2021:12:00:03 -0300] "GET /cormun/servlet/solicitudot?176051a384bb08e25fecde63917e28e922f73f4e62c191ab966f1e0061e1587615195c65d291ac871263f48495cdf9479b6a53bd1a82b31ae5c422707b231e41be92919ef9782f3055d650b6d027fdd054a8d0f51dd5b52d3964f9b42f71370abbbe1922186feb8aef8d0457ba4fe6d6,gx-no-cache=1615996205211 HTTP/1.1" 200 110
190.171.149.74 - - [17/Mar/2021:12:00:03 -0300] "POST /cormun/servlet/solicitudot?gx-no-cache=1615996205239 HTTP/1.1" 200 97
190.171.149.74 - - [17/Mar/2021:12:00:03 -0300] "GET /cormun/servlet/solicitudot?176051a384bb08e25fecde63917e28e94e023a3b6319e74106ca7a1664e54288e6ed74778efbcaadc9b65ae62a8697ed37ea004e3824734c7fb918469475292302001f8477b823d42ad06fec7a3eb79da63286fc0fa956d06658e68434ca1049c67706d92c5143e66325cc8db8c6ae448612bae6536bc63240e406c3f6ef1e3b94173a65e2b229fe00d9c66f8afb0d42904bc462ded8ad218164d643d8280321,gx-no-cache=1615996205277 HTTP/1.1" 200 29
192.168.10.96 - - [17/Mar/2021:12:00:20 -0300] "POST /cormun/servlet/trsolicitudgral?72bdbb94872fa1ef4ab8ef0cbd4ad4b3,,gx-no-cache=1615992500312 HTTP/1.1" 200 25333
190.171.149.74 - - [17/Mar/2021:12:00:28 -0300] "POST /cormun/servlet/solicitudot?gx-no-cache=1615996230108 HTTP/1.1" 200 1440
190.171.149.74 - - [17/Mar/2021:12:00:28 -0300] "POST /cormun/servlet/solicitudot?gx-no-cache=1615996230215 HTTP/1.1" 200 38
190.171.149.74 - - [17/Mar/2021:12:00:28 -0300] "GET /cormun/servlet/solicitudot?176051a384bb08e25fecde63917e28e922f73f4e62c191ab966f1e0061e1587615195c65d291ac871263f48495cdf9479b6a53bd1a82b31ae5c422707b231e41be92919ef9782f3055d650b6d027fdd054a8d0f51dd5b52d3964f9b42f71370abbbe1922186feb8aef8d0457ba4fe6d6,gx-no-cache=1615996230238 HTTP/1.1" 200 110
190.171.149.74 - - [17/Mar/2021:12:00:28 -0300] "POST /cormun/servlet/solicitudot?gx-no-cache=1615996230261 HTTP/1.1" 200 97
190.171.149.74 - - [17/Mar/2021:12:00:28 -0300] "GET /cormun/servlet/solicitudot?176051a384bb08e25fecde63917e28e95804f09ae3d25c7a9eaeb1a49ed4a5eb,gx-no-cache=1615996230285 HTTP/1.1" 200 30
190.171.149.74 - - [17/Mar/2021:12:00:28 -0300] "POST /cormun/servlet/solicitudot?gx-no-cache=1615996230307 HTTP/1.1" 200 30
205.185.122.102 - - [17/Mar/2021:12:00:49 -0300] "GET /config/getuser?index=0 HTTP/1.1" 404 989
192.168.10.96 - - [17/Mar/2021:12:01:04 -0300] "POST /cormun/servlet/trsolicitudgral?72bdbb94872fa1ef4ab8ef0cbd4ad4b3,,gx-no-cache=1615992544786 HTTP/1.1" 200 26734
190.171.154.42 - - [17/Mar/2021:12:02:22 -0300] "GET /cormun/servlet/trsolicitudot? HTTP/1.1" 200 8964
190.171.154.42 - - [17/Mar/2021:12:02:24 -0300] "GET /cormun/servlet/trsolicitudot? HTTP/1.1" 200 8963
190.171.154.42 - - [17/Mar/2021:12:02:31 -0300] "GET /cormun/servlet/trsolicitudot? HTTP/1.1" 200 8963
190.171.154.42 - - [17/Mar/2021:12:02:33 -0300] "GET /cormun/servlet/trsolicitudot? HTTP/1.1" 200 8963
190.171.154.42 - - [17/Mar/2021:12:02:36 -0300] "GET /cormun/servlet/solicitudot?INS,0,0,false, HTTP/1.1" 200 15692
190.171.154.42 - - [17/Mar/2021:12:02:39 -0300] "GET /cormun/servlet/solicitudot?INS,0,0,false, HTTP/1.1" 200 15700
190.171.154.42 - - [17/Mar/2021:12:02:50 -0300] "POST /cormun/servlet/solicitudot?gx-no-cache=1615992784403 HTTP/1.1" 200 3792
190.171.154.42 - - [17/Mar/2021:12:02:50 -0300] "POST /cormun/servlet/solicitudot?27d00c6e55f02429b8da82d6f5a21f0e,INS,0,0,false,,gx-no-cache=1615992784786 HTTP/1.1" 200 12255
190.171.154.42 - - [17/Mar/2021:12:02:55 -0300] "GET /cormun/servlet/solicitudot?ca401141f2f20a186be06104c4a2332c851256cd21c01e85067a1c17c1267f25f2d65c29afff0988c6873a14b595ac30,gx-no-cache=1615992789384 HTTP/1.1" 200 30
190.171.154.42 - - [17/Mar/2021:12:03:07 -0300] "GET /cormun/servlet/prbanco?,MD,,gxPopupLevel%3D0%3B HTTP/1.1" 200 6631
