200.54.107.2 - - [16/Mar/2021:12:44:04 -0300] "POST /cormun/servlet/solicitudot?gx-no-cache=1615908860339 HTTP/1.1" 200 72
200.54.107.2 - - [16/Mar/2021:12:44:08 -0300] "GET /cormun/servlet/solicitudot?c971ec2195fb3e2455da849df6724709c8f84b6884e0ec9e9b053178e4d51115a15f711ec246c1daf44865248f00c1fbc69bf0b13a9b0482b626484f185885d596cdd65a8033e30ceeab195be4f272def0d7724190a814362cfaaed997f2d1a505e48c560e230308f96e28140368280d355a33308059279d46951afb4114bfcd3edadc915064628d2743391c8961cf43cdaba17838b95a408c546fbf8f84ef6e,gx-no-cache=1615908863813 HTTP/1.1" 200 29
200.54.107.2 - - [16/Mar/2021:12:44:08 -0300] "GET /cormun/static/menuarrow.gif HTTP/1.1" 404 1015
200.54.107.2 - - [16/Mar/2021:12:44:11 -0300] "GET /cormun/servlet/solicitudot?c971ec2195fb3e2455da849df67247095ae24bc1ff3afaf970dcf2e083f4f7350e42b77b3d6b90dd826b943f00c39334,gx-no-cache=1615908866971 HTTP/1.1" 200 30
200.54.107.2 - - [16/Mar/2021:12:44:24 -0300] "GET /cormun/servlet/solicitudot?c971ec2195fb3e2455da849df6724709c8f84b6884e0ec9e9b053178e4d51115a15f711ec246c1daf44865248f00c1fb1d0cd8edd3beba07dbf7305d336da82996cdd65a8033e30ceeab195be4f272def0d7724190a814362cfaaed997f2d1a505e48c560e230308f96e28140368280d355a33308059279d46951afb4114bfcd3edadc915064628d2743391c8961cf43cdaba17838b95a408c546fbf8f84ef6e,gx-no-cache=1615908880250 HTTP/1.1" 200 29
200.54.107.2 - - [16/Mar/2021:12:44:26 -0300] "POST /cormun/servlet/solicitudot?gx-no-cache=1615908881871 HTTP/1.1" 200 30
200.54.107.2 - - [16/Mar/2021:12:44:34 -0300] "POST /cormun/servlet/solicitudot?c1a11829c38f6e4ba69447dd09a3791e,INS,0,0,false,,gx-no-cache=1615908890225 HTTP/1.1" 200 93
200.54.107.2 - - [16/Mar/2021:12:44:34 -0300] "GET /cormun/servlet/hpexe_return? HTTP/1.1" 200 1011
200.54.107.2 - - [16/Mar/2021:12:44:34 -0300] "GET /cormun/servlet/trsolicitudot HTTP/1.1" 200 11379
200.54.107.2 - - [16/Mar/2021:12:44:35 -0300] "GET /cormun/servlet/trsolicitudot HTTP/1.1" 200 11374
181.203.51.155 - - [16/Mar/2021:12:44:37 -0300] "GET /cormun/servlet/prbanco?,MD,,gxPopupLevel%3D0%3B HTTP/1.1" 200 6530
181.203.51.155 - - [16/Mar/2021:12:44:45 -0300] "GET /cormun/servlet/solicitudot?8416ce514b74084a5054d3ef258eb8b67afd7f777a3953e1cfc237b7bf4d4301ba625d01f2bfedb0bd911ccbd89438e9fa2ff6bdd29518573c1d03c898a24afb,gx-no-cache=1615908900270 HTTP/1.1" 200 30
181.203.51.155 - - [16/Mar/2021:12:44:46 -0300] "GET /cormun/servlet/solicitudot?8416ce514b74084a5054d3ef258eb8b6798b4059cd5e86a90ad4b827d816c61e,gx-no-cache=1615908901531 HTTP/1.1" 200 45
200.54.107.2 - - [16/Mar/2021:12:44:55 -0300] "POST /cormun/servlet/trsolicitudot?c1a11829c38f6e4ba69447dd09a3791e,gx-no-cache=1615908911366 HTTP/1.1" 200 113
200.54.107.2 - - [16/Mar/2021:12:44:56 -0300] "GET /cormun/servlet/solicitudot?UPD,2021,16735,false, HTTP/1.1" 200 16546
200.54.107.2 - - [16/Mar/2021:12:44:56 -0300] "GET /cormun/servlet/solicitudot?UPD,2021,16735,false, HTTP/1.1" 200 16557
200.54.107.2 - - [16/Mar/2021:12:44:57 -0300] "POST /cormun/servlet/solicitudot?gx-no-cache=1615908912679 HTTP/1.1" 200 3773
200.54.107.2 - - [16/Mar/2021:12:44:57 -0300] "POST /cormun/servlet/solicitudot?c1a11829c38f6e4ba69447dd09a3791e,UPD,2021,16735,false,,gx-no-cache=1615908912957 HTTP/1.1" 200 12617
200.54.107.2 - - [16/Mar/2021:12:44:57 -0300] "GET /cormun/servlet/solicitudot?c971ec2195fb3e2455da849df672470920301ddc5d18f3fee88b5155bc384a342fa92c23384a6605948f86867de0ba25,gx-no-cache=1615908913245 HTTP/1.1" 200 30
200.54.107.2 - - [16/Mar/2021:12:44:57 -0300] "GET /cormun/servlet/solicitudot?c971ec2195fb3e2455da849df672470985db4106d5d9f2859a8d8efe32ab63401b346a7ea59533950e5d0f4684c2bc04b1684ec15f8e958ce016b9d91c486e85,gx-no-cache=1615908913305 HTTP/1.1" 200 30
200.54.107.2 - - [16/Mar/2021:12:44:57 -0300] "GET /cormun/servlet/solicitudot?c971ec2195fb3e2455da849df6724709f26250cf3f9734b595c452d3d6173de02b0d4bb62a5e594161d8e351d4ab77fd40f924bed8379388806669743b54d0706db409d303ffb2309e888c2850923a52,gx-no-cache=1615908913351 HTTP/1.1" 200 60
200.54.107.2 - - [16/Mar/2021:12:44:57 -0300] "POST /cormun/servlet/solicitudot?gx-no-cache=1615908913387 HTTP/1.1" 200 255
200.54.107.2 - - [16/Mar/2021:12:44:57 -0300] "GET /cormun/servlet/solicitudot?c971ec2195fb3e2455da849df6724709236837a0227d6228577e5fc272a3a41c6bf671c4bad92e94d65578ec43315faf5a7963e093f63ba747a710d3bc8d8157c043e69f393fb2d758dc2f38227931d5addba75f6ae68ac7e6118418e6c3e8ea116803e1258a0497156de07b27aad2912691030dffc10eb3fd14156c0082a796cc42cd29b1647c2f709e5396b10c04cdbfbdc46ed70586abd59d5b90f62e3868816722c2c49007b21bea213d5a73534d425f7c3e0991ce70777d1af846a08dda171b53d0ef63ba5251c303b9af3efe87893f70a858079c1503250d081229d577049fde8985263f41064fcf4a14e0748d887266823a267b65bc2ac3a059af473bb1b77d058db188b74778263337b15795a2e49d5fbb7075420a85a7eda77f0994d97cea6da8717881f07c5f9a7c84a99907191c1882e9737ae0e7021193b73e2e173d32250b985c2b56bd2f9544d2dc09dc88725517bfe91b76c5c4553428a853d2257d50396fb72a1ee7a6d13df6a09810ac214a5f030c5d589e860cd259248c,gx-no-cache=1615908913420 HTTP/1.1" 200 30
200.54.107.2 - - [16/Mar/2021:12:44:57 -0300] "POST /cormun/servlet/solicitudot?gx-no-cache=1615908913445 HTTP/1.1" 200 30
200.54.107.2 - - [16/Mar/2021:12:44:57 -0300] "POST /cormun/servlet/solicitudot?gx-no-cache=1615908913470 HTTP/1.1" 200 1440
200.54.107.2 - - [16/Mar/2021:12:44:57 -0300] "POST /cormun/servlet/solicitudot?gx-no-cache=1615908913506 HTTP/1.1" 200 41
200.54.107.2 - - [16/Mar/2021:12:45:21 -0300] "GET /cormun/servlet/solicitudot?c971ec2195fb3e2455da849df6724709c2965c4b47364bfa4cd6df80117fb1954649c901299027958b2046ce15ca628770548f21e4211667311e4858c90de25ed765f9091e32b936e02f3eee9fec83776800c1e4b9c5bc93a05e05a97b4897011de2376eff399866812da59f152c5a76,gx-no-cache=1615908937302 HTTP/1.1" 200 110
200.54.107.2 - - [16/Mar/2021:12:45:21 -0300] "POST /cormun/servlet/solicitudot?gx-no-cache=1615908937337 HTTP/1.1" 200 97
200.54.107.2 - - [16/Mar/2021:12:45:26 -0300] "GET /cormun/servlet/solicitudot?c971ec2195fb3e2455da849df6724709a26a4b13ce6f0464d422b5cf34e9fc30bc6e2b3e7bcdde0ae43a04bbc3c8684a6b689bb8a08933c0ea96b35b917bd760b9892f23b9bcfa565745efed7ffa37e14f29b49f0c0e83bd0315c5c6234db7eedefdf2baa37283bdb90625c6679cad3ff22a94bd951c0ab9d791f7ddd96667fc64e91cd4f4489014ed40b7ca71c01888d49e5d3ed40d1e4baf53f04bcacc6f9d,gx-no-cache=1615908941845 HTTP/1.1" 200 29
200.54.107.2 - - [16/Mar/2021:12:45:26 -0300] "GET /cormun/servlet/solicitudot?c971ec2195fb3e2455da849df67247095ae24bc1ff3afaf970dcf2e083f4f7350e42b77b3d6b90dd826b943f00c39334,gx-no-cache=1615908941868 HTTP/1.1" 200 30
200.54.107.2 - - [16/Mar/2021:12:45:26 -0300] "POST /cormun/servlet/solicitudot?gx-no-cache=1615908941894 HTTP/1.1" 200 30
200.54.107.2 - - [16/Mar/2021:12:45:26 -0300] "POST /cormun/servlet/solicitudot?c1a11829c38f6e4ba69447dd09a3791e,UPD,2021,16735,false,,gx-no-cache=1615908941924 HTTP/1.1" 200 93
200.54.107.2 - - [16/Mar/2021:12:45:26 -0300] "GET /cormun/servlet/hpexe_return? HTTP/1.1" 200 1016
200.54.107.2 - - [16/Mar/2021:12:45:26 -0300] "GET /cormun/servlet/trsolicitudot HTTP/1.1" 200 11374
200.54.107.2 - - [16/Mar/2021:12:45:27 -0300] "GET /cormun/servlet/trsolicitudot HTTP/1.1" 200 11369
181.203.51.155 - - [16/Mar/2021:12:45:28 -0300] "POST /cormun/servlet/solicitudot?gx-no-cache=1615908943767 HTTP/1.1" 200 297
181.203.51.155 - - [16/Mar/2021:12:45:29 -0300] "GET /cormun/servlet/solicitudot?8416ce514b74084a5054d3ef258eb8b625e05fbbd8792feac5f02cb39fa4a859cae3f47c1356f61fb62e47716010761469dfcf2ff93a6d36e5d627d7e3b01a7b4972ca689c200be8457986d75d191efcd27b54db3f164cdabbad32ad3474a98ac9594bbe88b7cee48430ee7bd70e1bbf93b1e34e05c7c9101d367b5dded5a55ba1968282c1a35437f4fcb7a4effdc2894bf55618e2a4b700e158a8ee52546a588050d065edbace68fd9ed26dd2ebef3dfef450c15a8c2d5ca6935fa63938ac16eee3ec62e0e118c75beccfc6152b23f1af180c01a8a6d47d9899b883a33b0dddde85143fe148852d6e124064a49b8fddc7fc2dc788569f0274d14adcd75962dd52328e5960e7ceaf9aac621d87cff6f28cb144c1fdd1bcf1723a1bceb4a36166f929ca0c5035fff059d5c01182e9d2016f4b327728645e89c80d7337db0552edd55bb6b79a42c74d5ae91d148b6872539223c9d9b32ccf39bf2b4d200d4be2f9241db50d2d2fe0001f77b6bd23ced58bb179936e5cc3aa8af7ba257da20a892fb53e080ff9f6671fb66b8a909eb9f4f1,gx-no-cache=1615908944083 HTTP/1.1" 200 30
200.54.107.2 - - [16/Mar/2021:12:45:31 -0300] "POST /cormun/servlet/trsolicitudot?c1a11829c38f6e4ba69447dd09a3791e,gx-no-cache=1615908947340 HTTP/1.1" 200 113
200.54.107.2 - - [16/Mar/2021:12:45:31 -0300] "GET /cormun/servlet/solicitudot?UPD,2021,16735,false, HTTP/1.1" 200 16545
200.54.107.2 - - [16/Mar/2021:12:45:32 -0300] "GET /cormun/servlet/solicitudot?UPD,2021,16735,false, HTTP/1.1" 200 16556
200.54.107.2 - - [16/Mar/2021:12:45:32 -0300] "POST /cormun/servlet/solicitudot?gx-no-cache=1615908948435 HTTP/1.1" 200 3773
181.203.51.155 - - [16/Mar/2021:12:45:32 -0300] "POST /cormun/servlet/solicitudot?gx-no-cache=1615908947956 HTTP/1.1" 200 30
200.54.107.2 - - [16/Mar/2021:12:45:32 -0300] "POST /cormun/servlet/solicitudot?c1a11829c38f6e4ba69447dd09a3791e,UPD,2021,16735,false,,gx-no-cache=1615908948594 HTTP/1.1" 200 12616
200.54.107.2 - - [16/Mar/2021:12:45:33 -0300] "GET /cormun/servlet/solicitudot?c971ec2195fb3e2455da849df672470920301ddc5d18f3fee88b5155bc384a342fa92c23384a6605948f86867de0ba25,gx-no-cache=1615908948803 HTTP/1.1" 200 30
200.54.107.2 - - [16/Mar/2021:12:45:33 -0300] "GET /cormun/servlet/solicitudot?c971ec2195fb3e2455da849df672470985db4106d5d9f2859a8d8efe32ab63401b346a7ea59533950e5d0f4684c2bc04b1684ec15f8e958ce016b9d91c486e85,gx-no-cache=1615908948836 HTTP/1.1" 200 30
200.54.107.2 - - [16/Mar/2021:12:45:33 -0300] "GET /cormun/servlet/solicitudot?c971ec2195fb3e2455da849df6724709f26250cf3f9734b595c452d3d6173de02b0d4bb62a5e594161d8e351d4ab77fd40f924bed8379388806669743b54d0706db409d303ffb2309e888c2850923a52,gx-no-cache=1615908948862 HTTP/1.1" 200 60
200.54.107.2 - - [16/Mar/2021:12:45:33 -0300] "POST /cormun/servlet/solicitudot?gx-no-cache=1615908948887 HTTP/1.1" 200 255
200.54.107.2 - - [16/Mar/2021:12:45:33 -0300] "GET /cormun/servlet/solicitudot?c971ec2195fb3e2455da849df6724709236837a0227d6228577e5fc272a3a41c6bf671c4bad92e94d65578ec43315faf5a7963e093f63ba747a710d3bc8d8157c043e69f393fb2d758dc2f38227931d5addba75f6ae68ac7e6118418e6c3e8ea116803e1258a0497156de07b27aad2912691030dffc10eb3fd14156c0082a796cc42cd29b1647c2f709e5396b10c04cdbfbdc46ed70586abd59d5b90f62e3868816722c2c49007b21bea213d5a73534d425f7c3e0991ce70777d1af846a08dda171b53d0ef63ba5251c303b9af3efe87893f70a858079c1503250d081229d577049fde8985263f41064fcf4a14e0748d887266823a267b65bc2ac3a059af473bb1b77d058db188b74778263337b15795a2e49d5fbb7075420a85a7eda77f0994d97cea6da8717881f07c5f9a7c84a99907191c1882e9737ae0e7021193b73e2e173d32250b985c2b56bd2f9544d2dc09dc88725517bfe91b76c5c4553428a853d2257d50396fb72a1ee7a6d13df6a09810ac214a5f030c5d589e860cd259248c,gx-no-cache=1615908948915 HTTP/1.1" 200 30
200.54.107.2 - - [16/Mar/2021:12:45:33 -0300] "POST /cormun/servlet/solicitudot?gx-no-cache=1615908948936 HTTP/1.1" 200 30
200.54.107.2 - - [16/Mar/2021:12:45:33 -0300] "POST /cormun/servlet/solicitudot?gx-no-cache=1615908948964 HTTP/1.1" 200 1440
200.54.107.2 - - [16/Mar/2021:12:45:33 -0300] "POST /cormun/servlet/solicitudot?gx-no-cache=1615908948998 HTTP/1.1" 200 41
181.203.51.155 - - [16/Mar/2021:12:45:34 -0300] "POST /cormun/servlet/solicitudot?gx-no-cache=1615908949576 HTTP/1.1" 200 1440
181.203.51.155 - - [16/Mar/2021:12:45:34 -0300] "POST /cormun/servlet/solicitudot?gx-no-cache=1615908949702 HTTP/1.1" 200 38
200.54.107.2 - - [16/Mar/2021:12:45:35 -0300] "GET /cormun/servlet/solicitudot?c971ec2195fb3e2455da849df6724709c2965c4b47364bfa4cd6df80117fb1954649c901299027958b2046ce15ca628770548f21e4211667311e4858c90de25ed765f9091e32b936e02f3eee9fec83776800c1e4b9c5bc93a05e05a97b4897011de2376eff399866812da59f152c5a76,gx-no-cache=1615908950878 HTTP/1.1" 200 110
200.54.107.2 - - [16/Mar/2021:12:45:35 -0300] "POST /cormun/servlet/solicitudot?gx-no-cache=1615908950905 HTTP/1.1" 200 97
200.54.107.2 - - [16/Mar/2021:12:45:35 -0300] "GET /cormun/servlet/solicitudot?c971ec2195fb3e2455da849df6724709a26a4b13ce6f0464d422b5cf34e9fc30bc6e2b3e7bcdde0ae43a04bbc3c8684a6b689bb8a08933c0ea96b35b917bd760b9892f23b9bcfa565745efed7ffa37e14f29b49f0c0e83bd0315c5c6234db7eedefdf2baa37283bdb90625c6679cad3ff22a94bd951c0ab9d791f7ddd96667fc64e91cd4f4489014ed40b7ca71c01888d49e5d3ed40d1e4baf53f04bcacc6f9d,gx-no-cache=1615908950932 HTTP/1.1" 200 29
200.54.107.2 - - [16/Mar/2021:12:45:35 -0300] "GET /cormun/servlet/solicitudot?c971ec2195fb3e2455da849df67247095ae24bc1ff3afaf970dcf2e083f4f7350e42b77b3d6b90dd826b943f00c39334,gx-no-cache=1615908950954 HTTP/1.1" 200 30
200.54.107.2 - - [16/Mar/2021:12:45:35 -0300] "POST /cormun/servlet/solicitudot?gx-no-cache=1615908950975 HTTP/1.1" 200 30
200.54.107.2 - - [16/Mar/2021:12:45:35 -0300] "POST /cormun/servlet/solicitudot?c1a11829c38f6e4ba69447dd09a3791e,UPD,2021,16735,false,,gx-no-cache=1615908951001 HTTP/1.1" 200 93
200.54.107.2 - - [16/Mar/2021:12:45:35 -0300] "GET /cormun/servlet/hpexe_return? HTTP/1.1" 200 1016
200.54.107.2 - - [16/Mar/2021:12:45:35 -0300] "GET /cormun/servlet/trsolicitudot HTTP/1.1" 200 11374
200.54.107.2 - - [16/Mar/2021:12:45:36 -0300] "GET /cormun/servlet/trsolicitudot HTTP/1.1" 200 11369
200.54.107.2 - - [16/Mar/2021:12:45:38 -0300] "GET /cormun/servlet/solicitudot?INS,0,0,false, HTTP/1.1" 200 15889
200.54.107.2 - - [16/Mar/2021:12:45:38 -0300] "GET /cormun/servlet/solicitudot?INS,0,0,false, HTTP/1.1" 200 15896
181.203.51.155 - - [16/Mar/2021:12:45:42 -0300] "GET /cormun/servlet/solicitudot?8416ce514b74084a5054d3ef258eb8b63fdc36c813e5bb40f60ca4833815fba7e569580da1e3d7ee8dcd811300125cf6856060094bd8e264649bbb000061c97cae59b18a58b1735850199ceda939c887f3d6db04325056dc085730a0df98a9a7ad14cff7a11764d27ed5173bdae98831,gx-no-cache=1615908957064 HTTP/1.1" 200 110
181.203.51.155 - - [16/Mar/2021:12:45:42 -0300] "POST /cormun/servlet/solicitudot?gx-no-cache=1615908957182 HTTP/1.1" 200 79
200.54.107.2 - - [16/Mar/2021:12:45:48 -0300] "POST /cormun/servlet/solicitudot?gx-no-cache=1615908963947 HTTP/1.1" 200 3803
200.54.107.2 - - [16/Mar/2021:12:45:48 -0300] "POST /cormun/servlet/solicitudot?c1a11829c38f6e4ba69447dd09a3791e,INS,0,0,false,,gx-no-cache=1615908964115 HTTP/1.1" 200 12543
200.54.107.2 - - [16/Mar/2021:12:45:59 -0300] "GET /cormun/servlet/solicitudot?c971ec2195fb3e2455da849df672470920301ddc5d18f3fee88b5155bc384a342694e2277921520f4861d7bafc2f37c1,gx-no-cache=1615908975011 HTTP/1.1" 200 30
200.54.107.2 - - [16/Mar/2021:12:45:59 -0300] "GET /cormun/servlet/solicitudot?c971ec2195fb3e2455da849df672470985db4106d5d9f2859a8d8efe32ab6340b5a2454e68f25fc43db5945a298cea57b1684ec15f8e958ce016b9d91c486e85,gx-no-cache=1615908975055 HTTP/1.1" 200 30
200.54.107.2 - - [16/Mar/2021:12:45:59 -0300] "GET /cormun/servlet/solicitudot?c971ec2195fb3e2455da849df6724709a82a162c78b35b8c2f7430f9726688df,gx-no-cache=1615908975081 HTTP/1.1" 200 60
200.54.107.2 - - [16/Mar/2021:12:45:59 -0300] "POST /cormun/servlet/solicitudot?gx-no-cache=1615908975106 HTTP/1.1" 200 256
200.54.107.2 - - [16/Mar/2021:12:45:59 -0300] "GET /cormun/servlet/solicitudot?c971ec2195fb3e2455da849df6724709236837a0227d6228577e5fc272a3a41c6bf671c4bad92e94d65578ec43315faf5a7963e093f63ba747a710d3bc8d8157c043e69f393fb2d758dc2f38227931d5addba75f6ae68ac7e6118418e6c3e8ea116803e1258a0497156de07b27aad2912691030dffc10eb3fd14156c0082a796cc42cd29b1647c2f709e5396b10c04cdbfbdc46ed70586abd59d5b90f62e3868816722c2c49007b21bea213d5a73534d425f7c3e0991ce70777d1af846a08dda171b53d0ef63ba5251c303b9af3efe87893f70a858079c1503250d081229d577049fde8985263f41064fcf4a14e0748d887266823a267b65bc2ac3a059af473bb1b77d058db188b74778263337b15795a2e49d5fbb7075420a85a7eda77f0994d97cea6da8717881f07c5f9a7c84a99907191c1882e9737ae0e7021193b73e2e173d32250b985c2b56bd2f9544d2dc09dc88725517bfe91b76c5c4553428a853d2257d50396fb72a1ee7a6d13df6a09892fd3d4f0dc3bfab2bfdac1c9fa3020d,gx-no-cache=1615908975138 HTTP/1.1" 200 30
200.54.107.2 - - [16/Mar/2021:12:45:59 -0300] "POST /cormun/servlet/solicitudot?gx-no-cache=1615908975160 HTTP/1.1" 200 30
200.54.107.2 - - [16/Mar/2021:12:45:59 -0300] "POST /cormun/servlet/solicitudot?gx-no-cache=1615908975190 HTTP/1.1" 200 1440
200.54.107.2 - - [16/Mar/2021:12:45:59 -0300] "POST /cormun/servlet/solicitudot?gx-no-cache=1615908975227 HTTP/1.1" 200 38
200.54.107.2 - - [16/Mar/2021:12:46:30 -0300] "GET /cormun/servlet/solicitudot?c971ec2195fb3e2455da849df6724709c2965c4b47364bfa4cd6df80117fb1954649c901299027958b2046ce15ca628770548f21e4211667311e4858c90de25ed765f9091e32b936e02f3eee9fec83776800c1e4b9c5bc93a05e05a97b4897011de2376eff399866812da59f152c5a76,gx-no-cache=1615909006645 HTTP/1.1" 200 110
200.54.107.2 - - [16/Mar/2021:12:46:30 -0300] "POST /cormun/servlet/solicitudot?gx-no-cache=1615909006693 HTTP/1.1" 200 97
181.203.51.155 - - [16/Mar/2021:12:46:34 -0300] "POST /cormun/servlet/solicitudot?gx-no-cache=1615909008353 HTTP/1.1" 200 30
181.203.51.155 - - [16/Mar/2021:12:46:34 -0300] "POST /cormun/servlet/solicitudot?gx-no-cache=1615909009851 HTTP/1.1" 200 1440
181.203.51.155 - - [16/Mar/2021:12:46:34 -0300] "POST /cormun/servlet/solicitudot?gx-no-cache=1615909009986 HTTP/1.1" 200 38
181.203.51.155 - - [16/Mar/2021:12:46:35 -0300] "GET /cormun/servlet/solicitudot?8416ce514b74084a5054d3ef258eb8b63fdc36c813e5bb40f60ca4833815fba7e569580da1e3d7ee8dcd811300125cf6856060094bd8e264649bbb000061c97cae59b18a58b1735850199ceda939c887f3d6db04325056dc085730a0df98a9a7ad14cff7a11764d27ed5173bdae98831,gx-no-cache=1615909010175 HTTP/1.1" 200 110
181.203.51.155 - - [16/Mar/2021:12:46:35 -0300] "POST /cormun/servlet/solicitudot?gx-no-cache=1615909010279 HTTP/1.1" 200 79
181.203.51.155 - - [16/Mar/2021:12:46:35 -0300] "GET /cormun/servlet/solicitudot?8416ce514b74084a5054d3ef258eb8b6fc1a5e0edb90d010418ce83336c9ba07c3b32056390cbe878682684135d091a51a0d512e9217915f8017b7c35c0317366e83db3e4f84f53eb6ff98ea1136024d12c06c3a638d13fff3354a1a7e1a1e3c4ccfc5e8ccbbab4b70ff7b49000d7c01,gx-no-cache=1615909010398 HTTP/1.1" 200 29
181.203.51.155 - - [16/Mar/2021:12:46:35 -0300] "GET /cormun/static/menuarrow.gif HTTP/1.1" 404 1015
181.203.51.155 - - [16/Mar/2021:12:46:37 -0300] "GET /cormun/servlet/solicitudot?8416ce514b74084a5054d3ef258eb8b625e05fbbd8792feac5f02cb39fa4a859cae3f47c1356f61fb62e47716010761469dfcf2ff93a6d36e5d627d7e3b01a7b4972ca689c200be8457986d75d191efcd27b54db3f164cdabbad32ad3474a98ac9594bbe88b7cee48430ee7bd70e1bbf93b1e34e05c7c9101d367b5dded5a55ba1968282c1a35437f4fcb7a4effdc2894bf55618e2a4b700e158a8ee52546a588050d065edbace68fd9ed26dd2ebef3dfef450c15a8c2d5ca6935fa63938ac16eee3ec62e0e118c75beccfc6152b23f1af180c01a8a6d47d9899b883a33b0dddde85143fe148852d6e124064a49b8fddc7fc2dc788569f0274d14adcd75962dd52328e5960e7ceaf9aac621d87cff6f28cb144c1fdd1bcf1723a1bceb4a36166f929ca0c5035fff059d5c01182e9d2016f4b327728645e89c80d7337db0552edd55bb6b79a42c74d5ae91d148b6872539223c9d9b32ccf39bf2b4d200d4be2f9241db50d2d2fe0001f77b6bd23ced58be5e53b36a2e63d02b03cf365243b8c3cb53e080ff9f6671fb66b8a909eb9f4f1,gx-no-cache=1615909012080 HTTP/1.1" 200 30
181.203.51.155 - - [16/Mar/2021:12:46:37 -0300] "POST /cormun/servlet/solicitudot?gx-no-cache=1615909012212 HTTP/1.1" 200 30
181.203.51.155 - - [16/Mar/2021:12:46:37 -0300] "POST /cormun/servlet/solicitudot?gx-no-cache=1615909012339 HTTP/1.1" 200 1440
181.203.51.155 - - [16/Mar/2021:12:46:37 -0300] "POST /cormun/servlet/solicitudot?gx-no-cache=1615909012480 HTTP/1.1" 200 38
181.203.51.155 - - [16/Mar/2021:12:46:37 -0300] "GET /cormun/servlet/solicitudot?8416ce514b74084a5054d3ef258eb8b63fdc36c813e5bb40f60ca4833815fba7e569580da1e3d7ee8dcd811300125cf6856060094bd8e264649bbb000061c97cae59b18a58b1735850199ceda939c887f3d6db04325056dc085730a0df98a9a7ad14cff7a11764d27ed5173bdae98831,gx-no-cache=1615909012608 HTTP/1.1" 200 110
181.203.51.155 - - [16/Mar/2021:12:46:37 -0300] "POST /cormun/servlet/solicitudot?gx-no-cache=1615909012731 HTTP/1.1" 200 79
181.203.51.155 - - [16/Mar/2021:12:46:39 -0300] "GET /cormun/servlet/solicitudot?8416ce514b74084a5054d3ef258eb8b6678e580b3a8033fe75d90207a0c68ad566fed46fae98338a3dd370765f0680c9,gx-no-cache=1615909014095 HTTP/1.1" 200 30
181.203.51.155 - - [16/Mar/2021:12:46:48 -0300] "POST /cormun/servlet/solicitudot?gx-no-cache=1615909023682 HTTP/1.1" 200 30
181.203.51.155 - - [16/Mar/2021:12:46:49 -0300] "POST /cormun/servlet/solicitudot?ad9731381c6ab8ad390173cfa1e77c08,INS,0,0,false,,gx-no-cache=1615909023824 HTTP/1.1" 200 93
181.203.51.155 - - [16/Mar/2021:12:46:49 -0300] "GET /cormun/servlet/hpexe_return? HTTP/1.1" 200 1015
181.203.51.155 - - [16/Mar/2021:12:46:49 -0300] "GET /cormun/servlet/trsolicitudot HTTP/1.1" 200 9047
200.54.107.2 - - [16/Mar/2021:12:46:50 -0300] "POST /cormun/servlet/solicitudot?gx-no-cache=1615909026128 HTTP/1.1" 200 72
181.203.51.155 - - [16/Mar/2021:12:46:50 -0300] "GET /cormun/servlet/trsolicitudot HTTP/1.1" 200 9041
200.54.107.2 - - [16/Mar/2021:12:46:56 -0300] "GET /cormun/servlet/solicitudot?c971ec2195fb3e2455da849df6724709c8f84b6884e0ec9e9b053178e4d51115a15f711ec246c1daf44865248f00c1fbc69bf0b13a9b0482b626484f185885d596cdd65a8033e30ceeab195be4f272def0d7724190a814362cfaaed997f2d1a505e48c560e230308f96e28140368280d355a33308059279d46951afb4114bfcd3edadc915064628d2743391c8961cf43cdaba17838b95a408c546fbf8f84ef6e,gx-no-cache=1615909031775 HTTP/1.1" 200 29
200.54.107.2 - - [16/Mar/2021:12:46:56 -0300] "GET /cormun/static/menuarrow.gif HTTP/1.1" 404 1015
200.54.107.2 - - [16/Mar/2021:12:47:00 -0300] "GET /cormun/servlet/solicitudot?c971ec2195fb3e2455da849df67247095ae24bc1ff3afaf970dcf2e083f4f7350e42b77b3d6b90dd826b943f00c39334,gx-no-cache=1615909035772 HTTP/1.1" 200 30
181.203.51.155 - - [16/Mar/2021:12:47:03 -0300] "POST /cormun/servlet/trsolicitudot?ad9731381c6ab8ad390173cfa1e77c08,gx-no-cache=1615909038765 HTTP/1.1" 200 107
181.203.51.155 - - [16/Mar/2021:12:47:04 -0300] "GET /cormun/servlet/trsolicitudadjuntos?2021,16741, HTTP/1.1" 200 6082
181.203.51.155 - - [16/Mar/2021:12:47:04 -0300] "GET /cormun/static/gxcfg.js?20201215574222 HTTP/1.1" 200 953
181.203.51.155 - - [16/Mar/2021:12:47:04 -0300] "GET /cormun/static/trsolicitudadjuntos.js?20201215574932 HTTP/1.1" 200 17922
181.203.51.155 - - [16/Mar/2021:12:47:04 -0300] "GET /cormun/static/Resources/PXToolsGridNew.png HTTP/1.1" 200 427
181.203.51.155 - - [16/Mar/2021:12:47:04 -0300] "GET /cormun/servlet/trsolicitudadjuntos?2021,16741, HTTP/1.1" 200 6082
181.203.51.155 - - [16/Mar/2021:12:47:06 -0300] "GET /cormun/servlet/solicitudotadjuntos?INS,2021,16741,,1, HTTP/1.1" 200 6028
181.203.51.155 - - [16/Mar/2021:12:47:06 -0300] "GET /cormun/static/gxcfg.js?202012157947 HTTP/1.1" 200 953
181.203.51.155 - - [16/Mar/2021:12:47:06 -0300] "GET /cormun/static/solicitudotadjuntos.js?202012157966 HTTP/1.1" 200 11771
181.203.51.155 - - [16/Mar/2021:12:47:07 -0300] "GET /cormun/static/about:blank HTTP/1.1" 404 1011
200.54.107.2 - - [16/Mar/2021:12:47:07 -0300] "POST /cormun/servlet/solicitudot?gx-no-cache=1615909042957 HTTP/1.1" 200 30
181.203.51.155 - - [16/Mar/2021:12:47:07 -0300] "GET /cormun/servlet/solicitudotadjuntos?INS,2021,16741,,1, HTTP/1.1" 200 6022
181.203.51.155 - - [16/Mar/2021:12:47:07 -0300] "GET /cormun/servlet/solicitudotadjuntos?8416ce514b74084a5054d3ef258eb8b6cc2ef1216b07fddc4960cfa8f7612e8457bb30fae384a4524aa5c2b623fefd53,gx-no-cache=1615909042910 HTTP/1.1" 200 30
181.203.51.155 - - [16/Mar/2021:12:47:08 -0300] "POST /cormun/servlet/solicitudotadjuntos?ad9731381c6ab8ad390173cfa1e77c08,INS,2021,16741,,1,,gx-no-cache=1615909043026 HTTP/1.1" 200 3880
181.203.51.155 - - [16/Mar/2021:12:47:10 -0300] "POST /cormun/servlet/solicitudotadjuntos?gx-no-cache=1615909045954 HTTP/1.1" 200 26
200.54.107.2 - - [16/Mar/2021:12:47:15 -0300] "POST /cormun/servlet/solicitudot?c1a11829c38f6e4ba69447dd09a3791e,INS,0,0,false,,gx-no-cache=1615909050970 HTTP/1.1" 200 12910
200.54.107.2 - - [16/Mar/2021:12:47:15 -0300] "GET /cormun/static/Shared/jqueryui/images/ui-bg_highlight-soft_100_c6c2c8_1x100.png HTTP/1.1" 404 1117
200.54.107.2 - - [16/Mar/2021:12:47:15 -0300] "GET /cormun/static/Shared/jqueryui/images/ui-icons_82798d_256x240.png HTTP/1.1" 404 1089
200.54.107.2 - - [16/Mar/2021:12:47:15 -0300] "GET /cormun/static/Shared/jqueryui/images/ui-icons_ebccce_256x240.png HTTP/1.1" 404 1089
200.54.107.2 - - [16/Mar/2021:12:47:15 -0300] "GET /cormun/static/Shared/jqueryui/images/ui-bg_flat_55_994d53_40x100.png HTTP/1.1" 404 1097
200.54.107.2 - - [16/Mar/2021:12:47:19 -0300] "POST /cormun/servlet/solicitudot?gx-no-cache=1615909054784 HTTP/1.1" 200 30
181.203.51.155 - - [16/Mar/2021:12:47:20 -0300] "GET /cormun/servlet/solicitudotadjuntos?8416ce514b74084a5054d3ef258eb8b6476311eee7203205db3341d0e25e6930,gx-no-cache=1615909055186 HTTP/1.1" 200 30
181.203.51.155 - - [16/Mar/2021:12:47:20 -0300] "GET /cormun/servlet/solicitudotadjuntos?8416ce514b74084a5054d3ef258eb8b6476311eee7203205db3341d0e25e6930,gx-no-cache=1615909055339 HTTP/1.1" 200 30
200.54.107.2 - - [16/Mar/2021:12:47:20 -0300] "POST /cormun/servlet/solicitudot?gx-no-cache=1615909056118 HTTP/1.1" 200 1440
200.54.107.2 - - [16/Mar/2021:12:47:20 -0300] "POST /cormun/servlet/solicitudot?gx-no-cache=1615909056155 HTTP/1.1" 200 41
200.54.107.2 - - [16/Mar/2021:12:47:20 -0300] "GET /cormun/servlet/solicitudot?c971ec2195fb3e2455da849df6724709c2965c4b47364bfa4cd6df80117fb1954649c901299027958b2046ce15ca628770548f21e4211667311e4858c90de25ed765f9091e32b936e02f3eee9fec83776800c1e4b9c5bc93a05e05a97b4897011de2376eff399866812da59f152c5a76,gx-no-cache=1615909056181 HTTP/1.1" 200 110
200.54.107.2 - - [16/Mar/2021:12:47:20 -0300] "POST /cormun/servlet/solicitudot?gx-no-cache=1615909056205 HTTP/1.1" 200 97
200.54.107.2 - - [16/Mar/2021:12:47:20 -0300] "GET /cormun/servlet/solicitudot?c971ec2195fb3e2455da849df67247095ae24bc1ff3afaf970dcf2e083f4f7350e42b77b3d6b90dd826b943f00c39334,gx-no-cache=1615909056232 HTTP/1.1" 200 30
200.54.107.2 - - [16/Mar/2021:12:47:20 -0300] "POST /cormun/servlet/solicitudot?gx-no-cache=1615909056254 HTTP/1.1" 200 30
200.54.107.2 - - [16/Mar/2021:12:47:20 -0300] "POST /cormun/servlet/solicitudot?c1a11829c38f6e4ba69447dd09a3791e,INS,0,0,false,,gx-no-cache=1615909056281 HTTP/1.1" 200 93
200.54.107.2 - - [16/Mar/2021:12:47:20 -0300] "GET /cormun/servlet/hpexe_return? HTTP/1.1" 200 1011
200.54.107.2 - - [16/Mar/2021:12:47:21 -0300] "GET /cormun/servlet/trsolicitudot HTTP/1.1" 200 11687
200.54.107.2 - - [16/Mar/2021:12:47:21 -0300] "GET /cormun/servlet/trsolicitudot HTTP/1.1" 200 11682
181.203.51.155 - - [16/Mar/2021:12:47:21 -0300] "POST /cormun/servlet/solicitudotadjuntos?ad9731381c6ab8ad390173cfa1e77c08,INS,2021,16741,,1, HTTP/1.1" 200 116
181.203.51.155 - - [16/Mar/2021:12:47:21 -0300] "GET /cormun/servlet/hpexe_return? HTTP/1.1" 200 1033
181.203.51.155 - - [16/Mar/2021:12:47:22 -0300] "GET /cormun/servlet/trsolicitudadjuntos?2021,16741, HTTP/1.1" 200 8839
181.203.51.155 - - [16/Mar/2021:12:47:23 -0300] "GET /cormun/servlet/trsolicitudadjuntos?2021,16741, HTTP/1.1" 200 8834
181.203.51.155 - - [16/Mar/2021:12:47:25 -0300] "GET /cormun/servlet/solicitudotadjuntos?INS,2021,16741,,1, HTTP/1.1" 200 6028
181.203.51.155 - - [16/Mar/2021:12:47:25 -0300] "GET /cormun/static/about:blank HTTP/1.1" 404 1011
181.203.51.155 - - [16/Mar/2021:12:47:25 -0300] "GET /cormun/servlet/solicitudotadjuntos?INS,2021,16741,,1, HTTP/1.1" 200 6022
181.203.51.155 - - [16/Mar/2021:12:47:26 -0300] "GET /cormun/servlet/solicitudotadjuntos?8416ce514b74084a5054d3ef258eb8b6cc2ef1216b07fddc4960cfa8f7612e8457bb30fae384a4524aa5c2b623fefd53,gx-no-cache=1615909061370 HTTP/1.1" 200 30
181.203.51.155 - - [16/Mar/2021:12:47:26 -0300] "POST /cormun/servlet/solicitudotadjuntos?ad9731381c6ab8ad390173cfa1e77c08,INS,2021,16741,,1,,gx-no-cache=1615909061464 HTTP/1.1" 200 3880
181.203.51.155 - - [16/Mar/2021:12:47:29 -0300] "POST /cormun/servlet/solicitudotadjuntos?gx-no-cache=1615909064029 HTTP/1.1" 200 26
200.54.107.2 - - [16/Mar/2021:12:47:32 -0300] "POST /cormun/servlet/trsolicitudot?c1a11829c38f6e4ba69447dd09a3791e,gx-no-cache=1615909067860 HTTP/1.1" 200 113
200.54.107.2 - - [16/Mar/2021:12:47:32 -0300] "GET /cormun/servlet/solicitudot?UPD,2021,16734,false, HTTP/1.1" 200 16522
200.54.107.2 - - [16/Mar/2021:12:47:32 -0300] "GET /cormun/servlet/solicitudot?UPD,2021,16734,false, HTTP/1.1" 200 16533
200.54.107.2 - - [16/Mar/2021:12:47:33 -0300] "POST /cormun/servlet/solicitudot?gx-no-cache=1615909068957 HTTP/1.1" 200 3769
200.54.107.2 - - [16/Mar/2021:12:47:33 -0300] "POST /cormun/servlet/solicitudot?c1a11829c38f6e4ba69447dd09a3791e,UPD,2021,16734,false,,gx-no-cache=1615909069096 HTTP/1.1" 200 12582
200.54.107.2 - - [16/Mar/2021:12:47:33 -0300] "GET /cormun/servlet/solicitudot?c971ec2195fb3e2455da849df67247094138bd17c29de64ed9635a1f017b364c2fa92c23384a6605948f86867de0ba25,gx-no-cache=1615909069296 HTTP/1.1" 200 30
200.54.107.2 - - [16/Mar/2021:12:47:33 -0300] "GET /cormun/servlet/solicitudot?c971ec2195fb3e2455da849df67247092c389a2904f8ddaa506d2c78e3348f11ff7a0f2c2414b22a93255487e47c24a1,gx-no-cache=1615909069325 HTTP/1.1" 200 30
200.54.107.2 - - [16/Mar/2021:12:47:33 -0300] "GET /cormun/servlet/solicitudot?c971ec2195fb3e2455da849df6724709607a2d8aba757229d0679d43f350648a2c2d777655f22e76b9fd9b360f19e38c93f60263a01910f69c71871341beff6e,gx-no-cache=1615909069372 HTTP/1.1" 200 51
200.54.107.2 - - [16/Mar/2021:12:47:33 -0300] "POST /cormun/servlet/solicitudot?gx-no-cache=1615909069395 HTTP/1.1" 200 255
200.54.107.2 - - [16/Mar/2021:12:47:33 -0300] "GET /cormun/servlet/solicitudot?c971ec2195fb3e2455da849df6724709236837a0227d6228577e5fc272a3a41c6bf671c4bad92e94d65578ec43315faf5a7963e093f63ba747a710d3bc8d8157c043e69f393fb2d758dc2f38227931d5addba75f6ae68ac7e6118418e6c3e8ea116803e1258a0497156de07b27aad2912691030dffc10eb3fd14156c0082a796cc42cd29b1647c2f709e5396b10c04cdbfbdc46ed70586abd59d5b90f62e3868816722c2c49007b21bea213d5a73534d425f7c3e0991ce70777d1af846a08dda171b53d0ef63ba5251c303b9af3efe87893f70a858079c1503250d081229d577049fde8985263f41064fcf4a14e0748d887266823a267b65bc2ac3a059af473bb1b77d058db188b74778263337b15795a2e49d5fbb7075420a85a7eda77f0994d97cea6da8717881f07c5f9a7c84a99907191c1882e9737ae0e7021193b73e2e173d32250b985c2b56bd2f9544d2dc09dc88725517bfe91b76c5c4553428a853d2257d50396fb72a1ee7a6d13df6a09810ac214a5f030c5d589e860cd259248c,gx-no-cache=1615909069428 HTTP/1.1" 200 30
200.54.107.2 - - [16/Mar/2021:12:47:33 -0300] "POST /cormun/servlet/solicitudot?gx-no-cache=1615909069449 HTTP/1.1" 200 30
200.54.107.2 - - [16/Mar/2021:12:47:33 -0300] "POST /cormun/servlet/solicitudot?gx-no-cache=1615909069476 HTTP/1.1" 200 1440
200.54.107.2 - - [16/Mar/2021:12:47:33 -0300] "POST /cormun/servlet/solicitudot?gx-no-cache=1615909069510 HTTP/1.1" 200 41
181.203.51.155 - - [16/Mar/2021:12:47:37 -0300] "GET /cormun/servlet/solicitudotadjuntos?8416ce514b74084a5054d3ef258eb8b6476311eee7203205db3341d0e25e6930,gx-no-cache=1615909072347 HTTP/1.1" 200 30
181.203.51.155 - - [16/Mar/2021:12:47:37 -0300] "GET /cormun/servlet/solicitudotadjuntos?8416ce514b74084a5054d3ef258eb8b6476311eee7203205db3341d0e25e6930,gx-no-cache=1615909072443 HTTP/1.1" 200 30
181.203.51.155 - - [16/Mar/2021:12:47:38 -0300] "POST /cormun/servlet/solicitudotadjuntos?ad9731381c6ab8ad390173cfa1e77c08,INS,2021,16741,,1, HTTP/1.1" 200 116
181.203.51.155 - - [16/Mar/2021:12:47:38 -0300] "GET /cormun/servlet/hpexe_return? HTTP/1.1" 200 1033
181.203.51.155 - - [16/Mar/2021:12:47:38 -0300] "GET /cormun/servlet/trsolicitudadjuntos?2021,16741, HTTP/1.1" 200 9061
181.203.51.155 - - [16/Mar/2021:12:47:39 -0300] "GET /cormun/servlet/trsolicitudadjuntos?2021,16741, HTTP/1.1" 200 9059
181.203.51.155 - - [16/Mar/2021:12:47:42 -0300] "GET /cormun/servlet/solicitudotadjuntos?INS,2021,16741,,1, HTTP/1.1" 200 6028
181.203.51.155 - - [16/Mar/2021:12:47:42 -0300] "GET /cormun/static/about:blank HTTP/1.1" 404 1011
181.203.51.155 - - [16/Mar/2021:12:47:42 -0300] "GET /cormun/servlet/solicitudotadjuntos?INS,2021,16741,,1, HTTP/1.1" 200 6022
200.54.107.2 - - [16/Mar/2021:12:47:43 -0300] "GET /cormun/servlet/solicitudot?c971ec2195fb3e2455da849df6724709c2965c4b47364bfa4cd6df80117fb1954649c901299027958b2046ce15ca628770548f21e4211667311e4858c90de25ed765f9091e32b936e02f3eee9fec83776800c1e4b9c5bc93a05e05a97b4897011de2376eff399866812da59f152c5a76,gx-no-cache=1615909078799 HTTP/1.1" 200 110
200.54.107.2 - - [16/Mar/2021:12:47:43 -0300] "POST /cormun/servlet/solicitudot?gx-no-cache=1615909078837 HTTP/1.1" 200 97
181.203.51.155 - - [16/Mar/2021:12:47:43 -0300] "GET /cormun/servlet/solicitudotadjuntos?8416ce514b74084a5054d3ef258eb8b6cc2ef1216b07fddc4960cfa8f7612e8457bb30fae384a4524aa5c2b623fefd53,gx-no-cache=1615909078174 HTTP/1.1" 200 30
181.203.51.155 - - [16/Mar/2021:12:47:43 -0300] "POST /cormun/servlet/solicitudotadjuntos?ad9731381c6ab8ad390173cfa1e77c08,INS,2021,16741,,1,,gx-no-cache=1615909078257 HTTP/1.1" 200 3880
181.203.51.155 - - [16/Mar/2021:12:47:45 -0300] "POST /cormun/servlet/solicitudotadjuntos?gx-no-cache=1615909080757 HTTP/1.1" 200 26
200.54.107.2 - - [16/Mar/2021:12:47:47 -0300] "GET /cormun/servlet/solicitudot?c971ec2195fb3e2455da849df6724709e43bbf655af64ec5a92e8943b13b7c41bc6e2b3e7bcdde0ae43a04bbc3c8684a6b689bb8a08933c0ea96b35b917bd760b9892f23b9bcfa565745efed7ffa37e14f29b49f0c0e83bd0315c5c6234db7eedefdf2baa37283bdb90625c6679cad3ff22a94bd951c0ab9d791f7ddd96667fc64e91cd4f4489014ed40b7ca71c01888d49e5d3ed40d1e4baf53f04bcacc6f9d,gx-no-cache=1615909083303 HTTP/1.1" 200 30
200.54.107.2 - - [16/Mar/2021:12:47:48 -0300] "GET /cormun/servlet/solicitudot?c971ec2195fb3e2455da849df67247095ae24bc1ff3afaf970dcf2e083f4f7350e42b77b3d6b90dd826b943f00c39334,gx-no-cache=1615909084168 HTTP/1.1" 200 30
200.54.107.2 - - [16/Mar/2021:12:47:48 -0300] "POST /cormun/servlet/solicitudot?gx-no-cache=1615909084193 HTTP/1.1" 200 30
200.54.107.2 - - [16/Mar/2021:12:47:48 -0300] "POST /cormun/servlet/solicitudot?c1a11829c38f6e4ba69447dd09a3791e,UPD,2021,16734,false,,gx-no-cache=1615909084219 HTTP/1.1" 200 93
200.54.107.2 - - [16/Mar/2021:12:47:48 -0300] "GET /cormun/servlet/hpexe_return? HTTP/1.1" 200 1017
200.54.107.2 - - [16/Mar/2021:12:47:48 -0300] "GET /cormun/servlet/trsolicitudot HTTP/1.1" 200 11686
200.54.107.2 - - [16/Mar/2021:12:47:49 -0300] "GET /cormun/servlet/trsolicitudot HTTP/1.1" 200 11681
181.203.51.155 - - [16/Mar/2021:12:47:52 -0300] "GET /cormun/servlet/solicitudotadjuntos?8416ce514b74084a5054d3ef258eb8b6476311eee7203205db3341d0e25e6930,gx-no-cache=1615909087555 HTTP/1.1" 200 30
181.203.51.155 - - [16/Mar/2021:12:47:52 -0300] "GET /cormun/servlet/solicitudotadjuntos?8416ce514b74084a5054d3ef258eb8b6476311eee7203205db3341d0e25e6930,gx-no-cache=1615909087651 HTTP/1.1" 200 30
181.203.51.155 - - [16/Mar/2021:12:47:53 -0300] "POST /cormun/servlet/solicitudotadjuntos?ad9731381c6ab8ad390173cfa1e77c08,INS,2021,16741,,1, HTTP/1.1" 200 116
181.203.51.155 - - [16/Mar/2021:12:47:53 -0300] "GET /cormun/servlet/hpexe_return? HTTP/1.1" 200 1033
181.203.51.155 - - [16/Mar/2021:12:47:53 -0300] "GET /cormun/servlet/trsolicitudadjuntos?2021,16741, HTTP/1.1" 200 9221
181.203.51.155 - - [16/Mar/2021:12:47:54 -0300] "GET /cormun/servlet/trsolicitudadjuntos?2021,16741, HTTP/1.1" 200 9220
200.54.107.2 - - [16/Mar/2021:12:47:55 -0300] "POST /cormun/servlet/trsolicitudot?c1a11829c38f6e4ba69447dd09a3791e,gx-no-cache=1615909091075 HTTP/1.1" 200 113
200.54.107.2 - - [16/Mar/2021:12:47:55 -0300] "GET /cormun/servlet/solicitudot?UPD,2021,16733,false, HTTP/1.1" 200 16510
200.54.107.2 - - [16/Mar/2021:12:47:56 -0300] "GET /cormun/servlet/solicitudot?UPD,2021,16733,false, HTTP/1.1" 200 16522
200.54.107.2 - - [16/Mar/2021:12:47:56 -0300] "POST /cormun/servlet/solicitudot?gx-no-cache=1615909092154 HTTP/1.1" 200 3764
200.54.107.2 - - [16/Mar/2021:12:47:56 -0300] "POST /cormun/servlet/solicitudot?c1a11829c38f6e4ba69447dd09a3791e,UPD,2021,16733,false,,gx-no-cache=1615909092339 HTTP/1.1" 200 12569
181.203.51.155 - - [16/Mar/2021:12:47:56 -0300] "GET /cormun/servlet/solicitudotadjuntos?INS,2021,16741,,1, HTTP/1.1" 200 6028
200.54.107.2 - - [16/Mar/2021:12:47:56 -0300] "GET /cormun/servlet/solicitudot?c971ec2195fb3e2455da849df6724709c9bc2562edbc2aee379a339224c368a22fa92c23384a6605948f86867de0ba25,gx-no-cache=1615909092569 HTTP/1.1" 200 30
200.54.107.2 - - [16/Mar/2021:12:47:56 -0300] "GET /cormun/servlet/solicitudot?c971ec2195fb3e2455da849df6724709c7ce88b0ace7313cf653de37f7a459fdb57b47cb87c0f5dab56a4b9a25dc7a2f09e365c02269e4d58a99bff8ca0f395d73d71be6dc0d6ab74c1d91c73d3977ff,gx-no-cache=1615909092598 HTTP/1.1" 200 30
200.54.107.2 - - [16/Mar/2021:12:47:56 -0300] "GET /cormun/servlet/solicitudot?c971ec2195fb3e2455da849df67247098ec946b697a153010ce9d90447c4cafa84fa60849c7dde8725743dad1d8134c35d0942a7e61677e610ae2a1701e00037,gx-no-cache=1615909092621 HTTP/1.1" 200 53
200.54.107.2 - - [16/Mar/2021:12:47:56 -0300] "POST /cormun/servlet/solicitudot?gx-no-cache=1615909092647 HTTP/1.1" 200 254
200.54.107.2 - - [16/Mar/2021:12:47:56 -0300] "GET /cormun/servlet/solicitudot?c971ec2195fb3e2455da849df6724709236837a0227d6228577e5fc272a3a41cce7e591ea14214e05f6430c1fdd6712b5a7963e093f63ba747a710d3bc8d8157c043e69f393fb2d758dc2f38227931d5addba75f6ae68ac7e6118418e6c3e8ea116803e1258a0497156de07b27aad2912691030dffc10eb3fd14156c0082a796cc42cd29b1647c2f709e5396b10c04cdbfbdc46ed70586abd59d5b90f62e3868816722c2c49007b21bea213d5a73534d425f7c3e0991ce70777d1af846a08dda171b53d0ef63ba5251c303b9af3efe87893f70a858079c1503250d081229d577049fde8985263f41064fcf4a14e0748d887266823a267b65bc2ac3a059af473bb1b77d058db188b74778263337b15795cc0973b633ec83449191bacd71c3ec46793130d4368296fc45082338813deac5912073e28c22426c75763d035b5a1142ed7566526d932567289e83ac0c6346d1259efd94a4619b59c85ef4c023be0fb59410139525792a4ed6bce10e17979948cafb8cecd9e6b5ba551d51fbad9ceb32,gx-no-cache=1615909092675 HTTP/1.1" 200 30
200.54.107.2 - - [16/Mar/2021:12:47:56 -0300] "POST /cormun/servlet/solicitudot?gx-no-cache=1615909092696 HTTP/1.1" 200 30
200.54.107.2 - - [16/Mar/2021:12:47:57 -0300] "POST /cormun/servlet/solicitudot?gx-no-cache=1615909092723 HTTP/1.1" 200 1440
200.54.107.2 - - [16/Mar/2021:12:47:57 -0300] "POST /cormun/servlet/solicitudot?gx-no-cache=1615909092759 HTTP/1.1" 200 41
181.203.51.155 - - [16/Mar/2021:12:47:57 -0300] "GET /cormun/static/about:blank HTTP/1.1" 404 1011
181.203.51.155 - - [16/Mar/2021:12:47:57 -0300] "GET /cormun/servlet/solicitudotadjuntos?INS,2021,16741,,1, HTTP/1.1" 200 6022
181.203.51.155 - - [16/Mar/2021:12:47:57 -0300] "GET /cormun/servlet/solicitudotadjuntos?8416ce514b74084a5054d3ef258eb8b6cc2ef1216b07fddc4960cfa8f7612e8457bb30fae384a4524aa5c2b623fefd53,gx-no-cache=1615909092815 HTTP/1.1" 200 30
181.203.51.155 - - [16/Mar/2021:12:47:57 -0300] "POST /cormun/servlet/solicitudotadjuntos?ad9731381c6ab8ad390173cfa1e77c08,INS,2021,16741,,1,,gx-no-cache=1615909092908 HTTP/1.1" 200 3880
200.54.107.2 - - [16/Mar/2021:12:47:58 -0300] "GET /cormun/servlet/solicitudot?c971ec2195fb3e2455da849df6724709c2965c4b47364bfa4cd6df80117fb1954649c901299027958b2046ce15ca628770548f21e4211667311e4858c90de25ed765f9091e32b936e02f3eee9fec83776800c1e4b9c5bc93a05e05a97b4897011de2376eff399866812da59f152c5a76,gx-no-cache=1615909094065 HTTP/1.1" 200 110
200.54.107.2 - - [16/Mar/2021:12:47:58 -0300] "POST /cormun/servlet/solicitudot?gx-no-cache=1615909094097 HTTP/1.1" 200 97
181.203.51.155 - - [16/Mar/2021:12:48:00 -0300] "POST /cormun/servlet/solicitudotadjuntos?gx-no-cache=1615909095500 HTTP/1.1" 200 26
200.54.107.2 - - [16/Mar/2021:12:48:01 -0300] "GET /cormun/servlet/solicitudot?c971ec2195fb3e2455da849df6724709a26a4b13ce6f0464d422b5cf34e9fc30bc6e2b3e7bcdde0ae43a04bbc3c8684a6b689bb8a08933c0ea96b35b917bd760b9892f23b9bcfa565745efed7ffa37e14f29b49f0c0e83bd0315c5c6234db7eedefdf2baa37283bdb90625c6679cad3ff22a94bd951c0ab9d791f7ddd96667fc64e91cd4f4489014ed40b7ca71c01888d49e5d3ed40d1e4baf53f04bcacc6f9d,gx-no-cache=1615909097220 HTTP/1.1" 200 29
200.54.107.2 - - [16/Mar/2021:12:48:01 -0300] "GET /cormun/servlet/solicitudot?c971ec2195fb3e2455da849df67247095ae24bc1ff3afaf970dcf2e083f4f7350e42b77b3d6b90dd826b943f00c39334,gx-no-cache=1615909097244 HTTP/1.1" 200 30
200.54.107.2 - - [16/Mar/2021:12:48:01 -0300] "POST /cormun/servlet/solicitudot?gx-no-cache=1615909097269 HTTP/1.1" 200 30
200.54.107.2 - - [16/Mar/2021:12:48:01 -0300] "POST /cormun/servlet/solicitudot?c1a11829c38f6e4ba69447dd09a3791e,UPD,2021,16733,false,,gx-no-cache=1615909097300 HTTP/1.1" 200 93
200.54.107.2 - - [16/Mar/2021:12:48:01 -0300] "GET /cormun/servlet/hpexe_return? HTTP/1.1" 200 1017
200.54.107.2 - - [16/Mar/2021:12:48:01 -0300] "GET /cormun/servlet/trsolicitudot HTTP/1.1" 200 11686
200.54.107.2 - - [16/Mar/2021:12:48:02 -0300] "GET /cormun/servlet/trsolicitudot HTTP/1.1" 200 11681
181.203.51.155 - - [16/Mar/2021:12:48:07 -0300] "GET /cormun/servlet/solicitudotadjuntos?8416ce514b74084a5054d3ef258eb8b6476311eee7203205db3341d0e25e6930,gx-no-cache=1615909102385 HTTP/1.1" 200 30
200.54.107.2 - - [16/Mar/2021:12:48:07 -0300] "GET /cormun/servlet/solicitudot?INS,0,0,false, HTTP/1.1" 200 15889
181.203.51.155 - - [16/Mar/2021:12:48:07 -0300] "GET /cormun/servlet/solicitudotadjuntos?8416ce514b74084a5054d3ef258eb8b6476311eee7203205db3341d0e25e6930,gx-no-cache=1615909102466 HTTP/1.1" 200 30
200.54.107.2 - - [16/Mar/2021:12:48:07 -0300] "GET /cormun/servlet/solicitudot?INS,0,0,false, HTTP/1.1" 200 15897
181.203.51.155 - - [16/Mar/2021:12:48:07 -0300] "POST /cormun/servlet/solicitudotadjuntos?ad9731381c6ab8ad390173cfa1e77c08,INS,2021,16741,,1, HTTP/1.1" 200 116
181.203.51.155 - - [16/Mar/2021:12:48:08 -0300] "GET /cormun/servlet/hpexe_return? HTTP/1.1" 200 1033
181.203.51.155 - - [16/Mar/2021:12:48:08 -0300] "GET /cormun/servlet/trsolicitudadjuntos?2021,16741, HTTP/1.1" 200 9469
181.203.51.155 - - [16/Mar/2021:12:48:09 -0300] "GET /cormun/servlet/trsolicitudadjuntos?2021,16741, HTTP/1.1" 200 9467
181.203.51.155 - - [16/Mar/2021:12:48:11 -0300] "GET /cormun/servlet/solicitudotadjuntos?INS,2021,16741,,1, HTTP/1.1" 200 6030
181.203.51.155 - - [16/Mar/2021:12:48:11 -0300] "GET /cormun/static/about:blank HTTP/1.1" 404 1011
181.203.51.155 - - [16/Mar/2021:12:48:11 -0300] "GET /cormun/servlet/solicitudotadjuntos?INS,2021,16741,,1, HTTP/1.1" 200 6023
181.203.51.155 - - [16/Mar/2021:12:48:12 -0300] "GET /cormun/servlet/solicitudotadjuntos?8416ce514b74084a5054d3ef258eb8b6cc2ef1216b07fddc4960cfa8f7612e8457bb30fae384a4524aa5c2b623fefd53,gx-no-cache=1615909107373 HTTP/1.1" 200 30
181.203.51.155 - - [16/Mar/2021:12:48:12 -0300] "POST /cormun/servlet/solicitudotadjuntos?ad9731381c6ab8ad390173cfa1e77c08,INS,2021,16741,,1,,gx-no-cache=1615909107457 HTTP/1.1" 200 3880
181.203.51.155 - - [16/Mar/2021:12:48:17 -0300] "POST /cormun/servlet/solicitudotadjuntos?gx-no-cache=1615909112773 HTTP/1.1" 200 26
181.203.51.155 - - [16/Mar/2021:12:48:25 -0300] "GET /cormun/servlet/solicitudotadjuntos?8416ce514b74084a5054d3ef258eb8b6476311eee7203205db3341d0e25e6930,gx-no-cache=1615909120961 HTTP/1.1" 200 30
181.203.51.155 - - [16/Mar/2021:12:48:25 -0300] "GET /cormun/servlet/solicitudotadjuntos?8416ce514b74084a5054d3ef258eb8b6476311eee7203205db3341d0e25e6930,gx-no-cache=1615909121027 HTTP/1.1" 200 30
181.203.51.155 - - [16/Mar/2021:12:48:27 -0300] "POST /cormun/servlet/solicitudotadjuntos?ad9731381c6ab8ad390173cfa1e77c08,INS,2021,16741,,1, HTTP/1.1" 200 116
181.203.51.155 - - [16/Mar/2021:12:48:27 -0300] "GET /cormun/servlet/hpexe_return? HTTP/1.1" 200 1033
181.203.51.155 - - [16/Mar/2021:12:48:27 -0300] "GET /cormun/servlet/trsolicitudadjuntos?2021,16741, HTTP/1.1" 200 9754
200.54.107.2 - - [16/Mar/2021:12:48:27 -0300] "POST /cormun/servlet/solicitudot?gx-no-cache=1615909123345 HTTP/1.1" 200 3799
200.54.107.2 - - [16/Mar/2021:12:48:27 -0300] "POST /cormun/servlet/solicitudot?c1a11829c38f6e4ba69447dd09a3791e,INS,0,0,false,,gx-no-cache=1615909123555 HTTP/1.1" 200 12529
181.203.51.155 - - [16/Mar/2021:12:48:28 -0300] "GET /cormun/servlet/trsolicitudadjuntos?2021,16741, HTTP/1.1" 200 9753
181.203.51.155 - - [16/Mar/2021:12:48:31 -0300] "GET /cormun/servlet/solicitudotadjuntos?INS,2021,16741,,1, HTTP/1.1" 200 6030
181.203.51.155 - - [16/Mar/2021:12:48:31 -0300] "GET /cormun/static/about:blank HTTP/1.1" 404 1011
181.203.51.155 - - [16/Mar/2021:12:48:31 -0300] "GET /cormun/servlet/solicitudotadjuntos?INS,2021,16741,,1, HTTP/1.1" 200 6023
181.203.51.155 - - [16/Mar/2021:12:48:31 -0300] "GET /cormun/servlet/solicitudotadjuntos?8416ce514b74084a5054d3ef258eb8b6cc2ef1216b07fddc4960cfa8f7612e8457bb30fae384a4524aa5c2b623fefd53,gx-no-cache=1615909127008 HTTP/1.1" 200 30
181.203.51.155 - - [16/Mar/2021:12:48:32 -0300] "POST /cormun/servlet/solicitudotadjuntos?ad9731381c6ab8ad390173cfa1e77c08,INS,2021,16741,,1,,gx-no-cache=1615909127111 HTTP/1.1" 200 3880
200.54.107.2 - - [16/Mar/2021:12:48:34 -0300] "GET /cormun/servlet/solicitudot?c971ec2195fb3e2455da849df67247094138bd17c29de64ed9635a1f017b364c2694e2277921520f4861d7bafc2f37c1,gx-no-cache=1615909130282 HTTP/1.1" 200 30
200.54.107.2 - - [16/Mar/2021:12:48:34 -0300] "GET /cormun/servlet/solicitudot?c971ec2195fb3e2455da849df67247092c389a2904f8ddaa506d2c78e3348f11cc6a4697c30d0acf13c97427a65f4852,gx-no-cache=1615909130327 HTTP/1.1" 200 30
200.54.107.2 - - [16/Mar/2021:12:48:34 -0300] "GET /cormun/servlet/solicitudot?c971ec2195fb3e2455da849df6724709d66984fe55114c40033d640210288adc,gx-no-cache=1615909130353 HTTP/1.1" 200 51
200.54.107.2 - - [16/Mar/2021:12:48:34 -0300] "POST /cormun/servlet/solicitudot?gx-no-cache=1615909130377 HTTP/1.1" 200 256
200.54.107.2 - - [16/Mar/2021:12:48:34 -0300] "GET /cormun/servlet/solicitudot?c971ec2195fb3e2455da849df6724709236837a0227d6228577e5fc272a3a41c6bf671c4bad92e94d65578ec43315faf5a7963e093f63ba747a710d3bc8d8157c043e69f393fb2d758dc2f38227931d5addba75f6ae68ac7e6118418e6c3e8ea116803e1258a0497156de07b27aad2912691030dffc10eb3fd14156c0082a796cc42cd29b1647c2f709e5396b10c04cdbfbdc46ed70586abd59d5b90f62e3868816722c2c49007b21bea213d5a73534d425f7c3e0991ce70777d1af846a08dda171b53d0ef63ba5251c303b9af3efe87893f70a858079c1503250d081229d577049fde8985263f41064fcf4a14e0748d887266823a267b65bc2ac3a059af473bb1b77d058db188b74778263337b15795a2e49d5fbb7075420a85a7eda77f0994d97cea6da8717881f07c5f9a7c84a99907191c1882e9737ae0e7021193b73e2e173d32250b985c2b56bd2f9544d2dc09dc88725517bfe91b76c5c4553428a853d2257d50396fb72a1ee7a6d13df6a09892fd3d4f0dc3bfab2bfdac1c9fa3020d,gx-no-cache=1615909130412 HTTP/1.1" 200 30
200.54.107.2 - - [16/Mar/2021:12:48:36 -0300] "POST /cormun/servlet/solicitudot?gx-no-cache=1615909131725 HTTP/1.1" 200 30
200.54.107.2 - - [16/Mar/2021:12:48:38 -0300] "POST /cormun/servlet/solicitudot?gx-no-cache=1615909133769 HTTP/1.1" 200 1440
200.54.107.2 - - [16/Mar/2021:12:48:38 -0300] "POST /cormun/servlet/solicitudot?gx-no-cache=1615909133808 HTTP/1.1" 200 38
200.54.107.2 - - [16/Mar/2021:12:48:38 -0300] "GET /cormun/servlet/solicitudot?c971ec2195fb3e2455da849df6724709c2965c4b47364bfa4cd6df80117fb1954649c901299027958b2046ce15ca628770548f21e4211667311e4858c90de25ed765f9091e32b936e02f3eee9fec83776800c1e4b9c5bc93a05e05a97b4897011de2376eff399866812da59f152c5a76,gx-no-cache=1615909133831 HTTP/1.1" 200 110
181.203.51.155 - - [16/Mar/2021:12:48:38 -0300] "POST /cormun/servlet/solicitudotadjuntos?gx-no-cache=1615909134022 HTTP/1.1" 200 26
181.203.51.155 - - [16/Mar/2021:12:48:46 -0300] "GET /cormun/servlet/solicitudotadjuntos?8416ce514b74084a5054d3ef258eb8b6476311eee7203205db3341d0e25e6930,gx-no-cache=1615909141657 HTTP/1.1" 200 30
181.203.51.155 - - [16/Mar/2021:12:48:46 -0300] "GET /cormun/servlet/solicitudotadjuntos?8416ce514b74084a5054d3ef258eb8b6476311eee7203205db3341d0e25e6930,gx-no-cache=1615909141746 HTTP/1.1" 200 30
181.203.51.155 - - [16/Mar/2021:12:48:47 -0300] "POST /cormun/servlet/solicitudotadjuntos?ad9731381c6ab8ad390173cfa1e77c08,INS,2021,16741,,1, HTTP/1.1" 200 116
181.203.51.155 - - [16/Mar/2021:12:48:47 -0300] "GET /cormun/servlet/hpexe_return? HTTP/1.1" 200 1033
181.203.51.155 - - [16/Mar/2021:12:48:48 -0300] "GET /cormun/servlet/trsolicitudadjuntos?2021,16741, HTTP/1.1" 200 9920
181.203.51.155 - - [16/Mar/2021:12:48:49 -0300] "GET /cormun/servlet/trsolicitudadjuntos?2021,16741, HTTP/1.1" 200 9922
192.168.10.89 - - [16/Mar/2021:12:48:53 -0300] "GET /cormun/servlet/hlogin HTTP/1.1" 200 1729
192.168.10.89 - - [16/Mar/2021:12:48:54 -0300] "GET /cormun/servlet/hlogin HTTP/1.1" 200 1739
181.203.51.155 - - [16/Mar/2021:12:48:56 -0300] "GET /cormun/PublicTempStorage/c._de_identidad8338186.pdf HTTP/1.1" 200 491351
192.168.10.89 - - [16/Mar/2021:12:48:59 -0300] "POST /cormun/servlet/hlogin?a04dc1e1dc4a2fd0d68190f02675c575,gx-no-cache=1615909021012 HTTP/1.1" 200 90
192.168.10.89 - - [16/Mar/2021:12:48:59 -0300] "GET /cormun/servlet/hpexe_link HTTP/1.1" 200 952
192.168.10.89 - - [16/Mar/2021:12:48:59 -0300] "GET /cormun/servlet/hhome HTTP/1.1" 200 4747
192.168.10.89 - - [16/Mar/2021:12:49:00 -0300] "GET /cormun/servlet/hhome HTTP/1.1" 200 4743
192.168.10.89 - - [16/Mar/2021:12:49:04 -0300] "GET /cormun/servlet/trsolicitudgral? HTTP/1.1" 200 30107
192.168.10.89 - - [16/Mar/2021:12:49:05 -0300] "GET /cormun/servlet/trsolicitudgral? HTTP/1.1" 200 30105
181.203.51.155 - - [16/Mar/2021:12:49:07 -0300] "GET /cormun/servlet/hlogin HTTP/1.1" 200 1733
181.203.51.155 - - [16/Mar/2021:12:49:10 -0300] "POST /cormun/servlet/hlogin?ad9731381c6ab8ad390173cfa1e77c08,gx-no-cache=1615909165818 HTTP/1.1" 200 90
181.203.51.155 - - [16/Mar/2021:12:49:10 -0300] "GET /cormun/servlet/hpexe_link HTTP/1.1" 200 977
181.203.51.155 - - [16/Mar/2021:12:49:11 -0300] "GET /cormun/servlet/trsolicitudadjuntos?2021,16741, HTTP/1.1" 200 9920
181.203.51.155 - - [16/Mar/2021:12:49:12 -0300] "GET /cormun/servlet/trsolicitudadjuntos?2021,16741, HTTP/1.1" 200 9920
192.168.10.89 - - [16/Mar/2021:12:49:13 -0300] "POST /cormun/servlet/trsolicitudgral?a04dc1e1dc4a2fd0d68190f02675c575,,gx-no-cache=1615909034210 HTTP/1.1" 200 7385
200.54.107.2 - - [16/Mar/2021:12:49:14 -0300] "GET /cormun/servlet/trsolicitudot? HTTP/1.1" 200 11690
200.54.107.2 - - [16/Mar/2021:12:49:15 -0300] "GET /cormun/servlet/trsolicitudot? HTTP/1.1" 200 11681
192.168.10.89 - - [16/Mar/2021:12:49:16 -0300] "POST /cormun/servlet/trsolicitudgral?a04dc1e1dc4a2fd0d68190f02675c575,,gx-no-cache=1615909037725 HTTP/1.1" 200 6001
181.203.51.155 - - [16/Mar/2021:12:49:17 -0300] "GET /cormun/servlet/trsolicitudot? HTTP/1.1" 200 9048
181.203.51.155 - - [16/Mar/2021:12:49:17 -0300] "GET /cormun/servlet/trsolicitudot? HTTP/1.1" 200 9041
