190.171.142.18 - - [12/Mar/2021:10:10:58 -0300] "GET /cormun/servlet/hpexe_return? HTTP/1.1" 200 1033
190.171.142.18 - - [12/Mar/2021:10:10:59 -0300] "GET /cormun/servlet/trsolicitudadjuntos?2021,16707, HTTP/1.1" 200 9202
190.171.142.18 - - [12/Mar/2021:10:10:59 -0300] "GET /cormun/servlet/trsolicitudadjuntos?2021,16707, HTTP/1.1" 200 9200
190.171.142.18 - - [12/Mar/2021:10:11:05 -0300] "GET /cormun/servlet/solicitudotadjuntos?INS,2021,16707,,1, HTTP/1.1" 200 6395
190.171.142.18 - - [12/Mar/2021:10:11:05 -0300] "GET /cormun/static/about:blank HTTP/1.1" 404 1011
190.171.142.18 - - [12/Mar/2021:10:11:05 -0300] "GET /cormun/servlet/solicitudotadjuntos?INS,2021,16707,,1, HTTP/1.1" 200 6388
190.171.142.18 - - [12/Mar/2021:10:11:06 -0300] "GET /cormun/servlet/solicitudotadjuntos?dceaf9b9f2a97ed13b32f5bc6922546be4899df443eeeb21b58b5ea9bbc7d6dbca4c0eb19f3319560e2e1c92dd28f5f2,gx-no-cache=1615554083568 HTTP/1.1" 200 30
190.171.142.18 - - [12/Mar/2021:10:11:06 -0300] "POST /cormun/servlet/solicitudotadjuntos?6d1a7ac7d7a151ce5437b164692d87c5,INS,2021,16707,,1,,gx-no-cache=1615554083595 HTTP/1.1" 200 4158
190.171.142.18 - - [12/Mar/2021:10:11:08 -0300] "POST /cormun/servlet/solicitudotadjuntos?gx-no-cache=1615554085718 HTTP/1.1" 200 26
190.171.142.18 - - [12/Mar/2021:10:11:16 -0300] "GET /cormun/servlet/solicitudotadjuntos?dceaf9b9f2a97ed13b32f5bc6922546bfe36fc84aab23459998d9ce67d97de65,gx-no-cache=1615554094230 HTTP/1.1" 200 30
190.171.142.18 - - [12/Mar/2021:10:11:16 -0300] "GET /cormun/servlet/solicitudotadjuntos?dceaf9b9f2a97ed13b32f5bc6922546bfe36fc84aab23459998d9ce67d97de65,gx-no-cache=1615554094245 HTTP/1.1" 200 30
190.171.142.18 - - [12/Mar/2021:10:11:16 -0300] "POST /cormun/servlet/solicitudotadjuntos?6d1a7ac7d7a151ce5437b164692d87c5,INS,2021,16707,,1, HTTP/1.1" 200 116
190.171.142.18 - - [12/Mar/2021:10:11:16 -0300] "GET /cormun/servlet/hpexe_return? HTTP/1.1" 200 1033
190.171.142.18 - - [12/Mar/2021:10:11:17 -0300] "GET /cormun/servlet/trsolicitudadjuntos?2021,16707, HTTP/1.1" 200 9431
190.171.142.18 - - [12/Mar/2021:10:11:17 -0300] "GET /cormun/servlet/trsolicitudadjuntos?2021,16707, HTTP/1.1" 200 9431
190.171.142.18 - - [12/Mar/2021:10:11:28 -0300] "GET /cormun/servlet/solicitudotadjuntos?INS,2021,16707,,1, HTTP/1.1" 200 6395
190.171.142.18 - - [12/Mar/2021:10:11:29 -0300] "GET /cormun/static/about:blank HTTP/1.1" 404 1011
190.171.142.18 - - [12/Mar/2021:10:11:29 -0300] "GET /cormun/servlet/solicitudotadjuntos?INS,2021,16707,,1, HTTP/1.1" 200 6388
190.171.142.18 - - [12/Mar/2021:10:11:29 -0300] "GET /cormun/servlet/solicitudotadjuntos?dceaf9b9f2a97ed13b32f5bc6922546be4899df443eeeb21b58b5ea9bbc7d6dbca4c0eb19f3319560e2e1c92dd28f5f2,gx-no-cache=1615554107278 HTTP/1.1" 200 30
190.171.142.18 - - [12/Mar/2021:10:11:29 -0300] "POST /cormun/servlet/solicitudotadjuntos?6d1a7ac7d7a151ce5437b164692d87c5,INS,2021,16707,,1,,gx-no-cache=1615554107306 HTTP/1.1" 200 4158
190.171.142.18 - - [12/Mar/2021:10:11:31 -0300] "POST /cormun/servlet/solicitudotadjuntos?gx-no-cache=1615554109395 HTTP/1.1" 200 26
190.171.142.18 - - [12/Mar/2021:10:11:50 -0300] "POST /cormun/servlet/solicitudotadjuntos?gx-no-cache=1615554128094 HTTP/1.1" 200 26
190.171.142.18 - - [12/Mar/2021:10:11:51 -0300] "GET /cormun/servlet/solicitudotadjuntos?dceaf9b9f2a97ed13b32f5bc6922546bfe36fc84aab23459998d9ce67d97de65,gx-no-cache=1615554129501 HTTP/1.1" 200 30
190.171.142.18 - - [12/Mar/2021:10:11:51 -0300] "GET /cormun/servlet/solicitudotadjuntos?dceaf9b9f2a97ed13b32f5bc6922546bfe36fc84aab23459998d9ce67d97de65,gx-no-cache=1615554129515 HTTP/1.1" 200 30
190.171.142.18 - - [12/Mar/2021:10:11:52 -0300] "POST /cormun/servlet/solicitudotadjuntos?6d1a7ac7d7a151ce5437b164692d87c5,INS,2021,16707,,1, HTTP/1.1" 200 116
190.171.142.18 - - [12/Mar/2021:10:11:52 -0300] "GET /cormun/servlet/hpexe_return? HTTP/1.1" 200 1033
190.171.142.18 - - [12/Mar/2021:10:11:52 -0300] "GET /cormun/servlet/trsolicitudadjuntos?2021,16707, HTTP/1.1" 200 9639
190.171.142.18 - - [12/Mar/2021:10:11:52 -0300] "GET /cormun/servlet/trsolicitudadjuntos?2021,16707, HTTP/1.1" 200 9637
190.171.142.18 - - [12/Mar/2021:10:12:29 -0300] "GET /cormun/servlet/solicitudotadjuntos?INS,2021,16707,,1, HTTP/1.1" 200 6397
190.171.142.18 - - [12/Mar/2021:10:12:30 -0300] "GET /cormun/static/about:blank HTTP/1.1" 404 1011
190.171.142.18 - - [12/Mar/2021:10:12:30 -0300] "GET /cormun/servlet/solicitudotadjuntos?INS,2021,16707,,1, HTTP/1.1" 200 6390
190.171.142.18 - - [12/Mar/2021:10:12:30 -0300] "GET /cormun/servlet/solicitudotadjuntos?dceaf9b9f2a97ed13b32f5bc6922546be4899df443eeeb21b58b5ea9bbc7d6dbca4c0eb19f3319560e2e1c92dd28f5f2,gx-no-cache=1615554168379 HTTP/1.1" 200 30
190.171.142.18 - - [12/Mar/2021:10:12:30 -0300] "POST /cormun/servlet/solicitudotadjuntos?6d1a7ac7d7a151ce5437b164692d87c5,INS,2021,16707,,1,,gx-no-cache=1615554168414 HTTP/1.1" 200 4154
190.171.142.18 - - [12/Mar/2021:10:12:39 -0300] "POST /cormun/servlet/solicitudotadjuntos?gx-no-cache=1615554177135 HTTP/1.1" 200 26
190.171.142.18 - - [12/Mar/2021:10:12:55 -0300] "POST /cormun/servlet/solicitudotadjuntos?gx-no-cache=1615554193318 HTTP/1.1" 200 26
190.171.142.18 - - [12/Mar/2021:10:12:57 -0300] "GET /cormun/servlet/solicitudotadjuntos?dceaf9b9f2a97ed13b32f5bc6922546bfe36fc84aab23459998d9ce67d97de65,gx-no-cache=1615554195092 HTTP/1.1" 200 30
190.171.142.18 - - [12/Mar/2021:10:12:57 -0300] "GET /cormun/servlet/solicitudotadjuntos?dceaf9b9f2a97ed13b32f5bc6922546bfe36fc84aab23459998d9ce67d97de65,gx-no-cache=1615554195117 HTTP/1.1" 200 30
190.171.142.18 - - [12/Mar/2021:10:12:57 -0300] "POST /cormun/servlet/solicitudotadjuntos?6d1a7ac7d7a151ce5437b164692d87c5,INS,2021,16707,,1, HTTP/1.1" 200 116
190.171.142.18 - - [12/Mar/2021:10:12:57 -0300] "GET /cormun/servlet/hpexe_return? HTTP/1.1" 200 1033
190.171.142.18 - - [12/Mar/2021:10:12:58 -0300] "GET /cormun/servlet/trsolicitudadjuntos?2021,16707, HTTP/1.1" 200 9865
190.171.142.18 - - [12/Mar/2021:10:12:58 -0300] "GET /cormun/servlet/trsolicitudadjuntos?2021,16707, HTTP/1.1" 200 9863
190.171.141.82 - - [12/Mar/2021:10:13:09 -0300] "GET /cormun/servlet/licenciaspermisos?4377a0d344ac143235b89a0cb884204d4918681efad7e2d629142ece5ddc35c8311513d3a0ba1c5eb58017c80b3519f58620d92a61a55c7bb9c10adb3f601ad8,gx-no-cache=1615554204601 HTTP/1.1" 200 102
190.171.141.82 - - [12/Mar/2021:10:13:09 -0300] "POST /cormun/servlet/licenciaspermisos?c7da157f91117b0859ebc34544d2aedb,INS,0,,,,gx-no-cache=1615554204667 HTTP/1.1" 200 5111
190.171.142.18 - - [12/Mar/2021:10:13:09 -0300] "GET /cormun/servlet/solicitudotadjuntos?DLT,2021,16707,CARNET,0, HTTP/1.1" 200 6376
190.171.142.18 - - [12/Mar/2021:10:13:10 -0300] "GET /cormun/PublicTempStorage/cert._antecedentes7369769.pdf HTTP/1.1" 200 40167
190.171.142.18 - - [12/Mar/2021:10:13:10 -0300] "GET /cormun/static/Shared/jqueryui/images/ui-bg_highlight-soft_100_c6c2c8_1x100.png HTTP/1.1" 404 1117
190.171.142.18 - - [12/Mar/2021:10:13:10 -0300] "GET /cormun/static/Shared/jqueryui/images/ui-icons_82798d_256x240.png HTTP/1.1" 404 1089
190.171.142.18 - - [12/Mar/2021:10:13:10 -0300] "GET /cormun/static/Shared/jqueryui/images/ui-icons_8d78a5_256x240.png HTTP/1.1" 404 1089
190.171.142.18 - - [12/Mar/2021:10:13:10 -0300] "GET /cormun/static/Shared/jqueryui/images/ui-bg_flat_55_fafafa_40x100.png HTTP/1.1" 404 1097
190.171.142.18 - - [12/Mar/2021:10:13:10 -0300] "GET /cormun/servlet/solicitudotadjuntos?DLT,2021,16707,CARNET,0, HTTP/1.1" 200 6370
190.171.142.18 - - [12/Mar/2021:10:13:15 -0300] "POST /cormun/servlet/solicitudotadjuntos?6d1a7ac7d7a151ce5437b164692d87c5,DLT,2021,16707,CARNET,0,,gx-no-cache=1615554212884 HTTP/1.1" 200 93
190.171.142.18 - - [12/Mar/2021:10:13:15 -0300] "GET /cormun/servlet/hpexe_return? HTTP/1.1" 200 1038
190.171.142.18 - - [12/Mar/2021:10:13:15 -0300] "GET /cormun/servlet/trsolicitudadjuntos?2021,16707, HTTP/1.1" 200 9663
190.171.142.18 - - [12/Mar/2021:10:13:16 -0300] "GET /cormun/servlet/trsolicitudadjuntos?2021,16707, HTTP/1.1" 200 9663
190.171.141.82 - - [12/Mar/2021:10:13:17 -0300] "GET /cormun/static/menuarrow.gif HTTP/1.1" 404 1015
190.171.142.18 - - [12/Mar/2021:10:13:29 -0300] "GET /cormun/servlet/solicitudotadjuntos?INS,2021,16707,,1, HTTP/1.1" 200 6394
190.171.142.18 - - [12/Mar/2021:10:13:29 -0300] "GET /cormun/static/about:blank HTTP/1.1" 404 1011
190.171.142.18 - - [12/Mar/2021:10:13:29 -0300] "GET /cormun/servlet/solicitudotadjuntos?INS,2021,16707,,1, HTTP/1.1" 200 6387
190.171.142.18 - - [12/Mar/2021:10:13:30 -0300] "GET /cormun/servlet/solicitudotadjuntos?dceaf9b9f2a97ed13b32f5bc6922546be4899df443eeeb21b58b5ea9bbc7d6dbca4c0eb19f3319560e2e1c92dd28f5f2,gx-no-cache=1615554227793 HTTP/1.1" 200 30
190.171.142.18 - - [12/Mar/2021:10:13:30 -0300] "POST /cormun/servlet/solicitudotadjuntos?6d1a7ac7d7a151ce5437b164692d87c5,INS,2021,16707,,1,,gx-no-cache=1615554227827 HTTP/1.1" 200 4156
190.171.142.18 - - [12/Mar/2021:10:13:32 -0300] "POST /cormun/servlet/solicitudotadjuntos?gx-no-cache=1615554229615 HTTP/1.1" 200 26
200.54.247.70 - - [12/Mar/2021:10:13:40 -0300] "GET /cormun/servlet/hlogin HTTP/1.1" 200 1727
190.171.142.18 - - [12/Mar/2021:10:13:47 -0300] "POST /cormun/servlet/solicitudotadjuntos?gx-no-cache=1615554245270 HTTP/1.1" 200 26
190.171.142.18 - - [12/Mar/2021:10:13:49 -0300] "GET /cormun/servlet/solicitudotadjuntos?dceaf9b9f2a97ed13b32f5bc6922546bfe36fc84aab23459998d9ce67d97de65,gx-no-cache=1615554247117 HTTP/1.1" 200 30
190.171.142.18 - - [12/Mar/2021:10:13:49 -0300] "GET /cormun/servlet/solicitudotadjuntos?dceaf9b9f2a97ed13b32f5bc6922546bfe36fc84aab23459998d9ce67d97de65,gx-no-cache=1615554247131 HTTP/1.1" 200 30
190.171.142.18 - - [12/Mar/2021:10:13:49 -0300] "POST /cormun/servlet/solicitudotadjuntos?6d1a7ac7d7a151ce5437b164692d87c5,INS,2021,16707,,1, HTTP/1.1" 200 116
190.171.142.18 - - [12/Mar/2021:10:13:49 -0300] "GET /cormun/servlet/hpexe_return? HTTP/1.1" 200 1033
190.171.142.18 - - [12/Mar/2021:10:13:50 -0300] "GET /cormun/servlet/trsolicitudadjuntos?2021,16707, HTTP/1.1" 200 9879
190.171.142.18 - - [12/Mar/2021:10:13:50 -0300] "GET /cormun/servlet/trsolicitudadjuntos?2021,16707, HTTP/1.1" 200 9876
190.171.142.18 - - [12/Mar/2021:10:14:02 -0300] "GET /cormun/servlet/solicitudotadjuntos?INS,2021,16707,,1, HTTP/1.1" 200 6394
190.171.142.18 - - [12/Mar/2021:10:14:02 -0300] "GET /cormun/static/about:blank HTTP/1.1" 404 1011
190.171.142.18 - - [12/Mar/2021:10:14:03 -0300] "GET /cormun/servlet/solicitudotadjuntos?INS,2021,16707,,1, HTTP/1.1" 200 6387
190.171.142.18 - - [12/Mar/2021:10:14:03 -0300] "GET /cormun/servlet/solicitudotadjuntos?dceaf9b9f2a97ed13b32f5bc6922546be4899df443eeeb21b58b5ea9bbc7d6dbca4c0eb19f3319560e2e1c92dd28f5f2,gx-no-cache=1615554261131 HTTP/1.1" 200 30
190.171.142.18 - - [12/Mar/2021:10:14:03 -0300] "POST /cormun/servlet/solicitudotadjuntos?6d1a7ac7d7a151ce5437b164692d87c5,INS,2021,16707,,1,,gx-no-cache=1615554261165 HTTP/1.1" 200 4157
190.171.142.18 - - [12/Mar/2021:10:14:06 -0300] "POST /cormun/servlet/solicitudotadjuntos?gx-no-cache=1615554263989 HTTP/1.1" 200 26
190.171.142.18 - - [12/Mar/2021:10:14:18 -0300] "GET /cormun/servlet/solicitudotadjuntos?dceaf9b9f2a97ed13b32f5bc6922546bfe36fc84aab23459998d9ce67d97de65,gx-no-cache=1615554276333 HTTP/1.1" 200 30
190.171.142.18 - - [12/Mar/2021:10:14:18 -0300] "GET /cormun/servlet/solicitudotadjuntos?dceaf9b9f2a97ed13b32f5bc6922546bfe36fc84aab23459998d9ce67d97de65,gx-no-cache=1615554276349 HTTP/1.1" 200 30
190.171.142.18 - - [12/Mar/2021:10:14:18 -0300] "POST /cormun/servlet/solicitudotadjuntos?6d1a7ac7d7a151ce5437b164692d87c5,INS,2021,16707,,1, HTTP/1.1" 200 116
190.171.142.18 - - [12/Mar/2021:10:14:18 -0300] "GET /cormun/servlet/hpexe_return? HTTP/1.1" 200 1033
190.171.142.18 - - [12/Mar/2021:10:14:19 -0300] "GET /cormun/servlet/trsolicitudadjuntos?2021,16707, HTTP/1.1" 200 10145
190.171.142.18 - - [12/Mar/2021:10:14:19 -0300] "GET /cormun/servlet/trsolicitudadjuntos?2021,16707, HTTP/1.1" 200 10141
190.171.142.18 - - [12/Mar/2021:10:14:33 -0300] "GET /cormun/servlet/solicitudotadjuntos?INS,2021,16707,,1, HTTP/1.1" 200 6394
190.171.142.18 - - [12/Mar/2021:10:14:34 -0300] "GET /cormun/static/about:blank HTTP/1.1" 404 1011
190.171.142.18 - - [12/Mar/2021:10:14:34 -0300] "GET /cormun/servlet/solicitudotadjuntos?INS,2021,16707,,1, HTTP/1.1" 200 6387
190.171.142.18 - - [12/Mar/2021:10:14:34 -0300] "GET /cormun/servlet/solicitudotadjuntos?dceaf9b9f2a97ed13b32f5bc6922546be4899df443eeeb21b58b5ea9bbc7d6dbca4c0eb19f3319560e2e1c92dd28f5f2,gx-no-cache=1615554292393 HTTP/1.1" 200 30
190.171.142.18 - - [12/Mar/2021:10:14:34 -0300] "POST /cormun/servlet/solicitudotadjuntos?6d1a7ac7d7a151ce5437b164692d87c5,INS,2021,16707,,1,,gx-no-cache=1615554292438 HTTP/1.1" 200 4157
190.171.142.18 - - [12/Mar/2021:10:14:36 -0300] "POST /cormun/servlet/solicitudotadjuntos?gx-no-cache=1615554294204 HTTP/1.1" 200 26
190.171.142.18 - - [12/Mar/2021:10:14:45 -0300] "POST /cormun/servlet/solicitudotadjuntos?gx-no-cache=1615554302647 HTTP/1.1" 200 26
190.171.142.18 - - [12/Mar/2021:10:14:46 -0300] "GET /cormun/servlet/solicitudotadjuntos?dceaf9b9f2a97ed13b32f5bc6922546bfe36fc84aab23459998d9ce67d97de65,gx-no-cache=1615554304103 HTTP/1.1" 200 30
190.171.142.18 - - [12/Mar/2021:10:14:46 -0300] "GET /cormun/servlet/solicitudotadjuntos?dceaf9b9f2a97ed13b32f5bc6922546bfe36fc84aab23459998d9ce67d97de65,gx-no-cache=1615554304119 HTTP/1.1" 200 30
190.171.142.18 - - [12/Mar/2021:10:14:46 -0300] "POST /cormun/servlet/solicitudotadjuntos?6d1a7ac7d7a151ce5437b164692d87c5,INS,2021,16707,,1, HTTP/1.1" 200 116
190.171.142.18 - - [12/Mar/2021:10:14:46 -0300] "GET /cormun/servlet/hpexe_return? HTTP/1.1" 200 1033
190.171.142.18 - - [12/Mar/2021:10:14:47 -0300] "GET /cormun/servlet/trsolicitudadjuntos?2021,16707, HTTP/1.1" 200 10299
190.171.142.18 - - [12/Mar/2021:10:14:47 -0300] "GET /cormun/servlet/trsolicitudadjuntos?2021,16707, HTTP/1.1" 200 10293
200.54.247.70 - - [12/Mar/2021:10:14:56 -0300] "POST /cormun/servlet/trpermisosgoce?b3e9dc6538718f96c6e11ef97be6b423,gx-no-cache=1615554313499 HTTP/1.1" 200 4273
200.54.247.70 - - [12/Mar/2021:10:14:56 -0300] "GET /cormun/static/Shared/jqueryui/images/ui-bg_highlight-soft_100_c6c2c8_1x100.png HTTP/1.1" 404 1117
200.54.247.70 - - [12/Mar/2021:10:14:56 -0300] "GET /cormun/static/Shared/jqueryui/images/ui-icons_82798d_256x240.png HTTP/1.1" 404 1089
200.54.247.70 - - [12/Mar/2021:10:14:56 -0300] "GET /cormun/static/Shared/jqueryui/images/ui-bg_flat_55_fafafa_40x100.png HTTP/1.1" 404 1097
200.54.247.70 - - [12/Mar/2021:10:14:56 -0300] "GET /cormun/static/Shared/jqueryui/images/ui-icons_8d78a5_256x240.png HTTP/1.1" 404 1089
200.54.247.70 - - [12/Mar/2021:10:14:56 -0300] "GET /cormun/servlet/hlogin HTTP/1.1" 200 1746
190.171.142.18 - - [12/Mar/2021:10:15:02 -0300] "GET /cormun/servlet/trautorizarsolicitud? HTTP/1.1" 200 7471
190.171.142.18 - - [12/Mar/2021:10:15:02 -0300] "GET /cormun/static/gxcfg.js?201991422414522 HTTP/1.1" 200 953
190.171.142.18 - - [12/Mar/2021:10:15:03 -0300] "GET /cormun/static/trautorizarsolicitud.js?201991422415463 HTTP/1.1" 200 53910
190.171.142.18 - - [12/Mar/2021:10:15:03 -0300] "GET /cormun/servlet/trautorizarsolicitud? HTTP/1.1" 200 7455
190.171.142.18 - - [12/Mar/2021:10:15:12 -0300] "POST /cormun/servlet/trautorizarsolicitud?6d1a7ac7d7a151ce5437b164692d87c5,,gx-no-cache=1615554330180 HTTP/1.1" 200 110
190.171.142.18 - - [12/Mar/2021:10:15:12 -0300] "POST /cormun/servlet/trautorizarsolicitud?6d1a7ac7d7a151ce5437b164692d87c5,,gx-no-cache=1615554330368 HTTP/1.1" 200 4552
190.171.142.18 - - [12/Mar/2021:10:15:13 -0300] "GET /cormun/AutorizarSolicitud-2725.xls HTTP/1.1" 200 4608
190.171.142.18 - - [12/Mar/2021:10:15:15 -0300] "POST /cormun/servlet/acontrolpreferencessavestate?None,RPEREZ,true HTTP/1.1" 200 35
190.171.142.18 - - [12/Mar/2021:10:15:20 -0300] "GET /cormun/servlet/trvisualizadoreventos? HTTP/1.1" 200 7128
190.171.142.18 - - [12/Mar/2021:10:15:20 -0300] "GET /cormun/static/gxcfg.js?20199142243133 HTTP/1.1" 200 953
190.171.142.18 - - [12/Mar/2021:10:15:20 -0300] "GET /cormun/static/Resources/PXToolsActionPrint.png HTTP/1.1" 200 404
190.171.142.18 - - [12/Mar/2021:10:15:20 -0300] "GET /cormun/static/trvisualizadoreventos.js?201991422431650 HTTP/1.1" 200 19318
190.171.142.18 - - [12/Mar/2021:10:15:21 -0300] "GET /cormun/servlet/trvisualizadoreventos? HTTP/1.1" 200 7127
200.54.103.162 - - [12/Mar/2021:10:15:21 -0300] "GET /cormun/servlet/hlogin HTTP/1.1" 200 1725
200.54.247.70 - - [12/Mar/2021:10:15:22 -0300] "POST /cormun/servlet/hlogin?b3e9dc6538718f96c6e11ef97be6b423,gx-no-cache=1615554339759 HTTP/1.1" 200 426
200.54.247.70 - - [12/Mar/2021:10:15:29 -0300] "POST /cormun/servlet/hlogin?b3e9dc6538718f96c6e11ef97be6b423,gx-no-cache=1615554346892 HTTP/1.1" 200 90
190.171.142.18 - - [12/Mar/2021:10:15:30 -0300] "GET /cormun/servlet/trautorizarsolicitud? HTTP/1.1" 200 7457
190.171.142.18 - - [12/Mar/2021:10:15:30 -0300] "GET /cormun/servlet/trautorizarsolicitud? HTTP/1.1" 200 7457
200.54.247.70 - - [12/Mar/2021:10:15:30 -0300] "GET /cormun/servlet/hpexe_link HTTP/1.1" 200 981
200.54.247.70 - - [12/Mar/2021:10:15:31 -0300] "GET /cormun/servlet/trpermisosgoce?gx-no-cache=1615554313499 HTTP/1.1" 200 7766
200.54.247.70 - - [12/Mar/2021:10:15:31 -0300] "GET /cormun/servlet/trpermisosgoce?gx-no-cache=1615554313499 HTTP/1.1" 200 7785
186.103.159.186 - - [12/Mar/2021:10:15:34 -0300] "GET /cormun/servlet/hlogin HTTP/1.1" 200 1729
186.103.159.186 - - [12/Mar/2021:10:15:35 -0300] "GET /cormun/servlet/hlogin HTTP/1.1" 200 1738
200.54.247.70 - - [12/Mar/2021:10:15:35 -0300] "POST /cormun/servlet/trpermisosgoce?b3e9dc6538718f96c6e11ef97be6b423,gx-no-cache=1615554313499,gx-no-cache=1615554352402 HTTP/1.1" 200 5073
200.54.247.70 - - [12/Mar/2021:10:15:35 -0300] "GET /cormun/static/Shared/jqueryui/images/ui-bg_highlight-soft_100_c6c2c8_1x100.png HTTP/1.1" 404 1117
200.54.247.70 - - [12/Mar/2021:10:15:35 -0300] "GET /cormun/static/Shared/jqueryui/images/ui-icons_82798d_256x240.png HTTP/1.1" 404 1089
200.54.247.70 - - [12/Mar/2021:10:15:35 -0300] "GET /cormun/static/Shared/jqueryui/images/ui-bg_flat_55_fafafa_40x100.png HTTP/1.1" 404 1097
200.54.247.70 - - [12/Mar/2021:10:15:35 -0300] "GET /cormun/static/Shared/jqueryui/images/ui-icons_8d78a5_256x240.png HTTP/1.1" 404 1089
200.54.103.162 - - [12/Mar/2021:10:15:36 -0300] "POST /cormun/servlet/hlogin?735c4e64307ff272307fa0b993f78b53,gx-no-cache=1615554352249 HTTP/1.1" 200 90
200.54.103.162 - - [12/Mar/2021:10:15:36 -0300] "GET /cormun/servlet/hpexe_link HTTP/1.1" 200 951
200.54.103.162 - - [12/Mar/2021:10:15:36 -0300] "GET /cormun/servlet/hhome HTTP/1.1" 200 4337
200.54.103.162 - - [12/Mar/2021:10:15:37 -0300] "GET /cormun/servlet/hhome HTTP/1.1" 200 4333
200.54.247.70 - - [12/Mar/2021:10:15:39 -0300] "GET /cormun/servlet/trpermisosadjuntos?16494415,20210312095134,P, HTTP/1.1" 200 6303
200.54.247.70 - - [12/Mar/2021:10:15:39 -0300] "GET /cormun/static/gxcfg.js?2020121641683 HTTP/1.1" 200 953
200.54.247.70 - - [12/Mar/2021:10:15:39 -0300] "GET /cormun/static/trpermisosadjuntos.js?2020121642996 HTTP/1.1" 200 20158
200.54.247.70 - - [12/Mar/2021:10:15:39 -0300] "GET /cormun/servlet/trpermisosadjuntos?16494415,20210312095134,P, HTTP/1.1" 200 6282
200.54.103.162 - - [12/Mar/2021:10:15:40 -0300] "GET /cormun/servlet/trlicencias? HTTP/1.1" 200 10862
200.54.103.162 - - [12/Mar/2021:10:15:41 -0300] "GET /cormun/servlet/trlicencias? HTTP/1.1" 200 10859
200.54.247.70 - - [12/Mar/2021:10:15:42 -0300] "POST /cormun/servlet/trpermisosadjuntos?b3e9dc6538718f96c6e11ef97be6b423,16494415,20210312095134,P,,gx-no-cache=1615554359703 HTTP/1.1" 200 90
200.54.247.70 - - [12/Mar/2021:10:15:42 -0300] "GET /cormun/servlet/hpexe_link HTTP/1.1" 200 1007
200.54.247.70 - - [12/Mar/2021:10:15:42 -0300] "GET /cormun/servlet/trpermisosgoce?gx-no-cache=1615554313499 HTTP/1.1" 200 7766
200.54.247.70 - - [12/Mar/2021:10:15:43 -0300] "GET /cormun/servlet/trpermisosgoce?gx-no-cache=1615554313499 HTTP/1.1" 200 7785
200.54.103.162 - - [12/Mar/2021:10:15:44 -0300] "POST /cormun/servlet/trlicencias?735c4e64307ff272307fa0b993f78b53,,gx-no-cache=1615554359328 HTTP/1.1" 200 101
200.54.103.162 - - [12/Mar/2021:10:15:44 -0300] "GET /cormun/Licencias-7269.xls HTTP/1.1" 200 7680
190.171.142.18 - - [12/Mar/2021:10:15:46 -0300] "POST /cormun/servlet/trautorizarsolicitud?6d1a7ac7d7a151ce5437b164692d87c5,,gx-no-cache=1615554363873 HTTP/1.1" 200 90
190.171.142.18 - - [12/Mar/2021:10:15:46 -0300] "GET /cormun/servlet/hpexe_link HTTP/1.1" 200 984
190.171.142.18 - - [12/Mar/2021:10:15:46 -0300] "GET /cormun/servlet/trsolicitudadjuntos?2021,16707, HTTP/1.1" 200 10293
190.171.142.18 - - [12/Mar/2021:10:15:47 -0300] "GET /cormun/servlet/trsolicitudadjuntos?2021,16707, HTTP/1.1" 200 10295
200.54.247.70 - - [12/Mar/2021:10:15:47 -0300] "GET /cormun/servlet/trpermisosadjuntos?16494415,20210312095134,P, HTTP/1.1" 200 6303
200.54.247.70 - - [12/Mar/2021:10:15:47 -0300] "GET /cormun/servlet/trpermisosadjuntos?16494415,20210312095134,P, HTTP/1.1" 200 6282
200.54.247.70 - - [12/Mar/2021:10:15:50 -0300] "GET /cormun/servlet/permisosadjuntos?INS,16494415,P,20210312095134,, HTTP/1.1" 200 5601
200.54.247.70 - - [12/Mar/2021:10:15:50 -0300] "GET /cormun/static/gxcfg.js?20201215134212 HTTP/1.1" 200 953
200.54.247.70 - - [12/Mar/2021:10:15:50 -0300] "GET /cormun/static/permisosadjuntos.js?20201215134285 HTTP/1.1" 200 8724
200.54.247.70 - - [12/Mar/2021:10:15:50 -0300] "GET /cormun/static/about:blank HTTP/1.1" 404 1011
200.54.247.70 - - [12/Mar/2021:10:15:50 -0300] "GET /cormun/servlet/permisosadjuntos?INS,16494415,P,20210312095134,, HTTP/1.1" 200 5591
186.103.159.186 - - [12/Mar/2021:10:15:58 -0300] "POST /cormun/servlet/hlogin?15b9a84e9cbebdc789d87b6dfc7b9523,gx-no-cache=1615553654622 HTTP/1.1" 200 445
200.54.247.70 - - [12/Mar/2021:10:16:00 -0300] "POST /cormun/servlet/permisosadjuntos?b3e9dc6538718f96c6e11ef97be6b423,INS,16494415,P,20210312095134,, HTTP/1.1" 200 116
200.54.247.70 - - [12/Mar/2021:10:16:00 -0300] "GET /cormun/servlet/hpexe_return? HTTP/1.1" 200 1039
200.54.247.70 - - [12/Mar/2021:10:16:00 -0300] "GET /cormun/servlet/trpermisosadjuntos?16494415,20210312095134,P, HTTP/1.1" 200 6751
200.54.247.70 - - [12/Mar/2021:10:16:00 -0300] "GET /cormun/servlet/trpermisosadjuntos?16494415,20210312095134,P, HTTP/1.1" 200 6748
186.103.159.186 - - [12/Mar/2021:10:16:03 -0300] "POST /cormun/servlet/hlogin?15b9a84e9cbebdc789d87b6dfc7b9523,gx-no-cache=1615553660163 HTTP/1.1" 200 90
200.54.247.70 - - [12/Mar/2021:10:16:05 -0300] "POST /cormun/servlet/trpermisosadjuntos?b3e9dc6538718f96c6e11ef97be6b423,16494415,20210312095134,P,,gx-no-cache=1615554382072 HTTP/1.1" 200 90
200.54.247.70 - - [12/Mar/2021:10:16:05 -0300] "GET /cormun/servlet/hpexe_link HTTP/1.1" 200 1007
200.54.247.70 - - [12/Mar/2021:10:16:05 -0300] "GET /cormun/servlet/trpermisosgoce?gx-no-cache=1615554313499 HTTP/1.1" 200 7766
200.54.247.70 - - [12/Mar/2021:10:16:05 -0300] "GET /cormun/servlet/trpermisosgoce?gx-no-cache=1615554313499 HTTP/1.1" 200 7785
186.103.159.186 - - [12/Mar/2021:10:16:06 -0300] "GET /cormun/servlet/hpexe_link HTTP/1.1" 200 955
186.103.159.186 - - [12/Mar/2021:10:16:07 -0300] "GET /cormun/servlet/hhome HTTP/1.1" 200 3941
186.103.159.186 - - [12/Mar/2021:10:16:08 -0300] "GET /cormun/servlet/hhome HTTP/1.1" 200 3937
200.54.247.70 - - [12/Mar/2021:10:16:08 -0300] "POST /cormun/servlet/trpermisosgoce?b3e9dc6538718f96c6e11ef97be6b423,gx-no-cache=1615554313499,gx-no-cache=1615554385465 HTTP/1.1" 200 5055
200.54.247.70 - - [12/Mar/2021:10:16:08 -0300] "GET /cormun/static/Shared/jqueryui/images/ui-bg_highlight-soft_100_c6c2c8_1x100.png HTTP/1.1" 404 1117
200.54.247.70 - - [12/Mar/2021:10:16:08 -0300] "GET /cormun/static/Shared/jqueryui/images/ui-bg_flat_55_fafafa_40x100.png HTTP/1.1" 404 1097
200.54.247.70 - - [12/Mar/2021:10:16:08 -0300] "GET /cormun/static/Shared/jqueryui/images/ui-icons_8d78a5_256x240.png HTTP/1.1" 404 1089
200.54.247.70 - - [12/Mar/2021:10:16:08 -0300] "GET /cormun/static/Shared/jqueryui/images/ui-icons_82798d_256x240.png HTTP/1.1" 404 1089
186.103.159.186 - - [12/Mar/2021:10:16:14 -0300] "GET /cormun/servlet/trsolicitudot? HTTP/1.1" 200 7166
186.103.159.186 - - [12/Mar/2021:10:16:14 -0300] "GET /cormun/servlet/trsolicitudot? HTTP/1.1" 200 7165
186.103.159.186 - - [12/Mar/2021:10:16:19 -0300] "GET /cormun/servlet/solicitudot?INS,0,0,false, HTTP/1.1" 200 15444
186.103.159.186 - - [12/Mar/2021:10:16:22 -0300] "GET /cormun/servlet/solicitudot?INS,0,0,false, HTTP/1.1" 200 15451
200.54.247.70 - - [12/Mar/2021:10:16:36 -0300] "GET /cormun/servlet/trpermisosgoce? HTTP/1.1" 200 7766
200.54.247.70 - - [12/Mar/2021:10:16:36 -0300] "GET /cormun/servlet/trpermisosgoce? HTTP/1.1" 200 7745
190.171.142.18 - - [12/Mar/2021:10:16:37 -0300] "GET /cormun/servlet/trsolicitudot? HTTP/1.1" 200 8994
190.171.142.18 - - [12/Mar/2021:10:16:37 -0300] "GET /cormun/servlet/trsolicitudot? HTTP/1.1" 200 8987
200.54.247.70 - - [12/Mar/2021:10:16:41 -0300] "GET /cormun/servlet/permisogoce?INS,0,,, HTTP/1.1" 200 6821
200.54.247.70 - - [12/Mar/2021:10:16:41 -0300] "GET /cormun/servlet/permisogoce?INS,0,,, HTTP/1.1" 200 6821
200.54.247.70 - - [12/Mar/2021:10:16:45 -0300] "GET /cormun/servlet/prfichaempleado?,MD,,gxPopupLevel%3D0%3B HTTP/1.1" 200 9255
190.171.142.18 - - [12/Mar/2021:10:16:47 -0300] "POST /cormun/servlet/trsolicitudot?6d1a7ac7d7a151ce5437b164692d87c5,,gx-no-cache=1615554425079 HTTP/1.1" 200 4886
190.171.142.18 - - [12/Mar/2021:10:16:47 -0300] "POST /cormun/servlet/trsolicitudot?6d1a7ac7d7a151ce5437b164692d87c5,,gx-no-cache=1615554425281 HTTP/1.1" 200 4633
186.103.159.186 - - [12/Mar/2021:10:16:48 -0300] "POST /cormun/servlet/solicitudot?gx-no-cache=1615553705106 HTTP/1.1" 200 3685
200.54.247.70 - - [12/Mar/2021:10:16:56 -0300] "POST /cormun/servlet/prfichaempleado?b3e9dc6538718f96c6e11ef97be6b423,,MD,,gxPopupLevel%3D0%3B,gx-no-cache=1615554433713 HTTP/1.1" 200 5826
190.171.142.18 - - [12/Mar/2021:10:16:57 -0300] "GET /cormun/servlet/trautorizarsolicitud? HTTP/1.1" 200 8878
190.171.142.18 - - [12/Mar/2021:10:16:57 -0300] "GET /cormun/servlet/trautorizarsolicitud? HTTP/1.1" 200 8878
200.54.247.70 - - [12/Mar/2021:10:17:07 -0300] "GET /cormun/servlet/permisogoce?06d1b034673865b2516256f49ecc6808a319ec998ff5426463d094f0355f4dff519cb8b03cb3ee556fc01a83caf5e195a2534168191092b06fc7d3688349d5a7,gx-no-cache=1615554444201 HTTP/1.1" 200 168
200.54.247.70 - - [12/Mar/2021:10:17:07 -0300] "GET /cormun/static/Shared/jqueryui/images/ui-bg_highlight-soft_100_c6c2c8_1x100.png HTTP/1.1" 404 1117
200.54.247.70 - - [12/Mar/2021:10:17:07 -0300] "GET /cormun/static/Shared/jqueryui/images/ui-icons_82798d_256x240.png HTTP/1.1" 404 1089
200.54.247.70 - - [12/Mar/2021:10:17:07 -0300] "GET /cormun/static/Shared/jqueryui/images/ui-icons_ebccce_256x240.png HTTP/1.1" 404 1089
200.54.247.70 - - [12/Mar/2021:10:17:07 -0300] "GET /cormun/static/Shared/jqueryui/images/ui-bg_flat_55_994d53_40x100.png HTTP/1.1" 404 1097
200.54.247.70 - - [12/Mar/2021:10:17:08 -0300] "GET /cormun/servlet/permisogoce?06d1b034673865b2516256f49ecc6808a319ec998ff5426463d094f0355f4dff519cb8b03cb3ee556fc01a83caf5e195a2534168191092b06fc7d3688349d5a7,gx-no-cache=1615554445647 HTTP/1.1" 200 168
190.171.142.18 - - [12/Mar/2021:10:17:08 -0300] "POST /cormun/servlet/trautorizarsolicitud?6d1a7ac7d7a151ce5437b164692d87c5,,gx-no-cache=1615554446276 HTTP/1.1" 200 4802
190.171.142.18 - - [12/Mar/2021:10:17:08 -0300] "POST /cormun/servlet/trautorizarsolicitud?6d1a7ac7d7a151ce5437b164692d87c5,,gx-no-cache=1615554446454 HTTP/1.1" 200 4549
200.54.247.70 - - [12/Mar/2021:10:17:17 -0300] "GET /cormun/servlet/prfichaempleado?,MD,,gxPopupLevel%3D0%3B HTTP/1.1" 200 9255
190.171.142.18 - - [12/Mar/2021:10:17:18 -0300] "GET /cormun/servlet/trsolicitudot? HTTP/1.1" 200 7573
190.171.142.18 - - [12/Mar/2021:10:17:19 -0300] "GET /cormun/servlet/trsolicitudot? HTTP/1.1" 200 7572
186.103.159.186 - - [12/Mar/2021:10:17:23 -0300] "POST /cormun/servlet/solicitudot?15b9a84e9cbebdc789d87b6dfc7b9523,INS,0,0,false,,gx-no-cache=1615553739527 HTTP/1.1" 200 12102
186.103.159.186 - - [12/Mar/2021:10:17:23 -0300] "GET /cormun/servlet/solicitudot?4e030ca7242e22c7f7c7d2364707d31578e7314797284a4bb145f291061ca6ccbb09ddfeb5d99676d494f55753b96f9a,gx-no-cache=1615553739935 HTTP/1.1" 200 30
190.171.142.18 - - [12/Mar/2021:10:17:25 -0300] "GET /cormun/servlet/solicitudot?INS,0,0,false, HTTP/1.1" 200 15844
190.171.142.18 - - [12/Mar/2021:10:17:25 -0300] "GET /cormun/servlet/solicitudot?INS,0,0,false, HTTP/1.1" 200 15852
200.54.247.70 - - [12/Mar/2021:10:17:31 -0300] "GET /cormun/servlet/trpermisosgoce? HTTP/1.1" 200 7766
200.54.247.70 - - [12/Mar/2021:10:17:32 -0300] "GET /cormun/servlet/trpermisosgoce? HTTP/1.1" 200 7745
200.54.247.70 - - [12/Mar/2021:10:17:36 -0300] "GET /cormun/servlet/permisogoce?INS,0,,, HTTP/1.1" 200 6821
200.54.247.70 - - [12/Mar/2021:10:17:36 -0300] "GET /cormun/servlet/permisogoce?INS,0,,, HTTP/1.1" 200 6821
200.54.247.70 - - [12/Mar/2021:10:17:42 -0300] "GET /cormun/servlet/prfichaempleado?,MD,,gxPopupLevel%3D0%3B HTTP/1.1" 200 9255
190.171.142.18 - - [12/Mar/2021:10:17:49 -0300] "POST /cormun/servlet/solicitudot?gx-no-cache=1615554486766 HTTP/1.1" 200 3806
190.171.142.18 - - [12/Mar/2021:10:17:49 -0300] "POST /cormun/servlet/solicitudot?6d1a7ac7d7a151ce5437b164692d87c5,INS,0,0,false,,gx-no-cache=1615554486949 HTTP/1.1" 200 12534
200.54.247.70 - - [12/Mar/2021:10:17:54 -0300] "POST /cormun/servlet/prfichaempleado?b3e9dc6538718f96c6e11ef97be6b423,,MD,,gxPopupLevel%3D0%3B,gx-no-cache=1615554490896 HTTP/1.1" 200 3380
190.171.142.18 - - [12/Mar/2021:10:17:57 -0300] "GET /cormun/servlet/solicitudot?dceaf9b9f2a97ed13b32f5bc6922546b40eba197d6f4313426ef738c121169498c8c11f4fb4673ac373d3e7a0b50d356,gx-no-cache=1615554495127 HTTP/1.1" 200 30
200.54.247.70 - - [12/Mar/2021:10:18:02 -0300] "GET /cormun/servlet/permisogoce?06d1b034673865b2516256f49ecc6808a319ec998ff5426463d094f0355f4dff519cb8b03cb3ee556fc01a83caf5e195a2534168191092b06fc7d3688349d5a7,gx-no-cache=1615554499497 HTTP/1.1" 200 168
200.54.247.70 - - [12/Mar/2021:10:18:02 -0300] "GET /cormun/static/Shared/jqueryui/images/ui-bg_highlight-soft_100_c6c2c8_1x100.png HTTP/1.1" 404 1117
200.54.247.70 - - [12/Mar/2021:10:18:03 -0300] "GET /cormun/static/Shared/jqueryui/images/ui-icons_82798d_256x240.png HTTP/1.1" 404 1089
200.54.247.70 - - [12/Mar/2021:10:18:03 -0300] "GET /cormun/static/Shared/jqueryui/images/ui-bg_flat_55_994d53_40x100.png HTTP/1.1" 404 1097
200.54.247.70 - - [12/Mar/2021:10:18:03 -0300] "GET /cormun/static/Shared/jqueryui/images/ui-icons_ebccce_256x240.png HTTP/1.1" 404 1089
200.54.247.70 - - [12/Mar/2021:10:18:07 -0300] "GET /cormun/servlet/trpermisosgoce? HTTP/1.1" 200 7766
200.54.247.70 - - [12/Mar/2021:10:18:08 -0300] "GET /cormun/servlet/trpermisosgoce? HTTP/1.1" 200 7745
190.171.142.18 - - [12/Mar/2021:10:18:16 -0300] "GET /cormun/servlet/solicitudot?dceaf9b9f2a97ed13b32f5bc6922546b03cd3ac3b9379b21e5e0ba80c11b31fca354f930b50a8155d382fd0b535e96348c8c11f4fb4673ac373d3e7a0b50d356,gx-no-cache=1615554513691 HTTP/1.1" 200 30
190.171.142.18 - - [12/Mar/2021:10:18:16 -0300] "GET /cormun/servlet/solicitudot?dceaf9b9f2a97ed13b32f5bc6922546bcee3e44bdf76a083de54171e2f5629cc,gx-no-cache=1615554513721 HTTP/1.1" 200 70
200.54.247.70 - - [12/Mar/2021:10:18:16 -0300] "GET /cormun/servlet/permisogoce?INS,0,,, HTTP/1.1" 200 6822
190.171.142.18 - - [12/Mar/2021:10:18:16 -0300] "POST /cormun/servlet/solicitudot?gx-no-cache=1615554513752 HTTP/1.1" 200 297
190.171.142.18 - - [12/Mar/2021:10:18:16 -0300] "GET /cormun/servlet/solicitudot?dceaf9b9f2a97ed13b32f5bc6922546b0b02cad7e3c7ea622803d2be485beabc186defc92daa3bf3a9036c4c0faba60e72f43d5f87b23fa2165d8b5e24086df7443225e9c5a26b5d33d16b4a50bcbfeba5bc20696680faaca8e1b7ee6a74882baaf33aabe1519edaf209b06a487312cb8ff4aa48ac968ec38b2ed1d099e3f95ddffce7352284818372706a7a3fd43f441d35960adcef9d0cd7c4e1c7c9af053b03d6f3d9153b9864b049da08e20b69d78b7756a5f7f75e7ef1d2d42989283498025acd33f027dfd5119b05cb8d7d71026618675d9dd11e20a9d4bb939e50a1746e3ae60e374aa672473ce10f542cc356a5f0b72b1820bbe67007337bf9c0a0709af9d0c3bbf301087dd90c4d20d224d197b3a47d53661475688506954da455262db08011668b9b12f86eba3387c3d14d8ee05e546cb38fabac7aabfa12c59d18de015653208ac76069320d493baa906ff45f0befdba9ab9cdb9226ccc686ed124d197e48709ef0dc3b2dacd8c76390627cd73576767e7f72b0a32529baeda020293e244219a219bb1be03a034e6ba405,gx-no-cache=1615554514104 HTTP/1.1" 200 30
190.171.142.18 - - [12/Mar/2021:10:18:16 -0300] "POST /cormun/servlet/solicitudot?gx-no-cache=1615554514135 HTTP/1.1" 200 30
190.171.142.18 - - [12/Mar/2021:10:18:16 -0300] "POST /cormun/servlet/solicitudot?gx-no-cache=1615554514208 HTTP/1.1" 200 1414
190.171.142.18 - - [12/Mar/2021:10:18:16 -0300] "POST /cormun/servlet/solicitudot?gx-no-cache=1615554514284 HTTP/1.1" 200 38
190.171.142.18 - - [12/Mar/2021:10:18:16 -0300] "GET /cormun/servlet/solicitudot?dceaf9b9f2a97ed13b32f5bc6922546bd366d9f4d9bd7cc33e5dca6a91c1240df9427cf8cd97e878a7e4c8d081f6258e88ecf0dbdd0dfcb1961ed3faae41bb60fda1e7d57aab0328be145acc4527aca38ee35b9dd2e5371efde15e0e7621aec8ff86ed4f6b4ae6c580f01ca5ff295c1d,gx-no-cache=1615554514315 HTTP/1.1" 200 110
190.171.142.18 - - [12/Mar/2021:10:18:16 -0300] "POST /cormun/servlet/solicitudot?gx-no-cache=1615554514338 HTTP/1.1" 200 110
200.54.247.70 - - [12/Mar/2021:10:18:17 -0300] "GET /cormun/servlet/permisogoce?INS,0,,, HTTP/1.1" 200 6821
190.171.142.18 - - [12/Mar/2021:10:18:17 -0300] "GET /cormun/servlet/solicitudot?dceaf9b9f2a97ed13b32f5bc6922546b3d43e67e1114ce52b9ce2585d3d084aa5773aa77e0e81a5ed9fa98ad8f4a70181234dd83d5d5e3178f1ec7bbe263196aa2f8f2a287600f84a9f44d54e948fa6d750cc481b2634ea67988230f4b7d347083edef42e4aef70830163b09b05fd192,gx-no-cache=1615554514367 HTTP/1.1" 200 29
190.171.142.18 - - [12/Mar/2021:10:18:22 -0300] "GET /cormun/servlet/solicitudot?dceaf9b9f2a97ed13b32f5bc6922546b00475d4df5973b04f1902b074754ae65efaae66962d4fc50b171a5fa20cefaa0,gx-no-cache=1615554519875 HTTP/1.1" 200 30
200.54.247.70 - - [12/Mar/2021:10:18:25 -0300] "GET /cormun/servlet/prfichaempleado?,MD,,gxPopupLevel%3D0%3B HTTP/1.1" 200 9255
200.54.247.70 - - [12/Mar/2021:10:18:31 -0300] "POST /cormun/servlet/prfichaempleado?b3e9dc6538718f96c6e11ef97be6b423,,MD,,gxPopupLevel%3D0%3B,gx-no-cache=1615554528855 HTTP/1.1" 200 5826
190.171.142.18 - - [12/Mar/2021:10:18:40 -0300] "POST /cormun/servlet/solicitudot?gx-no-cache=1615554538495 HTTP/1.1" 200 30
200.54.247.70 - - [12/Mar/2021:10:18:42 -0300] "GET /cormun/servlet/permisogoce?06d1b034673865b2516256f49ecc6808a319ec998ff5426463d094f0355f4dff519cb8b03cb3ee556fc01a83caf5e195a2534168191092b06fc7d3688349d5a7,gx-no-cache=1615554539444 HTTP/1.1" 200 168
200.54.247.70 - - [12/Mar/2021:10:18:42 -0300] "GET /cormun/static/Shared/jqueryui/images/ui-bg_highlight-soft_100_c6c2c8_1x100.png HTTP/1.1" 404 1117
200.54.247.70 - - [12/Mar/2021:10:18:42 -0300] "GET /cormun/static/Shared/jqueryui/images/ui-icons_ebccce_256x240.png HTTP/1.1" 404 1089
200.54.247.70 - - [12/Mar/2021:10:18:42 -0300] "GET /cormun/static/Shared/jqueryui/images/ui-icons_82798d_256x240.png HTTP/1.1" 404 1089
200.54.247.70 - - [12/Mar/2021:10:18:42 -0300] "GET /cormun/static/Shared/jqueryui/images/ui-bg_flat_55_994d53_40x100.png HTTP/1.1" 404 1097
200.54.247.70 - - [12/Mar/2021:10:18:44 -0300] "GET /cormun/static/menuarrow.gif HTTP/1.1" 404 1015
200.54.247.70 - - [12/Mar/2021:10:18:51 -0300] "GET /cormun/servlet/permisogoce?06d1b034673865b2516256f49ecc68087ec6e2b7d571043be0538893a63fc6bf31a87f134fcc297efafa14fd9521ec011f53fab65921d29db04cb091c47f402e,gx-no-cache=1615554548307 HTTP/1.1" 200 46
200.54.247.70 - - [12/Mar/2021:10:19:01 -0300] "POST /cormun/servlet/permisogoce?b3e9dc6538718f96c6e11ef97be6b423,INS,0,,,,gx-no-cache=1615554558209 HTTP/1.1" 200 4437
200.54.247.70 - - [12/Mar/2021:10:19:07 -0300] "GET /cormun/servlet/prfichaempleado?,MD,,gxPopupLevel%3D0%3B HTTP/1.1" 200 9255
200.54.247.70 - - [12/Mar/2021:10:19:20 -0300] "POST /cormun/servlet/prfichaempleado?b3e9dc6538718f96c6e11ef97be6b423,,MD,,gxPopupLevel%3D0%3B,gx-no-cache=1615554577055 HTTP/1.1" 200 5826
190.171.142.18 - - [12/Mar/2021:10:19:20 -0300] "POST /cormun/servlet/solicitudot?6d1a7ac7d7a151ce5437b164692d87c5,INS,0,0,false,,gx-no-cache=1615554557187 HTTP/1.1" 500 10
200.54.247.70 - - [12/Mar/2021:10:19:30 -0300] "GET /cormun/servlet/permisogoce?06d1b034673865b2516256f49ecc6808a319ec998ff5426463d094f0355f4dffe5579bc4003872275303b94d5757a300fdd43fac86000bad7bbb67ef9ee4ba8cabf43acf645d8d7eafa24c202293784883b3cde64dc3414206adefc39a764b124e070b41cfcd2a849b0d7de91b79dbababf43acf645d8d7eafa24c202293784883b3cde64dc3414206adefc39a764b12fdd43fac86000bad7bbb67ef9ee4ba8cf24b13071197561f6309a8bdf22dfe6836ef2c4125dd16c1c47990df6d608612e7cc8ce7bfa41f56cde6c6841194abd421eea8f2a427c8f88ab61f233d5a5c92,gx-no-cache=1615554587987 HTTP/1.1" 200 168
186.103.159.186 - - [12/Mar/2021:10:19:37 -0300] "GET /cormun/servlet/solicitudot?4e030ca7242e22c7f7c7d2364707d3154ce50dcc50bbab026e393e7141bb9a156c89be4a48b5c9dd9decde032ce5d414083108448af18a6dc0c523e05be724ee,gx-no-cache=1615553874194 HTTP/1.1" 200 30
186.103.159.186 - - [12/Mar/2021:10:19:37 -0300] "GET /cormun/servlet/solicitudot?4e030ca7242e22c7f7c7d2364707d31591444c924a23ee79b1de73bafb1d3c53,gx-no-cache=1615553874245 HTTP/1.1" 200 29
200.54.247.70 - - [12/Mar/2021:10:19:42 -0300] "GET /cormun/servlet/permisogoce?06d1b034673865b2516256f49ecc68087ec6e2b7d571043be0538893a63fc6bf86e1b561763c8416811eb0927fd5a0680adae0df5eac3d370caa393ecfe92b6d,gx-no-cache=1615554599100 HTTP/1.1" 200 46
200.54.247.70 - - [12/Mar/2021:10:19:42 -0300] "POST /cormun/servlet/permisogoce?b3e9dc6538718f96c6e11ef97be6b423,INS,0,,,,gx-no-cache=1615554599190 HTTP/1.1" 200 4437
186.103.159.186 - - [12/Mar/2021:10:19:44 -0300] "GET /cormun/servlet/prbanco?,MD,,gxPopupLevel%3D0%3B HTTP/1.1" 200 6503
186.103.159.186 - - [12/Mar/2021:10:19:44 -0300] "GET /cormun/static/gxcfg.js?20201216131581 HTTP/1.1" 200 953
186.103.159.186 - - [12/Mar/2021:10:19:48 -0300] "GET /cormun/static/prbanco.js?20201216132311 HTTP/1.1" 200 10693
190.171.142.18 - - [12/Mar/2021:10:19:49 -0300] "POST /cormun/servlet/solicitudot?6d1a7ac7d7a151ce5437b164692d87c5,INS,0,0,false,,gx-no-cache=1615554557187 HTTP/1.1" 200 93
190.171.142.18 - - [12/Mar/2021:10:19:49 -0300] "GET /cormun/servlet/hpexe_return? HTTP/1.1" 200 1014
190.171.142.18 - - [12/Mar/2021:10:19:50 -0300] "GET /cormun/servlet/trsolicitudot HTTP/1.1" 200 8982
190.171.142.18 - - [12/Mar/2021:10:19:50 -0300] "GET /cormun/servlet/trsolicitudot HTTP/1.1" 200 8981
186.103.159.186 - - [12/Mar/2021:10:20:04 -0300] "POST /cormun/servlet/prbanco?15b9a84e9cbebdc789d87b6dfc7b9523,,MD,,gxPopupLevel%3D0%3B,gx-no-cache=1615553900440 HTTP/1.1" 200 2539
186.103.159.186 - - [12/Mar/2021:10:20:16 -0300] "POST /cormun/servlet/prbanco?15b9a84e9cbebdc789d87b6dfc7b9523,,MD,,gxPopupLevel%3D0%3B,gx-no-cache=1615553913070 HTTP/1.1" 200 2542
186.103.159.186 - - [12/Mar/2021:10:20:43 -0300] "GET /cormun/servlet/prbanco?,MD,,gxPopupLevel%3D0%3B HTTP/1.1" 200 6503
186.103.159.186 - - [12/Mar/2021:10:20:54 -0300] "GET /cormun/servlet/solicitudot?4e030ca7242e22c7f7c7d2364707d3157143d918eaf359bd4065a11a513115a3,gx-no-cache=1615553950555 HTTP/1.1" 200 53
186.103.159.186 - - [12/Mar/2021:10:21:09 -0300] "GET /cormun/servlet/prrenuncias?,MD,,gxPopupLevel%3D0%3B HTTP/1.1" 200 5916
186.103.159.186 - - [12/Mar/2021:10:21:10 -0300] "GET /cormun/static/gxcfg.js?201992416202991 HTTP/1.1" 200 953
186.103.159.186 - - [12/Mar/2021:10:21:11 -0300] "GET /cormun/static/prrenuncias.js?201992416203493 HTTP/1.1" 200 22278
186.103.159.186 - - [12/Mar/2021:10:21:12 -0300] "POST /cormun/servlet/acontrolpreferencessavestate?None,CD-35,true HTTP/1.1" 200 35
186.103.159.186 - - [12/Mar/2021:10:21:23 -0300] "POST /cormun/servlet/solicitudot?gx-no-cache=1615553980176 HTTP/1.1" 200 256
186.103.159.186 - - [12/Mar/2021:10:21:27 -0300] "GET /cormun/servlet/solicitudot?4e030ca7242e22c7f7c7d2364707d315721ee854313a646f19d41a920caa9c99df4f875521aac1ef6239e073102297c236c0277a10984ced8395d06f67997b2f8f2aed63d5709648f1b25c631b0b452f2bc7c46858934622c697ae29dc38870fd4ca32e6af698ba86ccc2ff722fcc5a2bf662a95c3fb37acf8b6e4c9dccdeb3eb88f67e194e9677170daace5cf608e223938284b7bd65865abf03ff38e852d99875271a87af683c6ce57ff3879ff5a113cf0589896c9a33771dd57626bb57ed68a3225850084ed626c476f927749e0dcf4bef12a73feb22f45d9f42e46a15637f10c2c6c8ea059b3b3c362672542dd673f5a69a726525a8a1cb81c62088d028683113e9397f095560fff4be61c5937cd3e7c4dcc8515f0ca6dc0fa9ccac7af5705e326ff7c100542e9a3c40b5e56ba3c575d18a4fe903f9c80e36b94ed19b34a103077a4d0a26b215f00cff112ec533216592e1ff535dd7bbe952c3847cb4ba9056296e3001912d986b7288e7dc1a0e80e22df9b699a3832c6224cf27e53dd8c,gx-no-cache=1615553983547 HTTP/1.1" 200 30
186.103.159.186 - - [12/Mar/2021:10:21:40 -0300] "POST /cormun/servlet/solicitudot?gx-no-cache=1615553996775 HTTP/1.1" 200 243
186.103.159.186 - - [12/Mar/2021:10:21:41 -0300] "GET /cormun/servlet/solicitudot?4e030ca7242e22c7f7c7d2364707d315721ee854313a646f19d41a920caa9c99c293728237fe17a6ef6dc0ea78db415636c0277a10984ced8395d06f67997b2f8f2aed63d5709648f1b25c631b0b452f2bc7c46858934622c697ae29dc38870fd4ca32e6af698ba86ccc2ff722fcc5a2bf662a95c3fb37acf8b6e4c9dccdeb3eb88f67e194e9677170daace5cf608e223938284b7bd65865abf03ff38e852d99875271a87af683c6ce57ff3879ff5a113cf0589896c9a33771dd57626bb57ed68a3225850084ed626c476f927749e0dcf4bef12a73feb22f45d9f42e46a15637f10c2c6c8ea059b3b3c362672542dd673f5a69a726525a8a1cb81c62088d028683113e9397f095560fff4be61c5937cd3e7c4dcc8515f0ca6dc0fa9ccac7af5705e326ff7c100542e9a3c40b5e56ba3c575d18a4fe903f9c80e36b94ed19b34a103077a4d0a26b215f00cff112ec533216592e1ff535dd7bbe952c3847cb4ba9056296e3001912d986b7288e7dc1a0e82342b36a2ec484ec6f7abf188908a73d,gx-no-cache=1615553998049 HTTP/1.1" 200 30
186.103.159.186 - - [12/Mar/2021:10:21:45 -0300] "POST /cormun/servlet/solicitudot?gx-no-cache=1615554002257 HTTP/1.1" 200 30
186.103.159.186 - - [12/Mar/2021:10:21:50 -0300] "GET /cormun/servlet/prfichaempleado?,MD,,gxPopupLevel%3D0%3B HTTP/1.1" 200 9244
186.103.159.186 - - [12/Mar/2021:10:21:57 -0300] "POST /cormun/servlet/prfichaempleado?15b9a84e9cbebdc789d87b6dfc7b9523,,MD,,gxPopupLevel%3D0%3B,gx-no-cache=1615554013558 HTTP/1.1" 200 5445
186.103.159.186 - - [12/Mar/2021:10:22:08 -0300] "GET /cormun/servlet/prfichaempleado?,MD,,gxPopupLevel%3D0%3B HTTP/1.1" 200 9244
186.103.159.186 - - [12/Mar/2021:10:22:25 -0300] "POST /cormun/servlet/prfichaempleado?15b9a84e9cbebdc789d87b6dfc7b9523,,MD,,gxPopupLevel%3D0%3B,gx-no-cache=1615554041878 HTTP/1.1" 200 3174
186.103.159.186 - - [12/Mar/2021:10:22:32 -0300] "POST /cormun/servlet/prfichaempleado?15b9a84e9cbebdc789d87b6dfc7b9523,,MD,,gxPopupLevel%3D0%3B,gx-no-cache=1615554048755 HTTP/1.1" 200 5445
186.103.159.186 - - [12/Mar/2021:10:22:39 -0300] "POST /cormun/servlet/solicitudot?gx-no-cache=1615554055870 HTTP/1.1" 200 1414
186.103.159.186 - - [12/Mar/2021:10:22:43 -0300] "POST /cormun/servlet/solicitudot?gx-no-cache=1615554060473 HTTP/1.1" 200 117
186.103.159.186 - - [12/Mar/2021:10:22:44 -0300] "GET /cormun/static/Shared/jqueryui/images/ui-bg_highlight-soft_100_c6c2c8_1x100.png HTTP/1.1" 404 1117
186.103.159.186 - - [12/Mar/2021:10:22:44 -0300] "GET /cormun/static/Shared/jqueryui/images/ui-icons_82798d_256x240.png HTTP/1.1" 404 1089
186.103.159.186 - - [12/Mar/2021:10:22:44 -0300] "GET /cormun/static/Shared/jqueryui/images/ui-icons_ebccce_256x240.png HTTP/1.1" 404 1089
186.103.159.186 - - [12/Mar/2021:10:22:44 -0300] "GET /cormun/static/Shared/jqueryui/images/ui-bg_flat_55_994d53_40x100.png HTTP/1.1" 404 1097
200.54.247.70 - - [12/Mar/2021:10:23:15 -0300] "GET /cormun/servlet/trlicencias? HTTP/1.1" 200 12432
200.54.247.70 - - [12/Mar/2021:10:23:16 -0300] "GET /cormun/servlet/trlicencias? HTTP/1.1" 200 12429
200.54.247.70 - - [12/Mar/2021:10:23:43 -0300] "GET /cormun/servlet/trpermisosgoce? HTTP/1.1" 200 7745
200.54.247.70 - - [12/Mar/2021:10:23:44 -0300] "GET /cormun/servlet/trpermisosgoce? HTTP/1.1" 200 7745
186.103.159.186 - - [12/Mar/2021:10:23:54 -0300] "GET /cormun/servlet/solicitudot?4e030ca7242e22c7f7c7d2364707d315a5a4724bf6faf8556d583f81f85c7651ca76563063b1baec8a7f6124f5d22445e22827d707de1d1dcb6ea5c4f061814832ffdcd72571197dc167512b39cf6c09876a60bf116b6fed8af19ed7e459ed97d5e4b4469becc0a02bb98a3ee4c45c00,gx-no-cache=1615554131188 HTTP/1.1" 200 110
186.103.159.186 - - [12/Mar/2021:10:23:54 -0300] "POST /cormun/servlet/solicitudot?gx-no-cache=1615554131230 HTTP/1.1" 200 72
186.103.159.186 - - [12/Mar/2021:10:24:07 -0300] "GET /cormun/servlet/solicitudot?4e030ca7242e22c7f7c7d2364707d315820f18369c88ef51bbd4db3b591cfe0056d4e1cb814b0a8a25c9aefd0263daad1c6d845ab75b6047804a9403063c9e739befa5bfe84f90e6603fc976765928e96ab8a729f8215193e17b9ad432d26c720b405c5baf574563608a70d1de50e6fc,gx-no-cache=1615554144192 HTTP/1.1" 200 29
186.103.159.186 - - [12/Mar/2021:10:24:09 -0300] "GET /cormun/static/menuarrow.gif HTTP/1.1" 404 1015
186.103.159.186 - - [12/Mar/2021:10:24:30 -0300] "GET /cormun/servlet/solicitudot?4e030ca7242e22c7f7c7d2364707d315721ee854313a646f19d41a920caa9c99c293728237fe17a6ef6dc0ea78db415636c0277a10984ced8395d06f67997b2f8f2aed63d5709648f1b25c631b0b452f2bc7c46858934622c697ae29dc38870fd4ca32e6af698ba86ccc2ff722fcc5a2bf662a95c3fb37acf8b6e4c9dccdeb3eb88f67e194e9677170daace5cf608e223938284b7bd65865abf03ff38e852d99875271a87af683c6ce57ff3879ff5a113cf0589896c9a33771dd57626bb57ed68a3225850084ed626c476f927749e0dcf4bef12a73feb22f45d9f42e46a15637f10c2c6c8ea059b3b3c362672542dd673f5a69a726525a8a1cb81c62088d028683113e9397f095560fff4be61c5937cd3e7c4dcc8515f0ca6dc0fa9ccac7af5705e326ff7c100542e9a3c40b5e56ba3c575d18a4fe903f9c80e36b94ed19b34a103077a4d0a26b215f00cff112ec533216592e1ff535dd7bbe952c3847cb4ba9056296e3001912d986b7288e7dc1a0e82342b36a2ec484ec6f7abf188908a73d,gx-no-cache=1615554166895 HTTP/1.1" 200 30
186.103.159.186 - - [12/Mar/2021:10:24:30 -0300] "POST /cormun/servlet/solicitudot?gx-no-cache=1615554166930 HTTP/1.1" 200 30
186.103.159.186 - - [12/Mar/2021:10:24:30 -0300] "POST /cormun/servlet/solicitudot?gx-no-cache=1615554166962 HTTP/1.1" 200 1414
186.103.159.186 - - [12/Mar/2021:10:24:30 -0300] "POST /cormun/servlet/solicitudot?gx-no-cache=1615554167041 HTTP/1.1" 200 117
186.103.159.186 - - [12/Mar/2021:10:24:30 -0300] "GET /cormun/servlet/solicitudot?4e030ca7242e22c7f7c7d2364707d315a5a4724bf6faf8556d583f81f85c7651ca76563063b1baec8a7f6124f5d22445e22827d707de1d1dcb6ea5c4f061814832ffdcd72571197dc167512b39cf6c09876a60bf116b6fed8af19ed7e459ed97d5e4b4469becc0a02bb98a3ee4c45c00,gx-no-cache=1615554167394 HTTP/1.1" 200 110
186.103.159.186 - - [12/Mar/2021:10:24:30 -0300] "POST /cormun/servlet/solicitudot?gx-no-cache=1615554167418 HTTP/1.1" 200 67
186.103.159.186 - - [12/Mar/2021:10:24:36 -0300] "GET /cormun/servlet/solicitudot?4e030ca7242e22c7f7c7d2364707d315ca06a7708ed559f39e5eb5527c7e9c4192ac3739f683927b0afe4df845a6bf13,gx-no-cache=1615554172578 HTTP/1.1" 200 30
186.103.159.186 - - [12/Mar/2021:10:24:36 -0300] "POST /cormun/servlet/solicitudot?gx-no-cache=1615554172602 HTTP/1.1" 200 30
200.54.247.70 - - [12/Mar/2021:10:24:37 -0300] "GET /cormun/servlet/trlicencias? HTTP/1.1" 200 12416
200.54.247.70 - - [12/Mar/2021:10:24:38 -0300] "GET /cormun/servlet/trlicencias? HTTP/1.1" 200 12420
200.54.247.70 - - [12/Mar/2021:10:25:00 -0300] "GET /cormun/servlet/trpermisosgoce? HTTP/1.1" 200 7745
200.54.247.70 - - [12/Mar/2021:10:25:00 -0300] "GET /cormun/servlet/trpermisosgoce? HTTP/1.1" 200 7745
200.54.247.70 - - [12/Mar/2021:10:25:04 -0300] "GET /cormun/servlet/permisogoce?INS,0,,, HTTP/1.1" 200 6821
200.54.247.70 - - [12/Mar/2021:10:25:05 -0300] "GET /cormun/servlet/permisogoce?INS,0,,, HTTP/1.1" 200 6820
200.54.247.70 - - [12/Mar/2021:10:25:09 -0300] "GET /cormun/servlet/prfichaempleado?,MD,,gxPopupLevel%3D0%3B HTTP/1.1" 200 9255
200.54.247.70 - - [12/Mar/2021:10:25:16 -0300] "POST /cormun/servlet/prfichaempleado?b3e9dc6538718f96c6e11ef97be6b423,,MD,,gxPopupLevel%3D0%3B,gx-no-cache=1615554933010 HTTP/1.1" 200 5826
200.54.247.70 - - [12/Mar/2021:10:25:25 -0300] "GET /cormun/servlet/permisogoce?06d1b034673865b2516256f49ecc6808a319ec998ff5426463d094f0355f4dff519cb8b03cb3ee556fc01a83caf5e195a2534168191092b06fc7d3688349d5a7,gx-no-cache=1615554942898 HTTP/1.1" 200 168
200.54.247.70 - - [12/Mar/2021:10:25:25 -0300] "GET /cormun/static/Shared/jqueryui/images/ui-bg_highlight-soft_100_c6c2c8_1x100.png HTTP/1.1" 404 1117
200.54.247.70 - - [12/Mar/2021:10:25:25 -0300] "GET /cormun/static/Shared/jqueryui/images/ui-icons_82798d_256x240.png HTTP/1.1" 404 1089
200.54.247.70 - - [12/Mar/2021:10:25:25 -0300] "GET /cormun/static/Shared/jqueryui/images/ui-bg_flat_55_994d53_40x100.png HTTP/1.1" 404 1097
200.54.247.70 - - [12/Mar/2021:10:25:25 -0300] "GET /cormun/static/Shared/jqueryui/images/ui-icons_ebccce_256x240.png HTTP/1.1" 404 1089
200.54.247.70 - - [12/Mar/2021:10:25:27 -0300] "GET /cormun/servlet/permisogoce?06d1b034673865b2516256f49ecc6808a319ec998ff5426463d094f0355f4dff519cb8b03cb3ee556fc01a83caf5e195a2534168191092b06fc7d3688349d5a7,gx-no-cache=1615554944121 HTTP/1.1" 200 168
200.54.247.70 - - [12/Mar/2021:10:25:33 -0300] "GET /cormun/servlet/prfichaempleado?,MD,,gxPopupLevel%3D0%3B HTTP/1.1" 200 9255
200.54.247.70 - - [12/Mar/2021:10:25:39 -0300] "POST /cormun/servlet/prfichaempleado?b3e9dc6538718f96c6e11ef97be6b423,,MD,,gxPopupLevel%3D0%3B,gx-no-cache=1615554956320 HTTP/1.1" 200 5826
200.54.247.70 - - [12/Mar/2021:10:25:45 -0300] "GET /cormun/servlet/permisogoce?06d1b034673865b2516256f49ecc6808a319ec998ff5426463d094f0355f4dff519cb8b03cb3ee556fc01a83caf5e195a2534168191092b06fc7d3688349d5a7,gx-no-cache=1615554962155 HTTP/1.1" 200 168
200.54.247.70 - - [12/Mar/2021:10:25:45 -0300] "GET /cormun/servlet/permisogoce?06d1b034673865b2516256f49ecc68087ec6e2b7d571043be0538893a63fc6bf1dd025d2a33c0395974a72a2876fa360,gx-no-cache=1615554962344 HTTP/1.1" 200 129
200.54.247.70 - - [12/Mar/2021:10:25:51 -0300] "GET /cormun/static/menuarrow.gif HTTP/1.1" 404 1015
200.54.247.70 - - [12/Mar/2021:10:25:55 -0300] "GET /cormun/servlet/permisogoce?06d1b034673865b2516256f49ecc68087ec6e2b7d571043be0538893a63fc6bf31a87f134fcc297efafa14fd9521ec011f53fab65921d29db04cb091c47f402e,gx-no-cache=1615554972900 HTTP/1.1" 200 46
