190.171.152.242 - - [11/Mar/2021:09:25:19 -0300] "GET /cormun/servlet/solicitudot?ea893133e0d27981bbec543347dd0fee76f6dd7e24bb55d10f331f59e3e14871464b869e6a6d5c38d144e833c753630680bf4256bc83e2603dd0b123655f2cf4df5ee751a8e8e37c11aa42c38723b2cb8a4241dfb62c4e6da6bae5930da251f2189c368a57a4bf7927f0aebcc617e37902c2c27c3e9e51483f7566234d890d3b6be9029ff041a78f955aee9690d96e23f8b3b9134481517e0ae7435727fc5ba2cd16555663778cfed450959d0b47b1a925841f62f30bd51dcbef55c7bc2a356ab2de08bbea414921e1c85876cb3e811497df774aea5dc126c3ffd1e8fc7ce4a67ff963e089d774dc93efdae969cd4d9769fa5f75f87e73ec33bca85d4c3bbee992c2edfcb5386009b1bc1f350bf585c41d7bced33c13c2af206154f6b6b9f74e384a863313746037a7a643481b8485d2e59dc691cd7a6654e481bf256300aae0891d1e42de6ab1a80997fd88afe164d64ed7307ff1c54da60591b4a298c89efd9293ea607ef31f3a80348d0e62d2e513e516b1a269dfec5b849864670c6dd17299eeef4272096e2190bae2edb21c339f,gx-no-cache=1615464935338 HTTP/1.1" 200 30
190.171.152.242 - - [11/Mar/2021:09:25:19 -0300] "POST /cormun/servlet/solicitudot?gx-no-cache=1615464935378 HTTP/1.1" 200 30
190.171.152.242 - - [11/Mar/2021:09:25:19 -0300] "POST /cormun/servlet/solicitudot?gx-no-cache=1615464935431 HTTP/1.1" 200 1415
190.171.152.242 - - [11/Mar/2021:09:25:19 -0300] "POST /cormun/servlet/solicitudot?gx-no-cache=1615464935529 HTTP/1.1" 200 40
190.171.152.242 - - [11/Mar/2021:09:25:19 -0300] "GET /cormun/servlet/solicitudot?ea893133e0d27981bbec543347dd0fee04539bbdb96d9d66874858ad50c737506a7f664d437c606fb4921f032ea75e19ef7d840054b0c674c0ef80123707a0be02a0c62c4dc881e50fc3bc91a2f6dc26d034c0fe4aaf399b9c74fcaf1a22a205c0b1b1842f574ee7e4f40749b9dd459d,gx-no-cache=1615464935568 HTTP/1.1" 200 110
190.171.152.242 - - [11/Mar/2021:09:25:19 -0300] "POST /cormun/servlet/solicitudot?gx-no-cache=1615464935609 HTTP/1.1" 200 79
190.171.152.242 - - [11/Mar/2021:09:25:19 -0300] "GET /cormun/servlet/solicitudot?ea893133e0d27981bbec543347dd0fee56e9c9727812ab8a6272d359a9d1f62388c4daf80d08e00d5265cbe96ded629e,gx-no-cache=1615464935653 HTTP/1.1" 200 30
190.171.152.242 - - [11/Mar/2021:09:25:19 -0300] "POST /cormun/servlet/solicitudot?gx-no-cache=1615464935704 HTTP/1.1" 200 34
190.171.152.242 - - [11/Mar/2021:09:25:20 -0300] "POST /cormun/servlet/solicitudot?fe843bf8412b4b5974787c209f70d8f8,INS,0,0,false,,gx-no-cache=1615464935752 HTTP/1.1" 200 93
190.171.152.242 - - [11/Mar/2021:09:25:20 -0300] "GET /cormun/servlet/hpexe_return? HTTP/1.1" 200 1013
190.171.152.242 - - [11/Mar/2021:09:25:20 -0300] "GET /cormun/servlet/trsolicitudot HTTP/1.1" 200 8637
190.171.152.242 - - [11/Mar/2021:09:25:20 -0300] "GET /cormun/servlet/trsolicitudot HTTP/1.1" 200 8634
190.171.152.242 - - [11/Mar/2021:09:25:28 -0300] "POST /cormun/servlet/trsolicitudot?fe843bf8412b4b5974787c209f70d8f8,gx-no-cache=1615464944256 HTTP/1.1" 200 107
190.171.152.242 - - [11/Mar/2021:09:25:28 -0300] "GET /cormun/servlet/trsolicitudadjuntos?2021,16696, HTTP/1.1" 200 6105
190.171.152.242 - - [11/Mar/2021:09:25:28 -0300] "GET /cormun/servlet/trsolicitudadjuntos?2021,16696, HTTP/1.1" 200 6105
190.171.152.242 - - [11/Mar/2021:09:25:31 -0300] "GET /cormun/servlet/solicitudotadjuntos?INS,2021,16696,,1, HTTP/1.1" 200 6052
190.171.152.242 - - [11/Mar/2021:09:25:31 -0300] "GET /cormun/static/about:blank HTTP/1.1" 404 1011
190.171.152.242 - - [11/Mar/2021:09:25:31 -0300] "GET /cormun/servlet/solicitudotadjuntos?INS,2021,16696,,1, HTTP/1.1" 200 6045
190.171.152.242 - - [11/Mar/2021:09:25:31 -0300] "GET /cormun/servlet/solicitudotadjuntos?ea893133e0d27981bbec543347dd0fee14cd921fe1b1287b050a54566a04d45f88431ae348483297a155a41a6c035a15,gx-no-cache=1615464948022 HTTP/1.1" 200 30
190.171.152.242 - - [11/Mar/2021:09:25:31 -0300] "POST /cormun/servlet/solicitudotadjuntos?fe843bf8412b4b5974787c209f70d8f8,INS,2021,16696,,1,,gx-no-cache=1615464948118 HTTP/1.1" 200 3881
190.171.152.242 - - [11/Mar/2021:09:25:34 -0300] "POST /cormun/servlet/solicitudotadjuntos?gx-no-cache=1615464950670 HTTP/1.1" 200 26
190.171.149.90 - - [11/Mar/2021:09:30:12 -0300] "GET /cormun/servlet/trsolicitudot? HTTP/1.1" 200 6319
190.171.149.90 - - [11/Mar/2021:09:30:12 -0300] "GET /cormun/servlet/hlogin HTTP/1.1" 200 1743
190.171.149.90 - - [11/Mar/2021:09:30:12 -0300] "GET /cormun/servlet/trsolicitudot? HTTP/1.1" 200 6316
190.171.149.90 - - [11/Mar/2021:09:30:29 -0300] "POST /cormun/servlet/hlogin?8709c2dc0f5358058d4b77aa5aa2c733,gx-no-cache=1615465240555 HTTP/1.1" 200 90
190.171.149.90 - - [11/Mar/2021:09:30:29 -0300] "GET /cormun/servlet/hpexe_link HTTP/1.1" 200 957
190.171.149.90 - - [11/Mar/2021:09:30:29 -0300] "GET /cormun/servlet/trsolicitudot HTTP/1.1" 200 6991
190.171.149.90 - - [11/Mar/2021:09:30:30 -0300] "GET /cormun/servlet/trsolicitudot HTTP/1.1" 200 6989
190.171.149.90 - - [11/Mar/2021:09:30:34 -0300] "GET /cormun/servlet/solicitudot?INS,0,0,false, HTTP/1.1" 200 15460
190.171.149.90 - - [11/Mar/2021:09:30:35 -0300] "GET /cormun/servlet/solicitudot?INS,0,0,false, HTTP/1.1" 200 15467
190.171.149.90 - - [11/Mar/2021:09:30:47 -0300] "POST /cormun/servlet/solicitudot?gx-no-cache=1615465258319 HTTP/1.1" 200 3685
190.171.149.90 - - [11/Mar/2021:09:30:47 -0300] "POST /cormun/servlet/solicitudot?8709c2dc0f5358058d4b77aa5aa2c733,INS,0,0,false,,gx-no-cache=1615465258520 HTTP/1.1" 200 12104
190.171.149.90 - - [11/Mar/2021:09:30:53 -0300] "GET /cormun/servlet/solicitudot?ddece11267885f3abff2d1d0563c211a5a59b4fddc44987596783ae1cadfac970ea945aee4c1c2d980f099be307cfeeb,gx-no-cache=1615465264262 HTTP/1.1" 200 30
190.171.152.242 - - [11/Mar/2021:09:31:13 -0300] "GET /cormun/servlet/solicitudotadjuntos?ea893133e0d27981bbec543347dd0feed9634d8b6f320bb424823f7488a8edb8,gx-no-cache=1615465289761 HTTP/1.1" 200 30
190.171.152.242 - - [11/Mar/2021:09:31:13 -0300] "GET /cormun/servlet/solicitudotadjuntos?ea893133e0d27981bbec543347dd0feed9634d8b6f320bb424823f7488a8edb8,gx-no-cache=1615465289789 HTTP/1.1" 200 30
190.171.152.242 - - [11/Mar/2021:09:31:13 -0300] "POST /cormun/servlet/solicitudotadjuntos?fe843bf8412b4b5974787c209f70d8f8,INS,2021,16696,,1,,gx-no-cache=1615465289809 HTTP/1.1" 200 93
190.171.152.242 - - [11/Mar/2021:09:31:13 -0300] "GET /cormun/servlet/hpexe_return? HTTP/1.1" 200 1030
190.171.152.242 - - [11/Mar/2021:09:31:14 -0300] "GET /cormun/servlet/trsolicitudadjuntos?2021,16696, HTTP/1.1" 200 8740
190.171.152.242 - - [11/Mar/2021:09:31:14 -0300] "GET /cormun/servlet/trsolicitudadjuntos?2021,16696, HTTP/1.1" 200 8736
190.171.152.242 - - [11/Mar/2021:09:31:16 -0300] "GET /cormun/servlet/solicitudotadjuntos?INS,2021,16696,,1, HTTP/1.1" 200 6052
190.171.152.242 - - [11/Mar/2021:09:31:16 -0300] "GET /cormun/static/about:blank HTTP/1.1" 404 1011
190.171.152.242 - - [11/Mar/2021:09:31:16 -0300] "GET /cormun/servlet/solicitudotadjuntos?INS,2021,16696,,1, HTTP/1.1" 200 6045
190.171.152.242 - - [11/Mar/2021:09:31:17 -0300] "GET /cormun/servlet/solicitudotadjuntos?ea893133e0d27981bbec543347dd0fee14cd921fe1b1287b050a54566a04d45f88431ae348483297a155a41a6c035a15,gx-no-cache=1615465293341 HTTP/1.1" 200 30
190.171.152.242 - - [11/Mar/2021:09:31:17 -0300] "POST /cormun/servlet/solicitudotadjuntos?fe843bf8412b4b5974787c209f70d8f8,INS,2021,16696,,1,,gx-no-cache=1615465293363 HTTP/1.1" 200 3881
190.171.152.242 - - [11/Mar/2021:09:31:19 -0300] "POST /cormun/servlet/solicitudotadjuntos?gx-no-cache=1615465296119 HTTP/1.1" 200 26
190.171.152.242 - - [11/Mar/2021:09:31:35 -0300] "GET /cormun/servlet/solicitudotadjuntos?ea893133e0d27981bbec543347dd0feed9634d8b6f320bb424823f7488a8edb8,gx-no-cache=1615465311630 HTTP/1.1" 200 30
190.171.152.242 - - [11/Mar/2021:09:31:35 -0300] "GET /cormun/servlet/solicitudotadjuntos?ea893133e0d27981bbec543347dd0feed9634d8b6f320bb424823f7488a8edb8,gx-no-cache=1615465311659 HTTP/1.1" 200 30
190.171.152.242 - - [11/Mar/2021:09:31:35 -0300] "POST /cormun/servlet/solicitudotadjuntos?fe843bf8412b4b5974787c209f70d8f8,INS,2021,16696,,1, HTTP/1.1" 200 116
190.171.152.242 - - [11/Mar/2021:09:31:35 -0300] "GET /cormun/servlet/hpexe_return? HTTP/1.1" 200 1030
190.171.152.242 - - [11/Mar/2021:09:31:35 -0300] "GET /cormun/servlet/trsolicitudadjuntos?2021,16696, HTTP/1.1" 200 9101
190.171.152.242 - - [11/Mar/2021:09:31:36 -0300] "GET /cormun/servlet/trsolicitudadjuntos?2021,16696, HTTP/1.1" 200 9099
190.171.152.242 - - [11/Mar/2021:09:31:38 -0300] "GET /cormun/servlet/solicitudotadjuntos?INS,2021,16696,,1, HTTP/1.1" 200 6052
190.171.152.242 - - [11/Mar/2021:09:31:38 -0300] "GET /cormun/static/about:blank HTTP/1.1" 404 1011
190.171.152.242 - - [11/Mar/2021:09:31:38 -0300] "GET /cormun/servlet/solicitudotadjuntos?INS,2021,16696,,1, HTTP/1.1" 200 6045
190.171.152.242 - - [11/Mar/2021:09:31:39 -0300] "GET /cormun/servlet/solicitudotadjuntos?ea893133e0d27981bbec543347dd0fee14cd921fe1b1287b050a54566a04d45f88431ae348483297a155a41a6c035a15,gx-no-cache=1615465315583 HTTP/1.1" 200 30
190.171.152.242 - - [11/Mar/2021:09:31:39 -0300] "POST /cormun/servlet/solicitudotadjuntos?fe843bf8412b4b5974787c209f70d8f8,INS,2021,16696,,1,,gx-no-cache=1615465315608 HTTP/1.1" 200 3881
190.171.152.242 - - [11/Mar/2021:09:31:42 -0300] "POST /cormun/servlet/solicitudotadjuntos?gx-no-cache=1615465318337 HTTP/1.1" 200 26
190.171.152.242 - - [11/Mar/2021:09:31:50 -0300] "GET /cormun/servlet/solicitudotadjuntos?ea893133e0d27981bbec543347dd0feed9634d8b6f320bb424823f7488a8edb8,gx-no-cache=1615465326717 HTTP/1.1" 200 30
190.171.152.242 - - [11/Mar/2021:09:31:50 -0300] "GET /cormun/servlet/solicitudotadjuntos?ea893133e0d27981bbec543347dd0feed9634d8b6f320bb424823f7488a8edb8,gx-no-cache=1615465326735 HTTP/1.1" 200 30
190.171.152.242 - - [11/Mar/2021:09:31:50 -0300] "POST /cormun/servlet/solicitudotadjuntos?fe843bf8412b4b5974787c209f70d8f8,INS,2021,16696,,1, HTTP/1.1" 200 116
190.171.152.242 - - [11/Mar/2021:09:31:50 -0300] "GET /cormun/servlet/hpexe_return? HTTP/1.1" 200 1030
190.171.152.242 - - [11/Mar/2021:09:31:50 -0300] "GET /cormun/servlet/trsolicitudadjuntos?2021,16696, HTTP/1.1" 200 9261
190.171.152.242 - - [11/Mar/2021:09:31:51 -0300] "GET /cormun/servlet/trsolicitudadjuntos?2021,16696, HTTP/1.1" 200 9262
190.171.152.242 - - [11/Mar/2021:09:31:53 -0300] "GET /cormun/servlet/solicitudotadjuntos?INS,2021,16696,,1, HTTP/1.1" 200 6052
190.171.152.242 - - [11/Mar/2021:09:31:53 -0300] "GET /cormun/static/about:blank HTTP/1.1" 404 1011
190.171.152.242 - - [11/Mar/2021:09:31:53 -0300] "GET /cormun/servlet/solicitudotadjuntos?INS,2021,16696,,1, HTTP/1.1" 200 6045
190.171.152.242 - - [11/Mar/2021:09:31:54 -0300] "GET /cormun/servlet/solicitudotadjuntos?ea893133e0d27981bbec543347dd0fee14cd921fe1b1287b050a54566a04d45f88431ae348483297a155a41a6c035a15,gx-no-cache=1615465330306 HTTP/1.1" 200 30
190.171.152.242 - - [11/Mar/2021:09:31:54 -0300] "POST /cormun/servlet/solicitudotadjuntos?fe843bf8412b4b5974787c209f70d8f8,INS,2021,16696,,1,,gx-no-cache=1615465330327 HTTP/1.1" 200 3881
190.171.152.242 - - [11/Mar/2021:09:31:57 -0300] "POST /cormun/servlet/solicitudotadjuntos?gx-no-cache=1615465333494 HTTP/1.1" 200 26
190.171.152.242 - - [11/Mar/2021:09:32:03 -0300] "GET /cormun/servlet/solicitudotadjuntos?ea893133e0d27981bbec543347dd0feed9634d8b6f320bb424823f7488a8edb8,gx-no-cache=1615465339990 HTTP/1.1" 200 30
190.171.152.242 - - [11/Mar/2021:09:32:03 -0300] "GET /cormun/servlet/solicitudotadjuntos?ea893133e0d27981bbec543347dd0feed9634d8b6f320bb424823f7488a8edb8,gx-no-cache=1615465340039 HTTP/1.1" 200 30
190.171.152.242 - - [11/Mar/2021:09:32:04 -0300] "POST /cormun/servlet/solicitudotadjuntos?fe843bf8412b4b5974787c209f70d8f8,INS,2021,16696,,1, HTTP/1.1" 200 116
190.171.152.242 - - [11/Mar/2021:09:32:04 -0300] "GET /cormun/servlet/hpexe_return? HTTP/1.1" 200 1030
190.171.152.242 - - [11/Mar/2021:09:32:04 -0300] "GET /cormun/servlet/trsolicitudadjuntos?2021,16696, HTTP/1.1" 200 9519
190.171.152.242 - - [11/Mar/2021:09:32:04 -0300] "GET /cormun/servlet/trsolicitudadjuntos?2021,16696, HTTP/1.1" 200 9516
190.171.152.242 - - [11/Mar/2021:09:32:06 -0300] "GET /cormun/servlet/solicitudotadjuntos?INS,2021,16696,,1, HTTP/1.1" 200 6053
190.171.152.242 - - [11/Mar/2021:09:32:06 -0300] "GET /cormun/static/about:blank HTTP/1.1" 404 1011
190.171.152.242 - - [11/Mar/2021:09:32:06 -0300] "GET /cormun/servlet/solicitudotadjuntos?INS,2021,16696,,1, HTTP/1.1" 200 6046
190.171.152.242 - - [11/Mar/2021:09:32:07 -0300] "GET /cormun/servlet/solicitudotadjuntos?ea893133e0d27981bbec543347dd0fee14cd921fe1b1287b050a54566a04d45f88431ae348483297a155a41a6c035a15,gx-no-cache=1615465343637 HTTP/1.1" 200 30
190.171.152.242 - - [11/Mar/2021:09:32:07 -0300] "POST /cormun/servlet/solicitudotadjuntos?fe843bf8412b4b5974787c209f70d8f8,INS,2021,16696,,1,,gx-no-cache=1615465343660 HTTP/1.1" 200 3881
190.171.149.90 - - [11/Mar/2021:09:32:08 -0300] "GET /cormun/servlet/solicitudot?ddece11267885f3abff2d1d0563c211a595488c1525be36115a04d23716faec1626d966cbbf8b3d639384889bff47184c1978c4d517de4bc798143ea32f98c4e,gx-no-cache=1615465339955 HTTP/1.1" 200 30
190.171.152.242 - - [11/Mar/2021:09:32:10 -0300] "POST /cormun/servlet/solicitudotadjuntos?gx-no-cache=1615465347031 HTTP/1.1" 200 26
190.171.149.90 - - [11/Mar/2021:09:32:11 -0300] "GET /cormun/servlet/prbanco?,MD,,gxPopupLevel%3D0%3B HTTP/1.1" 200 6505
190.171.149.90 - - [11/Mar/2021:09:32:11 -0300] "GET /cormun/static/gxcfg.js?20201216131581 HTTP/1.1" 200 953
190.171.149.90 - - [11/Mar/2021:09:32:11 -0300] "GET /cormun/static/prbanco.js?20201216132311 HTTP/1.1" 200 10693
190.171.149.90 - - [11/Mar/2021:09:32:24 -0300] "GET /cormun/servlet/solicitudot?ddece11267885f3abff2d1d0563c211aa71e633b8bc25b4db4329b7021703aa8,gx-no-cache=1615465356033 HTTP/1.1" 200 53
190.171.152.242 - - [11/Mar/2021:09:32:27 -0300] "GET /cormun/servlet/solicitudotadjuntos?ea893133e0d27981bbec543347dd0feed9634d8b6f320bb424823f7488a8edb8,gx-no-cache=1615465364006 HTTP/1.1" 200 30
190.171.152.242 - - [11/Mar/2021:09:32:27 -0300] "GET /cormun/servlet/solicitudotadjuntos?ea893133e0d27981bbec543347dd0feed9634d8b6f320bb424823f7488a8edb8,gx-no-cache=1615465364023 HTTP/1.1" 200 30
190.171.152.242 - - [11/Mar/2021:09:32:27 -0300] "POST /cormun/servlet/solicitudotadjuntos?fe843bf8412b4b5974787c209f70d8f8,INS,2021,16696,,1, HTTP/1.1" 200 116
190.171.152.242 - - [11/Mar/2021:09:32:27 -0300] "GET /cormun/servlet/hpexe_return? HTTP/1.1" 200 1030
190.171.152.242 - - [11/Mar/2021:09:32:28 -0300] "GET /cormun/servlet/trsolicitudadjuntos?2021,16696, HTTP/1.1" 200 9844
190.171.152.242 - - [11/Mar/2021:09:32:28 -0300] "GET /cormun/servlet/trsolicitudadjuntos?2021,16696, HTTP/1.1" 200 9845
190.171.152.242 - - [11/Mar/2021:09:32:31 -0300] "GET /cormun/servlet/solicitudotadjuntos?INS,2021,16696,,1, HTTP/1.1" 200 6053
190.171.152.242 - - [11/Mar/2021:09:32:32 -0300] "GET /cormun/static/about:blank HTTP/1.1" 404 1011
190.171.152.242 - - [11/Mar/2021:09:32:32 -0300] "GET /cormun/servlet/solicitudotadjuntos?INS,2021,16696,,1, HTTP/1.1" 200 6046
190.171.152.242 - - [11/Mar/2021:09:32:32 -0300] "GET /cormun/servlet/solicitudotadjuntos?ea893133e0d27981bbec543347dd0fee14cd921fe1b1287b050a54566a04d45f88431ae348483297a155a41a6c035a15,gx-no-cache=1615465368886 HTTP/1.1" 200 30
190.171.152.242 - - [11/Mar/2021:09:32:32 -0300] "POST /cormun/servlet/solicitudotadjuntos?fe843bf8412b4b5974787c209f70d8f8,INS,2021,16696,,1,,gx-no-cache=1615465368909 HTTP/1.1" 200 3881
190.171.152.242 - - [11/Mar/2021:09:32:35 -0300] "POST /cormun/servlet/solicitudotadjuntos?gx-no-cache=1615465371825 HTTP/1.1" 200 26
190.171.152.242 - - [11/Mar/2021:09:32:52 -0300] "GET /cormun/servlet/solicitudotadjuntos?ea893133e0d27981bbec543347dd0feed9634d8b6f320bb424823f7488a8edb8,gx-no-cache=1615465389030 HTTP/1.1" 200 30
190.171.152.242 - - [11/Mar/2021:09:32:52 -0300] "GET /cormun/servlet/solicitudotadjuntos?ea893133e0d27981bbec543347dd0feed9634d8b6f320bb424823f7488a8edb8,gx-no-cache=1615465389047 HTTP/1.1" 200 30
190.171.152.242 - - [11/Mar/2021:09:32:52 -0300] "POST /cormun/servlet/solicitudotadjuntos?fe843bf8412b4b5974787c209f70d8f8,INS,2021,16696,,1, HTTP/1.1" 200 116
190.171.152.242 - - [11/Mar/2021:09:32:53 -0300] "GET /cormun/servlet/hpexe_return? HTTP/1.1" 200 1030
190.171.152.242 - - [11/Mar/2021:09:32:53 -0300] "GET /cormun/servlet/trsolicitudadjuntos?2021,16696, HTTP/1.1" 200 10006
190.171.152.242 - - [11/Mar/2021:09:32:53 -0300] "GET /cormun/servlet/trsolicitudadjuntos?2021,16696, HTTP/1.1" 200 10002
190.171.149.90 - - [11/Mar/2021:09:32:56 -0300] "POST /cormun/servlet/solicitudot?gx-no-cache=1615465387831 HTTP/1.1" 200 255
190.171.149.90 - - [11/Mar/2021:09:32:59 -0300] "GET /cormun/servlet/solicitudot?ddece11267885f3abff2d1d0563c211a8880b8cbdd7fa435248cdcfb331adf8e17603293393bca52d8c3e3448041e2adc4bc7272e1239dcec85bca6d4e71a1e32502dc7b72eed2235c52396f80f0f1ac8b7d3dc67d05f65be69f456e124003efdf941e027569863634ba91dd0ee9dca160b6b5640d97b2ccbb29d524c4860e761ed7358b4153419f843a7795ae8fab02ff509fc192907aad2e4f801624d2adb44ec2ba674efc14ac98e937da50853b17428765071e9b8344ea526085dd110fa1e893cdabfab93333c9a69d2e720ab066abbff631958010d645bd1d83dff0b513e4fb04859b5a3b8a7b4c7899ab137f028f2977a052c427dd955834e933e53c40b13f0f26cf618821096ab068e2113ac7b6491c5b8d18174b982c76a8ed724f3ea797ebcc51886de07e2d2b9c64f11dfad19a4d676594ddcb7e875e97e1e397929e5cb26ab9d97f1b73dc4009cb75bf8107d2fb14c6b903f8878ec7914e099ad9678f13bfe7c14cdcfcafc250847001d9d32b4d1ed485024ded3f8c771c73a365,gx-no-cache=1615465390594 HTTP/1.1" 200 30
190.171.152.242 - - [11/Mar/2021:09:33:01 -0300] "GET /cormun/servlet/trsolicitudot? HTTP/1.1" 200 8640
190.171.152.242 - - [11/Mar/2021:09:33:02 -0300] "GET /cormun/servlet/trsolicitudot? HTTP/1.1" 200 8634
190.171.149.90 - - [11/Mar/2021:09:33:05 -0300] "POST /cormun/servlet/solicitudot?gx-no-cache=1615465396267 HTTP/1.1" 200 30
190.171.149.90 - - [11/Mar/2021:09:33:05 -0300] "POST /cormun/servlet/solicitudot?gx-no-cache=1615465396296 HTTP/1.1" 200 1410
190.171.149.90 - - [11/Mar/2021:09:33:05 -0300] "POST /cormun/servlet/solicitudot?gx-no-cache=1615465396329 HTTP/1.1" 200 38
190.171.152.242 - - [11/Mar/2021:09:33:08 -0300] "POST /cormun/servlet/trsolicitudot?fe843bf8412b4b5974787c209f70d8f8,,gx-no-cache=1615465404275 HTTP/1.1" 200 4601
190.171.152.242 - - [11/Mar/2021:09:33:08 -0300] "GET /cormun/static/Shared/jqueryui/images/ui-bg_highlight-soft_100_c6c2c8_1x100.png HTTP/1.1" 404 1117
190.171.152.242 - - [11/Mar/2021:09:33:08 -0300] "GET /cormun/static/Shared/jqueryui/images/ui-bg_flat_55_fafafa_40x100.png HTTP/1.1" 404 1097
190.171.152.242 - - [11/Mar/2021:09:33:08 -0300] "GET /cormun/static/Shared/jqueryui/images/ui-icons_8d78a5_256x240.png HTTP/1.1" 404 1089
190.171.152.242 - - [11/Mar/2021:09:33:08 -0300] "GET /cormun/static/Shared/jqueryui/images/ui-icons_82798d_256x240.png HTTP/1.1" 404 1089
190.171.152.242 - - [11/Mar/2021:09:33:08 -0300] "POST /cormun/servlet/trsolicitudot?fe843bf8412b4b5974787c209f70d8f8,,gx-no-cache=1615465404479 HTTP/1.1" 200 4357
190.171.152.242 - - [11/Mar/2021:09:33:20 -0300] "GET /cormun/servlet/hlogin HTTP/1.1" 200 1744
190.171.152.242 - - [11/Mar/2021:09:33:23 -0300] "POST /cormun/servlet/hlogin?fe843bf8412b4b5974787c209f70d8f8,gx-no-cache=1615465420079 HTTP/1.1" 200 90
190.171.152.242 - - [11/Mar/2021:09:33:23 -0300] "GET /cormun/servlet/hpexe_link HTTP/1.1" 200 955
190.171.152.242 - - [11/Mar/2021:09:33:24 -0300] "GET /cormun/servlet/hhome HTTP/1.1" 200 4219
190.171.152.242 - - [11/Mar/2021:09:33:24 -0300] "GET /cormun/servlet/hhome HTTP/1.1" 200 4218
190.171.152.242 - - [11/Mar/2021:09:33:29 -0300] "GET /cormun/servlet/trautorizarsolicitud? HTTP/1.1" 200 8742
190.171.152.242 - - [11/Mar/2021:09:33:29 -0300] "GET /cormun/servlet/trautorizarsolicitud? HTTP/1.1" 200 8740
190.171.152.242 - - [11/Mar/2021:09:33:40 -0300] "POST /cormun/servlet/trautorizarsolicitud?fe843bf8412b4b5974787c209f70d8f8,,gx-no-cache=1615465436514 HTTP/1.1" 200 4782
190.171.152.242 - - [11/Mar/2021:09:33:40 -0300] "GET /cormun/static/Shared/jqueryui/images/ui-bg_highlight-soft_100_c6c2c8_1x100.png HTTP/1.1" 404 1117
190.171.152.242 - - [11/Mar/2021:09:33:40 -0300] "GET /cormun/static/Shared/jqueryui/images/ui-icons_82798d_256x240.png HTTP/1.1" 404 1089
190.171.152.242 - - [11/Mar/2021:09:33:40 -0300] "GET /cormun/static/Shared/jqueryui/images/ui-bg_flat_55_fafafa_40x100.png HTTP/1.1" 404 1097
190.171.152.242 - - [11/Mar/2021:09:33:40 -0300] "GET /cormun/static/Shared/jqueryui/images/ui-icons_8d78a5_256x240.png HTTP/1.1" 404 1089
190.171.152.242 - - [11/Mar/2021:09:33:40 -0300] "POST /cormun/servlet/trautorizarsolicitud?fe843bf8412b4b5974787c209f70d8f8,,gx-no-cache=1615465436713 HTTP/1.1" 200 4536
190.171.149.90 - - [11/Mar/2021:09:34:02 -0300] "POST /cormun/servlet/solicitudot?gx-no-cache=1615465453623 HTTP/1.1" 200 1410
190.171.149.90 - - [11/Mar/2021:09:34:02 -0300] "POST /cormun/servlet/solicitudot?gx-no-cache=1615465453690 HTTP/1.1" 200 38
190.171.149.90 - - [11/Mar/2021:09:34:02 -0300] "GET /cormun/servlet/solicitudot?ddece11267885f3abff2d1d0563c211a1ea0889f9ffa595eb8ead49f315a423aaa3a62d460bd3761dffb5b5a783b9cdf6dda2bf1d63e63424a0b32f2713c218f053ac3ce69a2dfbea53c8fe6ecbc46856f1a632cad2293ea1071cf00f16caf663a3d473d1d4b9ca6e150362ffde65a35,gx-no-cache=1615465453728 HTTP/1.1" 200 110
190.171.152.242 - - [11/Mar/2021:09:34:08 -0300] "POST /cormun/servlet/trautorizarsolicitud?fe843bf8412b4b5974787c209f70d8f8,,gx-no-cache=1615465464575 HTTP/1.1" 200 110
190.171.152.242 - - [11/Mar/2021:09:34:08 -0300] "GET /cormun/AutorizarSolicitud-5259.xls HTTP/1.1" 200 4608
190.171.152.242 - - [11/Mar/2021:09:34:12 -0300] "GET /cormun/servlet/hlogin HTTP/1.1" 200 1749
190.171.152.242 - - [11/Mar/2021:09:34:15 -0300] "POST /cormun/servlet/hlogin?fe843bf8412b4b5974787c209f70d8f8,gx-no-cache=1615465471959 HTTP/1.1" 200 90
190.171.152.242 - - [11/Mar/2021:09:34:16 -0300] "GET /cormun/servlet/hpexe_link HTTP/1.1" 200 955
190.171.153.26 - - [11/Mar/2021:09:34:16 -0300] "GET /cormun/servlet/hlogin HTTP/1.1" 200 1728
190.171.152.242 - - [11/Mar/2021:09:34:16 -0300] "GET /cormun/servlet/hhome HTTP/1.1" 200 3996
190.171.153.26 - - [11/Mar/2021:09:34:16 -0300] "GET /cormun/servlet/hlogin HTTP/1.1" 200 1737
190.171.152.242 - - [11/Mar/2021:09:34:16 -0300] "GET /cormun/servlet/hhome HTTP/1.1" 200 3992
190.171.152.242 - - [11/Mar/2021:09:34:19 -0300] "GET /cormun/servlet/trsolicitudot? HTTP/1.1" 200 7223
190.171.152.242 - - [11/Mar/2021:09:34:19 -0300] "GET /cormun/servlet/trsolicitudot? HTTP/1.1" 200 7222
190.171.152.242 - - [11/Mar/2021:09:34:22 -0300] "GET /cormun/servlet/solicitudot?INS,0,0,false, HTTP/1.1" 200 15494
190.171.152.242 - - [11/Mar/2021:09:34:23 -0300] "GET /cormun/servlet/solicitudot?INS,0,0,false, HTTP/1.1" 200 15502
190.171.153.26 - - [11/Mar/2021:09:34:23 -0300] "POST /cormun/servlet/hlogin?1d6269a9ddbee1c27af5e8425c0160b1,gx-no-cache=1615465475444 HTTP/1.1" 200 90
190.171.153.26 - - [11/Mar/2021:09:34:23 -0300] "GET /cormun/servlet/hpexe_link HTTP/1.1" 200 953
190.171.153.26 - - [11/Mar/2021:09:34:23 -0300] "GET /cormun/servlet/hhome HTTP/1.1" 200 4247
190.171.153.26 - - [11/Mar/2021:09:34:24 -0300] "GET /cormun/servlet/hhome HTTP/1.1" 200 4245
190.171.142.10 - - [11/Mar/2021:09:34:24 -0300] "GET /cormun/servlet/hlogin HTTP/1.1" 200 1726
190.171.149.90 - - [11/Mar/2021:09:34:25 -0300] "POST /cormun/servlet/solicitudot?gx-no-cache=1615465476645 HTTP/1.1" 200 59
190.171.142.10 - - [11/Mar/2021:09:34:30 -0300] "GET /cormun/servlet/hlogin HTTP/1.1" 200 1736
190.171.153.26 - - [11/Mar/2021:09:34:30 -0300] "GET /cormun/servlet/trcargahoraria? HTTP/1.1" 200 8499
190.171.153.26 - - [11/Mar/2021:09:34:32 -0300] "GET /cormun/servlet/trcargahoraria? HTTP/1.1" 200 8497
190.171.153.26 - - [11/Mar/2021:09:34:47 -0300] "POST /cormun/servlet/trcargahoraria?1d6269a9ddbee1c27af5e8425c0160b1,,gx-no-cache=1615465499583 HTTP/1.1" 200 6036
190.171.153.26 - - [11/Mar/2021:09:34:47 -0300] "GET /cormun/servlet/pucargahoraria?E-34,2021,15691727,2,1,MD,gxPopupLevel%3D0%3B HTTP/1.1" 200 6904
190.171.142.10 - - [11/Mar/2021:09:34:49 -0300] "POST /cormun/servlet/hlogin?a63fa04a53d008e922a0d38141b59da3,gx-no-cache=1615465504315 HTTP/1.1" 200 444
190.171.152.242 - - [11/Mar/2021:09:34:53 -0300] "POST /cormun/servlet/solicitudot?gx-no-cache=1615465509438 HTTP/1.1" 200 3691
190.171.152.242 - - [11/Mar/2021:09:34:53 -0300] "POST /cormun/servlet/solicitudot?fe843bf8412b4b5974787c209f70d8f8,INS,0,0,false,,gx-no-cache=1615465509609 HTTP/1.1" 200 12109
190.171.152.242 - - [11/Mar/2021:09:34:56 -0300] "GET /cormun/servlet/solicitudot?ea893133e0d27981bbec543347dd0fee035a3d0c61bed2f1ac8e30ff9849eef872427738cb1703a8f85748375d85755d,gx-no-cache=1615465512887 HTTP/1.1" 200 30
190.171.152.242 - - [11/Mar/2021:09:35:31 -0300] "GET /cormun/servlet/prbanco?,MD,,gxPopupLevel%3D0%3B HTTP/1.1" 200 6557
190.171.152.242 - - [11/Mar/2021:09:35:34 -0300] "GET /cormun/servlet/solicitudot?ea893133e0d27981bbec543347dd0feec62a05187b111aa4777f9ae57c3c4c2eae695a979b892cac9b75ad1101920bf476a714987bc62fc97459c4d58f12b62472427738cb1703a8f85748375d85755d,gx-no-cache=1615465550311 HTTP/1.1" 200 30
190.171.142.10 - - [11/Mar/2021:09:35:34 -0300] "POST /cormun/servlet/hlogin?a63fa04a53d008e922a0d38141b59da3,gx-no-cache=1615465550298 HTTP/1.1" 200 444
190.171.152.242 - - [11/Mar/2021:09:35:35 -0300] "GET /cormun/servlet/solicitudot?ea893133e0d27981bbec543347dd0fee9635193a2500a6cae09dd05976e9c178,gx-no-cache=1615465551258 HTTP/1.1" 200 53
190.171.142.10 - - [11/Mar/2021:09:35:41 -0300] "POST /cormun/servlet/hlogin?a63fa04a53d008e922a0d38141b59da3,gx-no-cache=1615465557664 HTTP/1.1" 200 444
190.171.152.242 - - [11/Mar/2021:09:35:42 -0300] "POST /cormun/servlet/solicitudot?gx-no-cache=1615465558385 HTTP/1.1" 200 255
190.171.152.242 - - [11/Mar/2021:09:35:44 -0300] "GET /cormun/servlet/solicitudot?ea893133e0d27981bbec543347dd0fee76f6dd7e24bb55d10f331f59e3e1487189f9ba5ff600c593dfbd73dc0b7f39c480bf4256bc83e2603dd0b123655f2cf4df5ee751a8e8e37c11aa42c38723b2cb8a4241dfb62c4e6da6bae5930da251f2189c368a57a4bf7927f0aebcc617e37902c2c27c3e9e51483f7566234d890d3b6be9029ff041a78f955aee9690d96e23f8b3b9134481517e0ae7435727fc5ba2cd16555663778cfed450959d0b47b1a925841f62f30bd51dcbef55c7bc2a356ab2de08bbea414921e1c85876cb3e811497df774aea5dc126c3ffd1e8fc7ce4a67ff963e089d774dc93efdae969cd4d97a27054f12455b958c4fa0a2c1133814292c2edfcb5386009b1bc1f350bf585c49454f601e6fd54a7d72b7c3d92f021a901f4b8f25d070d10165b48d6206bdcd477a53e1b8ba7278d269c4de9d827cbfcd0fcd6b6dc18f47b9ef8af4094c845955985d99e40e7f17b4bbdff90ea2ae94837ed02cff57db66f4512e19f36637c23abbdeb2454d80f0e18a720bc96011c71,gx-no-cache=1615465561005 HTTP/1.1" 200 30
192.168.10.96 - - [11/Mar/2021:09:35:46 -0300] "GET /cormun/servlet/hlogin HTTP/1.1" 200 1723
190.171.152.242 - - [11/Mar/2021:09:35:50 -0300] "POST /cormun/servlet/solicitudot?gx-no-cache=1615465566903 HTTP/1.1" 200 30
190.171.149.90 - - [11/Mar/2021:09:35:53 -0300] "POST /cormun/servlet/solicitudot?gx-no-cache=1615465564379 HTTP/1.1" 200 30
190.171.152.242 - - [11/Mar/2021:09:35:54 -0300] "POST /cormun/servlet/solicitudot?gx-no-cache=1615465570348 HTTP/1.1" 200 1414
190.171.152.242 - - [11/Mar/2021:09:35:54 -0300] "POST /cormun/servlet/solicitudot?gx-no-cache=1615465570537 HTTP/1.1" 200 38
190.171.149.90 - - [11/Mar/2021:09:36:03 -0300] "POST /cormun/servlet/solicitudot?gx-no-cache=1615465574239 HTTP/1.1" 200 1414
190.171.149.90 - - [11/Mar/2021:09:36:03 -0300] "POST /cormun/servlet/solicitudot?gx-no-cache=1615465574388 HTTP/1.1" 200 38
190.171.149.90 - - [11/Mar/2021:09:36:03 -0300] "GET /cormun/servlet/solicitudot?ddece11267885f3abff2d1d0563c211a1ea0889f9ffa595eb8ead49f315a423aaa3a62d460bd3761dffb5b5a783b9cdf6dda2bf1d63e63424a0b32f2713c218f053ac3ce69a2dfbea53c8fe6ecbc46856f1a632cad2293ea1071cf00f16caf663a3d473d1d4b9ca6e150362ffde65a35,gx-no-cache=1615465574420 HTTP/1.1" 200 110
190.171.149.90 - - [11/Mar/2021:09:36:03 -0300] "POST /cormun/servlet/solicitudot?gx-no-cache=1615465574445 HTTP/1.1" 200 55
190.171.149.90 - - [11/Mar/2021:09:36:03 -0300] "GET /cormun/servlet/solicitudot?ddece11267885f3abff2d1d0563c211a23d40d5bc167b75f3657109d3156cc8a6283ce1872a38671d8f18356247a9a668708cc1c22bf84a81b2d4e43bb6681ffe793a2aa2fff78543b424f0df989ff50a047edec4b904da591da1d6eefbc74ff0b1f3a657e822e10b42eb17baf48e024,gx-no-cache=1615465574471 HTTP/1.1" 200 29
190.171.149.90 - - [11/Mar/2021:09:36:03 -0300] "GET /cormun/static/menuarrow.gif HTTP/1.1" 404 1015
190.171.149.90 - - [11/Mar/2021:09:36:09 -0300] "POST /cormun/servlet/solicitudot?gx-no-cache=1615465580355 HTTP/1.1" 200 30
190.171.149.90 - - [11/Mar/2021:09:36:09 -0300] "POST /cormun/servlet/solicitudot?gx-no-cache=1615465580380 HTTP/1.1" 200 1414
190.171.149.90 - - [11/Mar/2021:09:36:09 -0300] "POST /cormun/servlet/solicitudot?gx-no-cache=1615465580411 HTTP/1.1" 200 38
190.171.149.90 - - [11/Mar/2021:09:36:09 -0300] "GET /cormun/servlet/solicitudot?ddece11267885f3abff2d1d0563c211a1ea0889f9ffa595eb8ead49f315a423aaa3a62d460bd3761dffb5b5a783b9cdf6dda2bf1d63e63424a0b32f2713c218f053ac3ce69a2dfbea53c8fe6ecbc46856f1a632cad2293ea1071cf00f16caf663a3d473d1d4b9ca6e150362ffde65a35,gx-no-cache=1615465580432 HTTP/1.1" 200 110
190.171.149.90 - - [11/Mar/2021:09:36:09 -0300] "POST /cormun/servlet/solicitudot?gx-no-cache=1615465580455 HTTP/1.1" 200 55
190.171.153.26 - - [11/Mar/2021:09:36:13 -0300] "POST /cormun/servlet/pucargahoraria?1d6269a9ddbee1c27af5e8425c0160b1,E-34,2021,15691727,2,1,MD,gxPopupLevel%3D0%3B,gx-no-cache=1615465584900 HTTP/1.1" 200 95
190.171.153.26 - - [11/Mar/2021:09:36:13 -0300] "GET /cormun/servlet/hpexe_return?MD,gxPopupLevel%3D0%3B HTTP/1.1" 200 1195
190.171.153.26 - - [11/Mar/2021:09:36:13 -0300] "POST /cormun/servlet/trcargahoraria?1d6269a9ddbee1c27af5e8425c0160b1,,gx-no-cache=1615465585967 HTTP/1.1" 200 5816
190.171.153.26 - - [11/Mar/2021:09:36:16 -0300] "POST /cormun/servlet/trcargahoraria?1d6269a9ddbee1c27af5e8425c0160b1,,gx-no-cache=1615465589327 HTTP/1.1" 200 5886
190.171.153.26 - - [11/Mar/2021:09:36:17 -0300] "GET /cormun/servlet/pucargahoraria?E-34,2021,10419091,2,1,MD,gxPopupLevel%3D0%3B HTTP/1.1" 200 6515
190.171.142.10 - - [11/Mar/2021:09:36:20 -0300] "POST /cormun/servlet/hlogin?a63fa04a53d008e922a0d38141b59da3,gx-no-cache=1615465596194 HTTP/1.1" 200 450
190.171.149.90 - - [11/Mar/2021:09:36:26 -0300] "GET /cormun/servlet/hlogin HTTP/1.1" 200 1726
190.171.149.90 - - [11/Mar/2021:09:36:30 -0300] "POST /cormun/servlet/hlogin?8709c2dc0f5358058d4b77aa5aa2c733,gx-no-cache=1615465601844 HTTP/1.1" 200 90
190.171.149.90 - - [11/Mar/2021:09:36:30 -0300] "GET /cormun/servlet/hpexe_link HTTP/1.1" 200 959
190.171.149.90 - - [11/Mar/2021:09:36:30 -0300] "GET /cormun/servlet/prbanco?,MD, HTTP/1.1" 200 6498
190.171.142.10 - - [11/Mar/2021:09:36:34 -0300] "POST /cormun/servlet/hlogin?a63fa04a53d008e922a0d38141b59da3,gx-no-cache=1615465610354 HTTP/1.1" 200 450
190.171.149.90 - - [11/Mar/2021:09:36:46 -0300] "GET /cormun/servlet/hlogin HTTP/1.1" 200 1726
190.171.149.90 - - [11/Mar/2021:09:36:49 -0300] "POST /cormun/servlet/hlogin?8709c2dc0f5358058d4b77aa5aa2c733,gx-no-cache=1615465621012 HTTP/1.1" 200 90
190.171.149.90 - - [11/Mar/2021:09:36:49 -0300] "GET /cormun/servlet/hpexe_link HTTP/1.1" 200 959
190.171.149.90 - - [11/Mar/2021:09:36:50 -0300] "GET /cormun/servlet/prbanco?,MD, HTTP/1.1" 200 6498
190.171.153.26 - - [11/Mar/2021:09:36:51 -0300] "POST /cormun/servlet/pucargahoraria?1d6269a9ddbee1c27af5e8425c0160b1,E-34,2021,10419091,2,1,MD,gxPopupLevel%3D0%3B,gx-no-cache=1615465623510 HTTP/1.1" 200 51
190.171.153.26 - - [11/Mar/2021:09:36:51 -0300] "POST /cormun/servlet/trcargahoraria?1d6269a9ddbee1c27af5e8425c0160b1,,gx-no-cache=1615465623687 HTTP/1.1" 200 5816
192.168.10.96 - - [11/Mar/2021:09:37:17 -0300] "GET /cormun/servlet/hlogin HTTP/1.1" 200 1723
192.168.10.96 - - [11/Mar/2021:09:37:17 -0300] "GET /cormun/servlet/hlogin HTTP/1.1" 200 1723
190.171.149.90 - - [11/Mar/2021:09:37:20 -0300] "GET /cormun/servlet/hlogin HTTP/1.1" 200 1726
192.168.10.96 - - [11/Mar/2021:09:37:51 -0300] "POST /cormun/servlet/hlogin?e9ad2feafb9a3002d840829408ddc34b,gx-no-cache=1615465554704 HTTP/1.1" 200 427
192.168.10.96 - - [11/Mar/2021:09:38:10 -0300] "POST /cormun/servlet/hlogin?e9ad2feafb9a3002d840829408ddc34b,gx-no-cache=1615465573998 HTTP/1.1" 200 427
190.171.152.242 - - [11/Mar/2021:09:38:10 -0300] "GET /cormun/servlet/hlogin HTTP/1.1" 200 1751
190.171.152.242 - - [11/Mar/2021:09:38:17 -0300] "GET /cormun/servlet/hlogin HTTP/1.1" 200 1751
192.168.10.96 - - [11/Mar/2021:09:38:23 -0300] "POST /cormun/servlet/hlogin?e9ad2feafb9a3002d840829408ddc34b,gx-no-cache=1615465586468 HTTP/1.1" 200 90
192.168.10.96 - - [11/Mar/2021:09:38:23 -0300] "GET /cormun/servlet/hpexe_link HTTP/1.1" 200 951
192.168.10.96 - - [11/Mar/2021:09:38:23 -0300] "GET /cormun/servlet/hhome HTTP/1.1" 200 3946
192.168.10.96 - - [11/Mar/2021:09:38:23 -0300] "GET /cormun/servlet/hhome HTTP/1.1" 200 3943
192.168.10.96 - - [11/Mar/2021:09:38:28 -0300] "GET /cormun/servlet/trsolicitudot? HTTP/1.1" 200 7166
192.168.10.96 - - [11/Mar/2021:09:38:28 -0300] "GET /cormun/servlet/trsolicitudot? HTTP/1.1" 200 7166
192.168.10.96 - - [11/Mar/2021:09:38:30 -0300] "GET /cormun/servlet/solicitudot?INS,0,0,false, HTTP/1.1" 200 15460
192.168.10.96 - - [11/Mar/2021:09:38:31 -0300] "GET /cormun/servlet/solicitudot?INS,0,0,false, HTTP/1.1" 200 15468
190.171.149.90 - - [11/Mar/2021:09:38:43 -0300] "POST /cormun/servlet/hlogin?8709c2dc0f5358058d4b77aa5aa2c733,gx-no-cache=1615465735084 HTTP/1.1" 200 430
203.80.171.228 - - [11/Mar/2021:09:38:47 -0300] "GET / HTTP/1.1" 200 11217
192.168.10.96 - - [11/Mar/2021:09:39:01 -0300] "POST /cormun/servlet/solicitudot?gx-no-cache=1615465624426 HTTP/1.1" 200 3685
192.168.10.96 - - [11/Mar/2021:09:39:01 -0300] "POST /cormun/servlet/solicitudot?e9ad2feafb9a3002d840829408ddc34b,INS,0,0,false,,gx-no-cache=1615465624541 HTTP/1.1" 200 12106
192.168.10.96 - - [11/Mar/2021:09:39:03 -0300] "GET /cormun/servlet/solicitudot?e586777e7e9b0ea2442203d9e7be90880e636e22217756ddc6d8a974bbf7799f422544cebbf7dceef4ca9ff3bf75af17,gx-no-cache=1615465627211 HTTP/1.1" 200 30
192.168.10.96 - - [11/Mar/2021:09:40:07 -0300] "GET /cormun/servlet/solicitudot?e586777e7e9b0ea2442203d9e7be9088fce3745b10b541ffa0d8d6c17cdd73e997851e6df46fa385b08c9448a6ecec30,gx-no-cache=1615465691005 HTTP/1.1" 200 103
192.168.10.96 - - [11/Mar/2021:09:40:07 -0300] "GET /cormun/static/Shared/jqueryui/images/ui-bg_highlight-soft_100_c6c2c8_1x100.png HTTP/1.1" 404 1117
192.168.10.96 - - [11/Mar/2021:09:40:07 -0300] "GET /cormun/static/Shared/jqueryui/images/ui-icons_82798d_256x240.png HTTP/1.1" 404 1089
192.168.10.96 - - [11/Mar/2021:09:40:07 -0300] "GET /cormun/static/Shared/jqueryui/images/ui-bg_flat_55_994d53_40x100.png HTTP/1.1" 404 1097
192.168.10.96 - - [11/Mar/2021:09:40:07 -0300] "GET /cormun/static/Shared/jqueryui/images/ui-icons_ebccce_256x240.png HTTP/1.1" 404 1089
192.168.10.96 - - [11/Mar/2021:09:40:13 -0300] "GET /cormun/servlet/solicitudot?e586777e7e9b0ea2442203d9e7be90885958d4c19d39e7e83b7f5ca65e3992ad,gx-no-cache=1615465696566 HTTP/1.1" 200 53
192.168.10.96 - - [11/Mar/2021:09:40:39 -0300] "GET /cormun/servlet/solicitudot?e586777e7e9b0ea2442203d9e7be90884ec0fb86bb633ba613f26844ed69442693a368339c1f2440cfb4364a4b022aa39e8e85d8a10de67506e2e3b8bc1c66f8,gx-no-cache=1615465722972 HTTP/1.1" 200 30
192.168.10.96 - - [11/Mar/2021:09:40:40 -0300] "POST /cormun/servlet/solicitudot?gx-no-cache=1615465724224 HTTP/1.1" 200 240
192.168.10.96 - - [11/Mar/2021:09:40:46 -0300] "GET /cormun/servlet/solicitudot?e586777e7e9b0ea2442203d9e7be9088fff436115ddef12df15e9331276bcefc49d843e5ab81a22131762d3ec35c78562b7531b34c8b2a38555cdf5db545ff085edbd2f9e473f5f6fa7040cfedfbcdbcdfbb994a13c90bcf2a1a19964be46bd3a6a478efaa90eebd8f0bc4d5a9cb97cee49cbea15c92b60e753827ab377a162020d13ec0b9993f0e87ffffeccf8e4a525cdc7a11315c5712083e3141097fa379b84e1383593b9be6f278c5e0beed16949d96049e3ec53a8c47971a87fd3a901764f8a335f0e83ff39b71e299a9762dce2a6904a78abcaf39f1d86526408f2a06f5b72897c70e7717a3655ea42ee99e89bab7d2052c42ea5f8e1ce69ebc3f2eac2b70de815aa0194e516251a323df7b14b6746bab20dba63e9e3952e4d41e557f5f91a0f0fabb8694f37658df82048adf107e43de485a4f6fa5bc0fe30e314de440dc5779420f568af9ef252eb5fceb106a06410c60253b0b7ed7a184a85d6c240b548181411bb41ed2bbdcb03a8762ab63840ec105cb68493a24238baa079cd5,gx-no-cache=1615465730280 HTTP/1.1" 200 30
192.168.10.96 - - [11/Mar/2021:09:40:49 -0300] "POST /cormun/servlet/solicitudot?gx-no-cache=1615465733182 HTTP/1.1" 200 30
190.171.149.90 - - [11/Mar/2021:09:41:05 -0300] "POST /cormun/servlet/hlogin?8709c2dc0f5358058d4b77aa5aa2c733,gx-no-cache=1615465876283 HTTP/1.1" 200 90
190.171.149.90 - - [11/Mar/2021:09:41:05 -0300] "GET /cormun/servlet/hpexe_link HTTP/1.1" 200 952
190.171.149.90 - - [11/Mar/2021:09:41:05 -0300] "GET /cormun/servlet/hhome HTTP/1.1" 200 4315
190.171.149.90 - - [11/Mar/2021:09:41:05 -0300] "GET /cormun/servlet/hhome HTTP/1.1" 200 4311
190.171.149.90 - - [11/Mar/2021:09:41:07 -0300] "GET /cormun/servlet/trlicencias? HTTP/1.1" 200 9242
190.171.149.90 - - [11/Mar/2021:09:41:07 -0300] "GET /cormun/servlet/trlicencias? HTTP/1.1" 200 9240
190.171.153.26 - - [11/Mar/2021:09:41:09 -0300] "GET /cormun/servlet/trreportecargahoraria? HTTP/1.1" 200 9662
190.171.153.26 - - [11/Mar/2021:09:41:09 -0300] "GET /cormun/static/gxcfg.js?202012113393031 HTTP/1.1" 200 953
190.171.153.26 - - [11/Mar/2021:09:41:09 -0300] "GET /cormun/static/trreportecargahoraria.js?202012113393554 HTTP/1.1" 200 29376
190.171.153.26 - - [11/Mar/2021:09:41:09 -0300] "GET /cormun/servlet/trreportecargahoraria? HTTP/1.1" 200 9662
190.171.149.90 - - [11/Mar/2021:09:41:18 -0300] "GET /cormun/servlet/alicenciaprn?17521700,L,20210311000000,PU HTTP/1.1" 200 1529
190.171.153.26 - - [11/Mar/2021:09:41:24 -0300] "POST /cormun/servlet/trreportecargahoraria?1d6269a9ddbee1c27af5e8425c0160b1,,gx-no-cache=1615465896464 HTTP/1.1" 200 111
190.171.153.26 - - [11/Mar/2021:09:41:24 -0300] "POST /cormun/servlet/trreportecargahoraria?1d6269a9ddbee1c27af5e8425c0160b1,,gx-no-cache=1615465896652 HTTP/1.1" 200 7069
190.171.153.26 - - [11/Mar/2021:09:41:24 -0300] "GET /cormun/ReporteCargaHoraria-7681.xls HTTP/1.1" 200 7168
192.168.10.96 - - [11/Mar/2021:09:41:30 -0300] "POST /cormun/servlet/solicitudot?gx-no-cache=1615465773648 HTTP/1.1" 200 1412
192.168.10.96 - - [11/Mar/2021:09:41:32 -0300] "GET /cormun/static/menuarrow.gif HTTP/1.1" 404 1015
192.168.10.96 - - [11/Mar/2021:09:41:34 -0300] "GET /cormun/servlet/prlicenciaspermisos?17521700,L,,MD,,gxPopupLevel%3D0%3B HTTP/1.1" 200 5763
192.168.10.96 - - [11/Mar/2021:09:41:59 -0300] "POST /cormun/servlet/solicitudot?gx-no-cache=1615465803102 HTTP/1.1" 200 30
192.168.10.96 - - [11/Mar/2021:09:41:59 -0300] "POST /cormun/servlet/solicitudot?gx-no-cache=1615465803143 HTTP/1.1" 200 1412
192.168.10.96 - - [11/Mar/2021:09:41:59 -0300] "POST /cormun/servlet/solicitudot?gx-no-cache=1615465803232 HTTP/1.1" 200 40
190.171.153.26 - - [11/Mar/2021:09:42:44 -0300] "GET /cormun/servlet/trcontratounov2? HTTP/1.1" 200 12655
190.171.153.26 - - [11/Mar/2021:09:42:44 -0300] "GET /cormun/static/gxcfg.js?2020121614367 HTTP/1.1" 200 953
190.171.153.26 - - [11/Mar/2021:09:42:44 -0300] "GET /cormun/static/calendar-setup.js?85251 HTTP/1.1" 200 2588
190.171.153.26 - - [11/Mar/2021:09:42:44 -0300] "GET /cormun/static/calendar-es.js?85251 HTTP/1.1" 200 1901
190.171.153.26 - - [11/Mar/2021:09:42:44 -0300] "GET /cormun/static/calendar-system.css?85620 HTTP/1.1" 200 5572
190.171.153.26 - - [11/Mar/2021:09:42:44 -0300] "GET /cormun/static/calendar.js?85251 HTTP/1.1" 200 26246
190.171.153.26 - - [11/Mar/2021:09:42:44 -0300] "GET /cormun/static/gxdec.js?85251 HTTP/1.1" 200 19579
190.171.153.26 - - [11/Mar/2021:09:42:44 -0300] "GET /cormun/static/trcontratounov2.js?20201216143065 HTTP/1.1" 200 38486
190.171.153.26 - - [11/Mar/2021:09:42:44 -0300] "GET /cormun/static/Resources/PXToolsAddAllAction.png HTTP/1.1" 200 495
190.171.153.26 - - [11/Mar/2021:09:42:44 -0300] "GET /cormun/static/Resources/PXToolsAddSelectedAction.png HTTP/1.1" 200 523
190.171.153.26 - - [11/Mar/2021:09:42:44 -0300] "GET /cormun//static/Resources/PXToolsActionDisabled.gif HTTP/1.1" 200 53
190.171.153.26 - - [11/Mar/2021:09:42:44 -0300] "GET /cormun/servlet/trcontratounov2? HTTP/1.1" 200 12654
192.168.10.96 - - [11/Mar/2021:09:42:50 -0300] "GET /cormun/servlet/solicitudot?e586777e7e9b0ea2442203d9e7be90881db919426aa6afe05aa61e88e1c9afdbe5a579b0e6d29903cf21ca7dd8b42bdc174325f43b0838d50de891147a0ea0ccff9227ef1aa46d4b9972fa9bca568d9ccea073a8a1d0cd3328f179f9078e83789735ed8baff606f82f37fa2de79e1f0a,gx-no-cache=1615465853790 HTTP/1.1" 200 110
192.168.10.96 - - [11/Mar/2021:09:42:50 -0300] "POST /cormun/servlet/solicitudot?gx-no-cache=1615465853833 HTTP/1.1" 200 97
192.168.10.96 - - [11/Mar/2021:09:43:02 -0300] "GET /cormun/servlet/solicitudot?e586777e7e9b0ea2442203d9e7be9088791bf48fbc7b4a85cfe579417a4370eeb4de7deeb457e71925df4b22f53951a12d9a8e414f23b971d8c4fe0e215edc7a2753514689623710d516332cf2a615e32773a0c7add4650f97311c49502e876a374a34379ef7d0b41e12d78b03cd4051,gx-no-cache=1615465865594 HTTP/1.1" 200 29
192.168.10.96 - - [11/Mar/2021:09:43:12 -0300] "GET /cormun/servlet/prlicenciaspermisos?17521700,L,,MD,,gxPopupLevel%3D0%3B HTTP/1.1" 200 5763
192.168.10.96 - - [11/Mar/2021:09:43:18 -0300] "GET /cormun/servlet/solicitudot?e586777e7e9b0ea2442203d9e7be90881db919426aa6afe05aa61e88e1c9afdbe5a579b0e6d29903cf21ca7dd8b42bdc174325f43b0838d50de891147a0ea0ccff9227ef1aa46d4b9972fa9bca568d9ccea073a8a1d0cd3328f179f9078e83789735ed8baff606f82f37fa2de79e1f0a,gx-no-cache=1615465881538 HTTP/1.1" 200 110
192.168.10.96 - - [11/Mar/2021:09:43:18 -0300] "GET /cormun/servlet/solicitudot?e586777e7e9b0ea2442203d9e7be9088e3526af1c91c5c2691f4d7658c843e6778d4a949c5b82186644f717e92fe616d,gx-no-cache=1615465881588 HTTP/1.1" 200 30
192.168.10.96 - - [11/Mar/2021:09:43:18 -0300] "POST /cormun/servlet/solicitudot?gx-no-cache=1615465881617 HTTP/1.1" 200 120
192.168.10.96 - - [11/Mar/2021:09:43:43 -0300] "GET /cormun/servlet/solicitudot?e586777e7e9b0ea2442203d9e7be9088548be59a6216a34339a007db27fcba1ee266ee1850d4cfb61100dd6a62adf616,gx-no-cache=1615465907212 HTTP/1.1" 200 30
192.168.10.96 - - [11/Mar/2021:09:43:43 -0300] "POST /cormun/servlet/solicitudot?gx-no-cache=1615465907257 HTTP/1.1" 200 34
192.168.10.96 - - [11/Mar/2021:09:44:06 -0300] "GET /cormun/servlet/prfichaempleado?,MD,,gxPopupLevel%3D0%3B HTTP/1.1" 200 9241
192.168.10.96 - - [11/Mar/2021:09:44:16 -0300] "POST /cormun/servlet/prfichaempleado?e9ad2feafb9a3002d840829408ddc34b,,MD,,gxPopupLevel%3D0%3B,gx-no-cache=1615465939759 HTTP/1.1" 200 3406
192.168.10.96 - - [11/Mar/2021:09:44:21 -0300] "GET /cormun/servlet/prlicenciaspermisos?17521700,L,,MD,,gxPopupLevel%3D0%3B HTTP/1.1" 200 5763
192.168.10.96 - - [11/Mar/2021:09:44:26 -0300] "POST /cormun/servlet/solicitudot?gx-no-cache=1615465950207 HTTP/1.1" 200 1412
192.168.10.96 - - [11/Mar/2021:09:44:30 -0300] "POST /cormun/servlet/solicitudot?gx-no-cache=1615465953540 HTTP/1.1" 200 40
192.168.10.96 - - [11/Mar/2021:09:44:30 -0300] "GET /cormun/servlet/solicitudot?e586777e7e9b0ea2442203d9e7be90881db919426aa6afe05aa61e88e1c9afdbe5a579b0e6d29903cf21ca7dd8b42bdc174325f43b0838d50de891147a0ea0ccff9227ef1aa46d4b9972fa9bca568d9ccea073a8a1d0cd3328f179f9078e83789735ed8baff606f82f37fa2de79e1f0a,gx-no-cache=1615465953585 HTTP/1.1" 200 110
192.168.10.96 - - [11/Mar/2021:09:44:30 -0300] "POST /cormun/servlet/solicitudot?gx-no-cache=1615465953635 HTTP/1.1" 200 97
192.168.10.96 - - [11/Mar/2021:09:44:46 -0300] "GET /cormun/servlet/solicitudot?e586777e7e9b0ea2442203d9e7be9088e3526af1c91c5c2691f4d7658c843e6778d4a949c5b82186644f717e92fe616d,gx-no-cache=1615465969995 HTTP/1.1" 200 30
192.168.10.96 - - [11/Mar/2021:09:44:48 -0300] "POST /cormun/servlet/solicitudot?gx-no-cache=1615465972263 HTTP/1.1" 200 120
192.168.10.96 - - [11/Mar/2021:09:45:03 -0300] "POST /cormun/servlet/solicitudot?gx-no-cache=1615465986647 HTTP/1.1" 200 120
190.171.142.10 - - [11/Mar/2021:09:45:03 -0300] "GET /cormun/servlet/hlogin HTTP/1.1" 200 1722
192.168.10.96 - - [11/Mar/2021:09:45:05 -0300] "POST /cormun/servlet/solicitudot?e9ad2feafb9a3002d840829408ddc34b,INS,0,0,false,,gx-no-cache=1615465989153 HTTP/1.1" 200 12518
192.168.10.96 - - [11/Mar/2021:09:45:07 -0300] "POST /cormun/servlet/solicitudot?e9ad2feafb9a3002d840829408ddc34b,INS,0,0,false,,gx-no-cache=1615465990271 HTTP/1.1" 200 12564
192.168.10.96 - - [11/Mar/2021:09:45:07 -0300] "POST /cormun/servlet/solicitudot?e9ad2feafb9a3002d840829408ddc34b,INS,0,0,false,,gx-no-cache=1615465991006 HTTP/1.1" 200 12617
192.168.10.96 - - [11/Mar/2021:09:45:08 -0300] "POST /cormun/servlet/solicitudot?e9ad2feafb9a3002d840829408ddc34b,INS,0,0,false,,gx-no-cache=1615465991317 HTTP/1.1" 200 12695
192.168.10.96 - - [11/Mar/2021:09:45:08 -0300] "POST /cormun/servlet/solicitudot?e9ad2feafb9a3002d840829408ddc34b,INS,0,0,false,,gx-no-cache=1615465991610 HTTP/1.1" 200 12759
192.168.10.96 - - [11/Mar/2021:09:45:09 -0300] "POST /cormun/servlet/solicitudot?e9ad2feafb9a3002d840829408ddc34b,INS,0,0,false,,gx-no-cache=1615465992300 HTTP/1.1" 200 12801
192.168.10.96 - - [11/Mar/2021:09:45:09 -0300] "POST /cormun/servlet/solicitudot?e9ad2feafb9a3002d840829408ddc34b,INS,0,0,false,,gx-no-cache=1615465992602 HTTP/1.1" 200 12843
192.168.10.96 - - [11/Mar/2021:09:45:19 -0300] "GET /cormun/servlet/prlicenciaspermisos?17521700,L,,MD,,gxPopupLevel%3D0%3B HTTP/1.1" 200 5763
190.171.142.10 - - [11/Mar/2021:09:45:24 -0300] "POST /cormun/servlet/hlogin?fef6c8e5e73f19e9eed21268abd3e797,gx-no-cache=1615466140667 HTTP/1.1" 200 427
192.168.10.96 - - [11/Mar/2021:09:45:37 -0300] "GET /cormun/servlet/prlicenciaspermisos?17521700,L,,MD,,gxPopupLevel%3D0%3B HTTP/1.1" 200 5763
192.168.10.96 - - [11/Mar/2021:09:45:43 -0300] "POST /cormun/servlet/solicitudot?gx-no-cache=1615466026578 HTTP/1.1" 200 40
192.168.10.96 - - [11/Mar/2021:09:45:43 -0300] "GET /cormun/servlet/solicitudot?e586777e7e9b0ea2442203d9e7be90881db919426aa6afe05aa61e88e1c9afdbe5a579b0e6d29903cf21ca7dd8b42bdc174325f43b0838d50de891147a0ea0ccff9227ef1aa46d4b9972fa9bca568d9ccea073a8a1d0cd3328f179f9078e83789735ed8baff606f82f37fa2de79e1f0a,gx-no-cache=1615466026622 HTTP/1.1" 200 110
192.168.10.96 - - [11/Mar/2021:09:45:43 -0300] "POST /cormun/servlet/solicitudot?gx-no-cache=1615466026655 HTTP/1.1" 200 120
190.171.142.10 - - [11/Mar/2021:09:45:43 -0300] "POST /cormun/servlet/hlogin?fef6c8e5e73f19e9eed21268abd3e797,gx-no-cache=1615466158623 HTTP/1.1" 200 427
192.168.10.96 - - [11/Mar/2021:09:45:48 -0300] "POST /cormun/servlet/solicitudot?gx-no-cache=1615466032225 HTTP/1.1" 200 120
192.168.10.96 - - [11/Mar/2021:09:45:51 -0300] "POST /cormun/servlet/solicitudot?e9ad2feafb9a3002d840829408ddc34b,INS,0,0,false,,gx-no-cache=1615466034616 HTTP/1.1" 200 12882
192.168.10.96 - - [11/Mar/2021:09:45:52 -0300] "POST /cormun/servlet/solicitudot?e9ad2feafb9a3002d840829408ddc34b,INS,0,0,false,,gx-no-cache=1615466035542 HTTP/1.1" 200 12918
192.168.10.96 - - [11/Mar/2021:09:45:52 -0300] "POST /cormun/servlet/solicitudot?e9ad2feafb9a3002d840829408ddc34b,INS,0,0,false,,gx-no-cache=1615466035865 HTTP/1.1" 200 12950
192.168.10.96 - - [11/Mar/2021:09:45:53 -0300] "POST /cormun/servlet/solicitudot?e9ad2feafb9a3002d840829408ddc34b,INS,0,0,false,,gx-no-cache=1615466036317 HTTP/1.1" 200 13118
192.168.10.96 - - [11/Mar/2021:09:45:53 -0300] "POST /cormun/servlet/solicitudot?e9ad2feafb9a3002d840829408ddc34b,INS,0,0,false,,gx-no-cache=1615466036780 HTTP/1.1" 200 13150
190.171.142.10 - - [11/Mar/2021:09:45:55 -0300] "POST /cormun/servlet/hlogin?fef6c8e5e73f19e9eed21268abd3e797,gx-no-cache=1615466171671 HTTP/1.1" 200 427
190.171.142.10 - - [11/Mar/2021:09:46:16 -0300] "POST /cormun/servlet/hlogin?fef6c8e5e73f19e9eed21268abd3e797,gx-no-cache=1615466192070 HTTP/1.1" 200 427
190.171.142.10 - - [11/Mar/2021:09:46:24 -0300] "POST /cormun/servlet/hlogin?fef6c8e5e73f19e9eed21268abd3e797,gx-no-cache=1615466200174 HTTP/1.1" 200 427
192.168.10.96 - - [11/Mar/2021:09:46:44 -0300] "GET /cormun/servlet/solicitudot?e586777e7e9b0ea2442203d9e7be90881db919426aa6afe05aa61e88e1c9afdbe5a579b0e6d29903cf21ca7dd8b42bdc174325f43b0838d50de891147a0ea0ccff9227ef1aa46d4b9972fa9bca568d9ccea073a8a1d0cd3328f179f9078e83789735ed8baff606f82f37fa2de79e1f0a,gx-no-cache=1615466088191 HTTP/1.1" 200 110
190.171.149.90 - - [11/Mar/2021:09:46:45 -0300] "GET /cormun/servlet/solicitudot?ddece11267885f3abff2d1d0563c211a595488c1525be36115a04d23716faec1626d966cbbf8b3d639384889bff47184f0a42313b7173bb910a2e995741d53cb,gx-no-cache=1615466216745 HTTP/1.1" 200 30
190.171.149.90 - - [11/Mar/2021:09:46:45 -0300] "GET /cormun/servlet/solicitudot?ddece11267885f3abff2d1d0563c211a8880b8cbdd7fa435248cdcfb331adf8e17603293393bca52d8c3e3448041e2adc4bc7272e1239dcec85bca6d4e71a1e32502dc7b72eed2235c52396f80f0f1ac8b7d3dc67d05f65be69f456e124003efdf941e027569863634ba91dd0ee9dca160b6b5640d97b2ccbb29d524c4860e761ed7358b4153419f843a7795ae8fab02ff509fc192907aad2e4f801624d2adb44ec2ba674efc14ac98e937da50853b17428765071e9b8344ea526085dd110fa1e893cdabfab93333c9a69d2e720ab066abbff631958010d645bd1d83dff0b513e4fb04859b5a3b8a7b4c7899ab137f028f2977a052c427dd955834e933e53c40b13f0f26cf618821096ab068e2113ac7b6491c5b8d18174b982c76a8ed724f3ea797ebcc51886de07e2d2b9c64f11dfad19a4d676594ddcb7e875e97e1e397929e5cb26ab9d97f1b73dc4009cb75bf8107d2fb14c6b903f8878ec7914e099ad9678f13bfe7c14cdcfcafc250847001d9a26146214c3e5dd0d26cfeec4de0f77f,gx-no-cache=1615466216792 HTTP/1.1" 200 30
190.171.149.90 - - [11/Mar/2021:09:46:45 -0300] "POST /cormun/servlet/solicitudot?gx-no-cache=1615466216822 HTTP/1.1" 200 30
190.171.149.90 - - [11/Mar/2021:09:46:45 -0300] "POST /cormun/servlet/solicitudot?gx-no-cache=1615466216846 HTTP/1.1" 200 1414
190.171.149.90 - - [11/Mar/2021:09:46:45 -0300] "POST /cormun/servlet/solicitudot?gx-no-cache=1615466216884 HTTP/1.1" 200 38
190.171.149.90 - - [11/Mar/2021:09:46:45 -0300] "GET /cormun/servlet/solicitudot?ddece11267885f3abff2d1d0563c211a1ea0889f9ffa595eb8ead49f315a423aaa3a62d460bd3761dffb5b5a783b9cdf6dda2bf1d63e63424a0b32f2713c218f053ac3ce69a2dfbea53c8fe6ecbc46856f1a632cad2293ea1071cf00f16caf663a3d473d1d4b9ca6e150362ffde65a35,gx-no-cache=1615466216911 HTTP/1.1" 200 110
190.171.149.90 - - [11/Mar/2021:09:46:45 -0300] "POST /cormun/servlet/solicitudot?gx-no-cache=1615466216934 HTTP/1.1" 200 55
