190.171.141.114 - - [09/Mar/2021:13:54:03 -0300] "GET /cormun/servlet/solicitudot?790272d304daed8bde826b6c147fe6f09f2ef878b84e0856e68ef10b836d79b593357dc7ab2af47d94642f0fb7816f6899eaa9565c5979fe9616fe0473c69900f06ef7536a2d3eb550b572f6ea97ead9be6699ee9c7d485fb4a61e1ed4ce43ba08ab1213771ab91a0383ead1bfb617df2aa703e3544498ed59bdc68ae5cc1093937d0e3c014f6a0372b2779a1d05a9081f76519082a8e50e53fca1b5ae60480b,gx-no-cache=1615308260113 HTTP/1.1" 200 29
190.171.141.114 - - [09/Mar/2021:13:55:45 -0300] "GET /cormun/static/menuarrow.gif HTTP/1.1" 404 1015
190.171.141.114 - - [09/Mar/2021:13:56:38 -0300] "GET /cormun/servlet/solicitudot?790272d304daed8bde826b6c147fe6f0c4a84697c3b7993c7233c9cbf891f7ac,gx-no-cache=1615308414322 HTTP/1.1" 200 94
190.171.141.114 - - [09/Mar/2021:13:56:38 -0300] "POST /cormun/servlet/solicitudot?gx-no-cache=1615308414628 HTTP/1.1" 200 254
190.171.141.114 - - [09/Mar/2021:13:56:38 -0300] "GET /cormun/servlet/solicitudot?790272d304daed8bde826b6c147fe6f00ddec88c18bba834200c4d15d48318afeaa39f83ed872b762df29e7ffc2592ce1aa9b63319316547f80c0391cc7188e487ae0890d033fb0eedc11b3403972a05dc3f9332216eadc9c04bf13db40172634e3c3ab08e0ba46c483b29aa0a2798ff09804dda845f6544c3684610bd1419ac4f3b45020589fa44f397cd07329007006702613ad125607bf81aa51ac49512ee7d6ee6aa1c2fa502590c7f6cda8240758763c0a369e6d9a1963d5f54b49b81699ac1927ef1101dc5fe7381fc7724bdd1fb8d16526c08864c801a01c84f5f6c72eaa38cf06f854c984581b525127548770ff62e0565bc7f1282872ce0f47cfe7ad10c9903e7d4fca56955d49559dab9c68e6c130d9a2599f8146c23e64cc8bc3c774c7d7c4cfa58c2fcc8fc9a5d0bf1dfbb9268f982031b8339e48303d56fad315e0328bc1ee21b95d77df370e53e9da68ab7eced1964601b0d76b9478bee1b554234948fe71d0a0e294110705841e1cfd7bb04473130cfae1582309322b1997f,gx-no-cache=1615308414819 HTTP/1.1" 200 30
190.171.141.114 - - [09/Mar/2021:13:56:38 -0300] "POST /cormun/servlet/solicitudot?gx-no-cache=1615308415012 HTTP/1.1" 200 30
190.171.141.114 - - [09/Mar/2021:13:56:38 -0300] "POST /cormun/servlet/solicitudot?gx-no-cache=1615308415224 HTTP/1.1" 200 1414
190.171.141.114 - - [09/Mar/2021:13:56:39 -0300] "POST /cormun/servlet/solicitudot?gx-no-cache=1615308415401 HTTP/1.1" 200 38
190.171.141.114 - - [09/Mar/2021:13:56:39 -0300] "GET /cormun/servlet/solicitudot?790272d304daed8bde826b6c147fe6f0c16bf3cbf2df39f8190befbd2d40dd2e9cc99155d2aea127adab48f5eb2408efedd1d2c0276e5953d6d12c75231878bd69179eed5f1982e2933cd6b55bc3bd95b397143c17c0e86f6a016d34024c429be14acad4e476c2f8bd025db5852d95a4,gx-no-cache=1615308415551 HTTP/1.1" 200 110
190.171.141.114 - - [09/Mar/2021:13:56:40 -0300] "POST /cormun/servlet/solicitudot?gx-no-cache=1615308415725 HTTP/1.1" 200 97
190.171.141.114 - - [09/Mar/2021:13:56:41 -0300] "GET /cormun/servlet/solicitudot?790272d304daed8bde826b6c147fe6f0a8a601aa405010cd809a5e128cec21794f88750958b37a62e9bb8eb041fc3ec4,gx-no-cache=1615308417305 HTTP/1.1" 200 30
190.171.141.114 - - [09/Mar/2021:13:56:41 -0300] "POST /cormun/servlet/solicitudot?gx-no-cache=1615308417483 HTTP/1.1" 200 30
190.171.141.114 - - [09/Mar/2021:13:56:44 -0300] "GET /cormun/servlet/solicitudot?790272d304daed8bde826b6c147fe6f0a8a601aa405010cd809a5e128cec21794f88750958b37a62e9bb8eb041fc3ec4,gx-no-cache=1615308421193 HTTP/1.1" 200 30
200.111.191.210 - - [09/Mar/2021:13:56:56 -0300] "GET /cormun/servlet/trlicencias? HTTP/1.1" 200 6042
200.111.191.210 - - [09/Mar/2021:13:56:56 -0300] "GET /cormun/servlet/hlogin HTTP/1.1" 200 1744
200.111.191.210 - - [09/Mar/2021:13:56:56 -0300] "GET /cormun/servlet/trlicencias? HTTP/1.1" 200 6036
190.171.141.114 - - [09/Mar/2021:13:56:57 -0300] "POST /cormun/servlet/solicitudot?gx-no-cache=1615308433801 HTTP/1.1" 200 30
200.111.191.210 - - [09/Mar/2021:13:57:02 -0300] "POST /cormun/servlet/hlogin?ff15b0637f490f002338813c4e9c074d,gx-no-cache=1615308516709 HTTP/1.1" 200 90
200.111.191.210 - - [09/Mar/2021:13:57:02 -0300] "GET /cormun/servlet/hpexe_link HTTP/1.1" 200 958
200.111.191.210 - - [09/Mar/2021:13:57:03 -0300] "GET /cormun/servlet/trlicencias HTTP/1.1" 200 9033
200.111.191.210 - - [09/Mar/2021:13:57:03 -0300] "GET /cormun/servlet/trlicencias HTTP/1.1" 200 9033
190.171.141.114 - - [09/Mar/2021:14:00:30 -0300] "GET /cormun/servlet/solicitudot?790272d304daed8bde826b6c147fe6f0a8a601aa405010cd809a5e128cec2179871f81c68131d99c5429a0c7826b7538,gx-no-cache=1615308646927 HTTP/1.1" 200 30
190.171.141.114 - - [09/Mar/2021:14:00:30 -0300] "POST /cormun/servlet/solicitudot?gx-no-cache=1615308647035 HTTP/1.1" 200 30
190.171.141.114 - - [09/Mar/2021:14:01:45 -0300] "POST /cormun/servlet/solicitudot?gx-no-cache=1615308722178 HTTP/1.1" 200 30
190.171.141.114 - - [09/Mar/2021:14:01:46 -0300] "POST /cormun/servlet/solicitudot?086259459b22d5918def27a8acf6817a,INS,0,0,false,,gx-no-cache=1615308722327 HTTP/1.1" 200 12522
190.171.141.114 - - [09/Mar/2021:14:02:20 -0300] "GET /cormun/servlet/solicitudot?790272d304daed8bde826b6c147fe6f0a2f79f7e2684ca9d100735f5fe19195d5be52e2da7a29216a89b10d1797bfb825f342e2ab86b187e46148e699e85c78c,gx-no-cache=1615308756597 HTTP/1.1" 200 30
190.171.141.114 - - [09/Mar/2021:14:02:20 -0300] "POST /cormun/servlet/solicitudot?gx-no-cache=1615308756650 HTTP/1.1" 200 254
190.171.141.114 - - [09/Mar/2021:14:02:20 -0300] "GET /cormun/servlet/solicitudot?790272d304daed8bde826b6c147fe6f00ddec88c18bba834200c4d15d48318afeaa39f83ed872b762df29e7ffc2592ce1aa9b63319316547f80c0391cc7188e487ae0890d033fb0eedc11b3403972a05dc3f9332216eadc9c04bf13db40172634e3c3ab08e0ba46c483b29aa0a2798ff09804dda845f6544c3684610bd1419ac4f3b45020589fa44f397cd07329007006702613ad125607bf81aa51ac49512ee7d6ee6aa1c2fa502590c7f6cda8240758763c0a369e6d9a1963d5f54b49b81699ac1927ef1101dc5fe7381fc7724bdd1fb8d16526c08864c801a01c84f5f6c72eaa38cf06f854c984581b525127548770ff62e0565bc7f1282872ce0f47cfe7ad10c9903e7d4fca56955d49559dab9c68e6c130d9a2599f8146c23e64cc8bc3c774c7d7c4cfa58c2fcc8fc9a5d0bf1dfbb9268f982031b8339e48303d56fad315e0328bc1ee21b95d77df370e53e9da68ab7eced1964601b0d76b9478bee1b554234948fe71d0a0e294110705841e1cfd7bb04473130cfae1582309322b1997f,gx-no-cache=1615308756710 HTTP/1.1" 200 30
190.171.141.114 - - [09/Mar/2021:14:02:20 -0300] "POST /cormun/servlet/solicitudot?gx-no-cache=1615308756754 HTTP/1.1" 200 30
190.171.141.114 - - [09/Mar/2021:14:02:20 -0300] "POST /cormun/servlet/solicitudot?gx-no-cache=1615308756817 HTTP/1.1" 200 1414
190.171.141.114 - - [09/Mar/2021:14:02:20 -0300] "POST /cormun/servlet/solicitudot?gx-no-cache=1615308756979 HTTP/1.1" 200 41
190.171.141.114 - - [09/Mar/2021:14:02:20 -0300] "GET /cormun/servlet/solicitudot?790272d304daed8bde826b6c147fe6f0c16bf3cbf2df39f8190befbd2d40dd2e9cc99155d2aea127adab48f5eb2408efedd1d2c0276e5953d6d12c75231878bd69179eed5f1982e2933cd6b55bc3bd95b397143c17c0e86f6a016d34024c429be14acad4e476c2f8bd025db5852d95a4,gx-no-cache=1615308757028 HTTP/1.1" 200 110
190.171.141.114 - - [09/Mar/2021:14:02:20 -0300] "POST /cormun/servlet/solicitudot?gx-no-cache=1615308757078 HTTP/1.1" 200 97
190.171.141.114 - - [09/Mar/2021:14:02:20 -0300] "GET /cormun/servlet/solicitudot?790272d304daed8bde826b6c147fe6f0a8a601aa405010cd809a5e128cec2179871f81c68131d99c5429a0c7826b7538,gx-no-cache=1615308757125 HTTP/1.1" 200 30
190.171.141.114 - - [09/Mar/2021:14:02:20 -0300] "POST /cormun/servlet/solicitudot?gx-no-cache=1615308757169 HTTP/1.1" 200 30
190.171.141.114 - - [09/Mar/2021:14:02:21 -0300] "POST /cormun/servlet/solicitudot?086259459b22d5918def27a8acf6817a,INS,0,0,false,,gx-no-cache=1615308757218 HTTP/1.1" 200 93
190.171.141.114 - - [09/Mar/2021:14:02:21 -0300] "GET /cormun/servlet/hpexe_return? HTTP/1.1" 200 1012
190.171.141.114 - - [09/Mar/2021:14:02:22 -0300] "GET /cormun/servlet/trsolicitudot HTTP/1.1" 200 8601
190.171.141.114 - - [09/Mar/2021:14:02:24 -0300] "GET /cormun/servlet/trsolicitudot HTTP/1.1" 200 8597
190.171.144.234 - - [09/Mar/2021:14:06:33 -0300] "GET /cormun/servlet/hlogin HTTP/1.1" 200 1732
190.171.144.234 - - [09/Mar/2021:14:06:44 -0300] "POST /cormun/servlet/hlogin?0af80cc354c3b0f43532a73b7a9be48b,gx-no-cache=1615309020544 HTTP/1.1" 200 90
190.171.144.234 - - [09/Mar/2021:14:06:44 -0300] "GET /cormun/servlet/hpexe_link HTTP/1.1" 200 959
190.171.144.234 - - [09/Mar/2021:14:06:44 -0300] "GET /cormun/servlet/hhome HTTP/1.1" 200 3971
190.171.144.234 - - [09/Mar/2021:14:06:45 -0300] "GET /cormun/servlet/hhome HTTP/1.1" 200 3967
190.171.144.234 - - [09/Mar/2021:14:06:48 -0300] "GET /cormun/servlet/trlicencias? HTTP/1.1" 200 8845
190.171.144.234 - - [09/Mar/2021:14:06:49 -0300] "GET /cormun/servlet/trlicencias? HTTP/1.1" 200 8842
190.171.141.138 - - [09/Mar/2021:14:07:41 -0300] "GET /cormun/servlet/hlogin HTTP/1.1" 200 1728
190.171.141.138 - - [09/Mar/2021:14:07:44 -0300] "POST /cormun/servlet/hlogin?fb674bca67ee8090370d237b83300a65,gx-no-cache=1615309080355 HTTP/1.1" 200 90
190.171.141.138 - - [09/Mar/2021:14:07:44 -0300] "GET /cormun/servlet/hpexe_link HTTP/1.1" 200 955
190.171.141.138 - - [09/Mar/2021:14:07:44 -0300] "GET /cormun/servlet/hhome HTTP/1.1" 200 4467
190.171.141.138 - - [09/Mar/2021:14:07:45 -0300] "GET /cormun/servlet/hhome HTTP/1.1" 200 4464
190.171.141.138 - - [09/Mar/2021:14:07:48 -0300] "GET /cormun/servlet/trlicencias? HTTP/1.1" 200 10687
190.171.141.138 - - [09/Mar/2021:14:07:49 -0300] "GET /cormun/servlet/trlicencias? HTTP/1.1" 200 10685
190.171.141.138 - - [09/Mar/2021:14:08:00 -0300] "GET /cormun/servlet/trsolicitudot? HTTP/1.1" 200 7690
190.171.141.138 - - [09/Mar/2021:14:08:00 -0300] "GET /cormun/servlet/trsolicitudot? HTTP/1.1" 200 7690
190.171.141.138 - - [09/Mar/2021:14:08:06 -0300] "GET /cormun/servlet/solicitudot?INS,0,0,false, HTTP/1.1" 200 15968
190.171.141.138 - - [09/Mar/2021:14:08:07 -0300] "GET /cormun/servlet/solicitudot?INS,0,0,false, HTTP/1.1" 200 15976
190.171.141.138 - - [09/Mar/2021:14:08:14 -0300] "POST /cormun/servlet/solicitudot?gx-no-cache=1615309110429 HTTP/1.1" 200 3799
190.171.141.138 - - [09/Mar/2021:14:08:14 -0300] "POST /cormun/servlet/solicitudot?fb674bca67ee8090370d237b83300a65,INS,0,0,false,,gx-no-cache=1615309110624 HTTP/1.1" 200 12502
190.171.141.138 - - [09/Mar/2021:14:08:27 -0300] "GET /cormun/servlet/solicitudot?6deebcafda4eced0952a1cd625f452e415611067bbc52e3ac436191dd485a7550968a8b442d17937612780dc241e0c95,gx-no-cache=1615309123538 HTTP/1.1" 200 30
190.171.141.138 - - [09/Mar/2021:14:08:50 -0300] "GET /cormun/servlet/solicitudot?6deebcafda4eced0952a1cd625f452e46e495a1e952a707325e9cfe8280ea6f4e51399cc05c53952e9d60f15386ac914229c8bce5689a51cc4c5f1496d42e5b0,gx-no-cache=1615309146603 HTTP/1.1" 200 30
190.171.141.138 - - [09/Mar/2021:14:08:53 -0300] "GET /cormun/servlet/prbanco?,MD,,gxPopupLevel%3D0%3B HTTP/1.1" 200 6794
190.171.141.138 - - [09/Mar/2021:14:09:06 -0300] "GET /cormun/servlet/solicitudot?6deebcafda4eced0952a1cd625f452e44e41ff645bda5671ca5867ba4e8cbc8b,gx-no-cache=1615309162969 HTTP/1.1" 200 53
190.171.141.138 - - [09/Mar/2021:14:09:20 -0300] "POST /cormun/servlet/solicitudot?gx-no-cache=1615309177192 HTTP/1.1" 200 240
190.171.141.138 - - [09/Mar/2021:14:09:20 -0300] "GET /cormun/servlet/solicitudot?6deebcafda4eced0952a1cd625f452e490162cea7050c6246f061614402c9d2c41503a649e236d2ce367a08ed47cdc1df6bb97006911b5eead2691ac951dc9a389a2fde08ac9666e9a65b804ad76fb2388753aab2c43a224ab5936cb17b6917cf11ba34eb042816b29e2fb8f0b298fa5d109ea203bb2e23f5c9a6b8e30d0c98c984c70b1bb6c13335b2539728ec585273e0ad6495fc8f7091fbdc2a1c04a39b25191b7248883179c15d244095ff7438e451e4762f0ca49d43779c88939b429bdfdd99cb94d330b976df554cdc309a98a9fd3cc3de2ce9e1c4f2cc8b5529644c3d79284da0324302464f04773f2498f8f61432cf2e75af8200d584cbadaa38a07e6f4e33ac69ff7435ed538441aaa7f678288a8b54474944d3915e1f62cdf200b2558273024a4f4dd3219b6be8047d16d51070bbc0fbd453674c07e03c06f0089350e0bb6a3bbec2dd252ede795935ddaaa1f82618820e446255117153d957eea5426552affcbed855de3aeb30e841ae6fc09ef118108fa4e2ce54605d6aef0a1,gx-no-cache=1615309177249 HTTP/1.1" 200 30
190.171.141.138 - - [09/Mar/2021:14:09:21 -0300] "POST /cormun/servlet/solicitudot?gx-no-cache=1615309177281 HTTP/1.1" 200 30
190.171.141.138 - - [09/Mar/2021:14:09:21 -0300] "POST /cormun/servlet/solicitudot?gx-no-cache=1615309177406 HTTP/1.1" 200 1410
190.171.141.138 - - [09/Mar/2021:14:09:21 -0300] "POST /cormun/servlet/solicitudot?gx-no-cache=1615309177584 HTTP/1.1" 200 38
190.171.141.138 - - [09/Mar/2021:14:09:25 -0300] "POST /cormun/servlet/solicitudot?gx-no-cache=1615309181404 HTTP/1.1" 200 30
190.171.141.138 - - [09/Mar/2021:14:09:51 -0300] "GET /cormun/servlet/prlicenciaspermisos?15806390,L,,MD,,gxPopupLevel%3D0%3B HTTP/1.1" 200 6514
190.171.141.138 - - [09/Mar/2021:14:09:55 -0300] "POST /cormun/servlet/solicitudot?gx-no-cache=1615309211341 HTTP/1.1" 200 1413
190.171.141.138 - - [09/Mar/2021:14:09:57 -0300] "POST /cormun/servlet/solicitudot?gx-no-cache=1615309214238 HTTP/1.1" 200 40
190.171.141.138 - - [09/Mar/2021:14:10:03 -0300] "GET /cormun/servlet/solicitudot?6deebcafda4eced0952a1cd625f452e40511072586ce4e4c584337ed4cdea33af9b2b2f2728d28bf47df72c62b97bee651b5160064f40643bc8aeb8ccb04e3c60a7f7757ba3105c99d0b9478fdda494cf683d44506d1e0d2183d60844865fa31442a18ca598a1e73eb6904e078c32757,gx-no-cache=1615309220228 HTTP/1.1" 200 110
190.171.141.138 - - [09/Mar/2021:14:10:04 -0300] "POST /cormun/servlet/solicitudot?gx-no-cache=1615309220268 HTTP/1.1" 200 97
190.171.141.138 - - [09/Mar/2021:14:10:12 -0300] "GET /cormun/servlet/solicitudot?6deebcafda4eced0952a1cd625f452e41e0df287450f9eeb6d4135e86a773787fb454c270f629c753d5f6f85742b8adfcb4d683f88267c1cb2ff23030648af8ebceea262f76e554ad63f213f57c55f79104c03721545304c45634502c81ef09638d4e53580d3181479b50a55e5f9e2104601fc88a989a6d8423d2ace37b90ca169b61ec54da731f987c9941cf2ca236e6e2f21425fd0a532350a7a9b724caa41,gx-no-cache=1615309228981 HTTP/1.1" 200 29
190.171.141.138 - - [09/Mar/2021:14:10:12 -0300] "GET /cormun/static/menuarrow.gif HTTP/1.1" 404 1015
190.171.141.138 - - [09/Mar/2021:14:10:16 -0300] "GET /cormun/servlet/solicitudot?6deebcafda4eced0952a1cd625f452e48924c5770d96e6f5983c27c80cf9aa9a,gx-no-cache=1615309233111 HTTP/1.1" 200 30
190.171.141.138 - - [09/Mar/2021:14:10:16 -0300] "POST /cormun/servlet/solicitudot?gx-no-cache=1615309233160 HTTP/1.1" 200 30
190.171.141.138 - - [09/Mar/2021:14:11:00 -0300] "GET /cormun/servlet/solicitudot?6deebcafda4eced0952a1cd625f452e408d59b0bcbe6de8bc8f68add025b3ec1661d0a6e5437388391a8abb44f9978e7,gx-no-cache=1615309276518 HTTP/1.1" 200 30
190.171.141.138 - - [09/Mar/2021:14:11:00 -0300] "POST /cormun/servlet/solicitudot?gx-no-cache=1615309276637 HTTP/1.1" 200 34
190.171.141.138 - - [09/Mar/2021:14:11:17 -0300] "POST /cormun/servlet/solicitudot?fb674bca67ee8090370d237b83300a65,INS,0,0,false,,gx-no-cache=1615309293849 HTTP/1.1" 200 93
190.171.141.138 - - [09/Mar/2021:14:11:17 -0300] "GET /cormun/servlet/hpexe_return? HTTP/1.1" 200 1012
190.171.141.138 - - [09/Mar/2021:14:11:18 -0300] "GET /cormun/servlet/trsolicitudot HTTP/1.1" 200 9130
190.171.141.138 - - [09/Mar/2021:14:11:18 -0300] "GET /cormun//static/Resources/PXToolsRemoveAllAction.png HTTP/1.1" 200 487
190.171.141.138 - - [09/Mar/2021:14:11:18 -0300] "GET /cormun//static/Resources/PXToolsActionView.png HTTP/1.1" 200 398
190.171.141.138 - - [09/Mar/2021:14:11:18 -0300] "GET /cormun/servlet/trsolicitudot HTTP/1.1" 200 9125
190.171.153.34 - - [09/Mar/2021:14:11:39 -0300] "GET /cormun/servlet/hlogin HTTP/1.1" 200 1726
190.171.153.34 - - [09/Mar/2021:14:11:40 -0300] "GET /cormun/static/gxcfg.js?201910216285969 HTTP/1.1" 200 953
190.171.153.34 - - [09/Mar/2021:14:11:40 -0300] "GET /cormun/static/hlogin.js?201910216285995 HTTP/1.1" 200 2136
190.171.153.34 - - [09/Mar/2021:14:11:40 -0300] "GET /cormun/static/Resources/Logo2019_Grande.png HTTP/1.1" 200 31733
190.171.153.34 - - [09/Mar/2021:14:11:40 -0300] "GET /cormun/static/Resources/PXToolsLoginTop.png HTTP/1.1" 200 1337
190.171.153.34 - - [09/Mar/2021:14:11:40 -0300] "GET /cormun/static/Resources/PXToolsLoginBackground.png HTTP/1.1" 200 1164
190.171.153.34 - - [09/Mar/2021:14:11:40 -0300] "GET /cormun/static/Resources/PXToolsLoginBottom.png HTTP/1.1" 200 1389
190.171.153.34 - - [09/Mar/2021:14:11:40 -0300] "GET /cormun/servlet/hlogin HTTP/1.1" 200 1736
190.171.141.138 - - [09/Mar/2021:14:11:50 -0300] "POST /cormun/servlet/trsolicitudot?fb674bca67ee8090370d237b83300a65,gx-no-cache=1615309326440 HTTP/1.1" 200 107
190.171.141.138 - - [09/Mar/2021:14:11:50 -0300] "GET /cormun/servlet/trsolicitudadjuntos?2021,16664, HTTP/1.1" 200 6567
190.171.153.34 - - [09/Mar/2021:14:11:50 -0300] "POST /cormun/servlet/hlogin?6dc091cb5e1fde8662709812b5ef1e70,gx-no-cache=1615309326903 HTTP/1.1" 200 90
190.171.153.34 - - [09/Mar/2021:14:11:50 -0300] "GET /cormun/servlet/hpexe_link HTTP/1.1" 200 953
190.171.153.34 - - [09/Mar/2021:14:11:50 -0300] "GET /cormun/static/gxcfg.js?201991422392958 HTTP/1.1" 200 953
190.171.153.34 - - [09/Mar/2021:14:11:50 -0300] "GET /cormun/static/hpexe_link.js?201991422392963 HTTP/1.1" 200 625
190.171.153.34 - - [09/Mar/2021:14:11:50 -0300] "GET /cormun/servlet/hhome HTTP/1.1" 200 4343
190.171.153.34 - - [09/Mar/2021:14:11:50 -0300] "GET /cormun/static/gxcfg.js?20201215495537 HTTP/1.1" 200 953
190.171.141.138 - - [09/Mar/2021:14:11:51 -0300] "GET /cormun/static/gxcfg.js?20201215574222 HTTP/1.1" 200 953
190.171.141.138 - - [09/Mar/2021:14:11:51 -0300] "GET /cormun/static/trsolicitudadjuntos.js?20201215574932 HTTP/1.1" 200 17922
190.171.141.138 - - [09/Mar/2021:14:11:51 -0300] "GET /cormun/static/Resources/PXToolsGridNew.png HTTP/1.1" 200 427
190.171.153.34 - - [09/Mar/2021:14:11:51 -0300] "GET /cormun/static/hhome.js?20201215495544 HTTP/1.1" 200 777
190.171.141.138 - - [09/Mar/2021:14:11:51 -0300] "GET /cormun/servlet/trsolicitudadjuntos?2021,16664, HTTP/1.1" 200 6567
190.171.153.34 - - [09/Mar/2021:14:11:51 -0300] "GET /cormun/servlet/hhome HTTP/1.1" 200 4338
190.171.153.34 - - [09/Mar/2021:14:11:57 -0300] "GET /cormun/servlet/trautorizarsolicitud? HTTP/1.1" 200 7456
190.171.153.34 - - [09/Mar/2021:14:11:58 -0300] "GET /cormun/servlet/trautorizarsolicitud? HTTP/1.1" 200 7454
190.171.153.34 - - [09/Mar/2021:14:12:02 -0300] "GET /cormun/servlet/trautorizarsolicitud? HTTP/1.1" 200 7454
190.171.153.34 - - [09/Mar/2021:14:12:03 -0300] "GET /cormun/servlet/trautorizarsolicitud? HTTP/1.1" 200 7454
190.171.141.138 - - [09/Mar/2021:14:12:05 -0300] "GET /cormun/servlet/solicitudotadjuntos?INS,2021,16664,,1, HTTP/1.1" 200 6511
190.171.141.138 - - [09/Mar/2021:14:12:05 -0300] "GET /cormun/static/gxcfg.js?202012157947 HTTP/1.1" 200 953
190.171.141.138 - - [09/Mar/2021:14:12:05 -0300] "GET /cormun/static/solicitudotadjuntos.js?202012157966 HTTP/1.1" 200 11771
190.171.141.138 - - [09/Mar/2021:14:12:06 -0300] "GET /cormun/static/about:blank HTTP/1.1" 404 1011
190.171.141.138 - - [09/Mar/2021:14:12:06 -0300] "GET /cormun/servlet/solicitudotadjuntos?INS,2021,16664,,1, HTTP/1.1" 200 6504
190.171.141.138 - - [09/Mar/2021:14:12:06 -0300] "GET /cormun/servlet/solicitudotadjuntos?6deebcafda4eced0952a1cd625f452e417cf0f80cb02577087efb91f08456ccb9a7848cda3f3fe4451d0fd011c4f2f7d,gx-no-cache=1615309342973 HTTP/1.1" 200 30
190.171.141.138 - - [09/Mar/2021:14:12:06 -0300] "POST /cormun/servlet/solicitudotadjuntos?fb674bca67ee8090370d237b83300a65,INS,2021,16664,,1,,gx-no-cache=1615309343003 HTTP/1.1" 200 4191
190.171.153.34 - - [09/Mar/2021:14:12:09 -0300] "GET /cormun/static/menuarrow.gif HTTP/1.1" 404 1015
190.171.141.138 - - [09/Mar/2021:14:12:11 -0300] "POST /cormun/servlet/solicitudotadjuntos?gx-no-cache=1615309347315 HTTP/1.1" 200 26
190.171.141.138 - - [09/Mar/2021:14:12:20 -0300] "GET /cormun/servlet/solicitudotadjuntos?6deebcafda4eced0952a1cd625f452e4b7b5461b84d6cb4ef33b13a98f43a20e,gx-no-cache=1615309356808 HTTP/1.1" 200 30
190.171.141.138 - - [09/Mar/2021:14:12:20 -0300] "GET /cormun/servlet/solicitudotadjuntos?6deebcafda4eced0952a1cd625f452e4b7b5461b84d6cb4ef33b13a98f43a20e,gx-no-cache=1615309356841 HTTP/1.1" 200 30
190.171.141.138 - - [09/Mar/2021:14:12:20 -0300] "POST /cormun/servlet/solicitudotadjuntos?fb674bca67ee8090370d237b83300a65,INS,2021,16664,,1, HTTP/1.1" 200 116
190.171.141.138 - - [09/Mar/2021:14:12:20 -0300] "GET /cormun/servlet/hpexe_return? HTTP/1.1" 200 1029
190.171.141.138 - - [09/Mar/2021:14:12:21 -0300] "GET /cormun/servlet/trsolicitudadjuntos?2021,16664, HTTP/1.1" 200 9329
190.171.141.138 - - [09/Mar/2021:14:12:21 -0300] "GET /cormun/servlet/trsolicitudadjuntos?2021,16664, HTTP/1.1" 200 9328
190.171.141.138 - - [09/Mar/2021:14:12:26 -0300] "GET /cormun/servlet/solicitudotadjuntos?INS,2021,16664,,1, HTTP/1.1" 200 6511
190.171.141.138 - - [09/Mar/2021:14:12:26 -0300] "GET /cormun/static/about:blank HTTP/1.1" 404 1011
190.171.141.138 - - [09/Mar/2021:14:12:26 -0300] "GET /cormun/servlet/solicitudotadjuntos?INS,2021,16664,,1, HTTP/1.1" 200 6504
190.171.141.138 - - [09/Mar/2021:14:12:27 -0300] "GET /cormun/servlet/solicitudotadjuntos?6deebcafda4eced0952a1cd625f452e417cf0f80cb02577087efb91f08456ccb9a7848cda3f3fe4451d0fd011c4f2f7d,gx-no-cache=1615309363670 HTTP/1.1" 200 30
190.171.141.138 - - [09/Mar/2021:14:12:27 -0300] "POST /cormun/servlet/solicitudotadjuntos?fb674bca67ee8090370d237b83300a65,INS,2021,16664,,1,,gx-no-cache=1615309363703 HTTP/1.1" 200 4191
190.171.153.34 - - [09/Mar/2021:14:12:30 -0300] "POST /cormun/servlet/trautorizarsolicitud?6dc091cb5e1fde8662709812b5ef1e70,,gx-no-cache=1615309367162 HTTP/1.1" 200 9922
190.171.141.138 - - [09/Mar/2021:14:12:32 -0300] "POST /cormun/servlet/solicitudotadjuntos?gx-no-cache=1615309368531 HTTP/1.1" 200 26
190.171.141.138 - - [09/Mar/2021:14:12:41 -0300] "GET /cormun/servlet/solicitudotadjuntos?6deebcafda4eced0952a1cd625f452e4b7b5461b84d6cb4ef33b13a98f43a20e,gx-no-cache=1615309378151 HTTP/1.1" 200 30
190.171.141.138 - - [09/Mar/2021:14:12:41 -0300] "GET /cormun/servlet/solicitudotadjuntos?6deebcafda4eced0952a1cd625f452e4b7b5461b84d6cb4ef33b13a98f43a20e,gx-no-cache=1615309378184 HTTP/1.1" 200 30
190.171.141.138 - - [09/Mar/2021:14:12:42 -0300] "POST /cormun/servlet/solicitudotadjuntos?fb674bca67ee8090370d237b83300a65,INS,2021,16664,,1, HTTP/1.1" 200 116
190.171.141.138 - - [09/Mar/2021:14:12:42 -0300] "GET /cormun/servlet/hpexe_return? HTTP/1.1" 200 1029
190.171.141.138 - - [09/Mar/2021:14:12:42 -0300] "GET /cormun/servlet/trsolicitudadjuntos?2021,16664, HTTP/1.1" 200 9571
190.171.141.138 - - [09/Mar/2021:14:12:42 -0300] "GET /cormun/servlet/trsolicitudadjuntos?2021,16664, HTTP/1.1" 200 9567
190.171.141.138 - - [09/Mar/2021:14:12:44 -0300] "GET /cormun/servlet/solicitudotadjuntos?INS,2021,16664,,1, HTTP/1.1" 200 6511
190.171.141.138 - - [09/Mar/2021:14:12:45 -0300] "GET /cormun/static/about:blank HTTP/1.1" 404 1011
190.171.141.138 - - [09/Mar/2021:14:12:45 -0300] "GET /cormun/servlet/solicitudotadjuntos?INS,2021,16664,,1, HTTP/1.1" 200 6504
190.171.141.138 - - [09/Mar/2021:14:12:45 -0300] "GET /cormun/servlet/solicitudotadjuntos?6deebcafda4eced0952a1cd625f452e417cf0f80cb02577087efb91f08456ccb9a7848cda3f3fe4451d0fd011c4f2f7d,gx-no-cache=1615309382125 HTTP/1.1" 200 30
190.171.141.138 - - [09/Mar/2021:14:12:45 -0300] "POST /cormun/servlet/solicitudotadjuntos?fb674bca67ee8090370d237b83300a65,INS,2021,16664,,1,,gx-no-cache=1615309382158 HTTP/1.1" 200 4191
190.171.141.138 - - [09/Mar/2021:14:12:54 -0300] "POST /cormun/servlet/solicitudotadjuntos?gx-no-cache=1615309390375 HTTP/1.1" 200 26
190.171.153.34 - - [09/Mar/2021:14:12:58 -0300] "POST /cormun/servlet/trautorizarsolicitud?6dc091cb5e1fde8662709812b5ef1e70,,gx-no-cache=1615309394834 HTTP/1.1" 200 9935
190.171.153.34 - - [09/Mar/2021:14:12:58 -0300] "GET /cormun/static/Shared/jqueryui/images/ui-bg_highlight-soft_100_c6c2c8_1x100.png HTTP/1.1" 404 1117
190.171.153.34 - - [09/Mar/2021:14:12:58 -0300] "GET /cormun/static/Shared/jqueryui/images/ui-icons_82798d_256x240.png HTTP/1.1" 404 1089
190.171.153.34 - - [09/Mar/2021:14:12:58 -0300] "GET /cormun/static/Shared/jqueryui/images/ui-bg_flat_55_fafafa_40x100.png HTTP/1.1" 404 1097
190.171.153.34 - - [09/Mar/2021:14:12:58 -0300] "GET /cormun/static/Shared/jqueryui/images/ui-icons_8d78a5_256x240.png HTTP/1.1" 404 1089
190.171.141.138 - - [09/Mar/2021:14:13:01 -0300] "GET /cormun/servlet/solicitudotadjuntos?6deebcafda4eced0952a1cd625f452e4b7b5461b84d6cb4ef33b13a98f43a20e,gx-no-cache=1615309397329 HTTP/1.1" 200 30
190.171.141.138 - - [09/Mar/2021:14:13:01 -0300] "GET /cormun/servlet/solicitudotadjuntos?6deebcafda4eced0952a1cd625f452e4b7b5461b84d6cb4ef33b13a98f43a20e,gx-no-cache=1615309397363 HTTP/1.1" 200 30
190.171.153.34 - - [09/Mar/2021:14:13:01 -0300] "POST /cormun/servlet/trautorizarsolicitud?6dc091cb5e1fde8662709812b5ef1e70,,gx-no-cache=1615309397514 HTTP/1.1" 200 9935
190.171.141.138 - - [09/Mar/2021:14:13:01 -0300] "POST /cormun/servlet/solicitudotadjuntos?fb674bca67ee8090370d237b83300a65,INS,2021,16664,,1, HTTP/1.1" 200 116
190.171.141.138 - - [09/Mar/2021:14:13:01 -0300] "GET /cormun/servlet/hpexe_return? HTTP/1.1" 200 1029
190.171.141.138 - - [09/Mar/2021:14:13:02 -0300] "GET /cormun/servlet/trsolicitudadjuntos?2021,16664, HTTP/1.1" 200 9828
190.171.153.34 - - [09/Mar/2021:14:13:02 -0300] "POST /cormun/servlet/trautorizarsolicitud?6dc091cb5e1fde8662709812b5ef1e70,,gx-no-cache=1615309398626 HTTP/1.1" 200 9935
190.171.141.138 - - [09/Mar/2021:14:13:02 -0300] "GET /cormun/servlet/trsolicitudadjuntos?2021,16664, HTTP/1.1" 200 9827
190.171.153.34 - - [09/Mar/2021:14:13:03 -0300] "POST /cormun/servlet/trautorizarsolicitud?6dc091cb5e1fde8662709812b5ef1e70,,gx-no-cache=1615309399896 HTTP/1.1" 200 9934
190.171.153.34 - - [09/Mar/2021:14:13:05 -0300] "POST /cormun/servlet/trautorizarsolicitud?6dc091cb5e1fde8662709812b5ef1e70,,gx-no-cache=1615309401401 HTTP/1.1" 200 9934
190.171.153.34 - - [09/Mar/2021:14:13:06 -0300] "POST /cormun/servlet/trautorizarsolicitud?6dc091cb5e1fde8662709812b5ef1e70,,gx-no-cache=1615309402696 HTTP/1.1" 200 9935
190.171.153.34 - - [09/Mar/2021:14:13:08 -0300] "POST /cormun/servlet/trautorizarsolicitud?6dc091cb5e1fde8662709812b5ef1e70,,gx-no-cache=1615309404281 HTTP/1.1" 200 9934
190.171.153.34 - - [09/Mar/2021:14:13:09 -0300] "POST /cormun/servlet/trautorizarsolicitud?6dc091cb5e1fde8662709812b5ef1e70,,gx-no-cache=1615309405400 HTTP/1.1" 200 9935
190.171.141.138 - - [09/Mar/2021:14:13:11 -0300] "GET /cormun/servlet/trhorasextrasplan? HTTP/1.1" 200 7133
190.171.153.34 - - [09/Mar/2021:14:13:11 -0300] "POST /cormun/servlet/trautorizarsolicitud?6dc091cb5e1fde8662709812b5ef1e70,,gx-no-cache=1615309407136 HTTP/1.1" 200 9934
190.171.141.138 - - [09/Mar/2021:14:13:11 -0300] "GET /cormun/static/gxcfg.js?20201216235959 HTTP/1.1" 200 953
190.171.141.138 - - [09/Mar/2021:14:13:11 -0300] "GET /cormun/static/trhorasextrasplan.js?2020121624226 HTTP/1.1" 200 24934
190.171.141.138 - - [09/Mar/2021:14:13:11 -0300] "GET /cormun/servlet/trhorasextrasplan? HTTP/1.1" 200 7119
190.171.153.34 - - [09/Mar/2021:14:13:12 -0300] "POST /cormun/servlet/trautorizarsolicitud?6dc091cb5e1fde8662709812b5ef1e70,,gx-no-cache=1615309409177 HTTP/1.1" 200 9935
190.171.153.34 - - [09/Mar/2021:14:13:15 -0300] "POST /cormun/servlet/trautorizarsolicitud?6dc091cb5e1fde8662709812b5ef1e70,,gx-no-cache=1615309411288 HTTP/1.1" 200 9935
190.171.141.138 - - [09/Mar/2021:14:13:15 -0300] "GET /cormun/servlet/trsolicitudot? HTTP/1.1" 200 9125
190.171.141.138 - - [09/Mar/2021:14:13:16 -0300] "GET /cormun/servlet/trsolicitudot? HTTP/1.1" 200 9124
190.171.153.34 - - [09/Mar/2021:14:13:17 -0300] "POST /cormun/servlet/trautorizarsolicitud?6dc091cb5e1fde8662709812b5ef1e70,,gx-no-cache=1615309413919 HTTP/1.1" 200 9935
190.171.141.138 - - [09/Mar/2021:14:13:32 -0300] "GET /cormun/servlet/solicitudot?INS,0,0,false, HTTP/1.1" 200 15967
190.171.141.138 - - [09/Mar/2021:14:13:32 -0300] "GET /cormun/servlet/solicitudot?INS,0,0,false, HTTP/1.1" 200 15975
190.171.141.138 - - [09/Mar/2021:14:13:39 -0300] "POST /cormun/servlet/solicitudot?gx-no-cache=1615309435429 HTTP/1.1" 200 3799
190.171.141.138 - - [09/Mar/2021:14:13:39 -0300] "POST /cormun/servlet/solicitudot?fb674bca67ee8090370d237b83300a65,INS,0,0,false,,gx-no-cache=1615309435620 HTTP/1.1" 200 12502
190.171.141.138 - - [09/Mar/2021:14:13:41 -0300] "GET /cormun/servlet/solicitudot?6deebcafda4eced0952a1cd625f452e415611067bbc52e3ac436191dd485a7550968a8b442d17937612780dc241e0c95,gx-no-cache=1615309437656 HTTP/1.1" 200 30
190.171.141.138 - - [09/Mar/2021:14:13:46 -0300] "GET /cormun/servlet/solicitudot?6deebcafda4eced0952a1cd625f452e46e495a1e952a707325e9cfe8280ea6f4e51399cc05c53952e9d60f15386ac914229c8bce5689a51cc4c5f1496d42e5b0,gx-no-cache=1615309443038 HTTP/1.1" 200 30
190.171.141.138 - - [09/Mar/2021:14:13:49 -0300] "GET /cormun/servlet/solicitudot?6deebcafda4eced0952a1cd625f452e44e41ff645bda5671ca5867ba4e8cbc8b,gx-no-cache=1615309445532 HTTP/1.1" 200 53
190.171.141.138 - - [09/Mar/2021:14:14:03 -0300] "POST /cormun/servlet/solicitudot?gx-no-cache=1615309459449 HTTP/1.1" 200 240
190.171.141.138 - - [09/Mar/2021:14:14:03 -0300] "GET /cormun/servlet/solicitudot?6deebcafda4eced0952a1cd625f452e490162cea7050c6246f061614402c9d2c41503a649e236d2ce367a08ed47cdc1df6bb97006911b5eead2691ac951dc9a389a2fde08ac9666e9a65b804ad76fb2388753aab2c43a224ab5936cb17b6917cf11ba34eb042816b29e2fb8f0b298fa5d109ea203bb2e23f5c9a6b8e30d0c98c984c70b1bb6c13335b2539728ec585273e0ad6495fc8f7091fbdc2a1c04a39b25191b7248883179c15d244095ff7438e451e4762f0ca49d43779c88939b429bdfdd99cb94d330b976df554cdc309a98a9fd3cc3de2ce9e1c4f2cc8b5529644c3d79284da0324302464f04773f2498f8f61432cf2e75af8200d584cbadaa38a07e6f4e33ac69ff7435ed538441aaa7f678288a8b54474944d3915e1f62cdf200b2558273024a4f4dd3219b6be8047d16d51070bbc0fbd453674c07e03c06f0089350e0bb6a3bbec2dd252ede795935ddaaa1f82618820e446255117153d957eea5426552affcbed855de3aeb30e841ae6fc09ef118108fa4e2ce54605d6aef0a1,gx-no-cache=1615309459514 HTTP/1.1" 200 30
190.171.141.138 - - [09/Mar/2021:14:14:06 -0300] "POST /cormun/servlet/solicitudot?gx-no-cache=1615309462440 HTTP/1.1" 200 30
190.171.141.138 - - [09/Mar/2021:14:14:27 -0300] "GET /cormun/servlet/prlicenciaspermisos?15806390,L,,MD,,gxPopupLevel%3D0%3B HTTP/1.1" 200 6514
190.171.141.138 - - [09/Mar/2021:14:14:29 -0300] "POST /cormun/servlet/solicitudot?gx-no-cache=1615309486068 HTTP/1.1" 200 1413
190.171.141.138 - - [09/Mar/2021:14:14:32 -0300] "POST /cormun/servlet/solicitudot?gx-no-cache=1615309488399 HTTP/1.1" 200 40
190.171.141.138 - - [09/Mar/2021:14:14:38 -0300] "GET /cormun/servlet/solicitudot?6deebcafda4eced0952a1cd625f452e40511072586ce4e4c584337ed4cdea33af9b2b2f2728d28bf47df72c62b97bee651b5160064f40643bc8aeb8ccb04e3c60a7f7757ba3105c99d0b9478fdda494cf683d44506d1e0d2183d60844865fa31442a18ca598a1e73eb6904e078c32757,gx-no-cache=1615309494861 HTTP/1.1" 200 110
190.171.141.138 - - [09/Mar/2021:14:14:38 -0300] "POST /cormun/servlet/solicitudot?gx-no-cache=1615309494926 HTTP/1.1" 200 97
190.171.141.138 - - [09/Mar/2021:14:14:52 -0300] "GET /cormun/servlet/solicitudot?6deebcafda4eced0952a1cd625f452e41e0df287450f9eeb6d4135e86a773787fb454c270f629c753d5f6f85742b8adfcb4d683f88267c1cb2ff23030648af8ebceea262f76e554ad63f213f57c55f79104c03721545304c45634502c81ef09638d4e53580d3181479b50a55e5f9e2104601fc88a989a6d8423d2ace37b90ca169b61ec54da731f987c9941cf2ca236e6e2f21425fd0a532350a7a9b724caa41,gx-no-cache=1615309509074 HTTP/1.1" 200 29
190.171.141.138 - - [09/Mar/2021:14:14:52 -0300] "GET /cormun/static/menuarrow.gif HTTP/1.1" 404 1015
190.171.141.138 - - [09/Mar/2021:14:14:55 -0300] "GET /cormun/servlet/solicitudot?6deebcafda4eced0952a1cd625f452e408d59b0bcbe6de8bc8f68add025b3ec1661d0a6e5437388391a8abb44f9978e7,gx-no-cache=1615309511350 HTTP/1.1" 200 30
190.171.141.138 - - [09/Mar/2021:14:14:55 -0300] "POST /cormun/servlet/solicitudot?gx-no-cache=1615309511415 HTTP/1.1" 200 32
190.171.141.138 - - [09/Mar/2021:14:15:05 -0300] "POST /cormun/servlet/solicitudot?fb674bca67ee8090370d237b83300a65,INS,0,0,false,,gx-no-cache=1615309521341 HTTP/1.1" 200 93
190.171.141.138 - - [09/Mar/2021:14:15:05 -0300] "GET /cormun/servlet/hpexe_return? HTTP/1.1" 200 1012
190.171.141.138 - - [09/Mar/2021:14:15:05 -0300] "GET /cormun/servlet/trsolicitudot HTTP/1.1" 200 9466
190.171.141.138 - - [09/Mar/2021:14:15:06 -0300] "GET /cormun/servlet/trsolicitudot HTTP/1.1" 200 9462
190.171.141.138 - - [09/Mar/2021:14:15:40 -0300] "POST /cormun/servlet/trsolicitudot?fb674bca67ee8090370d237b83300a65,gx-no-cache=1615309556839 HTTP/1.1" 200 107
190.171.141.138 - - [09/Mar/2021:14:15:41 -0300] "GET /cormun/servlet/trsolicitudadjuntos?2021,16664, HTTP/1.1" 200 9825
190.171.141.138 - - [09/Mar/2021:14:15:41 -0300] "GET /cormun/servlet/trsolicitudadjuntos?2021,16664, HTTP/1.1" 200 9827
190.171.141.138 - - [09/Mar/2021:14:15:46 -0300] "GET /cormun/servlet/solicitudotadjuntos?INS,2021,16664,,1, HTTP/1.1" 200 6511
190.171.141.138 - - [09/Mar/2021:14:15:46 -0300] "GET /cormun/static/about:blank HTTP/1.1" 404 1011
190.171.141.138 - - [09/Mar/2021:14:15:47 -0300] "GET /cormun/servlet/solicitudotadjuntos?INS,2021,16664,,1, HTTP/1.1" 200 6504
190.171.141.138 - - [09/Mar/2021:14:15:47 -0300] "GET /cormun/servlet/solicitudotadjuntos?6deebcafda4eced0952a1cd625f452e417cf0f80cb02577087efb91f08456ccb9a7848cda3f3fe4451d0fd011c4f2f7d,gx-no-cache=1615309563947 HTTP/1.1" 200 30
190.171.141.138 - - [09/Mar/2021:14:15:47 -0300] "POST /cormun/servlet/solicitudotadjuntos?fb674bca67ee8090370d237b83300a65,INS,2021,16664,,1,,gx-no-cache=1615309563972 HTTP/1.1" 200 4195
190.171.141.114 - - [09/Mar/2021:14:17:08 -0300] "GET /cormun/servlet/trsolicitudot? HTTP/1.1" 200 8597
190.171.141.114 - - [09/Mar/2021:14:17:09 -0300] "GET /cormun/servlet/trsolicitudot? HTTP/1.1" 200 8597
190.171.141.114 - - [09/Mar/2021:14:17:44 -0300] "POST /cormun/servlet/trsolicitudot?086259459b22d5918def27a8acf6817a,,gx-no-cache=1615309680473 HTTP/1.1" 200 107
190.171.141.114 - - [09/Mar/2021:14:17:44 -0300] "GET /cormun/servlet/trsolicitudadjuntos?2021,16663, HTTP/1.1" 200 6085
190.171.141.114 - - [09/Mar/2021:14:17:44 -0300] "GET /cormun/static/gxcfg.js?20201215574222 HTTP/1.1" 200 953
190.171.141.114 - - [09/Mar/2021:14:17:44 -0300] "GET /cormun/static/trsolicitudadjuntos.js?20201215574932 HTTP/1.1" 200 17922
190.171.141.114 - - [09/Mar/2021:14:17:44 -0300] "GET /cormun/static/Resources/PXToolsGridNew.png HTTP/1.1" 200 427
190.171.141.138 - - [09/Mar/2021:14:17:45 -0300] "GET /cormun/servlet/trsolicitudot? HTTP/1.1" 200 9476
190.171.141.138 - - [09/Mar/2021:14:17:46 -0300] "GET /cormun/servlet/trsolicitudot? HTTP/1.1" 200 9462
190.171.141.114 - - [09/Mar/2021:14:17:46 -0300] "GET /cormun/servlet/trsolicitudadjuntos?2021,16663, HTTP/1.1" 200 6085
190.171.141.114 - - [09/Mar/2021:14:17:55 -0300] "GET /cormun/servlet/solicitudotadjuntos?INS,2021,16663,,1, HTTP/1.1" 200 6034
190.171.141.114 - - [09/Mar/2021:14:17:56 -0300] "GET /cormun/static/gxcfg.js?202012157947 HTTP/1.1" 200 953
190.171.141.114 - - [09/Mar/2021:14:17:56 -0300] "GET /cormun/static/solicitudotadjuntos.js?202012157966 HTTP/1.1" 200 11771
190.171.141.114 - - [09/Mar/2021:14:17:56 -0300] "GET /cormun/static/about:blank HTTP/1.1" 404 1011
190.171.141.114 - - [09/Mar/2021:14:17:57 -0300] "GET /cormun/servlet/solicitudotadjuntos?INS,2021,16663,,1, HTTP/1.1" 200 6028
190.171.141.114 - - [09/Mar/2021:14:17:58 -0300] "GET /cormun/servlet/solicitudotadjuntos?790272d304daed8bde826b6c147fe6f0b8d7d15d7abb2c62f17b3c66056bcf852dbc9ae09b014b5381ac5cc14e0e58ee,gx-no-cache=1615309694450 HTTP/1.1" 200 30
190.171.141.114 - - [09/Mar/2021:14:17:58 -0300] "POST /cormun/servlet/solicitudotadjuntos?086259459b22d5918def27a8acf6817a,INS,2021,16663,,1,,gx-no-cache=1615309694501 HTTP/1.1" 200 3903
190.171.141.114 - - [09/Mar/2021:14:18:14 -0300] "POST /cormun/servlet/solicitudotadjuntos?gx-no-cache=1615309710720 HTTP/1.1" 200 26
190.171.141.114 - - [09/Mar/2021:14:18:31 -0300] "GET /cormun/servlet/solicitudotadjuntos?790272d304daed8bde826b6c147fe6f027d8eae0a6011372b3e05e540fae2e66,gx-no-cache=1615309727393 HTTP/1.1" 200 30
190.171.141.114 - - [09/Mar/2021:14:18:31 -0300] "GET /cormun/servlet/solicitudotadjuntos?790272d304daed8bde826b6c147fe6f027d8eae0a6011372b3e05e540fae2e66,gx-no-cache=1615309727423 HTTP/1.1" 200 30
190.171.141.114 - - [09/Mar/2021:14:18:31 -0300] "POST /cormun/servlet/solicitudotadjuntos?086259459b22d5918def27a8acf6817a,INS,2021,16663,,1, HTTP/1.1" 200 116
190.171.141.114 - - [09/Mar/2021:14:18:31 -0300] "GET /cormun/servlet/hpexe_return? HTTP/1.1" 200 1029
190.171.141.114 - - [09/Mar/2021:14:18:31 -0300] "GET /cormun/servlet/trsolicitudadjuntos?2021,16663, HTTP/1.1" 200 8851
190.171.141.114 - - [09/Mar/2021:14:18:33 -0300] "GET /cormun/servlet/trsolicitudadjuntos?2021,16663, HTTP/1.1" 200 8846
190.171.141.114 - - [09/Mar/2021:14:18:36 -0300] "GET /cormun/servlet/solicitudotadjuntos?INS,2021,16663,,1, HTTP/1.1" 200 6035
190.171.141.114 - - [09/Mar/2021:14:18:36 -0300] "GET /cormun/static/about:blank HTTP/1.1" 404 1011
190.171.141.114 - - [09/Mar/2021:14:18:37 -0300] "GET /cormun/servlet/solicitudotadjuntos?INS,2021,16663,,1, HTTP/1.1" 200 6028
190.171.141.114 - - [09/Mar/2021:14:18:38 -0300] "GET /cormun/servlet/solicitudotadjuntos?790272d304daed8bde826b6c147fe6f0b8d7d15d7abb2c62f17b3c66056bcf852dbc9ae09b014b5381ac5cc14e0e58ee,gx-no-cache=1615309734516 HTTP/1.1" 200 30
190.171.141.114 - - [09/Mar/2021:14:18:38 -0300] "POST /cormun/servlet/solicitudotadjuntos?086259459b22d5918def27a8acf6817a,INS,2021,16663,,1,,gx-no-cache=1615309734568 HTTP/1.1" 200 3903
190.171.141.114 - - [09/Mar/2021:14:18:46 -0300] "POST /cormun/servlet/solicitudotadjuntos?gx-no-cache=1615309742398 HTTP/1.1" 200 26
190.171.141.114 - - [09/Mar/2021:14:19:01 -0300] "GET /cormun/servlet/solicitudotadjuntos?790272d304daed8bde826b6c147fe6f027d8eae0a6011372b3e05e540fae2e66,gx-no-cache=1615309757951 HTTP/1.1" 200 30
190.171.141.114 - - [09/Mar/2021:14:19:01 -0300] "GET /cormun/servlet/solicitudotadjuntos?790272d304daed8bde826b6c147fe6f027d8eae0a6011372b3e05e540fae2e66,gx-no-cache=1615309757984 HTTP/1.1" 200 30
190.171.141.114 - - [09/Mar/2021:14:19:01 -0300] "POST /cormun/servlet/solicitudotadjuntos?086259459b22d5918def27a8acf6817a,INS,2021,16663,,1, HTTP/1.1" 200 116
190.171.141.114 - - [09/Mar/2021:14:19:01 -0300] "GET /cormun/servlet/hpexe_return? HTTP/1.1" 200 1029
190.171.141.114 - - [09/Mar/2021:14:19:02 -0300] "GET /cormun/servlet/trsolicitudadjuntos?2021,16663, HTTP/1.1" 200 9081
190.171.141.114 - - [09/Mar/2021:14:19:03 -0300] "GET /cormun/servlet/trsolicitudadjuntos?2021,16663, HTTP/1.1" 200 9080
190.171.141.114 - - [09/Mar/2021:14:19:05 -0300] "GET /cormun/servlet/solicitudotadjuntos?INS,2021,16663,,1, HTTP/1.1" 200 6035
190.171.141.114 - - [09/Mar/2021:14:19:06 -0300] "GET /cormun/static/about:blank HTTP/1.1" 404 1011
190.171.141.114 - - [09/Mar/2021:14:19:07 -0300] "GET /cormun/servlet/solicitudotadjuntos?INS,2021,16663,,1, HTTP/1.1" 200 6028
190.171.141.114 - - [09/Mar/2021:14:19:07 -0300] "GET /cormun/servlet/solicitudotadjuntos?790272d304daed8bde826b6c147fe6f0b8d7d15d7abb2c62f17b3c66056bcf852dbc9ae09b014b5381ac5cc14e0e58ee,gx-no-cache=1615309764250 HTTP/1.1" 200 30
190.171.141.114 - - [09/Mar/2021:14:19:08 -0300] "POST /cormun/servlet/solicitudotadjuntos?086259459b22d5918def27a8acf6817a,INS,2021,16663,,1,,gx-no-cache=1615309764330 HTTP/1.1" 200 3903
190.171.141.114 - - [09/Mar/2021:14:19:12 -0300] "POST /cormun/servlet/solicitudotadjuntos?gx-no-cache=1615309768937 HTTP/1.1" 200 26
190.171.153.34 - - [09/Mar/2021:14:19:50 -0300] "GET /cormun/servlet/treventos?2021,16620, HTTP/1.1" 200 8612
190.171.153.34 - - [09/Mar/2021:14:19:50 -0300] "GET /cormun/static/gxcfg.js?20201215584657 HTTP/1.1" 200 953
190.171.153.34 - - [09/Mar/2021:14:19:50 -0300] "GET /cormun/static/treventos.js?2020121558506 HTTP/1.1" 200 16064
190.171.153.34 - - [09/Mar/2021:14:19:51 -0300] "GET /cormun/servlet/treventos?2021,16620, HTTP/1.1" 200 8616
190.171.153.34 - - [09/Mar/2021:14:20:13 -0300] "GET /cormun/servlet/trautorizarsolicitud? HTTP/1.1" 200 12911
190.171.153.34 - - [09/Mar/2021:14:20:13 -0300] "GET /cormun/servlet/trautorizarsolicitud? HTTP/1.1" 200 12911
190.171.153.34 - - [09/Mar/2021:14:20:28 -0300] "POST /cormun/servlet/trautorizarsolicitud?6dc091cb5e1fde8662709812b5ef1e70,,gx-no-cache=1615309845027 HTTP/1.1" 200 9934
190.171.153.34 - - [09/Mar/2021:14:20:28 -0300] "GET /cormun/static/Shared/jqueryui/images/ui-bg_highlight-soft_100_c6c2c8_1x100.png HTTP/1.1" 404 1117
190.171.153.34 - - [09/Mar/2021:14:20:28 -0300] "GET /cormun/static/Shared/jqueryui/images/ui-icons_82798d_256x240.png HTTP/1.1" 404 1089
190.171.153.34 - - [09/Mar/2021:14:20:28 -0300] "GET /cormun/static/Shared/jqueryui/images/ui-bg_flat_55_fafafa_40x100.png HTTP/1.1" 404 1097
190.171.153.34 - - [09/Mar/2021:14:20:28 -0300] "GET /cormun/static/Shared/jqueryui/images/ui-icons_8d78a5_256x240.png HTTP/1.1" 404 1089
190.171.152.242 - - [09/Mar/2021:14:20:39 -0300] "GET /cormun/servlet/hlogin HTTP/1.1" 200 1730
190.171.152.242 - - [09/Mar/2021:14:20:39 -0300] "GET /cormun/servlet/hlogin HTTP/1.1" 200 1740
190.171.153.34 - - [09/Mar/2021:14:20:43 -0300] "GET /cormun/servlet/trbonoreemplazoaut? HTTP/1.1" 500 10
190.171.141.114 - - [09/Mar/2021:14:20:47 -0300] "POST /cormun/servlet/solicitudotadjuntos?gx-no-cache=1615309863742 HTTP/1.1" 200 26
190.171.153.34 - - [09/Mar/2021:14:20:47 -0300] "GET /cormun/servlet/trautorizarsolicitud? HTTP/1.1" 200 12911
190.171.153.34 - - [09/Mar/2021:14:20:48 -0300] "GET /cormun/servlet/trautorizarsolicitud? HTTP/1.1" 200 12911
190.171.153.34 - - [09/Mar/2021:14:20:52 -0300] "GET /cormun/servlet/trbonoreemplazoaut? HTTP/1.1" 500 10
190.171.153.34 - - [09/Mar/2021:14:20:54 -0300] "GET /cormun/servlet/trautorizarsolicitud? HTTP/1.1" 200 12911
190.171.153.34 - - [09/Mar/2021:14:20:55 -0300] "GET /cormun/servlet/trautorizarsolicitud? HTTP/1.1" 200 12911
190.171.153.34 - - [09/Mar/2021:14:20:59 -0300] "GET /cormun/servlet/trvisualizadoreventos? HTTP/1.1" 200 7121
190.171.153.34 - - [09/Mar/2021:14:20:59 -0300] "GET /cormun/servlet/trvisualizadoreventos? HTTP/1.1" 200 7120
190.171.141.114 - - [09/Mar/2021:14:21:01 -0300] "GET /cormun/servlet/solicitudotadjuntos?790272d304daed8bde826b6c147fe6f027d8eae0a6011372b3e05e540fae2e66,gx-no-cache=1615309877609 HTTP/1.1" 200 30
190.171.141.114 - - [09/Mar/2021:14:21:01 -0300] "GET /cormun/servlet/solicitudotadjuntos?790272d304daed8bde826b6c147fe6f027d8eae0a6011372b3e05e540fae2e66,gx-no-cache=1615309877640 HTTP/1.1" 200 30
190.171.141.114 - - [09/Mar/2021:14:21:01 -0300] "POST /cormun/servlet/solicitudotadjuntos?086259459b22d5918def27a8acf6817a,INS,2021,16663,,1, HTTP/1.1" 200 116
190.171.141.114 - - [09/Mar/2021:14:21:01 -0300] "GET /cormun/servlet/hpexe_return? HTTP/1.1" 200 1029
190.171.141.114 - - [09/Mar/2021:14:21:02 -0300] "GET /cormun/servlet/trsolicitudadjuntos?2021,16663, HTTP/1.1" 200 9298
190.171.152.242 - - [09/Mar/2021:14:21:02 -0300] "POST /cormun/servlet/hlogin?abdb40d0757ac18a1a68d57f8d16ca2a,gx-no-cache=1615309878970 HTTP/1.1" 200 90
190.171.152.242 - - [09/Mar/2021:14:21:02 -0300] "GET /cormun/servlet/hpexe_link HTTP/1.1" 200 956
190.171.152.242 - - [09/Mar/2021:14:21:02 -0300] "GET /cormun/servlet/hhome HTTP/1.1" 200 3998
190.171.152.242 - - [09/Mar/2021:14:21:03 -0300] "GET /cormun/servlet/hhome HTTP/1.1" 200 3995
190.171.141.114 - - [09/Mar/2021:14:21:03 -0300] "GET /cormun/servlet/trsolicitudadjuntos?2021,16663, HTTP/1.1" 200 9295
190.171.141.114 - - [09/Mar/2021:14:21:08 -0300] "GET /cormun/servlet/solicitudotadjuntos?INS,2021,16663,,1, HTTP/1.1" 200 6035
190.171.141.114 - - [09/Mar/2021:14:21:09 -0300] "GET /cormun/static/about:blank HTTP/1.1" 404 1011
190.171.141.114 - - [09/Mar/2021:14:21:10 -0300] "GET /cormun/servlet/solicitudotadjuntos?INS,2021,16663,,1, HTTP/1.1" 200 6028
190.171.141.114 - - [09/Mar/2021:14:21:10 -0300] "GET /cormun/servlet/solicitudotadjuntos?790272d304daed8bde826b6c147fe6f0b8d7d15d7abb2c62f17b3c66056bcf852dbc9ae09b014b5381ac5cc14e0e58ee,gx-no-cache=1615309887196 HTTP/1.1" 200 30
190.171.141.114 - - [09/Mar/2021:14:21:10 -0300] "POST /cormun/servlet/solicitudotadjuntos?086259459b22d5918def27a8acf6817a,INS,2021,16663,,1,,gx-no-cache=1615309887251 HTTP/1.1" 200 3903
190.171.141.114 - - [09/Mar/2021:14:21:14 -0300] "POST /cormun/servlet/solicitudotadjuntos?gx-no-cache=1615309891135 HTTP/1.1" 200 26
190.171.153.34 - - [09/Mar/2021:14:21:18 -0300] "GET /cormun/static/menuarrow.gif HTTP/1.1" 404 1015
190.171.152.242 - - [09/Mar/2021:14:21:21 -0300] "GET /cormun/servlet/trlicencias? HTTP/1.1" 200 9718
190.171.152.242 - - [09/Mar/2021:14:21:21 -0300] "GET /cormun/static/gxcfg.js?2020121613995 HTTP/1.1" 200 953
190.171.152.242 - - [09/Mar/2021:14:21:21 -0300] "GET /cormun/static/trlicencias.js?202012162481 HTTP/1.1" 200 41883
190.171.152.242 - - [09/Mar/2021:14:21:22 -0300] "GET /cormun//static/Resources/PXToolsActionDisabled.gif HTTP/1.1" 200 53
190.171.152.242 - - [09/Mar/2021:14:21:22 -0300] "GET /cormun//static/Resources/PXToolsActionPrint.png HTTP/1.1" 200 404
190.171.152.242 - - [09/Mar/2021:14:21:22 -0300] "GET /cormun//static/Resources/PXToolsHeaderHelp.png HTTP/1.1" 200 1333
190.171.152.242 - - [09/Mar/2021:14:21:22 -0300] "GET /cormun//static/Resources/PXToolsHeaderFavorites.png HTTP/1.1" 200 1414
190.171.152.242 - - [09/Mar/2021:14:21:22 -0300] "GET /cormun/servlet/trlicencias? HTTP/1.1" 200 9716
190.171.153.34 - - [09/Mar/2021:14:21:22 -0300] "POST /cormun/servlet/trvisualizadoreventos?6dc091cb5e1fde8662709812b5ef1e70,,gx-no-cache=1615309898690 HTTP/1.1" 200 4290
190.171.141.114 - - [09/Mar/2021:14:21:26 -0300] "GET /cormun/servlet/solicitudotadjuntos?790272d304daed8bde826b6c147fe6f027d8eae0a6011372b3e05e540fae2e66,gx-no-cache=1615309902577 HTTP/1.1" 200 30
190.171.141.114 - - [09/Mar/2021:14:21:26 -0300] "GET /cormun/servlet/solicitudotadjuntos?790272d304daed8bde826b6c147fe6f027d8eae0a6011372b3e05e540fae2e66,gx-no-cache=1615309902607 HTTP/1.1" 200 30
190.171.141.114 - - [09/Mar/2021:14:21:26 -0300] "POST /cormun/servlet/solicitudotadjuntos?086259459b22d5918def27a8acf6817a,INS,2021,16663,,1, HTTP/1.1" 200 116
190.171.141.114 - - [09/Mar/2021:14:21:26 -0300] "GET /cormun/servlet/hpexe_return? HTTP/1.1" 200 1029
190.171.141.114 - - [09/Mar/2021:14:21:27 -0300] "GET /cormun/servlet/trsolicitudadjuntos?2021,16663, HTTP/1.1" 200 9546
190.171.141.114 - - [09/Mar/2021:14:21:28 -0300] "GET /cormun/servlet/trsolicitudadjuntos?2021,16663, HTTP/1.1" 200 9548
190.171.153.34 - - [09/Mar/2021:14:21:32 -0300] "POST /cormun/servlet/trvisualizadoreventos?6dc091cb5e1fde8662709812b5ef1e70,,gx-no-cache=1615309908344 HTTP/1.1" 200 4292
190.171.141.114 - - [09/Mar/2021:14:21:32 -0300] "GET /cormun/servlet/solicitudotadjuntos?INS,2021,16663,,2, HTTP/1.1" 200 6032
190.171.141.114 - - [09/Mar/2021:14:21:33 -0300] "GET /cormun/static/about:blank HTTP/1.1" 404 1011
190.171.141.114 - - [09/Mar/2021:14:21:34 -0300] "GET /cormun/servlet/solicitudotadjuntos?INS,2021,16663,,2, HTTP/1.1" 200 6026
190.171.141.114 - - [09/Mar/2021:14:21:34 -0300] "GET /cormun/servlet/solicitudotadjuntos?790272d304daed8bde826b6c147fe6f0b8d7d15d7abb2c62f17b3c66056bcf852dbc9ae09b014b5381ac5cc14e0e58ee,gx-no-cache=1615309911151 HTTP/1.1" 200 30
190.171.141.114 - - [09/Mar/2021:14:21:34 -0300] "POST /cormun/servlet/solicitudotadjuntos?086259459b22d5918def27a8acf6817a,INS,2021,16663,,2,,gx-no-cache=1615309911190 HTTP/1.1" 200 4046
190.171.152.242 - - [09/Mar/2021:14:21:35 -0300] "GET /cormun/servlet/licenciaspermisos?INS,0,,, HTTP/1.1" 200 7615
190.171.152.242 - - [09/Mar/2021:14:21:35 -0300] "GET /cormun/static/gxcfg.js?202012153173 HTTP/1.1" 200 953
190.171.152.242 - - [09/Mar/2021:14:21:35 -0300] "GET /cormun/static/licenciaspermisos.js?2020121532136 HTTP/1.1" 200 38824
190.171.152.242 - - [09/Mar/2021:14:21:35 -0300] "GET /cormun/servlet/licenciaspermisos?INS,0,,, HTTP/1.1" 200 7623
190.171.152.242 - - [09/Mar/2021:14:21:39 -0300] "GET /cormun/servlet/prfichaempleado?,MD,,gxPopupLevel%3D0%3B HTTP/1.1" 200 9303
190.171.153.34 - - [09/Mar/2021:14:21:39 -0300] "POST /cormun/servlet/trvisualizadoreventos?6dc091cb5e1fde8662709812b5ef1e70,,gx-no-cache=1615309915727 HTTP/1.1" 200 4298
190.171.153.34 - - [09/Mar/2021:14:21:43 -0300] "GET /cormun/servlet/trvisualizadoreventos? HTTP/1.1" 200 7131
190.171.153.34 - - [09/Mar/2021:14:21:43 -0300] "GET /cormun/servlet/trvisualizadoreventos? HTTP/1.1" 200 7131
190.171.153.34 - - [09/Mar/2021:14:21:45 -0300] "GET /cormun/servlet/trautorizarsolicitud? HTTP/1.1" 200 12912
190.171.153.34 - - [09/Mar/2021:14:21:46 -0300] "GET /cormun/servlet/trautorizarsolicitud? HTTP/1.1" 200 12911
190.171.153.34 - - [09/Mar/2021:14:21:54 -0300] "POST /cormun/servlet/trautorizarsolicitud?6dc091cb5e1fde8662709812b5ef1e70,,gx-no-cache=1615309930653 HTTP/1.1" 200 9943
190.171.153.34 - - [09/Mar/2021:14:21:54 -0300] "GET /cormun/static/Shared/jqueryui/images/ui-icons_82798d_256x240.png HTTP/1.1" 404 1089
190.171.153.34 - - [09/Mar/2021:14:21:54 -0300] "GET /cormun/static/Shared/jqueryui/images/ui-bg_highlight-soft_100_c6c2c8_1x100.png HTTP/1.1" 404 1117
190.171.153.34 - - [09/Mar/2021:14:21:54 -0300] "GET /cormun/static/Shared/jqueryui/images/ui-bg_flat_55_fafafa_40x100.png HTTP/1.1" 404 1097
190.171.153.34 - - [09/Mar/2021:14:21:54 -0300] "GET /cormun/static/Shared/jqueryui/images/ui-icons_8d78a5_256x240.png HTTP/1.1" 404 1089
190.171.141.114 - - [09/Mar/2021:14:22:05 -0300] "POST /cormun/servlet/solicitudotadjuntos?gx-no-cache=1615309941885 HTTP/1.1" 200 26
190.171.153.34 - - [09/Mar/2021:14:22:20 -0300] "POST /cormun/servlet/trautorizarsolicitud?6dc091cb5e1fde8662709812b5ef1e70,,gx-no-cache=1615309957013 HTTP/1.1" 200 4570
190.171.153.34 - - [09/Mar/2021:14:22:28 -0300] "POST /cormun/servlet/trautorizarsolicitud?6dc091cb5e1fde8662709812b5ef1e70,,gx-no-cache=1615309964456 HTTP/1.1" 200 9929
190.171.153.34 - - [09/Mar/2021:14:22:39 -0300] "POST /cormun/servlet/trautorizarsolicitud?6dc091cb5e1fde8662709812b5ef1e70,,gx-no-cache=1615309976135 HTTP/1.1" 200 9943
190.171.153.34 - - [09/Mar/2021:14:23:03 -0300] "GET /cormun/servlet/trcargahoraria? HTTP/1.1" 200 10103
190.171.153.34 - - [09/Mar/2021:14:23:03 -0300] "GET /cormun/static/gxcfg.js?202012113392337 HTTP/1.1" 200 953
190.171.153.34 - - [09/Mar/2021:14:23:04 -0300] "GET /cormun/static/trcargahoraria.js?202012113392783 HTTP/1.1" 200 28768
190.171.141.114 - - [09/Mar/2021:14:23:04 -0300] "GET /cormun/servlet/solicitudotadjuntos?790272d304daed8bde826b6c147fe6f027d8eae0a6011372b3e05e540fae2e66,gx-no-cache=1615310000546 HTTP/1.1" 200 30
