190.171.143.106 - - [08/Mar/2021:08:38:19 -0300] "GET /cormun/servlet/trsolicitudadjuntos?2021,16638, HTTP/1.1" 200 6093
190.171.143.106 - - [08/Mar/2021:08:38:19 -0300] "GET /cormun/static/gxcfg.js?20201215574222 HTTP/1.1" 200 953
190.171.143.106 - - [08/Mar/2021:08:38:19 -0300] "GET /cormun/static/Resources/PXToolsGridNew.png HTTP/1.1" 200 427
190.171.143.106 - - [08/Mar/2021:08:38:19 -0300] "GET /cormun/static/trsolicitudadjuntos.js?20201215574932 HTTP/1.1" 200 17922
190.171.143.106 - - [08/Mar/2021:08:38:20 -0300] "GET /cormun/servlet/trsolicitudadjuntos?2021,16638, HTTP/1.1" 200 6093
190.171.143.106 - - [08/Mar/2021:08:38:22 -0300] "GET /cormun/servlet/solicitudotadjuntos?INS,2021,16638,,1, HTTP/1.1" 200 6044
190.171.143.106 - - [08/Mar/2021:08:38:22 -0300] "GET /cormun/static/gxcfg.js?202012157947 HTTP/1.1" 200 953
190.171.143.106 - - [08/Mar/2021:08:38:22 -0300] "GET /cormun/static/solicitudotadjuntos.js?202012157966 HTTP/1.1" 200 11771
190.171.143.106 - - [08/Mar/2021:08:38:23 -0300] "GET /cormun/static/about:blank HTTP/1.1" 404 1011
190.171.143.106 - - [08/Mar/2021:08:38:23 -0300] "GET /cormun/servlet/solicitudotadjuntos?INS,2021,16638,,1, HTTP/1.1" 200 6038
190.171.143.106 - - [08/Mar/2021:08:38:24 -0300] "GET /cormun/servlet/solicitudotadjuntos?dbf9c23c113048ad022bbaf5041ac173680d56859201382f6ce764f8e3f742f60f0d23d46e765398106c848e52001028,gx-no-cache=1615202920936 HTTP/1.1" 200 30
190.171.143.106 - - [08/Mar/2021:08:38:24 -0300] "POST /cormun/servlet/solicitudotadjuntos?2b066a3256d807bf78ad17af786e1ddd,INS,2021,16638,,1,,gx-no-cache=1615202921328 HTTP/1.1" 200 3908
190.171.143.106 - - [08/Mar/2021:08:38:26 -0300] "POST /cormun/servlet/solicitudotadjuntos?gx-no-cache=1615202923529 HTTP/1.1" 200 26
190.171.143.106 - - [08/Mar/2021:08:38:46 -0300] "GET /cormun/servlet/solicitudotadjuntos?dbf9c23c113048ad022bbaf5041ac173afae6011628ed0ddd43b792cf44b58ad,gx-no-cache=1615202943799 HTTP/1.1" 200 30
190.171.143.106 - - [08/Mar/2021:08:38:46 -0300] "GET /cormun/servlet/solicitudotadjuntos?dbf9c23c113048ad022bbaf5041ac173afae6011628ed0ddd43b792cf44b58ad,gx-no-cache=1615202943851 HTTP/1.1" 200 30
190.171.143.106 - - [08/Mar/2021:08:38:47 -0300] "POST /cormun/servlet/solicitudotadjuntos?2b066a3256d807bf78ad17af786e1ddd,INS,2021,16638,,1, HTTP/1.1" 200 116
190.171.143.106 - - [08/Mar/2021:08:38:47 -0300] "GET /cormun/servlet/hpexe_return? HTTP/1.1" 200 1027
190.171.143.106 - - [08/Mar/2021:08:38:47 -0300] "GET /cormun/servlet/trsolicitudadjuntos?2021,16638, HTTP/1.1" 200 8854
190.171.143.106 - - [08/Mar/2021:08:38:48 -0300] "GET /cormun/servlet/trsolicitudadjuntos?2021,16638, HTTP/1.1" 200 8849
190.171.143.106 - - [08/Mar/2021:08:38:55 -0300] "GET /cormun/servlet/solicitudotadjuntos?INS,2021,16638,,1, HTTP/1.1" 200 6044
190.171.143.106 - - [08/Mar/2021:08:38:55 -0300] "GET /cormun/static/about:blank HTTP/1.1" 404 1011
190.171.143.106 - - [08/Mar/2021:08:38:55 -0300] "GET /cormun/servlet/solicitudotadjuntos?INS,2021,16638,,1, HTTP/1.1" 200 6038
190.171.143.106 - - [08/Mar/2021:08:38:56 -0300] "GET /cormun/servlet/solicitudotadjuntos?dbf9c23c113048ad022bbaf5041ac173680d56859201382f6ce764f8e3f742f60f0d23d46e765398106c848e52001028,gx-no-cache=1615202953254 HTTP/1.1" 200 30
190.171.143.106 - - [08/Mar/2021:08:38:56 -0300] "POST /cormun/servlet/solicitudotadjuntos?2b066a3256d807bf78ad17af786e1ddd,INS,2021,16638,,1,,gx-no-cache=1615202953403 HTTP/1.1" 200 3908
190.171.143.106 - - [08/Mar/2021:08:38:58 -0300] "POST /cormun/servlet/solicitudotadjuntos?gx-no-cache=1615202955317 HTTP/1.1" 200 26
190.171.143.106 - - [08/Mar/2021:08:39:06 -0300] "GET /cormun/servlet/solicitudotadjuntos?dbf9c23c113048ad022bbaf5041ac173afae6011628ed0ddd43b792cf44b58ad,gx-no-cache=1615202963326 HTTP/1.1" 200 30
190.171.143.106 - - [08/Mar/2021:08:39:06 -0300] "GET /cormun/servlet/solicitudotadjuntos?dbf9c23c113048ad022bbaf5041ac173afae6011628ed0ddd43b792cf44b58ad,gx-no-cache=1615202963352 HTTP/1.1" 200 30
190.171.143.106 - - [08/Mar/2021:08:39:06 -0300] "POST /cormun/servlet/solicitudotadjuntos?2b066a3256d807bf78ad17af786e1ddd,INS,2021,16638,,1, HTTP/1.1" 200 116
190.171.143.106 - - [08/Mar/2021:08:39:06 -0300] "GET /cormun/servlet/hpexe_return? HTTP/1.1" 200 1027
190.171.143.106 - - [08/Mar/2021:08:39:06 -0300] "GET /cormun/servlet/trsolicitudadjuntos?2021,16638, HTTP/1.1" 200 9084
190.171.143.106 - - [08/Mar/2021:08:39:07 -0300] "GET /cormun/servlet/trsolicitudadjuntos?2021,16638, HTTP/1.1" 200 9082
190.171.143.106 - - [08/Mar/2021:08:39:09 -0300] "GET /cormun/servlet/solicitudotadjuntos?INS,2021,16638,,1, HTTP/1.1" 200 6044
190.171.143.106 - - [08/Mar/2021:08:39:09 -0300] "GET /cormun/static/about:blank HTTP/1.1" 404 1011
190.171.143.106 - - [08/Mar/2021:08:39:09 -0300] "GET /cormun/servlet/solicitudotadjuntos?INS,2021,16638,,1, HTTP/1.1" 200 6038
190.171.143.106 - - [08/Mar/2021:08:39:10 -0300] "GET /cormun/servlet/solicitudotadjuntos?dbf9c23c113048ad022bbaf5041ac173680d56859201382f6ce764f8e3f742f60f0d23d46e765398106c848e52001028,gx-no-cache=1615202967393 HTTP/1.1" 200 30
190.171.143.106 - - [08/Mar/2021:08:39:10 -0300] "POST /cormun/servlet/solicitudotadjuntos?2b066a3256d807bf78ad17af786e1ddd,INS,2021,16638,,1,,gx-no-cache=1615202967421 HTTP/1.1" 200 3908
190.171.143.106 - - [08/Mar/2021:08:39:12 -0300] "POST /cormun/servlet/solicitudotadjuntos?gx-no-cache=1615202969852 HTTP/1.1" 200 26
190.171.143.106 - - [08/Mar/2021:08:39:39 -0300] "GET /cormun/servlet/solicitudotadjuntos?dbf9c23c113048ad022bbaf5041ac173afae6011628ed0ddd43b792cf44b58ad,gx-no-cache=1615202995979 HTTP/1.1" 200 30
190.171.143.106 - - [08/Mar/2021:08:39:39 -0300] "GET /cormun/servlet/solicitudotadjuntos?dbf9c23c113048ad022bbaf5041ac173afae6011628ed0ddd43b792cf44b58ad,gx-no-cache=1615202996141 HTTP/1.1" 200 30
190.171.143.106 - - [08/Mar/2021:08:39:39 -0300] "POST /cormun/servlet/solicitudotadjuntos?2b066a3256d807bf78ad17af786e1ddd,INS,2021,16638,,1, HTTP/1.1" 200 116
190.171.143.106 - - [08/Mar/2021:08:39:39 -0300] "GET /cormun/servlet/hpexe_return? HTTP/1.1" 200 1027
190.171.143.106 - - [08/Mar/2021:08:39:40 -0300] "GET /cormun/servlet/trsolicitudadjuntos?2021,16638, HTTP/1.1" 200 9254
190.171.143.106 - - [08/Mar/2021:08:39:40 -0300] "GET /cormun/servlet/trsolicitudadjuntos?2021,16638, HTTP/1.1" 200 9252
190.171.143.106 - - [08/Mar/2021:08:39:49 -0300] "GET /cormun/servlet/solicitudotadjuntos?INS,2021,16638,,1, HTTP/1.1" 200 6044
190.171.143.106 - - [08/Mar/2021:08:39:50 -0300] "GET /cormun/static/about:blank HTTP/1.1" 404 1011
190.171.143.106 - - [08/Mar/2021:08:39:50 -0300] "GET /cormun/servlet/solicitudotadjuntos?INS,2021,16638,,1, HTTP/1.1" 200 6038
190.171.143.106 - - [08/Mar/2021:08:39:50 -0300] "GET /cormun/servlet/solicitudotadjuntos?dbf9c23c113048ad022bbaf5041ac173680d56859201382f6ce764f8e3f742f60f0d23d46e765398106c848e52001028,gx-no-cache=1615203007611 HTTP/1.1" 200 30
190.171.143.106 - - [08/Mar/2021:08:39:50 -0300] "POST /cormun/servlet/solicitudotadjuntos?2b066a3256d807bf78ad17af786e1ddd,INS,2021,16638,,1,,gx-no-cache=1615203007684 HTTP/1.1" 200 3908
190.171.143.106 - - [08/Mar/2021:08:39:55 -0300] "POST /cormun/servlet/solicitudotadjuntos?gx-no-cache=1615203012271 HTTP/1.1" 200 26
190.171.143.106 - - [08/Mar/2021:08:40:01 -0300] "GET /cormun/servlet/solicitudotadjuntos?dbf9c23c113048ad022bbaf5041ac173afae6011628ed0ddd43b792cf44b58ad,gx-no-cache=1615203018823 HTTP/1.1" 200 30
190.171.143.106 - - [08/Mar/2021:08:40:01 -0300] "GET /cormun/servlet/solicitudotadjuntos?dbf9c23c113048ad022bbaf5041ac173afae6011628ed0ddd43b792cf44b58ad,gx-no-cache=1615203018898 HTTP/1.1" 200 30
190.171.143.106 - - [08/Mar/2021:08:40:02 -0300] "POST /cormun/servlet/solicitudotadjuntos?2b066a3256d807bf78ad17af786e1ddd,INS,2021,16638,,1, HTTP/1.1" 200 116
190.171.143.106 - - [08/Mar/2021:08:40:02 -0300] "GET /cormun/servlet/hpexe_return? HTTP/1.1" 200 1027
190.171.143.106 - - [08/Mar/2021:08:40:02 -0300] "GET /cormun/servlet/trsolicitudadjuntos?2021,16638, HTTP/1.1" 200 9515
190.171.143.106 - - [08/Mar/2021:08:40:03 -0300] "GET /cormun/servlet/trsolicitudadjuntos?2021,16638, HTTP/1.1" 200 9515
190.171.143.106 - - [08/Mar/2021:08:40:05 -0300] "GET /cormun/servlet/solicitudotadjuntos?INS,2021,16638,,1, HTTP/1.1" 200 6043
190.171.143.106 - - [08/Mar/2021:08:40:05 -0300] "GET /cormun/static/about:blank HTTP/1.1" 404 1011
190.171.143.106 - - [08/Mar/2021:08:40:05 -0300] "GET /cormun/servlet/solicitudotadjuntos?INS,2021,16638,,1, HTTP/1.1" 200 6037
190.171.143.106 - - [08/Mar/2021:08:40:06 -0300] "GET /cormun/servlet/solicitudotadjuntos?dbf9c23c113048ad022bbaf5041ac173680d56859201382f6ce764f8e3f742f60f0d23d46e765398106c848e52001028,gx-no-cache=1615203023388 HTTP/1.1" 200 30
190.171.143.106 - - [08/Mar/2021:08:40:06 -0300] "POST /cormun/servlet/solicitudotadjuntos?2b066a3256d807bf78ad17af786e1ddd,INS,2021,16638,,1,,gx-no-cache=1615203023492 HTTP/1.1" 200 3907
190.171.143.106 - - [08/Mar/2021:08:40:08 -0300] "POST /cormun/servlet/solicitudotadjuntos?gx-no-cache=1615203025804 HTTP/1.1" 200 26
190.171.143.106 - - [08/Mar/2021:08:40:22 -0300] "POST /cormun/servlet/solicitudotadjuntos?gx-no-cache=1615203039420 HTTP/1.1" 200 26
190.171.143.106 - - [08/Mar/2021:08:40:29 -0300] "GET /cormun/servlet/solicitudotadjuntos?dbf9c23c113048ad022bbaf5041ac173afae6011628ed0ddd43b792cf44b58ad,gx-no-cache=1615203046110 HTTP/1.1" 200 30
190.171.143.106 - - [08/Mar/2021:08:40:29 -0300] "GET /cormun/servlet/solicitudotadjuntos?dbf9c23c113048ad022bbaf5041ac173afae6011628ed0ddd43b792cf44b58ad,gx-no-cache=1615203046174 HTTP/1.1" 200 30
190.171.143.106 - - [08/Mar/2021:08:40:29 -0300] "POST /cormun/servlet/solicitudotadjuntos?2b066a3256d807bf78ad17af786e1ddd,INS,2021,16638,,1, HTTP/1.1" 200 116
190.171.143.106 - - [08/Mar/2021:08:40:29 -0300] "GET /cormun/servlet/hpexe_return? HTTP/1.1" 200 1027
190.171.143.106 - - [08/Mar/2021:08:40:30 -0300] "GET /cormun/servlet/trsolicitudadjuntos?2021,16638, HTTP/1.1" 200 9794
190.171.143.106 - - [08/Mar/2021:08:40:30 -0300] "GET /cormun/servlet/trsolicitudadjuntos?2021,16638, HTTP/1.1" 200 9788
190.171.143.106 - - [08/Mar/2021:08:40:43 -0300] "GET /cormun/servlet/solicitudotadjuntos?INS,2021,16638,,1, HTTP/1.1" 200 6043
190.171.143.106 - - [08/Mar/2021:08:40:44 -0300] "GET /cormun/static/about:blank HTTP/1.1" 404 1011
190.171.143.106 - - [08/Mar/2021:08:40:44 -0300] "GET /cormun/servlet/solicitudotadjuntos?INS,2021,16638,,1, HTTP/1.1" 200 6037
190.171.143.106 - - [08/Mar/2021:08:40:45 -0300] "GET /cormun/servlet/solicitudotadjuntos?dbf9c23c113048ad022bbaf5041ac173680d56859201382f6ce764f8e3f742f60f0d23d46e765398106c848e52001028,gx-no-cache=1615203062120 HTTP/1.1" 200 30
190.171.143.106 - - [08/Mar/2021:08:40:47 -0300] "POST /cormun/servlet/solicitudotadjuntos?2b066a3256d807bf78ad17af786e1ddd,INS,2021,16638,,1,,gx-no-cache=1615203062641 HTTP/1.1" 200 3907
190.171.143.106 - - [08/Mar/2021:08:40:50 -0300] "POST /cormun/servlet/solicitudotadjuntos?gx-no-cache=1615203067498 HTTP/1.1" 200 26
190.171.143.106 - - [08/Mar/2021:08:40:59 -0300] "GET /cormun/servlet/solicitudotadjuntos?dbf9c23c113048ad022bbaf5041ac173afae6011628ed0ddd43b792cf44b58ad,gx-no-cache=1615203076935 HTTP/1.1" 200 30
190.171.143.106 - - [08/Mar/2021:08:40:59 -0300] "GET /cormun/servlet/solicitudotadjuntos?dbf9c23c113048ad022bbaf5041ac173afae6011628ed0ddd43b792cf44b58ad,gx-no-cache=1615203076975 HTTP/1.1" 200 30
190.171.143.106 - - [08/Mar/2021:08:41:00 -0300] "POST /cormun/servlet/solicitudotadjuntos?2b066a3256d807bf78ad17af786e1ddd,INS,2021,16638,,1, HTTP/1.1" 200 116
190.171.143.106 - - [08/Mar/2021:08:41:00 -0300] "GET /cormun/servlet/hpexe_return? HTTP/1.1" 200 1027
190.171.143.106 - - [08/Mar/2021:08:41:00 -0300] "GET /cormun/servlet/trsolicitudadjuntos?2021,16638, HTTP/1.1" 200 9957
190.171.143.106 - - [08/Mar/2021:08:41:01 -0300] "GET /cormun/servlet/trsolicitudadjuntos?2021,16638, HTTP/1.1" 200 9959
190.171.143.106 - - [08/Mar/2021:08:41:07 -0300] "GET /cormun/servlet/trsolicitudot? HTTP/1.1" 200 9477
190.171.143.106 - - [08/Mar/2021:08:41:08 -0300] "GET /cormun/servlet/trsolicitudot? HTTP/1.1" 200 9469
190.171.143.106 - - [08/Mar/2021:08:41:15 -0300] "POST /cormun/servlet/trsolicitudot?2b066a3256d807bf78ad17af786e1ddd,,gx-no-cache=1615203092198 HTTP/1.1" 200 6386
190.171.143.106 - - [08/Mar/2021:08:41:15 -0300] "GET /cormun/static/Shared/jqueryui/images/ui-bg_highlight-soft_100_c6c2c8_1x100.png HTTP/1.1" 404 1117
190.171.143.106 - - [08/Mar/2021:08:41:15 -0300] "GET /cormun/static/Shared/jqueryui/images/ui-icons_82798d_256x240.png HTTP/1.1" 404 1089
190.171.143.106 - - [08/Mar/2021:08:41:15 -0300] "GET /cormun/static/Shared/jqueryui/images/ui-icons_8d78a5_256x240.png HTTP/1.1" 404 1089
190.171.143.106 - - [08/Mar/2021:08:41:15 -0300] "GET /cormun/static/Shared/jqueryui/images/ui-bg_flat_55_fafafa_40x100.png HTTP/1.1" 404 1097
190.171.143.106 - - [08/Mar/2021:08:41:15 -0300] "POST /cormun/servlet/trsolicitudot?2b066a3256d807bf78ad17af786e1ddd,,gx-no-cache=1615203092573 HTTP/1.1" 200 6330
190.171.143.106 - - [08/Mar/2021:08:41:18 -0300] "POST /cormun/servlet/trsolicitudot?2b066a3256d807bf78ad17af786e1ddd,,gx-no-cache=1615203095398 HTTP/1.1" 200 5810
190.171.143.106 - - [08/Mar/2021:08:41:18 -0300] "POST /cormun/servlet/trsolicitudot?2b066a3256d807bf78ad17af786e1ddd,,gx-no-cache=1615203095675 HTTP/1.1" 200 5754
190.171.143.82 - - [08/Mar/2021:08:41:34 -0300] "GET /cormun/servlet/hlogin HTTP/1.1" 200 1731
190.171.143.82 - - [08/Mar/2021:08:41:35 -0300] "GET /cormun/servlet/hlogin HTTP/1.1" 200 1741
190.171.143.82 - - [08/Mar/2021:08:41:46 -0300] "POST /cormun/servlet/hlogin?cd3d07bba8cd74fcf515201970ac5022,gx-no-cache=1615203122350 HTTP/1.1" 200 90
190.171.143.82 - - [08/Mar/2021:08:41:46 -0300] "GET /cormun/servlet/hpexe_link HTTP/1.1" 200 954
190.171.143.82 - - [08/Mar/2021:08:41:46 -0300] "GET /cormun/servlet/hhome HTTP/1.1" 200 4003
190.171.143.82 - - [08/Mar/2021:08:41:48 -0300] "GET /cormun/servlet/hhome HTTP/1.1" 200 3999
190.171.143.82 - - [08/Mar/2021:08:41:52 -0300] "GET /cormun/servlet/trlicencias? HTTP/1.1" 200 8593
190.171.143.82 - - [08/Mar/2021:08:41:53 -0300] "GET /cormun/servlet/trlicencias? HTTP/1.1" 200 8590
190.171.143.82 - - [08/Mar/2021:08:41:59 -0300] "GET /cormun/servlet/trpermisosgoce? HTTP/1.1" 200 8057
190.171.143.82 - - [08/Mar/2021:08:42:01 -0300] "GET /cormun/servlet/trpermisosgoce? HTTP/1.1" 200 8057
190.171.143.106 - - [08/Mar/2021:08:42:02 -0300] "POST /cormun/servlet/trsolicitudot?2b066a3256d807bf78ad17af786e1ddd,,gx-no-cache=1615203139033 HTTP/1.1" 200 4583
190.171.143.106 - - [08/Mar/2021:08:42:02 -0300] "POST /cormun/servlet/trsolicitudot?2b066a3256d807bf78ad17af786e1ddd,,gx-no-cache=1615203139283 HTTP/1.1" 200 4353
186.67.172.234 - - [08/Mar/2021:08:44:11 -0300] "GET /cormun/servlet/trlicencias? HTTP/1.1" 200 6029
186.67.172.234 - - [08/Mar/2021:08:44:12 -0300] "GET /cormun/servlet/hlogin HTTP/1.1" 200 1742
186.67.172.234 - - [08/Mar/2021:08:44:12 -0300] "GET /cormun/servlet/trlicencias? HTTP/1.1" 200 6039
186.67.172.234 - - [08/Mar/2021:08:44:13 -0300] "GET /cormun/servlet/trlicencias? HTTP/1.1" 200 6039
186.67.172.234 - - [08/Mar/2021:08:44:13 -0300] "GET /favicon.ico HTTP/1.1" 200 21630
186.67.172.234 - - [08/Mar/2021:08:44:22 -0300] "POST /cormun/servlet/hlogin?08cf0ebe0af47187f90db05e258c3954,gx-no-cache=1615203298997 HTTP/1.1" 200 90
186.67.172.234 - - [08/Mar/2021:08:44:22 -0300] "GET /cormun/servlet/hpexe_link HTTP/1.1" 200 958
186.67.172.234 - - [08/Mar/2021:08:44:23 -0300] "GET /cormun/servlet/trlicencias HTTP/1.1" 200 11129
186.67.172.234 - - [08/Mar/2021:08:44:23 -0300] "GET /cormun/servlet/trlicencias HTTP/1.1" 200 11127
186.67.172.234 - - [08/Mar/2021:08:44:40 -0300] "GET /cormun/servlet/trsolicitudot? HTTP/1.1" 200 7586
186.67.172.234 - - [08/Mar/2021:08:44:41 -0300] "GET /cormun/servlet/trsolicitudot? HTTP/1.1" 200 7586
186.67.172.234 - - [08/Mar/2021:08:44:44 -0300] "GET /cormun/servlet/solicitudot?INS,0,0,false, HTTP/1.1" 200 15853
186.67.172.234 - - [08/Mar/2021:08:44:44 -0300] "GET /cormun/servlet/solicitudot?INS,0,0,false, HTTP/1.1" 200 15861
190.171.143.82 - - [08/Mar/2021:08:44:47 -0300] "POST /cormun/servlet/solicitudotadjuntos?gx-no-cache=1615203304921 HTTP/1.1" 200 26
186.67.172.234 - - [08/Mar/2021:08:44:56 -0300] "POST /cormun/servlet/solicitudot?gx-no-cache=1615203333087 HTTP/1.1" 200 3799
186.67.172.234 - - [08/Mar/2021:08:44:57 -0300] "POST /cormun/servlet/solicitudot?08cf0ebe0af47187f90db05e258c3954,INS,0,0,false,,gx-no-cache=1615203333436 HTTP/1.1" 200 12502
190.171.143.82 - - [08/Mar/2021:08:45:00 -0300] "GET /cormun/servlet/solicitudotadjuntos?ab16c4174044f739d3b7e72ab6a7bd5db639a6f7ee542c1d2ad67ebb0bbd6545,gx-no-cache=1615203317710 HTTP/1.1" 200 30
190.171.143.82 - - [08/Mar/2021:08:45:00 -0300] "GET /cormun/servlet/solicitudotadjuntos?ab16c4174044f739d3b7e72ab6a7bd5db639a6f7ee542c1d2ad67ebb0bbd6545,gx-no-cache=1615203317829 HTTP/1.1" 200 30
186.67.172.234 - - [08/Mar/2021:08:45:01 -0300] "GET /cormun/servlet/solicitudot?487035e10753fc0f365f3a1bf1d59e275de12597e9baedbb704fd9fa5375139e2b1fb723c67fff245216eef5f60abd62,gx-no-cache=1615203337494 HTTP/1.1" 200 30
186.67.172.234 - - [08/Mar/2021:08:45:01 -0300] "GET /cormun/servlet/solicitudot?487035e10753fc0f365f3a1bf1d59e27fc4abaa73de1e379991ffc3e22ec263eb96cdfe13169b4d76bfb768b0537cfc652e9eaac94599f32eb4bad8d49638fd9,gx-no-cache=1615203337583 HTTP/1.1" 200 30
186.67.172.234 - - [08/Mar/2021:08:45:01 -0300] "GET /cormun/servlet/solicitudot?487035e10753fc0f365f3a1bf1d59e2744cf33dfcb98a416ae6e9c3ab6bd5e0d,gx-no-cache=1615203337687 HTTP/1.1" 200 53
186.67.172.234 - - [08/Mar/2021:08:45:01 -0300] "POST /cormun/servlet/solicitudot?gx-no-cache=1615203337786 HTTP/1.1" 200 255
186.67.172.234 - - [08/Mar/2021:08:45:01 -0300] "GET /cormun/servlet/solicitudot?487035e10753fc0f365f3a1bf1d59e27a6d11248a01661a57a1862a9c2fa1eb549f1f9de6948e246cfed4ae9eedf6952274d0077f7b0bfe457e77144e7f80d0a00f4ced3b3ca6f9b7842ec4c667de3a9b59a5684985c26b84a6d78af81321b377f1354cdbea772be9da8a95b0bb27d976ea242c94786101900d45520603ea4b8c164ed1618c902bb7ab73d92e53696a03bc17371fa7929c9cf425c7b1ee8ee67f5d1b6b2e43a6f7665ae5a1b46b5c963bc1f0bb2af73ea966fc259d6afa7f7a25ca59bbadc8e07f298732e6d7b37a6fb5fa6e1f57dbf28f8a8753f98fcb62cdd8ef78c3274a2cb7895c8d432f51e57ee9f6a0dbca7f56480707451985a0fdb207ff10306c9d38dd535bde31c483e580ad0d3999ec69628a0a368993e9d01cec95c6386396365ef64bd33e6a9f6429e1695603ec71d06fb95154e310529195b0375b90417a73a91f89b25b5119fb0f46f7489a842bbb402d558479bb11fffd2cee87ec44d3653e5db2546c191474d6e5c10993621f556a074b8f8ce718a5c5db5,gx-no-cache=1615203337903 HTTP/1.1" 200 30
190.171.143.82 - - [08/Mar/2021:08:45:01 -0300] "POST /cormun/servlet/solicitudotadjuntos?3417b4a1aa296040cccaedac2211af39,INS,2021,16637,,1, HTTP/1.1" 200 116
190.171.143.82 - - [08/Mar/2021:08:45:02 -0300] "GET /cormun/servlet/hpexe_return? HTTP/1.1" 200 1015
190.171.143.82 - - [08/Mar/2021:08:45:02 -0300] "GET /cormun/servlet/trsolicitudadjuntos?2021,16637, HTTP/1.1" 200 9792
186.67.172.234 - - [08/Mar/2021:08:45:03 -0300] "POST /cormun/servlet/solicitudot?gx-no-cache=1615203339517 HTTP/1.1" 200 30
190.171.143.82 - - [08/Mar/2021:08:45:03 -0300] "GET /cormun/servlet/trsolicitudadjuntos?2021,16637, HTTP/1.1" 200 9789
186.67.172.234 - - [08/Mar/2021:08:45:05 -0300] "GET /cormun/servlet/prcontratosol?17524797,,,,,MD,,gxPopupLevel%3D0%3B HTTP/1.1" 200 8171
186.67.172.234 - - [08/Mar/2021:08:45:08 -0300] "POST /cormun/servlet/solicitudot?gx-no-cache=1615203344506 HTTP/1.1" 200 1414
186.67.172.234 - - [08/Mar/2021:08:45:08 -0300] "POST /cormun/servlet/solicitudot?gx-no-cache=1615203344647 HTTP/1.1" 200 38
186.67.172.234 - - [08/Mar/2021:08:45:08 -0300] "GET /cormun/servlet/solicitudot?487035e10753fc0f365f3a1bf1d59e27932ccee5936de8db25d451e807db2ed64597aea645a2a7a0f5e64d3585bd4f596346bc308073af6623a6267c2074dea4d13706058b243867139190263e4577af092ecc20a6aa2e4b8dfbf8e72321d7bfc5c95cf87613a6dc3354c083f343918a,gx-no-cache=1615203344774 HTTP/1.1" 200 110
186.67.172.234 - - [08/Mar/2021:08:45:08 -0300] "POST /cormun/servlet/solicitudot?gx-no-cache=1615203344875 HTTP/1.1" 200 97
186.67.172.234 - - [08/Mar/2021:08:45:08 -0300] "GET /cormun/servlet/solicitudot?487035e10753fc0f365f3a1bf1d59e271ff5f71cbff4675ee55792b6295f22cde1061fca839092d0b234d1c82afe84d1c4307abb4815f4c9b63f109a7237ba737ef42bcfb9ef0020a973d12a434b1b03158d0b267114f0e6561d2f4d25a1178e2ff2b22f748c240a37e159a1b9f7c665b0b9fb5540bf7bb84f3384d47f76540994d3f49fcd62ed1a207ce35a602ea10104e8f52db3f0fae53142c2059687e826ba4fa85fcc2041483530982a86564890d4ad7d9230b69b65828322f020d9826e90f9f7977347b99d0f9f08ac858af83b,gx-no-cache=1615203345017 HTTP/1.1" 200 29
186.67.172.234 - - [08/Mar/2021:08:45:09 -0300] "GET /cormun/servlet/solicitudot?487035e10753fc0f365f3a1bf1d59e277856e09cc45aebc7446514f7fce92b3e2bcdd3b71d28eb7365431c412300359e,gx-no-cache=1615203345438 HTTP/1.1" 200 134
186.67.172.234 - - [08/Mar/2021:08:45:09 -0300] "GET /cormun/static/Shared/jqueryui/images/ui-icons_82798d_256x240.png HTTP/1.1" 404 1089
186.67.172.234 - - [08/Mar/2021:08:45:09 -0300] "GET /cormun/static/Shared/jqueryui/images/ui-bg_highlight-soft_100_c6c2c8_1x100.png HTTP/1.1" 404 1117
186.67.172.234 - - [08/Mar/2021:08:45:09 -0300] "GET /cormun/static/Shared/jqueryui/images/ui-bg_flat_55_994d53_40x100.png HTTP/1.1" 404 1097
186.67.172.234 - - [08/Mar/2021:08:45:09 -0300] "GET /cormun/static/Shared/jqueryui/images/ui-icons_ebccce_256x240.png HTTP/1.1" 404 1089
190.171.143.82 - - [08/Mar/2021:08:45:15 -0300] "GET /cormun/servlet/trsolicitudot? HTTP/1.1" 200 9418
190.171.143.82 - - [08/Mar/2021:08:45:16 -0300] "GET /cormun/servlet/trsolicitudot? HTTP/1.1" 200 9411
186.67.172.234 - - [08/Mar/2021:08:45:19 -0300] "POST /cormun/servlet/solicitudot?gx-no-cache=1615203355825 HTTP/1.1" 200 1414
186.67.172.234 - - [08/Mar/2021:08:45:19 -0300] "POST /cormun/servlet/solicitudot?gx-no-cache=1615203355884 HTTP/1.1" 200 41
186.67.172.234 - - [08/Mar/2021:08:45:19 -0300] "GET /cormun/servlet/solicitudot?487035e10753fc0f365f3a1bf1d59e27932ccee5936de8db25d451e807db2ed64597aea645a2a7a0f5e64d3585bd4f596346bc308073af6623a6267c2074dea4d13706058b243867139190263e4577af092ecc20a6aa2e4b8dfbf8e72321d7bfc5c95cf87613a6dc3354c083f343918a,gx-no-cache=1615203355922 HTTP/1.1" 200 110
186.67.172.234 - - [08/Mar/2021:08:45:19 -0300] "POST /cormun/servlet/solicitudot?gx-no-cache=1615203355961 HTTP/1.1" 200 97
190.171.143.82 - - [08/Mar/2021:08:45:21 -0300] "POST /cormun/servlet/trsolicitudot?3417b4a1aa296040cccaedac2211af39,,gx-no-cache=1615203339590 HTTP/1.1" 200 107
190.171.143.82 - - [08/Mar/2021:08:45:22 -0300] "GET /cormun/servlet/trsolicitudadjuntos?2021,16637, HTTP/1.1" 200 9787
190.171.143.82 - - [08/Mar/2021:08:45:23 -0300] "GET /cormun/servlet/trsolicitudadjuntos?2021,16637, HTTP/1.1" 200 9790
186.67.172.234 - - [08/Mar/2021:08:45:23 -0300] "GET /cormun/servlet/solicitudot?487035e10753fc0f365f3a1bf1d59e2779da48d22cc7d71b909c6c8281ea592e2bcdd3b71d28eb7365431c412300359e,gx-no-cache=1615203359754 HTTP/1.1" 200 170
190.171.143.82 - - [08/Mar/2021:08:45:27 -0300] "GET /cormun/servlet/solicitudotadjuntos?INS,2021,16637,,1, HTTP/1.1" 200 6380
190.171.143.82 - - [08/Mar/2021:08:45:28 -0300] "GET /cormun/static/about:blank HTTP/1.1" 404 1011
190.171.143.82 - - [08/Mar/2021:08:45:28 -0300] "GET /cormun/servlet/solicitudotadjuntos?INS,2021,16637,,1, HTTP/1.1" 200 6373
190.171.143.82 - - [08/Mar/2021:08:45:28 -0300] "GET /cormun/servlet/solicitudotadjuntos?ab16c4174044f739d3b7e72ab6a7bd5d7b4586b5c492f29791dfbc4ed80a72cdac71f4b941512c194a5535f670aaeb86,gx-no-cache=1615203346423 HTTP/1.1" 200 30
190.171.143.82 - - [08/Mar/2021:08:45:28 -0300] "POST /cormun/servlet/solicitudotadjuntos?3417b4a1aa296040cccaedac2211af39,INS,2021,16637,,1,,gx-no-cache=1615203346505 HTTP/1.1" 200 4136
190.171.141.138 - - [08/Mar/2021:08:45:31 -0300] "GET /cormun/servlet/hlogin HTTP/1.1" 200 1721
190.171.141.138 - - [08/Mar/2021:08:45:32 -0300] "GET /cormun/servlet/hlogin HTTP/1.1" 200 1731
190.171.143.82 - - [08/Mar/2021:08:45:33 -0300] "POST /cormun/servlet/solicitudotadjuntos?gx-no-cache=1615203350762 HTTP/1.1" 200 26
190.171.141.138 - - [08/Mar/2021:08:45:34 -0300] "POST /cormun/servlet/hlogin?50fb8b496e324da10d51cab38299b193,gx-no-cache=1615203351080 HTTP/1.1" 200 90
190.171.141.138 - - [08/Mar/2021:08:45:34 -0300] "GET /cormun/servlet/hpexe_link HTTP/1.1" 200 949
190.171.141.138 - - [08/Mar/2021:08:45:35 -0300] "GET /cormun/servlet/hhome HTTP/1.1" 200 4458
190.171.141.138 - - [08/Mar/2021:08:45:36 -0300] "GET /cormun/servlet/hhome HTTP/1.1" 200 4455
186.67.172.234 - - [08/Mar/2021:08:45:37 -0300] "GET /cormun/servlet/solicitudot?487035e10753fc0f365f3a1bf1d59e278ad50f908975e5b392481ae4dc362a022bcdd3b71d28eb7365431c412300359e,gx-no-cache=1615203374258 HTTP/1.1" 200 30
186.67.172.234 - - [08/Mar/2021:08:45:37 -0300] "GET /cormun/static/menuarrow.gif HTTP/1.1" 404 1015
190.171.141.138 - - [08/Mar/2021:08:45:41 -0300] "GET /cormun/servlet/trpermisosgoce? HTTP/1.1" 200 7396
190.171.141.138 - - [08/Mar/2021:08:45:41 -0300] "GET /cormun/static/gxcfg.js?2020121631564 HTTP/1.1" 200 953
186.67.172.234 - - [08/Mar/2021:08:45:41 -0300] "POST /cormun/servlet/solicitudot?08cf0ebe0af47187f90db05e258c3954,INS,0,0,false,,gx-no-cache=1615203377600 HTTP/1.1" 200 12879
190.171.141.138 - - [08/Mar/2021:08:45:41 -0300] "GET /cormun/static/trpermisosgoce.js?2020121633681 HTTP/1.1" 200 35904
190.171.141.138 - - [08/Mar/2021:08:45:41 -0300] "GET /cormun/servlet/trpermisosgoce? HTTP/1.1" 200 7395
190.171.141.138 - - [08/Mar/2021:08:45:44 -0300] "GET /cormun/servlet/permisogoce?INS,0,,, HTTP/1.1" 200 7359
190.171.141.138 - - [08/Mar/2021:08:45:44 -0300] "GET /cormun/static/gxcfg.js?20201215124560 HTTP/1.1" 200 953
190.171.141.138 - - [08/Mar/2021:08:45:45 -0300] "GET /cormun/static/permisogoce.js?20201215124939 HTTP/1.1" 200 27919
190.171.141.138 - - [08/Mar/2021:08:45:45 -0300] "GET /cormun/servlet/permisogoce?INS,0,,, HTTP/1.1" 200 7360
190.171.141.138 - - [08/Mar/2021:08:45:45 -0300] "GET /cormun/static/Resources/prompt.gif HTTP/1.1" 200 902
190.171.143.82 - - [08/Mar/2021:08:45:47 -0300] "GET /cormun/servlet/solicitudotadjuntos?ab16c4174044f739d3b7e72ab6a7bd5db639a6f7ee542c1d2ad67ebb0bbd6545,gx-no-cache=1615203364998 HTTP/1.1" 200 30
190.171.143.82 - - [08/Mar/2021:08:45:47 -0300] "GET /cormun/servlet/solicitudotadjuntos?ab16c4174044f739d3b7e72ab6a7bd5db639a6f7ee542c1d2ad67ebb0bbd6545,gx-no-cache=1615203365117 HTTP/1.1" 200 30
190.171.143.82 - - [08/Mar/2021:08:45:48 -0300] "POST /cormun/servlet/solicitudotadjuntos?3417b4a1aa296040cccaedac2211af39,INS,2021,16637,,1, HTTP/1.1" 200 116
190.171.143.82 - - [08/Mar/2021:08:45:49 -0300] "GET /cormun/servlet/hpexe_return? HTTP/1.1" 200 1015
190.171.143.82 - - [08/Mar/2021:08:45:49 -0300] "GET /cormun/servlet/trsolicitudadjuntos?2021,16637, HTTP/1.1" 200 10001
190.171.143.82 - - [08/Mar/2021:08:45:50 -0300] "GET /cormun/servlet/trsolicitudadjuntos?2021,16637, HTTP/1.1" 200 10003
186.67.172.234 - - [08/Mar/2021:08:45:52 -0300] "POST /cormun/servlet/solicitudot?gx-no-cache=1615203388700 HTTP/1.1" 200 30
186.67.172.234 - - [08/Mar/2021:08:45:52 -0300] "POST /cormun/servlet/solicitudot?08cf0ebe0af47187f90db05e258c3954,INS,0,0,false,,gx-no-cache=1615203388825 HTTP/1.1" 200 12879
190.171.141.138 - - [08/Mar/2021:08:45:53 -0300] "GET /cormun/servlet/permisogoce?5aa87a4a36d4f0336f2da65b27a1d1c2233cf4412dc527f710f9ea9102577bd8f4468bedf6ca340c1f80a27211bc4e477e1cf79ad2b798757f5d185e5c90e32c,gx-no-cache=1615203369921 HTTP/1.1" 200 79
190.171.143.82 - - [08/Mar/2021:08:45:55 -0300] "GET /cormun/servlet/trsolicitudot? HTTP/1.1" 200 9418
190.171.143.82 - - [08/Mar/2021:08:45:56 -0300] "GET /cormun/servlet/trsolicitudot? HTTP/1.1" 200 9411
190.171.141.138 - - [08/Mar/2021:08:45:56 -0300] "GET /cormun/static/menuarrow.gif HTTP/1.1" 404 1015
190.171.141.138 - - [08/Mar/2021:08:45:59 -0300] "GET /cormun/servlet/permisogoce?5aa87a4a36d4f0336f2da65b27a1d1c2daf4c14ec188a0478e6b2f59b192689a8eeba7d73b3395019f3ce72ae17b1c1e24af5416e4d8434061dd272218ec2d06,gx-no-cache=1615203375398 HTTP/1.1" 200 45
190.171.143.82 - - [08/Mar/2021:08:45:59 -0300] "POST /cormun/servlet/trsolicitudot?3417b4a1aa296040cccaedac2211af39,,gx-no-cache=1615203376723 HTTP/1.1" 200 107
190.171.143.82 - - [08/Mar/2021:08:45:59 -0300] "GET /cormun/servlet/trsolicitudadjuntos?2021,16637, HTTP/1.1" 200 9998
190.171.143.82 - - [08/Mar/2021:08:46:00 -0300] "GET /cormun/servlet/trsolicitudadjuntos?2021,16637, HTTP/1.1" 200 10002
190.171.143.82 - - [08/Mar/2021:08:46:06 -0300] "GET /cormun/servlet/solicitudotadjuntos?INS,2021,16637,,1, HTTP/1.1" 200 6380
190.171.143.82 - - [08/Mar/2021:08:46:06 -0300] "GET /cormun/static/about:blank HTTP/1.1" 404 1011
190.171.143.82 - - [08/Mar/2021:08:46:07 -0300] "GET /cormun/servlet/solicitudotadjuntos?INS,2021,16637,,1, HTTP/1.1" 200 6373
190.171.143.82 - - [08/Mar/2021:08:46:07 -0300] "GET /cormun/servlet/solicitudotadjuntos?ab16c4174044f739d3b7e72ab6a7bd5d7b4586b5c492f29791dfbc4ed80a72cdac71f4b941512c194a5535f670aaeb86,gx-no-cache=1615203385380 HTTP/1.1" 200 30
190.171.143.82 - - [08/Mar/2021:08:46:08 -0300] "POST /cormun/servlet/solicitudotadjuntos?3417b4a1aa296040cccaedac2211af39,INS,2021,16637,,1,,gx-no-cache=1615203385566 HTTP/1.1" 200 4136
190.171.141.138 - - [08/Mar/2021:08:46:08 -0300] "POST /cormun/servlet/permisogoce?50fb8b496e324da10d51cab38299b193,INS,0,,,,gx-no-cache=1615203383897 HTTP/1.1" 200 93
190.171.141.138 - - [08/Mar/2021:08:46:08 -0300] "GET /cormun/servlet/hpexe_return? HTTP/1.1" 200 1007
190.171.141.138 - - [08/Mar/2021:08:46:08 -0300] "GET /cormun/static/gxcfg.js?201991422392976 HTTP/1.1" 200 953
190.171.141.138 - - [08/Mar/2021:08:46:08 -0300] "GET /cormun/static/hpexe_return.js?201991422392984 HTTP/1.1" 200 1633
190.171.141.138 - - [08/Mar/2021:08:46:09 -0300] "GET /cormun/servlet/trpermisosgoce HTTP/1.1" 200 8285
190.171.141.138 - - [08/Mar/2021:08:46:09 -0300] "GET /cormun//static/Resources/PXToolsGridUpdate.png HTTP/1.1" 200 470
190.171.141.138 - - [08/Mar/2021:08:46:09 -0300] "GET /cormun//static/Resources/PXToolsGridDelete.png HTTP/1.1" 200 538
190.171.141.138 - - [08/Mar/2021:08:46:09 -0300] "GET /cormun/servlet/trpermisosgoce HTTP/1.1" 200 8281
190.171.141.138 - - [08/Mar/2021:08:46:12 -0300] "GET /cormun/servlet/apermisogoceprn?18015264,P,20210308083347,PU HTTP/1.1" 200 1664
190.171.143.82 - - [08/Mar/2021:08:46:15 -0300] "POST /cormun/servlet/solicitudotadjuntos?gx-no-cache=1615203393437 HTTP/1.1" 200 26
190.171.143.82 - - [08/Mar/2021:08:46:23 -0300] "GET /cormun/servlet/solicitudotadjuntos?ab16c4174044f739d3b7e72ab6a7bd5db639a6f7ee542c1d2ad67ebb0bbd6545,gx-no-cache=1615203401222 HTTP/1.1" 200 30
190.171.143.82 - - [08/Mar/2021:08:46:23 -0300] "GET /cormun/servlet/solicitudotadjuntos?ab16c4174044f739d3b7e72ab6a7bd5db639a6f7ee542c1d2ad67ebb0bbd6545,gx-no-cache=1615203401255 HTTP/1.1" 200 30
190.171.143.82 - - [08/Mar/2021:08:46:23 -0300] "POST /cormun/servlet/solicitudotadjuntos?3417b4a1aa296040cccaedac2211af39,INS,2021,16637,,1, HTTP/1.1" 200 116
190.171.143.82 - - [08/Mar/2021:08:46:23 -0300] "GET /cormun/servlet/hpexe_return? HTTP/1.1" 200 1015
190.171.143.82 - - [08/Mar/2021:08:46:24 -0300] "GET /cormun/servlet/trsolicitudadjuntos?2021,16637, HTTP/1.1" 200 10283
190.171.143.82 - - [08/Mar/2021:08:46:25 -0300] "GET /cormun/servlet/trsolicitudadjuntos?2021,16637, HTTP/1.1" 200 10281
190.171.143.82 - - [08/Mar/2021:08:46:32 -0300] "GET /cormun/servlet/solicitudotadjuntos?INS,2021,16637,,1, HTTP/1.1" 200 6380
190.171.143.82 - - [08/Mar/2021:08:46:32 -0300] "GET /cormun/static/about:blank HTTP/1.1" 404 1011
190.171.143.82 - - [08/Mar/2021:08:46:33 -0300] "GET /cormun/servlet/solicitudotadjuntos?INS,2021,16637,,1, HTTP/1.1" 200 6373
190.171.143.82 - - [08/Mar/2021:08:46:33 -0300] "GET /cormun/servlet/solicitudotadjuntos?ab16c4174044f739d3b7e72ab6a7bd5d7b4586b5c492f29791dfbc4ed80a72cdac71f4b941512c194a5535f670aaeb86,gx-no-cache=1615203411358 HTTP/1.1" 200 30
190.171.143.82 - - [08/Mar/2021:08:46:33 -0300] "POST /cormun/servlet/solicitudotadjuntos?3417b4a1aa296040cccaedac2211af39,INS,2021,16637,,1,,gx-no-cache=1615203411414 HTTP/1.1" 200 4136
186.67.172.234 - - [08/Mar/2021:08:46:34 -0300] "GET /cormun/servlet/solicitudot?487035e10753fc0f365f3a1bf1d59e271ff5f71cbff4675ee55792b6295f22cde1061fca839092d0b234d1c82afe84d19f9ff4932206d1e75a3a5105c19ce0117ef42bcfb9ef0020a973d12a434b1b03158d0b267114f0e6561d2f4d25a1178e2ff2b22f748c240a37e159a1b9f7c665b0b9fb5540bf7bb84f3384d47f76540994d3f49fcd62ed1a207ce35a602ea10104e8f52db3f0fae53142c2059687e826ba4fa85fcc2041483530982a86564890d4ad7d9230b69b65828322f020d9826e90f9f7977347b99d0f9f08ac858af83b,gx-no-cache=1615203431023 HTTP/1.1" 200 29
190.171.143.82 - - [08/Mar/2021:08:46:37 -0300] "POST /cormun/servlet/solicitudotadjuntos?gx-no-cache=1615203415607 HTTP/1.1" 200 26
186.67.172.234 - - [08/Mar/2021:08:46:41 -0300] "GET /cormun/servlet/solicitudot?487035e10753fc0f365f3a1bf1d59e278ad50f908975e5b392481ae4dc362a022bcdd3b71d28eb7365431c412300359e,gx-no-cache=1615203437876 HTTP/1.1" 200 30
186.67.172.234 - - [08/Mar/2021:08:46:41 -0300] "POST /cormun/servlet/solicitudot?gx-no-cache=1615203437953 HTTP/1.1" 200 30
186.67.172.234 - - [08/Mar/2021:08:46:42 -0300] "POST /cormun/servlet/solicitudot?08cf0ebe0af47187f90db05e258c3954,INS,0,0,false,,gx-no-cache=1615203438016 HTTP/1.1" 200 93
186.67.172.234 - - [08/Mar/2021:08:46:42 -0300] "GET /cormun/servlet/hpexe_return? HTTP/1.1" 200 1010
186.67.172.234 - - [08/Mar/2021:08:46:42 -0300] "GET /cormun/servlet/trsolicitudot HTTP/1.1" 200 9032
186.67.172.234 - - [08/Mar/2021:08:46:42 -0300] "GET /cormun/servlet/trsolicitudot HTTP/1.1" 200 9028
186.67.172.234 - - [08/Mar/2021:08:46:49 -0300] "GET /cormun/servlet/solicitudot?INS,0,0,false, HTTP/1.1" 200 15853
186.67.172.234 - - [08/Mar/2021:08:46:49 -0300] "GET /cormun/servlet/solicitudot?INS,0,0,false, HTTP/1.1" 200 15861
190.171.143.82 - - [08/Mar/2021:08:46:50 -0300] "GET /cormun/servlet/solicitudotadjuntos?ab16c4174044f739d3b7e72ab6a7bd5db639a6f7ee542c1d2ad67ebb0bbd6545,gx-no-cache=1615203428091 HTTP/1.1" 200 30
190.171.143.82 - - [08/Mar/2021:08:46:50 -0300] "GET /cormun/servlet/solicitudotadjuntos?ab16c4174044f739d3b7e72ab6a7bd5db639a6f7ee542c1d2ad67ebb0bbd6545,gx-no-cache=1615203428136 HTTP/1.1" 200 30
190.171.143.82 - - [08/Mar/2021:08:46:51 -0300] "POST /cormun/servlet/solicitudotadjuntos?3417b4a1aa296040cccaedac2211af39,INS,2021,16637,,1, HTTP/1.1" 200 6683
190.171.143.82 - - [08/Mar/2021:08:46:51 -0300] "GET /cormun/static/Shared/jqueryui/images/ui-bg_highlight-soft_100_c6c2c8_1x100.png HTTP/1.1" 404 1117
190.171.143.82 - - [08/Mar/2021:08:46:51 -0300] "GET /cormun/static/Shared/jqueryui/images/ui-icons_ebccce_256x240.png HTTP/1.1" 404 1089
190.171.143.82 - - [08/Mar/2021:08:46:51 -0300] "GET /cormun/static/Shared/jqueryui/images/ui-icons_82798d_256x240.png HTTP/1.1" 404 1089
190.171.143.82 - - [08/Mar/2021:08:46:51 -0300] "GET /cormun/static/Shared/jqueryui/images/ui-bg_flat_55_994d53_40x100.png HTTP/1.1" 404 1097
190.171.143.82 - - [08/Mar/2021:08:46:51 -0300] "GET /cormun/PrivateTempStorage/upload_00002447.pdf HTTP/1.1" 200 246034
190.171.143.82 - - [08/Mar/2021:08:46:54 -0300] "POST /cormun/servlet/solicitudotadjuntos?3417b4a1aa296040cccaedac2211af39,INS,2021,16637,,1, HTTP/1.1" 200 116
190.171.143.82 - - [08/Mar/2021:08:46:54 -0300] "GET /cormun/servlet/hpexe_return? HTTP/1.1" 200 1015
190.171.143.82 - - [08/Mar/2021:08:46:54 -0300] "GET /cormun/servlet/trsolicitudadjuntos?2021,16637, HTTP/1.1" 200 10286
190.171.143.82 - - [08/Mar/2021:08:46:55 -0300] "GET /cormun/servlet/trsolicitudadjuntos?2021,16637, HTTP/1.1" 200 10281
186.67.172.234 - - [08/Mar/2021:08:46:59 -0300] "POST /cormun/servlet/solicitudot?gx-no-cache=1615203455881 HTTP/1.1" 200 3805
186.67.172.234 - - [08/Mar/2021:08:46:59 -0300] "POST /cormun/servlet/solicitudot?08cf0ebe0af47187f90db05e258c3954,INS,0,0,false,,gx-no-cache=1615203456049 HTTP/1.1" 200 12520
186.67.172.234 - - [08/Mar/2021:08:47:04 -0300] "GET /cormun/servlet/solicitudot?487035e10753fc0f365f3a1bf1d59e27095665c95203efa532a4a0ce0c8f27d32b1fb723c67fff245216eef5f60abd62,gx-no-cache=1615203460949 HTTP/1.1" 200 30
186.67.172.234 - - [08/Mar/2021:08:47:04 -0300] "GET /cormun/servlet/solicitudot?487035e10753fc0f365f3a1bf1d59e279b11f201cc1d3e4015cf9c788a07b2ec2e07b57c683e8fb73f5d113b350893b6,gx-no-cache=1615203461028 HTTP/1.1" 200 30
186.67.172.234 - - [08/Mar/2021:08:47:04 -0300] "GET /cormun/servlet/solicitudot?487035e10753fc0f365f3a1bf1d59e273a277a21ceead0d1a7d2104220bf882d,gx-no-cache=1615203461068 HTTP/1.1" 200 56
186.67.172.234 - - [08/Mar/2021:08:47:04 -0300] "POST /cormun/servlet/solicitudot?gx-no-cache=1615203461116 HTTP/1.1" 200 255
186.67.172.234 - - [08/Mar/2021:08:47:04 -0300] "GET /cormun/servlet/solicitudot?487035e10753fc0f365f3a1bf1d59e27a6d11248a01661a57a1862a9c2fa1eb549f1f9de6948e246cfed4ae9eedf6952274d0077f7b0bfe457e77144e7f80d0a00f4ced3b3ca6f9b7842ec4c667de3a9b59a5684985c26b84a6d78af81321b377f1354cdbea772be9da8a95b0bb27d976ea242c94786101900d45520603ea4b8c164ed1618c902bb7ab73d92e53696a03bc17371fa7929c9cf425c7b1ee8ee67f5d1b6b2e43a6f7665ae5a1b46b5c963bc1f0bb2af73ea966fc259d6afa7f7a25ca59bbadc8e07f298732e6d7b37a6fb5fa6e1f57dbf28f8a8753f98fcb62cdd8ef78c3274a2cb7895c8d432f51e57ee9f6a0dbca7f56480707451985a0fdb207ff10306c9d38dd535bde31c483e580ad0d3999ec69628a0a368993e9d01cec95c6386396365ef64bd33e6a9f6429e1695603ec71d06fb95154e310529195b0375b90417a73a91f89b25b5119fb0f46f7489a842bbb402d558479bb11fffd2cee87ec44d3653e5db2546c191474d6e5c10993621f556a074b8f8ce718a5c5db5,gx-no-cache=1615203461174 HTTP/1.1" 200 30
186.67.172.234 - - [08/Mar/2021:08:47:06 -0300] "POST /cormun/servlet/solicitudot?gx-no-cache=1615203463269 HTTP/1.1" 200 30
186.67.172.234 - - [08/Mar/2021:08:47:09 -0300] "GET /cormun/servlet/prcontratosol?17404494,,,,,MD,,gxPopupLevel%3D0%3B HTTP/1.1" 200 8625
186.67.172.234 - - [08/Mar/2021:08:47:14 -0300] "POST /cormun/servlet/solicitudot?gx-no-cache=1615203470469 HTTP/1.1" 200 1496
186.67.172.234 - - [08/Mar/2021:08:47:14 -0300] "GET /cormun/static/Shared/jqueryui/images/ui-bg_highlight-soft_100_c6c2c8_1x100.png HTTP/1.1" 404 1117
186.67.172.234 - - [08/Mar/2021:08:47:14 -0300] "GET /cormun/static/Shared/jqueryui/images/ui-bg_flat_55_994d53_40x100.png HTTP/1.1" 404 1097
186.67.172.234 - - [08/Mar/2021:08:47:14 -0300] "GET /cormun/static/Shared/jqueryui/images/ui-icons_82798d_256x240.png HTTP/1.1" 404 1089
186.67.172.234 - - [08/Mar/2021:08:47:14 -0300] "POST /cormun/servlet/solicitudot?gx-no-cache=1615203470547 HTTP/1.1" 200 117
186.67.172.234 - - [08/Mar/2021:08:47:14 -0300] "GET /cormun/static/Shared/jqueryui/images/ui-icons_ebccce_256x240.png HTTP/1.1" 404 1089
186.67.172.234 - - [08/Mar/2021:08:47:14 -0300] "GET /cormun/servlet/solicitudot?487035e10753fc0f365f3a1bf1d59e27932ccee5936de8db25d451e807db2ed64597aea645a2a7a0f5e64d3585bd4f596346bc308073af6623a6267c2074dea4d13706058b243867139190263e4577af092ecc20a6aa2e4b8dfbf8e72321d7bfc5c95cf87613a6dc3354c083f343918a,gx-no-cache=1615203470617 HTTP/1.1" 200 110
186.67.172.234 - - [08/Mar/2021:08:47:14 -0300] "POST /cormun/servlet/solicitudot?gx-no-cache=1615203470673 HTTP/1.1" 200 64
186.67.172.234 - - [08/Mar/2021:08:47:14 -0300] "GET /cormun/servlet/solicitudot?487035e10753fc0f365f3a1bf1d59e271ff5f71cbff4675ee55792b6295f22cde1061fca839092d0b234d1c82afe84d1c4307abb4815f4c9b63f109a7237ba737ef42bcfb9ef0020a973d12a434b1b03158d0b267114f0e6561d2f4d25a1178e2ff2b22f748c240a37e159a1b9f7c665b0b9fb5540bf7bb84f3384d47f76540994d3f49fcd62ed1a207ce35a602ea10104e8f52db3f0fae53142c2059687e826ba4fa85fcc2041483530982a86564890d4ad7d9230b69b65828322f020d9826e90f9f7977347b99d0f9f08ac858af83b,gx-no-cache=1615203470737 HTTP/1.1" 200 29
186.67.172.234 - - [08/Mar/2021:08:47:14 -0300] "GET /cormun/servlet/solicitudot?487035e10753fc0f365f3a1bf1d59e277856e09cc45aebc7446514f7fce92b3ed756856605753a79128569a88cb87a33,gx-no-cache=1615203470792 HTTP/1.1" 200 134
190.171.143.82 - - [08/Mar/2021:08:47:15 -0300] "GET /cormun/PublicTempStorage/certificado_de_antecedentes_y_certificado_de_titulo_%281%295763995.pdf HTTP/1.1" 200 452535
190.171.143.82 - - [08/Mar/2021:08:47:23 -0300] "GET /cormun/servlet/trsolicitudadjuntos?2021,16637, HTTP/1.1" 200 10283
190.171.143.82 - - [08/Mar/2021:08:47:24 -0300] "GET /cormun/servlet/trsolicitudadjuntos?2021,16637, HTTP/1.1" 200 10284
190.171.143.82 - - [08/Mar/2021:08:47:29 -0300] "GET /cormun/servlet/solicitudotadjuntos?DLT,2021,16637,CV,0, HTTP/1.1" 200 6395
190.171.143.82 - - [08/Mar/2021:08:47:29 -0300] "GET /cormun/PublicTempStorage/certificado_de_antecedentes_y_certificado_de_titulo_%281%292533192.pdf HTTP/1.1" 200 452535
190.171.143.82 - - [08/Mar/2021:08:47:29 -0300] "GET /cormun/static/Shared/jqueryui/images/ui-bg_highlight-soft_100_c6c2c8_1x100.png HTTP/1.1" 404 1117
190.171.143.82 - - [08/Mar/2021:08:47:29 -0300] "GET /cormun/static/Shared/jqueryui/images/ui-icons_82798d_256x240.png HTTP/1.1" 404 1089
190.171.143.82 - - [08/Mar/2021:08:47:29 -0300] "GET /cormun/static/Shared/jqueryui/images/ui-icons_8d78a5_256x240.png HTTP/1.1" 404 1089
190.171.143.82 - - [08/Mar/2021:08:47:29 -0300] "GET /cormun/static/Shared/jqueryui/images/ui-bg_flat_55_fafafa_40x100.png HTTP/1.1" 404 1097
190.171.143.82 - - [08/Mar/2021:08:47:29 -0300] "GET /cormun/servlet/solicitudotadjuntos?DLT,2021,16637,CV,0, HTTP/1.1" 200 6389
186.67.172.234 - - [08/Mar/2021:08:47:34 -0300] "POST /cormun/servlet/solicitudot?gx-no-cache=1615203490418 HTTP/1.1" 200 1414
190.171.143.82 - - [08/Mar/2021:08:47:35 -0300] "GET /cormun/servlet/trsolicitudot? HTTP/1.1" 200 9427
190.171.143.82 - - [08/Mar/2021:08:47:36 -0300] "GET /cormun/servlet/trsolicitudot? HTTP/1.1" 200 9411
186.67.172.234 - - [08/Mar/2021:08:47:36 -0300] "GET /cormun/servlet/prlicenciaspermisos?15523329,L,,MD,,gxPopupLevel%3D0%3B HTTP/1.1" 200 7607
190.171.143.82 - - [08/Mar/2021:08:47:39 -0300] "POST /cormun/servlet/trsolicitudot?3417b4a1aa296040cccaedac2211af39,,gx-no-cache=1615203476799 HTTP/1.1" 200 107
190.171.143.82 - - [08/Mar/2021:08:47:39 -0300] "GET /cormun/servlet/trsolicitudadjuntos?2021,16627, HTTP/1.1" 200 10177
190.171.143.82 - - [08/Mar/2021:08:47:41 -0300] "GET /cormun/servlet/trsolicitudadjuntos?2021,16627, HTTP/1.1" 200 10176
186.67.172.234 - - [08/Mar/2021:08:47:45 -0300] "POST /cormun/servlet/solicitudot?gx-no-cache=1615203501653 HTTP/1.1" 200 40
186.67.172.234 - - [08/Mar/2021:08:47:45 -0300] "GET /cormun/servlet/solicitudot?487035e10753fc0f365f3a1bf1d59e27932ccee5936de8db25d451e807db2ed64597aea645a2a7a0f5e64d3585bd4f596346bc308073af6623a6267c2074dea4d13706058b243867139190263e4577af092ecc20a6aa2e4b8dfbf8e72321d7bfc5c95cf87613a6dc3354c083f343918a,gx-no-cache=1615203501684 HTTP/1.1" 200 110
186.67.172.234 - - [08/Mar/2021:08:47:45 -0300] "POST /cormun/servlet/solicitudot?gx-no-cache=1615203501713 HTTP/1.1" 200 97
186.67.172.234 - - [08/Mar/2021:08:47:49 -0300] "GET /cormun/servlet/solicitudot?487035e10753fc0f365f3a1bf1d59e271ff5f71cbff4675ee55792b6295f22cde1061fca839092d0b234d1c82afe84d19f9ff4932206d1e75a3a5105c19ce0117ef42bcfb9ef0020a973d12a434b1b03158d0b267114f0e6561d2f4d25a1178e2ff2b22f748c240a37e159a1b9f7c665b0b9fb5540bf7bb84f3384d47f76540994d3f49fcd62ed1a207ce35a602ea10104e8f52db3f0fae53142c2059687e826ba4fa85fcc2041483530982a86564890d4ad7d9230b69b65828322f020d9826e90f9f7977347b99d0f9f08ac858af83b,gx-no-cache=1615203505525 HTTP/1.1" 200 29
190.171.143.82 - - [08/Mar/2021:08:47:57 -0300] "GET /cormun/servlet/solicitudotadjuntos?INS,2021,16627,,1, HTTP/1.1" 200 6380
190.171.143.82 - - [08/Mar/2021:08:47:58 -0300] "GET /cormun/static/about:blank HTTP/1.1" 404 1011
190.171.143.82 - - [08/Mar/2021:08:47:58 -0300] "GET /cormun/servlet/solicitudotadjuntos?INS,2021,16627,,1, HTTP/1.1" 200 6373
190.171.143.82 - - [08/Mar/2021:08:47:58 -0300] "GET /cormun/servlet/solicitudotadjuntos?ab16c4174044f739d3b7e72ab6a7bd5dcdc8ce1852863b829b4b142453e050c38e997d1007cde4824a9b8f70e811fffa,gx-no-cache=1615203496533 HTTP/1.1" 200 30
190.171.143.82 - - [08/Mar/2021:08:47:58 -0300] "POST /cormun/servlet/solicitudotadjuntos?3417b4a1aa296040cccaedac2211af39,INS,2021,16627,,1,,gx-no-cache=1615203496618 HTTP/1.1" 200 4170
186.67.172.234 - - [08/Mar/2021:08:48:04 -0300] "GET /cormun/servlet/solicitudot?487035e10753fc0f365f3a1bf1d59e278ad50f908975e5b392481ae4dc362a02baa0f40d682c0cddd386b85a33d5c534,gx-no-cache=1615203520619 HTTP/1.1" 200 30
190.171.143.82 - - [08/Mar/2021:08:48:07 -0300] "POST /cormun/servlet/solicitudotadjuntos?gx-no-cache=1615203504851 HTTP/1.1" 200 26
186.67.172.234 - - [08/Mar/2021:08:48:16 -0300] "POST /cormun/servlet/solicitudot?gx-no-cache=1615203532564 HTTP/1.1" 200 135
186.67.172.234 - - [08/Mar/2021:08:48:16 -0300] "POST /cormun/servlet/solicitudot?08cf0ebe0af47187f90db05e258c3954,INS,0,0,false,,gx-no-cache=1615203532656 HTTP/1.1" 200 12907
186.103.156.166 - - [08/Mar/2021:08:48:18 -0300] "GET /cormun/servlet/hlogin HTTP/1.1" 200 1727
186.103.156.166 - - [08/Mar/2021:08:48:18 -0300] "GET /cormun/servlet/hlogin HTTP/1.1" 200 1736
186.67.172.234 - - [08/Mar/2021:08:48:39 -0300] "POST /cormun/servlet/solicitudot?gx-no-cache=1615203555684 HTTP/1.1" 200 146
186.67.172.234 - - [08/Mar/2021:08:48:39 -0300] "POST /cormun/servlet/solicitudot?08cf0ebe0af47187f90db05e258c3954,INS,0,0,false,,gx-no-cache=1615203555891 HTTP/1.1" 200 12967
186.67.172.234 - - [08/Mar/2021:08:48:46 -0300] "GET /cormun/servlet/trvisualizadoreventos? HTTP/1.1" 200 7162
186.67.172.234 - - [08/Mar/2021:08:48:46 -0300] "GET /cormun/static/gxcfg.js?20199142243133 HTTP/1.1" 200 953
186.67.172.234 - - [08/Mar/2021:08:48:47 -0300] "GET /cormun/static/trvisualizadoreventos.js?201991422431650 HTTP/1.1" 200 19318
186.67.172.234 - - [08/Mar/2021:08:48:47 -0300] "GET /cormun/static/Resources/PXToolsActionPrint.png HTTP/1.1" 200 404
186.67.172.234 - - [08/Mar/2021:08:48:47 -0300] "GET /cormun/servlet/trvisualizadoreventos? HTTP/1.1" 200 7154
186.67.172.234 - - [08/Mar/2021:08:48:49 -0300] "GET /cormun/servlet/trsolicitudot? HTTP/1.1" 200 9029
186.67.172.234 - - [08/Mar/2021:08:48:50 -0300] "GET /cormun/servlet/trsolicitudot? HTTP/1.1" 200 9028
190.171.143.82 - - [08/Mar/2021:08:48:57 -0300] "GET /cormun/servlet/solicitudotadjuntos?ab16c4174044f739d3b7e72ab6a7bd5db639a6f7ee542c1d2ad67ebb0bbd6545,gx-no-cache=1615203555363 HTTP/1.1" 200 30
190.171.143.82 - - [08/Mar/2021:08:48:57 -0300] "GET /cormun/servlet/solicitudotadjuntos?ab16c4174044f739d3b7e72ab6a7bd5db639a6f7ee542c1d2ad67ebb0bbd6545,gx-no-cache=1615203555395 HTTP/1.1" 200 30
190.171.143.82 - - [08/Mar/2021:08:48:57 -0300] "POST /cormun/servlet/solicitudotadjuntos?3417b4a1aa296040cccaedac2211af39,INS,2021,16627,,1, HTTP/1.1" 200 116
190.171.143.82 - - [08/Mar/2021:08:48:58 -0300] "GET /cormun/servlet/hpexe_return? HTTP/1.1" 200 1015
190.171.143.82 - - [08/Mar/2021:08:48:59 -0300] "GET /cormun/servlet/trsolicitudadjuntos?2021,16627, HTTP/1.1" 200 10360
190.171.143.82 - - [08/Mar/2021:08:49:00 -0300] "GET /cormun/servlet/trsolicitudadjuntos?2021,16627, HTTP/1.1" 200 10357
190.171.143.82 - - [08/Mar/2021:08:49:03 -0300] "GET /cormun/servlet/trsolicitudot? HTTP/1.1" 200 9418
190.171.143.82 - - [08/Mar/2021:08:49:04 -0300] "GET /cormun/servlet/trsolicitudot? HTTP/1.1" 200 9411
190.171.143.82 - - [08/Mar/2021:08:49:09 -0300] "POST /cormun/servlet/trsolicitudot?3417b4a1aa296040cccaedac2211af39,,gx-no-cache=1615203567113 HTTP/1.1" 200 6052
190.171.143.82 - - [08/Mar/2021:08:49:09 -0300] "POST /cormun/servlet/trsolicitudot?3417b4a1aa296040cccaedac2211af39,,gx-no-cache=1615203567505 HTTP/1.1" 200 5995
190.171.143.82 - - [08/Mar/2021:08:49:15 -0300] "GET /cormun/servlet/trautorizarsolicitud? HTTP/1.1" 200 8842
190.171.143.82 - - [08/Mar/2021:08:49:15 -0300] "GET /cormun/servlet/trautorizarsolicitud? HTTP/1.1" 200 8842
190.171.143.82 - - [08/Mar/2021:08:49:23 -0300] "GET /cormun/servlet/trsolicitudot? HTTP/1.1" 200 8949
190.171.143.82 - - [08/Mar/2021:08:49:23 -0300] "GET /cormun/servlet/trsolicitudot? HTTP/1.1" 200 8948
190.171.143.82 - - [08/Mar/2021:08:49:30 -0300] "POST /cormun/servlet/trsolicitudot?3417b4a1aa296040cccaedac2211af39,,gx-no-cache=1615203587645 HTTP/1.1" 200 6085
190.171.143.82 - - [08/Mar/2021:08:49:39 -0300] "POST /cormun/servlet/trsolicitudot?3417b4a1aa296040cccaedac2211af39,,gx-no-cache=1615203596667 HTTP/1.1" 200 107
190.171.143.82 - - [08/Mar/2021:08:49:39 -0300] "GET /cormun/servlet/trsolicitudadjuntos?2021,16637, HTTP/1.1" 200 10280
190.171.143.82 - - [08/Mar/2021:08:49:40 -0300] "GET /cormun/servlet/trsolicitudadjuntos?2021,16637, HTTP/1.1" 200 10282
190.171.143.82 - - [08/Mar/2021:08:49:49 -0300] "GET /cormun/servlet/solicitudotadjuntos?DLT,2021,16637,CV,0, HTTP/1.1" 200 6394
190.171.143.82 - - [08/Mar/2021:08:49:49 -0300] "GET /cormun/PublicTempStorage/certificado_de_antecedentes_y_certificado_de_titulo_%281%29557094.pdf HTTP/1.1" 200 452535
190.171.143.82 - - [08/Mar/2021:08:49:49 -0300] "GET /cormun/static/Shared/jqueryui/images/ui-bg_highlight-soft_100_c6c2c8_1x100.png HTTP/1.1" 404 1117
190.171.143.82 - - [08/Mar/2021:08:49:49 -0300] "GET /cormun/static/Shared/jqueryui/images/ui-bg_flat_55_fafafa_40x100.png HTTP/1.1" 404 1097
190.171.143.82 - - [08/Mar/2021:08:49:49 -0300] "GET /cormun/static/Shared/jqueryui/images/ui-icons_8d78a5_256x240.png HTTP/1.1" 404 1089
190.171.143.82 - - [08/Mar/2021:08:49:49 -0300] "GET /cormun/static/Shared/jqueryui/images/ui-icons_82798d_256x240.png HTTP/1.1" 404 1089
190.171.143.82 - - [08/Mar/2021:08:49:49 -0300] "GET /cormun/servlet/solicitudotadjuntos?DLT,2021,16637,CV,0, HTTP/1.1" 200 6388
190.171.143.82 - - [08/Mar/2021:08:49:52 -0300] "POST /cormun/servlet/solicitudotadjuntos?3417b4a1aa296040cccaedac2211af39,DLT,2021,16637,CV,0,,gx-no-cache=1615203609848 HTTP/1.1" 200 93
190.171.143.82 - - [08/Mar/2021:08:49:52 -0300] "GET /cormun/servlet/hpexe_return? HTTP/1.1" 200 1017
190.171.143.82 - - [08/Mar/2021:08:49:52 -0300] "GET /cormun/servlet/trsolicitudadjuntos?2021,16637, HTTP/1.1" 200 10285
190.171.143.82 - - [08/Mar/2021:08:49:53 -0300] "GET /cormun/servlet/trsolicitudadjuntos?2021,16637, HTTP/1.1" 200 10282
190.171.143.82 - - [08/Mar/2021:08:50:01 -0300] "GET /cormun/servlet/solicitudotadjuntos?DLT,2021,16637,CV,0, HTTP/1.1" 200 6397
