190.171.149.90 - - [08/Mar/2021:13:10:06 -0300] "GET /cormun/static/Resources/PXToolsGridPreviousDisabled.gif HTTP/1.1" 200 90
190.171.149.90 - - [08/Mar/2021:13:10:06 -0300] "GET /cormun/static/Resources/PXToolsGridNextDisabled.gif HTTP/1.1" 200 90
190.171.149.90 - - [08/Mar/2021:13:10:06 -0300] "GET /cormun/static/Resources/PXToolsGridLastDisabled.gif HTTP/1.1" 200 98
190.171.149.90 - - [08/Mar/2021:13:10:06 -0300] "GET /cormun/static/Resources/PXToolsGridPage.gif HTTP/1.1" 200 725
190.171.149.90 - - [08/Mar/2021:13:10:06 -0300] "GET /cormun/static/Resources/PXToolsActionExcel.png HTTP/1.1" 200 727
190.171.149.90 - - [08/Mar/2021:13:10:06 -0300] "GET /cormun/static/Resources/PXToolsDataTitle.png HTTP/1.1" 200 1173
190.171.149.90 - - [08/Mar/2021:13:10:07 -0300] "GET /cormun/static/Resources/indicator.gif HTTP/1.1" 200 1553
190.171.149.90 - - [08/Mar/2021:13:10:07 -0300] "GET /cormun/servlet/hlogin HTTP/1.1" 200 1748
190.171.149.90 - - [08/Mar/2021:13:10:07 -0300] "GET /cormun/static/Shared/ext/resources/themes/images/default/panel/bg-headersPanel.png HTTP/1.1" 200 255
190.171.149.90 - - [08/Mar/2021:13:10:07 -0300] "GET /cormun/static/Shared/ext/resources/themes/images/default/tools/tool-sprites.gif HTTP/1.1" 200 5434
190.171.149.90 - - [08/Mar/2021:13:10:07 -0300] "GET /cormun/static/gxcfg.js?201910216285969 HTTP/1.1" 200 953
190.171.149.90 - - [08/Mar/2021:13:10:07 -0300] "GET /cormun/static/Resources/Logo2019_Grande.png HTTP/1.1" 200 31733
186.67.164.138 - - [08/Mar/2021:13:10:07 -0300] "GET /cormun/servlet/solicitudotadjuntos?55f336b5795d4f75d4ab4ac67da7a8a8ac4ca99761222dc8d3ba19f99b71bae2,gx-no-cache=1615219223891 HTTP/1.1" 200 30
190.171.149.90 - - [08/Mar/2021:13:10:07 -0300] "GET /cormun/static/Resources/PXToolsLoginTop.png HTTP/1.1" 200 1337
186.67.164.138 - - [08/Mar/2021:13:10:07 -0300] "GET /cormun/servlet/solicitudotadjuntos?55f336b5795d4f75d4ab4ac67da7a8a8ac4ca99761222dc8d3ba19f99b71bae2,gx-no-cache=1615219223923 HTTP/1.1" 200 30
190.171.149.90 - - [08/Mar/2021:13:10:07 -0300] "GET /cormun/static/Resources/PXToolsLoginBackground.png HTTP/1.1" 200 1164
190.171.149.90 - - [08/Mar/2021:13:10:07 -0300] "GET /cormun/static/Resources/PXToolsButtonLeft.png HTTP/1.1" 200 1310
190.171.149.90 - - [08/Mar/2021:13:10:07 -0300] "GET /cormun/static/Resources/PXToolsButtonRight.png HTTP/1.1" 200 1294
190.171.149.90 - - [08/Mar/2021:13:10:07 -0300] "GET /cormun/static/Resources/PXToolsButtonBackground.png HTTP/1.1" 200 1176
190.171.149.90 - - [08/Mar/2021:13:10:07 -0300] "GET /cormun/static/Resources/PXToolsLoginBottom.png HTTP/1.1" 200 1389
190.171.149.90 - - [08/Mar/2021:13:10:08 -0300] "GET /favicon.ico HTTP/1.1" 200 21630
186.67.164.138 - - [08/Mar/2021:13:10:08 -0300] "POST /cormun/servlet/solicitudotadjuntos?d17b83aa7b351ad69b43f07a6eb4e0cc,INS,2021,16633,,1, HTTP/1.1" 200 116
186.67.164.138 - - [08/Mar/2021:13:10:08 -0300] "GET /cormun/servlet/hpexe_return? HTTP/1.1" 200 1022
186.67.164.138 - - [08/Mar/2021:13:10:08 -0300] "GET /cormun/servlet/trsolicitudadjuntos?2021,16633, HTTP/1.1" 200 9115
186.67.164.138 - - [08/Mar/2021:13:10:09 -0300] "GET /cormun/servlet/trsolicitudadjuntos?2021,16633, HTTP/1.1" 200 9111
190.171.149.90 - - [08/Mar/2021:13:10:12 -0300] "POST /cormun/servlet/hlogin?0ef925ca277679cd3beca219333a5bc8,gx-no-cache=1615219228340 HTTP/1.1" 200 90
190.171.149.90 - - [08/Mar/2021:13:10:12 -0300] "GET /cormun/servlet/hpexe_link HTTP/1.1" 200 961
190.171.149.90 - - [08/Mar/2021:13:10:12 -0300] "GET /cormun/static/gxcfg.js?201991422392958 HTTP/1.1" 200 953
190.171.149.90 - - [08/Mar/2021:13:10:12 -0300] "GET /cormun/static/hpexe_link.js?201991422392963 HTTP/1.1" 200 625
190.171.149.90 - - [08/Mar/2021:13:10:12 -0300] "GET /cormun/servlet/trsolicitudot HTTP/1.1" 200 8823
186.67.164.138 - - [08/Mar/2021:13:10:12 -0300] "GET /cormun/servlet/solicitudotadjuntos?INS,2021,16633,,1, HTTP/1.1" 200 6019
190.171.149.90 - - [08/Mar/2021:13:10:12 -0300] "GET /cormun/static/Resources/Logo2019_Small.png HTTP/1.1" 200 10855
190.171.149.90 - - [08/Mar/2021:13:10:12 -0300] "GET /cormun/static/Resources/ImgHome.png HTTP/1.1" 200 1364
190.171.149.90 - - [08/Mar/2021:13:10:12 -0300] "GET /cormun/static/Resources/ImgLogin.png HTTP/1.1" 200 1432
190.171.149.90 - - [08/Mar/2021:13:10:12 -0300] "GET /cormun/static/Resources/Llave.png HTTP/1.1" 200 1395
190.171.149.90 - - [08/Mar/2021:13:10:12 -0300] "GET /cormun/static/Resources/PXTools/calendar.png HTTP/1.1" 200 1306
190.171.149.90 - - [08/Mar/2021:13:10:12 -0300] "GET /cormun/static/Resources/PXToolsAddAllAction.png HTTP/1.1" 200 495
190.171.149.90 - - [08/Mar/2021:13:10:12 -0300] "GET /cormun/static/Resources/PXToolsDataSearch.png HTTP/1.1" 200 435
190.171.149.90 - - [08/Mar/2021:13:10:12 -0300] "GET /cormun/static/Resources/PXToolsGridFirstDisabled.gif HTTP/1.1" 200 100
190.171.149.90 - - [08/Mar/2021:13:10:12 -0300] "GET /cormun/static/Resources/PXToolsGridPreviousDisabled.gif HTTP/1.1" 200 90
190.171.149.90 - - [08/Mar/2021:13:10:12 -0300] "GET /cormun/static/Resources/PXToolsGridNextDisabled.gif HTTP/1.1" 200 90
190.171.149.90 - - [08/Mar/2021:13:10:12 -0300] "GET /cormun/static/Resources/PXToolsGridLastDisabled.gif HTTP/1.1" 200 98
190.171.149.90 - - [08/Mar/2021:13:10:12 -0300] "GET /cormun/static/Resources/PXToolsGridPage.gif HTTP/1.1" 200 725
190.171.149.90 - - [08/Mar/2021:13:10:12 -0300] "GET /cormun/static/Resources/PXToolsActionExcel.png HTTP/1.1" 200 727
190.171.149.90 - - [08/Mar/2021:13:10:13 -0300] "GET /favicon.ico HTTP/1.1" 200 21630
186.67.164.138 - - [08/Mar/2021:13:10:13 -0300] "GET /cormun/static/about:blank HTTP/1.1" 404 1011
186.67.164.138 - - [08/Mar/2021:13:10:13 -0300] "GET /cormun/servlet/solicitudotadjuntos?INS,2021,16633,,1, HTTP/1.1" 200 6013
190.171.149.90 - - [08/Mar/2021:13:10:13 -0300] "GET /cormun/static/Resources/asc.gif HTTP/1.1" 200 67
190.171.149.90 - - [08/Mar/2021:13:10:13 -0300] "GET /cormun//static/Resources/PXToolsGridUpdate.png HTTP/1.1" 200 470
190.171.149.90 - - [08/Mar/2021:13:10:13 -0300] "GET /cormun/static/Resources/desc.gif HTTP/1.1" 200 65
190.171.149.90 - - [08/Mar/2021:13:10:13 -0300] "GET /cormun//static/Resources/PXToolsGridDelete.png HTTP/1.1" 200 538
190.171.149.90 - - [08/Mar/2021:13:10:13 -0300] "GET /cormun//static/Resources/PXToolsRemoveAllAction.png HTTP/1.1" 200 487
190.171.149.90 - - [08/Mar/2021:13:10:13 -0300] "GET /cormun//static/Resources/PXToolsActionView.png HTTP/1.1" 200 398
190.171.149.90 - - [08/Mar/2021:13:10:13 -0300] "GET /cormun//static/Resources/PXTools/ActionInsert.png HTTP/1.1" 200 1482
190.171.149.90 - - [08/Mar/2021:13:10:13 -0300] "GET /cormun/static/SmoothNavMenu/resources/images/down.gif HTTP/1.1" 200 854
190.171.149.90 - - [08/Mar/2021:13:10:13 -0300] "GET /cormun/static/SmoothNavMenu/resources/images/right.gif HTTP/1.1" 200 860
190.171.149.90 - - [08/Mar/2021:13:10:13 -0300] "GET /cormun/servlet/trsolicitudot HTTP/1.1" 200 8822
186.67.164.138 - - [08/Mar/2021:13:10:14 -0300] "GET /cormun/servlet/solicitudotadjuntos?55f336b5795d4f75d4ab4ac67da7a8a8a6d69e98e4339b5ba3a8910abf812a28696242ef90653c17168f1247326a3f4a,gx-no-cache=1615219230049 HTTP/1.1" 200 30
186.67.164.138 - - [08/Mar/2021:13:10:14 -0300] "POST /cormun/servlet/solicitudotadjuntos?d17b83aa7b351ad69b43f07a6eb4e0cc,INS,2021,16633,,1,,gx-no-cache=1615219230098 HTTP/1.1" 200 3882
190.171.152.114 - - [08/Mar/2021:13:10:16 -0300] "POST /cormun/servlet/solicitudot?gx-no-cache=1615219232610 HTTP/1.1" 200 1412
186.67.164.138 - - [08/Mar/2021:13:10:18 -0300] "POST /cormun/servlet/solicitudotadjuntos?gx-no-cache=1615219234661 HTTP/1.1" 200 26
190.171.152.114 - - [08/Mar/2021:13:10:20 -0300] "GET /cormun/servlet/prlicenciaspermisos?17650914,L,,MD,,gxPopupLevel%3D0%3B HTTP/1.1" 200 5698
190.171.142.10 - - [08/Mar/2021:13:10:26 -0300] "POST /cormun/servlet/trlicencias?6eb7dba8f0767f247c7b42887770d9fe,,gx-no-cache=1615219241207 HTTP/1.1" 200 5400
190.171.152.114 - - [08/Mar/2021:13:10:31 -0300] "POST /cormun/servlet/solicitudot?gx-no-cache=1615219247989 HTTP/1.1" 200 41
190.171.152.114 - - [08/Mar/2021:13:10:31 -0300] "GET /cormun/servlet/solicitudot?6901f79987c460e7c3b0bd94ed5062e75a5e6f72839e14287465e67bcd25adfb849262dab84214bedfcce5c389767a90c7d4545baad457efb5719d18785733556e9169db4eea8978de92cc24f493868fc1a67eee4391fd1dbac4a17309bcf6c4ea345a40060ba30367225a5f6137be86,gx-no-cache=1615219248038 HTTP/1.1" 200 110
190.171.152.114 - - [08/Mar/2021:13:10:31 -0300] "POST /cormun/servlet/solicitudot?gx-no-cache=1615219248135 HTTP/1.1" 200 97
190.171.152.114 - - [08/Mar/2021:13:10:31 -0300] "GET /cormun/servlet/solicitudot?6901f79987c460e7c3b0bd94ed5062e709bf3df14422d9690b374b0cdf884040b1aadd3fa0ebdf0f50f028d817bf3065,gx-no-cache=1615219248179 HTTP/1.1" 200 30
186.67.164.138 - - [08/Mar/2021:13:10:36 -0300] "GET /cormun/servlet/solicitudotadjuntos?55f336b5795d4f75d4ab4ac67da7a8a8ac4ca99761222dc8d3ba19f99b71bae2,gx-no-cache=1615219252954 HTTP/1.1" 200 30
186.67.164.138 - - [08/Mar/2021:13:10:36 -0300] "GET /cormun/servlet/solicitudotadjuntos?55f336b5795d4f75d4ab4ac67da7a8a8ac4ca99761222dc8d3ba19f99b71bae2,gx-no-cache=1615219252987 HTTP/1.1" 200 30
186.67.164.138 - - [08/Mar/2021:13:10:37 -0300] "POST /cormun/servlet/solicitudotadjuntos?d17b83aa7b351ad69b43f07a6eb4e0cc,INS,2021,16633,,1, HTTP/1.1" 200 116
186.67.164.138 - - [08/Mar/2021:13:10:37 -0300] "GET /cormun/servlet/hpexe_return? HTTP/1.1" 200 1022
190.171.152.114 - - [08/Mar/2021:13:10:37 -0300] "GET /cormun/servlet/prlicenciaspermisos?17650914,L,,MD,,gxPopupLevel%3D0%3B HTTP/1.1" 200 5698
186.67.164.138 - - [08/Mar/2021:13:10:37 -0300] "GET /cormun/servlet/trsolicitudadjuntos?2021,16633, HTTP/1.1" 200 9290
186.67.164.138 - - [08/Mar/2021:13:10:38 -0300] "GET /cormun/servlet/trsolicitudadjuntos?2021,16633, HTTP/1.1" 200 9287
186.67.164.138 - - [08/Mar/2021:13:10:41 -0300] "GET /cormun/servlet/solicitudotadjuntos?INS,2021,16633,,1, HTTP/1.1" 200 6019
186.67.164.138 - - [08/Mar/2021:13:10:42 -0300] "GET /cormun/static/about:blank HTTP/1.1" 404 1011
190.171.142.10 - - [08/Mar/2021:13:10:42 -0300] "GET /cormun/servlet/licenciaspermisos?DSP,12517598,L,20210301000000, HTTP/1.1" 200 7074
190.171.142.10 - - [08/Mar/2021:13:10:42 -0300] "GET /cormun/static/gxcfg.js?202012153173 HTTP/1.1" 200 953
190.171.142.10 - - [08/Mar/2021:13:10:42 -0300] "GET /cormun/static/Resources/prompt.gif HTTP/1.1" 200 902
190.171.142.10 - - [08/Mar/2021:13:10:42 -0300] "GET /cormun/static/licenciaspermisos.js?2020121532136 HTTP/1.1" 200 38824
186.67.164.138 - - [08/Mar/2021:13:10:42 -0300] "GET /cormun/servlet/solicitudotadjuntos?INS,2021,16633,,1, HTTP/1.1" 200 6013
190.171.149.90 - - [08/Mar/2021:13:10:42 -0300] "POST /cormun/servlet/trsolicitudot?0ef925ca277679cd3beca219333a5bc8,gx-no-cache=1615219259034 HTTP/1.1" 200 6050
190.171.149.90 - - [08/Mar/2021:13:10:42 -0300] "GET /cormun/static/Shared/jqueryui/images/ui-bg_highlight-soft_100_c6c2c8_1x100.png HTTP/1.1" 404 1117
190.171.149.90 - - [08/Mar/2021:13:10:42 -0300] "GET /cormun/static/Shared/jqueryui/images/ui-icons_82798d_256x240.png HTTP/1.1" 404 1089
190.171.149.90 - - [08/Mar/2021:13:10:42 -0300] "GET /cormun/static/Shared/jqueryui/images/ui-bg_flat_55_fafafa_40x100.png HTTP/1.1" 404 1097
190.171.149.90 - - [08/Mar/2021:13:10:42 -0300] "GET /cormun/static/Shared/jqueryui/images/ui-icons_8d78a5_256x240.png HTTP/1.1" 404 1089
186.67.164.138 - - [08/Mar/2021:13:10:43 -0300] "GET /cormun/servlet/solicitudotadjuntos?55f336b5795d4f75d4ab4ac67da7a8a8a6d69e98e4339b5ba3a8910abf812a28696242ef90653c17168f1247326a3f4a,gx-no-cache=1615219259147 HTTP/1.1" 200 30
186.67.164.138 - - [08/Mar/2021:13:10:43 -0300] "POST /cormun/servlet/solicitudotadjuntos?d17b83aa7b351ad69b43f07a6eb4e0cc,INS,2021,16633,,1,,gx-no-cache=1615219259184 HTTP/1.1" 200 3882
190.171.142.10 - - [08/Mar/2021:13:10:43 -0300] "GET /cormun/servlet/licenciaspermisos?DSP,12517598,L,20210301000000, HTTP/1.1" 200 7074
186.67.164.138 - - [08/Mar/2021:13:10:48 -0300] "POST /cormun/servlet/solicitudotadjuntos?gx-no-cache=1615219264987 HTTP/1.1" 200 26
190.171.152.114 - - [08/Mar/2021:13:10:55 -0300] "GET /cormun/servlet/prlicenciaspermisos?17650914,L,,MD,,gxPopupLevel%3D0%3B HTTP/1.1" 200 5698
186.67.164.138 - - [08/Mar/2021:13:10:56 -0300] "GET /cormun/servlet/solicitudotadjuntos?55f336b5795d4f75d4ab4ac67da7a8a8ac4ca99761222dc8d3ba19f99b71bae2,gx-no-cache=1615219272705 HTTP/1.1" 200 30
186.67.164.138 - - [08/Mar/2021:13:10:56 -0300] "GET /cormun/servlet/solicitudotadjuntos?55f336b5795d4f75d4ab4ac67da7a8a8ac4ca99761222dc8d3ba19f99b71bae2,gx-no-cache=1615219272738 HTTP/1.1" 200 30
186.67.164.138 - - [08/Mar/2021:13:10:57 -0300] "POST /cormun/servlet/solicitudotadjuntos?d17b83aa7b351ad69b43f07a6eb4e0cc,INS,2021,16633,,1, HTTP/1.1" 200 116
186.67.164.138 - - [08/Mar/2021:13:10:57 -0300] "GET /cormun/servlet/hpexe_return? HTTP/1.1" 200 1022
186.67.164.138 - - [08/Mar/2021:13:10:57 -0300] "GET /cormun/servlet/trsolicitudadjuntos?2021,16633, HTTP/1.1" 200 9547
186.67.164.138 - - [08/Mar/2021:13:10:58 -0300] "GET /cormun/servlet/trsolicitudadjuntos?2021,16633, HTTP/1.1" 200 9546
190.171.142.10 - - [08/Mar/2021:13:10:59 -0300] "POST /cormun/servlet/licenciaspermisos?6eb7dba8f0767f247c7b42887770d9fe,DSP,12517598,L,20210301000000,,gx-no-cache=1615219275204 HTTP/1.1" 200 93
190.171.142.10 - - [08/Mar/2021:13:10:59 -0300] "GET /cormun/servlet/hpexe_return? HTTP/1.1" 200 1030
190.171.142.10 - - [08/Mar/2021:13:10:59 -0300] "GET /cormun/static/hpexe_return.js?201991422392984 HTTP/1.1" 200 1633
190.171.142.10 - - [08/Mar/2021:13:10:59 -0300] "GET /cormun/static/gxcfg.js?201991422392976 HTTP/1.1" 200 953
190.171.142.10 - - [08/Mar/2021:13:10:59 -0300] "GET /cormun/servlet/trlicencias? HTTP/1.1" 200 8028
190.171.142.10 - - [08/Mar/2021:13:11:00 -0300] "GET /cormun/servlet/trlicencias? HTTP/1.1" 200 8023
186.67.164.138 - - [08/Mar/2021:13:11:01 -0300] "GET /cormun/servlet/solicitudotadjuntos?INS,2021,16633,,1, HTTP/1.1" 200 6020
186.67.164.138 - - [08/Mar/2021:13:11:02 -0300] "GET /cormun/static/about:blank HTTP/1.1" 404 1011
186.67.164.138 - - [08/Mar/2021:13:11:02 -0300] "GET /cormun/servlet/solicitudotadjuntos?INS,2021,16633,,1, HTTP/1.1" 200 6013
190.171.152.114 - - [08/Mar/2021:13:11:02 -0300] "POST /cormun/servlet/solicitudot?gx-no-cache=1615219279164 HTTP/1.1" 200 41
190.171.152.114 - - [08/Mar/2021:13:11:02 -0300] "GET /cormun/servlet/solicitudot?6901f79987c460e7c3b0bd94ed5062e75a5e6f72839e14287465e67bcd25adfb849262dab84214bedfcce5c389767a90c7d4545baad457efb5719d18785733556e9169db4eea8978de92cc24f493868fc1a67eee4391fd1dbac4a17309bcf6c4ea345a40060ba30367225a5f6137be86,gx-no-cache=1615219279210 HTTP/1.1" 200 110
186.67.164.138 - - [08/Mar/2021:13:11:03 -0300] "GET /cormun/servlet/solicitudotadjuntos?55f336b5795d4f75d4ab4ac67da7a8a8a6d69e98e4339b5ba3a8910abf812a28696242ef90653c17168f1247326a3f4a,gx-no-cache=1615219279076 HTTP/1.1" 200 30
186.67.164.138 - - [08/Mar/2021:13:11:03 -0300] "POST /cormun/servlet/solicitudotadjuntos?d17b83aa7b351ad69b43f07a6eb4e0cc,INS,2021,16633,,1,,gx-no-cache=1615219279121 HTTP/1.1" 200 3882
190.171.152.114 - - [08/Mar/2021:13:11:04 -0300] "GET /cormun/servlet/solicitudot?6901f79987c460e7c3b0bd94ed5062e75a5e6f72839e14287465e67bcd25adfb849262dab84214bedfcce5c389767a90c7d4545baad457efb5719d18785733556e9169db4eea8978de92cc24f493868fc1a67eee4391fd1dbac4a17309bcf6c4ea345a40060ba30367225a5f6137be86,gx-no-cache=1615219280676 HTTP/1.1" 200 110
186.67.164.138 - - [08/Mar/2021:13:11:09 -0300] "POST /cormun/servlet/solicitudotadjuntos?gx-no-cache=1615219285484 HTTP/1.1" 200 26
190.171.152.114 - - [08/Mar/2021:13:11:15 -0300] "POST /cormun/servlet/solicitudot?gx-no-cache=1615219291487 HTTP/1.1" 200 34
190.171.152.114 - - [08/Mar/2021:13:11:16 -0300] "POST /cormun/servlet/solicitudot?be746ca85c5885da3dabafd86817cf67,INS,0,0,false,,gx-no-cache=1615219291600 HTTP/1.1" 200 93
186.67.164.138 - - [08/Mar/2021:13:11:16 -0300] "GET /cormun/servlet/solicitudotadjuntos?55f336b5795d4f75d4ab4ac67da7a8a8ac4ca99761222dc8d3ba19f99b71bae2,gx-no-cache=1615219292086 HTTP/1.1" 200 30
186.67.164.138 - - [08/Mar/2021:13:11:16 -0300] "GET /cormun/servlet/solicitudotadjuntos?55f336b5795d4f75d4ab4ac67da7a8a8ac4ca99761222dc8d3ba19f99b71bae2,gx-no-cache=1615219292121 HTTP/1.1" 200 30
190.171.152.114 - - [08/Mar/2021:13:11:16 -0300] "GET /cormun/servlet/hpexe_return? HTTP/1.1" 200 1010
190.171.142.10 - - [08/Mar/2021:13:11:16 -0300] "GET /cormun/Manuales/ManualSolicitud.pdf HTTP/1.1" 200 850295
186.67.164.138 - - [08/Mar/2021:13:11:16 -0300] "POST /cormun/servlet/solicitudotadjuntos?d17b83aa7b351ad69b43f07a6eb4e0cc,INS,2021,16633,,1, HTTP/1.1" 200 116
190.171.152.114 - - [08/Mar/2021:13:11:16 -0300] "GET /cormun/servlet/trsolicitudot HTTP/1.1" 200 8953
186.67.164.138 - - [08/Mar/2021:13:11:16 -0300] "GET /cormun/servlet/hpexe_return? HTTP/1.1" 200 1022
186.67.164.138 - - [08/Mar/2021:13:11:17 -0300] "GET /cormun/servlet/trsolicitudadjuntos?2021,16633, HTTP/1.1" 200 9839
190.171.152.114 - - [08/Mar/2021:13:11:17 -0300] "GET /cormun/servlet/trsolicitudot HTTP/1.1" 200 8949
186.67.164.138 - - [08/Mar/2021:13:11:18 -0300] "GET /cormun/servlet/trsolicitudadjuntos?2021,16633, HTTP/1.1" 200 9839
186.67.164.138 - - [08/Mar/2021:13:11:22 -0300] "GET /cormun/servlet/solicitudotadjuntos?INS,2021,16633,,1, HTTP/1.1" 200 6020
186.67.164.138 - - [08/Mar/2021:13:11:22 -0300] "GET /cormun/static/about:blank HTTP/1.1" 404 1011
186.67.164.138 - - [08/Mar/2021:13:11:23 -0300] "GET /cormun/servlet/solicitudotadjuntos?INS,2021,16633,,1, HTTP/1.1" 200 6013
186.67.164.138 - - [08/Mar/2021:13:11:23 -0300] "GET /cormun/servlet/solicitudotadjuntos?55f336b5795d4f75d4ab4ac67da7a8a8a6d69e98e4339b5ba3a8910abf812a28696242ef90653c17168f1247326a3f4a,gx-no-cache=1615219299869 HTTP/1.1" 200 30
186.67.164.138 - - [08/Mar/2021:13:11:23 -0300] "POST /cormun/servlet/solicitudotadjuntos?d17b83aa7b351ad69b43f07a6eb4e0cc,INS,2021,16633,,1,,gx-no-cache=1615219299921 HTTP/1.1" 200 3882
190.171.152.114 - - [08/Mar/2021:13:11:26 -0300] "GET /cormun/servlet/solicitudot?INS,0,0,false, HTTP/1.1" 200 15776
190.171.152.114 - - [08/Mar/2021:13:11:27 -0300] "GET /cormun/servlet/solicitudot?INS,0,0,false, HTTP/1.1" 200 15784
186.67.164.138 - - [08/Mar/2021:13:11:30 -0300] "POST /cormun/servlet/solicitudotadjuntos?gx-no-cache=1615219306975 HTTP/1.1" 200 26
190.171.152.114 - - [08/Mar/2021:13:11:38 -0300] "POST /cormun/servlet/solicitudot?gx-no-cache=1615219314509 HTTP/1.1" 200 3810
190.171.152.114 - - [08/Mar/2021:13:11:38 -0300] "POST /cormun/servlet/solicitudot?be746ca85c5885da3dabafd86817cf67,INS,0,0,false,,gx-no-cache=1615219314794 HTTP/1.1" 200 12504
190.171.152.114 - - [08/Mar/2021:13:11:42 -0300] "GET /cormun/servlet/solicitudot?6901f79987c460e7c3b0bd94ed5062e7455d1868a6c2c7badc80e7fc09a6a6871f0bfe647666cb6edcf01dc3ab7f7833,gx-no-cache=1615219318888 HTTP/1.1" 200 30
190.171.152.114 - - [08/Mar/2021:13:11:42 -0300] "GET /cormun/servlet/solicitudot?6901f79987c460e7c3b0bd94ed5062e7eaf9297b456488ebf05b672e6fb270b1dcec474d223c79d5a54fee394b92b3a2a23e6ccc5146b645b0c14b610a2c2d81,gx-no-cache=1615219318951 HTTP/1.1" 200 30
190.171.152.114 - - [08/Mar/2021:13:11:42 -0300] "GET /cormun/servlet/solicitudot?6901f79987c460e7c3b0bd94ed5062e760f68118d571c292deaf1bf3017d4492,gx-no-cache=1615219318992 HTTP/1.1" 200 53
190.171.152.114 - - [08/Mar/2021:13:11:42 -0300] "POST /cormun/servlet/solicitudot?gx-no-cache=1615219319038 HTTP/1.1" 200 240
190.171.152.114 - - [08/Mar/2021:13:11:42 -0300] "GET /cormun/servlet/solicitudot?6901f79987c460e7c3b0bd94ed5062e76a6043b411e766fe3516c0f87e53cffbc22c8079203e62b20e4ac5ae73f88bce13fe1d1acbd073c2508a3adc5a6a1026a2578dcfed7fe6ec9fa7454b3f4d7202ec5dcec1ab66c60f87c28de69a1f1ca353003d54c018a1aa101d864e9153018264668bcc151467744264f5669292bb52be1371a08adbe70d0c9b8f368dd7233612121d7e60cade4bb2a734518b7560434a7b7fb075eda129e899457c88ee1ebb5c5043b77a1f7e453e1c9615b63b91d5c781de8144581c406589f5d10abe85c2a73c2695309a3964a2a54d9b07309082887cd83715d926be049da8ba064c0ed00925f67d9c0dd6367d12e4a2a62803d81eda6787922cc4c3ee27b8bab61e83dfb3615700926e034311e199867f6de6f523f0fc92abea900eeed706c392703c6a161cb79a3333aa5b332d0aad27c9dc7d954ab0901bc308640435d17cfa8989d9da56d89f00f2ed5abccb1698909c4a51437d7b3f4c3afac2d6445d552ae34b5db86e98b6bf1d11848d41c3963bfee780,gx-no-cache=1615219319094 HTTP/1.1" 200 30
186.67.164.138 - - [08/Mar/2021:13:11:44 -0300] "GET /cormun/servlet/solicitudotadjuntos?55f336b5795d4f75d4ab4ac67da7a8a8ac4ca99761222dc8d3ba19f99b71bae2,gx-no-cache=1615219320384 HTTP/1.1" 200 30
186.67.164.138 - - [08/Mar/2021:13:11:44 -0300] "GET /cormun/servlet/solicitudotadjuntos?55f336b5795d4f75d4ab4ac67da7a8a8ac4ca99761222dc8d3ba19f99b71bae2,gx-no-cache=1615219320440 HTTP/1.1" 200 30
186.67.164.138 - - [08/Mar/2021:13:11:44 -0300] "POST /cormun/servlet/solicitudotadjuntos?d17b83aa7b351ad69b43f07a6eb4e0cc,INS,2021,16633,,1, HTTP/1.1" 200 116
190.171.152.114 - - [08/Mar/2021:13:11:45 -0300] "POST /cormun/servlet/solicitudot?gx-no-cache=1615219321253 HTTP/1.1" 200 30
186.67.164.138 - - [08/Mar/2021:13:11:45 -0300] "GET /cormun/servlet/hpexe_return? HTTP/1.1" 200 1022
186.67.164.138 - - [08/Mar/2021:13:11:45 -0300] "GET /cormun/servlet/trsolicitudadjuntos?2021,16633, HTTP/1.1" 200 10040
186.67.164.138 - - [08/Mar/2021:13:11:46 -0300] "GET /cormun/servlet/trsolicitudadjuntos?2021,16633, HTTP/1.1" 200 10035
190.171.152.114 - - [08/Mar/2021:13:12:13 -0300] "POST /cormun/servlet/solicitudot?gx-no-cache=1615219349690 HTTP/1.1" 200 1412
190.171.152.114 - - [08/Mar/2021:13:12:17 -0300] "GET /cormun/servlet/prlicenciaspermisos?17650914,L,,MD,,gxPopupLevel%3D0%3B HTTP/1.1" 200 5698
190.171.149.90 - - [08/Mar/2021:13:12:19 -0300] "GET /cormun/servlet/trlicencias? HTTP/1.1" 200 8985
190.171.149.90 - - [08/Mar/2021:13:12:20 -0300] "GET /cormun/static/trlicencias.js?202012162481 HTTP/1.1" 200 41883
190.171.149.90 - - [08/Mar/2021:13:12:20 -0300] "GET /favicon.ico HTTP/1.1" 200 21630
190.171.149.90 - - [08/Mar/2021:13:12:20 -0300] "GET /cormun//static/Resources/PXToolsActionDisabled.gif HTTP/1.1" 200 53
190.171.149.90 - - [08/Mar/2021:13:12:20 -0300] "GET /cormun//static/Resources/PXToolsGridDisplay.png HTTP/1.1" 200 525
190.171.149.90 - - [08/Mar/2021:13:12:20 -0300] "GET /cormun//static/Resources/PXToolsActionPrint.png HTTP/1.1" 200 404
190.171.149.90 - - [08/Mar/2021:13:12:20 -0300] "GET /cormun//static/Resources/PXToolsHeaderHelp.png HTTP/1.1" 200 1333
190.171.149.90 - - [08/Mar/2021:13:12:20 -0300] "GET /cormun//static/Resources/PXToolsHeaderFavorites.png HTTP/1.1" 200 1414
190.171.149.90 - - [08/Mar/2021:13:12:20 -0300] "GET /cormun/servlet/trlicencias? HTTP/1.1" 200 8984
190.171.152.114 - - [08/Mar/2021:13:12:23 -0300] "POST /cormun/servlet/solicitudot?gx-no-cache=1615219359556 HTTP/1.1" 200 40
190.171.152.114 - - [08/Mar/2021:13:12:35 -0300] "GET /cormun/servlet/solicitudot?6901f79987c460e7c3b0bd94ed5062e75a5e6f72839e14287465e67bcd25adfb849262dab84214bedfcce5c389767a90c7d4545baad457efb5719d18785733556e9169db4eea8978de92cc24f493868fc1a67eee4391fd1dbac4a17309bcf6c4ea345a40060ba30367225a5f6137be86,gx-no-cache=1615219371513 HTTP/1.1" 200 110
190.171.152.114 - - [08/Mar/2021:13:12:35 -0300] "POST /cormun/servlet/solicitudot?gx-no-cache=1615219371584 HTTP/1.1" 200 97
190.171.152.114 - - [08/Mar/2021:13:12:45 -0300] "POST /cormun/servlet/solicitudot?gx-no-cache=1615219381265 HTTP/1.1" 200 72
190.171.142.10 - - [08/Mar/2021:13:12:47 -0300] "GET /cormun/servlet/hlogin HTTP/1.1" 200 1732
190.171.149.90 - - [08/Mar/2021:13:12:47 -0300] "GET /cormun/servlet/trsolicitudot? HTTP/1.1" 200 8822
190.171.149.90 - - [08/Mar/2021:13:12:47 -0300] "GET /favicon.ico HTTP/1.1" 200 21630
190.171.149.90 - - [08/Mar/2021:13:12:48 -0300] "GET /cormun//static/Resources/PXToolsGridUpdate.png HTTP/1.1" 200 470
190.171.149.90 - - [08/Mar/2021:13:12:48 -0300] "GET /cormun//static/Resources/PXToolsGridDelete.png HTTP/1.1" 200 538
190.171.149.90 - - [08/Mar/2021:13:12:48 -0300] "GET /cormun//static/Resources/PXToolsRemoveAllAction.png HTTP/1.1" 200 487
190.171.149.90 - - [08/Mar/2021:13:12:48 -0300] "GET /cormun//static/Resources/PXToolsActionView.png HTTP/1.1" 200 398
190.171.149.90 - - [08/Mar/2021:13:12:48 -0300] "GET /cormun/servlet/trsolicitudot? HTTP/1.1" 200 8822
186.67.164.138 - - [08/Mar/2021:13:12:53 -0300] "POST /cormun/servlet/trsolicitudadjuntos?d17b83aa7b351ad69b43f07a6eb4e0cc,2021,16633,,gx-no-cache=1615219389858 HTTP/1.1" 200 90
186.67.164.138 - - [08/Mar/2021:13:12:53 -0300] "GET /cormun/servlet/hpexe_link HTTP/1.1" 200 986
186.67.164.138 - - [08/Mar/2021:13:12:54 -0300] "GET /cormun/servlet/trsolicitudot?gx-no-cache=1615219143141 HTTP/1.1" 200 8619
190.171.152.114 - - [08/Mar/2021:13:12:55 -0300] "GET /cormun/servlet/solicitudot?6901f79987c460e7c3b0bd94ed5062e7ebd489104774e6693b0d12aa76325fc19532265de02294a2c4415a97ee5efb0766f32385ee94a8321f299ccd1e5bca3585fb4d7762e56da4e9e0e767623adcfe0ad97f8ff5467307fe6fc335bb58225f81806586c07f80accff220e29b78ca2379b5380755276126a710a25e7f1d0bd063345fc538301355a89c3dd91399a96f3b04a21c13d5a22166e567e88c7d3b07,gx-no-cache=1615219391769 HTTP/1.1" 200 29
190.171.152.114 - - [08/Mar/2021:13:12:55 -0300] "GET /cormun/static/menuarrow.gif HTTP/1.1" 404 1015
186.67.164.138 - - [08/Mar/2021:13:12:55 -0300] "GET /cormun/servlet/trsolicitudot?gx-no-cache=1615219143141 HTTP/1.1" 200 8639
190.171.142.10 - - [08/Mar/2021:13:12:56 -0300] "POST /cormun/servlet/hlogin?449333bfc6504e625514b06fd03ea228,gx-no-cache=1615219392809 HTTP/1.1" 200 90
190.171.142.10 - - [08/Mar/2021:13:12:56 -0300] "GET /cormun/servlet/hpexe_link HTTP/1.1" 200 955
190.171.142.10 - - [08/Mar/2021:13:12:57 -0300] "GET /cormun/servlet/hhome HTTP/1.1" 200 3980
190.171.152.114 - - [08/Mar/2021:13:12:57 -0300] "GET /cormun/servlet/solicitudot?6901f79987c460e7c3b0bd94ed5062e709bf3df14422d9690b374b0cdf884040b1aadd3fa0ebdf0f50f028d817bf3065,gx-no-cache=1615219394032 HTTP/1.1" 200 30
190.171.152.114 - - [08/Mar/2021:13:12:57 -0300] "POST /cormun/servlet/solicitudot?gx-no-cache=1615219394074 HTTP/1.1" 200 32
190.171.142.10 - - [08/Mar/2021:13:12:58 -0300] "GET /cormun/servlet/hhome HTTP/1.1" 200 3977
190.171.149.90 - - [08/Mar/2021:13:12:59 -0300] "POST /cormun/servlet/trsolicitudot?0ef925ca277679cd3beca219333a5bc8,,gx-no-cache=1615219396254 HTTP/1.1" 200 4565
190.171.149.90 - - [08/Mar/2021:13:13:00 -0300] "POST /cormun/servlet/trsolicitudot?0ef925ca277679cd3beca219333a5bc8,,gx-no-cache=1615219396489 HTTP/1.1" 200 4358
190.171.152.114 - - [08/Mar/2021:13:13:02 -0300] "POST /cormun/servlet/solicitudot?be746ca85c5885da3dabafd86817cf67,INS,0,0,false,,gx-no-cache=1615219398616 HTTP/1.1" 200 93
190.171.152.114 - - [08/Mar/2021:13:13:02 -0300] "GET /cormun/servlet/hpexe_return? HTTP/1.1" 200 1010
190.171.152.114 - - [08/Mar/2021:13:13:03 -0300] "GET /cormun/servlet/trsolicitudot HTTP/1.1" 200 9285
190.171.152.114 - - [08/Mar/2021:13:13:04 -0300] "GET /cormun/servlet/trsolicitudot HTTP/1.1" 200 9281
190.171.152.114 - - [08/Mar/2021:13:13:15 -0300] "GET /cormun/servlet/solicitudot?INS,0,0,false, HTTP/1.1" 200 15775
190.171.152.114 - - [08/Mar/2021:13:13:16 -0300] "GET /cormun/servlet/solicitudot?INS,0,0,false, HTTP/1.1" 200 15782
190.171.152.114 - - [08/Mar/2021:13:13:40 -0300] "POST /cormun/servlet/solicitudot?gx-no-cache=1615219436802 HTTP/1.1" 200 3810
190.171.152.114 - - [08/Mar/2021:13:13:41 -0300] "POST /cormun/servlet/solicitudot?be746ca85c5885da3dabafd86817cf67,INS,0,0,false,,gx-no-cache=1615219437130 HTTP/1.1" 200 12503
186.67.164.138 - - [08/Mar/2021:13:13:44 -0300] "POST /cormun/servlet/trsolicitudot?d17b83aa7b351ad69b43f07a6eb4e0cc,gx-no-cache=1615219143141,gx-no-cache=1615219440386 HTTP/1.1" 200 4598
186.67.164.138 - - [08/Mar/2021:13:13:44 -0300] "GET /cormun/static/Shared/jqueryui/images/ui-bg_highlight-soft_100_c6c2c8_1x100.png HTTP/1.1" 404 1117
186.67.164.138 - - [08/Mar/2021:13:13:44 -0300] "GET /cormun/static/Shared/jqueryui/images/ui-icons_82798d_256x240.png HTTP/1.1" 404 1089
186.67.164.138 - - [08/Mar/2021:13:13:44 -0300] "GET /cormun/static/Shared/jqueryui/images/ui-bg_flat_55_fafafa_40x100.png HTTP/1.1" 404 1097
186.67.164.138 - - [08/Mar/2021:13:13:44 -0300] "GET /cormun/static/Shared/jqueryui/images/ui-icons_8d78a5_256x240.png HTTP/1.1" 404 1089
186.67.164.138 - - [08/Mar/2021:13:13:44 -0300] "POST /cormun/servlet/trsolicitudot?d17b83aa7b351ad69b43f07a6eb4e0cc,gx-no-cache=1615219143141,gx-no-cache=1615219440727 HTTP/1.1" 200 4341
190.171.152.114 - - [08/Mar/2021:13:13:45 -0300] "GET /cormun/servlet/solicitudot?6901f79987c460e7c3b0bd94ed5062e7455d1868a6c2c7badc80e7fc09a6a6871f0bfe647666cb6edcf01dc3ab7f7833,gx-no-cache=1615219441253 HTTP/1.1" 200 30
190.171.152.114 - - [08/Mar/2021:13:13:45 -0300] "GET /cormun/servlet/solicitudot?6901f79987c460e7c3b0bd94ed5062e7eaf9297b456488ebf05b672e6fb270b1dcec474d223c79d5a54fee394b92b3a2a23e6ccc5146b645b0c14b610a2c2d81,gx-no-cache=1615219441366 HTTP/1.1" 200 30
190.171.152.114 - - [08/Mar/2021:13:13:45 -0300] "GET /cormun/servlet/solicitudot?6901f79987c460e7c3b0bd94ed5062e760f68118d571c292deaf1bf3017d4492,gx-no-cache=1615219441447 HTTP/1.1" 200 53
190.171.152.114 - - [08/Mar/2021:13:13:45 -0300] "POST /cormun/servlet/solicitudot?gx-no-cache=1615219441558 HTTP/1.1" 200 240
190.171.152.114 - - [08/Mar/2021:13:13:45 -0300] "GET /cormun/servlet/solicitudot?6901f79987c460e7c3b0bd94ed5062e76a6043b411e766fe3516c0f87e53cffbc22c8079203e62b20e4ac5ae73f88bce13fe1d1acbd073c2508a3adc5a6a1026a2578dcfed7fe6ec9fa7454b3f4d7202ec5dcec1ab66c60f87c28de69a1f1ca353003d54c018a1aa101d864e9153018264668bcc151467744264f5669292bb52be1371a08adbe70d0c9b8f368dd7233612121d7e60cade4bb2a734518b7560434a7b7fb075eda129e899457c88ee1ebb5c5043b77a1f7e453e1c9615b63b91d5c781de8144581c406589f5d10abe85c2a73c2695309a3964a2a54d9b07309082887cd83715d926be049da8ba064c0ed00925f67d9c0dd6367d12e4a2a62803d81eda6787922cc4c3ee27b8bab61e83dfb3615700926e034311e199867f6de6f523f0fc92abea900eeed706c392703c6a161cb79a3333aa5b332d0aad27c9dc7d954ab0901bc308640435d17cfa8989d9da56d89f00f2ed5abccb1698909c4a51437d7b3f4c3afac2d6445d552ae34b5db86e98b6bf1d11848d41c3963bfee780,gx-no-cache=1615219441666 HTTP/1.1" 200 30
190.171.152.114 - - [08/Mar/2021:13:13:47 -0300] "POST /cormun/servlet/solicitudot?gx-no-cache=1615219443372 HTTP/1.1" 200 30
190.171.152.114 - - [08/Mar/2021:13:14:14 -0300] "POST /cormun/servlet/solicitudot?gx-no-cache=1615219470284 HTTP/1.1" 200 1412
190.171.152.114 - - [08/Mar/2021:13:14:19 -0300] "GET /cormun/servlet/prlicenciaspermisos?17650914,L,,MD,,gxPopupLevel%3D0%3B HTTP/1.1" 200 5698
190.171.152.114 - - [08/Mar/2021:13:14:27 -0300] "POST /cormun/servlet/solicitudot?gx-no-cache=1615219483918 HTTP/1.1" 200 40
190.171.152.114 - - [08/Mar/2021:13:14:52 -0300] "GET /cormun/servlet/solicitudot?6901f79987c460e7c3b0bd94ed5062e75a5e6f72839e14287465e67bcd25adfb849262dab84214bedfcce5c389767a90c7d4545baad457efb5719d18785733556e9169db4eea8978de92cc24f493868fc1a67eee4391fd1dbac4a17309bcf6c4ea345a40060ba30367225a5f6137be86,gx-no-cache=1615219508390 HTTP/1.1" 200 110
190.171.152.114 - - [08/Mar/2021:13:14:54 -0300] "POST /cormun/servlet/solicitudot?gx-no-cache=1615219510352 HTTP/1.1" 200 97
190.171.152.114 - - [08/Mar/2021:13:15:00 -0300] "GET /cormun/servlet/solicitudot?6901f79987c460e7c3b0bd94ed5062e7ebd489104774e6693b0d12aa76325fc19532265de02294a2c4415a97ee5efb0766f32385ee94a8321f299ccd1e5bca3585fb4d7762e56da4e9e0e767623adcfe0ad97f8ff5467307fe6fc335bb58225f81806586c07f80accff220e29b78ca2379b5380755276126a710a25e7f1d0bd063345fc538301355a89c3dd91399a96f3b04a21c13d5a22166e567e88c7d3b07,gx-no-cache=1615219516762 HTTP/1.1" 200 29
190.171.152.114 - - [08/Mar/2021:13:15:00 -0300] "GET /cormun/static/menuarrow.gif HTTP/1.1" 404 1015
190.171.152.114 - - [08/Mar/2021:13:15:02 -0300] "GET /cormun/servlet/solicitudot?6901f79987c460e7c3b0bd94ed5062e709bf3df14422d9690b374b0cdf884040b1aadd3fa0ebdf0f50f028d817bf3065,gx-no-cache=1615219518745 HTTP/1.1" 200 30
190.171.152.114 - - [08/Mar/2021:13:15:02 -0300] "POST /cormun/servlet/solicitudot?gx-no-cache=1615219518787 HTTP/1.1" 200 32
190.171.152.114 - - [08/Mar/2021:13:15:06 -0300] "POST /cormun/servlet/solicitudot?be746ca85c5885da3dabafd86817cf67,INS,0,0,false,,gx-no-cache=1615219521940 HTTP/1.1" 200 93
190.171.152.114 - - [08/Mar/2021:13:15:06 -0300] "GET /cormun/servlet/hpexe_return? HTTP/1.1" 200 1010
190.171.152.114 - - [08/Mar/2021:13:15:06 -0300] "GET /cormun/servlet/trsolicitudot HTTP/1.1" 200 9561
190.171.152.114 - - [08/Mar/2021:13:15:07 -0300] "GET /cormun/servlet/trsolicitudot HTTP/1.1" 200 9557
190.171.152.114 - - [08/Mar/2021:13:15:11 -0300] "GET /cormun/servlet/trsolicitudot? HTTP/1.1" 200 9557
190.171.152.114 - - [08/Mar/2021:13:15:12 -0300] "GET /cormun/servlet/trsolicitudot? HTTP/1.1" 200 9557
190.171.142.10 - - [08/Mar/2021:13:15:21 -0300] "GET /cormun/servlet/hhome HTTP/1.1" 200 3980
190.171.152.114 - - [08/Mar/2021:13:15:26 -0300] "POST /cormun/servlet/trsolicitudot?be746ca85c5885da3dabafd86817cf67,,gx-no-cache=1615219542747 HTTP/1.1" 200 112
190.171.152.114 - - [08/Mar/2021:13:15:26 -0300] "GET /cormun/servlet/solicitudot?UPD,2021,16651,false, HTTP/1.1" 200 16399
190.171.142.10 - - [08/Mar/2021:13:15:27 -0300] "GET /cormun/servlet/hhome HTTP/1.1" 200 3977
190.171.152.114 - - [08/Mar/2021:13:15:27 -0300] "GET /cormun/servlet/solicitudot?UPD,2021,16651,false, HTTP/1.1" 200 16415
190.171.152.114 - - [08/Mar/2021:13:15:28 -0300] "POST /cormun/servlet/solicitudot?gx-no-cache=1615219544589 HTTP/1.1" 200 3771
190.171.152.114 - - [08/Mar/2021:13:15:28 -0300] "POST /cormun/servlet/solicitudot?be746ca85c5885da3dabafd86817cf67,UPD,2021,16651,false,,gx-no-cache=1615219544815 HTTP/1.1" 200 12546
190.171.152.114 - - [08/Mar/2021:13:15:28 -0300] "GET /cormun/servlet/solicitudot?6901f79987c460e7c3b0bd94ed5062e7455d1868a6c2c7badc80e7fc09a6a6873706f966a562a62dd862b5c5754dadb8,gx-no-cache=1615219545135 HTTP/1.1" 200 30
190.171.152.114 - - [08/Mar/2021:13:15:29 -0300] "GET /cormun/servlet/solicitudot?6901f79987c460e7c3b0bd94ed5062e7eaf9297b456488ebf05b672e6fb270b14c460baf3dc10c7e8778e7f0a31f07e7a23e6ccc5146b645b0c14b610a2c2d81,gx-no-cache=1615219545224 HTTP/1.1" 200 30
190.171.152.114 - - [08/Mar/2021:13:15:29 -0300] "GET /cormun/servlet/solicitudot?6901f79987c460e7c3b0bd94ed5062e722028f7ec4694207384c617eecbeb3c7247ae28fa47d58a6c5fd2d12c6a3928768b8af4bc865d7175a6d15f7aaf3bf4b,gx-no-cache=1615219545307 HTTP/1.1" 200 53
190.171.152.114 - - [08/Mar/2021:13:15:29 -0300] "POST /cormun/servlet/solicitudot?gx-no-cache=1615219545354 HTTP/1.1" 200 239
190.171.152.114 - - [08/Mar/2021:13:15:29 -0300] "GET /cormun/servlet/solicitudot?6901f79987c460e7c3b0bd94ed5062e76a6043b411e766fe3516c0f87e53cffbc22c8079203e62b20e4ac5ae73f88bce13fe1d1acbd073c2508a3adc5a6a1026a2578dcfed7fe6ec9fa7454b3f4d7202ec5dcec1ab66c60f87c28de69a1f1ca353003d54c018a1aa101d864e9153018264668bcc151467744264f5669292bb52be1371a08adbe70d0c9b8f368dd7233612121d7e60cade4bb2a734518b7560434a7b7fb075eda129e899457c88ee1ebb5c5043b77a1f7e453e1c9615b63b91d5c781de8144581c406589f5d10abe85c2a73c2695309a3964a2a54d9b07309082887cd83715d926be049da8ba064c0ed00925f67d9c0dd6367d12e4a2a62803d81eda6787922cc4c3ee27b8bab61e83dfb3615700926e034311e199867f6de6f523f0fc92abea900eeed706c392703c6a161cb79a3333aa5b332d0aad27c9dc7d954ab0901bc308640435d17cfa8989d9da56d89f00f2ed5abccb1698909c4a51437d7b3f4c3afac2d6445d552ae34b5d9289be224ce4eb69094db05215975bf4,gx-no-cache=1615219545419 HTTP/1.1" 200 30
190.171.152.114 - - [08/Mar/2021:13:15:29 -0300] "POST /cormun/servlet/solicitudot?gx-no-cache=1615219545453 HTTP/1.1" 200 30
190.171.152.114 - - [08/Mar/2021:13:15:29 -0300] "POST /cormun/servlet/solicitudot?gx-no-cache=1615219545501 HTTP/1.1" 200 1412
190.171.152.114 - - [08/Mar/2021:13:15:29 -0300] "POST /cormun/servlet/solicitudot?gx-no-cache=1615219545608 HTTP/1.1" 200 40
190.171.152.114 - - [08/Mar/2021:13:15:44 -0300] "GET /cormun/servlet/solicitudot?6901f79987c460e7c3b0bd94ed5062e75a5e6f72839e14287465e67bcd25adfb849262dab84214bedfcce5c389767a90c7d4545baad457efb5719d18785733556e9169db4eea8978de92cc24f493868fc1a67eee4391fd1dbac4a17309bcf6c4ea345a40060ba30367225a5f6137be86,gx-no-cache=1615219560994 HTTP/1.1" 200 110
190.171.152.114 - - [08/Mar/2021:13:15:44 -0300] "POST /cormun/servlet/solicitudot?gx-no-cache=1615219561055 HTTP/1.1" 200 97
190.171.152.114 - - [08/Mar/2021:13:15:44 -0300] "GET /cormun/servlet/solicitudot?6901f79987c460e7c3b0bd94ed5062e753b080b75afe0df22f0dbf18ea0b88afac87e250a03167aa2ba138a9076f8bdf61b931b33df820f650f72f56e9e92bca98fbef3f09e1324c46d306546bd508dcaa1f2d6415c3a5a90b7362dd79675bf1b012fd6124ab8716dc92e93c7cb1b228ec8eb705329433e1ef1de197d4d3d63bf23b70502e6cde6a8ac9fd813df60d1a56cdd5698d31efef740131e15a681c6d,gx-no-cache=1615219561105 HTTP/1.1" 200 29
190.171.152.114 - - [08/Mar/2021:13:15:44 -0300] "GET /cormun/servlet/solicitudot?6901f79987c460e7c3b0bd94ed5062e709bf3df14422d9690b374b0cdf884040b1aadd3fa0ebdf0f50f028d817bf3065,gx-no-cache=1615219561138 HTTP/1.1" 200 30
190.171.152.114 - - [08/Mar/2021:13:15:44 -0300] "POST /cormun/servlet/solicitudot?gx-no-cache=1615219561177 HTTP/1.1" 200 32
190.171.152.114 - - [08/Mar/2021:13:15:45 -0300] "POST /cormun/servlet/solicitudot?be746ca85c5885da3dabafd86817cf67,UPD,2021,16651,false,,gx-no-cache=1615219561253 HTTP/1.1" 200 93
190.171.152.114 - - [08/Mar/2021:13:15:45 -0300] "GET /cormun/servlet/hpexe_return? HTTP/1.1" 200 1016
190.171.152.114 - - [08/Mar/2021:13:15:45 -0300] "GET /cormun/servlet/trsolicitudot HTTP/1.1" 200 9587
190.171.152.114 - - [08/Mar/2021:13:15:46 -0300] "GET /cormun/servlet/trsolicitudot HTTP/1.1" 200 9582
190.171.142.10 - - [08/Mar/2021:13:15:47 -0300] "GET /cormun/Manuales/ManualContratos.pdf HTTP/1.1" 200 629147
190.171.152.114 - - [08/Mar/2021:13:15:49 -0300] "POST /cormun/servlet/trsolicitudot?be746ca85c5885da3dabafd86817cf67,gx-no-cache=1615219566012 HTTP/1.1" 200 112
190.171.152.114 - - [08/Mar/2021:13:15:50 -0300] "GET /cormun/servlet/solicitudot?UPD,2021,16650,false, HTTP/1.1" 200 16400
190.171.152.114 - - [08/Mar/2021:13:15:51 -0300] "GET /cormun/servlet/solicitudot?UPD,2021,16650,false, HTTP/1.1" 200 16416
190.171.152.114 - - [08/Mar/2021:13:15:51 -0300] "POST /cormun/servlet/solicitudot?gx-no-cache=1615219567896 HTTP/1.1" 200 3771
190.171.152.114 - - [08/Mar/2021:13:15:51 -0300] "POST /cormun/servlet/solicitudot?be746ca85c5885da3dabafd86817cf67,UPD,2021,16650,false,,gx-no-cache=1615219568126 HTTP/1.1" 200 12549
190.171.152.114 - - [08/Mar/2021:13:15:52 -0300] "GET /cormun/servlet/solicitudot?6901f79987c460e7c3b0bd94ed5062e7455d1868a6c2c7badc80e7fc09a6a6873706f966a562a62dd862b5c5754dadb8,gx-no-cache=1615219568438 HTTP/1.1" 200 30
190.171.152.114 - - [08/Mar/2021:13:15:52 -0300] "GET /cormun/servlet/solicitudot?6901f79987c460e7c3b0bd94ed5062e7eaf9297b456488ebf05b672e6fb270b14c460baf3dc10c7e8778e7f0a31f07e7a23e6ccc5146b645b0c14b610a2c2d81,gx-no-cache=1615219568503 HTTP/1.1" 200 30
190.171.152.114 - - [08/Mar/2021:13:15:52 -0300] "GET /cormun/servlet/solicitudot?6901f79987c460e7c3b0bd94ed5062e722028f7ec4694207384c617eecbeb3c7247ae28fa47d58a6c5fd2d12c6a3928768b8af4bc865d7175a6d15f7aaf3bf4b,gx-no-cache=1615219568544 HTTP/1.1" 200 53
190.171.152.114 - - [08/Mar/2021:13:15:52 -0300] "POST /cormun/servlet/solicitudot?gx-no-cache=1615219568587 HTTP/1.1" 200 239
190.171.152.114 - - [08/Mar/2021:13:15:52 -0300] "GET /cormun/servlet/solicitudot?6901f79987c460e7c3b0bd94ed5062e76a6043b411e766fe3516c0f87e53cffbc22c8079203e62b20e4ac5ae73f88bce13fe1d1acbd073c2508a3adc5a6a1026a2578dcfed7fe6ec9fa7454b3f4d7202ec5dcec1ab66c60f87c28de69a1f1ca353003d54c018a1aa101d864e9153018264668bcc151467744264f5669292bb52be1371a08adbe70d0c9b8f368dd7233612121d7e60cade4bb2a734518b7560434a7b7fb075eda129e899457c88ee1ebb5c5043b77a1f7e453e1c9615b63b91d5c781de8144581c406589f5d10abe85c2a73c2695309a3964a2a54d9b07309082887cd83715d926be049da8ba064c0ed00925f67d9c0dd6367d12e4a2a62803d81eda6787922cc4c3ee27b8bab61e83dfb3615700926e034311e199867f6de6f523f0fc92abea900eeed706c392703c6a161cb79a3333aa5b332d0aad27c9dc7d954ab0901bc308640435d17cfa8989d9da56d89f00f2ed5abccb1698909c4a51437d7b3f4c3afac2d6445d552ae34b5d9289be224ce4eb69094db05215975bf4,gx-no-cache=1615219568644 HTTP/1.1" 200 30
190.171.152.114 - - [08/Mar/2021:13:15:52 -0300] "POST /cormun/servlet/solicitudot?gx-no-cache=1615219568676 HTTP/1.1" 200 30
190.171.152.114 - - [08/Mar/2021:13:15:52 -0300] "POST /cormun/servlet/solicitudot?gx-no-cache=1615219568718 HTTP/1.1" 200 1412
190.171.152.114 - - [08/Mar/2021:13:15:52 -0300] "POST /cormun/servlet/solicitudot?gx-no-cache=1615219568827 HTTP/1.1" 200 40
190.171.152.114 - - [08/Mar/2021:13:16:18 -0300] "GET /cormun/servlet/solicitudot?6901f79987c460e7c3b0bd94ed5062e75a5e6f72839e14287465e67bcd25adfb849262dab84214bedfcce5c389767a90c7d4545baad457efb5719d18785733556e9169db4eea8978de92cc24f493868fc1a67eee4391fd1dbac4a17309bcf6c4ea345a40060ba30367225a5f6137be86,gx-no-cache=1615219595072 HTTP/1.1" 200 110
190.171.152.114 - - [08/Mar/2021:13:16:18 -0300] "POST /cormun/servlet/solicitudot?gx-no-cache=1615219595185 HTTP/1.1" 200 97
190.171.152.114 - - [08/Mar/2021:13:16:19 -0300] "GET /cormun/servlet/solicitudot?6901f79987c460e7c3b0bd94ed5062e753b080b75afe0df22f0dbf18ea0b88afac87e250a03167aa2ba138a9076f8bdf61b931b33df820f650f72f56e9e92bca98fbef3f09e1324c46d306546bd508dcaa1f2d6415c3a5a90b7362dd79675bf1b012fd6124ab8716dc92e93c7cb1b228ec8eb705329433e1ef1de197d4d3d63bf23b70502e6cde6a8ac9fd813df60d1a56cdd5698d31efef740131e15a681c6d,gx-no-cache=1615219595258 HTTP/1.1" 200 29
190.171.152.114 - - [08/Mar/2021:13:16:19 -0300] "GET /cormun/servlet/solicitudot?6901f79987c460e7c3b0bd94ed5062e709bf3df14422d9690b374b0cdf884040b1aadd3fa0ebdf0f50f028d817bf3065,gx-no-cache=1615219595294 HTTP/1.1" 200 30
190.171.152.114 - - [08/Mar/2021:13:16:19 -0300] "POST /cormun/servlet/solicitudot?gx-no-cache=1615219595336 HTTP/1.1" 200 32
190.171.152.114 - - [08/Mar/2021:13:16:19 -0300] "POST /cormun/servlet/solicitudot?be746ca85c5885da3dabafd86817cf67,UPD,2021,16650,false,,gx-no-cache=1615219595442 HTTP/1.1" 200 93
190.171.152.114 - - [08/Mar/2021:13:16:19 -0300] "GET /cormun/servlet/hpexe_return? HTTP/1.1" 200 1016
190.171.152.114 - - [08/Mar/2021:13:16:19 -0300] "GET /cormun/servlet/trsolicitudot HTTP/1.1" 200 9574
190.171.152.114 - - [08/Mar/2021:13:16:20 -0300] "GET /cormun/servlet/trsolicitudot HTTP/1.1" 200 9570
190.171.152.114 - - [08/Mar/2021:13:16:23 -0300] "GET /cormun/servlet/trsolicitudot? HTTP/1.1" 200 9570
190.171.152.114 - - [08/Mar/2021:13:16:24 -0300] "GET /cormun/servlet/trsolicitudot? HTTP/1.1" 200 9570
190.171.152.114 - - [08/Mar/2021:13:16:33 -0300] "POST /cormun/servlet/trsolicitudot?be746ca85c5885da3dabafd86817cf67,,gx-no-cache=1615219609359 HTTP/1.1" 200 113
190.171.152.114 - - [08/Mar/2021:13:16:33 -0300] "GET /cormun/servlet/solicitudot?UPD,2021,16649,false, HTTP/1.1" 200 16400
190.171.152.114 - - [08/Mar/2021:13:16:34 -0300] "GET /cormun/servlet/solicitudot?UPD,2021,16649,false, HTTP/1.1" 200 16416
190.171.152.114 - - [08/Mar/2021:13:16:35 -0300] "POST /cormun/servlet/solicitudot?gx-no-cache=1615219611405 HTTP/1.1" 200 3771
190.171.152.114 - - [08/Mar/2021:13:16:35 -0300] "POST /cormun/servlet/solicitudot?be746ca85c5885da3dabafd86817cf67,UPD,2021,16649,false,,gx-no-cache=1615219611628 HTTP/1.1" 200 12543
190.171.152.114 - - [08/Mar/2021:13:16:35 -0300] "GET /cormun/servlet/solicitudot?6901f79987c460e7c3b0bd94ed5062e7455d1868a6c2c7badc80e7fc09a6a6873706f966a562a62dd862b5c5754dadb8,gx-no-cache=1615219611986 HTTP/1.1" 200 30
190.171.152.114 - - [08/Mar/2021:13:16:35 -0300] "GET /cormun/servlet/solicitudot?6901f79987c460e7c3b0bd94ed5062e7eaf9297b456488ebf05b672e6fb270b14c460baf3dc10c7e8778e7f0a31f07e7a23e6ccc5146b645b0c14b610a2c2d81,gx-no-cache=1615219612054 HTTP/1.1" 200 30
190.171.152.114 - - [08/Mar/2021:13:16:35 -0300] "GET /cormun/servlet/solicitudot?6901f79987c460e7c3b0bd94ed5062e722028f7ec4694207384c617eecbeb3c7247ae28fa47d58a6c5fd2d12c6a3928768b8af4bc865d7175a6d15f7aaf3bf4b,gx-no-cache=1615219612096 HTTP/1.1" 200 53
190.171.152.114 - - [08/Mar/2021:13:16:35 -0300] "POST /cormun/servlet/solicitudot?gx-no-cache=1615219612139 HTTP/1.1" 200 240
190.171.152.114 - - [08/Mar/2021:13:16:35 -0300] "GET /cormun/servlet/solicitudot?6901f79987c460e7c3b0bd94ed5062e76a6043b411e766fe3516c0f87e53cffbc22c8079203e62b20e4ac5ae73f88bce13fe1d1acbd073c2508a3adc5a6a1026a2578dcfed7fe6ec9fa7454b3f4d7202ec5dcec1ab66c60f87c28de69a1f1ca353003d54c018a1aa101d864e9153018264668bcc151467744264f5669292bb52be1371a08adbe70d0c9b8f368dd7233612121d7e60cade4bb2a734518b7560434a7b7fb075eda129e899457c88ee1ebb5c5043b77a1f7e453e1c9615b63b91d5c781de8144581c406589f5d10abe85c2a73c2695309a3964a2a54d9b07309082887cd83715d926be049da8ba064c0ed00925f67d9c0dd6367d12e4a2a62803d81eda6787922cc4c3ee27b8bab61e83dfb3615700926e034311e199867f6de6f523f0fc92abea900eeed706c392703c6a161cb79a3333aa5b332d0aad27c9dc7d954ab0901bc308640435d17cfa8989d9da56d89f00f2ed5abccb1698909c4a51437d7b3f4c3afac2d6445d552ae34b5d9289be224ce4eb69094db05215975bf4,gx-no-cache=1615219612196 HTTP/1.1" 200 30
190.171.152.114 - - [08/Mar/2021:13:16:36 -0300] "POST /cormun/servlet/solicitudot?gx-no-cache=1615219612262 HTTP/1.1" 200 30
190.171.152.114 - - [08/Mar/2021:13:16:36 -0300] "POST /cormun/servlet/solicitudot?gx-no-cache=1615219612317 HTTP/1.1" 200 1412
190.171.152.114 - - [08/Mar/2021:13:16:36 -0300] "POST /cormun/servlet/solicitudot?gx-no-cache=1615219612420 HTTP/1.1" 200 40
190.171.152.114 - - [08/Mar/2021:13:16:47 -0300] "GET /cormun/servlet/solicitudot?6901f79987c460e7c3b0bd94ed5062e75a5e6f72839e14287465e67bcd25adfb849262dab84214bedfcce5c389767a90c7d4545baad457efb5719d18785733556e9169db4eea8978de92cc24f493868fc1a67eee4391fd1dbac4a17309bcf6c4ea345a40060ba30367225a5f6137be86,gx-no-cache=1615219623477 HTTP/1.1" 200 110
190.171.152.114 - - [08/Mar/2021:13:16:47 -0300] "POST /cormun/servlet/solicitudot?gx-no-cache=1615219623525 HTTP/1.1" 200 97
190.171.152.114 - - [08/Mar/2021:13:16:47 -0300] "GET /cormun/servlet/solicitudot?6901f79987c460e7c3b0bd94ed5062e753b080b75afe0df22f0dbf18ea0b88afac87e250a03167aa2ba138a9076f8bdf61b931b33df820f650f72f56e9e92bca98fbef3f09e1324c46d306546bd508dcaa1f2d6415c3a5a90b7362dd79675bf1b012fd6124ab8716dc92e93c7cb1b228ec8eb705329433e1ef1de197d4d3d63bf23b70502e6cde6a8ac9fd813df60d1a56cdd5698d31efef740131e15a681c6d,gx-no-cache=1615219623577 HTTP/1.1" 200 29
190.171.152.114 - - [08/Mar/2021:13:16:47 -0300] "GET /cormun/servlet/solicitudot?6901f79987c460e7c3b0bd94ed5062e709bf3df14422d9690b374b0cdf884040b1aadd3fa0ebdf0f50f028d817bf3065,gx-no-cache=1615219623615 HTTP/1.1" 200 30
190.171.152.114 - - [08/Mar/2021:13:16:47 -0300] "POST /cormun/servlet/solicitudot?gx-no-cache=1615219623657 HTTP/1.1" 200 34
190.171.152.114 - - [08/Mar/2021:13:16:47 -0300] "POST /cormun/servlet/solicitudot?be746ca85c5885da3dabafd86817cf67,UPD,2021,16649,false,,gx-no-cache=1615219623711 HTTP/1.1" 200 93
190.171.152.114 - - [08/Mar/2021:13:16:47 -0300] "GET /cormun/servlet/hpexe_return? HTTP/1.1" 200 1016
190.171.152.114 - - [08/Mar/2021:13:16:47 -0300] "GET /cormun/servlet/trsolicitudot HTTP/1.1" 200 9557
190.171.152.114 - - [08/Mar/2021:13:16:49 -0300] "GET /cormun/servlet/trsolicitudot HTTP/1.1" 200 9553
190.171.152.114 - - [08/Mar/2021:13:17:07 -0300] "POST /cormun/servlet/trsolicitudot?be746ca85c5885da3dabafd86817cf67,gx-no-cache=1615219643478 HTTP/1.1" 200 112
190.171.152.114 - - [08/Mar/2021:13:17:07 -0300] "GET /cormun/servlet/solicitudot?UPD,2021,16650,false, HTTP/1.1" 200 16403
190.171.152.114 - - [08/Mar/2021:13:17:08 -0300] "GET /cormun/servlet/solicitudot?UPD,2021,16650,false, HTTP/1.1" 200 16419
190.171.152.114 - - [08/Mar/2021:13:17:09 -0300] "POST /cormun/servlet/solicitudot?gx-no-cache=1615219645433 HTTP/1.1" 200 3770
190.171.152.114 - - [08/Mar/2021:13:17:09 -0300] "POST /cormun/servlet/solicitudot?be746ca85c5885da3dabafd86817cf67,UPD,2021,16650,false,,gx-no-cache=1615219645782 HTTP/1.1" 200 12547
190.171.152.114 - - [08/Mar/2021:13:17:09 -0300] "GET /cormun/servlet/solicitudot?6901f79987c460e7c3b0bd94ed5062e7455d1868a6c2c7badc80e7fc09a6a6873706f966a562a62dd862b5c5754dadb8,gx-no-cache=1615219646123 HTTP/1.1" 200 30
190.171.152.114 - - [08/Mar/2021:13:17:09 -0300] "GET /cormun/servlet/solicitudot?6901f79987c460e7c3b0bd94ed5062e7eaf9297b456488ebf05b672e6fb270b14c460baf3dc10c7e8778e7f0a31f07e7a23e6ccc5146b645b0c14b610a2c2d81,gx-no-cache=1615219646189 HTTP/1.1" 200 30
190.171.152.114 - - [08/Mar/2021:13:17:09 -0300] "GET /cormun/servlet/solicitudot?6901f79987c460e7c3b0bd94ed5062e722028f7ec4694207384c617eecbeb3c7247ae28fa47d58a6c5fd2d12c6a3928768b8af4bc865d7175a6d15f7aaf3bf4b,gx-no-cache=1615219646236 HTTP/1.1" 200 53
190.171.152.114 - - [08/Mar/2021:13:17:10 -0300] "POST /cormun/servlet/solicitudot?gx-no-cache=1615219646278 HTTP/1.1" 200 239
190.171.152.114 - - [08/Mar/2021:13:17:10 -0300] "GET /cormun/servlet/solicitudot?6901f79987c460e7c3b0bd94ed5062e76a6043b411e766fe3516c0f87e53cffbc22c8079203e62b20e4ac5ae73f88bce13fe1d1acbd073c2508a3adc5a6a1026a2578dcfed7fe6ec9fa7454b3f4d7202ec5dcec1ab66c60f87c28de69a1f1ca353003d54c018a1aa101d864e9153018264668bcc151467744264f5669292bb52be1371a08adbe70d0c9b8f368dd7233612121d7e60cade4bb2a734518b7560434a7b7fb075eda129e899457c88ee1ebb5c5043b77a1f7e453e1c9615b63b91d5c781de8144581c406589f5d10abe85c2a73c2695309a3964a2a54d9b07309082887cd83715d926be049da8ba064c0ed00925f67d9c0dd6367d12e4a2a62803d81eda6787922cc4c3ee27b8bab61e83dfb3615700926e034311e199867f6de6f523f0fc92abea900eeed706c392703c6a161cb79a3333aa5b332d0aad27c9dc7d954ab0901bc308640435d17cfa8989d9da56d89f00f2ed5abccb1698909c4a51437d7b3f4c3afac2d6445d552ae34b5d9289be224ce4eb69094db05215975bf4,gx-no-cache=1615219646338 HTTP/1.1" 200 30
190.171.152.114 - - [08/Mar/2021:13:17:10 -0300] "POST /cormun/servlet/solicitudot?gx-no-cache=1615219646371 HTTP/1.1" 200 30
190.171.152.114 - - [08/Mar/2021:13:17:10 -0300] "POST /cormun/servlet/solicitudot?gx-no-cache=1615219646424 HTTP/1.1" 200 1412
190.171.152.114 - - [08/Mar/2021:13:17:10 -0300] "POST /cormun/servlet/solicitudot?gx-no-cache=1615219646543 HTTP/1.1" 200 40
