200.73.229.164 - - [02/Mar/2021:10:45:30 -0300] "GET /favicon.ico HTTP/1.1" 200 21630
186.67.172.234 - - [02/Mar/2021:10:45:34 -0300] "POST /cormun/servlet/solicitudot?gx-no-cache=1614692103216 HTTP/1.1" 200 97
200.73.229.164 - - [02/Mar/2021:10:45:39 -0300] "POST /cormun/servlet/hlogin?859cae9434abbe0952f73886b40453da,gx-no-cache=1614677811190 HTTP/1.1" 200 449
200.73.229.164 - - [02/Mar/2021:10:45:42 -0300] "POST /cormun/servlet/hlogin?859cae9434abbe0952f73886b40453da,gx-no-cache=1614677814865 HTTP/1.1" 200 90
200.73.229.164 - - [02/Mar/2021:10:45:42 -0300] "GET /cormun/servlet/hpexe_link HTTP/1.1" 200 955
200.73.229.164 - - [02/Mar/2021:10:45:42 -0300] "GET /cormun/static/gxcfg.js?201991422392958 HTTP/1.1" 200 953
200.73.229.164 - - [02/Mar/2021:10:45:42 -0300] "GET /cormun/static/hpexe_link.js?201991422392963 HTTP/1.1" 200 625
190.171.141.106 - - [02/Mar/2021:10:45:43 -0300] "POST /cormun/servlet/licenciaspermisosadjuntos?fc8b6a355280bc95d2da208db092d57b,INS,7994956,L,20210302000000,, HTTP/1.1" 200 116
200.73.229.164 - - [02/Mar/2021:10:45:43 -0300] "GET /cormun/servlet/hhome HTTP/1.1" 200 4342
190.171.141.106 - - [02/Mar/2021:10:45:43 -0300] "GET /cormun/servlet/hpexe_return? HTTP/1.1" 200 1045
200.73.229.164 - - [02/Mar/2021:10:45:43 -0300] "GET /cormun/static/SmoothNavMenu/resources/ddsmoothmenu.css?1112540 HTTP/1.1" 200 2223
200.73.229.164 - - [02/Mar/2021:10:45:43 -0300] "GET /cormun/static/Resources/Spanish/PXTools.css?14345360 HTTP/1.1" 200 100853
200.73.229.164 - - [02/Mar/2021:10:45:43 -0300] "GET /cormun/static/Shared/jqueryui/jquery-ui.min.css?1345370 HTTP/1.1" 200 30288
200.73.229.164 - - [02/Mar/2021:10:45:43 -0300] "GET /cormun/static/SmoothNavMenu/resources/ddsmoothmenu-v.css?1112540 HTTP/1.1" 200 1188
200.73.229.164 - - [02/Mar/2021:10:45:43 -0300] "GET /cormun/static/scaMessage/css/jquery.pnotify.default.css?1816380 HTTP/1.1" 200 1707
200.73.229.164 - - [02/Mar/2021:10:45:43 -0300] "GET /cormun/static/gxcfg.js?20201215495537 HTTP/1.1" 200 953
200.73.229.164 - - [02/Mar/2021:10:45:43 -0300] "GET /cormun/static/PXToolsJavascripts/pexe_cookies.js HTTP/1.1" 200 792
200.73.229.164 - - [02/Mar/2021:10:45:43 -0300] "GET /cormun/static/PXToolsJavascripts/pexe_autoreload.js HTTP/1.1" 200 1762
200.73.229.164 - - [02/Mar/2021:10:45:43 -0300] "GET /cormun/static/PXToolsJavascripts/pexe_windows.js HTTP/1.1" 200 15207
200.73.229.164 - - [02/Mar/2021:10:45:43 -0300] "GET /cormun/static/PXToolsJavascripts/pexe_griddivfix.js HTTP/1.1" 200 6644
200.73.229.164 - - [02/Mar/2021:10:45:43 -0300] "GET /cormun/static/PXToolsJavascripts/pexe_grid.js HTTP/1.1" 200 7559
200.73.229.164 - - [02/Mar/2021:10:45:43 -0300] "GET /cormun/static/PXToolsJavascripts/pexe_link.js HTTP/1.1" 200 5671
200.73.229.164 - - [02/Mar/2021:10:45:43 -0300] "GET /cormun/static/PXToolsJavascripts/pexe_menudivfix.js HTTP/1.1" 200 333
190.171.141.106 - - [02/Mar/2021:10:45:43 -0300] "GET /cormun/servlet/trlicenciaspermisosadjuntos?7994956,20210302000000,L, HTTP/1.1" 200 7159
200.73.229.164 - - [02/Mar/2021:10:45:43 -0300] "GET /cormun/static/PXToolsJavascripts/pexe_menus.js HTTP/1.1" 200 1286
200.73.229.164 - - [02/Mar/2021:10:45:43 -0300] "GET /cormun/static/PXToolsJavascripts/pexe_layers.js HTTP/1.1" 200 4114
200.73.229.164 - - [02/Mar/2021:10:45:43 -0300] "GET /cormun/static/PXToolsJavascripts/pexe_oavdivfix.js HTTP/1.1" 200 639
200.73.229.164 - - [02/Mar/2021:10:45:43 -0300] "GET /cormun/static/PXToolsJavascripts/pexe_oav.js HTTP/1.1" 200 645
200.73.229.164 - - [02/Mar/2021:10:45:43 -0300] "GET /cormun/static/PXToolsJavascripts/pexe_popup.js HTTP/1.1" 200 13458
200.73.229.164 - - [02/Mar/2021:10:45:43 -0300] "GET /cormun/static/PXToolsJavascripts/pexe_picture.js HTTP/1.1" 200 689
200.73.229.164 - - [02/Mar/2021:10:45:43 -0300] "GET /cormun/static/PXToolsJavascripts/pexe_scrolldiv.js HTTP/1.1" 200 4138
200.73.229.164 - - [02/Mar/2021:10:45:43 -0300] "GET /cormun/static/PXToolsJavascripts/pexe_tabdivfix.js HTTP/1.1" 200 876
200.73.229.164 - - [02/Mar/2021:10:45:43 -0300] "GET /cormun/static/PXToolsJavascripts/pexe_tabs.js HTTP/1.1" 200 3748
200.73.229.164 - - [02/Mar/2021:10:45:43 -0300] "GET /cormun/static/PXToolsJavascripts/pexe_upload.js HTTP/1.1" 200 1423
200.73.229.164 - - [02/Mar/2021:10:45:43 -0300] "GET /cormun/static/PXToolsJavascripts/PXToolsJavascriptsRender.js HTTP/1.1" 200 367
200.73.229.164 - - [02/Mar/2021:10:45:43 -0300] "GET /cormun/static/RunJS/RunJS.js HTTP/1.1" 200 288
200.73.229.164 - - [02/Mar/2021:10:45:43 -0300] "GET /cormun/static/Shared/ext/locale/ext-lang-en.js HTTP/1.1" 200 10940
200.73.229.164 - - [02/Mar/2021:10:45:43 -0300] "GET /cormun/static/hhome.js?20201215495544 HTTP/1.1" 200 777
200.73.229.164 - - [02/Mar/2021:10:45:43 -0300] "GET /cormun/static/gxui/gxui-all.js HTTP/1.1" 200 107772
200.73.229.164 - - [02/Mar/2021:10:45:43 -0300] "GET /cormun/static/hwchdr01.js?20201214473739 HTTP/1.1" 200 996
200.73.229.164 - - [02/Mar/2021:10:45:43 -0300] "GET /cormun/static/Resources/ImgHome.png HTTP/1.1" 200 1364
200.73.229.164 - - [02/Mar/2021:10:45:43 -0300] "GET /cormun/static/Resources/ImgLogin.png HTTP/1.1" 200 1432
200.73.229.164 - - [02/Mar/2021:10:45:43 -0300] "GET /cormun/static/Resources/PXToolsDataTitle.png HTTP/1.1" 200 1173
200.73.229.164 - - [02/Mar/2021:10:45:43 -0300] "GET /cormun/static/Resources/Logo2019_Small.png HTTP/1.1" 200 10855
200.73.229.164 - - [02/Mar/2021:10:45:43 -0300] "GET /cormun/static/Resources/Llave.png HTTP/1.1" 200 1395
200.73.229.164 - - [02/Mar/2021:10:45:43 -0300] "GET /cormun/static/hpexe_recentlink.js?20201214471090 HTTP/1.1" 200 2144
200.73.229.164 - - [02/Mar/2021:10:45:43 -0300] "GET /cormun/static/hpexe_scripts.js?20201214471411 HTTP/1.1" 200 1544
200.73.229.164 - - [02/Mar/2021:10:45:43 -0300] "GET /cormun/static/hpexe_messagecontroller.js?201991422154126 HTTP/1.1" 200 870
200.73.229.164 - - [02/Mar/2021:10:45:43 -0300] "GET /cormun/static/hpexe_messagepopupcomponent.js?2020121447232 HTTP/1.1" 200 605
200.73.229.164 - - [02/Mar/2021:10:45:43 -0300] "GET /cormun/static/hpexe_messagegenexuscomponent.js?2020121447173 HTTP/1.1" 200 587
200.73.229.164 - - [02/Mar/2021:10:45:43 -0300] "GET /cormun/static/cmcontrolpreferences.js?20199141926336 HTTP/1.1" 200 1375
200.73.229.164 - - [02/Mar/2021:10:45:43 -0300] "GET /cormun/static/Shared/jquery/jquery-1.4.2.min.js HTTP/1.1" 200 72174
200.73.229.164 - - [02/Mar/2021:10:45:43 -0300] "GET /cormun/static/SmoothNavMenu/resources/ddsmoothmenu.js HTTP/1.1" 200 12712
200.73.229.164 - - [02/Mar/2021:10:45:43 -0300] "GET /cormun/static/SmoothNavMenu/resources/SmoothNavMenuRender.js HTTP/1.1" 200 5951
200.73.229.164 - - [02/Mar/2021:10:45:43 -0300] "GET /cormun/static/scaMessage/js/jquery.pnotify.min.js HTTP/1.1" 200 13038
200.73.229.164 - - [02/Mar/2021:10:45:43 -0300] "GET /cormun/static/scaMessage/scaMessageRender.js HTTP/1.1" 200 11977
200.73.229.164 - - [02/Mar/2021:10:45:43 -0300] "GET /cormun/static/hmpwkw03.js?20201215501896 HTTP/1.1" 200 3973
190.171.141.106 - - [02/Mar/2021:10:45:44 -0300] "GET /cormun/servlet/trlicenciaspermisosadjuntos?7994956,20210302000000,L, HTTP/1.1" 200 7157
200.73.229.164 - - [02/Mar/2021:10:45:44 -0300] "GET /cormun/static/Shared/jquery/jquery-1.10.2.min.js HTTP/1.1" 200 273199
200.73.229.164 - - [02/Mar/2021:10:45:44 -0300] "GET /cormun/static/Shared/jqueryui/jquery-ui.min.js HTTP/1.1" 200 240427
200.73.229.164 - - [02/Mar/2021:10:45:44 -0300] "GET /cormun/static/Shared/ext/ext-all.js HTTP/1.1" 200 1289687
200.73.229.164 - - [02/Mar/2021:10:45:45 -0300] "GET /cormun/static/SmoothNavMenu/resources/images/down.gif HTTP/1.1" 200 854
200.73.229.164 - - [02/Mar/2021:10:45:45 -0300] "GET /cormun/static/SmoothNavMenu/resources/images/right.gif HTTP/1.1" 200 860
200.73.229.164 - - [02/Mar/2021:10:45:45 -0300] "GET /cormun/servlet/hhome HTTP/1.1" 200 4338
200.73.229.164 - - [02/Mar/2021:10:45:49 -0300] "GET /cormun/servlet/trlicencias? HTTP/1.1" 200 9207
200.73.229.164 - - [02/Mar/2021:10:45:49 -0300] "GET /cormun/static/gxui/gxui-all.css?120300 HTTP/1.1" 200 2179
200.73.229.164 - - [02/Mar/2021:10:45:49 -0300] "GET /cormun/static/calendar-setup.js?85251 HTTP/1.1" 200 2588
200.73.229.164 - - [02/Mar/2021:10:45:49 -0300] "GET /cormun/static/calendar-system.css?85620 HTTP/1.1" 200 5572
200.73.229.164 - - [02/Mar/2021:10:45:49 -0300] "GET /cormun/static/gxcfg.js?2020121613995 HTTP/1.1" 200 953
200.73.229.164 - - [02/Mar/2021:10:45:49 -0300] "GET /cormun/static/calendar.js?85251 HTTP/1.1" 200 26246
200.73.229.164 - - [02/Mar/2021:10:45:49 -0300] "GET /cormun/static/calendar-es.js?85251 HTTP/1.1" 200 1901
200.73.229.164 - - [02/Mar/2021:10:45:49 -0300] "GET /cormun/static/gxdec.js?85251 HTTP/1.1" 200 19579
200.73.229.164 - - [02/Mar/2021:10:45:49 -0300] "GET /cormun/static/Shared/ext/resources/css/ext-all.css?215870 HTTP/1.1" 200 416045
200.73.229.164 - - [02/Mar/2021:10:45:49 -0300] "GET /cormun/static/trlicencias.js?202012162481 HTTP/1.1" 200 41883
200.73.229.164 - - [02/Mar/2021:10:45:49 -0300] "GET /cormun/static/Resources/PXTools/calendar.png HTTP/1.1" 200 1306
200.73.229.164 - - [02/Mar/2021:10:45:49 -0300] "GET /cormun/static/Resources/PXToolsDataSearch.png HTTP/1.1" 200 435
200.73.229.164 - - [02/Mar/2021:10:45:49 -0300] "GET /cormun/static/Resources/PXToolsGridFirstDisabled.gif HTTP/1.1" 200 100
200.73.229.164 - - [02/Mar/2021:10:45:49 -0300] "GET /cormun/static/Resources/PXToolsGridPreviousDisabled.gif HTTP/1.1" 200 90
200.73.229.164 - - [02/Mar/2021:10:45:49 -0300] "GET /cormun/static/Resources/PXToolsGridNextDisabled.gif HTTP/1.1" 200 90
200.73.229.164 - - [02/Mar/2021:10:45:49 -0300] "GET /cormun/static/Resources/PXToolsAddAllAction.png HTTP/1.1" 200 495
200.73.229.164 - - [02/Mar/2021:10:45:49 -0300] "GET /cormun/static/Resources/PXToolsGridPage.gif HTTP/1.1" 200 725
200.73.229.164 - - [02/Mar/2021:10:45:49 -0300] "GET /cormun/static/Resources/PXToolsGridLastDisabled.gif HTTP/1.1" 200 98
200.73.229.164 - - [02/Mar/2021:10:45:49 -0300] "GET /cormun/static/Resources/PXToolsActionExcel.png HTTP/1.1" 200 727
200.73.229.164 - - [02/Mar/2021:10:45:49 -0300] "GET /cormun/static/Resources/asc.gif HTTP/1.1" 200 67
200.73.229.164 - - [02/Mar/2021:10:45:49 -0300] "GET /cormun//static/Resources/PXToolsActionDisabled.gif HTTP/1.1" 200 53
200.73.229.164 - - [02/Mar/2021:10:45:49 -0300] "GET /cormun/static/Resources/desc.gif HTTP/1.1" 200 65
200.73.229.164 - - [02/Mar/2021:10:45:49 -0300] "GET /cormun//static/Resources/PXTools/ActionInsert.png HTTP/1.1" 200 1482
200.73.229.164 - - [02/Mar/2021:10:45:49 -0300] "GET /cormun//static/Resources/PXToolsGridDisplay.png HTTP/1.1" 200 525
200.73.229.164 - - [02/Mar/2021:10:45:49 -0300] "GET /cormun//static/Resources/PXToolsHeaderHelp.png HTTP/1.1" 200 1333
200.73.229.164 - - [02/Mar/2021:10:45:49 -0300] "GET /cormun//static/Resources/PXToolsHeaderFavorites.png HTTP/1.1" 200 1414
200.73.229.164 - - [02/Mar/2021:10:45:49 -0300] "GET /cormun//static/Resources/PXToolsActionPrint.png HTTP/1.1" 200 404
200.73.229.164 - - [02/Mar/2021:10:45:49 -0300] "GET /cormun/static/Shared/ext/resources/themes/images/default/panel/bg-headersPanel.png HTTP/1.1" 200 255
200.73.229.164 - - [02/Mar/2021:10:45:49 -0300] "GET /cormun/static/Shared/ext/resources/themes/images/default/tools/tool-sprites.gif HTTP/1.1" 200 5434
200.73.229.164 - - [02/Mar/2021:10:45:49 -0300] "GET /cormun/servlet/trlicencias? HTTP/1.1" 200 9205
186.67.172.234 - - [02/Mar/2021:10:45:53 -0300] "GET /cormun/servlet/solicitudot?5780e697c3f392d389a312724690107bd289cca905be58b4fdce289c6afcd61055b26eda11ae1845b0563a5a916b5db26726ac54bd51d76bf1b911f992fdf38db2a286c062aa5913bf48bcb8b21360219b02c8e21a179cc93b7ba2b1e3c1d435e73aeca26133d7d3ad420588c3aab023,gx-no-cache=1614692122853 HTTP/1.1" 200 29
186.67.172.234 - - [02/Mar/2021:10:45:53 -0300] "GET /cormun/static/menuarrow.gif HTTP/1.1" 404 1015
200.73.229.164 - - [02/Mar/2021:10:46:05 -0300] "POST /cormun/servlet/trlicencias?859cae9434abbe0952f73886b40453da,,gx-no-cache=1614677837344 HTTP/1.1" 200 101
200.73.229.164 - - [02/Mar/2021:10:46:05 -0300] "GET /cormun/Licencias-4568.xls HTTP/1.1" 200 6144
190.171.141.106 - - [02/Mar/2021:10:46:07 -0300] "GET /cormun/servlet/hlogin HTTP/1.1" 200 1723
190.171.141.106 - - [02/Mar/2021:10:46:11 -0300] "POST /cormun/servlet/hlogin?c626eb08a8614b7bcb5053425fadf1ed,gx-no-cache=1614692188884 HTTP/1.1" 200 90
190.171.141.106 - - [02/Mar/2021:10:46:12 -0300] "GET /cormun/servlet/hpexe_link HTTP/1.1" 200 951
190.171.141.106 - - [02/Mar/2021:10:46:12 -0300] "GET /cormun/servlet/hhome HTTP/1.1" 200 4256
190.171.141.106 - - [02/Mar/2021:10:46:12 -0300] "GET /cormun/servlet/hhome HTTP/1.1" 200 4252
186.67.172.234 - - [02/Mar/2021:10:46:14 -0300] "POST /cormun/servlet/solicitudot?gx-no-cache=1614692143405 HTTP/1.1" 200 30
190.171.141.106 - - [02/Mar/2021:10:46:15 -0300] "GET /cormun/servlet/trlicencias? HTTP/1.1" 200 9016
190.171.141.106 - - [02/Mar/2021:10:46:16 -0300] "GET /cormun/servlet/trlicencias? HTTP/1.1" 200 9014
190.171.141.106 - - [02/Mar/2021:10:46:20 -0300] "POST /cormun/servlet/trlicencias?c626eb08a8614b7bcb5053425fadf1ed,,gx-no-cache=1614692197817 HTTP/1.1" 200 6392
190.171.141.106 - - [02/Mar/2021:10:46:21 -0300] "GET /cormun/static/Shared/jqueryui/images/ui-bg_highlight-soft_100_c6c2c8_1x100.png HTTP/1.1" 404 1117
190.171.141.106 - - [02/Mar/2021:10:46:21 -0300] "GET /cormun/static/Shared/jqueryui/images/ui-icons_82798d_256x240.png HTTP/1.1" 404 1089
190.171.141.106 - - [02/Mar/2021:10:46:21 -0300] "GET /cormun/static/Shared/jqueryui/images/ui-bg_flat_55_fafafa_40x100.png HTTP/1.1" 404 1097
190.171.141.106 - - [02/Mar/2021:10:46:21 -0300] "GET /cormun/static/Shared/jqueryui/images/ui-icons_8d78a5_256x240.png HTTP/1.1" 404 1089
186.67.172.234 - - [02/Mar/2021:10:46:38 -0300] "POST /cormun/servlet/solicitudot?gx-no-cache=1614692167085 HTTP/1.1" 200 1414
186.67.172.234 - - [02/Mar/2021:10:46:38 -0300] "POST /cormun/servlet/solicitudot?gx-no-cache=1614692167142 HTTP/1.1" 200 38
186.67.172.234 - - [02/Mar/2021:10:46:38 -0300] "GET /cormun/servlet/solicitudot?5780e697c3f392d389a312724690107b9094852c9c1425764afa537cb0130d01199f4cfd9a4271f8037ad150a74c4c2a9993e91ed6161b3c70a31cc1d8f0bbbb2bd3c04ee4f5f079b44d6aca44ab2b5bc5aed8bf2a8981acf5cd95f8be184feffc365e9b5bf56d8467977ff2dbe35c64,gx-no-cache=1614692167167 HTTP/1.1" 200 110
186.67.172.234 - - [02/Mar/2021:10:46:38 -0300] "POST /cormun/servlet/solicitudot?gx-no-cache=1614692167197 HTTP/1.1" 200 97
186.67.172.234 - - [02/Mar/2021:10:46:38 -0300] "GET /cormun/servlet/solicitudot?5780e697c3f392d389a312724690107b9d4d768adddac3dd36298b688b140e9adc1eb1ff3cb35c290e3cf0964a539a78,gx-no-cache=1614692167237 HTTP/1.1" 200 30
186.67.172.234 - - [02/Mar/2021:10:46:38 -0300] "POST /cormun/servlet/solicitudot?gx-no-cache=1614692167284 HTTP/1.1" 200 30
186.67.172.234 - - [02/Mar/2021:10:46:38 -0300] "POST /cormun/servlet/solicitudot?075cbbb8e067e5172a83d4dad78290f8,INS,0,0,false,,gx-no-cache=1614692167363 HTTP/1.1" 200 12855
186.67.172.234 - - [02/Mar/2021:10:46:38 -0300] "GET /cormun/static/Shared/jqueryui/images/ui-bg_highlight-soft_100_c6c2c8_1x100.png HTTP/1.1" 404 1117
186.67.172.234 - - [02/Mar/2021:10:46:38 -0300] "GET /cormun/static/Shared/jqueryui/images/ui-icons_82798d_256x240.png HTTP/1.1" 404 1089
186.67.172.234 - - [02/Mar/2021:10:46:38 -0300] "GET /cormun/static/Shared/jqueryui/images/ui-bg_flat_55_994d53_40x100.png HTTP/1.1" 404 1097
186.67.172.234 - - [02/Mar/2021:10:46:38 -0300] "GET /cormun/static/Shared/jqueryui/images/ui-icons_ebccce_256x240.png HTTP/1.1" 404 1089
186.103.159.188 - - [02/Mar/2021:10:46:40 -0300] "GET /cormun/servlet/solicitudot?c37c334a48dbba14c02944e5619c9062fab301daf3278a3082275201835bfd4463ce14f6ebd94e253a299c39eab65f6c78ed8b79e623dab8ba6946dd278d724e96f8449fcc4066fc9c44472673b012b6,gx-no-cache=1614692217938 HTTP/1.1" 200 30
186.103.159.188 - - [02/Mar/2021:10:46:44 -0300] "GET /cormun/servlet/solicitudot?c37c334a48dbba14c02944e5619c906282d90cdd53971cff7c41c755520db76c,gx-no-cache=1614692222018 HTTP/1.1" 200 53
190.171.143.106 - - [02/Mar/2021:10:47:09 -0300] "GET /cormun/servlet/hlogin HTTP/1.1" 200 1727
186.103.159.188 - - [02/Mar/2021:10:47:09 -0300] "POST /cormun/servlet/solicitudot?gx-no-cache=1614692246992 HTTP/1.1" 200 297
186.103.159.188 - - [02/Mar/2021:10:47:09 -0300] "GET /cormun/servlet/solicitudot?c37c334a48dbba14c02944e5619c9062578f399dc09a5721e5c4a45f67874d1e6572ce1ac77e36e1f5eb15019e92bcd3286896d16bcd54d0722790f3db10ba6a4ae36b3a0a9df547d60016fa23bb61941fbb1a3213e8a5139cffc69c29a4343a61abcfbc6a9d7c404216e10477b73e14e60bb36dc3e7fb47fbb4b62846a101a1b8478e4eddb30b952153c3f199048f988e81cf59c99f7b20b63d2d06fb52e5ddc86193866d2a4486db3b7181e74cbbd8e34de3140243a5c7f7e41711c325116f41602cda9dde22a8f2498a83c1c05b7572706b90d5f16efe2c241633bf256d7a46a9749e55037033bc2e68eaac072ebdfbbb83b92c2a6df9a216c1ab4a98a03ee1c6948ab549b4e441811fc2473a154762e197fa0b56ba8b4b8dc009b393b93f0ad4573b4fb83b3755497e8047bba343771f7bd279f18fdb7381a8cca12614418888114a4412fb311e4d4d1fe138bbbc225bd2c80020ceee0bab941a950932ea36aee3a1b1455001b9037eb658de19d54fb76218179057c54c43c1ebcc43d1bba0be8a585806eaba0dc2e2a6b0082f2e,gx-no-cache=1614692247057 HTTP/1.1" 200 30
190.171.143.106 - - [02/Mar/2021:10:47:10 -0300] "GET /cormun/servlet/hlogin HTTP/1.1" 200 1738
190.171.143.106 - - [02/Mar/2021:10:47:13 -0300] "POST /cormun/servlet/hlogin?f72547946a6637e79e60e94693bae662,gx-no-cache=1614692250583 HTTP/1.1" 200 90
190.171.143.106 - - [02/Mar/2021:10:47:13 -0300] "GET /cormun/servlet/hpexe_link HTTP/1.1" 200 953
190.171.143.106 - - [02/Mar/2021:10:47:13 -0300] "GET /cormun/servlet/hhome HTTP/1.1" 200 3989
190.171.143.106 - - [02/Mar/2021:10:47:14 -0300] "GET /cormun/servlet/hhome HTTP/1.1" 200 3985
186.103.159.188 - - [02/Mar/2021:10:47:15 -0300] "POST /cormun/servlet/solicitudot?gx-no-cache=1614692252477 HTTP/1.1" 200 30
190.171.143.106 - - [02/Mar/2021:10:47:20 -0300] "GET /cormun/servlet/trlicencias? HTTP/1.1" 200 8876
190.171.143.106 - - [02/Mar/2021:10:47:21 -0300] "GET /cormun/servlet/trlicencias? HTTP/1.1" 200 8874
200.73.229.164 - - [02/Mar/2021:10:47:25 -0300] "GET /cormun/servlet/hlogin HTTP/1.1" 200 1745
190.171.152.114 - - [02/Mar/2021:10:47:26 -0300] "POST /cormun/servlet/trsolicitudot?6eb6604abb458cef7e7c7577ed7e84c4,,gx-no-cache=1614692264747 HTTP/1.1" 200 107
190.171.152.114 - - [02/Mar/2021:10:47:26 -0300] "GET /cormun/servlet/trsolicitudadjuntos?2021,16585, HTTP/1.1" 200 6381
190.171.152.114 - - [02/Mar/2021:10:47:26 -0300] "GET /cormun/static/gxcfg.js?20201215574222 HTTP/1.1" 200 953
190.171.152.114 - - [02/Mar/2021:10:47:26 -0300] "GET /cormun/static/Resources/PXToolsGridNew.png HTTP/1.1" 200 427
190.171.152.114 - - [02/Mar/2021:10:47:26 -0300] "GET /cormun/static/trsolicitudadjuntos.js?20201215574932 HTTP/1.1" 200 17922
190.171.152.114 - - [02/Mar/2021:10:47:27 -0300] "GET /cormun/servlet/trsolicitudadjuntos?2021,16585, HTTP/1.1" 200 6381
186.67.172.234 - - [02/Mar/2021:10:47:30 -0300] "POST /cormun/servlet/solicitudot?gx-no-cache=1614692219446 HTTP/1.1" 200 30
186.67.172.234 - - [02/Mar/2021:10:47:30 -0300] "POST /cormun/servlet/solicitudot?075cbbb8e067e5172a83d4dad78290f8,INS,0,0,false,,gx-no-cache=1614692219488 HTTP/1.1" 200 93
186.67.172.234 - - [02/Mar/2021:10:47:30 -0300] "GET /cormun/servlet/hpexe_return? HTTP/1.1" 200 1014
186.67.172.234 - - [02/Mar/2021:10:47:30 -0300] "GET /cormun/static/gxcfg.js?201991422392976 HTTP/1.1" 200 953
186.67.172.234 - - [02/Mar/2021:10:47:30 -0300] "GET /cormun/static/hpexe_return.js?201991422392984 HTTP/1.1" 200 1633
186.67.172.234 - - [02/Mar/2021:10:47:30 -0300] "GET /cormun/servlet/trsolicitudot HTTP/1.1" 200 8977
190.171.152.114 - - [02/Mar/2021:10:47:31 -0300] "GET /cormun/servlet/solicitudotadjuntos?INS,2021,16585,,1, HTTP/1.1" 200 6328
186.67.172.234 - - [02/Mar/2021:10:47:31 -0300] "GET /cormun//static/Resources/PXToolsActionView.png HTTP/1.1" 200 398
186.67.172.234 - - [02/Mar/2021:10:47:31 -0300] "GET /cormun//static/Resources/PXToolsGridDelete.png HTTP/1.1" 200 538
186.67.172.234 - - [02/Mar/2021:10:47:31 -0300] "GET /cormun//static/Resources/PXToolsGridUpdate.png HTTP/1.1" 200 470
186.67.172.234 - - [02/Mar/2021:10:47:31 -0300] "GET /cormun//static/Resources/PXTools/ActionInsert.png HTTP/1.1" 200 1482
186.67.172.234 - - [02/Mar/2021:10:47:31 -0300] "GET /cormun//static/Resources/PXToolsRemoveAllAction.png HTTP/1.1" 200 487
190.171.152.114 - - [02/Mar/2021:10:47:31 -0300] "GET /cormun/static/gxcfg.js?202012157947 HTTP/1.1" 200 953
186.67.172.234 - - [02/Mar/2021:10:47:31 -0300] "GET /cormun/servlet/trsolicitudot HTTP/1.1" 200 8973
190.171.152.114 - - [02/Mar/2021:10:47:31 -0300] "GET /cormun/static/solicitudotadjuntos.js?202012157966 HTTP/1.1" 200 11771
190.171.152.114 - - [02/Mar/2021:10:47:31 -0300] "GET /cormun/static/about:blank HTTP/1.1" 404 1011
190.171.152.114 - - [02/Mar/2021:10:47:32 -0300] "GET /cormun/servlet/solicitudotadjuntos?INS,2021,16585,,1, HTTP/1.1" 200 6321
190.171.152.114 - - [02/Mar/2021:10:47:32 -0300] "GET /cormun/servlet/solicitudotadjuntos?d272a087bf4bac7065d10028658503948e8eac8b2de4fda75f6753a84e1906f09c4a0657c25f307ebb9c8008b5a5f000,gx-no-cache=1614692271271 HTTP/1.1" 200 30
190.171.152.114 - - [02/Mar/2021:10:47:32 -0300] "POST /cormun/servlet/solicitudotadjuntos?6eb6604abb458cef7e7c7577ed7e84c4,INS,2021,16585,,1,,gx-no-cache=1614692271315 HTTP/1.1" 200 4178
186.103.159.188 - - [02/Mar/2021:10:47:33 -0300] "GET /cormun/static/Resources/PXTools/ClosePrompt.png HTTP/1.1" 200 1036
186.103.159.188 - - [02/Mar/2021:10:47:33 -0300] "GET /cormun/static/Resources/resize.gif HTTP/1.1" 200 77
186.103.159.188 - - [02/Mar/2021:10:47:33 -0300] "GET /cormun/servlet/prlicenciaspermisos?15524600,L,,MD,,gxPopupLevel%3D0%3B HTTP/1.1" 200 5121
186.103.159.188 - - [02/Mar/2021:10:47:33 -0300] "GET /cormun/static/gxcfg.js?2020121559567 HTTP/1.1" 200 953
186.103.159.188 - - [02/Mar/2021:10:47:33 -0300] "GET /cormun/static/prlicenciaspermisos.js?2020121559821 HTTP/1.1" 200 13379
186.103.159.188 - - [02/Mar/2021:10:47:33 -0300] "GET /cormun/static/menusearch.js?20201214473581 HTTP/1.1" 200 1424
186.103.159.188 - - [02/Mar/2021:10:47:34 -0300] "GET /cormun/static/Resources/PXToolsMenuSearch.png HTTP/1.1" 200 336
186.103.159.188 - - [02/Mar/2021:10:47:34 -0300] "GET /cormun/static/Resources/PXToolsMenuSearchCancel.png HTTP/1.1" 200 306
186.103.159.188 - - [02/Mar/2021:10:47:34 -0300] "GET /cormun/static/hmpwkw011.js?20201215495555 HTTP/1.1" 200 1968
190.171.152.114 - - [02/Mar/2021:10:47:35 -0300] "POST /cormun/servlet/solicitudotadjuntos?gx-no-cache=1614692274625 HTTP/1.1" 200 26
186.103.159.188 - - [02/Mar/2021:10:47:39 -0300] "POST /cormun/servlet/solicitudot?gx-no-cache=1614692276685 HTTP/1.1" 200 1551
186.103.159.188 - - [02/Mar/2021:10:47:39 -0300] "GET /cormun/static/Shared/jqueryui/images/ui-bg_highlight-soft_100_c6c2c8_1x100.png HTTP/1.1" 404 1117
186.103.159.188 - - [02/Mar/2021:10:47:39 -0300] "GET /cormun/static/Shared/jqueryui/images/ui-icons_82798d_256x240.png HTTP/1.1" 404 1089
186.103.159.188 - - [02/Mar/2021:10:47:39 -0300] "GET /cormun/static/Shared/jqueryui/images/ui-icons_ebccce_256x240.png HTTP/1.1" 404 1089
186.103.159.188 - - [02/Mar/2021:10:47:39 -0300] "GET /cormun/static/Shared/jqueryui/images/ui-bg_flat_55_994d53_40x100.png HTTP/1.1" 404 1097
186.67.172.234 - - [02/Mar/2021:10:47:42 -0300] "POST /cormun/servlet/trsolicitudot?075cbbb8e067e5172a83d4dad78290f8,gx-no-cache=1614692231272 HTTP/1.1" 200 107
186.67.172.234 - - [02/Mar/2021:10:47:42 -0300] "GET /cormun/servlet/trsolicitudadjuntos?2021,16587, HTTP/1.1" 200 6471
186.67.172.234 - - [02/Mar/2021:10:47:42 -0300] "GET /cormun/static/gxcfg.js?20201215574222 HTTP/1.1" 200 953
186.67.172.234 - - [02/Mar/2021:10:47:42 -0300] "GET /cormun/static/trsolicitudadjuntos.js?20201215574932 HTTP/1.1" 200 17922
186.67.172.234 - - [02/Mar/2021:10:47:42 -0300] "GET /cormun/static/Resources/PXToolsGridNew.png HTTP/1.1" 200 427
186.67.172.234 - - [02/Mar/2021:10:47:42 -0300] "GET /cormun/servlet/trsolicitudadjuntos?2021,16587, HTTP/1.1" 200 6471
190.171.134.178 - - [02/Mar/2021:10:47:44 -0300] "GET /cormun/servlet/licenciaspermisos?75e6960ebe244e64b910b69f8c99fc46c8a2764e7645041b0e0c04c8d8746a2af35e5fbbeb068121e5020176189a88db1aa20b2809ea78b94a737e7503674282f9658ad5ef19ccadfbe5697f165226a775575623d0700ecf215dfdc9dbd600aedb2885599bcfa3a90e9326701148b2e1634efea572f2bdeefca642cc97479689eafb825def2cb62d66123cbf6ad20d81d6782efe33c5ed981335f0626628a362a58803c0f2543539972681e576de5982b356ba5aa0f55e6ab5806162ddbdc101e1e2371901469e870b5ff88990067ecb70cae5a41a314f9e798d9268ad0de20e,gx-no-cache=1614692467365 HTTP/1.1" 200 30
190.171.134.178 - - [02/Mar/2021:10:47:44 -0300] "GET /cormun/servlet/licenciaspermisos?75e6960ebe244e64b910b69f8c99fc46043441c3d17962e2b283a9e6566f0baea2e6f01a561aca10921bf24a65b153e311efcbc30c2890124028a5f51724234183b72c6990f2ebe1b188143b8259ff913e0f7c321cadea595e6aa3584ff4efdf13e12e01e3c3650d32f089e3dcc592a2368446d3a4a772ed1e7b35e948a113872fa2741b56c4b6295c49162e7499c37faed51204c0ce863aeee4b5224ae27c55c162d6ca065fd69b1ef7f9dee95e0df6e68fa4d82143e8cd86553805fc2ee3f7eacfcd76177fba071d0659b8439ba1a19444fac30e1760b7794fa3b989ccdf10,gx-no-cache=1614692467550 HTTP/1.1" 200 29
190.171.134.178 - - [02/Mar/2021:10:47:44 -0300] "POST /cormun/servlet/licenciaspermisos?c76027f723420b3ac77610730483d3c2,INS,0,,,,gx-no-cache=1614692467664 HTTP/1.1" 200 93
190.171.134.178 - - [02/Mar/2021:10:47:45 -0300] "GET /cormun/servlet/hpexe_return? HTTP/1.1" 200 1015
190.171.134.178 - - [02/Mar/2021:10:47:45 -0300] "GET /cormun/static/gxcfg.js?201991422392976 HTTP/1.1" 200 953
190.171.134.178 - - [02/Mar/2021:10:47:45 -0300] "GET /cormun/static/hpexe_return.js?201991422392984 HTTP/1.1" 200 1633
190.171.134.178 - - [02/Mar/2021:10:47:46 -0300] "GET /cormun/servlet/trlicencias HTTP/1.1" 200 8052
190.171.134.178 - - [02/Mar/2021:10:47:46 -0300] "GET /cormun/servlet/trlicencias HTTP/1.1" 200 8048
186.67.172.234 - - [02/Mar/2021:10:47:46 -0300] "GET /cormun/servlet/trsolicitudot HTTP/1.1" 200 8977
190.171.134.178 - - [02/Mar/2021:10:47:46 -0300] "GET /cormun//static/Resources/PXToolsGridUpdate.png HTTP/1.1" 200 470
190.171.134.178 - - [02/Mar/2021:10:47:46 -0300] "GET /cormun//static/Resources/PXToolsGridDelete.png HTTP/1.1" 200 538
190.171.134.178 - - [02/Mar/2021:10:47:46 -0300] "GET /cormun//static/Resources/PXToolsGridDisplay.png HTTP/1.1" 200 525
190.171.134.178 - - [02/Mar/2021:10:47:46 -0300] "GET /cormun//static/Resources/PXTools/ActionInsert.png HTTP/1.1" 200 1482
190.171.134.178 - - [02/Mar/2021:10:47:46 -0300] "GET /cormun//static/Resources/PXToolsHeaderFavorites.png HTTP/1.1" 200 1414
190.171.134.178 - - [02/Mar/2021:10:47:46 -0300] "GET /cormun//static/Resources/PXToolsHeaderHelp.png HTTP/1.1" 200 1333
190.171.134.178 - - [02/Mar/2021:10:47:46 -0300] "GET /cormun//static/Resources/PXToolsActionPrint.png HTTP/1.1" 200 404
186.67.172.234 - - [02/Mar/2021:10:47:47 -0300] "GET /cormun/servlet/trsolicitudot HTTP/1.1" 200 8973
186.67.172.234 - - [02/Mar/2021:10:48:03 -0300] "GET /cormun/servlet/solicitudot?INS,0,0,false, HTTP/1.1" 200 15852
186.67.172.234 - - [02/Mar/2021:10:48:03 -0300] "GET /cormun/servlet/solicitudot?INS,0,0,false, HTTP/1.1" 200 15860
186.67.172.234 - - [02/Mar/2021:10:48:06 -0300] "GET /cormun/servlet/trsolicitudot HTTP/1.1" 200 8979
186.67.172.234 - - [02/Mar/2021:10:48:06 -0300] "GET /cormun/servlet/trsolicitudot HTTP/1.1" 200 8973
186.103.159.188 - - [02/Mar/2021:10:48:36 -0300] "GET /cormun/servlet/prlicenciaspermisos?15524622,L,,MD,,gxPopupLevel%3D0%3B HTTP/1.1" 200 6158
186.67.172.234 - - [02/Mar/2021:10:48:53 -0300] "GET /cormun/servlet/solicitudot?INS,0,0,false, HTTP/1.1" 200 15852
186.67.172.234 - - [02/Mar/2021:10:48:54 -0300] "GET /cormun/servlet/solicitudot?INS,0,0,false, HTTP/1.1" 200 15860
186.103.159.188 - - [02/Mar/2021:10:48:56 -0300] "POST /cormun/servlet/solicitudot?gx-no-cache=1614692353543 HTTP/1.1" 200 1414
186.103.159.188 - - [02/Mar/2021:10:49:05 -0300] "POST /cormun/servlet/solicitudot?gx-no-cache=1614692362354 HTTP/1.1" 200 40
186.67.172.234 - - [02/Mar/2021:10:49:06 -0300] "GET /cormun/servlet/trsolicitudot? HTTP/1.1" 200 8974
186.67.172.234 - - [02/Mar/2021:10:49:06 -0300] "GET /cormun/servlet/trsolicitudot? HTTP/1.1" 200 8973
190.171.143.106 - - [02/Mar/2021:10:49:07 -0300] "GET /cormun/servlet/alicenciaprn?18375702,L,20210302000000,PU HTTP/1.1" 200 1551
186.67.172.234 - - [02/Mar/2021:10:49:15 -0300] "POST /cormun/servlet/trsolicitudot?075cbbb8e067e5172a83d4dad78290f8,,gx-no-cache=1614692324349 HTTP/1.1" 200 107
186.67.172.234 - - [02/Mar/2021:10:49:15 -0300] "GET /cormun/servlet/trsolicitudadjuntos?2021,16587, HTTP/1.1" 200 6471
186.67.172.234 - - [02/Mar/2021:10:49:15 -0300] "GET /cormun/servlet/trsolicitudadjuntos?2021,16587, HTTP/1.1" 200 6471
186.67.172.234 - - [02/Mar/2021:10:49:24 -0300] "GET /cormun/servlet/solicitudotadjuntos?INS,2021,16587,,1, HTTP/1.1" 200 6413
186.67.172.234 - - [02/Mar/2021:10:49:24 -0300] "GET /cormun/static/gxcfg.js?202012157947 HTTP/1.1" 200 953
186.67.172.234 - - [02/Mar/2021:10:49:24 -0300] "GET /cormun/static/solicitudotadjuntos.js?202012157966 HTTP/1.1" 200 11771
186.67.172.234 - - [02/Mar/2021:10:49:24 -0300] "GET /cormun/static/about:blank HTTP/1.1" 404 1011
186.67.172.234 - - [02/Mar/2021:10:49:25 -0300] "GET /cormun/servlet/solicitudotadjuntos?INS,2021,16587,,1, HTTP/1.1" 200 6406
186.67.172.234 - - [02/Mar/2021:10:49:25 -0300] "GET /cormun/servlet/solicitudotadjuntos?5780e697c3f392d389a312724690107bb2f1777e1ee0ad7506fdd6050ad49f66e34f7efd9abaed83b43c7a84639a9cda,gx-no-cache=1614692334537 HTTP/1.1" 200 30
186.67.172.234 - - [02/Mar/2021:10:49:25 -0300] "POST /cormun/servlet/solicitudotadjuntos?075cbbb8e067e5172a83d4dad78290f8,INS,2021,16587,,1,,gx-no-cache=1614692334566 HTTP/1.1" 200 4189
186.103.159.188 - - [02/Mar/2021:10:49:27 -0300] "GET /cormun/servlet/solicitudot?c37c334a48dbba14c02944e5619c9062e37238e489be0570d56d825e1298358373bc10942dccbd8edbbf37acc730bf393e35f7edadc15afe50727383b2d070d37f538bec20bcdb2e9bea4b04b48cf10116373f03c59231fefb284f5753f814646c0bd864de38e665bb16feac2b7f5398,gx-no-cache=1614692384496 HTTP/1.1" 200 110
186.103.159.188 - - [02/Mar/2021:10:49:27 -0300] "POST /cormun/servlet/solicitudot?gx-no-cache=1614692384593 HTTP/1.1" 200 72
186.67.172.234 - - [02/Mar/2021:10:49:32 -0300] "POST /cormun/servlet/solicitudotadjuntos?gx-no-cache=1614692341105 HTTP/1.1" 200 26
186.103.159.188 - - [02/Mar/2021:10:49:36 -0300] "GET /cormun/servlet/solicitudot?c37c334a48dbba14c02944e5619c9062e25a24f28705e1a166dbeb02f2d31357230be93889f33417ecdde646ea741e0ae67ea49db6e06666768fb7903b47067dbb88d9953e4ef6add1c21529cad03557d439ab640b827aba3a69ae9ac188b4d2cdb59930b5f76ac8d56bde4d84ec7bf3,gx-no-cache=1614692393875 HTTP/1.1" 200 29
186.103.159.188 - - [02/Mar/2021:10:49:36 -0300] "GET /cormun/static/menuarrow.gif HTTP/1.1" 404 1015
186.103.159.188 - - [02/Mar/2021:10:49:39 -0300] "GET /cormun/servlet/solicitudot?c37c334a48dbba14c02944e5619c9062daa2dd18e4b8c4b6268eb59f0e19223d9570383c9abfb775c903476d9a636796,gx-no-cache=1614692397135 HTTP/1.1" 200 30
186.103.159.188 - - [02/Mar/2021:10:49:40 -0300] "POST /cormun/servlet/solicitudot?gx-no-cache=1614692397190 HTTP/1.1" 200 34
186.67.172.234 - - [02/Mar/2021:10:49:46 -0300] "GET /cormun/servlet/solicitudotadjuntos?5780e697c3f392d389a312724690107bad9208c3ba51a1b3a8fb1f014d33312c,gx-no-cache=1614692355476 HTTP/1.1" 200 30
186.67.172.234 - - [02/Mar/2021:10:49:46 -0300] "GET /cormun/servlet/solicitudotadjuntos?5780e697c3f392d389a312724690107bad9208c3ba51a1b3a8fb1f014d33312c,gx-no-cache=1614692355511 HTTP/1.1" 200 30
186.67.172.234 - - [02/Mar/2021:10:49:46 -0300] "POST /cormun/servlet/solicitudotadjuntos?075cbbb8e067e5172a83d4dad78290f8,INS,2021,16587,,1, HTTP/1.1" 200 116
186.67.172.234 - - [02/Mar/2021:10:49:46 -0300] "GET /cormun/servlet/hpexe_return? HTTP/1.1" 200 1032
186.67.172.234 - - [02/Mar/2021:10:49:46 -0300] "GET /cormun/servlet/trsolicitudadjuntos?2021,16587, HTTP/1.1" 200 9250
186.67.172.234 - - [02/Mar/2021:10:49:47 -0300] "GET /cormun/servlet/trsolicitudadjuntos?2021,16587, HTTP/1.1" 200 9248
186.67.172.234 - - [02/Mar/2021:10:49:53 -0300] "GET /cormun/servlet/solicitudotadjuntos?INS,2021,16587,,1, HTTP/1.1" 200 6413
186.67.172.234 - - [02/Mar/2021:10:49:53 -0300] "GET /cormun/static/about:blank HTTP/1.1" 404 1011
186.67.172.234 - - [02/Mar/2021:10:49:53 -0300] "GET /cormun/servlet/solicitudotadjuntos?INS,2021,16587,,1, HTTP/1.1" 200 6406
186.67.172.234 - - [02/Mar/2021:10:49:54 -0300] "GET /cormun/servlet/solicitudotadjuntos?5780e697c3f392d389a312724690107bb2f1777e1ee0ad7506fdd6050ad49f66e34f7efd9abaed83b43c7a84639a9cda,gx-no-cache=1614692363269 HTTP/1.1" 200 30
186.67.172.234 - - [02/Mar/2021:10:49:54 -0300] "POST /cormun/servlet/solicitudotadjuntos?075cbbb8e067e5172a83d4dad78290f8,INS,2021,16587,,1,,gx-no-cache=1614692363305 HTTP/1.1" 200 4189
186.67.172.234 - - [02/Mar/2021:10:49:59 -0300] "POST /cormun/servlet/solicitudotadjuntos?gx-no-cache=1614692368253 HTTP/1.1" 200 26
190.171.143.106 - - [02/Mar/2021:10:50:13 -0300] "GET /cormun/servlet/trsolicitudot? HTTP/1.1" 200 7208
190.171.143.106 - - [02/Mar/2021:10:50:13 -0300] "GET /cormun/static/gxui/gxui-all.css?110300 HTTP/1.1" 200 2179
190.171.143.106 - - [02/Mar/2021:10:50:13 -0300] "GET /cormun/static/calendar-system.css?75620 HTTP/1.1" 200 5572
190.171.143.106 - - [02/Mar/2021:10:50:13 -0300] "GET /cormun/static/gxcfg.js?201991910464971 HTTP/1.1" 200 953
190.171.143.106 - - [02/Mar/2021:10:50:13 -0300] "GET /cormun/static/trsolicitudot.js?201991910465845 HTTP/1.1" 200 54041
190.171.143.106 - - [02/Mar/2021:10:50:13 -0300] "GET /cormun/static/Shared/ext/resources/css/ext-all.css?205870 HTTP/1.1" 200 416045
190.171.143.106 - - [02/Mar/2021:10:50:13 -0300] "GET /cormun/servlet/trsolicitudot? HTTP/1.1" 200 7209
186.67.172.234 - - [02/Mar/2021:10:50:14 -0300] "GET /cormun/servlet/solicitudotadjuntos?5780e697c3f392d389a312724690107bad9208c3ba51a1b3a8fb1f014d33312c,gx-no-cache=1614692383277 HTTP/1.1" 200 30
186.67.172.234 - - [02/Mar/2021:10:50:14 -0300] "GET /cormun/servlet/solicitudotadjuntos?5780e697c3f392d389a312724690107bad9208c3ba51a1b3a8fb1f014d33312c,gx-no-cache=1614692383309 HTTP/1.1" 200 30
186.67.172.234 - - [02/Mar/2021:10:50:14 -0300] "POST /cormun/servlet/solicitudotadjuntos?075cbbb8e067e5172a83d4dad78290f8,INS,2021,16587,,1, HTTP/1.1" 200 116
186.67.172.234 - - [02/Mar/2021:10:50:14 -0300] "GET /cormun/servlet/hpexe_return? HTTP/1.1" 200 1032
186.67.172.234 - - [02/Mar/2021:10:50:14 -0300] "GET /cormun/servlet/trsolicitudadjuntos?2021,16587, HTTP/1.1" 200 9477
186.67.172.234 - - [02/Mar/2021:10:50:15 -0300] "GET /cormun/servlet/trsolicitudadjuntos?2021,16587, HTTP/1.1" 200 9475
190.171.143.106 - - [02/Mar/2021:10:50:16 -0300] "GET /cormun/servlet/solicitudot?INS,0,0,false, HTTP/1.1" 200 15499
190.171.143.106 - - [02/Mar/2021:10:50:16 -0300] "GET /cormun/static/gxcfg.js?20203414241232 HTTP/1.1" 200 953
190.171.143.106 - - [02/Mar/2021:10:50:16 -0300] "GET /cormun/static/Resources/prompt.gif HTTP/1.1" 200 902
190.171.143.106 - - [02/Mar/2021:10:50:16 -0300] "GET /cormun/static/solicitudot.js?20203414242792 HTTP/1.1" 200 74114
190.171.143.106 - - [02/Mar/2021:10:50:17 -0300] "GET /cormun/servlet/solicitudot?INS,0,0,false, HTTP/1.1" 200 15506
190.171.143.106 - - [02/Mar/2021:10:50:19 -0300] "GET /cormun/static/Resources/resize.gif HTTP/1.1" 200 77
190.171.143.106 - - [02/Mar/2021:10:50:19 -0300] "GET /cormun/static/Resources/PXTools/ClosePrompt.png HTTP/1.1" 200 1036
186.67.172.234 - - [02/Mar/2021:10:50:19 -0300] "GET /cormun/servlet/solicitudotadjuntos?INS,2021,16587,,1, HTTP/1.1" 200 6414
186.67.172.234 - - [02/Mar/2021:10:50:19 -0300] "GET /cormun/static/about:blank HTTP/1.1" 404 1011
190.171.143.106 - - [02/Mar/2021:10:50:19 -0300] "GET /cormun/servlet/prfichaempleado?,MD,,gxPopupLevel%3D0%3B HTTP/1.1" 200 9292
186.67.172.234 - - [02/Mar/2021:10:50:19 -0300] "GET /cormun/servlet/solicitudotadjuntos?INS,2021,16587,,1, HTTP/1.1" 200 6407
190.171.143.106 - - [02/Mar/2021:10:50:19 -0300] "GET /cormun/static/gxcfg.js?20201215571085 HTTP/1.1" 200 953
190.171.143.106 - - [02/Mar/2021:10:50:19 -0300] "GET /cormun/static/Resources/PXToolsMenuSearch.png HTTP/1.1" 200 336
190.171.143.106 - - [02/Mar/2021:10:50:19 -0300] "GET /cormun/static/Resources/PXToolsMenuSearchCancel.png HTTP/1.1" 200 306
190.171.143.106 - - [02/Mar/2021:10:50:19 -0300] "GET /cormun/static/hmpwkw011.js?20201215495555 HTTP/1.1" 200 1968
190.171.143.106 - - [02/Mar/2021:10:50:19 -0300] "GET /cormun/static/menusearch.js?20201214473581 HTTP/1.1" 200 1424
190.171.143.106 - - [02/Mar/2021:10:50:19 -0300] "GET /cormun/static/prfichaempleado.js?20201215572193 HTTP/1.1" 200 16006
186.67.172.234 - - [02/Mar/2021:10:50:20 -0300] "GET /cormun/servlet/solicitudotadjuntos?5780e697c3f392d389a312724690107bb2f1777e1ee0ad7506fdd6050ad49f66e34f7efd9abaed83b43c7a84639a9cda,gx-no-cache=1614692389189 HTTP/1.1" 200 30
186.67.172.234 - - [02/Mar/2021:10:50:20 -0300] "POST /cormun/servlet/solicitudotadjuntos?075cbbb8e067e5172a83d4dad78290f8,INS,2021,16587,,1,,gx-no-cache=1614692389223 HTTP/1.1" 200 4190
186.67.172.234 - - [02/Mar/2021:10:50:24 -0300] "POST /cormun/servlet/solicitudotadjuntos?gx-no-cache=1614692393900 HTTP/1.1" 200 26
186.103.159.188 - - [02/Mar/2021:10:50:31 -0300] "POST /cormun/servlet/solicitudot?a0ada496ae6881a34d7a4915e2ed03e7,INS,0,0,false,,gx-no-cache=1614692448800 HTTP/1.1" 200 93
186.103.159.188 - - [02/Mar/2021:10:50:32 -0300] "GET /cormun/servlet/hpexe_return? HTTP/1.1" 200 1006
186.103.159.188 - - [02/Mar/2021:10:50:32 -0300] "GET /cormun/servlet/trsolicitudot? HTTP/1.1" 200 8618
186.103.159.188 - - [02/Mar/2021:10:50:32 -0300] "GET /cormun//static/Resources/PXToolsActionView.png HTTP/1.1" 200 398
186.103.159.188 - - [02/Mar/2021:10:50:32 -0300] "GET /cormun//static/Resources/PXToolsRemoveAllAction.png HTTP/1.1" 200 487
186.103.159.188 - - [02/Mar/2021:10:50:32 -0300] "GET /cormun/servlet/trsolicitudot? HTTP/1.1" 200 8614
186.67.172.234 - - [02/Mar/2021:10:50:34 -0300] "GET /cormun/servlet/solicitudotadjuntos?5780e697c3f392d389a312724690107bad9208c3ba51a1b3a8fb1f014d33312c,gx-no-cache=1614692403444 HTTP/1.1" 200 30
186.67.172.234 - - [02/Mar/2021:10:50:34 -0300] "GET /cormun/servlet/solicitudotadjuntos?5780e697c3f392d389a312724690107bad9208c3ba51a1b3a8fb1f014d33312c,gx-no-cache=1614692403543 HTTP/1.1" 200 30
186.67.172.234 - - [02/Mar/2021:10:50:35 -0300] "POST /cormun/servlet/solicitudotadjuntos?075cbbb8e067e5172a83d4dad78290f8,INS,2021,16587,,1, HTTP/1.1" 200 116
186.67.172.234 - - [02/Mar/2021:10:50:35 -0300] "GET /cormun/servlet/hpexe_return? HTTP/1.1" 200 1032
186.67.172.234 - - [02/Mar/2021:10:50:35 -0300] "GET /cormun/servlet/trsolicitudadjuntos?2021,16587, HTTP/1.1" 200 9703
186.67.172.234 - - [02/Mar/2021:10:50:36 -0300] "GET /cormun/servlet/trsolicitudadjuntos?2021,16587, HTTP/1.1" 200 9701
190.171.143.106 - - [02/Mar/2021:10:50:38 -0300] "POST /cormun/servlet/prfichaempleado?f72547946a6637e79e60e94693bae662,,MD,,gxPopupLevel%3D0%3B,gx-no-cache=1614692455521 HTTP/1.1" 200 3401
186.67.172.234 - - [02/Mar/2021:10:50:40 -0300] "GET /cormun/servlet/solicitudotadjuntos?INS,2021,16587,,1, HTTP/1.1" 200 6414
186.67.172.234 - - [02/Mar/2021:10:50:40 -0300] "GET /cormun/static/about:blank HTTP/1.1" 404 1011
186.67.172.234 - - [02/Mar/2021:10:50:40 -0300] "GET /cormun/servlet/solicitudotadjuntos?INS,2021,16587,,1, HTTP/1.1" 200 6407
186.67.172.234 - - [02/Mar/2021:10:50:40 -0300] "GET /cormun/servlet/solicitudotadjuntos?5780e697c3f392d389a312724690107bb2f1777e1ee0ad7506fdd6050ad49f66e34f7efd9abaed83b43c7a84639a9cda,gx-no-cache=1614692409875 HTTP/1.1" 200 30
186.67.172.234 - - [02/Mar/2021:10:50:40 -0300] "POST /cormun/servlet/solicitudotadjuntos?075cbbb8e067e5172a83d4dad78290f8,INS,2021,16587,,1,,gx-no-cache=1614692409909 HTTP/1.1" 200 4190
186.67.172.234 - - [02/Mar/2021:10:50:44 -0300] "POST /cormun/servlet/solicitudotadjuntos?gx-no-cache=1614692413971 HTTP/1.1" 200 26
186.67.172.234 - - [02/Mar/2021:10:50:56 -0300] "GET /cormun/servlet/solicitudotadjuntos?5780e697c3f392d389a312724690107bad9208c3ba51a1b3a8fb1f014d33312c,gx-no-cache=1614692425260 HTTP/1.1" 200 30
186.67.172.234 - - [02/Mar/2021:10:50:56 -0300] "GET /cormun/servlet/solicitudotadjuntos?5780e697c3f392d389a312724690107bad9208c3ba51a1b3a8fb1f014d33312c,gx-no-cache=1614692425274 HTTP/1.1" 200 30
186.67.172.234 - - [02/Mar/2021:10:50:56 -0300] "POST /cormun/servlet/solicitudotadjuntos?075cbbb8e067e5172a83d4dad78290f8,INS,2021,16587,,1, HTTP/1.1" 200 116
186.67.172.234 - - [02/Mar/2021:10:50:56 -0300] "GET /cormun/servlet/hpexe_return? HTTP/1.1" 200 1032
186.67.172.234 - - [02/Mar/2021:10:50:56 -0300] "GET /cormun/servlet/trsolicitudadjuntos?2021,16587, HTTP/1.1" 200 9943
186.67.172.234 - - [02/Mar/2021:10:50:57 -0300] "GET /cormun/servlet/trsolicitudadjuntos?2021,16587, HTTP/1.1" 200 9942
186.67.172.234 - - [02/Mar/2021:10:50:59 -0300] "GET /cormun/servlet/solicitudotadjuntos?INS,2021,16587,,1, HTTP/1.1" 200 6414
186.67.172.234 - - [02/Mar/2021:10:50:59 -0300] "GET /cormun/static/about:blank HTTP/1.1" 404 1011
186.67.172.234 - - [02/Mar/2021:10:50:59 -0300] "GET /cormun/servlet/solicitudotadjuntos?INS,2021,16587,,1, HTTP/1.1" 200 6407
186.67.172.234 - - [02/Mar/2021:10:51:00 -0300] "GET /cormun/servlet/solicitudotadjuntos?5780e697c3f392d389a312724690107bb2f1777e1ee0ad7506fdd6050ad49f66e34f7efd9abaed83b43c7a84639a9cda,gx-no-cache=1614692429380 HTTP/1.1" 200 30
186.67.172.234 - - [02/Mar/2021:10:51:00 -0300] "POST /cormun/servlet/solicitudotadjuntos?075cbbb8e067e5172a83d4dad78290f8,INS,2021,16587,,1,,gx-no-cache=1614692429412 HTTP/1.1" 200 4190
186.67.172.234 - - [02/Mar/2021:10:51:04 -0300] "POST /cormun/servlet/solicitudotadjuntos?gx-no-cache=1614692433771 HTTP/1.1" 200 26
186.67.172.234 - - [02/Mar/2021:10:51:14 -0300] "GET /cormun/servlet/solicitudotadjuntos?5780e697c3f392d389a312724690107bad9208c3ba51a1b3a8fb1f014d33312c,gx-no-cache=1614692444011 HTTP/1.1" 200 30
186.67.172.234 - - [02/Mar/2021:10:51:14 -0300] "GET /cormun/servlet/solicitudotadjuntos?5780e697c3f392d389a312724690107bad9208c3ba51a1b3a8fb1f014d33312c,gx-no-cache=1614692444024 HTTP/1.1" 200 30
186.67.172.234 - - [02/Mar/2021:10:51:15 -0300] "POST /cormun/servlet/solicitudotadjuntos?075cbbb8e067e5172a83d4dad78290f8,INS,2021,16587,,1, HTTP/1.1" 200 116
186.67.172.234 - - [02/Mar/2021:10:51:15 -0300] "GET /cormun/servlet/hpexe_return? HTTP/1.1" 200 1032
186.67.172.234 - - [02/Mar/2021:10:51:15 -0300] "GET /cormun/servlet/trsolicitudadjuntos?2021,16587, HTTP/1.1" 200 10206
186.67.172.234 - - [02/Mar/2021:10:51:16 -0300] "GET /cormun/servlet/trsolicitudadjuntos?2021,16587, HTTP/1.1" 200 10205
186.67.172.234 - - [02/Mar/2021:10:51:19 -0300] "GET /cormun/servlet/solicitudotadjuntos?INS,2021,16587,,1, HTTP/1.1" 200 6414
186.67.172.234 - - [02/Mar/2021:10:51:19 -0300] "GET /cormun/static/about:blank HTTP/1.1" 404 1011
186.67.172.234 - - [02/Mar/2021:10:51:19 -0300] "GET /cormun/servlet/solicitudotadjuntos?INS,2021,16587,,1, HTTP/1.1" 200 6407
186.67.172.234 - - [02/Mar/2021:10:51:19 -0300] "GET /cormun/servlet/solicitudotadjuntos?5780e697c3f392d389a312724690107bb2f1777e1ee0ad7506fdd6050ad49f66e34f7efd9abaed83b43c7a84639a9cda,gx-no-cache=1614692448921 HTTP/1.1" 200 30
186.67.172.234 - - [02/Mar/2021:10:51:19 -0300] "POST /cormun/servlet/solicitudotadjuntos?075cbbb8e067e5172a83d4dad78290f8,INS,2021,16587,,1,,gx-no-cache=1614692448955 HTTP/1.1" 200 4190
186.67.172.234 - - [02/Mar/2021:10:51:22 -0300] "POST /cormun/servlet/solicitudotadjuntos?gx-no-cache=1614692451987 HTTP/1.1" 200 26
186.103.159.188 - - [02/Mar/2021:10:51:28 -0300] "POST /cormun/servlet/trsolicitudot?a0ada496ae6881a34d7a4915e2ed03e7,,gx-no-cache=1614692505891 HTTP/1.1" 200 103
186.103.159.188 - - [02/Mar/2021:10:51:29 -0300] "POST /cormun/servlet/trsolicitudot?a0ada496ae6881a34d7a4915e2ed03e7,,gx-no-cache=1614692506087 HTTP/1.1" 200 5746
186.103.159.188 - - [02/Mar/2021:10:51:29 -0300] "GET /cormun/SolicitudOT-5160.xls HTTP/1.1" 200 5632
186.67.172.234 - - [02/Mar/2021:10:51:33 -0300] "GET /cormun/servlet/solicitudotadjuntos?5780e697c3f392d389a312724690107bad9208c3ba51a1b3a8fb1f014d33312c,gx-no-cache=1614692462507 HTTP/1.1" 200 30
186.67.172.234 - - [02/Mar/2021:10:51:33 -0300] "GET /cormun/servlet/solicitudotadjuntos?5780e697c3f392d389a312724690107bad9208c3ba51a1b3a8fb1f014d33312c,gx-no-cache=1614692462610 HTTP/1.1" 200 30
186.67.172.234 - - [02/Mar/2021:10:51:33 -0300] "POST /cormun/servlet/solicitudotadjuntos?075cbbb8e067e5172a83d4dad78290f8,INS,2021,16587,,1, HTTP/1.1" 200 116
186.67.172.234 - - [02/Mar/2021:10:51:34 -0300] "GET /cormun/servlet/hpexe_return? HTTP/1.1" 200 1032
186.67.172.234 - - [02/Mar/2021:10:51:34 -0300] "GET /cormun/servlet/trsolicitudadjuntos?2021,16587, HTTP/1.1" 200 10367
186.103.159.188 - - [02/Mar/2021:10:51:34 -0300] "GET /cormun/servlet/solicitudot?INS,0,0,false, HTTP/1.1" 200 15475
186.67.172.234 - - [02/Mar/2021:10:51:35 -0300] "GET /cormun/servlet/trsolicitudadjuntos?2021,16587, HTTP/1.1" 200 10367
186.103.159.188 - - [02/Mar/2021:10:51:35 -0300] "GET /cormun/servlet/solicitudot?INS,0,0,false, HTTP/1.1" 200 15483
190.171.152.114 - - [02/Mar/2021:10:51:47 -0300] "POST /cormun/servlet/solicitudotadjuntos?6eb6604abb458cef7e7c7577ed7e84c4,INS,2021,16585,,1,,gx-no-cache=1614692526466 HTTP/1.1" 200 93
190.171.152.114 - - [02/Mar/2021:10:51:47 -0300] "GET /cormun/servlet/hpexe_return? HTTP/1.1" 200 1023
190.171.152.114 - - [02/Mar/2021:10:51:48 -0300] "GET /cormun/servlet/trsolicitudadjuntos?2021,16585, HTTP/1.1" 200 6385
186.103.159.188 - - [02/Mar/2021:10:51:48 -0300] "POST /cormun/servlet/solicitudot?gx-no-cache=1614692525518 HTTP/1.1" 200 3692
186.103.159.188 - - [02/Mar/2021:10:51:48 -0300] "POST /cormun/servlet/solicitudot?a0ada496ae6881a34d7a4915e2ed03e7,INS,0,0,false,,gx-no-cache=1614692525812 HTTP/1.1" 200 12100
190.171.152.114 - - [02/Mar/2021:10:51:49 -0300] "GET /cormun/servlet/trsolicitudadjuntos?2021,16585, HTTP/1.1" 200 6381
186.103.159.188 - - [02/Mar/2021:10:51:49 -0300] "GET /cormun/servlet/solicitudot?c37c334a48dbba14c02944e5619c9062efa24a6664df6cef147a26b2c435df19edd744b2af7c34697aec7fe31281674b,gx-no-cache=1614692526745 HTTP/1.1" 200 30
190.171.152.114 - - [02/Mar/2021:10:51:52 -0300] "GET /cormun/servlet/trsolicitudot? HTTP/1.1" 200 9594
190.171.152.114 - - [02/Mar/2021:10:51:53 -0300] "GET /cormun/servlet/trsolicitudot? HTTP/1.1" 200 9588
190.171.152.114 - - [02/Mar/2021:10:52:00 -0300] "POST /cormun/servlet/trsolicitudot?6eb6604abb458cef7e7c7577ed7e84c4,,gx-no-cache=1614692538878 HTTP/1.1" 200 107
190.171.152.114 - - [02/Mar/2021:10:52:00 -0300] "GET /cormun/servlet/trsolicitudadjuntos?2021,16585, HTTP/1.1" 200 6381
190.171.152.114 - - [02/Mar/2021:10:52:01 -0300] "GET /cormun/servlet/trsolicitudadjuntos?2021,16585, HTTP/1.1" 200 6381
190.171.152.114 - - [02/Mar/2021:10:52:04 -0300] "GET /cormun/servlet/solicitudotadjuntos?INS,2021,16585,,1, HTTP/1.1" 200 6329
190.171.152.114 - - [02/Mar/2021:10:52:04 -0300] "GET /cormun/static/about:blank HTTP/1.1" 404 1011
190.171.152.114 - - [02/Mar/2021:10:52:05 -0300] "GET /cormun/servlet/solicitudotadjuntos?INS,2021,16585,,1, HTTP/1.1" 200 6323
190.171.152.114 - - [02/Mar/2021:10:52:05 -0300] "GET /cormun/servlet/solicitudotadjuntos?d272a087bf4bac7065d10028658503948e8eac8b2de4fda75f6753a84e1906f09c4a0657c25f307ebb9c8008b5a5f000,gx-no-cache=1614692544208 HTTP/1.1" 200 30
190.171.152.114 - - [02/Mar/2021:10:52:05 -0300] "POST /cormun/servlet/solicitudotadjuntos?6eb6604abb458cef7e7c7577ed7e84c4,INS,2021,16585,,1,,gx-no-cache=1614692544271 HTTP/1.1" 200 4179
186.67.172.234 - - [02/Mar/2021:10:52:05 -0300] "POST /cormun/servlet/acontrolpreferencessavestate?None,CSILVIA,true HTTP/1.1" 200 35
190.171.152.114 - - [02/Mar/2021:10:52:08 -0300] "POST /cormun/servlet/solicitudotadjuntos?gx-no-cache=1614692546843 HTTP/1.1" 200 26
186.67.172.234 - - [02/Mar/2021:10:52:09 -0300] "GET /cormun/servlet/solicitudotadjuntos?INS,2021,16587,,1, HTTP/1.1" 200 6414
186.67.172.234 - - [02/Mar/2021:10:52:10 -0300] "GET /cormun/servlet/solicitudotadjuntos?INS,2021,16587,,1, HTTP/1.1" 200 6407
190.171.152.114 - - [02/Mar/2021:10:52:19 -0300] "GET /cormun/servlet/solicitudotadjuntos?d272a087bf4bac7065d10028658503942a786141c1d0455b475908cb227cb45c,gx-no-cache=1614692558462 HTTP/1.1" 200 30
190.171.152.114 - - [02/Mar/2021:10:52:19 -0300] "GET /cormun/servlet/solicitudotadjuntos?d272a087bf4bac7065d10028658503942a786141c1d0455b475908cb227cb45c,gx-no-cache=1614692558497 HTTP/1.1" 200 30
186.67.172.234 - - [02/Mar/2021:10:52:19 -0300] "GET /cormun/servlet/trsolicitudadjuntos?2021,16587, HTTP/1.1" 200 10368
190.171.152.114 - - [02/Mar/2021:10:52:20 -0300] "POST /cormun/servlet/solicitudotadjuntos?6eb6604abb458cef7e7c7577ed7e84c4,INS,2021,16585,,1, HTTP/1.1" 200 116
190.171.152.114 - - [02/Mar/2021:10:52:20 -0300] "GET /cormun/servlet/hpexe_return? HTTP/1.1" 200 1023
190.171.152.114 - - [02/Mar/2021:10:52:20 -0300] "GET /cormun/servlet/trsolicitudadjuntos?2021,16585, HTTP/1.1" 200 9174
186.67.172.234 - - [02/Mar/2021:10:52:20 -0300] "GET /cormun/servlet/trsolicitudadjuntos?2021,16587, HTTP/1.1" 200 10364
190.171.152.114 - - [02/Mar/2021:10:52:21 -0300] "GET /cormun/servlet/trsolicitudadjuntos?2021,16585, HTTP/1.1" 200 9172
190.171.152.114 - - [02/Mar/2021:10:52:24 -0300] "GET /cormun/servlet/trsolicitudot? HTTP/1.1" 200 9594
190.171.152.114 - - [02/Mar/2021:10:52:25 -0300] "GET /cormun/servlet/trsolicitudot? HTTP/1.1" 200 9588
186.67.172.234 - - [02/Mar/2021:10:52:36 -0300] "GET /cormun/servlet/trautorizarsolicitud? HTTP/1.1" 200 7489
186.67.172.234 - - [02/Mar/2021:10:52:36 -0300] "GET /cormun/static/gxcfg.js?201991422414522 HTTP/1.1" 200 953
186.67.172.234 - - [02/Mar/2021:10:52:36 -0300] "GET /cormun/static/trautorizarsolicitud.js?201991422415463 HTTP/1.1" 200 53910
186.67.172.234 - - [02/Mar/2021:10:52:37 -0300] "GET /cormun/servlet/trautorizarsolicitud? HTTP/1.1" 200 7475
186.67.172.234 - - [02/Mar/2021:10:52:43 -0300] "GET /cormun/servlet/trsolicitudot? HTTP/1.1" 200 8973
186.67.172.234 - - [02/Mar/2021:10:52:43 -0300] "GET /cormun/servlet/trsolicitudot? HTTP/1.1" 200 8973
