195.54.160.121 - - [07/May/2020:15:50:41 -0300] "GET /manager/html HTTP/1.1" 401 2474
195.54.160.121 - - [07/May/2020:15:50:46 -0300] "GET /manager/html HTTP/1.1" 401 2474
195.54.160.121 - - [07/May/2020:15:50:51 -0300] "GET /manager/html HTTP/1.1" 401 2474
195.54.160.121 - - [07/May/2020:15:50:56 -0300] "GET /manager/html HTTP/1.1" 401 2474
195.54.160.121 - - [07/May/2020:15:51:01 -0300] "GET /manager/html HTTP/1.1" 401 2474
195.54.160.121 - - [07/May/2020:15:51:07 -0300] "GET /manager/html HTTP/1.1" 401 2474
195.54.160.121 - - [07/May/2020:15:51:12 -0300] "GET /manager/html HTTP/1.1" 401 2474
195.54.160.121 - - [07/May/2020:15:51:19 -0300] "GET /manager/html HTTP/1.1" 401 2474
195.54.160.121 - - [07/May/2020:15:51:25 -0300] "GET /manager/html HTTP/1.1" 401 2474
195.54.160.121 - - [07/May/2020:15:51:30 -0300] "GET /manager/html HTTP/1.1" 401 2474
195.54.160.121 - - [07/May/2020:15:51:36 -0300] "GET /manager/html HTTP/1.1" 401 2474
195.54.160.121 - - [07/May/2020:15:51:41 -0300] "GET /manager/html HTTP/1.1" 401 2474
195.54.160.121 - - [07/May/2020:15:51:46 -0300] "GET /manager/html HTTP/1.1" 401 2474
195.54.160.121 - - [07/May/2020:15:51:51 -0300] "GET /manager/html HTTP/1.1" 401 2474
195.54.160.121 - - [07/May/2020:15:51:56 -0300] "GET /manager/html HTTP/1.1" 401 2474
195.54.160.121 - - [07/May/2020:15:52:02 -0300] "GET /manager/html HTTP/1.1" 401 2474
195.54.160.121 - - [07/May/2020:15:52:07 -0300] "GET /manager/html HTTP/1.1" 401 2474
195.54.160.121 - - [07/May/2020:15:52:12 -0300] "GET /manager/html HTTP/1.1" 401 2474
195.54.160.121 - - [07/May/2020:15:52:17 -0300] "GET /manager/html HTTP/1.1" 401 2474
195.54.160.121 - - [07/May/2020:15:52:22 -0300] "GET /manager/html HTTP/1.1" 401 2474
195.54.160.121 - - [07/May/2020:15:52:27 -0300] "GET /manager/html HTTP/1.1" 401 2474
195.54.160.121 - - [07/May/2020:15:52:32 -0300] "GET /manager/html HTTP/1.1" 401 2474
195.54.160.121 - - [07/May/2020:15:52:37 -0300] "GET /manager/html HTTP/1.1" 401 2474
195.54.160.121 - - [07/May/2020:15:52:42 -0300] "GET /manager/html HTTP/1.1" 401 2474
195.54.160.121 - - [07/May/2020:15:52:47 -0300] "GET /manager/html HTTP/1.1" 401 2474
195.54.160.121 - - [07/May/2020:15:52:52 -0300] "GET /manager/html HTTP/1.1" 401 2474
195.54.160.121 - - [07/May/2020:15:52:58 -0300] "GET /manager/html HTTP/1.1" 401 2474
195.54.160.121 - - [07/May/2020:15:53:03 -0300] "GET /manager/html HTTP/1.1" 401 2474
195.54.160.121 - - [07/May/2020:15:53:08 -0300] "GET /manager/html HTTP/1.1" 401 2474
195.54.160.121 - - [07/May/2020:15:53:13 -0300] "GET /manager/html HTTP/1.1" 401 2474
195.54.160.121 - - [07/May/2020:15:53:18 -0300] "GET /manager/html HTTP/1.1" 401 2474
195.54.160.121 - - [07/May/2020:15:53:24 -0300] "GET /manager/html HTTP/1.1" 401 2474
195.54.160.121 - - [07/May/2020:15:53:29 -0300] "GET /manager/html HTTP/1.1" 401 2474
195.54.160.121 - - [07/May/2020:15:53:34 -0300] "GET /manager/html HTTP/1.1" 401 2474
195.54.160.121 - - [07/May/2020:15:53:39 -0300] "GET /manager/html HTTP/1.1" 401 2474
195.54.160.121 - - [07/May/2020:15:53:45 -0300] "GET /manager/html HTTP/1.1" 401 2474
195.54.160.121 - - [07/May/2020:15:53:52 -0300] "GET /manager/html HTTP/1.1" 401 2474
195.54.160.121 - - [07/May/2020:15:53:59 -0300] "GET /manager/html HTTP/1.1" 401 2474
195.54.160.121 - - [07/May/2020:15:54:05 -0300] "GET /manager/html HTTP/1.1" 401 2474
195.54.160.121 - - [07/May/2020:15:54:11 -0300] "GET /manager/html HTTP/1.1" 401 2474
195.54.160.121 - - [07/May/2020:15:54:17 -0300] "GET /manager/html HTTP/1.1" 401 2474
195.54.160.121 - - [07/May/2020:15:54:24 -0300] "GET /manager/html HTTP/1.1" 401 2474
195.54.160.121 - - [07/May/2020:15:54:30 -0300] "GET /manager/html HTTP/1.1" 401 2474
195.54.160.121 - - [07/May/2020:15:54:36 -0300] "GET /manager/html HTTP/1.1" 401 2474
195.54.160.121 - - [07/May/2020:15:54:43 -0300] "GET /manager/html HTTP/1.1" 401 2474
195.54.160.121 - - [07/May/2020:15:54:48 -0300] "GET /manager/html HTTP/1.1" 401 2474
195.54.160.121 - - [07/May/2020:15:54:52 -0300] "GET /manager/html HTTP/1.1" 401 2474
195.54.160.121 - - [07/May/2020:15:54:57 -0300] "GET /manager/html HTTP/1.1" 401 2474
195.54.160.121 - - [07/May/2020:15:55:03 -0300] "GET /manager/html HTTP/1.1" 401 2474
191.126.48.236 - - [07/May/2020:15:55:03 -0300] "GET /cormun/servlet/hlogin HTTP/1.1" 200 1729
191.126.48.236 - - [07/May/2020:15:55:04 -0300] "GET /cormun/static/Resources/Spanish/PXTools.css?2294816 HTTP/1.1" 200 100853
191.126.48.236 - - [07/May/2020:15:55:04 -0300] "GET /cormun/static/gxgral.js?85251 HTTP/1.1" 200 384558
195.54.160.121 - - [07/May/2020:15:55:08 -0300] "GET /manager/html HTTP/1.1" 401 2474
195.54.160.121 - - [07/May/2020:15:55:13 -0300] "GET /manager/html HTTP/1.1" 401 2474
191.126.48.236 - - [07/May/2020:15:55:19 -0300] "POST /cormun/servlet/hlogin?1c9437d999ee6d945e67d887a350a8cd,gx-no-cache=1588873686549 HTTP/1.1" 200 90
191.126.48.236 - - [07/May/2020:15:55:19 -0300] "GET /cormun/servlet/hpexe_link HTTP/1.1" 200 948
195.54.160.121 - - [07/May/2020:15:55:19 -0300] "GET /manager/html HTTP/1.1" 401 2474
191.126.48.236 - - [07/May/2020:15:55:19 -0300] "GET /cormun/servlet/hhome HTTP/1.1" 200 4226
191.126.48.236 - - [07/May/2020:15:55:20 -0300] "GET /cormun/static/Resources/Spanish/PXTools.css?14345360 HTTP/1.1" 200 100853
191.126.48.236 - - [07/May/2020:15:55:20 -0300] "GET /cormun/static/gxui/gxui-all.js HTTP/1.1" 200 107772
191.126.48.236 - - [07/May/2020:15:55:20 -0300] "GET /cormun/static/Shared/jquery/jquery-1.10.2.min.js HTTP/1.1" 200 273199
191.126.48.236 - - [07/May/2020:15:55:20 -0300] "GET /cormun/static/Shared/jqueryui/jquery-ui.min.js HTTP/1.1" 200 240427
191.126.48.236 - - [07/May/2020:15:55:21 -0300] "GET /cormun/static/Shared/ext/ext-all.js HTTP/1.1" 200 1289687
191.126.48.236 - - [07/May/2020:15:55:23 -0300] "GET /cormun/servlet/hhome HTTP/1.1" 200 4223
195.54.160.121 - - [07/May/2020:15:55:24 -0300] "GET /manager/html HTTP/1.1" 401 2474
195.54.160.121 - - [07/May/2020:15:55:29 -0300] "GET /manager/html HTTP/1.1" 401 2474
191.126.48.236 - - [07/May/2020:15:55:29 -0300] "GET /cormun/servlet/trautorizarsolicitud? HTTP/1.1" 200 9129
191.126.48.236 - - [07/May/2020:15:55:29 -0300] "GET /cormun/static/Shared/ext/resources/css/ext-all.css?205870 HTTP/1.1" 200 416045
191.126.48.236 - - [07/May/2020:15:55:31 -0300] "GET /cormun/servlet/trautorizarsolicitud? HTTP/1.1" 200 9128
195.54.160.121 - - [07/May/2020:15:55:34 -0300] "GET /manager/html HTTP/1.1" 401 2474
191.126.48.236 - - [07/May/2020:15:55:38 -0300] "GET /cormun/static/menuarrow.gif HTTP/1.1" 404 1015
195.54.160.121 - - [07/May/2020:15:55:39 -0300] "GET /manager/html HTTP/1.1" 401 2474
195.54.160.121 - - [07/May/2020:15:55:44 -0300] "GET /manager/html HTTP/1.1" 401 2474
195.54.160.121 - - [07/May/2020:15:55:50 -0300] "GET /manager/html HTTP/1.1" 401 2474
195.54.160.121 - - [07/May/2020:15:55:55 -0300] "GET /manager/html HTTP/1.1" 401 2474
195.54.160.121 - - [07/May/2020:15:56:02 -0300] "GET /manager/html HTTP/1.1" 401 2474
195.54.160.121 - - [07/May/2020:15:56:08 -0300] "GET /manager/html HTTP/1.1" 401 2474
191.126.48.236 - - [07/May/2020:15:56:10 -0300] "POST /cormun/servlet/trautorizarsolicitud?1c9437d999ee6d945e67d887a350a8cd,,gx-no-cache=1588873737321 HTTP/1.1" 200 6352
195.54.160.121 - - [07/May/2020:15:56:14 -0300] "GET /manager/html HTTP/1.1" 401 2474
191.126.48.236 - - [07/May/2020:15:56:15 -0300] "POST /cormun/servlet/trautorizarsolicitud?1c9437d999ee6d945e67d887a350a8cd,,gx-no-cache=1588873742682 HTTP/1.1" 200 6353
195.54.160.121 - - [07/May/2020:15:56:20 -0300] "GET /manager/html HTTP/1.1" 401 2474
195.54.160.121 - - [07/May/2020:15:56:27 -0300] "GET /manager/html HTTP/1.1" 401 2474
195.54.160.121 - - [07/May/2020:15:56:31 -0300] "GET /manager/html HTTP/1.1" 401 2474
195.54.160.121 - - [07/May/2020:15:56:37 -0300] "GET /manager/html HTTP/1.1" 401 2474
195.54.160.121 - - [07/May/2020:15:56:42 -0300] "GET /manager/html HTTP/1.1" 401 2474
191.126.48.236 - - [07/May/2020:15:56:47 -0300] "GET /cormun/servlet/trautorizarsolicitud? HTTP/1.1" 200 9130
195.54.160.121 - - [07/May/2020:15:56:48 -0300] "GET /manager/html HTTP/1.1" 401 2474
191.126.48.236 - - [07/May/2020:15:56:49 -0300] "GET /cormun/servlet/trautorizarsolicitud? HTTP/1.1" 200 9130
195.54.160.121 - - [07/May/2020:15:56:53 -0300] "GET /manager/html HTTP/1.1" 401 2474
195.54.160.121 - - [07/May/2020:15:56:59 -0300] "GET /manager/html HTTP/1.1" 401 2474
191.126.48.236 - - [07/May/2020:15:56:59 -0300] "POST /cormun/servlet/trautorizarsolicitud?1c9437d999ee6d945e67d887a350a8cd,,gx-no-cache=1588873786788 HTTP/1.1" 200 6354
195.54.160.121 - - [07/May/2020:15:57:04 -0300] "GET /manager/html HTTP/1.1" 401 2474
195.54.160.121 - - [07/May/2020:15:57:09 -0300] "GET /manager/html HTTP/1.1" 401 2474
191.126.48.236 - - [07/May/2020:15:57:14 -0300] "POST /cormun/servlet/trautorizarsolicitud?1c9437d999ee6d945e67d887a350a8cd,,gx-no-cache=1588873801303 HTTP/1.1" 200 6355
195.54.160.121 - - [07/May/2020:15:57:14 -0300] "GET /manager/html HTTP/1.1" 401 2474
195.54.160.121 - - [07/May/2020:15:57:19 -0300] "GET /manager/html HTTP/1.1" 401 2474
191.126.48.236 - - [07/May/2020:15:57:24 -0300] "GET /cormun/servlet/hlogin HTTP/1.1" 200 1743
195.54.160.121 - - [07/May/2020:15:57:24 -0300] "GET /manager/html HTTP/1.1" 401 2474
195.54.160.121 - - [07/May/2020:15:57:29 -0300] "GET /manager/html HTTP/1.1" 401 2474
195.54.160.121 - - [07/May/2020:15:57:35 -0300] "GET /manager/html HTTP/1.1" 401 2474
191.126.48.236 - - [07/May/2020:15:57:38 -0300] "POST /cormun/servlet/hlogin?1c9437d999ee6d945e67d887a350a8cd,gx-no-cache=1588873826206 HTTP/1.1" 200 90
191.126.48.236 - - [07/May/2020:15:57:39 -0300] "GET /cormun/servlet/hpexe_link HTTP/1.1" 200 948
191.126.48.236 - - [07/May/2020:15:57:39 -0300] "GET /cormun/servlet/hhome HTTP/1.1" 200 3976
195.54.160.121 - - [07/May/2020:15:57:40 -0300] "GET /manager/html HTTP/1.1" 401 2474
191.126.48.236 - - [07/May/2020:15:57:40 -0300] "GET /cormun/servlet/hhome HTTP/1.1" 200 3972
195.54.160.121 - - [07/May/2020:15:57:45 -0300] "GET /manager/html HTTP/1.1" 401 2474
191.126.48.236 - - [07/May/2020:15:57:49 -0300] "GET /cormun/servlet/trsolicitudot? HTTP/1.1" 200 7201
191.126.48.236 - - [07/May/2020:15:57:49 -0300] "GET /cormun/static/trsolicitudot.js?201991910465845 HTTP/1.1" 200 54041
191.126.48.236 - - [07/May/2020:15:57:50 -0300] "GET /cormun/servlet/trsolicitudot? HTTP/1.1" 200 7200
195.54.160.121 - - [07/May/2020:15:57:50 -0300] "GET /manager/html HTTP/1.1" 401 2474
195.54.160.121 - - [07/May/2020:15:57:56 -0300] "GET /manager/html HTTP/1.1" 401 2474
195.54.160.121 - - [07/May/2020:15:58:01 -0300] "GET /manager/html HTTP/1.1" 401 2474
195.54.160.121 - - [07/May/2020:15:58:06 -0300] "GET /manager/html HTTP/1.1" 401 2474
195.54.160.121 - - [07/May/2020:15:58:11 -0300] "GET /manager/html HTTP/1.1" 401 2474
191.126.48.236 - - [07/May/2020:15:58:16 -0300] "GET /cormun/servlet/solicitudot?INS,0,0,false, HTTP/1.1" 200 15320
191.126.48.236 - - [07/May/2020:15:58:17 -0300] "GET /cormun/static/solicitudot.js?20203414242792 HTTP/1.1" 200 74114
195.54.160.121 - - [07/May/2020:15:58:17 -0300] "GET /manager/html HTTP/1.1" 401 2474
191.126.48.236 - - [07/May/2020:15:58:18 -0300] "GET /cormun/servlet/solicitudot?INS,0,0,false, HTTP/1.1" 200 15327
195.54.160.121 - - [07/May/2020:15:58:22 -0300] "GET /manager/html HTTP/1.1" 401 2474
195.54.160.121 - - [07/May/2020:15:58:30 -0300] "GET /manager/html HTTP/1.1" 401 2474
195.54.160.121 - - [07/May/2020:15:58:34 -0300] "GET /manager/html HTTP/1.1" 401 2474
195.54.160.121 - - [07/May/2020:15:58:40 -0300] "GET /manager/html HTTP/1.1" 401 2474
191.126.48.236 - - [07/May/2020:15:58:42 -0300] "GET /cormun/static/Resources/resize.gif HTTP/1.1" 200 77
191.126.48.236 - - [07/May/2020:15:58:42 -0300] "GET /cormun/static/Resources/PXTools/ClosePrompt.png HTTP/1.1" 200 1036
191.126.48.236 - - [07/May/2020:15:58:43 -0300] "GET /cormun/servlet/prfichaempleado?,MD,,gxPopupLevel%3D0%3B HTTP/1.1" 200 9290
191.126.48.236 - - [07/May/2020:15:58:44 -0300] "GET /cormun/static/gxcfg.js?20201215571085 HTTP/1.1" 200 953
191.126.48.236 - - [07/May/2020:15:58:44 -0300] "GET /cormun/static/gxui/gxui-all.css?120300 HTTP/1.1" 200 2179
191.126.48.236 - - [07/May/2020:15:58:44 -0300] "GET /cormun/static/menusearch.js?20201214473581 HTTP/1.1" 200 1424
191.126.48.236 - - [07/May/2020:15:58:44 -0300] "GET /cormun/static/hmpwkw011.js?20201215495555 HTTP/1.1" 200 1968
191.126.48.236 - - [07/May/2020:15:58:44 -0300] "GET /cormun/static/prfichaempleado.js?20201215572193 HTTP/1.1" 200 16006
191.126.48.236 - - [07/May/2020:15:58:44 -0300] "GET /cormun/static/Shared/ext/resources/css/ext-all.css?215870 HTTP/1.1" 200 416045
195.54.160.121 - - [07/May/2020:15:58:46 -0300] "GET /manager/html HTTP/1.1" 401 2474
195.54.160.121 - - [07/May/2020:15:58:51 -0300] "GET /manager/html HTTP/1.1" 401 2474
195.54.160.121 - - [07/May/2020:15:58:57 -0300] "GET /manager/html HTTP/1.1" 401 2474
195.54.160.121 - - [07/May/2020:15:59:03 -0300] "GET /manager/html HTTP/1.1" 401 2474
195.54.160.121 - - [07/May/2020:15:59:09 -0300] "GET /manager/html HTTP/1.1" 401 2474
195.54.160.121 - - [07/May/2020:15:59:15 -0300] "GET /manager/html HTTP/1.1" 401 2474
191.126.48.236 - - [07/May/2020:15:59:16 -0300] "POST /cormun/servlet/solicitudot?gx-no-cache=1588873924017 HTTP/1.1" 200 3669
191.126.48.236 - - [07/May/2020:15:59:17 -0300] "POST /cormun/servlet/solicitudot?1c9437d999ee6d945e67d887a350a8cd,INS,0,0,false,,gx-no-cache=1588873924931 HTTP/1.1" 200 12057
195.54.160.121 - - [07/May/2020:15:59:20 -0300] "GET /manager/html HTTP/1.1" 401 2474
195.54.160.121 - - [07/May/2020:15:59:26 -0300] "GET /manager/html HTTP/1.1" 401 2474
191.126.48.236 - - [07/May/2020:15:59:26 -0300] "GET /cormun/servlet/solicitudot?20c34622f92a40c8675f732c3b1f0df086f59693193183f988903bed6c24159ae9d1d721df34618cebf08addb7413162,gx-no-cache=1588873934285 HTTP/1.1" 200 30
191.126.48.236 - - [07/May/2020:15:59:27 -0300] "GET /cormun/servlet/solicitudot?20c34622f92a40c8675f732c3b1f0df04d6a3ba3013a1c965a47f811f8b71a670dcf06ef793d8df4f4142ca0a6f02fffee4707688a8500e95c719314baeaecc0,gx-no-cache=1588873934595 HTTP/1.1" 200 30
191.126.48.236 - - [07/May/2020:15:59:27 -0300] "GET /cormun/servlet/solicitudot?20c34622f92a40c8675f732c3b1f0df085276cdd6bfbb420dcdf55a97a9217a6,gx-no-cache=1588873934809 HTTP/1.1" 200 51
191.126.48.236 - - [07/May/2020:15:59:27 -0300] "POST /cormun/servlet/solicitudot?gx-no-cache=1588873935075 HTTP/1.1" 200 255
191.126.48.236 - - [07/May/2020:15:59:27 -0300] "GET /cormun/servlet/solicitudot?20c34622f92a40c8675f732c3b1f0df0380b7099d25218f7ebc2d1b2592a3df5969f34b163ba24702a5b8a53692c312e91d9ae75de249cde493f1e5245d0e016653d5c4430e55d946ef9487c7ee7eee32739bbe18ced2d400f957c796b1f324c72e0c5ec858835b8f72882fb2f2352a520ba60e11044fc29c3603f9469973211649f7e9a68bbdceeef43f4d3d15c0974f7fe76ff181a8f0bf45904722591a47c045d440a2fec580361e0f932ab08bb59c9ec7d13a414845a59487cdeb930ee2d5e292afc826c4e508fe0b9c74be6340e64685a294a800d92f57428d37d9335c056ffa47cd560cb062d3865dad4267d7df055d3adee3b41db13172567968f5133c578f33dd30ff203f610addd93fadc6672e3b39353009d2c6675459d112845d37f65309b47bfbb3b7e08ace8d7e138f2cd8d81cf30ea72c821f352d4b42350b9197e9736016ae8c6684b2411ba5b13b7b90d03c41533a453a1fb42aeac6382b0b71cbce9c31c63ed66a67c61150897ddb44791460d522ad9697b08cacae11be4,gx-no-cache=1588873935305 HTTP/1.1" 200 30
191.126.48.236 - - [07/May/2020:15:59:30 -0300] "POST /cormun/servlet/solicitudot?gx-no-cache=1588873938285 HTTP/1.1" 200 30
195.54.160.121 - - [07/May/2020:15:59:31 -0300] "GET /manager/html HTTP/1.1" 401 2474
195.54.160.121 - - [07/May/2020:15:59:36 -0300] "GET /manager/html HTTP/1.1" 401 2474
191.126.48.236 - - [07/May/2020:15:59:37 -0300] "POST /cormun/servlet/solicitudot?gx-no-cache=1588873944360 HTTP/1.1" 200 1391
191.126.48.236 - - [07/May/2020:15:59:37 -0300] "POST /cormun/servlet/solicitudot?gx-no-cache=1588873944812 HTTP/1.1" 200 38
191.126.48.236 - - [07/May/2020:15:59:37 -0300] "GET /cormun/servlet/solicitudot?20c34622f92a40c8675f732c3b1f0df02fc7289a6eac6ebc4b74aeee296973de0a8e6b688dcb353ab38cf5dcf4b5551f06a04dee2ac7d08d556d668abc5b580ab20bca5cc0aa46d2355a3c326d58050142004d75ae7a7cd220c4bc06fa98816922796f6fb23ee97b99ba530169b766b0,gx-no-cache=1588873945028 HTTP/1.1" 200 110
195.54.160.121 - - [07/May/2020:15:59:41 -0300] "GET /manager/html HTTP/1.1" 401 2474
195.54.160.121 - - [07/May/2020:15:59:47 -0300] "GET /manager/html HTTP/1.1" 401 2474
195.54.160.121 - - [07/May/2020:15:59:52 -0300] "GET /manager/html HTTP/1.1" 401 2474
195.54.160.121 - - [07/May/2020:15:59:57 -0300] "GET /manager/html HTTP/1.1" 401 2474
195.54.160.121 - - [07/May/2020:16:00:02 -0300] "GET /manager/html HTTP/1.1" 401 2474
195.54.160.121 - - [07/May/2020:16:00:07 -0300] "GET /manager/html HTTP/1.1" 401 2474
195.54.160.121 - - [07/May/2020:16:00:12 -0300] "GET /manager/html HTTP/1.1" 401 2474
195.54.160.121 - - [07/May/2020:16:00:18 -0300] "GET /manager/html HTTP/1.1" 401 2474
195.54.160.121 - - [07/May/2020:16:00:24 -0300] "GET /manager/html HTTP/1.1" 401 2474
195.54.160.121 - - [07/May/2020:16:00:28 -0300] "GET /manager/html HTTP/1.1" 401 2474
195.54.160.121 - - [07/May/2020:16:00:33 -0300] "GET /manager/html HTTP/1.1" 401 2474
191.126.48.236 - - [07/May/2020:16:00:36 -0300] "POST /cormun/servlet/solicitudot?gx-no-cache=1588874003814 HTTP/1.1" 200 97
195.54.160.121 - - [07/May/2020:16:00:38 -0300] "GET /manager/html HTTP/1.1" 401 2474
195.54.160.121 - - [07/May/2020:16:00:44 -0300] "GET /manager/html HTTP/1.1" 401 2474
195.54.160.121 - - [07/May/2020:16:00:49 -0300] "GET /manager/html HTTP/1.1" 401 2474
191.126.48.236 - - [07/May/2020:16:00:51 -0300] "GET /cormun/servlet/solicitudot?20c34622f92a40c8675f732c3b1f0df073f5f74dc4c2a599a4d0aec5b0dfdb9b631a8d59ff5b6bf1ba2bfa86ea14a1ab89cdc53add7ad3faeb4b6c9104a7938e8e4478f8f2283dce6371bac3e3cf23f1787a4620d39a9933b7ca34224a80c053b45d6b888dfb7f6dde473a4cabb503d57d3cdc9e6bcf11e1573b049f5585326c21190ff73864fb43f56a37a6926516799370ff2821bad84c21d6c6d3b6cbdcc1,gx-no-cache=1588874018936 HTTP/1.1" 200 29
191.126.48.236 - - [07/May/2020:16:00:51 -0300] "GET /cormun/static/menuarrow.gif HTTP/1.1" 404 1015
195.54.160.121 - - [07/May/2020:16:00:55 -0300] "GET /manager/html HTTP/1.1" 401 2474
191.126.48.236 - - [07/May/2020:16:01:01 -0300] "GET /cormun/servlet/solicitudot?20c34622f92a40c8675f732c3b1f0df032073aa067f3a3ecb7b5d63f80cdbb54aff8ad91e39b31ccaeb3a3d8d9bb70e8,gx-no-cache=1588874028790 HTTP/1.1" 200 30
195.54.160.121 - - [07/May/2020:16:01:01 -0300] "GET /manager/html HTTP/1.1" 401 2474
195.54.160.121 - - [07/May/2020:16:01:07 -0300] "GET /manager/html HTTP/1.1" 401 2474
195.54.160.121 - - [07/May/2020:16:01:13 -0300] "GET /manager/html HTTP/1.1" 401 2474
195.54.160.121 - - [07/May/2020:16:01:19 -0300] "GET /manager/html HTTP/1.1" 401 2474
195.54.160.121 - - [07/May/2020:16:01:25 -0300] "GET /manager/html HTTP/1.1" 401 2474
195.54.160.121 - - [07/May/2020:16:01:30 -0300] "GET /manager/html HTTP/1.1" 401 2474
195.54.160.121 - - [07/May/2020:16:01:35 -0300] "GET /manager/html HTTP/1.1" 401 2474
195.54.160.121 - - [07/May/2020:16:01:41 -0300] "GET /manager/html HTTP/1.1" 401 2474
195.54.160.121 - - [07/May/2020:16:01:46 -0300] "GET /manager/html HTTP/1.1" 401 2474
195.54.160.121 - - [07/May/2020:16:01:51 -0300] "GET /manager/html HTTP/1.1" 401 2474
195.54.160.121 - - [07/May/2020:16:01:56 -0300] "GET /manager/html HTTP/1.1" 401 2474
195.54.160.121 - - [07/May/2020:16:02:01 -0300] "GET /manager/html HTTP/1.1" 401 2474
195.54.160.121 - - [07/May/2020:16:02:08 -0300] "GET /manager/html HTTP/1.1" 401 2474
191.126.48.236 - - [07/May/2020:16:02:11 -0300] "POST /cormun/servlet/solicitudot?gx-no-cache=1588874098986 HTTP/1.1" 200 30
195.54.160.121 - - [07/May/2020:16:02:12 -0300] "GET /manager/html HTTP/1.1" 401 2474
195.54.160.121 - - [07/May/2020:16:02:17 -0300] "GET /manager/html HTTP/1.1" 401 2474
195.54.160.121 - - [07/May/2020:16:02:22 -0300] "GET /manager/html HTTP/1.1" 401 2474
195.54.160.121 - - [07/May/2020:16:02:28 -0300] "GET /manager/html HTTP/1.1" 401 2474
195.54.160.121 - - [07/May/2020:16:02:34 -0300] "GET /manager/html HTTP/1.1" 401 2474
195.54.160.121 - - [07/May/2020:16:02:40 -0300] "GET /manager/html HTTP/1.1" 401 2474
195.54.160.121 - - [07/May/2020:16:02:46 -0300] "GET /manager/html HTTP/1.1" 401 2474
195.54.160.121 - - [07/May/2020:16:02:52 -0300] "GET /manager/html HTTP/1.1" 401 2474
195.54.160.121 - - [07/May/2020:16:02:57 -0300] "GET /manager/html HTTP/1.1" 401 2474
195.54.160.121 - - [07/May/2020:16:03:04 -0300] "GET /manager/html HTTP/1.1" 401 2474
191.126.48.236 - - [07/May/2020:16:03:04 -0300] "POST /cormun/servlet/solicitudot?1c9437d999ee6d945e67d887a350a8cd,INS,0,0,false,,gx-no-cache=1588874150254 HTTP/1.1" 200 93
191.126.48.236 - - [07/May/2020:16:03:04 -0300] "GET /cormun/servlet/hpexe_return? HTTP/1.1" 200 1006
191.126.48.236 - - [07/May/2020:16:03:06 -0300] "GET /cormun/servlet/trsolicitudot HTTP/1.1" 200 8588
191.126.48.236 - - [07/May/2020:16:03:07 -0300] "GET /cormun/servlet/trsolicitudot HTTP/1.1" 200 8584
195.54.160.121 - - [07/May/2020:16:03:10 -0300] "GET /manager/html HTTP/1.1" 401 2474
195.54.160.121 - - [07/May/2020:16:03:16 -0300] "GET /manager/html HTTP/1.1" 401 2474
195.54.160.121 - - [07/May/2020:16:03:23 -0300] "GET /manager/html HTTP/1.1" 401 2474
191.126.48.236 - - [07/May/2020:16:03:23 -0300] "GET /cormun/servlet/solicitudot?INS,0,0,false, HTTP/1.1" 200 15320
191.126.48.236 - - [07/May/2020:16:03:25 -0300] "GET /cormun/servlet/solicitudot?INS,0,0,false, HTTP/1.1" 200 15327
195.54.160.121 - - [07/May/2020:16:03:28 -0300] "GET /manager/html HTTP/1.1" 401 2474
195.54.160.121 - - [07/May/2020:16:03:33 -0300] "GET /manager/html HTTP/1.1" 401 2474
195.54.160.121 - - [07/May/2020:16:03:38 -0300] "GET /manager/html HTTP/1.1" 401 2474
191.126.48.236 - - [07/May/2020:16:03:41 -0300] "POST /cormun/servlet/solicitudot?gx-no-cache=1588874188956 HTTP/1.1" 200 3687
191.126.48.236 - - [07/May/2020:16:03:42 -0300] "POST /cormun/servlet/solicitudot?1c9437d999ee6d945e67d887a350a8cd,INS,0,0,false,,gx-no-cache=1588874189715 HTTP/1.1" 200 12077
195.54.160.121 - - [07/May/2020:16:03:46 -0300] "GET /manager/html HTTP/1.1" 401 2474
195.54.160.121 - - [07/May/2020:16:03:49 -0300] "GET /manager/html HTTP/1.1" 401 2474
191.126.48.236 - - [07/May/2020:16:03:52 -0300] "GET /cormun/servlet/solicitudot?20c34622f92a40c8675f732c3b1f0df01f7eb622e1fde19069d3160c985dc736e9d1d721df34618cebf08addb7413162,gx-no-cache=1588874200041 HTTP/1.1" 200 30
191.126.48.236 - - [07/May/2020:16:03:52 -0300] "GET /cormun/servlet/solicitudot?20c34622f92a40c8675f732c3b1f0df0da4008b09539619343e915a99a3afd0056c75d3487f17459a91c60d0e10c35ab11696b0ef45afb3caed9239803a19320,gx-no-cache=1588874200298 HTTP/1.1" 200 30
191.126.48.236 - - [07/May/2020:16:03:53 -0300] "GET /cormun/servlet/solicitudot?20c34622f92a40c8675f732c3b1f0df085276cdd6bfbb420dcdf55a97a9217a6,gx-no-cache=1588874200539 HTTP/1.1" 200 51
191.126.48.236 - - [07/May/2020:16:03:53 -0300] "POST /cormun/servlet/solicitudot?gx-no-cache=1588874200728 HTTP/1.1" 200 255
191.126.48.236 - - [07/May/2020:16:03:53 -0300] "GET /cormun/servlet/solicitudot?20c34622f92a40c8675f732c3b1f0df0380b7099d25218f7ebc2d1b2592a3df5969f34b163ba24702a5b8a53692c312e91d9ae75de249cde493f1e5245d0e016653d5c4430e55d946ef9487c7ee7eee32739bbe18ced2d400f957c796b1f324c72e0c5ec858835b8f72882fb2f2352a520ba60e11044fc29c3603f9469973211649f7e9a68bbdceeef43f4d3d15c0974f7fe76ff181a8f0bf45904722591a47c045d440a2fec580361e0f932ab08bb59c9ec7d13a414845a59487cdeb930ee2d5e292afc826c4e508fe0b9c74be6340e64685a294a800d92f57428d37d9335c056ffa47cd560cb062d3865dad4267d7df055d3adee3b41db13172567968f5133c578f33dd30ff203f610addd93fadc6672e3b39353009d2c6675459d112845d37f65309b47bfbb3b7e08ace8d7e138f2cd8d81cf30ea72c821f352d4b42350b9197e9736016ae8c6684b2411ba5b13b7b90d03c41533a453a1fb42aeac6382b0b71cbce9c31c63ed66a67c61150897ddb44791460d522ad9697b08cacae11be4,gx-no-cache=1588874200982 HTTP/1.1" 200 30
195.54.160.121 - - [07/May/2020:16:03:54 -0300] "GET /manager/html HTTP/1.1" 401 2474
191.126.48.236 - - [07/May/2020:16:03:56 -0300] "POST /cormun/servlet/solicitudot?gx-no-cache=1588874204291 HTTP/1.1" 200 30
195.54.160.121 - - [07/May/2020:16:03:59 -0300] "GET /manager/html HTTP/1.1" 401 2474
191.126.48.236 - - [07/May/2020:16:04:01 -0300] "POST /cormun/servlet/solicitudot?gx-no-cache=1588874208858 HTTP/1.1" 200 1391
191.126.48.236 - - [07/May/2020:16:04:01 -0300] "POST /cormun/servlet/solicitudot?gx-no-cache=1588874209145 HTTP/1.1" 200 38
191.126.48.236 - - [07/May/2020:16:04:01 -0300] "GET /cormun/servlet/solicitudot?20c34622f92a40c8675f732c3b1f0df02fc7289a6eac6ebc4b74aeee296973de0a8e6b688dcb353ab38cf5dcf4b5551f06a04dee2ac7d08d556d668abc5b580ab20bca5cc0aa46d2355a3c326d58050142004d75ae7a7cd220c4bc06fa98816922796f6fb23ee97b99ba530169b766b0,gx-no-cache=1588874209362 HTTP/1.1" 200 110
195.54.160.121 - - [07/May/2020:16:04:04 -0300] "GET /manager/html HTTP/1.1" 401 2474
191.126.48.236 - - [07/May/2020:16:04:08 -0300] "POST /cormun/servlet/solicitudot?gx-no-cache=1588874216371 HTTP/1.1" 200 97
195.54.160.121 - - [07/May/2020:16:04:09 -0300] "GET /manager/html HTTP/1.1" 401 2474
195.54.160.121 - - [07/May/2020:16:04:14 -0300] "GET /manager/html HTTP/1.1" 401 2474
195.54.160.121 - - [07/May/2020:16:04:19 -0300] "GET /manager/html HTTP/1.1" 401 2474
191.126.48.236 - - [07/May/2020:16:04:20 -0300] "GET /cormun/servlet/solicitudot?20c34622f92a40c8675f732c3b1f0df073f5f74dc4c2a599a4d0aec5b0dfdb9b631a8d59ff5b6bf1ba2bfa86ea14a1ab89cdc53add7ad3faeb4b6c9104a7938e8e4478f8f2283dce6371bac3e3cf23f1787a4620d39a9933b7ca34224a80c053b45d6b888dfb7f6dde473a4cabb503d57d3cdc9e6bcf11e1573b049f5585326c21190ff73864fb43f56a37a6926516799370ff2821bad84c21d6c6d3b6cbdcc1,gx-no-cache=1588874227762 HTTP/1.1" 200 29
191.126.48.236 - - [07/May/2020:16:04:20 -0300] "GET /cormun/static/menuarrow.gif HTTP/1.1" 404 1015
195.54.160.121 - - [07/May/2020:16:04:25 -0300] "GET /manager/html HTTP/1.1" 401 2474
191.126.48.236 - - [07/May/2020:16:04:29 -0300] "GET /cormun/servlet/solicitudot?20c34622f92a40c8675f732c3b1f0df032073aa067f3a3ecb7b5d63f80cdbb54aff8ad91e39b31ccaeb3a3d8d9bb70e8,gx-no-cache=1588874237151 HTTP/1.1" 200 30
195.54.160.121 - - [07/May/2020:16:04:30 -0300] "GET /manager/html HTTP/1.1" 401 2474
195.54.160.121 - - [07/May/2020:16:04:35 -0300] "GET /manager/html HTTP/1.1" 401 2474
195.54.160.121 - - [07/May/2020:16:04:41 -0300] "GET /manager/html HTTP/1.1" 401 2474
195.54.160.121 - - [07/May/2020:16:04:48 -0300] "GET /manager/html HTTP/1.1" 401 2474
195.54.160.121 - - [07/May/2020:16:04:54 -0300] "GET /manager/html HTTP/1.1" 401 2474
195.54.160.121 - - [07/May/2020:16:05:01 -0300] "GET /manager/html HTTP/1.1" 401 2474
191.126.48.236 - - [07/May/2020:16:05:04 -0300] "POST /cormun/servlet/solicitudot?gx-no-cache=1588874271269 HTTP/1.1" 200 30
195.54.160.121 - - [07/May/2020:16:05:07 -0300] "GET /manager/html HTTP/1.1" 401 2474
195.54.160.121 - - [07/May/2020:16:05:13 -0300] "GET /manager/html HTTP/1.1" 401 2474
191.126.48.236 - - [07/May/2020:16:05:14 -0300] "POST /cormun/servlet/solicitudot?1c9437d999ee6d945e67d887a350a8cd,INS,0,0,false,,gx-no-cache=1588874281739 HTTP/1.1" 200 93
191.126.48.236 - - [07/May/2020:16:05:15 -0300] "GET /cormun/servlet/hpexe_return? HTTP/1.1" 200 1006
191.126.48.236 - - [07/May/2020:16:05:16 -0300] "GET /cormun/servlet/trsolicitudot HTTP/1.1" 200 9003
191.126.48.236 - - [07/May/2020:16:05:17 -0300] "GET /cormun/servlet/trsolicitudot HTTP/1.1" 200 8999
195.54.160.121 - - [07/May/2020:16:05:19 -0300] "GET /manager/html HTTP/1.1" 401 2474
195.54.160.121 - - [07/May/2020:16:05:25 -0300] "GET /manager/html HTTP/1.1" 401 2474
195.54.160.121 - - [07/May/2020:16:05:30 -0300] "GET /manager/html HTTP/1.1" 401 2474
195.54.160.121 - - [07/May/2020:16:05:36 -0300] "GET /manager/html HTTP/1.1" 401 2474
195.54.160.121 - - [07/May/2020:16:05:42 -0300] "GET /manager/html HTTP/1.1" 401 2474
195.54.160.121 - - [07/May/2020:16:05:47 -0300] "GET /manager/html HTTP/1.1" 401 2474
195.54.160.121 - - [07/May/2020:16:05:53 -0300] "GET /manager/html HTTP/1.1" 401 2474
195.54.160.121 - - [07/May/2020:16:05:58 -0300] "GET /manager/html HTTP/1.1" 401 2474
195.54.160.121 - - [07/May/2020:16:06:04 -0300] "GET /manager/html HTTP/1.1" 401 2474
195.54.160.121 - - [07/May/2020:16:06:09 -0300] "GET /manager/html HTTP/1.1" 401 2474
191.126.48.236 - - [07/May/2020:16:06:13 -0300] "POST /cormun/servlet/trsolicitudot?1c9437d999ee6d945e67d887a350a8cd,gx-no-cache=1588874339518 HTTP/1.1" 200 6149
195.54.160.121 - - [07/May/2020:16:06:14 -0300] "GET /manager/html HTTP/1.1" 401 2474
195.54.160.121 - - [07/May/2020:16:06:19 -0300] "GET /manager/html HTTP/1.1" 401 2474
191.126.48.236 - - [07/May/2020:16:06:20 -0300] "POST /cormun/servlet/trsolicitudot?1c9437d999ee6d945e67d887a350a8cd,gx-no-cache=1588874348189 HTTP/1.1" 200 6150
195.54.160.121 - - [07/May/2020:16:06:25 -0300] "GET /manager/html HTTP/1.1" 401 2474
195.54.160.121 - - [07/May/2020:16:06:29 -0300] "GET /manager/html HTTP/1.1" 401 2474
191.126.48.236 - - [07/May/2020:16:06:32 -0300] "POST /cormun/servlet/trsolicitudot?1c9437d999ee6d945e67d887a350a8cd,gx-no-cache=1588874359355 HTTP/1.1" 200 6150
195.54.160.121 - - [07/May/2020:16:06:34 -0300] "GET /manager/html HTTP/1.1" 401 2474
195.54.160.121 - - [07/May/2020:16:06:40 -0300] "GET /manager/html HTTP/1.1" 401 2474
195.54.160.121 - - [07/May/2020:16:06:44 -0300] "GET /manager/html HTTP/1.1" 401 2474
191.126.48.236 - - [07/May/2020:16:06:48 -0300] "GET /cormun/servlet/hlogin HTTP/1.1" 200 1738
195.54.160.121 - - [07/May/2020:16:06:50 -0300] "GET /manager/html HTTP/1.1" 401 2474
195.54.160.121 - - [07/May/2020:16:06:55 -0300] "GET /manager/html HTTP/1.1" 401 2474
195.54.160.121 - - [07/May/2020:16:07:00 -0300] "GET /manager/html HTTP/1.1" 401 2474
195.54.160.121 - - [07/May/2020:16:07:05 -0300] "GET /manager/html HTTP/1.1" 401 2474
195.54.160.121 - - [07/May/2020:16:07:11 -0300] "GET /manager/html HTTP/1.1" 401 2474
195.54.160.121 - - [07/May/2020:16:07:18 -0300] "GET /manager/html HTTP/1.1" 401 2474
195.54.160.121 - - [07/May/2020:16:07:24 -0300] "GET /manager/html HTTP/1.1" 401 2474
195.54.160.121 - - [07/May/2020:16:07:30 -0300] "GET /manager/html HTTP/1.1" 401 2474
195.54.160.121 - - [07/May/2020:16:07:37 -0300] "GET /manager/html HTTP/1.1" 401 2474
195.54.160.121 - - [07/May/2020:16:07:43 -0300] "GET /manager/html HTTP/1.1" 401 2474
195.54.160.121 - - [07/May/2020:16:07:49 -0300] "GET /manager/html HTTP/1.1" 401 2474
195.54.160.121 - - [07/May/2020:16:07:54 -0300] "GET /manager/html HTTP/1.1" 401 2474
195.54.160.121 - - [07/May/2020:16:07:59 -0300] "GET /manager/html HTTP/1.1" 401 2474
195.54.160.121 - - [07/May/2020:16:08:04 -0300] "GET /manager/html HTTP/1.1" 401 2474
195.54.160.121 - - [07/May/2020:16:08:10 -0300] "GET /manager/html HTTP/1.1" 401 2474
195.54.160.121 - - [07/May/2020:16:08:15 -0300] "GET /manager/html HTTP/1.1" 401 2474
195.54.160.121 - - [07/May/2020:16:08:20 -0300] "GET /manager/html HTTP/1.1" 401 2474
195.54.160.121 - - [07/May/2020:16:08:25 -0300] "GET /manager/html HTTP/1.1" 401 2474
195.54.160.121 - - [07/May/2020:16:08:30 -0300] "GET /manager/html HTTP/1.1" 401 2474
195.54.160.121 - - [07/May/2020:16:08:36 -0300] "GET /manager/html HTTP/1.1" 401 2474
195.54.160.121 - - [07/May/2020:16:08:41 -0300] "GET /manager/html HTTP/1.1" 401 2474
195.54.160.121 - - [07/May/2020:16:08:46 -0300] "GET /manager/html HTTP/1.1" 401 2474
195.54.160.121 - - [07/May/2020:16:08:51 -0300] "GET /manager/html HTTP/1.1" 401 2474
195.54.160.121 - - [07/May/2020:16:08:56 -0300] "GET /manager/html HTTP/1.1" 401 2474
195.54.160.121 - - [07/May/2020:16:09:02 -0300] "GET /manager/html HTTP/1.1" 401 2474
195.54.160.121 - - [07/May/2020:16:09:07 -0300] "GET /manager/html HTTP/1.1" 401 2474
195.54.160.121 - - [07/May/2020:16:09:12 -0300] "GET /manager/html HTTP/1.1" 401 2474
195.54.160.121 - - [07/May/2020:16:09:17 -0300] "GET /manager/html HTTP/1.1" 401 2474
195.54.160.121 - - [07/May/2020:16:09:23 -0300] "GET /manager/html HTTP/1.1" 401 2474
195.54.160.121 - - [07/May/2020:16:09:29 -0300] "GET /manager/html HTTP/1.1" 401 2474
195.54.160.121 - - [07/May/2020:16:09:34 -0300] "GET /manager/html HTTP/1.1" 401 2474
195.54.160.121 - - [07/May/2020:16:09:40 -0300] "GET /manager/html HTTP/1.1" 401 2474
195.54.160.121 - - [07/May/2020:16:09:46 -0300] "GET /manager/html HTTP/1.1" 401 2474
195.54.160.121 - - [07/May/2020:16:09:51 -0300] "GET /manager/html HTTP/1.1" 401 2474
195.54.160.121 - - [07/May/2020:16:09:57 -0300] "GET /manager/html HTTP/1.1" 401 2474
195.54.160.121 - - [07/May/2020:16:10:03 -0300] "GET /manager/html HTTP/1.1" 401 2474
191.125.142.17 - - [07/May/2020:16:10:07 -0300] "GET /cormun/servlet/hlogin HTTP/1.1" 200 1734
195.54.160.121 - - [07/May/2020:16:10:09 -0300] "GET /manager/html HTTP/1.1" 401 2474
195.54.160.121 - - [07/May/2020:16:10:15 -0300] "GET /manager/html HTTP/1.1" 401 2474
191.125.142.17 - - [07/May/2020:16:10:21 -0300] "POST /cormun/servlet/hlogin?20f0ac285acbd3a53ccc75f112c84d2d,gx-no-cache=1588878183579 HTTP/1.1" 200 90
191.125.142.17 - - [07/May/2020:16:10:21 -0300] "GET /cormun/servlet/hpexe_link HTTP/1.1" 200 953
195.54.160.121 - - [07/May/2020:16:10:21 -0300] "GET /manager/html HTTP/1.1" 401 2474
191.125.142.17 - - [07/May/2020:16:10:21 -0300] "GET /cormun/servlet/hhome HTTP/1.1" 200 4229
191.125.142.17 - - [07/May/2020:16:10:23 -0300] "GET /cormun/static/SmoothNavMenu/resources/images/right.gif HTTP/1.1" 200 860
191.125.142.17 - - [07/May/2020:16:10:23 -0300] "GET /cormun/servlet/hhome HTTP/1.1" 200 4226
191.125.142.17 - - [07/May/2020:16:10:26 -0300] "GET /cormun/servlet/trautorizarsolicitud? HTTP/1.1" 200 9131
195.54.160.121 - - [07/May/2020:16:10:26 -0300] "GET /manager/html HTTP/1.1" 401 2474
191.125.142.17 - - [07/May/2020:16:10:26 -0300] "GET /cormun/static/gxcfg.js?201991422414522 HTTP/1.1" 200 953
191.125.142.17 - - [07/May/2020:16:10:27 -0300] "GET /cormun/static/trautorizarsolicitud.js?201991422415463 HTTP/1.1" 200 53910
191.125.142.17 - - [07/May/2020:16:10:27 -0300] "GET /cormun/servlet/trautorizarsolicitud? HTTP/1.1" 200 9129
195.54.160.121 - - [07/May/2020:16:10:31 -0300] "GET /manager/html HTTP/1.1" 401 2474
195.54.160.121 - - [07/May/2020:16:10:37 -0300] "GET /manager/html HTTP/1.1" 401 2474
195.54.160.121 - - [07/May/2020:16:10:42 -0300] "GET /manager/html HTTP/1.1" 401 2474
195.54.160.121 - - [07/May/2020:16:10:47 -0300] "GET /manager/html HTTP/1.1" 401 2474
195.54.160.121 - - [07/May/2020:16:10:52 -0300] "GET /manager/html HTTP/1.1" 401 2474
195.54.160.121 - - [07/May/2020:16:10:57 -0300] "GET /manager/html HTTP/1.1" 401 2474
195.54.160.121 - - [07/May/2020:16:11:02 -0300] "GET /manager/html HTTP/1.1" 401 2474
195.54.160.121 - - [07/May/2020:16:11:08 -0300] "GET /manager/html HTTP/1.1" 401 2474
195.54.160.121 - - [07/May/2020:16:11:13 -0300] "GET /manager/html HTTP/1.1" 401 2474
195.54.160.121 - - [07/May/2020:16:11:18 -0300] "GET /manager/html HTTP/1.1" 401 2474
195.54.160.121 - - [07/May/2020:16:11:23 -0300] "GET /manager/html HTTP/1.1" 401 2474
191.125.142.17 - - [07/May/2020:16:11:28 -0300] "POST /cormun/servlet/trautorizarsolicitud?20f0ac285acbd3a53ccc75f112c84d2d,,gx-no-cache=1588878250457 HTTP/1.1" 200 5972
191.125.142.17 - - [07/May/2020:16:11:28 -0300] "GET /cormun/static/Shared/jqueryui/images/ui-bg_highlight-soft_100_c6c2c8_1x100.png HTTP/1.1" 404 1117
195.54.160.121 - - [07/May/2020:16:11:28 -0300] "GET /manager/html HTTP/1.1" 401 2474
191.125.142.17 - - [07/May/2020:16:11:28 -0300] "GET /cormun/static/Shared/jqueryui/images/ui-icons_82798d_256x240.png HTTP/1.1" 404 1089
191.125.142.17 - - [07/May/2020:16:11:28 -0300] "GET /cormun/static/Shared/jqueryui/images/ui-bg_flat_55_fafafa_40x100.png HTTP/1.1" 404 1097
191.125.142.17 - - [07/May/2020:16:11:28 -0300] "GET /cormun/static/Shared/jqueryui/images/ui-icons_8d78a5_256x240.png HTTP/1.1" 404 1089
191.125.142.17 - - [07/May/2020:16:11:29 -0300] "POST /cormun/servlet/trautorizarsolicitud?20f0ac285acbd3a53ccc75f112c84d2d,,gx-no-cache=1588878251040 HTTP/1.1" 200 5917
195.54.160.121 - - [07/May/2020:16:11:33 -0300] "GET /manager/html HTTP/1.1" 401 2474
191.125.142.17 - - [07/May/2020:16:11:34 -0300] "POST /cormun/servlet/trautorizarsolicitud?20f0ac285acbd3a53ccc75f112c84d2d,,gx-no-cache=1588878256434 HTTP/1.1" 200 4773
191.125.142.17 - - [07/May/2020:16:11:34 -0300] "POST /cormun/servlet/trautorizarsolicitud?20f0ac285acbd3a53ccc75f112c84d2d,,gx-no-cache=1588878256848 HTTP/1.1" 200 4533
195.54.160.121 - - [07/May/2020:16:11:39 -0300] "GET /manager/html HTTP/1.1" 401 2474
195.54.160.121 - - [07/May/2020:16:11:44 -0300] "GET /manager/html HTTP/1.1" 401 2474
191.125.142.17 - - [07/May/2020:16:11:46 -0300] "GET /cormun/servlet/hlogin HTTP/1.1" 200 1752
195.54.160.121 - - [07/May/2020:16:11:49 -0300] "GET /manager/html HTTP/1.1" 401 2474
195.54.160.121 - - [07/May/2020:16:11:54 -0300] "GET /manager/html HTTP/1.1" 401 2474
195.54.160.121 - - [07/May/2020:16:11:59 -0300] "GET /manager/html HTTP/1.1" 401 2474
195.54.160.121 - - [07/May/2020:16:12:04 -0300] "GET /manager/html HTTP/1.1" 401 2474
195.54.160.121 - - [07/May/2020:16:12:09 -0300] "GET /manager/html HTTP/1.1" 401 2474
195.54.160.121 - - [07/May/2020:16:12:14 -0300] "GET /manager/html HTTP/1.1" 401 2474
195.54.160.121 - - [07/May/2020:16:12:20 -0300] "GET /manager/html HTTP/1.1" 401 2474
195.54.160.121 - - [07/May/2020:16:12:25 -0300] "GET /manager/html HTTP/1.1" 401 2474
195.54.160.121 - - [07/May/2020:16:12:30 -0300] "GET /manager/html HTTP/1.1" 401 2474
195.54.160.121 - - [07/May/2020:16:12:35 -0300] "GET /manager/html HTTP/1.1" 401 2474
195.54.160.121 - - [07/May/2020:16:12:40 -0300] "GET /manager/html HTTP/1.1" 401 2474
195.54.160.121 - - [07/May/2020:16:12:45 -0300] "GET /manager/html HTTP/1.1" 401 2474
195.54.160.121 - - [07/May/2020:16:12:51 -0300] "GET /manager/html HTTP/1.1" 401 2474
195.54.160.121 - - [07/May/2020:16:12:55 -0300] "GET /manager/html HTTP/1.1" 401 2474
195.54.160.121 - - [07/May/2020:16:13:01 -0300] "GET /manager/html HTTP/1.1" 401 2474
195.54.160.121 - - [07/May/2020:16:13:06 -0300] "GET /manager/html HTTP/1.1" 401 2474
195.54.160.121 - - [07/May/2020:16:13:11 -0300] "GET /manager/html HTTP/1.1" 401 2474
195.54.160.121 - - [07/May/2020:16:13:16 -0300] "GET /manager/html HTTP/1.1" 401 2474
195.54.160.121 - - [07/May/2020:16:13:22 -0300] "GET /manager/html HTTP/1.1" 401 2474
195.54.160.121 - - [07/May/2020:16:13:27 -0300] "GET /manager/html HTTP/1.1" 401 2474
195.54.160.121 - - [07/May/2020:16:13:32 -0300] "GET /manager/html HTTP/1.1" 401 2474
195.54.160.121 - - [07/May/2020:16:13:37 -0300] "GET /manager/html HTTP/1.1" 401 2474
195.54.160.121 - - [07/May/2020:16:13:43 -0300] "GET /manager/html HTTP/1.1" 401 2474
195.54.160.121 - - [07/May/2020:16:13:50 -0300] "GET /manager/html HTTP/1.1" 401 2474
195.54.160.121 - - [07/May/2020:16:13:57 -0300] "GET /manager/html HTTP/1.1" 401 2474
195.54.160.121 - - [07/May/2020:16:14:04 -0300] "GET /manager/html HTTP/1.1" 401 2474
191.126.48.236 - - [07/May/2020:16:14:07 -0300] "GET /cormun/servlet/hlogin HTTP/1.1" 200 1729
195.54.160.121 - - [07/May/2020:16:14:11 -0300] "GET /manager/html HTTP/1.1" 401 2474
195.54.160.121 - - [07/May/2020:16:14:17 -0300] "GET /manager/html HTTP/1.1" 401 2474
195.54.160.121 - - [07/May/2020:16:14:24 -0300] "GET /manager/html HTTP/1.1" 401 2474
195.54.160.121 - - [07/May/2020:16:14:30 -0300] "GET /manager/html HTTP/1.1" 401 2474
195.54.160.121 - - [07/May/2020:16:14:35 -0300] "GET /manager/html HTTP/1.1" 401 2474
195.54.160.121 - - [07/May/2020:16:14:40 -0300] "GET /manager/html HTTP/1.1" 401 2474
191.126.48.236 - - [07/May/2020:16:14:42 -0300] "POST /cormun/servlet/hlogin?1c9437d999ee6d945e67d887a350a8cd,gx-no-cache=1588874849101 HTTP/1.1" 200 90
191.126.48.236 - - [07/May/2020:16:14:42 -0300] "GET /cormun/servlet/hpexe_link HTTP/1.1" 200 975
191.126.48.236 - - [07/May/2020:16:14:44 -0300] "GET /cormun/servlet/trsolicitudot?gx-no-cache=1588874359355 HTTP/1.1" 200 8998
195.54.160.121 - - [07/May/2020:16:14:45 -0300] "GET /manager/html HTTP/1.1" 401 2474
191.126.48.236 - - [07/May/2020:16:14:47 -0300] "GET /cormun/servlet/trsolicitudot?gx-no-cache=1588874359355 HTTP/1.1" 200 9020
195.54.160.121 - - [07/May/2020:16:14:51 -0300] "GET /manager/html HTTP/1.1" 401 2474
195.54.160.121 - - [07/May/2020:16:14:56 -0300] "GET /manager/html HTTP/1.1" 401 2474
195.54.160.121 - - [07/May/2020:16:15:01 -0300] "GET /manager/html HTTP/1.1" 401 2474
195.54.160.121 - - [07/May/2020:16:15:07 -0300] "GET /manager/html HTTP/1.1" 401 2474
195.54.160.121 - - [07/May/2020:16:15:12 -0300] "GET /manager/html HTTP/1.1" 401 2474
195.54.160.121 - - [07/May/2020:16:15:17 -0300] "GET /manager/html HTTP/1.1" 401 2474
195.54.160.121 - - [07/May/2020:16:15:23 -0300] "GET /manager/html HTTP/1.1" 401 2474
195.54.160.121 - - [07/May/2020:16:15:28 -0300] "GET /manager/html HTTP/1.1" 401 2474
195.54.160.121 - - [07/May/2020:16:15:34 -0300] "GET /manager/html HTTP/1.1" 401 2474
195.54.160.121 - - [07/May/2020:16:15:40 -0300] "GET /manager/html HTTP/1.1" 401 2474
191.126.48.236 - - [07/May/2020:16:15:41 -0300] "GET /cormun/servlet/hlogin HTTP/1.1" 200 1729
195.54.160.121 - - [07/May/2020:16:15:46 -0300] "GET /manager/html HTTP/1.1" 401 2474
195.54.160.121 - - [07/May/2020:16:15:51 -0300] "GET /manager/html HTTP/1.1" 401 2474
195.54.160.121 - - [07/May/2020:16:15:57 -0300] "GET /manager/html HTTP/1.1" 401 2474
195.54.160.121 - - [07/May/2020:16:16:02 -0300] "GET /manager/html HTTP/1.1" 401 2474
195.54.160.121 - - [07/May/2020:16:16:07 -0300] "GET /manager/html HTTP/1.1" 401 2474
195.54.160.121 - - [07/May/2020:16:16:12 -0300] "GET /manager/html HTTP/1.1" 401 2474
195.54.160.121 - - [07/May/2020:16:16:17 -0300] "GET /manager/html HTTP/1.1" 401 2474
195.54.160.121 - - [07/May/2020:16:16:23 -0300] "GET /manager/html HTTP/1.1" 401 2474
195.54.160.121 - - [07/May/2020:16:16:28 -0300] "GET /manager/html HTTP/1.1" 401 2474
195.54.160.121 - - [07/May/2020:16:16:33 -0300] "GET /manager/html HTTP/1.1" 401 2474
195.54.160.121 - - [07/May/2020:16:16:38 -0300] "GET /manager/html HTTP/1.1" 401 2474
195.54.160.121 - - [07/May/2020:16:16:43 -0300] "GET /manager/html HTTP/1.1" 401 2474
195.54.160.121 - - [07/May/2020:16:16:48 -0300] "GET /manager/html HTTP/1.1" 401 2474
195.54.160.121 - - [07/May/2020:16:16:54 -0300] "GET /manager/html HTTP/1.1" 401 2474
195.54.160.121 - - [07/May/2020:16:16:59 -0300] "GET /manager/html HTTP/1.1" 401 2474
195.54.160.121 - - [07/May/2020:16:17:04 -0300] "GET /manager/html HTTP/1.1" 401 2474
195.54.160.121 - - [07/May/2020:16:17:10 -0300] "GET /manager/html HTTP/1.1" 401 2474
195.54.160.121 - - [07/May/2020:16:17:17 -0300] "GET /manager/html HTTP/1.1" 401 2474
195.54.160.121 - - [07/May/2020:16:17:23 -0300] "GET /manager/html HTTP/1.1" 401 2474
195.54.160.121 - - [07/May/2020:16:17:28 -0300] "GET /manager/html HTTP/1.1" 401 2474
195.54.160.121 - - [07/May/2020:16:17:34 -0300] "GET /manager/html HTTP/1.1" 401 2474
195.54.160.121 - - [07/May/2020:16:17:39 -0300] "GET /manager/html HTTP/1.1" 401 2474
195.54.160.121 - - [07/May/2020:16:17:44 -0300] "GET /manager/html HTTP/1.1" 401 2474
195.54.160.121 - - [07/May/2020:16:17:49 -0300] "GET /manager/html HTTP/1.1" 401 2474
195.54.160.121 - - [07/May/2020:16:17:55 -0300] "GET /manager/html HTTP/1.1" 401 2474
195.54.160.121 - - [07/May/2020:16:18:00 -0300] "GET /manager/html HTTP/1.1" 401 2474
195.54.160.121 - - [07/May/2020:16:18:05 -0300] "GET /manager/html HTTP/1.1" 401 2474
195.54.160.121 - - [07/May/2020:16:18:10 -0300] "GET /manager/html HTTP/1.1" 401 2474
195.54.160.121 - - [07/May/2020:16:18:16 -0300] "GET /manager/html HTTP/1.1" 401 2474
195.54.160.121 - - [07/May/2020:16:18:21 -0300] "GET /manager/html HTTP/1.1" 401 2474
195.54.160.121 - - [07/May/2020:16:18:26 -0300] "GET /manager/html HTTP/1.1" 401 2474
195.54.160.121 - - [07/May/2020:16:18:31 -0300] "GET /manager/html HTTP/1.1" 401 2474
195.54.160.121 - - [07/May/2020:16:18:37 -0300] "GET /manager/html HTTP/1.1" 401 2474
195.54.160.121 - - [07/May/2020:16:18:43 -0300] "GET /manager/html HTTP/1.1" 401 2474
195.54.160.121 - - [07/May/2020:16:18:48 -0300] "GET /manager/html HTTP/1.1" 401 2474
195.54.160.121 - - [07/May/2020:16:18:53 -0300] "GET /manager/html HTTP/1.1" 401 2474
195.54.160.121 - - [07/May/2020:16:18:59 -0300] "GET /manager/html HTTP/1.1" 401 2474
195.54.160.121 - - [07/May/2020:16:19:04 -0300] "GET /manager/html HTTP/1.1" 401 2474
195.54.160.121 - - [07/May/2020:16:19:09 -0300] "GET /manager/html HTTP/1.1" 401 2474
195.54.160.121 - - [07/May/2020:16:19:15 -0300] "GET /manager/html HTTP/1.1" 401 2474
195.54.160.121 - - [07/May/2020:16:19:20 -0300] "GET /manager/html HTTP/1.1" 401 2474
195.54.160.121 - - [07/May/2020:16:19:25 -0300] "GET /manager/html HTTP/1.1" 401 2474
195.54.160.121 - - [07/May/2020:16:19:32 -0300] "GET /manager/html HTTP/1.1" 401 2474
195.54.160.121 - - [07/May/2020:16:19:36 -0300] "GET /manager/html HTTP/1.1" 401 2474
195.54.160.121 - - [07/May/2020:16:19:41 -0300] "GET /manager/html HTTP/1.1" 401 2474
195.54.160.121 - - [07/May/2020:16:19:46 -0300] "GET /manager/html HTTP/1.1" 401 2474
195.54.160.121 - - [07/May/2020:16:19:52 -0300] "GET /manager/html HTTP/1.1" 401 2474
195.54.160.121 - - [07/May/2020:16:19:57 -0300] "GET /manager/html HTTP/1.1" 401 2474
195.54.160.121 - - [07/May/2020:16:20:02 -0300] "GET /manager/html HTTP/1.1" 401 2474
195.54.160.121 - - [07/May/2020:16:20:07 -0300] "GET /manager/html HTTP/1.1" 401 2474
195.54.160.121 - - [07/May/2020:16:20:12 -0300] "GET /manager/html HTTP/1.1" 401 2474
195.54.160.121 - - [07/May/2020:16:20:17 -0300] "GET /manager/html HTTP/1.1" 401 2474
195.54.160.121 - - [07/May/2020:16:20:22 -0300] "GET /manager/html HTTP/1.1" 401 2474
195.54.160.121 - - [07/May/2020:16:20:28 -0300] "GET /manager/html HTTP/1.1" 401 2474
195.54.160.121 - - [07/May/2020:16:20:33 -0300] "GET /manager/html HTTP/1.1" 401 2474
195.54.160.121 - - [07/May/2020:16:20:38 -0300] "GET /manager/html HTTP/1.1" 401 2474
195.54.160.121 - - [07/May/2020:16:20:44 -0300] "GET /manager/html HTTP/1.1" 401 2474
195.54.160.121 - - [07/May/2020:16:20:49 -0300] "GET /manager/html HTTP/1.1" 401 2474
195.54.160.121 - - [07/May/2020:16:20:55 -0300] "GET /manager/html HTTP/1.1" 401 2474
195.54.160.121 - - [07/May/2020:16:21:01 -0300] "GET /manager/html HTTP/1.1" 401 2474
195.54.160.121 - - [07/May/2020:16:21:07 -0300] "GET /manager/html HTTP/1.1" 401 2474
195.54.160.121 - - [07/May/2020:16:21:12 -0300] "GET /manager/html HTTP/1.1" 401 2474
195.54.160.121 - - [07/May/2020:16:21:18 -0300] "GET /manager/html HTTP/1.1" 401 2474
195.54.160.121 - - [07/May/2020:16:21:23 -0300] "GET /manager/html HTTP/1.1" 401 2474
195.54.160.121 - - [07/May/2020:16:21:28 -0300] "GET /manager/html HTTP/1.1" 401 2474
195.54.160.121 - - [07/May/2020:16:21:33 -0300] "GET /manager/html HTTP/1.1" 401 2474
195.54.160.121 - - [07/May/2020:16:21:39 -0300] "GET /manager/html HTTP/1.1" 401 2474
195.54.160.121 - - [07/May/2020:16:21:44 -0300] "GET /manager/html HTTP/1.1" 401 2474
195.54.160.121 - - [07/May/2020:16:21:49 -0300] "GET /manager/html HTTP/1.1" 401 2474
195.54.160.121 - - [07/May/2020:16:21:54 -0300] "GET /manager/html HTTP/1.1" 401 2474
195.54.160.121 - - [07/May/2020:16:21:59 -0300] "GET /manager/html HTTP/1.1" 401 2474
195.54.160.121 - - [07/May/2020:16:22:04 -0300] "GET /manager/html HTTP/1.1" 401 2474
195.54.160.121 - - [07/May/2020:16:22:10 -0300] "GET /manager/html HTTP/1.1" 401 2474
195.54.160.121 - - [07/May/2020:16:22:15 -0300] "GET /manager/html HTTP/1.1" 401 2474
195.54.160.121 - - [07/May/2020:16:22:20 -0300] "GET /manager/html HTTP/1.1" 401 2474
195.54.160.121 - - [07/May/2020:16:22:25 -0300] "GET /manager/html HTTP/1.1" 401 2474
195.54.160.121 - - [07/May/2020:16:22:30 -0300] "GET /manager/html HTTP/1.1" 401 2474
195.54.160.121 - - [07/May/2020:16:22:35 -0300] "GET /manager/html HTTP/1.1" 401 2474
195.54.160.121 - - [07/May/2020:16:22:41 -0300] "GET /manager/html HTTP/1.1" 401 2474
195.54.160.121 - - [07/May/2020:16:22:46 -0300] "GET /manager/html HTTP/1.1" 401 2474
195.54.160.121 - - [07/May/2020:16:22:51 -0300] "GET /manager/html HTTP/1.1" 401 2474
195.54.160.121 - - [07/May/2020:16:22:56 -0300] "GET /manager/html HTTP/1.1" 401 2474
195.54.160.121 - - [07/May/2020:16:23:02 -0300] "GET /manager/html HTTP/1.1" 401 2474
195.54.160.121 - - [07/May/2020:16:23:08 -0300] "GET /manager/html HTTP/1.1" 401 2474
195.54.160.121 - - [07/May/2020:16:23:14 -0300] "GET /manager/html HTTP/1.1" 401 2474
195.54.160.121 - - [07/May/2020:16:23:20 -0300] "GET /manager/html HTTP/1.1" 401 2474
195.54.160.121 - - [07/May/2020:16:23:27 -0300] "GET /manager/html HTTP/1.1" 401 2474
195.54.160.121 - - [07/May/2020:16:23:33 -0300] "GET /manager/html HTTP/1.1" 401 2474
195.54.160.121 - - [07/May/2020:16:23:39 -0300] "GET /manager/html HTTP/1.1" 401 2474
195.54.160.121 - - [07/May/2020:16:23:46 -0300] "GET /manager/html HTTP/1.1" 401 2474
195.54.160.121 - - [07/May/2020:16:23:52 -0300] "GET /manager/html HTTP/1.1" 401 2474
195.54.160.121 - - [07/May/2020:16:23:58 -0300] "GET /manager/html HTTP/1.1" 401 2474
195.54.160.121 - - [07/May/2020:16:24:03 -0300] "GET /manager/html HTTP/1.1" 401 2474
195.54.160.121 - - [07/May/2020:16:24:09 -0300] "GET /manager/html HTTP/1.1" 401 2474
195.54.160.121 - - [07/May/2020:16:24:14 -0300] "GET /manager/html HTTP/1.1" 401 2474
195.54.160.121 - - [07/May/2020:16:24:19 -0300] "GET /manager/html HTTP/1.1" 401 2474
195.54.160.121 - - [07/May/2020:16:24:24 -0300] "GET /manager/html HTTP/1.1" 401 2474
195.54.160.121 - - [07/May/2020:16:24:29 -0300] "GET /manager/html HTTP/1.1" 401 2474
195.54.160.121 - - [07/May/2020:16:24:38 -0300] "GET /manager/html HTTP/1.1" 401 2474
195.54.160.121 - - [07/May/2020:16:24:40 -0300] "GET /manager/html HTTP/1.1" 401 2474
195.54.160.121 - - [07/May/2020:16:24:45 -0300] "GET /manager/html HTTP/1.1" 401 2474
195.54.160.121 - - [07/May/2020:16:24:50 -0300] "GET /manager/html HTTP/1.1" 401 2474
195.54.160.121 - - [07/May/2020:16:24:55 -0300] "GET /manager/html HTTP/1.1" 401 2474
195.54.160.121 - - [07/May/2020:16:25:01 -0300] "GET /manager/html HTTP/1.1" 401 2474
