200.54.103.162 - - [27/Apr/2020:11:49:08 -0300] "GET /cormun/static/Resources/PXToolsGridPrevious.gif HTTP/1.1" 200 369
200.54.103.162 - - [27/Apr/2020:11:49:08 -0300] "GET /cormun/static/Resources/PXToolsGridFirst.gif HTTP/1.1" 200 379
5.101.0.209 - - [27/Apr/2020:11:49:12 -0300] "GET /manager/html HTTP/1.1" 401 2474
5.101.0.209 - - [27/Apr/2020:11:49:39 -0300] "GET /manager/html HTTP/1.1" 401 2474
5.101.0.209 - - [27/Apr/2020:11:50:07 -0300] "GET /manager/html HTTP/1.1" 401 2474
5.101.0.209 - - [27/Apr/2020:11:50:34 -0300] "GET /manager/html HTTP/1.1" 401 2474
5.101.0.209 - - [27/Apr/2020:11:51:02 -0300] "GET /manager/html HTTP/1.1" 401 2474
5.101.0.209 - - [27/Apr/2020:11:51:30 -0300] "GET /manager/html HTTP/1.1" 401 2474
5.101.0.209 - - [27/Apr/2020:11:51:58 -0300] "GET /manager/html HTTP/1.1" 401 2474
5.101.0.209 - - [27/Apr/2020:11:52:25 -0300] "GET /manager/html HTTP/1.1" 401 2474
5.101.0.209 - - [27/Apr/2020:11:52:52 -0300] "GET /manager/html HTTP/1.1" 401 2474
5.101.0.209 - - [27/Apr/2020:11:53:20 -0300] "GET /manager/html HTTP/1.1" 401 2474
5.101.0.209 - - [27/Apr/2020:11:53:48 -0300] "GET /manager/html HTTP/1.1" 401 2474
190.171.141.90 - - [27/Apr/2020:11:53:48 -0300] "GET /cormun/servlet/trsolicitudot? HTTP/1.1" 200 7185
190.171.141.90 - - [27/Apr/2020:11:53:49 -0300] "GET /cormun/static/gxcfg.js?201991910464971 HTTP/1.1" 200 953
200.54.246.54 - - [27/Apr/2020:11:53:49 -0300] "GET /cormun/static/Resources/PXTools/ClosePrompt.png HTTP/1.1" 304 -
190.171.141.90 - - [27/Apr/2020:11:53:49 -0300] "GET /cormun/static/trsolicitudot.js?201991910465845 HTTP/1.1" 200 54041
190.171.141.90 - - [27/Apr/2020:11:53:49 -0300] "GET /cormun/servlet/trsolicitudot? HTTP/1.1" 200 7177
200.54.246.54 - - [27/Apr/2020:11:53:50 -0300] "GET /cormun/servlet/prbanco?,MD,,gxPopupLevel%3D0%3B HTTP/1.1" 200 6653
200.54.246.54 - - [27/Apr/2020:11:53:50 -0300] "GET /cormun/static/gxcfg.js?20201216131581 HTTP/1.1" 304 -
200.54.246.54 - - [27/Apr/2020:11:53:50 -0300] "GET /cormun/static/menusearch.js?20201214473581 HTTP/1.1" 304 -
200.54.246.54 - - [27/Apr/2020:11:53:50 -0300] "GET /cormun/static/prbanco.js?20201216132311 HTTP/1.1" 304 -
200.54.246.54 - - [27/Apr/2020:11:53:50 -0300] "GET /cormun/static/hmpwkw011.js?20201215495555 HTTP/1.1" 304 -
190.171.141.90 - - [27/Apr/2020:11:53:54 -0300] "POST /cormun/servlet/trsolicitudot?3945ff7edd2801bcc00df77b35c7e741,,gx-no-cache=1587998803466 HTTP/1.1" 200 4353
5.101.0.209 - - [27/Apr/2020:11:54:15 -0300] "GET /manager/html HTTP/1.1" 401 2474
200.54.246.54 - - [27/Apr/2020:11:54:25 -0300] "GET /cormun/servlet/solicitudot?ab680b15cd73f436e6c6b6b79ae0e7b6e631fdb9b3c67159dc4fb1e8580e461e37bde479d492d6b849c9cbc075bb0c6fc7ccfb8cac7dd25b4a53bed34223cd25,gx-no-cache=1587998834736 HTTP/1.1" 200 30
200.54.246.54 - - [27/Apr/2020:11:54:32 -0300] "GET /cormun/servlet/solicitudot?ab680b15cd73f436e6c6b6b79ae0e7b62f4f5ab72c3cbc978d15ff8a4898239e,gx-no-cache=1587998842459 HTTP/1.1" 200 55
5.101.0.209 - - [27/Apr/2020:11:54:43 -0300] "GET /manager/html HTTP/1.1" 401 2474
200.54.246.54 - - [27/Apr/2020:11:54:56 -0300] "POST /cormun/servlet/solicitudot?gx-no-cache=1587998866380 HTTP/1.1" 200 240
200.54.246.54 - - [27/Apr/2020:11:55:02 -0300] "GET /cormun/servlet/solicitudot?ab680b15cd73f436e6c6b6b79ae0e7b617f079ca5f395a695ee866c2becda51d2142213da9683020318a9fb42fa31cffca0dbc2f7f17ced58c4a047a70e97c232d06734a926a157a1b870d0eae0647143d1a5fc8aaae17b7168cf4b80a077cebe02b541940a018dfca022d06cdb81fefefac66eaafb07ac0ae67c8fd0b7ad780f6987aadde0d397db61d05131ddff3eb3488d10ca55f2e1b45d0b1f9e6222ff0c3d6157f08892f8b00281267bc107a856c39076c01a7ecfc9578201651b5fb8c181f222466dd96f50f4ca4bd0dccde5f428f2673e0c3eb4e85c4bb093a67c5099d5f8716932db206a71f21bceb9277e8c2e027febeb900fca97d030e41a52e511d1be5d067bfadaed34b7b6696544474e8f1c125e6f6313f5c57770cf8c49d613d5ab23e88d14ecd03286b00b73859d0c2f1d740c58afa2717e99cf7ba5ad2d33350a8b72f34fe65488b78144661fc5c29c06714308b805a70ebdf5382d2048617a5a556cd3b6dbffb8407614acec2e62138fb25a610785bda7ca1c76e393794,gx-no-cache=1587998872623 HTTP/1.1" 200 30
200.54.246.54 - - [27/Apr/2020:11:55:09 -0300] "POST /cormun/servlet/solicitudot?gx-no-cache=1587998879683 HTTP/1.1" 200 30
5.101.0.209 - - [27/Apr/2020:11:55:10 -0300] "GET /manager/html HTTP/1.1" 401 2474
5.101.0.209 - - [27/Apr/2020:11:55:40 -0300] "GET /manager/html HTTP/1.1" 401 2474
200.54.246.54 - - [27/Apr/2020:11:55:41 -0300] "POST /cormun/servlet/solicitudot?gx-no-cache=1587998910734 HTTP/1.1" 200 1391
200.54.246.54 - - [27/Apr/2020:11:55:45 -0300] "GET /cormun/static/menuarrow.gif HTTP/1.1" 404 1015
200.54.246.54 - - [27/Apr/2020:11:55:53 -0300] "POST /cormun/servlet/solicitudot?gx-no-cache=1587998922910 HTTP/1.1" 200 41
5.101.0.209 - - [27/Apr/2020:11:56:11 -0300] "GET /manager/html HTTP/1.1" 401 2474
186.67.172.234 - - [27/Apr/2020:11:56:40 -0300] "GET /cormun/servlet/solicitudot?ab680b15cd73f436e6c6b6b79ae0e7b6fc60867dbe9dbe3f0c403aecd3ffdf8588f5cd4b12e43915f768ae290933e3e32f3e898fe9ea9a2165b42187f6646cd2a28f080daa2ce6d5e79555b61ebefad243983f2597af3fd4eb07590eb3eb9d6338af5f372785743a1712d7da4b076ed0,gx-no-cache=1587998970188 HTTP/1.1" 200 110
186.67.172.234 - - [27/Apr/2020:11:56:40 -0300] "POST /cormun/servlet/solicitudot?gx-no-cache=1587998970452 HTTP/1.1" 200 97
5.101.0.209 - - [27/Apr/2020:11:56:41 -0300] "GET /manager/html HTTP/1.1" 401 2474
186.67.172.234 - - [27/Apr/2020:11:56:48 -0300] "GET /cormun/servlet/solicitudot?ab680b15cd73f436e6c6b6b79ae0e7b6733e8f7bd3b1f10bad56b5212c4c7ba609e2a3bc2dbab35c37a01e8ec2fb0439dc2f354811efb6ff9b41b93eeac321177f083cdcdd03b9659b110260929eca8ff39d5711de35613b47c23bb70174c34f7271d71896d58a60dc36abd18663156d,gx-no-cache=1587998977627 HTTP/1.1" 200 29
186.67.172.234 - - [27/Apr/2020:11:56:56 -0300] "GET /cormun/servlet/solicitudot?ab680b15cd73f436e6c6b6b79ae0e7b6a19fc0a78b3f3d12791c9f2e5a89c0f60a093a8b183f0d8a4681ceb43b672ad1,gx-no-cache=1587998986387 HTTP/1.1" 200 30
186.67.172.234 - - [27/Apr/2020:11:56:56 -0300] "POST /cormun/servlet/solicitudot?gx-no-cache=1587998986527 HTTP/1.1" 200 34
186.67.172.234 - - [27/Apr/2020:11:57:05 -0300] "POST /cormun/servlet/solicitudot?995c162a4f5c3dfa1ea5667b34704623,INS,0,0,false,,gx-no-cache=1587998994585 HTTP/1.1" 200 93
186.67.172.234 - - [27/Apr/2020:11:57:06 -0300] "GET /cormun/servlet/hpexe_return? HTTP/1.1" 200 1015
186.67.172.234 - - [27/Apr/2020:11:57:06 -0300] "GET /cormun/static/hpexe_return.js?201991422392984 HTTP/1.1" 304 -
186.67.172.234 - - [27/Apr/2020:11:57:06 -0300] "GET /cormun/static/gxcfg.js?201991422392976 HTTP/1.1" 304 -
186.67.172.234 - - [27/Apr/2020:11:57:06 -0300] "GET /cormun/servlet/trsolicitudot HTTP/1.1" 200 9018
5.101.0.209 - - [27/Apr/2020:11:57:07 -0300] "GET /manager/html HTTP/1.1" 401 2474
186.67.172.234 - - [27/Apr/2020:11:57:07 -0300] "GET /cormun//static/Resources/PXToolsActionView.png HTTP/1.1" 304 -
186.67.172.234 - - [27/Apr/2020:11:57:07 -0300] "GET /cormun//static/Resources/PXToolsGridDelete.png HTTP/1.1" 200 538
186.67.172.234 - - [27/Apr/2020:11:57:07 -0300] "GET /cormun//static/Resources/PXToolsGridUpdate.png HTTP/1.1" 200 470
186.67.172.234 - - [27/Apr/2020:11:57:07 -0300] "GET /cormun//static/Resources/PXToolsRemoveAllAction.png HTTP/1.1" 304 -
186.67.172.234 - - [27/Apr/2020:11:57:07 -0300] "GET /cormun/servlet/trsolicitudot HTTP/1.1" 200 9016
186.67.172.234 - - [27/Apr/2020:11:57:22 -0300] "POST /cormun/servlet/trsolicitudot?995c162a4f5c3dfa1ea5667b34704623,gx-no-cache=1587999012005 HTTP/1.1" 200 4865
186.67.172.234 - - [27/Apr/2020:11:57:22 -0300] "GET /cormun/static/Shared/jqueryui/images/ui-icons_82798d_256x240.png HTTP/1.1" 404 1089
186.67.172.234 - - [27/Apr/2020:11:57:22 -0300] "GET /cormun/static/Shared/jqueryui/images/ui-bg_highlight-soft_100_c6c2c8_1x100.png HTTP/1.1" 404 1117
186.67.172.234 - - [27/Apr/2020:11:57:22 -0300] "GET /cormun/static/Shared/jqueryui/images/ui-icons_8d78a5_256x240.png HTTP/1.1" 404 1089
186.67.172.234 - - [27/Apr/2020:11:57:22 -0300] "GET /cormun/static/Shared/jqueryui/images/ui-bg_flat_55_fafafa_40x100.png HTTP/1.1" 404 1097
186.67.172.234 - - [27/Apr/2020:11:57:22 -0300] "POST /cormun/servlet/trsolicitudot?995c162a4f5c3dfa1ea5667b34704623,gx-no-cache=1587999012414 HTTP/1.1" 200 4617
186.67.172.234 - - [27/Apr/2020:11:57:30 -0300] "GET /cormun/servlet/trlicencias? HTTP/1.1" 200 10189
186.67.172.234 - - [27/Apr/2020:11:57:30 -0300] "GET /cormun/servlet/trlicencias? HTTP/1.1" 200 10188
5.101.0.209 - - [27/Apr/2020:11:57:34 -0300] "GET /manager/html HTTP/1.1" 401 2474
186.67.172.234 - - [27/Apr/2020:11:57:38 -0300] "POST /cormun/servlet/trlicencias?995c162a4f5c3dfa1ea5667b34704623,,gx-no-cache=1587999028254 HTTP/1.1" 200 101
186.67.172.234 - - [27/Apr/2020:11:57:38 -0300] "GET /cormun/Licencias-8104.xls HTTP/1.1" 200 6656
5.101.0.209 - - [27/Apr/2020:11:58:02 -0300] "GET /manager/html HTTP/1.1" 401 2474
5.101.0.209 - - [27/Apr/2020:11:58:29 -0300] "GET /manager/html HTTP/1.1" 401 2474
190.171.142.42 - - [27/Apr/2020:11:58:55 -0300] "GET /cormun/servlet/licenciaspermisos?d70303a7c500f5566f1639772e28d347c7d3a206613b4b7da24c7ecd0a5210fdbbea7acb1a97ea28e06eddb1665c94b7627ac025f9c566f5981dc3b351e56e51402b9df1aa6c7b3051a01936893f43c18da5f9d3c720df37969ceef10bf683c2505a4585ec32d23b98c00c3c2bbd715c2431ae84b0025d66213a75635b0051fb664cea96c57c77dafde79938c60c8e5e9f631a545af16b0064f36bb3776703ae9b5f87dea1000cc404878872ac5f27266ca2b6ec49eeacb424f22938518e544741d993e5a0271997a53a14f76a2c51734b10bf0d6c25a7504d39259f2eb4e110,gx-no-cache=1587999105130 HTTP/1.1" 440 972
5.101.0.209 - - [27/Apr/2020:11:58:57 -0300] "GET /manager/html HTTP/1.1" 401 2474
190.171.142.42 - - [27/Apr/2020:11:59:01 -0300] "GET /cormun/servlet/licenciaspermisos?d70303a7c500f5566f1639772e28d347b665b335d5f1b528e1163af77dd656846ebcc3a026b5b5dcb1f2344255b0f309d313188269b77f147b8edec1b73c96e32cf2c1d48c235422ed1721b6750e8a3c6c125fc8666ae2f8a4429f169cb5171a5602ceb75b5f58a1d3a305d7b816e5b7a5a410a6f57f241cbb8a9cbaeb4ed68e0e7b7e0886ffca3a514695a135740552d3865651d3270d1d93cce3c9f4bf5e1b7801e5152d93dd68c836aa926280000c8fdd2584b25194f1ab6a318c6d982d69c103b4cd720084c68d8874462c16ec61af0c163005f3dad12a9a79b97051c0a8,gx-no-cache=1587999111487 HTTP/1.1" 440 972
190.171.142.42 - - [27/Apr/2020:11:59:01 -0300] "GET /cormun/servlet/licenciaspermisos?INS,0,,, HTTP/1.1" 200 6704
190.171.142.42 - - [27/Apr/2020:11:59:02 -0300] "POST /cormun/servlet/licenciaspermisos?7f7d8aac587a16316a7c2f29ab0e595a,INS,0,,,,gx-no-cache=1587999112761 HTTP/1.1" 440 972
190.171.142.42 - - [27/Apr/2020:11:59:02 -0300] "GET /cormun/servlet/licenciaspermisos?INS,0,,, HTTP/1.1" 200 6704
190.171.142.42 - - [27/Apr/2020:11:59:04 -0300] "GET /cormun/servlet/licenciaspermisos?INS,0,,, HTTP/1.1" 200 6704
190.171.142.42 - - [27/Apr/2020:11:59:04 -0300] "GET /cormun/servlet/hlogin HTTP/1.1" 200 1749
190.171.142.42 - - [27/Apr/2020:11:59:04 -0300] "GET /cormun/servlet/licenciaspermisos?INS,0,,, HTTP/1.1" 200 6704
5.101.0.209 - - [27/Apr/2020:11:59:24 -0300] "GET /manager/html HTTP/1.1" 401 2474
190.171.142.42 - - [27/Apr/2020:11:59:24 -0300] "POST /cormun/servlet/hlogin?1bbc7eedf4ecb81fe67ac5815b861261,gx-no-cache=1587999134341 HTTP/1.1" 200 90
190.171.142.42 - - [27/Apr/2020:11:59:24 -0300] "GET /cormun/servlet/hpexe_link HTTP/1.1" 200 965
190.171.142.42 - - [27/Apr/2020:11:59:24 -0300] "GET /cormun/static/hpexe_link.js?201991422392963 HTTP/1.1" 200 625
190.171.142.42 - - [27/Apr/2020:11:59:24 -0300] "GET /cormun/servlet/licenciaspermisos?INS,0,,, HTTP/1.1" 200 7545
190.171.142.42 - - [27/Apr/2020:11:59:25 -0300] "GET /cormun/servlet/licenciaspermisos?INS,0,,, HTTP/1.1" 200 7552
190.171.142.42 - - [27/Apr/2020:11:59:46 -0300] "GET /cormun/servlet/licenciaspermisos?ca691cecf9f005b89cc72f5732708558425d9c3737c7a372afe1f0630b053663bca7939f0df51326157511d00c2fa42b,gx-no-cache=1587999156383 HTTP/1.1" 200 78
190.171.142.42 - - [27/Apr/2020:11:59:46 -0300] "POST /cormun/servlet/licenciaspermisos?1bbc7eedf4ecb81fe67ac5815b861261,INS,0,,,,gx-no-cache=1587999156506 HTTP/1.1" 200 4828
5.101.0.209 - - [27/Apr/2020:11:59:51 -0300] "GET /manager/html HTTP/1.1" 401 2474
190.171.142.42 - - [27/Apr/2020:12:00:13 -0300] "GET /cormun/static/menuarrow.gif HTTP/1.1" 404 1015
5.101.0.209 - - [27/Apr/2020:12:00:20 -0300] "GET /manager/html HTTP/1.1" 401 2474
5.101.0.209 - - [27/Apr/2020:12:00:47 -0300] "GET /manager/html HTTP/1.1" 401 2474
190.171.142.42 - - [27/Apr/2020:12:01:19 -0300] "GET /cormun/servlet/licenciaspermisos?ca691cecf9f005b89cc72f57327085584269b13b5652c938f2471f346d55a6b2d7a657406b461ac3400391b4942dc7db60a5f44d9f3bdee331b74406a3ad260b5df13ed71fb8afdf952f05375634bbe4f71043b1110b1c036614a324abf6d7cb616cb66124ac28f2479db111ecb06ebc67e13146e010206613137c5790bb076d3001657debde08b7f25fd034192e1355c8d3c898725ec75b057ba2c8a01bf8758bcb270941fccdd903f86b2882c2a601426f2e3ce86cbef7915ae609aedc169f1481c55a73cf2506498d773999a75ed12d4ff6e077d9fa59633f61264f39edd8,gx-no-cache=1587999248961 HTTP/1.1" 200 30
190.171.142.42 - - [27/Apr/2020:12:01:19 -0300] "GET /cormun/servlet/licenciaspermisos?ca691cecf9f005b89cc72f5732708558e125af7295010a4805abf9f71f8c0a912a2fd5fcbf0a5fcc71427e54e64ef5fadd26659d6578561c25ea05b4ae60b455afd7a0b4a0ea6e0453eedff0bac3b58dcae2c8cc0bb7e3c0c7bc7eba829ce397eaba9acab06e2e4b5703a4c2b77a35b13c481d1d00723c95a7de6be383cf0a2b2b4f10d1a5e90150e3d36afa98b0e8b5cf8ac5f0a642ac97e2a8f34723579bb808684a45b71ae1b43741efec2268cf76b48a6253227c1865d4b5b08997312c147b2f229a5023246377ba93b56de9f8f0e2f0d9f6606b00f766973ab785f7bdf1,gx-no-cache=1587999249022 HTTP/1.1" 200 29
190.171.142.42 - - [27/Apr/2020:12:01:19 -0300] "POST /cormun/servlet/licenciaspermisos?1bbc7eedf4ecb81fe67ac5815b861261,INS,0,,,,gx-no-cache=1587999249053 HTTP/1.1" 200 5012
190.171.142.42 - - [27/Apr/2020:12:01:19 -0300] "GET /cormun/static/Shared/jqueryui/images/ui-bg_highlight-soft_100_c6c2c8_1x100.png HTTP/1.1" 404 1117
190.171.142.42 - - [27/Apr/2020:12:01:19 -0300] "GET /cormun/static/Shared/jqueryui/images/ui-bg_flat_55_994d53_40x100.png HTTP/1.1" 404 1097
190.171.142.42 - - [27/Apr/2020:12:01:19 -0300] "GET /cormun/static/Shared/jqueryui/images/ui-icons_82798d_256x240.png HTTP/1.1" 404 1089
190.171.142.42 - - [27/Apr/2020:12:01:19 -0300] "GET /cormun/static/Shared/jqueryui/images/ui-icons_ebccce_256x240.png HTTP/1.1" 404 1089
5.101.0.209 - - [27/Apr/2020:12:01:23 -0300] "GET /manager/html HTTP/1.1" 401 2474
190.171.142.42 - - [27/Apr/2020:12:01:26 -0300] "GET /cormun/servlet/licenciaspermisos?ca691cecf9f005b89cc72f57327085584269b13b5652c938f2471f346d55a6b2d7a657406b461ac3400391b4942dc7db60a5f44d9f3bdee331b74406a3ad260b5df13ed71fb8afdf952f05375634bbe4f71043b1110b1c036614a324abf6d7cb616cb66124ac28f2479db111ecb06ebc67e13146e010206613137c5790bb076d3001657debde08b7f25fd034192e1355c8d3c898725ec75b057ba2c8a01bf8758bcb270941fccdd903f86b2882c2a601426f2e3ce86cbef7915ae609aedc169f1481c55a73cf2506498d773999a75ed12d4ff6e077d9fa59633f61264f39edd8,gx-no-cache=1587999256694 HTTP/1.1" 200 30
190.171.142.42 - - [27/Apr/2020:12:01:26 -0300] "GET /cormun/servlet/licenciaspermisos?ca691cecf9f005b89cc72f5732708558e125af7295010a4805abf9f71f8c0a912a2fd5fcbf0a5fcc71427e54e64ef5fadd26659d6578561c25ea05b4ae60b455afd7a0b4a0ea6e0453eedff0bac3b58dcae2c8cc0bb7e3c0c7bc7eba829ce397eaba9acab06e2e4b5703a4c2b77a35b13c481d1d00723c95a7de6be383cf0a2b2b4f10d1a5e90150e3d36afa98b0e8b5cf8ac5f0a642ac97e2a8f34723579bb808684a45b71ae1b43741efec2268cf76b48a6253227c1865d4b5b08997312c147b2f229a5023246377ba93b56de9f8f0e2f0d9f6606b00f766973ab785f7bdf1,gx-no-cache=1587999256721 HTTP/1.1" 200 29
190.171.142.42 - - [27/Apr/2020:12:01:27 -0300] "POST /cormun/servlet/licenciaspermisos?1bbc7eedf4ecb81fe67ac5815b861261,INS,0,,,,gx-no-cache=1587999256752 HTTP/1.1" 200 93
190.171.142.42 - - [27/Apr/2020:12:01:27 -0300] "GET /cormun/servlet/hpexe_return? HTTP/1.1" 200 1008
190.171.142.42 - - [27/Apr/2020:12:01:27 -0300] "GET /cormun/static/gxcfg.js?201991422392976 HTTP/1.1" 200 953
190.171.142.42 - - [27/Apr/2020:12:01:27 -0300] "GET /cormun/static/hpexe_return.js?201991422392984 HTTP/1.1" 200 1633
190.171.142.42 - - [27/Apr/2020:12:01:28 -0300] "GET /cormun/servlet/hhome HTTP/1.1" 200 4117
190.171.142.42 - - [27/Apr/2020:12:01:28 -0300] "GET /cormun/servlet/hhome HTTP/1.1" 200 4111
5.101.0.209 - - [27/Apr/2020:12:02:05 -0300] "GET /manager/html HTTP/1.1" 401 2474
5.101.0.209 - - [27/Apr/2020:12:02:34 -0300] "GET /manager/html HTTP/1.1" 401 2474
5.101.0.209 - - [27/Apr/2020:12:03:02 -0300] "GET /manager/html HTTP/1.1" 401 2474
5.101.0.209 - - [27/Apr/2020:12:03:30 -0300] "GET /manager/html HTTP/1.1" 401 2474
5.101.0.209 - - [27/Apr/2020:12:03:59 -0300] "GET /manager/html HTTP/1.1" 401 2474
5.101.0.209 - - [27/Apr/2020:12:04:40 -0300] "GET /manager/html HTTP/1.1" 401 2474
190.171.142.42 - - [27/Apr/2020:12:05:08 -0300] "GET /cormun/servlet/trlicencias? HTTP/1.1" 200 9240
190.171.142.42 - - [27/Apr/2020:12:05:08 -0300] "GET /cormun//static/Resources/PXToolsGridUpdate.png HTTP/1.1" 200 470
190.171.142.42 - - [27/Apr/2020:12:05:08 -0300] "GET /cormun//static/Resources/PXToolsGridDelete.png HTTP/1.1" 200 538
190.171.142.42 - - [27/Apr/2020:12:05:08 -0300] "GET /cormun/servlet/trlicencias? HTTP/1.1" 200 9237
5.101.0.209 - - [27/Apr/2020:12:05:16 -0300] "GET /manager/html HTTP/1.1" 401 2474
190.171.142.42 - - [27/Apr/2020:12:05:20 -0300] "GET /cormun/servlet/trlicenciaspermisosadjuntos?11151210,20200427000000,L, HTTP/1.1" 200 6466
190.171.142.42 - - [27/Apr/2020:12:05:20 -0300] "GET /cormun/static/gxcfg.js?201991422445549 HTTP/1.1" 200 953
190.171.142.42 - - [27/Apr/2020:12:05:20 -0300] "GET /cormun/static/gxui/gxui-all.css?110300 HTTP/1.1" 200 2179
190.171.142.42 - - [27/Apr/2020:12:05:20 -0300] "GET /cormun/static/calendar-system.css?75620 HTTP/1.1" 200 5572
190.171.142.42 - - [27/Apr/2020:12:05:20 -0300] "GET /cormun/static/trlicenciaspermisosadjuntos.js?20199142244593 HTTP/1.1" 200 21036
190.171.142.42 - - [27/Apr/2020:12:05:20 -0300] "GET /cormun/static/Shared/ext/resources/css/ext-all.css?205870 HTTP/1.1" 200 416045
190.171.142.42 - - [27/Apr/2020:12:05:21 -0300] "GET /cormun/servlet/trlicenciaspermisosadjuntos?11151210,20200427000000,L, HTTP/1.1" 200 6466
190.171.142.42 - - [27/Apr/2020:12:05:25 -0300] "GET /cormun/servlet/licenciaspermisosadjuntos?INS,11151210,L,20200427000000,, HTTP/1.1" 200 5761
190.171.142.42 - - [27/Apr/2020:12:05:25 -0300] "GET /cormun/static/gxcfg.js?20201215114875 HTTP/1.1" 200 953
190.171.142.42 - - [27/Apr/2020:12:05:25 -0300] "GET /cormun/static/licenciaspermisosadjuntos.js?20201215114932 HTTP/1.1" 200 8760
190.171.142.42 - - [27/Apr/2020:12:05:25 -0300] "GET /cormun/static/about:blank HTTP/1.1" 404 1011
190.171.142.42 - - [27/Apr/2020:12:05:25 -0300] "GET /cormun/servlet/licenciaspermisosadjuntos?INS,11151210,L,20200427000000,, HTTP/1.1" 200 5750
5.101.0.209 - - [27/Apr/2020:12:05:45 -0300] "GET /manager/html HTTP/1.1" 401 2474
5.101.0.209 - - [27/Apr/2020:12:06:13 -0300] "GET /manager/html HTTP/1.1" 401 2474
5.101.0.209 - - [27/Apr/2020:12:06:41 -0300] "GET /manager/html HTTP/1.1" 401 2474
5.101.0.209 - - [27/Apr/2020:12:07:09 -0300] "GET /manager/html HTTP/1.1" 401 2474
5.101.0.209 - - [27/Apr/2020:12:07:37 -0300] "GET /manager/html HTTP/1.1" 401 2474
5.101.0.209 - - [27/Apr/2020:12:08:05 -0300] "GET /manager/html HTTP/1.1" 401 2474
5.101.0.209 - - [27/Apr/2020:12:08:40 -0300] "GET /manager/html HTTP/1.1" 401 2474
5.101.0.209 - - [27/Apr/2020:12:09:13 -0300] "GET /manager/html HTTP/1.1" 401 2474
5.101.0.209 - - [27/Apr/2020:12:09:41 -0300] "GET /manager/html HTTP/1.1" 401 2474
5.101.0.209 - - [27/Apr/2020:12:10:09 -0300] "GET /manager/html HTTP/1.1" 401 2474
5.101.0.209 - - [27/Apr/2020:12:10:37 -0300] "GET /manager/html HTTP/1.1" 401 2474
5.101.0.209 - - [27/Apr/2020:12:11:06 -0300] "GET /manager/html HTTP/1.1" 401 2474
186.67.172.234 - - [27/Apr/2020:12:11:06 -0300] "GET /cormun/servlet/hlogin HTTP/1.1" 200 1749
186.67.172.234 - - [27/Apr/2020:12:11:16 -0300] "POST /cormun/servlet/hlogin?995c162a4f5c3dfa1ea5667b34704623,gx-no-cache=1587999845924 HTTP/1.1" 200 90
186.67.172.234 - - [27/Apr/2020:12:11:16 -0300] "GET /cormun/servlet/hpexe_link HTTP/1.1" 200 963
186.67.172.234 - - [27/Apr/2020:12:11:16 -0300] "GET /cormun/servlet/trlicencias HTTP/1.1" 200 10190
186.67.172.234 - - [27/Apr/2020:12:11:17 -0300] "GET /cormun/servlet/trlicencias HTTP/1.1" 200 10188
186.67.172.234 - - [27/Apr/2020:12:11:21 -0300] "GET /cormun/servlet/trautorizarsolicitud? HTTP/1.1" 200 8898
186.67.172.234 - - [27/Apr/2020:12:11:21 -0300] "GET /cormun/static/gxcfg.js?201991422414522 HTTP/1.1" 304 -
186.67.172.234 - - [27/Apr/2020:12:11:21 -0300] "GET /cormun/static/trautorizarsolicitud.js?201991422415463 HTTP/1.1" 304 -
186.67.172.234 - - [27/Apr/2020:12:11:21 -0300] "GET /cormun/servlet/trautorizarsolicitud? HTTP/1.1" 200 8899
186.67.172.234 - - [27/Apr/2020:12:11:28 -0300] "POST /cormun/servlet/trautorizarsolicitud?995c162a4f5c3dfa1ea5667b34704623,,gx-no-cache=1587999857856 HTTP/1.1" 200 4786
186.67.172.234 - - [27/Apr/2020:12:11:28 -0300] "GET /cormun/static/Shared/jqueryui/images/ui-bg_highlight-soft_100_c6c2c8_1x100.png HTTP/1.1" 404 1117
186.67.172.234 - - [27/Apr/2020:12:11:28 -0300] "GET /cormun/static/Shared/jqueryui/images/ui-bg_flat_55_fafafa_40x100.png HTTP/1.1" 404 1097
186.67.172.234 - - [27/Apr/2020:12:11:28 -0300] "GET /cormun/static/Shared/jqueryui/images/ui-icons_8d78a5_256x240.png HTTP/1.1" 404 1089
186.67.172.234 - - [27/Apr/2020:12:11:28 -0300] "GET /cormun/static/Shared/jqueryui/images/ui-icons_82798d_256x240.png HTTP/1.1" 404 1089
186.67.172.234 - - [27/Apr/2020:12:11:28 -0300] "POST /cormun/servlet/trautorizarsolicitud?995c162a4f5c3dfa1ea5667b34704623,,gx-no-cache=1587999858136 HTTP/1.1" 200 4538
5.101.0.209 - - [27/Apr/2020:12:11:34 -0300] "GET /manager/html HTTP/1.1" 401 2474
186.67.172.234 - - [27/Apr/2020:12:11:39 -0300] "GET /cormun/servlet/trlicencias? HTTP/1.1" 200 10189
186.67.172.234 - - [27/Apr/2020:12:11:40 -0300] "GET /cormun/servlet/trlicencias? HTTP/1.1" 200 10188
186.67.172.234 - - [27/Apr/2020:12:11:43 -0300] "GET /cormun/servlet/hlogin HTTP/1.1" 200 1749
5.101.0.209 - - [27/Apr/2020:12:12:02 -0300] "GET /manager/html HTTP/1.1" 401 2474
5.101.0.209 - - [27/Apr/2020:12:12:29 -0300] "GET /manager/html HTTP/1.1" 401 2474
5.101.0.209 - - [27/Apr/2020:12:12:57 -0300] "GET /manager/html HTTP/1.1" 401 2474
5.101.0.209 - - [27/Apr/2020:12:13:25 -0300] "GET /manager/html HTTP/1.1" 401 2474
5.101.0.209 - - [27/Apr/2020:12:13:52 -0300] "GET /manager/html HTTP/1.1" 401 2474
5.101.0.209 - - [27/Apr/2020:12:14:20 -0300] "GET /manager/html HTTP/1.1" 401 2474
5.101.0.209 - - [27/Apr/2020:12:14:48 -0300] "GET /manager/html HTTP/1.1" 401 2474
5.101.0.209 - - [27/Apr/2020:12:15:16 -0300] "GET /manager/html HTTP/1.1" 401 2474
5.101.0.209 - - [27/Apr/2020:12:15:43 -0300] "GET /manager/html HTTP/1.1" 401 2474
5.101.0.209 - - [27/Apr/2020:12:16:12 -0300] "GET /manager/html HTTP/1.1" 401 2474
5.101.0.209 - - [27/Apr/2020:12:16:40 -0300] "GET /manager/html HTTP/1.1" 401 2474
5.101.0.209 - - [27/Apr/2020:12:17:07 -0300] "GET /manager/html HTTP/1.1" 401 2474
5.101.0.209 - - [27/Apr/2020:12:17:35 -0300] "GET /manager/html HTTP/1.1" 401 2474
5.101.0.209 - - [27/Apr/2020:12:18:04 -0300] "GET /manager/html HTTP/1.1" 401 2474
5.101.0.209 - - [27/Apr/2020:12:18:32 -0300] "GET /manager/html HTTP/1.1" 401 2474
5.101.0.209 - - [27/Apr/2020:12:18:59 -0300] "GET /manager/html HTTP/1.1" 401 2474
190.171.142.42 - - [27/Apr/2020:12:19:08 -0300] "POST /cormun/servlet/licenciaspermisosadjuntos?1bbc7eedf4ecb81fe67ac5815b861261,INS,11151210,L,20200427000000,, HTTP/1.1" 200 116
190.171.142.42 - - [27/Apr/2020:12:19:08 -0300] "GET /cormun/servlet/hpexe_return? HTTP/1.1" 200 1039
190.171.142.42 - - [27/Apr/2020:12:19:08 -0300] "GET /cormun/servlet/trlicenciaspermisosadjuntos?11151210,20200427000000,L, HTTP/1.1" 200 6999
190.171.142.42 - - [27/Apr/2020:12:19:08 -0300] "GET /cormun/servlet/trlicenciaspermisosadjuntos?11151210,20200427000000,L, HTTP/1.1" 200 6997
5.101.0.209 - - [27/Apr/2020:12:19:27 -0300] "GET /manager/html HTTP/1.1" 401 2474
190.171.142.42 - - [27/Apr/2020:12:19:29 -0300] "POST /cormun/servlet/acontrolpreferencessavestate?None,JHERNANDEZ,true HTTP/1.1" 200 35
190.171.142.42 - - [27/Apr/2020:12:19:30 -0300] "POST /cormun/servlet/acontrolpreferencessavestate?None,JHERNANDEZ,true HTTP/1.1" 200 35
190.171.142.42 - - [27/Apr/2020:12:19:32 -0300] "GET /cormun/servlet/licenciaspermisosadjuntos?INS,11151210,L,20200427000000,, HTTP/1.1" 200 5760
190.171.142.42 - - [27/Apr/2020:12:19:32 -0300] "GET /cormun/static/about:blank HTTP/1.1" 404 1011
190.171.142.42 - - [27/Apr/2020:12:19:32 -0300] "GET /cormun/servlet/licenciaspermisosadjuntos?INS,11151210,L,20200427000000,, HTTP/1.1" 200 5749
190.171.142.42 - - [27/Apr/2020:12:19:34 -0300] "POST /cormun/servlet/licenciaspermisosadjuntos?1bbc7eedf4ecb81fe67ac5815b861261,INS,11151210,L,20200427000000,,,gx-no-cache=1588000343991 HTTP/1.1" 200 93
190.171.142.42 - - [27/Apr/2020:12:19:34 -0300] "GET /cormun/servlet/hpexe_return? HTTP/1.1" 200 1039
190.171.142.42 - - [27/Apr/2020:12:19:34 -0300] "GET /cormun/servlet/trlicenciaspermisosadjuntos?11151210,20200427000000,L, HTTP/1.1" 200 6998
190.171.142.42 - - [27/Apr/2020:12:19:35 -0300] "GET /cormun/servlet/trlicenciaspermisosadjuntos?11151210,20200427000000,L, HTTP/1.1" 200 6996
190.171.142.42 - - [27/Apr/2020:12:19:44 -0300] "GET /cormun/servlet/trlicencias? HTTP/1.1" 200 9238
190.171.142.42 - - [27/Apr/2020:12:19:45 -0300] "GET /cormun/servlet/trlicencias? HTTP/1.1" 200 9237
5.101.0.209 - - [27/Apr/2020:12:19:55 -0300] "GET /manager/html HTTP/1.1" 401 2474
190.171.142.42 - - [27/Apr/2020:12:20:06 -0300] "POST /cormun/servlet/trlicencias?1bbc7eedf4ecb81fe67ac5815b861261,,gx-no-cache=1588000376351 HTTP/1.1" 200 6730
190.171.142.42 - - [27/Apr/2020:12:20:07 -0300] "GET /cormun/static/Shared/jqueryui/images/ui-bg_flat_55_fafafa_40x100.png HTTP/1.1" 404 1097
190.171.142.42 - - [27/Apr/2020:12:20:07 -0300] "GET /cormun/static/Shared/jqueryui/images/ui-bg_highlight-soft_100_c6c2c8_1x100.png HTTP/1.1" 404 1117
190.171.142.42 - - [27/Apr/2020:12:20:07 -0300] "GET /cormun/static/Shared/jqueryui/images/ui-icons_8d78a5_256x240.png HTTP/1.1" 404 1089
190.171.142.42 - - [27/Apr/2020:12:20:07 -0300] "GET /cormun/static/Shared/jqueryui/images/ui-icons_82798d_256x240.png HTTP/1.1" 404 1089
190.171.142.42 - - [27/Apr/2020:12:20:19 -0300] "GET /cormun/servlet/trlicenciaspermisosadjuntos?11151210,20200427000000,L, HTTP/1.1" 200 6915
190.171.142.42 - - [27/Apr/2020:12:20:20 -0300] "GET /cormun/servlet/trlicenciaspermisosadjuntos?11151210,20200427000000,L, HTTP/1.1" 200 6918
5.101.0.209 - - [27/Apr/2020:12:20:23 -0300] "GET /manager/html HTTP/1.1" 401 2474
190.171.142.42 - - [27/Apr/2020:12:20:24 -0300] "GET /cormun/PublicTempStorage/licencia_m%E8dica_claudia_j7210543.pdf HTTP/1.1" 200 967718
190.171.142.42 - - [27/Apr/2020:12:20:39 -0300] "GET /cormun/servlet/hlogin HTTP/1.1" 200 1729
5.101.0.209 - - [27/Apr/2020:12:20:50 -0300] "GET /manager/html HTTP/1.1" 401 2474
190.171.142.42 - - [27/Apr/2020:12:20:57 -0300] "POST /cormun/servlet/hlogin?abbc0a83e605774d92f12f1be1c00789,gx-no-cache=1588000427267 HTTP/1.1" 200 434
190.171.142.42 - - [27/Apr/2020:12:21:08 -0300] "POST /cormun/servlet/hlogin?abbc0a83e605774d92f12f1be1c00789,gx-no-cache=1588000438633 HTTP/1.1" 200 90
190.171.142.42 - - [27/Apr/2020:12:21:08 -0300] "GET /cormun/servlet/hpexe_link HTTP/1.1" 200 957
190.171.142.42 - - [27/Apr/2020:12:21:09 -0300] "GET /cormun/servlet/hhome HTTP/1.1" 200 4120
190.171.142.42 - - [27/Apr/2020:12:21:10 -0300] "GET /cormun/servlet/hhome HTTP/1.1" 200 4116
190.171.142.42 - - [27/Apr/2020:12:21:13 -0300] "GET /cormun/servlet/trlicencias? HTTP/1.1" 200 9174
190.171.142.42 - - [27/Apr/2020:12:21:14 -0300] "GET /cormun/servlet/trlicencias? HTTP/1.1" 200 9171
5.101.0.209 - - [27/Apr/2020:12:21:18 -0300] "GET /manager/html HTTP/1.1" 401 2474
190.171.142.42 - - [27/Apr/2020:12:21:26 -0300] "GET /cormun/servlet/alicenciaprn?11151210,L,20200427000000,PU HTTP/1.1" 200 1550
5.101.0.209 - - [27/Apr/2020:12:21:46 -0300] "GET /manager/html HTTP/1.1" 401 2474
190.171.142.42 - - [27/Apr/2020:12:22:11 -0300] "GET /cormun/servlet/alicenciaprn?17525166,L,20200331000000,PU HTTP/1.1" 200 1542
5.101.0.209 - - [27/Apr/2020:12:22:14 -0300] "GET /manager/html HTTP/1.1" 401 2474
190.171.142.42 - - [27/Apr/2020:12:22:18 -0300] "GET /cormun/servlet/alicenciaprn?6309097,L,20200425000000,PU HTTP/1.1" 200 1540
5.101.0.209 - - [27/Apr/2020:12:22:41 -0300] "GET /manager/html HTTP/1.1" 401 2474
5.101.0.209 - - [27/Apr/2020:12:23:09 -0300] "GET /manager/html HTTP/1.1" 401 2474
5.101.0.209 - - [27/Apr/2020:12:23:37 -0300] "GET /manager/html HTTP/1.1" 401 2474
5.101.0.209 - - [27/Apr/2020:12:24:05 -0300] "GET /manager/html HTTP/1.1" 401 2474
5.101.0.209 - - [27/Apr/2020:12:24:33 -0300] "GET /manager/html HTTP/1.1" 401 2474
5.101.0.209 - - [27/Apr/2020:12:25:01 -0300] "GET /manager/html HTTP/1.1" 401 2474
190.171.152.138 - - [27/Apr/2020:12:25:27 -0300] "GET /cormun/servlet/hlogin HTTP/1.1" 200 1739
5.101.0.209 - - [27/Apr/2020:12:25:28 -0300] "GET /manager/html HTTP/1.1" 401 2474
200.54.103.162 - - [27/Apr/2020:12:25:53 -0300] "GET /cormun/servlet/hlogin HTTP/1.1" 200 1730
5.101.0.209 - - [27/Apr/2020:12:25:57 -0300] "GET /manager/html HTTP/1.1" 401 2474
200.54.103.162 - - [27/Apr/2020:12:26:04 -0300] "POST /cormun/servlet/hlogin?83b2c4a331e413e5f04433f7485d275e,gx-no-cache=1588000734402 HTTP/1.1" 200 430
200.54.103.162 - - [27/Apr/2020:12:26:13 -0300] "POST /cormun/servlet/hlogin?83b2c4a331e413e5f04433f7485d275e,gx-no-cache=1588000743427 HTTP/1.1" 200 430
5.101.0.209 - - [27/Apr/2020:12:26:24 -0300] "GET /manager/html HTTP/1.1" 401 2474
200.54.103.162 - - [27/Apr/2020:12:26:33 -0300] "POST /cormun/servlet/hlogin?83b2c4a331e413e5f04433f7485d275e,gx-no-cache=1588000763293 HTTP/1.1" 200 430
200.54.103.162 - - [27/Apr/2020:12:26:46 -0300] "GET /cormun/servlet/hlogin HTTP/1.1" 200 1730
200.54.103.162 - - [27/Apr/2020:12:26:53 -0300] "POST /cormun/servlet/hlogin?83b2c4a331e413e5f04433f7485d275e,gx-no-cache=1588000782908 HTTP/1.1" 200 90
200.54.103.162 - - [27/Apr/2020:12:26:53 -0300] "GET /cormun/servlet/hpexe_link HTTP/1.1" 200 956
5.101.0.209 - - [27/Apr/2020:12:26:53 -0300] "GET /manager/html HTTP/1.1" 401 2474
200.54.103.162 - - [27/Apr/2020:12:26:53 -0300] "GET /cormun/servlet/hhome HTTP/1.1" 200 4334
200.54.103.162 - - [27/Apr/2020:12:26:54 -0300] "GET /cormun/servlet/hhome HTTP/1.1" 200 4330
200.54.103.162 - - [27/Apr/2020:12:26:58 -0300] "GET /cormun/servlet/trlicencias? HTTP/1.1" 200 10034
200.54.103.162 - - [27/Apr/2020:12:26:58 -0300] "GET /cormun/static/gxcfg.js?2020121613995 HTTP/1.1" 200 953
200.54.103.162 - - [27/Apr/2020:12:26:58 -0300] "GET /cormun/static/trlicencias.js?202012162481 HTTP/1.1" 200 41883
200.54.103.162 - - [27/Apr/2020:12:26:59 -0300] "GET /cormun/static/Resources/PXTools/calendar.png HTTP/1.1" 200 1306
200.54.103.162 - - [27/Apr/2020:12:26:59 -0300] "GET /cormun//static/Resources/PXToolsGridDisplay.png HTTP/1.1" 200 525
200.54.103.162 - - [27/Apr/2020:12:26:59 -0300] "GET /cormun//static/Resources/PXToolsActionPrint.png HTTP/1.1" 200 404
200.54.103.162 - - [27/Apr/2020:12:26:59 -0300] "GET /cormun//static/Resources/PXToolsHeaderHelp.png HTTP/1.1" 200 1333
200.54.103.162 - - [27/Apr/2020:12:26:59 -0300] "GET /cormun//static/Resources/PXTools/ActionInsert.png HTTP/1.1" 304 -
200.54.103.162 - - [27/Apr/2020:12:26:59 -0300] "GET /cormun//static/Resources/PXToolsHeaderFavorites.png HTTP/1.1" 200 1414
200.54.103.162 - - [27/Apr/2020:12:26:59 -0300] "GET /cormun/servlet/trlicencias? HTTP/1.1" 200 10032
200.54.103.162 - - [27/Apr/2020:12:27:03 -0300] "POST /cormun/servlet/trlicencias?83b2c4a331e413e5f04433f7485d275e,,gx-no-cache=1588000793244 HTTP/1.1" 200 7464
5.101.0.209 - - [27/Apr/2020:12:27:21 -0300] "GET /manager/html HTTP/1.1" 401 2474
5.101.0.209 - - [27/Apr/2020:12:27:54 -0300] "GET /manager/html HTTP/1.1" 401 2474
5.101.0.209 - - [27/Apr/2020:12:28:28 -0300] "GET /manager/html HTTP/1.1" 401 2474
5.101.0.209 - - [27/Apr/2020:12:29:01 -0300] "GET /manager/html HTTP/1.1" 401 2474
200.54.103.162 - - [27/Apr/2020:12:29:27 -0300] "GET /cormun/servlet/hlogin HTTP/1.1" 200 1746
5.101.0.209 - - [27/Apr/2020:12:29:35 -0300] "GET /manager/html HTTP/1.1" 401 2474
5.101.0.209 - - [27/Apr/2020:12:30:04 -0300] "GET /manager/html HTTP/1.1" 401 2474
5.101.0.209 - - [27/Apr/2020:12:30:32 -0300] "GET /manager/html HTTP/1.1" 401 2474
5.101.0.209 - - [27/Apr/2020:12:31:01 -0300] "GET /manager/html HTTP/1.1" 401 2474
5.101.0.209 - - [27/Apr/2020:12:31:29 -0300] "GET /manager/html HTTP/1.1" 401 2474
5.101.0.209 - - [27/Apr/2020:12:31:57 -0300] "GET /manager/html HTTP/1.1" 401 2474
5.101.0.209 - - [27/Apr/2020:12:32:26 -0300] "GET /manager/html HTTP/1.1" 401 2474
5.101.0.209 - - [27/Apr/2020:12:32:54 -0300] "GET /manager/html HTTP/1.1" 401 2474
5.101.0.209 - - [27/Apr/2020:12:33:23 -0300] "GET /manager/html HTTP/1.1" 401 2474
5.101.0.209 - - [27/Apr/2020:12:33:51 -0300] "GET /manager/html HTTP/1.1" 401 2474
190.171.141.90 - - [27/Apr/2020:12:33:55 -0300] "GET /cormun/servlet/trlicencias? HTTP/1.1" 200 6026
190.171.141.90 - - [27/Apr/2020:12:33:56 -0300] "GET /cormun/servlet/hlogin HTTP/1.1" 200 1742
190.171.141.90 - - [27/Apr/2020:12:33:56 -0300] "GET /cormun/servlet/trlicencias? HTTP/1.1" 200 6020
5.101.0.209 - - [27/Apr/2020:12:34:28 -0300] "GET /manager/html HTTP/1.1" 401 2474
190.171.149.90 - - [27/Apr/2020:12:34:36 -0300] "GET /cormun/servlet/hlogin HTTP/1.1" 200 1730
190.171.149.90 - - [27/Apr/2020:12:34:36 -0300] "GET /cormun/static/gxtimezone.js?85251 HTTP/1.1" 200 5781
190.171.149.90 - - [27/Apr/2020:12:34:36 -0300] "GET /cormun/static/gxcfg.js?201910216285969 HTTP/1.1" 200 953
190.171.149.90 - - [27/Apr/2020:12:34:36 -0300] "GET /cormun/static/Resources/Spanish/PXTools.css?2294816 HTTP/1.1" 200 100853
190.171.149.90 - - [27/Apr/2020:12:34:36 -0300] "GET /cormun/static/messages.spa.js?85251 HTTP/1.1" 200 30736
190.171.149.90 - - [27/Apr/2020:12:34:36 -0300] "GET /cormun/static/hlogin.js?201910216285995 HTTP/1.1" 200 2136
190.171.149.90 - - [27/Apr/2020:12:34:36 -0300] "GET /cormun/static/gxgral.js?85251 HTTP/1.1" 200 384558
190.171.149.90 - - [27/Apr/2020:12:34:36 -0300] "GET /cormun/static/Resources/Logo2019_Grande.png HTTP/1.1" 200 31733
190.171.149.90 - - [27/Apr/2020:12:34:36 -0300] "GET /cormun/static/Resources/PXToolsLoginTop.png HTTP/1.1" 200 1337
190.171.149.90 - - [27/Apr/2020:12:34:36 -0300] "GET /cormun/static/Resources/PXToolsLoginBackground.png HTTP/1.1" 200 1164
190.171.149.90 - - [27/Apr/2020:12:34:36 -0300] "GET /cormun/static/Resources/PXToolsButtonLeft.png HTTP/1.1" 200 1310
190.171.149.90 - - [27/Apr/2020:12:34:36 -0300] "GET /cormun/static/Resources/PXToolsButtonRight.png HTTP/1.1" 200 1294
190.171.149.90 - - [27/Apr/2020:12:34:36 -0300] "GET /cormun/static/Resources/PXToolsButtonBackground.png HTTP/1.1" 200 1176
190.171.149.90 - - [27/Apr/2020:12:34:36 -0300] "GET /cormun/static/Resources/PXToolsLoginBottom.png HTTP/1.1" 200 1389
190.171.149.90 - - [27/Apr/2020:12:34:37 -0300] "GET /cormun/servlet/hlogin HTTP/1.1" 200 1735
190.171.149.90 - - [27/Apr/2020:12:34:37 -0300] "GET /cormun/static/Resources/indicator.gif HTTP/1.1" 200 1553
190.171.149.90 - - [27/Apr/2020:12:34:37 -0300] "GET /favicon.ico HTTP/1.1" 200 21630
190.171.141.90 - - [27/Apr/2020:12:34:47 -0300] "POST /cormun/servlet/hlogin?58cacf3e0ef21f525a3b1677eeceeab3,gx-no-cache=1588001256705 HTTP/1.1" 200 90
190.171.141.90 - - [27/Apr/2020:12:34:47 -0300] "GET /cormun/servlet/hpexe_link HTTP/1.1" 200 957
190.171.141.90 - - [27/Apr/2020:12:34:47 -0300] "GET /cormun/servlet/trlicencias HTTP/1.1" 200 10492
190.171.141.90 - - [27/Apr/2020:12:34:48 -0300] "GET /cormun/servlet/trlicencias HTTP/1.1" 200 10490
190.171.141.90 - - [27/Apr/2020:12:34:58 -0300] "GET /cormun/servlet/alicenciaprn?13947488,L,20200427000000,PU HTTP/1.1" 200 1539
190.171.141.90 - - [27/Apr/2020:12:35:02 -0300] "GET /cormun/servlet/trlicenciaspermisosadjuntos?13947488,20200427000000,L, HTTP/1.1" 200 6759
190.171.141.90 - - [27/Apr/2020:12:35:03 -0300] "GET /cormun/servlet/trlicenciaspermisosadjuntos?13947488,20200427000000,L, HTTP/1.1" 200 6758
5.101.0.209 - - [27/Apr/2020:12:35:07 -0300] "GET /manager/html HTTP/1.1" 401 2474
190.171.149.90 - - [27/Apr/2020:12:35:20 -0300] "POST /cormun/servlet/hlogin?ef702cd26fe20ff3597a837b8ede6958,gx-no-cache=1588001290033 HTTP/1.1" 200 442
5.101.0.209 - - [27/Apr/2020:12:35:35 -0300] "GET /manager/html HTTP/1.1" 401 2474
190.171.149.90 - - [27/Apr/2020:12:36:00 -0300] "POST /cormun/servlet/hlogin?ef702cd26fe20ff3597a837b8ede6958,gx-no-cache=1588001330185 HTTP/1.1" 200 443
5.101.0.209 - - [27/Apr/2020:12:36:04 -0300] "GET /manager/html HTTP/1.1" 401 2474
5.101.0.209 - - [27/Apr/2020:12:36:33 -0300] "GET /manager/html HTTP/1.1" 401 2474
190.171.142.42 - - [27/Apr/2020:12:36:36 -0300] "GET /cormun/servlet/hlogin HTTP/1.1" 200 1724
190.171.142.42 - - [27/Apr/2020:12:36:36 -0300] "GET /cormun/static/gxcfg.js?201910216285969 HTTP/1.1" 304 -
190.171.149.90 - - [27/Apr/2020:12:36:36 -0300] "POST /cormun/servlet/hlogin?ef702cd26fe20ff3597a837b8ede6958,gx-no-cache=1588001366471 HTTP/1.1" 200 442
190.171.149.90 - - [27/Apr/2020:12:36:40 -0300] "POST /cormun/servlet/hlogin?ef702cd26fe20ff3597a837b8ede6958,gx-no-cache=1588001369835 HTTP/1.1" 200 441
5.101.0.209 - - [27/Apr/2020:12:37:02 -0300] "GET /manager/html HTTP/1.1" 401 2474
5.101.0.209 - - [27/Apr/2020:12:37:31 -0300] "GET /manager/html HTTP/1.1" 401 2474
5.101.0.209 - - [27/Apr/2020:12:38:00 -0300] "GET /manager/html HTTP/1.1" 401 2474
5.101.0.209 - - [27/Apr/2020:12:38:29 -0300] "GET /manager/html HTTP/1.1" 401 2474
190.171.142.42 - - [27/Apr/2020:12:38:43 -0300] "GET /cormun/servlet/hlogin HTTP/1.1" 200 1726
5.101.0.209 - - [27/Apr/2020:12:38:58 -0300] "GET /manager/html HTTP/1.1" 401 2474
5.101.0.209 - - [27/Apr/2020:12:39:27 -0300] "GET /manager/html HTTP/1.1" 401 2474
5.101.0.209 - - [27/Apr/2020:12:39:56 -0300] "GET /manager/html HTTP/1.1" 401 2474
5.101.0.209 - - [27/Apr/2020:12:40:25 -0300] "GET /manager/html HTTP/1.1" 401 2474
5.101.0.209 - - [27/Apr/2020:12:40:54 -0300] "GET /manager/html HTTP/1.1" 401 2474
5.101.0.209 - - [27/Apr/2020:12:41:22 -0300] "GET /manager/html HTTP/1.1" 401 2474
5.101.0.209 - - [27/Apr/2020:12:41:59 -0300] "GET /manager/html HTTP/1.1" 401 2474
5.101.0.209 - - [27/Apr/2020:12:42:39 -0300] "GET /manager/html HTTP/1.1" 401 2474
5.101.0.209 - - [27/Apr/2020:12:43:08 -0300] "GET /manager/html HTTP/1.1" 401 2474
5.101.0.209 - - [27/Apr/2020:12:43:37 -0300] "GET /manager/html HTTP/1.1" 401 2474
5.101.0.209 - - [27/Apr/2020:12:44:05 -0300] "GET /manager/html HTTP/1.1" 401 2474
5.101.0.209 - - [27/Apr/2020:12:44:46 -0300] "GET /manager/html HTTP/1.1" 401 2474
5.101.0.209 - - [27/Apr/2020:12:45:24 -0300] "GET /manager/html HTTP/1.1" 401 2474
5.101.0.209 - - [27/Apr/2020:12:45:52 -0300] "GET /manager/html HTTP/1.1" 401 2474
5.101.0.209 - - [27/Apr/2020:12:46:22 -0300] "GET /manager/html HTTP/1.1" 401 2474
5.101.0.209 - - [27/Apr/2020:12:46:51 -0300] "GET /manager/html HTTP/1.1" 401 2474
5.101.0.209 - - [27/Apr/2020:12:47:21 -0300] "GET /manager/html HTTP/1.1" 401 2474
5.101.0.209 - - [27/Apr/2020:12:47:50 -0300] "GET /manager/html HTTP/1.1" 401 2474
5.101.0.209 - - [27/Apr/2020:12:48:19 -0300] "GET /manager/html HTTP/1.1" 401 2474
5.101.0.209 - - [27/Apr/2020:12:48:48 -0300] "GET /manager/html HTTP/1.1" 401 2474
5.101.0.209 - - [27/Apr/2020:12:49:18 -0300] "GET /manager/html HTTP/1.1" 401 2474
5.101.0.209 - - [27/Apr/2020:12:49:47 -0300] "GET /manager/html HTTP/1.1" 401 2474
5.101.0.209 - - [27/Apr/2020:12:50:16 -0300] "GET /manager/html HTTP/1.1" 401 2474
5.101.0.209 - - [27/Apr/2020:12:50:45 -0300] "GET /manager/html HTTP/1.1" 401 2474
5.101.0.209 - - [27/Apr/2020:12:51:14 -0300] "GET /manager/html HTTP/1.1" 401 2474
5.101.0.209 - - [27/Apr/2020:12:51:43 -0300] "GET /manager/html HTTP/1.1" 401 2474
5.101.0.209 - - [27/Apr/2020:12:52:12 -0300] "GET /manager/html HTTP/1.1" 401 2474
5.101.0.209 - - [27/Apr/2020:12:52:41 -0300] "GET /manager/html HTTP/1.1" 401 2474
5.101.0.209 - - [27/Apr/2020:12:53:10 -0300] "GET /manager/html HTTP/1.1" 401 2474
5.101.0.209 - - [27/Apr/2020:12:53:40 -0300] "GET /manager/html HTTP/1.1" 401 2474
5.101.0.209 - - [27/Apr/2020:12:54:12 -0300] "GET /manager/html HTTP/1.1" 401 2474
5.101.0.209 - - [27/Apr/2020:12:54:52 -0300] "GET /manager/html HTTP/1.1" 401 2474
5.101.0.209 - - [27/Apr/2020:12:55:23 -0300] "GET /manager/html HTTP/1.1" 401 2474
5.101.0.209 - - [27/Apr/2020:12:55:51 -0300] "GET /manager/html HTTP/1.1" 401 2474
5.101.0.209 - - [27/Apr/2020:12:56:20 -0300] "GET /manager/html HTTP/1.1" 401 2474
5.101.0.209 - - [27/Apr/2020:12:56:48 -0300] "GET /manager/html HTTP/1.1" 401 2474
5.101.0.209 - - [27/Apr/2020:12:57:17 -0300] "GET /manager/html HTTP/1.1" 401 2474
5.101.0.209 - - [27/Apr/2020:12:57:53 -0300] "GET /manager/html HTTP/1.1" 401 2474
5.101.0.209 - - [27/Apr/2020:12:58:32 -0300] "GET /manager/html HTTP/1.1" 401 2474
190.171.142.42 - - [27/Apr/2020:12:58:54 -0300] "GET /cormun/servlet/hlogin HTTP/1.1" 200 1725
5.101.0.209 - - [27/Apr/2020:12:59:11 -0300] "GET /manager/html HTTP/1.1" 401 2474
5.101.0.209 - - [27/Apr/2020:12:59:48 -0300] "GET /manager/html HTTP/1.1" 401 2474
5.101.0.209 - - [27/Apr/2020:13:00:18 -0300] "GET /manager/html HTTP/1.1" 401 2474
5.101.0.209 - - [27/Apr/2020:13:00:47 -0300] "GET /manager/html HTTP/1.1" 401 2474
5.101.0.209 - - [27/Apr/2020:13:01:15 -0300] "GET /manager/html HTTP/1.1" 401 2474
5.101.0.209 - - [27/Apr/2020:13:01:44 -0300] "GET /manager/html HTTP/1.1" 401 2474
5.101.0.209 - - [27/Apr/2020:13:02:13 -0300] "GET /manager/html HTTP/1.1" 401 2474
5.101.0.209 - - [27/Apr/2020:13:02:42 -0300] "GET /manager/html HTTP/1.1" 401 2474
5.101.0.209 - - [27/Apr/2020:13:03:10 -0300] "GET /manager/html HTTP/1.1" 401 2474
5.101.0.209 - - [27/Apr/2020:13:03:39 -0300] "GET /manager/html HTTP/1.1" 401 2474
5.101.0.209 - - [27/Apr/2020:13:04:08 -0300] "GET /manager/html HTTP/1.1" 401 2474
5.101.0.209 - - [27/Apr/2020:13:04:37 -0300] "GET /manager/html HTTP/1.1" 401 2474
5.101.0.209 - - [27/Apr/2020:13:05:05 -0300] "GET /manager/html HTTP/1.1" 401 2474
5.101.0.209 - - [27/Apr/2020:13:05:34 -0300] "GET /manager/html HTTP/1.1" 401 2474
5.101.0.209 - - [27/Apr/2020:13:06:03 -0300] "GET /manager/html HTTP/1.1" 401 2474
5.101.0.209 - - [27/Apr/2020:13:06:32 -0300] "GET /manager/html HTTP/1.1" 401 2474
5.101.0.209 - - [27/Apr/2020:13:07:00 -0300] "GET /manager/html HTTP/1.1" 401 2474
5.101.0.209 - - [27/Apr/2020:13:07:28 -0300] "GET /manager/html HTTP/1.1" 401 2474
5.101.0.209 - - [27/Apr/2020:13:07:57 -0300] "GET /manager/html HTTP/1.1" 401 2474
5.101.0.209 - - [27/Apr/2020:13:08:25 -0300] "GET /manager/html HTTP/1.1" 401 2474
5.101.0.209 - - [27/Apr/2020:13:08:54 -0300] "GET /manager/html HTTP/1.1" 401 2474
5.101.0.209 - - [27/Apr/2020:13:09:22 -0300] "GET /manager/html HTTP/1.1" 401 2474
5.101.0.209 - - [27/Apr/2020:13:09:51 -0300] "GET /manager/html HTTP/1.1" 401 2474
5.101.0.209 - - [27/Apr/2020:13:10:20 -0300] "GET /manager/html HTTP/1.1" 401 2474
5.101.0.209 - - [27/Apr/2020:13:10:48 -0300] "GET /manager/html HTTP/1.1" 401 2474
5.101.0.209 - - [27/Apr/2020:13:11:16 -0300] "GET /manager/html HTTP/1.1" 401 2474
5.101.0.209 - - [27/Apr/2020:13:11:45 -0300] "GET /manager/html HTTP/1.1" 401 2474
5.101.0.209 - - [27/Apr/2020:13:12:13 -0300] "GET /manager/html HTTP/1.1" 401 2474
5.101.0.209 - - [27/Apr/2020:13:12:42 -0300] "GET /manager/html HTTP/1.1" 401 2474
5.101.0.209 - - [27/Apr/2020:13:13:11 -0300] "GET /manager/html HTTP/1.1" 401 2474
5.101.0.209 - - [27/Apr/2020:13:13:40 -0300] "GET /manager/html HTTP/1.1" 401 2474
5.101.0.209 - - [27/Apr/2020:13:14:09 -0300] "GET /manager/html HTTP/1.1" 401 2474
5.101.0.209 - - [27/Apr/2020:13:14:42 -0300] "GET /manager/html HTTP/1.1" 401 2474
5.101.0.209 - - [27/Apr/2020:13:15:13 -0300] "GET /manager/html HTTP/1.1" 401 2474
5.101.0.209 - - [27/Apr/2020:13:15:42 -0300] "GET /manager/html HTTP/1.1" 401 2474
5.101.0.209 - - [27/Apr/2020:13:16:09 -0300] "GET /manager/html HTTP/1.1" 401 2474
5.101.0.209 - - [27/Apr/2020:13:16:37 -0300] "GET /manager/html HTTP/1.1" 401 2474
5.101.0.209 - - [27/Apr/2020:13:17:05 -0300] "GET /manager/html HTTP/1.1" 401 2474
5.101.0.209 - - [27/Apr/2020:13:17:32 -0300] "GET /manager/html HTTP/1.1" 401 2474
5.101.0.209 - - [27/Apr/2020:13:18:02 -0300] "GET /manager/html HTTP/1.1" 401 2474
5.101.0.209 - - [27/Apr/2020:13:18:36 -0300] "GET /manager/html HTTP/1.1" 401 2474
5.101.0.209 - - [27/Apr/2020:13:19:06 -0300] "GET /manager/html HTTP/1.1" 401 2474
5.101.0.209 - - [27/Apr/2020:13:19:34 -0300] "GET /manager/html HTTP/1.1" 401 2474
5.101.0.209 - - [27/Apr/2020:13:20:02 -0300] "GET /manager/html HTTP/1.1" 401 2474
5.101.0.209 - - [27/Apr/2020:13:20:30 -0300] "GET /manager/html HTTP/1.1" 401 2474
5.101.0.209 - - [27/Apr/2020:13:21:03 -0300] "GET /manager/html HTTP/1.1" 401 2474
5.101.0.209 - - [27/Apr/2020:13:21:34 -0300] "GET /manager/html HTTP/1.1" 401 2474
5.101.0.209 - - [27/Apr/2020:13:22:02 -0300] "GET /manager/html HTTP/1.1" 401 2474
5.101.0.209 - - [27/Apr/2020:13:22:29 -0300] "GET /manager/html HTTP/1.1" 401 2474
5.101.0.209 - - [27/Apr/2020:13:22:57 -0300] "GET /manager/html HTTP/1.1" 401 2474
5.101.0.209 - - [27/Apr/2020:13:23:25 -0300] "GET /manager/html HTTP/1.1" 401 2474
5.101.0.209 - - [27/Apr/2020:13:23:52 -0300] "GET /manager/html HTTP/1.1" 401 2474
5.101.0.209 - - [27/Apr/2020:13:24:20 -0300] "GET /manager/html HTTP/1.1" 401 2474
5.101.0.209 - - [27/Apr/2020:13:24:47 -0300] "GET /manager/html HTTP/1.1" 401 2474
5.101.0.209 - - [27/Apr/2020:13:25:15 -0300] "GET /manager/html HTTP/1.1" 401 2474
5.101.0.209 - - [27/Apr/2020:13:25:43 -0300] "GET /manager/html HTTP/1.1" 401 2474
5.101.0.209 - - [27/Apr/2020:13:26:10 -0300] "GET /manager/html HTTP/1.1" 401 2474
170.238.50.214 - - [27/Apr/2020:13:26:17 -0300] "GET / HTTP/1.1" 200 11217
5.101.0.209 - - [27/Apr/2020:13:26:38 -0300] "GET /manager/html HTTP/1.1" 401 2474
5.101.0.209 - - [27/Apr/2020:13:27:11 -0300] "GET /manager/html HTTP/1.1" 401 2474
5.101.0.209 - - [27/Apr/2020:13:27:42 -0300] "GET /manager/html HTTP/1.1" 401 2474
5.101.0.209 - - [27/Apr/2020:13:28:10 -0300] "GET /manager/html HTTP/1.1" 401 2474
5.101.0.209 - - [27/Apr/2020:13:28:38 -0300] "GET /manager/html HTTP/1.1" 401 2474
78.108.177.51 - - [27/Apr/2020:13:28:42 -0300] "GET / HTTP/1.0" 200 11197
5.101.0.209 - - [27/Apr/2020:13:29:05 -0300] "GET /manager/html HTTP/1.1" 401 2474
5.101.0.209 - - [27/Apr/2020:13:29:32 -0300] "GET /manager/html HTTP/1.1" 401 2474
5.101.0.209 - - [27/Apr/2020:13:30:00 -0300] "GET /manager/html HTTP/1.1" 401 2474
5.101.0.209 - - [27/Apr/2020:13:30:27 -0300] "GET /manager/html HTTP/1.1" 401 2474
5.101.0.209 - - [27/Apr/2020:13:30:54 -0300] "GET /manager/html HTTP/1.1" 401 2474
5.101.0.209 - - [27/Apr/2020:13:31:21 -0300] "GET /manager/html HTTP/1.1" 401 2474
5.101.0.209 - - [27/Apr/2020:13:31:48 -0300] "GET /manager/html HTTP/1.1" 401 2474
5.101.0.209 - - [27/Apr/2020:13:32:15 -0300] "GET /manager/html HTTP/1.1" 401 2474
5.101.0.209 - - [27/Apr/2020:13:32:43 -0300] "GET /manager/html HTTP/1.1" 401 2474
5.101.0.209 - - [27/Apr/2020:13:33:10 -0300] "GET /manager/html HTTP/1.1" 401 2474
5.101.0.209 - - [27/Apr/2020:13:33:37 -0300] "GET /manager/html HTTP/1.1" 401 2474
5.101.0.209 - - [27/Apr/2020:13:34:04 -0300] "GET /manager/html HTTP/1.1" 401 2474
5.101.0.209 - - [27/Apr/2020:13:34:31 -0300] "GET /manager/html HTTP/1.1" 401 2474
5.101.0.209 - - [27/Apr/2020:13:34:58 -0300] "GET /manager/html HTTP/1.1" 401 2474
5.101.0.209 - - [27/Apr/2020:13:35:25 -0300] "GET /manager/html HTTP/1.1" 401 2474
5.101.0.209 - - [27/Apr/2020:13:35:52 -0300] "GET /manager/html HTTP/1.1" 401 2474
5.101.0.209 - - [27/Apr/2020:13:36:26 -0300] "GET /manager/html HTTP/1.1" 401 2474
190.171.142.42 - - [27/Apr/2020:13:36:40 -0300] "GET /cormun/servlet/hlogin HTTP/1.1" 200 1719
5.101.0.209 - - [27/Apr/2020:13:36:58 -0300] "GET /manager/html HTTP/1.1" 401 2474
5.101.0.209 - - [27/Apr/2020:13:37:25 -0300] "GET /manager/html HTTP/1.1" 401 2474
5.101.0.209 - - [27/Apr/2020:13:37:53 -0300] "GET /manager/html HTTP/1.1" 401 2474
5.101.0.209 - - [27/Apr/2020:13:38:20 -0300] "GET /manager/html HTTP/1.1" 401 2474
5.101.0.209 - - [27/Apr/2020:13:38:47 -0300] "GET /manager/html HTTP/1.1" 401 2474
5.101.0.209 - - [27/Apr/2020:13:39:14 -0300] "GET /manager/html HTTP/1.1" 401 2474
5.101.0.209 - - [27/Apr/2020:13:39:41 -0300] "GET /manager/html HTTP/1.1" 401 2474
5.101.0.209 - - [27/Apr/2020:13:40:13 -0300] "GET /manager/html HTTP/1.1" 401 2474
5.101.0.209 - - [27/Apr/2020:13:40:46 -0300] "GET /manager/html HTTP/1.1" 401 2474
5.101.0.209 - - [27/Apr/2020:13:41:15 -0300] "GET /manager/html HTTP/1.1" 401 2474
5.101.0.209 - - [27/Apr/2020:13:41:42 -0300] "GET /manager/html HTTP/1.1" 401 2474
5.101.0.209 - - [27/Apr/2020:13:42:10 -0300] "GET /manager/html HTTP/1.1" 401 2474
5.101.0.209 - - [27/Apr/2020:13:42:37 -0300] "GET /manager/html HTTP/1.1" 401 2474
5.101.0.209 - - [27/Apr/2020:13:43:05 -0300] "GET /manager/html HTTP/1.1" 401 2474
5.101.0.209 - - [27/Apr/2020:13:43:33 -0300] "GET /manager/html HTTP/1.1" 401 2474
5.101.0.209 - - [27/Apr/2020:13:44:01 -0300] "GET /manager/html HTTP/1.1" 401 2474
5.101.0.209 - - [27/Apr/2020:13:44:29 -0300] "GET /manager/html HTTP/1.1" 401 2474
5.101.0.209 - - [27/Apr/2020:13:44:56 -0300] "GET /manager/html HTTP/1.1" 401 2474
5.101.0.209 - - [27/Apr/2020:13:45:23 -0300] "GET /manager/html HTTP/1.1" 401 2474
5.101.0.209 - - [27/Apr/2020:13:45:51 -0300] "GET /manager/html HTTP/1.1" 401 2474
5.101.0.209 - - [27/Apr/2020:13:46:19 -0300] "GET /manager/html HTTP/1.1" 401 2474
5.101.0.209 - - [27/Apr/2020:13:46:46 -0300] "GET /manager/html HTTP/1.1" 401 2474
190.171.142.42 - - [27/Apr/2020:13:47:09 -0300] "GET /cormun/servlet/hlogin HTTP/1.1" 200 1729
5.101.0.209 - - [27/Apr/2020:13:47:14 -0300] "GET /manager/html HTTP/1.1" 401 2474
5.101.0.209 - - [27/Apr/2020:13:47:42 -0300] "GET /manager/html HTTP/1.1" 401 2474
5.101.0.209 - - [27/Apr/2020:13:48:11 -0300] "GET /manager/html HTTP/1.1" 401 2474
