186.103.159.189 - - [01/Apr/2020:11:50:28 -0300] "GET /cormun/static/Shared/jqueryui/images/ui-bg_flat_55_994d53_40x100.png HTTP/1.1" 404 1097
186.103.159.189 - - [01/Apr/2020:11:50:28 -0300] "GET /cormun/static/Shared/jqueryui/images/ui-icons_ebccce_256x240.png HTTP/1.1" 404 1089
186.103.159.189 - - [01/Apr/2020:11:50:30 -0300] "GET /cormun/servlet/licenciaspermisos?b124925d7b569bf57b4c7d02ecd0db7f01c59e53013624693c884a9c617a977471f5c30f17e4e0493fdc1346468ad433f6d36ba94b85924786cef5275e7d7b91eafc8ed0333e751e5c7612795bd8d2cf8bdee2adef25b9f8ae07afdd76c7af6618bad0b6fc989d1f50b37a98868746ec8bdee2adef25b9f8ae07afdd76c7af66f6d36ba94b85924786cef5275e7d7b91eafc8ed0333e751e5c7612795bd8d2cfb326a91f03a0375e849a79f1e5cae8a0d41780e223530962e55fd497894e923a57283618768a9aca2029b60faba47be48bdee2adef25b9f8ae07afdd76c7af66584b63996a0f4862de93ae29e38a5913abff9b426945dd4504c88b98c0541e72b342e9e8e98766bcbfb48b9b76d58e33,gx-no-cache=1585752218226 HTTP/1.1" 200 93
186.103.159.189 - - [01/Apr/2020:11:50:31 -0300] "POST /cormun/servlet/licenciaspermisos?4ee82b731ac206a51f18981d1b538829,INS,0,,,,gx-no-cache=1585752218377 HTTP/1.1" 200 4833
186.103.159.189 - - [01/Apr/2020:11:51:16 -0300] "GET /cormun/static/menuarrow.gif HTTP/1.1" 404 1015
186.79.0.149 - - [01/Apr/2020:11:53:23 -0300] "GET /cormun/servlet/hlogin HTTP/1.1" 200 1725
186.79.0.149 - - [01/Apr/2020:11:53:24 -0300] "GET /cormun/servlet/hlogin HTTP/1.1" 200 1735
186.79.0.149 - - [01/Apr/2020:11:53:34 -0300] "POST /cormun/servlet/hlogin?0278b121f9ad21b16abfdc143d24c8c4,gx-no-cache=1585752393298 HTTP/1.1" 200 90
186.79.0.149 - - [01/Apr/2020:11:53:34 -0300] "GET /cormun/servlet/hpexe_link HTTP/1.1" 200 952
186.79.0.149 - - [01/Apr/2020:11:53:34 -0300] "GET /cormun/servlet/hhome HTTP/1.1" 200 4302
186.79.0.149 - - [01/Apr/2020:11:53:36 -0300] "GET /cormun/servlet/hhome HTTP/1.1" 200 4299
186.79.0.149 - - [01/Apr/2020:11:53:42 -0300] "GET /cormun/servlet/trlicencias? HTTP/1.1" 200 10335
186.79.0.149 - - [01/Apr/2020:11:53:44 -0300] "GET /cormun/servlet/trlicencias? HTTP/1.1" 200 10333
186.79.0.149 - - [01/Apr/2020:11:53:48 -0300] "GET /cormun/servlet/trlicencias? HTTP/1.1" 200 10333
186.79.0.149 - - [01/Apr/2020:11:53:49 -0300] "GET /cormun/servlet/trlicencias? HTTP/1.1" 200 10333
190.171.142.42 - - [01/Apr/2020:11:54:19 -0300] "GET /cormun/servlet/hlogin HTTP/1.1" 200 1725
190.171.142.42 - - [01/Apr/2020:11:55:51 -0300] "GET /cormun/servlet/hlogin HTTP/1.1" 200 1727
186.103.159.189 - - [01/Apr/2020:11:55:54 -0300] "GET /cormun/servlet/licenciaspermisos?b124925d7b569bf57b4c7d02ecd0db7fb77a5db2a3b2be7394f75c26f19f5e1fe25320d00dda4bd73490bce1aa744dc3734b86699bdfc6d9d16bd10b2ef6afc771c29c3e290acafc595e6208b35adad4e0c316582a854e60621390da7f009512284dd20409cba024ca2a2e2ee0a19fa1b25f87283a4d7beb740175fe85c949ae7fa017bd60fe81aab77b6f31ca0be8f0472d44ac1046f9dcdbd885d2e58d3f892b09ca2a8acba49974ae4cc95892bfd3e84775f489352d110489869e0a2179dc15f75c8f976a550ef3f5c53086218b992b453a3774752aa22a7a4d9144cf61fa,gx-no-cache=1585752541935 HTTP/1.1" 200 30
186.103.159.189 - - [01/Apr/2020:11:55:54 -0300] "GET /cormun/servlet/licenciaspermisos?b124925d7b569bf57b4c7d02ecd0db7fd9f87e0d13f4aac662c4a62e827f3de6a397874903e0be04ee34f78becf89cd2e254d4d6a7bae9628acc0dedd1d7751a46d105f87cdac00a2d6cbdb5208a8464ccdc53a6a0dabc2eeca29aa43883ce1c5bbffba7ac3cb6cc46534d121930b9dc89abb6fe865b51b807446af7f13cf6e168150d6a35f9be93e5afc47df0ff76c92958c33f52e51f93a9b00a92492b12df832305a28814459a53762df1d81dc18b11c14c09e0f5e056b8563ebf6917282a612e885000a432824ca7a5529df8e2bd2a630cf156b48a3424591b9b6ea5a768,gx-no-cache=1585752542149 HTTP/1.1" 200 29
186.103.159.189 - - [01/Apr/2020:11:55:55 -0300] "POST /cormun/servlet/licenciaspermisos?4ee82b731ac206a51f18981d1b538829,INS,0,,,,gx-no-cache=1585752542272 HTTP/1.1" 200 93
186.103.159.189 - - [01/Apr/2020:11:55:55 -0300] "GET /cormun/servlet/hpexe_return? HTTP/1.1" 200 1010
186.103.159.189 - - [01/Apr/2020:11:55:56 -0300] "GET /cormun/static/gxcfg.js?201991422392976 HTTP/1.1" 200 953
186.103.159.189 - - [01/Apr/2020:11:55:56 -0300] "GET /cormun/static/hpexe_return.js?201991422392984 HTTP/1.1" 200 1633
186.103.159.189 - - [01/Apr/2020:11:55:56 -0300] "GET /cormun/servlet/trlicencias HTTP/1.1" 200 9659
186.103.159.189 - - [01/Apr/2020:11:55:58 -0300] "GET /cormun//static/Resources/PXToolsGridUpdate.png HTTP/1.1" 200 470
186.103.159.189 - - [01/Apr/2020:11:55:58 -0300] "GET /cormun/servlet/trlicencias HTTP/1.1" 200 9654
186.103.159.189 - - [01/Apr/2020:11:55:58 -0300] "GET /cormun//static/Resources/PXToolsGridDelete.png HTTP/1.1" 200 538
186.103.159.189 - - [01/Apr/2020:11:56:02 -0300] "POST /cormun/servlet/trlicencias?4ee82b731ac206a51f18981d1b538829,gx-no-cache=1585752549890 HTTP/1.1" 200 7117
186.103.159.189 - - [01/Apr/2020:11:56:14 -0300] "GET /cormun/servlet/alicenciaprn?17311966,L,20200401000000,PU HTTP/1.1" 200 1539
5.34.184.195 - - [01/Apr/2020:11:58:15 -0300] "GET / HTTP/1.1" 200 11217
192.168.113.4 - - [01/Apr/2020:11:59:50 -0300] "POST /cormun/servlet/hlogin?c5ce1a04fb521703e9bce4f0825359c0,gx-no-cache=1585752777951 HTTP/1.1" 200 90
192.168.113.4 - - [01/Apr/2020:11:59:51 -0300] "GET /cormun/servlet/hpexe_link HTTP/1.1" 200 952
192.168.113.4 - - [01/Apr/2020:11:59:51 -0300] "GET /cormun/servlet/hhome HTTP/1.1" 200 3742
192.168.113.4 - - [01/Apr/2020:11:59:51 -0300] "GET /cormun/servlet/hhome HTTP/1.1" 200 3740
192.168.113.4 - - [01/Apr/2020:12:00:11 -0300] "GET /cormun/servlet/trsolicitudgral? HTTP/1.1" 200 12533
192.168.113.4 - - [01/Apr/2020:12:00:11 -0300] "GET /cormun/servlet/trsolicitudgral? HTTP/1.1" 200 12531
192.168.113.4 - - [01/Apr/2020:12:00:24 -0300] "POST /cormun/servlet/trsolicitudgral?c5ce1a04fb521703e9bce4f0825359c0,,gx-no-cache=1585752811575 HTTP/1.1" 200 9106
192.168.113.4 - - [01/Apr/2020:12:00:24 -0300] "GET /cormun/static/Shared/jqueryui/images/ui-bg_highlight-soft_100_c6c2c8_1x100.png HTTP/1.1" 404 1117
192.168.113.4 - - [01/Apr/2020:12:00:24 -0300] "GET /cormun/static/Shared/jqueryui/images/ui-icons_82798d_256x240.png HTTP/1.1" 404 1089
192.168.113.4 - - [01/Apr/2020:12:00:24 -0300] "GET /cormun/static/Shared/jqueryui/images/ui-bg_flat_55_fafafa_40x100.png HTTP/1.1" 404 1097
192.168.113.4 - - [01/Apr/2020:12:00:24 -0300] "GET /cormun/static/Shared/jqueryui/images/ui-icons_8d78a5_256x240.png HTTP/1.1" 404 1089
192.168.113.4 - - [01/Apr/2020:12:00:37 -0300] "GET /cormun/servlet/trautorizarot? HTTP/1.1" 200 9498
192.168.113.4 - - [01/Apr/2020:12:00:37 -0300] "GET /cormun/static/gxcfg.js?202012169508 HTTP/1.1" 304 -
192.168.113.4 - - [01/Apr/2020:12:00:37 -0300] "GET /cormun/static/trautorizarot.js?2020121695965 HTTP/1.1" 304 -
192.168.113.4 - - [01/Apr/2020:12:00:38 -0300] "GET /cormun/servlet/trautorizarot? HTTP/1.1" 200 9498
192.168.113.4 - - [01/Apr/2020:12:00:42 -0300] "POST /cormun/servlet/trautorizarot?c5ce1a04fb521703e9bce4f0825359c0,,gx-no-cache=1585752830044 HTTP/1.1" 200 5333
186.103.159.189 - - [01/Apr/2020:12:00:45 -0300] "GET /cormun/servlet/hlogin HTTP/1.1" 200 1729
192.168.113.4 - - [01/Apr/2020:12:00:46 -0300] "GET /cormun/servlet/trsolicitudgral? HTTP/1.1" 200 12008
186.103.159.189 - - [01/Apr/2020:12:00:46 -0300] "GET /cormun/static/gxtimezone.js?85251 HTTP/1.1" 200 5781
186.103.159.189 - - [01/Apr/2020:12:00:46 -0300] "GET /cormun/static/gxcfg.js?201910216285969 HTTP/1.1" 200 953
186.103.159.189 - - [01/Apr/2020:12:00:46 -0300] "GET /cormun/static/messages.spa.js?85251 HTTP/1.1" 200 30736
186.103.159.189 - - [01/Apr/2020:12:00:46 -0300] "GET /cormun/static/Resources/Logo2019_Grande.png HTTP/1.1" 200 31733
186.103.159.189 - - [01/Apr/2020:12:00:46 -0300] "GET /cormun/static/Resources/Spanish/PXTools.css?2294816 HTTP/1.1" 200 100853
186.103.159.189 - - [01/Apr/2020:12:00:46 -0300] "GET /cormun/static/gxgral.js?85251 HTTP/1.1" 200 384558
192.168.113.4 - - [01/Apr/2020:12:00:46 -0300] "GET /cormun/servlet/trsolicitudgral? HTTP/1.1" 200 12007
186.103.159.189 - - [01/Apr/2020:12:00:46 -0300] "GET /cormun/static/hlogin.js?201910216285995 HTTP/1.1" 200 2136
186.103.159.189 - - [01/Apr/2020:12:00:47 -0300] "GET /cormun/static/Resources/PXToolsLoginBackground.png HTTP/1.1" 200 1164
186.103.159.189 - - [01/Apr/2020:12:00:47 -0300] "GET /cormun/static/Resources/PXToolsLoginTop.png HTTP/1.1" 200 1337
186.103.159.189 - - [01/Apr/2020:12:00:47 -0300] "GET /cormun/static/Resources/PXToolsButtonLeft.png HTTP/1.1" 200 1310
186.103.159.189 - - [01/Apr/2020:12:00:47 -0300] "GET /cormun/static/Resources/PXToolsButtonRight.png HTTP/1.1" 200 1294
186.103.159.189 - - [01/Apr/2020:12:00:47 -0300] "GET /cormun/static/Resources/PXToolsButtonBackground.png HTTP/1.1" 200 1176
186.103.159.189 - - [01/Apr/2020:12:00:47 -0300] "GET /cormun/static/Resources/PXToolsLoginBottom.png HTTP/1.1" 200 1389
186.103.159.189 - - [01/Apr/2020:12:00:47 -0300] "GET /cormun/servlet/hlogin HTTP/1.1" 200 1739
186.103.159.189 - - [01/Apr/2020:12:00:47 -0300] "GET /cormun/static/Resources/indicator.gif HTTP/1.1" 200 1553
186.103.159.189 - - [01/Apr/2020:12:00:48 -0300] "GET /favicon.ico HTTP/1.1" 200 21630
190.171.153.34 - - [01/Apr/2020:12:10:02 -0300] "GET /cormun/servlet/hlogin HTTP/1.1" 200 1733
190.171.153.34 - - [01/Apr/2020:12:10:18 -0300] "POST /cormun/servlet/hlogin?87614ab304cbf1206da6d20435f4ae3b,gx-no-cache=1585753406441 HTTP/1.1" 200 90
190.171.153.34 - - [01/Apr/2020:12:10:18 -0300] "GET /cormun/servlet/hpexe_link HTTP/1.1" 200 956
190.171.153.34 - - [01/Apr/2020:12:10:18 -0300] "GET /cormun/servlet/hhome HTTP/1.1" 200 4344
190.171.153.34 - - [01/Apr/2020:12:10:19 -0300] "GET /cormun/servlet/hhome HTTP/1.1" 200 4340
190.171.153.34 - - [01/Apr/2020:12:13:48 -0300] "GET /cormun/servlet/trsolicitudot? HTTP/1.1" 200 7564
190.171.153.34 - - [01/Apr/2020:12:13:49 -0300] "GET /cormun/static/gxcfg.js?201991910464971 HTTP/1.1" 200 953
190.171.153.34 - - [01/Apr/2020:12:13:49 -0300] "GET /cormun/static/trsolicitudot.js?201991910465845 HTTP/1.1" 200 54041
190.171.153.34 - - [01/Apr/2020:12:13:50 -0300] "GET /cormun/servlet/trsolicitudot? HTTP/1.1" 200 7562
190.171.153.34 - - [01/Apr/2020:12:13:59 -0300] "GET /cormun/servlet/hhome HTTP/1.1" 200 4344
190.171.153.34 - - [01/Apr/2020:12:14:00 -0300] "GET /cormun/servlet/hhome HTTP/1.1" 200 4340
190.171.142.42 - - [01/Apr/2020:12:14:03 -0300] "GET /cormun/servlet/hlogin HTTP/1.1" 200 1728
190.171.142.42 - - [01/Apr/2020:12:14:30 -0300] "GET /cormun/servlet/hlogin HTTP/1.1" 200 1732
190.171.153.34 - - [01/Apr/2020:12:16:42 -0300] "GET /cormun/servlet/trlicencias? HTTP/1.1" 200 11563
190.171.153.34 - - [01/Apr/2020:12:16:43 -0300] "GET /cormun/servlet/trlicencias? HTTP/1.1" 200 11560
190.171.154.42 - - [01/Apr/2020:12:28:15 -0300] "GET /cormun/servlet/trlicencias? HTTP/1.1" 200 7533
190.171.154.42 - - [01/Apr/2020:12:28:19 -0300] "GET /cormun/servlet/hlogin HTTP/1.1" 200 1745
190.171.154.42 - - [01/Apr/2020:12:28:19 -0300] "GET /cormun/servlet/trlicencias? HTTP/1.1" 200 7557
190.171.154.42 - - [01/Apr/2020:12:28:53 -0300] "POST /cormun/servlet/hlogin?7461a36973a0e84f17231122455cdce2,gx-no-cache=1585754521777 HTTP/1.1" 200 90
190.171.154.42 - - [01/Apr/2020:12:28:53 -0300] "GET /cormun/servlet/hpexe_link HTTP/1.1" 200 958
190.171.154.42 - - [01/Apr/2020:12:28:54 -0300] "GET /cormun/servlet/trlicencias HTTP/1.1" 200 9921
190.171.154.42 - - [01/Apr/2020:12:28:57 -0300] "GET /cormun/servlet/trlicencias HTTP/1.1" 200 9923
190.171.154.42 - - [01/Apr/2020:12:29:04 -0300] "GET /cormun/servlet/trreportecargahoraria? HTTP/1.1" 200 10518
190.171.154.42 - - [01/Apr/2020:12:29:05 -0300] "GET /cormun/static/gxcfg.js?202012113393031 HTTP/1.1" 200 953
190.171.154.42 - - [01/Apr/2020:12:29:05 -0300] "GET /cormun/static/trreportecargahoraria.js?202012113393554 HTTP/1.1" 200 29376
190.171.154.42 - - [01/Apr/2020:12:29:06 -0300] "GET /cormun/servlet/trreportecargahoraria? HTTP/1.1" 200 10519
190.171.154.42 - - [01/Apr/2020:12:29:07 -0300] "GET /cormun//static/Resources/PXToolsActionExcel.png HTTP/1.1" 200 727
190.171.154.42 - - [01/Apr/2020:12:29:33 -0300] "GET /cormun/servlet/trsolicitudot? HTTP/1.1" 200 7558
190.171.154.42 - - [01/Apr/2020:12:29:33 -0300] "GET /cormun/static/gxcfg.js?201991910464971 HTTP/1.1" 200 953
190.171.154.42 - - [01/Apr/2020:12:29:33 -0300] "GET /cormun/static/trsolicitudot.js?201991910465845 HTTP/1.1" 200 54041
190.171.154.42 - - [01/Apr/2020:12:29:35 -0300] "GET /cormun/servlet/trsolicitudot? HTTP/1.1" 200 7557
201.239.213.91 - - [01/Apr/2020:12:29:35 -0300] "GET /cormun/servlet/hlogin HTTP/1.1" 200 1727
201.239.213.91 - - [01/Apr/2020:12:29:35 -0300] "GET /cormun/servlet/hlogin HTTP/1.1" 200 1733
201.239.213.91 - - [01/Apr/2020:12:29:49 -0300] "POST /cormun/servlet/hlogin?c4ec30fdd734512ee0000ba83aec1e23,gx-no-cache=1585754576364 HTTP/1.1" 200 90
201.239.213.91 - - [01/Apr/2020:12:29:49 -0300] "GET /cormun/servlet/hpexe_link HTTP/1.1" 200 947
201.239.213.91 - - [01/Apr/2020:12:29:49 -0300] "GET /cormun/servlet/hhome HTTP/1.1" 200 4333
201.239.213.91 - - [01/Apr/2020:12:29:49 -0300] "GET /cormun/static/gxcfg.js?20201215495537 HTTP/1.1" 200 953
201.239.213.91 - - [01/Apr/2020:12:29:49 -0300] "GET /cormun/static/hhome.js?20201215495544 HTTP/1.1" 200 777
201.239.213.91 - - [01/Apr/2020:12:29:50 -0300] "GET /cormun/servlet/hhome HTTP/1.1" 200 4331
192.168.10.89 - - [01/Apr/2020:12:30:44 -0300] "GET /cormun/servlet/hlogin HTTP/1.1" 200 1744
190.171.154.42 - - [01/Apr/2020:12:30:49 -0300] "GET /cormun/servlet/solicitudot?INS,0,0,false, HTTP/1.1" 200 15664
190.171.154.42 - - [01/Apr/2020:12:30:50 -0300] "GET /cormun/static/gxcfg.js?20203414241232 HTTP/1.1" 200 953
190.171.154.42 - - [01/Apr/2020:12:30:50 -0300] "GET /cormun/static/solicitudot.js?20203414242792 HTTP/1.1" 200 74114
190.171.154.42 - - [01/Apr/2020:12:30:52 -0300] "GET /cormun/servlet/solicitudot?INS,0,0,false, HTTP/1.1" 200 15672
201.239.213.91 - - [01/Apr/2020:12:31:10 -0300] "GET /cormun/servlet/trreportecargahoraria? HTTP/1.1" 200 9788
201.239.213.91 - - [01/Apr/2020:12:31:11 -0300] "GET /cormun/static/gxcfg.js?202012113393031 HTTP/1.1" 200 953
201.239.213.91 - - [01/Apr/2020:12:31:11 -0300] "GET /cormun/static/trreportecargahoraria.js?202012113393554 HTTP/1.1" 200 29376
201.239.213.91 - - [01/Apr/2020:12:31:11 -0300] "GET /cormun//static/Resources/PXToolsGridDisplay.png HTTP/1.1" 200 525
201.239.213.91 - - [01/Apr/2020:12:31:12 -0300] "GET /cormun//static/Resources/PXToolsActionExcel.png HTTP/1.1" 200 727
201.239.213.91 - - [01/Apr/2020:12:31:12 -0300] "GET /cormun/servlet/trreportecargahoraria? HTTP/1.1" 200 9787
190.171.154.42 - - [01/Apr/2020:12:31:13 -0300] "POST /cormun/servlet/solicitudot?gx-no-cache=1585754661144 HTTP/1.1" 200 3559
190.171.154.42 - - [01/Apr/2020:12:31:13 -0300] "POST /cormun/servlet/solicitudot?7461a36973a0e84f17231122455cdce2,INS,0,0,false,,gx-no-cache=1585754661592 HTTP/1.1" 200 12224
192.168.10.89 - - [01/Apr/2020:12:31:13 -0300] "POST /cormun/servlet/hlogin?27b4b3680a6edc1b0e49fedcf6e903c1,gx-no-cache=1585758140037 HTTP/1.1" 200 90
192.168.10.89 - - [01/Apr/2020:12:31:13 -0300] "GET /cormun/servlet/hpexe_link HTTP/1.1" 200 952
192.168.10.89 - - [01/Apr/2020:12:31:13 -0300] "GET /cormun/servlet/hhome HTTP/1.1" 200 4983
192.168.10.89 - - [01/Apr/2020:12:31:14 -0300] "GET /cormun/servlet/hhome HTTP/1.1" 200 4980
190.171.154.42 - - [01/Apr/2020:12:31:16 -0300] "GET /cormun/servlet/solicitudot?2a4386e0218bc8005ae3a33619ca080cb4ee249b69c536589b5a4b498533af3e576d748f4de01f9113135b5137f61ad5,gx-no-cache=1585754664106 HTTP/1.1" 200 30
192.168.10.89 - - [01/Apr/2020:12:31:16 -0300] "GET /cormun/servlet/trsolicitudgral? HTTP/1.1" 200 13305
192.168.10.89 - - [01/Apr/2020:12:31:16 -0300] "GET /cormun/servlet/trsolicitudgral? HTTP/1.1" 200 13303
192.168.10.89 - - [01/Apr/2020:12:31:23 -0300] "POST /cormun/servlet/trsolicitudgral?27b4b3680a6edc1b0e49fedcf6e903c1,,gx-no-cache=1585758149712 HTTP/1.1" 200 8490
192.168.10.89 - - [01/Apr/2020:12:31:27 -0300] "POST /cormun/servlet/trsolicitudgral?27b4b3680a6edc1b0e49fedcf6e903c1,,gx-no-cache=1585758153661 HTTP/1.1" 200 9726
201.239.213.91 - - [01/Apr/2020:12:31:41 -0300] "GET /cormun/servlet/trlicencias? HTTP/1.1" 200 11563
201.239.213.91 - - [01/Apr/2020:12:31:41 -0300] "GET /cormun/static/gxcfg.js?2020121613995 HTTP/1.1" 200 953
201.239.213.91 - - [01/Apr/2020:12:31:41 -0300] "GET /cormun/static/trlicencias.js?202012162481 HTTP/1.1" 200 41883
201.239.213.91 - - [01/Apr/2020:12:31:42 -0300] "GET /cormun//static/Resources/PXToolsActionPrint.png HTTP/1.1" 200 404
201.239.213.91 - - [01/Apr/2020:12:31:42 -0300] "GET /cormun//static/Resources/PXToolsHeaderHelp.png HTTP/1.1" 200 1333
201.239.213.91 - - [01/Apr/2020:12:31:42 -0300] "GET /cormun//static/Resources/PXToolsHeaderFavorites.png HTTP/1.1" 200 1414
201.239.213.91 - - [01/Apr/2020:12:31:42 -0300] "GET /cormun/servlet/trlicencias? HTTP/1.1" 200 11562
192.168.10.89 - - [01/Apr/2020:12:31:43 -0300] "POST /cormun/servlet/trsolicitudgral?27b4b3680a6edc1b0e49fedcf6e903c1,,gx-no-cache=1585758170097 HTTP/1.1" 200 8505
201.239.213.91 - - [01/Apr/2020:12:33:59 -0300] "POST /cormun/servlet/trlicencias?c4ec30fdd734512ee0000ba83aec1e23,,gx-no-cache=1585754826401 HTTP/1.1" 200 9032
201.239.213.91 - - [01/Apr/2020:12:34:17 -0300] "GET /cormun/static/menuarrow.gif HTTP/1.1" 404 1015
190.171.154.42 - - [01/Apr/2020:12:34:35 -0300] "POST /cormun/servlet/solicitudot?7461a36973a0e84f17231122455cdce2,INS,0,0,false,,gx-no-cache=1585754862711 HTTP/1.1" 200 12407
190.171.154.42 - - [01/Apr/2020:12:34:36 -0300] "GET /cormun/static/Shared/jqueryui/images/ui-icons_82798d_256x240.png HTTP/1.1" 404 1089
190.171.154.42 - - [01/Apr/2020:12:34:36 -0300] "GET /cormun/static/Shared/jqueryui/images/ui-bg_highlight-soft_100_c6c2c8_1x100.png HTTP/1.1" 404 1117
190.171.154.42 - - [01/Apr/2020:12:34:36 -0300] "GET /cormun/static/Shared/jqueryui/images/ui-bg_flat_55_fafafa_40x100.png HTTP/1.1" 404 1097
190.171.154.42 - - [01/Apr/2020:12:34:36 -0300] "GET /cormun/static/Shared/jqueryui/images/ui-icons_8d78a5_256x240.png HTTP/1.1" 404 1089
190.171.154.42 - - [01/Apr/2020:12:34:48 -0300] "GET /cormun/servlet/prbanco?,MD,,gxPopupLevel%3D0%3B HTTP/1.1" 200 6630
190.171.154.42 - - [01/Apr/2020:12:34:48 -0300] "GET /cormun/static/gxcfg.js?20201216131581 HTTP/1.1" 200 953
190.171.154.42 - - [01/Apr/2020:12:34:48 -0300] "GET /cormun/static/prbanco.js?20201216132311 HTTP/1.1" 200 10693
190.171.154.42 - - [01/Apr/2020:12:34:55 -0300] "GET /cormun/servlet/solicitudot?2a4386e0218bc8005ae3a33619ca080c1d6790f7b4fcc1b3800bfa8605c50874a714552c71a960bb3d8d35941fc73dbc384fbccad741cd9c7f6622b9d63c5633,gx-no-cache=1585754883271 HTTP/1.1" 200 30
190.171.154.42 - - [01/Apr/2020:12:34:56 -0300] "GET /cormun/servlet/solicitudot?2a4386e0218bc8005ae3a33619ca080c76d7215584dd41ca51e9f796aa832357,gx-no-cache=1585754884804 HTTP/1.1" 200 29
201.239.213.91 - - [01/Apr/2020:12:34:56 -0300] "POST /cormun/servlet/trlicencias?c4ec30fdd734512ee0000ba83aec1e23,,gx-no-cache=1585754883827 HTTP/1.1" 200 4457
46.174.191.29 - - [01/Apr/2020:12:35:02 -0300] "GET / HTTP/1.0" 200 11197
192.168.10.89 - - [01/Apr/2020:12:35:22 -0300] "GET /cormun/servlet/hlogin HTTP/1.1" 200 1744
192.168.10.89 - - [01/Apr/2020:12:35:33 -0300] "POST /cormun/servlet/hlogin?27b4b3680a6edc1b0e49fedcf6e903c1,gx-no-cache=1585758400051 HTTP/1.1" 200 90
192.168.10.89 - - [01/Apr/2020:12:35:33 -0300] "GET /cormun/servlet/hpexe_link HTTP/1.1" 200 960
192.168.10.89 - - [01/Apr/2020:12:35:33 -0300] "GET /cormun/servlet/trsolicitudgral? HTTP/1.1" 200 11993
192.168.10.89 - - [01/Apr/2020:12:35:34 -0300] "GET /cormun/servlet/trsolicitudgral? HTTP/1.1" 200 11992
190.171.154.42 - - [01/Apr/2020:12:35:37 -0300] "POST /cormun/servlet/solicitudot?gx-no-cache=1585754925423 HTTP/1.1" 200 255
190.171.154.42 - - [01/Apr/2020:12:35:40 -0300] "GET /cormun/servlet/solicitudot?2a4386e0218bc8005ae3a33619ca080cac9908a0e75a1f4bc0901d6e1a4332d9c34ac0e1b2caf405fcab79064283886df07873ee5839b70e5e241cd0545ed69a3d1fbef64a7fe309b1f1cfae202b3e29033c5d0dfc8f9eaa117ab3575579e84be61c016999fc9f0642e13a9bbf0cf33dccb77abc6b41ea21710b7e2f52618329894f5c15c4a116f55c97b78bc00cf6f39e1a116f0029893877b502042c11487743fc990caf86987005c59bbb454f972afe6219ea4ea58bf911cba35e06065ae04447fd1e147a4dc73843542c729b5fec6e75757b9bbd6e1f2745cda495d9eac193a214027e4427fab717fce59aabaf0941e499a09915dce543b1cb9b5adee3e90eba07625237490e0399a1921bba8b27b4deda89760a65baacd02ceca7b75d925bf5dacd13a8ab81ed199bde9d90cfcf0d68e60d1a020a3a2ea29350a145ae737659eb22f1564a241874c647b4650e6fd2abe2e696e34ec0b8cb0b76afafab45e760ffc0807a93e33af24a0d3b0046b8dfb441ba51571c9789dd5b962e8969f2,gx-no-cache=1585754928431 HTTP/1.1" 200 30
192.168.10.89 - - [01/Apr/2020:12:35:42 -0300] "GET /cormun/servlet/trsecurityuser01? HTTP/1.1" 200 12489
192.168.10.89 - - [01/Apr/2020:12:35:42 -0300] "GET /cormun/static/gxcfg.js?201991419585080 HTTP/1.1" 304 -
192.168.10.89 - - [01/Apr/2020:12:35:42 -0300] "GET /cormun/servlet/trsecurityuser01? HTTP/1.1" 200 12490
190.171.154.42 - - [01/Apr/2020:12:35:45 -0300] "POST /cormun/servlet/solicitudot?gx-no-cache=1585754933503 HTTP/1.1" 200 30
192.168.10.89 - - [01/Apr/2020:12:35:47 -0300] "POST /cormun/servlet/trsecurityuser01?27b4b3680a6edc1b0e49fedcf6e903c1,,gx-no-cache=1585758413414 HTTP/1.1" 200 5191
190.171.154.42 - - [01/Apr/2020:12:35:49 -0300] "POST /cormun/servlet/solicitudot?gx-no-cache=1585754937760 HTTP/1.1" 200 1379
190.171.154.42 - - [01/Apr/2020:12:35:49 -0300] "POST /cormun/servlet/solicitudot?gx-no-cache=1585754937901 HTTP/1.1" 200 38
192.168.10.89 - - [01/Apr/2020:12:35:49 -0300] "GET /cormun/servlet/securityusers?UPD,15, HTTP/1.1" 200 8062
192.168.10.89 - - [01/Apr/2020:12:35:50 -0300] "GET /cormun/static/gxcfg.js?202012150861 HTTP/1.1" 304 -
192.168.10.89 - - [01/Apr/2020:12:35:50 -0300] "GET /cormun/servlet/securityusers?UPD,15, HTTP/1.1" 200 8068
192.168.10.89 - - [01/Apr/2020:12:36:11 -0300] "GET /cormun/servlet/hlogin HTTP/1.1" 200 1748
192.168.10.89 - - [01/Apr/2020:12:36:22 -0300] "POST /cormun/servlet/hlogin?27b4b3680a6edc1b0e49fedcf6e903c1,gx-no-cache=1585758448603 HTTP/1.1" 200 90
192.168.10.89 - - [01/Apr/2020:12:36:22 -0300] "GET /cormun/servlet/hpexe_link HTTP/1.1" 200 952
192.168.10.89 - - [01/Apr/2020:12:36:22 -0300] "GET /cormun/servlet/hhome HTTP/1.1" 200 4182
192.168.10.89 - - [01/Apr/2020:12:36:22 -0300] "GET /cormun/servlet/hhome HTTP/1.1" 200 4178
192.168.10.89 - - [01/Apr/2020:12:36:28 -0300] "GET /cormun/servlet/trsolicitudot? HTTP/1.1" 200 7400
192.168.10.89 - - [01/Apr/2020:12:36:28 -0300] "GET /cormun/static/gxcfg.js?201991910464971 HTTP/1.1" 304 -
192.168.10.89 - - [01/Apr/2020:12:36:28 -0300] "GET /cormun/static/trsolicitudot.js?201991910465845 HTTP/1.1" 304 -
192.168.10.89 - - [01/Apr/2020:12:36:28 -0300] "GET /cormun/servlet/trsolicitudot? HTTP/1.1" 200 7400
201.239.213.91 - - [01/Apr/2020:12:36:34 -0300] "GET /cormun/servlet/trlicencias? HTTP/1.1" 200 7314
201.239.213.91 - - [01/Apr/2020:12:36:35 -0300] "GET /cormun/servlet/trlicencias? HTTP/1.1" 200 7314
201.239.213.91 - - [01/Apr/2020:12:36:38 -0300] "GET /cormun/servlet/trlicencias? HTTP/1.1" 200 7314
201.239.213.91 - - [01/Apr/2020:12:36:38 -0300] "GET /cormun/servlet/trlicencias? HTTP/1.1" 200 7314
192.168.10.89 - - [01/Apr/2020:12:36:41 -0300] "GET /cormun/servlet/solicitudot?INS,0,0,false, HTTP/1.1" 200 15509
192.168.10.89 - - [01/Apr/2020:12:36:41 -0300] "GET /cormun/static/gxcfg.js?20203414241232 HTTP/1.1" 304 -
192.168.10.89 - - [01/Apr/2020:12:36:41 -0300] "GET /cormun/static/solicitudot.js?20203414242792 HTTP/1.1" 304 -
192.168.10.89 - - [01/Apr/2020:12:36:41 -0300] "GET /cormun/static/Resources/prompt.gif HTTP/1.1" 304 -
192.168.10.89 - - [01/Apr/2020:12:36:42 -0300] "GET /cormun/servlet/solicitudot?INS,0,0,false, HTTP/1.1" 200 15517
192.168.10.89 - - [01/Apr/2020:12:36:43 -0300] "GET /cormun/static/Resources/resize.gif HTTP/1.1" 304 -
192.168.10.89 - - [01/Apr/2020:12:36:43 -0300] "GET /cormun/static/Resources/PXTools/ClosePrompt.png HTTP/1.1" 304 -
192.168.10.89 - - [01/Apr/2020:12:36:44 -0300] "GET /cormun/servlet/prfichaempleado?,MD,,gxPopupLevel%3D0%3B HTTP/1.1" 200 9194
192.168.10.89 - - [01/Apr/2020:12:36:44 -0300] "GET /cormun/static/gxcfg.js?20201215571085 HTTP/1.1" 200 953
192.168.10.89 - - [01/Apr/2020:12:36:44 -0300] "GET /cormun/static/Resources/PXToolsMenuSearchCancel.png HTTP/1.1" 304 -
192.168.10.89 - - [01/Apr/2020:12:36:44 -0300] "GET /cormun/static/Resources/PXToolsMenuSearch.png HTTP/1.1" 304 -
192.168.10.89 - - [01/Apr/2020:12:36:44 -0300] "GET /cormun/static/prfichaempleado.js?20201215572193 HTTP/1.1" 200 16006
192.168.10.89 - - [01/Apr/2020:12:36:44 -0300] "GET /cormun/static/menusearch.js?20201214473581 HTTP/1.1" 304 -
192.168.10.89 - - [01/Apr/2020:12:36:44 -0300] "GET /cormun/static/hmpwkw011.js?20201215495555 HTTP/1.1" 304 -
201.239.213.91 - - [01/Apr/2020:12:36:47 -0300] "POST /cormun/servlet/trlicencias?c4ec30fdd734512ee0000ba83aec1e23,,gx-no-cache=1585754994363 HTTP/1.1" 200 101
201.239.213.91 - - [01/Apr/2020:12:36:47 -0300] "GET /cormun/Licencias-4619.xls HTTP/1.1" 200 4608
192.168.10.89 - - [01/Apr/2020:12:36:51 -0300] "POST /cormun/servlet/prfichaempleado?27b4b3680a6edc1b0e49fedcf6e903c1,,MD,,gxPopupLevel%3D0%3B,gx-no-cache=1585758478053 HTTP/1.1" 200 3168
190.171.154.42 - - [01/Apr/2020:12:36:56 -0300] "GET /cormun/servlet/solicitudot?2a4386e0218bc8005ae3a33619ca080ccefb3cbd0fe04eaeb778b9b7ac8ee3f5ef615a4d2fb19b7373667f952c8b89b2b94a0df78fa25588728497e75996720da1c4f26f9c0b45c0532319d8669a20cb3f3935c58f3755fec42850418a4ef566c5ae78011a8802700c5b342de56103a0,gx-no-cache=1585755004199 HTTP/1.1" 200 110
201.239.213.91 - - [01/Apr/2020:12:37:01 -0300] "GET /cormun/servlet/trlicencias? HTTP/1.1" 200 7314
201.239.213.91 - - [01/Apr/2020:12:37:02 -0300] "GET /cormun/servlet/trlicencias? HTTP/1.1" 200 7314
201.239.213.91 - - [01/Apr/2020:12:37:05 -0300] "GET /cormun/servlet/trsolicitudot? HTTP/1.1" 200 7551
201.239.213.91 - - [01/Apr/2020:12:37:06 -0300] "GET /cormun/servlet/trsolicitudot? HTTP/1.1" 200 7551
190.171.154.42 - - [01/Apr/2020:12:37:10 -0300] "POST /cormun/servlet/solicitudot?gx-no-cache=1585755018701 HTTP/1.1" 200 97
192.168.10.89 - - [01/Apr/2020:12:37:18 -0300] "POST /cormun/servlet/solicitudot?gx-no-cache=1585758504827 HTTP/1.1" 200 3567
192.168.10.89 - - [01/Apr/2020:12:37:18 -0300] "POST /cormun/servlet/solicitudot?27b4b3680a6edc1b0e49fedcf6e903c1,INS,0,0,false,,gx-no-cache=1585758505002 HTTP/1.1" 200 12224
192.168.10.89 - - [01/Apr/2020:12:37:20 -0300] "GET /cormun/servlet/solicitudot?ec9059f53b10d45b1fc618193fa621768a99ffcfc3082c289e1785a86e683033a9452002053166c06fbe57415c8dc8e5,gx-no-cache=1585758506564 HTTP/1.1" 200 30
190.171.154.42 - - [01/Apr/2020:12:37:20 -0300] "GET /cormun/servlet/solicitudot?2a4386e0218bc8005ae3a33619ca080cfa17280eaf7699b0fc2b6fce8337ee5f03e30e74c03a2c7ab8f502eb3bac2aa77dc3b0c04ce911bef49a751a2b5b6081ea9646beac5c8a809a010a23ee0db76455f9e4e8c51fd1a7c58f9397b71e26b640577a69b91c571a284fe9918a09b63c,gx-no-cache=1585755028325 HTTP/1.1" 200 29
190.171.154.42 - - [01/Apr/2020:12:37:20 -0300] "GET /cormun/static/menuarrow.gif HTTP/1.1" 404 1015
190.171.153.34 - - [01/Apr/2020:12:37:30 -0300] "GET /cormun/servlet/hlogin HTTP/1.1" 200 1733
201.239.213.91 - - [01/Apr/2020:12:37:33 -0300] "GET /cormun/servlet/trlicencias? HTTP/1.1" 200 7315
190.171.154.42 - - [01/Apr/2020:12:37:33 -0300] "GET /cormun/servlet/solicitudot?2a4386e0218bc8005ae3a33619ca080c5f88beffc6c7e44e6523eaf27d208d4d1509b0ae0caa1399cce0a375810497d2,gx-no-cache=1585755041179 HTTP/1.1" 200 134
190.171.154.42 - - [01/Apr/2020:12:37:33 -0300] "GET /cormun/static/Shared/jqueryui/images/ui-bg_flat_55_994d53_40x100.png HTTP/1.1" 404 1097
190.171.154.42 - - [01/Apr/2020:12:37:33 -0300] "GET /cormun/static/Shared/jqueryui/images/ui-icons_ebccce_256x240.png HTTP/1.1" 404 1089
201.239.213.91 - - [01/Apr/2020:12:37:33 -0300] "GET /cormun/servlet/trlicencias? HTTP/1.1" 200 7314
190.171.153.34 - - [01/Apr/2020:12:37:40 -0300] "POST /cormun/servlet/hlogin?87614ab304cbf1206da6d20435f4ae3b,gx-no-cache=1585755049064 HTTP/1.1" 200 90
190.171.153.34 - - [01/Apr/2020:12:37:41 -0300] "GET /cormun/servlet/hpexe_link HTTP/1.1" 200 961
190.171.153.34 - - [01/Apr/2020:12:37:41 -0300] "GET /cormun/servlet/trlicencias HTTP/1.1" 200 11562
190.171.153.34 - - [01/Apr/2020:12:37:42 -0300] "GET /cormun/servlet/trlicencias HTTP/1.1" 200 11560
190.171.154.42 - - [01/Apr/2020:12:37:50 -0300] "GET /cormun/servlet/solicitudot?2a4386e0218bc8005ae3a33619ca080cb20578532fa41ca0181e5754f1e532a31509b0ae0caa1399cce0a375810497d2,gx-no-cache=1585755058475 HTTP/1.1" 200 30
201.239.213.91 - - [01/Apr/2020:12:37:52 -0300] "GET /cormun/servlet/trlicencias? HTTP/1.1" 200 7314
201.239.213.91 - - [01/Apr/2020:12:37:52 -0300] "GET /cormun/servlet/trlicencias? HTTP/1.1" 200 7314
201.239.213.91 - - [01/Apr/2020:12:37:56 -0300] "GET /cormun/servlet/trsolicitudot? HTTP/1.1" 200 7551
201.239.213.91 - - [01/Apr/2020:12:37:56 -0300] "GET /cormun/servlet/trsolicitudot? HTTP/1.1" 200 7551
190.171.154.42 - - [01/Apr/2020:12:38:07 -0300] "POST /cormun/servlet/solicitudot?gx-no-cache=1585755075139 HTTP/1.1" 200 30
201.239.213.91 - - [01/Apr/2020:12:38:39 -0300] "GET /cormun/servlet/trlicencias? HTTP/1.1" 200 7315
201.239.213.91 - - [01/Apr/2020:12:38:39 -0300] "GET /cormun/servlet/trlicencias? HTTP/1.1" 200 7314
190.171.144.234 - - [01/Apr/2020:12:39:03 -0300] "GET /cormun/servlet/hlogin HTTP/1.1" 200 1736
190.171.144.234 - - [01/Apr/2020:12:39:03 -0300] "GET /cormun/static/gxtimezone.js?85251 HTTP/1.1" 200 5781
190.171.144.234 - - [01/Apr/2020:12:39:03 -0300] "GET /cormun/static/gxcfg.js?201910216285969 HTTP/1.1" 200 953
190.171.144.234 - - [01/Apr/2020:12:39:03 -0300] "GET /cormun/static/messages.spa.js?85251 HTTP/1.1" 200 30736
190.171.144.234 - - [01/Apr/2020:12:39:03 -0300] "GET /cormun/static/Resources/Logo2019_Grande.png HTTP/1.1" 200 31733
190.171.144.234 - - [01/Apr/2020:12:39:03 -0300] "GET /cormun/static/hlogin.js?201910216285995 HTTP/1.1" 200 2136
190.171.144.234 - - [01/Apr/2020:12:39:03 -0300] "GET /cormun/static/Resources/Spanish/PXTools.css?2294816 HTTP/1.1" 200 100853
190.171.144.234 - - [01/Apr/2020:12:39:03 -0300] "GET /cormun/static/gxgral.js?85251 HTTP/1.1" 200 384558
190.171.144.234 - - [01/Apr/2020:12:39:03 -0300] "GET /cormun/static/Resources/PXToolsLoginTop.png HTTP/1.1" 200 1337
190.171.144.234 - - [01/Apr/2020:12:39:03 -0300] "GET /cormun/static/Resources/PXToolsButtonLeft.png HTTP/1.1" 200 1310
190.171.144.234 - - [01/Apr/2020:12:39:03 -0300] "GET /cormun/static/Resources/PXToolsLoginBackground.png HTTP/1.1" 200 1164
190.171.144.234 - - [01/Apr/2020:12:39:03 -0300] "GET /cormun/static/Resources/PXToolsButtonRight.png HTTP/1.1" 200 1294
190.171.144.234 - - [01/Apr/2020:12:39:03 -0300] "GET /cormun/static/Resources/PXToolsLoginBottom.png HTTP/1.1" 200 1389
190.171.144.234 - - [01/Apr/2020:12:39:03 -0300] "GET /cormun/static/Resources/PXToolsButtonBackground.png HTTP/1.1" 200 1176
190.171.144.234 - - [01/Apr/2020:12:39:03 -0300] "GET /cormun/static/Resources/indicator.gif HTTP/1.1" 200 1553
190.171.144.234 - - [01/Apr/2020:12:39:03 -0300] "GET /cormun/servlet/hlogin HTTP/1.1" 200 1739
190.171.144.234 - - [01/Apr/2020:12:39:03 -0300] "GET /favicon.ico HTTP/1.1" 200 21630
190.171.154.42 - - [01/Apr/2020:12:39:05 -0300] "POST /cormun/servlet/solicitudot?7461a36973a0e84f17231122455cdce2,INS,0,0,false,,gx-no-cache=1585755133088 HTTP/1.1" 200 93
190.171.154.42 - - [01/Apr/2020:12:39:05 -0300] "GET /cormun/servlet/hpexe_return? HTTP/1.1" 200 1009
190.171.154.42 - - [01/Apr/2020:12:39:06 -0300] "GET /cormun/servlet/trsolicitudot HTTP/1.1" 200 8900
190.171.154.42 - - [01/Apr/2020:12:39:08 -0300] "GET /cormun//static/Resources/PXToolsActionView.png HTTP/1.1" 200 398
190.171.154.42 - - [01/Apr/2020:12:39:08 -0300] "GET /cormun/servlet/trsolicitudot HTTP/1.1" 200 8898
190.171.154.42 - - [01/Apr/2020:12:39:08 -0300] "GET /cormun//static/Resources/PXToolsRemoveAllAction.png HTTP/1.1" 200 487
190.171.154.42 - - [01/Apr/2020:12:39:17 -0300] "POST /cormun/servlet/trsolicitudot?7461a36973a0e84f17231122455cdce2,gx-no-cache=1585755145631 HTTP/1.1" 200 5989
192.168.10.89 - - [01/Apr/2020:12:39:27 -0300] "GET /cormun/servlet/solicitudot?ec9059f53b10d45b1fc618193fa62176df412d2ce4757bca4559f080a4dd06256236f9470667ba62ab9632b6b280af94,gx-no-cache=1585758633683 HTTP/1.1" 200 30
192.168.10.89 - - [01/Apr/2020:12:39:31 -0300] "POST /cormun/servlet/solicitudot?27b4b3680a6edc1b0e49fedcf6e903c1,INS,0,0,false,,gx-no-cache=1585758638155 HTTP/1.1" 200 12606
192.168.10.89 - - [01/Apr/2020:12:39:31 -0300] "GET /cormun/static/Shared/jqueryui/images/ui-bg_highlight-soft_100_c6c2c8_1x100.png HTTP/1.1" 404 1117
192.168.10.89 - - [01/Apr/2020:12:39:31 -0300] "GET /cormun/static/Shared/jqueryui/images/ui-icons_ebccce_256x240.png HTTP/1.1" 404 1089
192.168.10.89 - - [01/Apr/2020:12:39:31 -0300] "GET /cormun/static/Shared/jqueryui/images/ui-icons_82798d_256x240.png HTTP/1.1" 404 1089
192.168.10.89 - - [01/Apr/2020:12:39:31 -0300] "GET /cormun/static/Shared/jqueryui/images/ui-bg_flat_55_994d53_40x100.png HTTP/1.1" 404 1097
201.239.213.91 - - [01/Apr/2020:12:39:33 -0300] "GET /cormun/servlet/hlogin HTTP/1.1" 200 1727
192.168.10.89 - - [01/Apr/2020:12:39:34 -0300] "GET /cormun/servlet/solicitudot?ec9059f53b10d45b1fc618193fa621763fc96c333d6869f00d5189728e5aa2e31490c3285be9c51058bd7faf6679a7f3ca88fa5a691bda6b323df30eb6ca2c45bb531d6299cdb1ff2a708b2f7784655fe76820f9c1a16b050c92150c1ffe4cac,gx-no-cache=1585758640579 HTTP/1.1" 200 70
201.239.213.91 - - [01/Apr/2020:12:39:46 -0300] "POST /cormun/servlet/hlogin?c4ec30fdd734512ee0000ba83aec1e23,gx-no-cache=1585755173922 HTTP/1.1" 200 90
201.239.213.91 - - [01/Apr/2020:12:39:46 -0300] "GET /cormun/servlet/hpexe_link HTTP/1.1" 200 952
201.239.213.91 - - [01/Apr/2020:12:39:47 -0300] "GET /cormun/servlet/trlicencias HTTP/1.1" 200 7316
201.239.213.91 - - [01/Apr/2020:12:39:47 -0300] "GET /cormun/servlet/trlicencias HTTP/1.1" 200 7314
201.239.213.91 - - [01/Apr/2020:12:39:52 -0300] "GET /cormun/servlet/trlicencias? HTTP/1.1" 200 7314
201.239.213.91 - - [01/Apr/2020:12:39:53 -0300] "GET /cormun/servlet/trlicencias? HTTP/1.1" 200 7314
192.168.10.89 - - [01/Apr/2020:12:39:55 -0300] "POST /cormun/servlet/solicitudot?gx-no-cache=1585758661984 HTTP/1.1" 200 297
192.168.10.89 - - [01/Apr/2020:12:40:01 -0300] "POST /cormun/servlet/solicitudot?gx-no-cache=1585758668424 HTTP/1.1" 200 255
192.168.10.89 - - [01/Apr/2020:12:40:03 -0300] "GET /cormun/servlet/solicitudot?ec9059f53b10d45b1fc618193fa62176440e1f3c3b080a326dff0f64463fae356551b2d8eb83eeb9d0a1c44bc719791a3b3dc702fb85359bce8c6c59ec842c91302e42e0a223650426c451d7a9e8d687f72a11e27ee20be9c2594f7d2f8b31a7f547086a91923d51f6052f647cea42d3a05f352f433207a9ddd162ab1f61438950f81b0aceff7169613914581bc81d67a563db8545f8af99c17d2599231060eb007fbe0cd1a6d199fb377c11d9884481a8f29ca78c8dd8c8c30426db2b5650a5b1e066be3d3b43d57d631498cc32e2aca4df266a715fff0a801f5c6cb672871ab55d36cf7ca7ab9cf79220a90073c1fc3942b95aae0b3cc6b0f54fd54cf47c4643f4339a5e8b05439aea0bfa2d7aa2be62a6fbebc51495fc83acec0f4e4133b126b7c99a85a452a678e0172973f9a0301dc97aa0f180177e6c9b1b89585929c763e730a65b99e25b68e5abd421849662d7a346ee0f827243e2ce45e5d56d74979e4a7634c2129bc425fb2abb8c6cbda96cdfb5ebb01d94d49d8e609d5acf154a,gx-no-cache=1585758669629 HTTP/1.1" 200 30
192.168.10.89 - - [01/Apr/2020:12:40:05 -0300] "POST /cormun/servlet/solicitudot?gx-no-cache=1585758671481 HTTP/1.1" 200 30
192.168.10.89 - - [01/Apr/2020:12:40:07 -0300] "GET /cormun/servlet/prcontratosol?8350224,,,,,MD,,gxPopupLevel%3D0%3B HTTP/1.1" 200 7812
192.168.10.89 - - [01/Apr/2020:12:40:07 -0300] "GET /cormun/static/gxcfg.js?2019914201458 HTTP/1.1" 200 953
192.168.10.89 - - [01/Apr/2020:12:40:08 -0300] "GET /cormun/static/prcontratosol.js?20199142014772 HTTP/1.1" 200 15806
192.168.10.89 - - [01/Apr/2020:12:40:09 -0300] "POST /cormun/servlet/acontrolpreferencessavestate?None,BQUINTANILLA,true HTTP/1.1" 200 35
192.168.10.89 - - [01/Apr/2020:12:40:11 -0300] "POST /cormun/servlet/solicitudot?gx-no-cache=1585758677887 HTTP/1.1" 200 1464
192.168.10.89 - - [01/Apr/2020:12:40:11 -0300] "POST /cormun/servlet/solicitudot?gx-no-cache=1585758677922 HTTP/1.1" 200 117
192.168.10.89 - - [01/Apr/2020:12:40:11 -0300] "GET /cormun/servlet/solicitudot?ec9059f53b10d45b1fc618193fa6217690bd4f5d4abe90652d32c223c0c619fcdd8bb3255965d2edcf2d6dd540a130928f755fd75b9a8e0e12881813d385764160e365e7d6da2b899f5f6a7e53a80b4308fdc80f5647fcf9e868bfb76d244689b3ce941caef97f881d5a0b4361ae485e,gx-no-cache=1585758677943 HTTP/1.1" 200 110
192.168.10.89 - - [01/Apr/2020:12:40:11 -0300] "POST /cormun/servlet/solicitudot?gx-no-cache=1585758677962 HTTP/1.1" 200 64
192.168.10.89 - - [01/Apr/2020:12:40:11 -0300] "GET /cormun/servlet/solicitudot?ec9059f53b10d45b1fc618193fa621767b3f8fb3d189136ce5807e091eca2ed6e816c2b81bf49748abe521c334767b8e0a60c4fa4a685f937141a748134401f7f970651656e3223c0bf0f590bb5ac22b348344a10b73831dec7e738a39c3056172fdae61ac9b1de3e63e38dd2e19af0c,gx-no-cache=1585758677991 HTTP/1.1" 200 29
192.168.10.89 - - [01/Apr/2020:12:40:11 -0300] "GET /cormun/servlet/solicitudot?ec9059f53b10d45b1fc618193fa62176b984fd153ee5e23dae3208f4b530f298202e09a1df8eea53ba48abf3c261c573,gx-no-cache=1585758678011 HTTP/1.1" 200 134
201.239.213.91 - - [01/Apr/2020:12:40:35 -0300] "GET /cormun/servlet/trlicencias HTTP/1.1" 200 7316
192.168.10.89 - - [01/Apr/2020:12:40:35 -0300] "POST /cormun/servlet/solicitudot?gx-no-cache=1585758702356 HTTP/1.1" 200 1382
201.239.213.91 - - [01/Apr/2020:12:40:36 -0300] "GET /cormun/servlet/trlicencias HTTP/1.1" 200 7314
192.168.10.89 - - [01/Apr/2020:12:40:37 -0300] "GET /cormun/servlet/prlicenciaspermisos?13370365,L,,MD,,gxPopupLevel%3D0%3B HTTP/1.1" 200 5970
192.168.10.89 - - [01/Apr/2020:12:40:37 -0300] "GET /cormun/static/gxcfg.js?2020121559567 HTTP/1.1" 200 953
192.168.10.89 - - [01/Apr/2020:12:40:37 -0300] "GET /cormun/static/prlicenciaspermisos.js?2020121559821 HTTP/1.1" 200 13379
201.239.213.91 - - [01/Apr/2020:12:40:38 -0300] "GET /cormun/servlet/hlogin HTTP/1.1" 200 1727
192.168.10.89 - - [01/Apr/2020:12:40:38 -0300] "POST /cormun/servlet/acontrolpreferencessavestate?None,BQUINTANILLA,true HTTP/1.1" 200 35
192.168.10.89 - - [01/Apr/2020:12:40:42 -0300] "POST /cormun/servlet/solicitudot?gx-no-cache=1585758708746 HTTP/1.1" 200 40
201.239.213.91 - - [01/Apr/2020:12:40:45 -0300] "POST /cormun/servlet/hlogin?c4ec30fdd734512ee0000ba83aec1e23,gx-no-cache=1585755232425 HTTP/1.1" 200 90
201.239.213.91 - - [01/Apr/2020:12:40:45 -0300] "GET /cormun/servlet/hpexe_link HTTP/1.1" 200 952
201.239.213.91 - - [01/Apr/2020:12:40:45 -0300] "GET /cormun/servlet/trlicencias HTTP/1.1" 200 7316
201.239.213.91 - - [01/Apr/2020:12:40:45 -0300] "GET /cormun/servlet/trlicencias HTTP/1.1" 200 7314
201.239.213.91 - - [01/Apr/2020:12:40:50 -0300] "GET /cormun/servlet/trsolicitudot? HTTP/1.1" 200 7551
201.239.213.91 - - [01/Apr/2020:12:40:50 -0300] "GET /cormun/servlet/trsolicitudot? HTTP/1.1" 200 7551
192.168.10.89 - - [01/Apr/2020:12:40:55 -0300] "GET /cormun/servlet/solicitudot?ec9059f53b10d45b1fc618193fa6217690bd4f5d4abe90652d32c223c0c619fcdd8bb3255965d2edcf2d6dd540a130928f755fd75b9a8e0e12881813d385764160e365e7d6da2b899f5f6a7e53a80b4308fdc80f5647fcf9e868bfb76d244689b3ce941caef97f881d5a0b4361ae485e,gx-no-cache=1585758721967 HTTP/1.1" 200 110
201.239.213.91 - - [01/Apr/2020:12:40:56 -0300] "GET /cormun/servlet/trsolicitudot? HTTP/1.1" 200 7551
201.239.213.91 - - [01/Apr/2020:12:40:56 -0300] "GET /cormun/servlet/trsolicitudot? HTTP/1.1" 200 7551
192.168.10.89 - - [01/Apr/2020:12:40:59 -0300] "POST /cormun/servlet/solicitudot?gx-no-cache=1585758725554 HTTP/1.1" 200 97
201.239.213.91 - - [01/Apr/2020:12:41:11 -0300] "GET /cormun/servlet/solicitudot?INS,0,0,false, HTTP/1.1" 200 15662
201.239.213.91 - - [01/Apr/2020:12:41:12 -0300] "GET /cormun/servlet/solicitudot?INS,0,0,false, HTTP/1.1" 200 15670
201.239.213.91 - - [01/Apr/2020:12:41:24 -0300] "POST /cormun/servlet/solicitudot?gx-no-cache=1585755271579 HTTP/1.1" 200 3669
201.239.213.91 - - [01/Apr/2020:12:41:24 -0300] "POST /cormun/servlet/solicitudot?c4ec30fdd734512ee0000ba83aec1e23,INS,0,0,false,,gx-no-cache=1585755271894 HTTP/1.1" 200 12327
201.239.213.91 - - [01/Apr/2020:12:41:29 -0300] "GET /cormun/servlet/solicitudot?75512f9099289440caa831f38a108ca71d4c39b9f406faf32db58e46d156c5bbfcdbe62e3df6bc7f3aa06b41d33782a6,gx-no-cache=1585755276964 HTTP/1.1" 200 30
201.239.213.91 - - [01/Apr/2020:12:41:29 -0300] "GET /cormun/servlet/solicitudot?75512f9099289440caa831f38a108ca79212946dad7a3973aff978e02b7fec0f9147ef96fad53e1d75ac630498f4c24c1ee8f7aeb8c7f95ff3e95a19dbda9663,gx-no-cache=1585755277036 HTTP/1.1" 200 30
201.239.213.91 - - [01/Apr/2020:12:41:29 -0300] "GET /cormun/servlet/solicitudot?75512f9099289440caa831f38a108ca75604e3b25c898977e4535a165019f0e3,gx-no-cache=1585755277078 HTTP/1.1" 200 60
201.239.213.91 - - [01/Apr/2020:12:41:29 -0300] "POST /cormun/servlet/solicitudot?gx-no-cache=1585755277124 HTTP/1.1" 200 255
201.239.213.91 - - [01/Apr/2020:12:41:29 -0300] "GET /cormun/servlet/solicitudot?75512f9099289440caa831f38a108ca7f4a7f763278d0b531b93af2c823c061a9327f48fac587ecb96d263454f18dfbf0643b43e3ed76d60ba1badd2b56a391fe6322404580404a1446c9d177e7fe0f0bf603a96401aa8d3a986169d1283f3608c7d9e84f983943e1ecbd6689a13d78242590fca0c4c9a2c3866fac560a1d2977d1a6dfabf7529b9f89caa03aeeeb3a821dbdf724cbc9c2d6844670572c7ebe669de53800c5d4c76e727841b0196bc43e9796a7cc38b27de523d1586b78a6c1722f84840bd4df19d6e4ed6e4ed051ae6aa27bffc711fd02a5b8dc80e8bf2e59a00f56808e6c54051e88dc0f6c34a385896ebc79589df903dfbddd79d7f0d406f8eb85e30693e21c470a9708aa6e9a1a558ca9fa4b9a52ff1b64212a7717a38ff427583b18a99097ac7840e38cae9c15a453e67343694b4473032c433ba668f40dbc778c693f797a376ba3c4cc02219bfee66dba48746c25811a005fb996da774ed2a47e3d7c1d549adf4e2955d1e80e7ad00911d2b66054cbd3af787a67460a9,gx-no-cache=1585755277180 HTTP/1.1" 200 30
192.168.10.89 - - [01/Apr/2020:12:41:37 -0300] "GET /cormun/servlet/solicitudot?ec9059f53b10d45b1fc618193fa62176b984fd153ee5e23dae3208f4b530f2985ecb31ccd921056360d8a72ef8565ef5,gx-no-cache=1585758763987 HTTP/1.1" 200 134
192.168.10.89 - - [01/Apr/2020:12:41:52 -0300] "GET /cormun/servlet/solicitudot?ec9059f53b10d45b1fc618193fa621765fa230d1dece3e9c5c7d68dea51030b8789715a19e9f21c9b0b8b3838698f83f,gx-no-cache=1585758778627 HTTP/1.1" 200 30
201.239.213.91 - - [01/Apr/2020:12:42:10 -0300] "GET /cormun/servlet/trlicencias? HTTP/1.1" 200 7321
201.239.213.91 - - [01/Apr/2020:12:42:11 -0300] "GET /cormun/servlet/trlicencias? HTTP/1.1" 200 7314
201.239.213.91 - - [01/Apr/2020:12:42:18 -0300] "POST /cormun/servlet/trlicencias?c4ec30fdd734512ee0000ba83aec1e23,,gx-no-cache=1585755325996 HTTP/1.1" 200 4461
201.239.213.91 - - [01/Apr/2020:12:42:20 -0300] "POST /cormun/servlet/trlicencias?c4ec30fdd734512ee0000ba83aec1e23,,gx-no-cache=1585755327592 HTTP/1.1" 200 4461
201.239.213.91 - - [01/Apr/2020:12:42:49 -0300] "POST /cormun/servlet/trlicencias?c4ec30fdd734512ee0000ba83aec1e23,,gx-no-cache=1585755356400 HTTP/1.1" 200 12239
192.168.10.89 - - [01/Apr/2020:12:43:50 -0300] "POST /cormun/servlet/solicitudot?gx-no-cache=1585758897369 HTTP/1.1" 200 122
192.168.10.89 - - [01/Apr/2020:12:43:58 -0300] "GET /cormun/servlet/prlicenciaspermisos?13370365,L,,MD,,gxPopupLevel%3D0%3B HTTP/1.1" 200 5973
192.168.10.89 - - [01/Apr/2020:12:44:07 -0300] "POST /cormun/servlet/solicitudot?gx-no-cache=1585758914352 HTTP/1.1" 200 41
192.168.10.89 - - [01/Apr/2020:12:44:08 -0300] "GET /cormun/servlet/solicitudot?ec9059f53b10d45b1fc618193fa6217690bd4f5d4abe90652d32c223c0c619fcdd8bb3255965d2edcf2d6dd540a130928f755fd75b9a8e0e12881813d385764160e365e7d6da2b899f5f6a7e53a80b4308fdc80f5647fcf9e868bfb76d244689b3ce941caef97f881d5a0b4361ae485e,gx-no-cache=1585758914762 HTTP/1.1" 200 110
192.168.10.89 - - [01/Apr/2020:12:44:09 -0300] "GET /cormun/servlet/solicitudot?ec9059f53b10d45b1fc618193fa621767b3f8fb3d189136ce5807e091eca2ed6e816c2b81bf49748abe521c334767b8e0a60c4fa4a685f937141a748134401f7f970651656e3223c0bf0f590bb5ac22b348344a10b73831dec7e738a39c3056172fdae61ac9b1de3e63e38dd2e19af0c,gx-no-cache=1585758916303 HTTP/1.1" 200 29
192.168.10.89 - - [01/Apr/2020:12:44:10 -0300] "GET /cormun/servlet/solicitudot?ec9059f53b10d45b1fc618193fa621765fa230d1dece3e9c5c7d68dea51030b8202e09a1df8eea53ba48abf3c261c573,gx-no-cache=1585758916766 HTTP/1.1" 200 30
192.168.10.89 - - [01/Apr/2020:12:44:10 -0300] "POST /cormun/servlet/solicitudot?gx-no-cache=1585758917247 HTTP/1.1" 200 32
192.168.10.89 - - [01/Apr/2020:12:44:14 -0300] "POST /cormun/servlet/solicitudot?27b4b3680a6edc1b0e49fedcf6e903c1,INS,0,0,false,,gx-no-cache=1585758920766 HTTP/1.1" 200 93
192.168.10.89 - - [01/Apr/2020:12:44:14 -0300] "GET /cormun/servlet/hpexe_return? HTTP/1.1" 200 1009
192.168.10.89 - - [01/Apr/2020:12:44:14 -0300] "GET /cormun/static/gxcfg.js?201991422392976 HTTP/1.1" 304 -
192.168.10.89 - - [01/Apr/2020:12:44:14 -0300] "GET /cormun/servlet/trsolicitudot HTTP/1.1" 200 8841
192.168.10.89 - - [01/Apr/2020:12:44:15 -0300] "GET /cormun//static/Resources/PXTools/ActionInsert.png HTTP/1.1" 304 -
192.168.10.89 - - [01/Apr/2020:12:44:15 -0300] "GET /cormun//static/Resources/PXToolsActionView.png HTTP/1.1" 304 -
192.168.10.89 - - [01/Apr/2020:12:44:15 -0300] "GET /cormun//static/Resources/PXToolsRemoveAllAction.png HTTP/1.1" 304 -
192.168.10.89 - - [01/Apr/2020:12:44:15 -0300] "GET /cormun/servlet/trsolicitudot HTTP/1.1" 200 8836
192.168.10.89 - - [01/Apr/2020:12:44:21 -0300] "POST /cormun/servlet/trsolicitudot?27b4b3680a6edc1b0e49fedcf6e903c1,gx-no-cache=1585758927927 HTTP/1.1" 200 4872
192.168.10.89 - - [01/Apr/2020:12:44:21 -0300] "GET /cormun/static/Shared/jqueryui/images/ui-icons_82798d_256x240.png HTTP/1.1" 404 1089
192.168.10.89 - - [01/Apr/2020:12:44:21 -0300] "GET /cormun/static/Shared/jqueryui/images/ui-bg_highlight-soft_100_c6c2c8_1x100.png HTTP/1.1" 404 1117
192.168.10.89 - - [01/Apr/2020:12:44:21 -0300] "GET /cormun/static/Shared/jqueryui/images/ui-bg_flat_55_fafafa_40x100.png HTTP/1.1" 404 1097
192.168.10.89 - - [01/Apr/2020:12:44:21 -0300] "GET /cormun/static/Shared/jqueryui/images/ui-icons_8d78a5_256x240.png HTTP/1.1" 404 1089
192.168.10.89 - - [01/Apr/2020:12:44:21 -0300] "POST /cormun/servlet/trsolicitudot?27b4b3680a6edc1b0e49fedcf6e903c1,gx-no-cache=1585758928148 HTTP/1.1" 200 4619
192.168.10.89 - - [01/Apr/2020:12:44:24 -0300] "GET /cormun/servlet/trautorizarsolicitud? HTTP/1.1" 200 8725
192.168.10.89 - - [01/Apr/2020:12:44:24 -0300] "GET /cormun/static/gxcfg.js?201991422414522 HTTP/1.1" 304 -
192.168.10.89 - - [01/Apr/2020:12:44:24 -0300] "GET /cormun/static/trautorizarsolicitud.js?201991422415463 HTTP/1.1" 304 -
192.168.10.89 - - [01/Apr/2020:12:44:24 -0300] "GET /cormun/servlet/trautorizarsolicitud? HTTP/1.1" 200 8724
192.168.10.89 - - [01/Apr/2020:12:44:26 -0300] "POST /cormun/servlet/trautorizarsolicitud?27b4b3680a6edc1b0e49fedcf6e903c1,,gx-no-cache=1585758932483 HTTP/1.1" 200 4799
192.168.10.89 - - [01/Apr/2020:12:44:26 -0300] "GET /cormun/static/Shared/jqueryui/images/ui-icons_82798d_256x240.png HTTP/1.1" 404 1089
192.168.10.89 - - [01/Apr/2020:12:44:26 -0300] "GET /cormun/static/Shared/jqueryui/images/ui-bg_highlight-soft_100_c6c2c8_1x100.png HTTP/1.1" 404 1117
192.168.10.89 - - [01/Apr/2020:12:44:26 -0300] "GET /cormun/static/Shared/jqueryui/images/ui-icons_8d78a5_256x240.png HTTP/1.1" 404 1089
192.168.10.89 - - [01/Apr/2020:12:44:26 -0300] "GET /cormun/static/Shared/jqueryui/images/ui-bg_flat_55_fafafa_40x100.png HTTP/1.1" 404 1097
192.168.10.89 - - [01/Apr/2020:12:44:26 -0300] "POST /cormun/servlet/trautorizarsolicitud?27b4b3680a6edc1b0e49fedcf6e903c1,,gx-no-cache=1585758932678 HTTP/1.1" 200 4547
201.239.213.91 - - [01/Apr/2020:12:45:57 -0300] "GET /cormun/servlet/trsolicitudot? HTTP/1.1" 200 7551
201.239.213.91 - - [01/Apr/2020:12:45:57 -0300] "GET /cormun/servlet/trsolicitudot? HTTP/1.1" 200 7551
201.239.213.91 - - [01/Apr/2020:12:46:02 -0300] "GET /cormun/servlet/solicitudot?INS,0,0,false, HTTP/1.1" 200 15662
201.239.213.91 - - [01/Apr/2020:12:46:02 -0300] "GET /cormun/servlet/solicitudot?INS,0,0,false, HTTP/1.1" 200 15670
201.239.213.91 - - [01/Apr/2020:12:46:10 -0300] "POST /cormun/servlet/solicitudot?gx-no-cache=1585755557943 HTTP/1.1" 200 3641
201.239.213.91 - - [01/Apr/2020:12:46:10 -0300] "GET /cormun/static/Shared/jqueryui/images/ui-bg_highlight-soft_100_c6c2c8_1x100.png HTTP/1.1" 404 1117
201.239.213.91 - - [01/Apr/2020:12:46:10 -0300] "GET /cormun/static/Shared/jqueryui/images/ui-icons_82798d_256x240.png HTTP/1.1" 404 1089
201.239.213.91 - - [01/Apr/2020:12:46:10 -0300] "GET /cormun/static/Shared/jqueryui/images/ui-bg_flat_55_994d53_40x100.png HTTP/1.1" 404 1097
201.239.213.91 - - [01/Apr/2020:12:46:10 -0300] "GET /cormun/static/Shared/jqueryui/images/ui-icons_ebccce_256x240.png HTTP/1.1" 404 1089
201.239.213.91 - - [01/Apr/2020:12:46:44 -0300] "GET /cormun/servlet/trsolicitudot? HTTP/1.1" 200 7552
201.239.213.91 - - [01/Apr/2020:12:46:44 -0300] "GET /cormun/servlet/trsolicitudot? HTTP/1.1" 200 7551
201.239.213.91 - - [01/Apr/2020:12:46:47 -0300] "GET /cormun/servlet/solicitudot?INS,0,0,false, HTTP/1.1" 200 15662
201.239.213.91 - - [01/Apr/2020:12:46:47 -0300] "GET /cormun/servlet/solicitudot?INS,0,0,false, HTTP/1.1" 200 15670
201.239.213.91 - - [01/Apr/2020:12:47:00 -0300] "POST /cormun/servlet/solicitudot?gx-no-cache=1585755607223 HTTP/1.1" 200 3641
201.239.213.91 - - [01/Apr/2020:12:47:00 -0300] "GET /cormun/static/Shared/jqueryui/images/ui-bg_highlight-soft_100_c6c2c8_1x100.png HTTP/1.1" 404 1117
201.239.213.91 - - [01/Apr/2020:12:47:00 -0300] "GET /cormun/static/Shared/jqueryui/images/ui-icons_82798d_256x240.png HTTP/1.1" 404 1089
201.239.213.91 - - [01/Apr/2020:12:47:00 -0300] "GET /cormun/static/Shared/jqueryui/images/ui-bg_flat_55_994d53_40x100.png HTTP/1.1" 404 1097
201.239.213.91 - - [01/Apr/2020:12:47:00 -0300] "GET /cormun/static/Shared/jqueryui/images/ui-icons_ebccce_256x240.png HTTP/1.1" 404 1089
201.239.213.91 - - [01/Apr/2020:12:49:12 -0300] "GET /cormun/servlet/hlogin HTTP/1.1" 200 1727
192.168.10.89 - - [01/Apr/2020:12:55:41 -0300] "GET /cormun/servlet/hlogin HTTP/1.1" 200 1748
138.99.224.99 - - [01/Apr/2020:13:26:46 -0300] "GET /cormun/servlet/hlogin HTTP/1.1" 200 1736
