190.171.152.234 - - [10/Mar/2020:08:29:12 -0300] "POST /cormun/servlet/prfichaempleado?41586ed7a72b89409f494c3939dbb814,,MD,,gxPopupLevel%3D0%3B,gx-no-cache=1583839063199 HTTP/1.1" 200 6336
190.171.152.234 - - [10/Mar/2020:08:29:13 -0300] "POST /cormun/servlet/prfichaempleado?41586ed7a72b89409f494c3939dbb814,,MD,,gxPopupLevel%3D0%3B,gx-no-cache=1583839063950 HTTP/1.1" 200 6267
190.171.152.234 - - [10/Mar/2020:08:29:14 -0300] "POST /cormun/servlet/prfichaempleado?41586ed7a72b89409f494c3939dbb814,,MD,,gxPopupLevel%3D0%3B,gx-no-cache=1583839064843 HTTP/1.1" 200 6416
190.171.152.234 - - [10/Mar/2020:08:29:15 -0300] "POST /cormun/servlet/prfichaempleado?41586ed7a72b89409f494c3939dbb814,,MD,,gxPopupLevel%3D0%3B,gx-no-cache=1583839065779 HTTP/1.1" 200 6318
190.171.152.234 - - [10/Mar/2020:08:29:15 -0300] "POST /cormun/servlet/prfichaempleado?41586ed7a72b89409f494c3939dbb814,,MD,,gxPopupLevel%3D0%3B,gx-no-cache=1583839066542 HTTP/1.1" 200 6261
190.171.152.234 - - [10/Mar/2020:08:29:16 -0300] "POST /cormun/servlet/prfichaempleado?41586ed7a72b89409f494c3939dbb814,,MD,,gxPopupLevel%3D0%3B,gx-no-cache=1583839067443 HTTP/1.1" 200 6439
190.171.152.234 - - [10/Mar/2020:08:29:17 -0300] "POST /cormun/servlet/prfichaempleado?41586ed7a72b89409f494c3939dbb814,,MD,,gxPopupLevel%3D0%3B,gx-no-cache=1583839068253 HTTP/1.1" 200 6273
190.171.152.234 - - [10/Mar/2020:08:29:18 -0300] "POST /cormun/servlet/prfichaempleado?41586ed7a72b89409f494c3939dbb814,,MD,,gxPopupLevel%3D0%3B,gx-no-cache=1583839069041 HTTP/1.1" 200 6363
190.171.152.234 - - [10/Mar/2020:08:29:19 -0300] "POST /cormun/servlet/prfichaempleado?41586ed7a72b89409f494c3939dbb814,,MD,,gxPopupLevel%3D0%3B,gx-no-cache=1583839069846 HTTP/1.1" 200 6330
190.171.152.234 - - [10/Mar/2020:08:29:20 -0300] "POST /cormun/servlet/prfichaempleado?41586ed7a72b89409f494c3939dbb814,,MD,,gxPopupLevel%3D0%3B,gx-no-cache=1583839070635 HTTP/1.1" 200 6342
190.171.152.234 - - [10/Mar/2020:08:29:20 -0300] "POST /cormun/servlet/prfichaempleado?41586ed7a72b89409f494c3939dbb814,,MD,,gxPopupLevel%3D0%3B,gx-no-cache=1583839071429 HTTP/1.1" 200 6307
190.171.152.234 - - [10/Mar/2020:08:29:22 -0300] "POST /cormun/servlet/prfichaempleado?41586ed7a72b89409f494c3939dbb814,,MD,,gxPopupLevel%3D0%3B,gx-no-cache=1583839072620 HTTP/1.1" 200 6282
190.171.152.234 - - [10/Mar/2020:08:29:22 -0300] "POST /cormun/servlet/prfichaempleado?41586ed7a72b89409f494c3939dbb814,,MD,,gxPopupLevel%3D0%3B,gx-no-cache=1583839073431 HTTP/1.1" 200 6366
190.171.152.234 - - [10/Mar/2020:08:29:24 -0300] "POST /cormun/servlet/prfichaempleado?41586ed7a72b89409f494c3939dbb814,,MD,,gxPopupLevel%3D0%3B,gx-no-cache=1583839075133 HTTP/1.1" 200 6378
190.171.152.234 - - [10/Mar/2020:08:29:25 -0300] "POST /cormun/servlet/prfichaempleado?41586ed7a72b89409f494c3939dbb814,,MD,,gxPopupLevel%3D0%3B,gx-no-cache=1583839075957 HTTP/1.1" 200 6323
190.171.152.234 - - [10/Mar/2020:08:29:26 -0300] "POST /cormun/servlet/prfichaempleado?41586ed7a72b89409f494c3939dbb814,,MD,,gxPopupLevel%3D0%3B,gx-no-cache=1583839076949 HTTP/1.1" 200 6280
190.171.152.234 - - [10/Mar/2020:08:29:27 -0300] "POST /cormun/servlet/prfichaempleado?41586ed7a72b89409f494c3939dbb814,,MD,,gxPopupLevel%3D0%3B,gx-no-cache=1583839077806 HTTP/1.1" 200 6390
190.171.152.234 - - [10/Mar/2020:08:29:28 -0300] "POST /cormun/servlet/prfichaempleado?41586ed7a72b89409f494c3939dbb814,,MD,,gxPopupLevel%3D0%3B,gx-no-cache=1583839078684 HTTP/1.1" 200 6374
190.171.152.234 - - [10/Mar/2020:08:29:28 -0300] "POST /cormun/servlet/prfichaempleado?41586ed7a72b89409f494c3939dbb814,,MD,,gxPopupLevel%3D0%3B,gx-no-cache=1583839079559 HTTP/1.1" 200 6400
190.171.152.234 - - [10/Mar/2020:08:29:29 -0300] "POST /cormun/servlet/prfichaempleado?41586ed7a72b89409f494c3939dbb814,,MD,,gxPopupLevel%3D0%3B,gx-no-cache=1583839080406 HTTP/1.1" 200 6394
190.171.152.234 - - [10/Mar/2020:08:29:30 -0300] "POST /cormun/servlet/prfichaempleado?41586ed7a72b89409f494c3939dbb814,,MD,,gxPopupLevel%3D0%3B,gx-no-cache=1583839081318 HTTP/1.1" 200 6410
190.171.152.234 - - [10/Mar/2020:08:29:31 -0300] "POST /cormun/servlet/prfichaempleado?41586ed7a72b89409f494c3939dbb814,,MD,,gxPopupLevel%3D0%3B,gx-no-cache=1583839082204 HTTP/1.1" 200 6359
190.171.152.234 - - [10/Mar/2020:08:29:32 -0300] "POST /cormun/servlet/prfichaempleado?41586ed7a72b89409f494c3939dbb814,,MD,,gxPopupLevel%3D0%3B,gx-no-cache=1583839083117 HTTP/1.1" 200 6328
190.171.152.234 - - [10/Mar/2020:08:29:33 -0300] "POST /cormun/servlet/prfichaempleado?41586ed7a72b89409f494c3939dbb814,,MD,,gxPopupLevel%3D0%3B,gx-no-cache=1583839084076 HTTP/1.1" 200 6375
190.171.152.234 - - [10/Mar/2020:08:29:34 -0300] "POST /cormun/servlet/prfichaempleado?41586ed7a72b89409f494c3939dbb814,,MD,,gxPopupLevel%3D0%3B,gx-no-cache=1583839084948 HTTP/1.1" 200 6245
190.171.152.234 - - [10/Mar/2020:08:29:35 -0300] "POST /cormun/servlet/prfichaempleado?41586ed7a72b89409f494c3939dbb814,,MD,,gxPopupLevel%3D0%3B,gx-no-cache=1583839085973 HTTP/1.1" 200 6281
190.171.152.234 - - [10/Mar/2020:08:29:36 -0300] "POST /cormun/servlet/prfichaempleado?41586ed7a72b89409f494c3939dbb814,,MD,,gxPopupLevel%3D0%3B,gx-no-cache=1583839086868 HTTP/1.1" 200 6278
190.171.152.234 - - [10/Mar/2020:08:29:37 -0300] "POST /cormun/servlet/prfichaempleado?41586ed7a72b89409f494c3939dbb814,,MD,,gxPopupLevel%3D0%3B,gx-no-cache=1583839087748 HTTP/1.1" 200 6366
190.171.152.234 - - [10/Mar/2020:08:29:38 -0300] "POST /cormun/servlet/prfichaempleado?41586ed7a72b89409f494c3939dbb814,,MD,,gxPopupLevel%3D0%3B,gx-no-cache=1583839088661 HTTP/1.1" 200 6401
190.171.152.234 - - [10/Mar/2020:08:29:39 -0300] "POST /cormun/servlet/prfichaempleado?41586ed7a72b89409f494c3939dbb814,,MD,,gxPopupLevel%3D0%3B,gx-no-cache=1583839089584 HTTP/1.1" 200 6367
190.171.152.234 - - [10/Mar/2020:08:29:39 -0300] "POST /cormun/servlet/prfichaempleado?41586ed7a72b89409f494c3939dbb814,,MD,,gxPopupLevel%3D0%3B,gx-no-cache=1583839090488 HTTP/1.1" 200 6367
190.171.152.234 - - [10/Mar/2020:08:29:40 -0300] "POST /cormun/servlet/prfichaempleado?41586ed7a72b89409f494c3939dbb814,,MD,,gxPopupLevel%3D0%3B,gx-no-cache=1583839091406 HTTP/1.1" 200 6332
190.171.152.234 - - [10/Mar/2020:08:29:41 -0300] "POST /cormun/servlet/prfichaempleado?41586ed7a72b89409f494c3939dbb814,,MD,,gxPopupLevel%3D0%3B,gx-no-cache=1583839092327 HTTP/1.1" 200 6345
190.171.143.106 - - [10/Mar/2020:08:29:42 -0300] "GET /cormun/servlet/hlogin HTTP/1.1" 200 1729
190.171.143.106 - - [10/Mar/2020:08:29:42 -0300] "GET /cormun/static/gxcfg.js?201910216285969 HTTP/1.1" 304 -
190.171.143.106 - - [10/Mar/2020:08:29:42 -0300] "GET /cormun/static/messages.spa.js?85251 HTTP/1.1" 304 -
190.171.152.234 - - [10/Mar/2020:08:29:42 -0300] "POST /cormun/servlet/prfichaempleado?41586ed7a72b89409f494c3939dbb814,,MD,,gxPopupLevel%3D0%3B,gx-no-cache=1583839093261 HTTP/1.1" 200 6337
190.171.152.234 - - [10/Mar/2020:08:29:44 -0300] "POST /cormun/servlet/prfichaempleado?41586ed7a72b89409f494c3939dbb814,,MD,,gxPopupLevel%3D0%3B,gx-no-cache=1583839094686 HTTP/1.1" 200 6369
192.168.10.89 - - [10/Mar/2020:08:29:45 -0300] "GET /cormun/servlet/trcargahoraria? HTTP/1.1" 200 7692
192.168.10.89 - - [10/Mar/2020:08:29:45 -0300] "GET /cormun/servlet/trcargahoraria? HTTP/1.1" 200 7692
190.171.143.106 - - [10/Mar/2020:08:29:45 -0300] "POST /cormun/servlet/hlogin?ba4ce4e9c8dbeb06041f93b139bf8db6,gx-no-cache=1583839382574 HTTP/1.1" 200 90
190.171.143.106 - - [10/Mar/2020:08:29:45 -0300] "GET /cormun/servlet/hpexe_link HTTP/1.1" 200 953
190.171.143.106 - - [10/Mar/2020:08:29:45 -0300] "GET /cormun/static/gxcfg.js?201991422392958 HTTP/1.1" 304 -
190.171.143.106 - - [10/Mar/2020:08:29:45 -0300] "GET /cormun/servlet/hhome HTTP/1.1" 200 3991
190.171.143.106 - - [10/Mar/2020:08:29:45 -0300] "GET /cormun/static/gxcfg.js?20201215495537 HTTP/1.1" 304 -
190.171.152.234 - - [10/Mar/2020:08:29:47 -0300] "POST /cormun/servlet/prfichaempleado?41586ed7a72b89409f494c3939dbb814,,MD,,gxPopupLevel%3D0%3B,gx-no-cache=1583839097693 HTTP/1.1" 200 6361
190.171.143.106 - - [10/Mar/2020:08:29:47 -0300] "GET /cormun/servlet/hhome HTTP/1.1" 200 3987
190.171.152.234 - - [10/Mar/2020:08:29:48 -0300] "POST /cormun/servlet/prfichaempleado?41586ed7a72b89409f494c3939dbb814,,MD,,gxPopupLevel%3D0%3B,gx-no-cache=1583839099254 HTTP/1.1" 200 6332
190.171.143.106 - - [10/Mar/2020:08:29:49 -0300] "GET /cormun/servlet/trsolicitudot? HTTP/1.1" 200 7214
190.171.143.106 - - [10/Mar/2020:08:29:49 -0300] "GET /cormun/static/gxcfg.js?201991910464971 HTTP/1.1" 304 -
190.171.143.106 - - [10/Mar/2020:08:29:50 -0300] "GET /cormun/servlet/trsolicitudot? HTTP/1.1" 200 7213
190.171.152.234 - - [10/Mar/2020:08:29:50 -0300] "POST /cormun/servlet/prfichaempleado?41586ed7a72b89409f494c3939dbb814,,MD,,gxPopupLevel%3D0%3B,gx-no-cache=1583839101174 HTTP/1.1" 200 6318
190.171.152.234 - - [10/Mar/2020:08:29:51 -0300] "POST /cormun/servlet/prfichaempleado?41586ed7a72b89409f494c3939dbb814,,MD,,gxPopupLevel%3D0%3B,gx-no-cache=1583839102129 HTTP/1.1" 200 6457
190.171.152.234 - - [10/Mar/2020:08:29:52 -0300] "POST /cormun/servlet/prfichaempleado?41586ed7a72b89409f494c3939dbb814,,MD,,gxPopupLevel%3D0%3B,gx-no-cache=1583839103099 HTTP/1.1" 200 6370
190.171.143.106 - - [10/Mar/2020:08:29:52 -0300] "GET /cormun/servlet/solicitudot?INS,0,0,false, HTTP/1.1" 200 15283
190.171.143.106 - - [10/Mar/2020:08:29:52 -0300] "GET /cormun/static/solicitudot.js?20203414242792 HTTP/1.1" 304 -
190.171.143.106 - - [10/Mar/2020:08:29:52 -0300] "GET /cormun/static/gxcfg.js?20203414241232 HTTP/1.1" 304 -
192.168.10.89 - - [10/Mar/2020:08:29:53 -0300] "POST /cormun/servlet/trcargahoraria?532236bed5a1c0cc2296b70cc24f136d,,gx-no-cache=1583842868799 HTTP/1.1" 200 5447
190.171.143.106 - - [10/Mar/2020:08:29:53 -0300] "GET /cormun/servlet/solicitudot?INS,0,0,false, HTTP/1.1" 200 15291
190.171.152.234 - - [10/Mar/2020:08:29:53 -0300] "POST /cormun/servlet/prfichaempleado?41586ed7a72b89409f494c3939dbb814,,MD,,gxPopupLevel%3D0%3B,gx-no-cache=1583839104094 HTTP/1.1" 200 6394
192.168.10.89 - - [10/Mar/2020:08:29:53 -0300] "GET /cormun/servlet/pucargahorariagral?G-476,2020,14272425,3,1,MD,gxPopupLevel%3D0%3B HTTP/1.1" 200 5437
190.171.152.234 - - [10/Mar/2020:08:29:54 -0300] "POST /cormun/servlet/prfichaempleado?41586ed7a72b89409f494c3939dbb814,,MD,,gxPopupLevel%3D0%3B,gx-no-cache=1583839105060 HTTP/1.1" 200 6277
190.171.143.106 - - [10/Mar/2020:08:29:55 -0300] "GET /cormun/servlet/prfichaempleado?,MD,,gxPopupLevel%3D0%3B HTTP/1.1" 200 9297
190.171.143.106 - - [10/Mar/2020:08:29:55 -0300] "GET /cormun/static/gxcfg.js?20201215571085 HTTP/1.1" 304 -
190.171.152.234 - - [10/Mar/2020:08:29:55 -0300] "POST /cormun/servlet/prfichaempleado?41586ed7a72b89409f494c3939dbb814,,MD,,gxPopupLevel%3D0%3B,gx-no-cache=1583839106064 HTTP/1.1" 200 6298
190.171.152.234 - - [10/Mar/2020:08:29:56 -0300] "POST /cormun/servlet/prfichaempleado?41586ed7a72b89409f494c3939dbb814,,MD,,gxPopupLevel%3D0%3B,gx-no-cache=1583839107112 HTTP/1.1" 200 6328
190.171.152.234 - - [10/Mar/2020:08:29:57 -0300] "POST /cormun/servlet/prfichaempleado?41586ed7a72b89409f494c3939dbb814,,MD,,gxPopupLevel%3D0%3B,gx-no-cache=1583839108101 HTTP/1.1" 200 6466
190.171.152.234 - - [10/Mar/2020:08:29:58 -0300] "POST /cormun/servlet/prfichaempleado?41586ed7a72b89409f494c3939dbb814,,MD,,gxPopupLevel%3D0%3B,gx-no-cache=1583839109099 HTTP/1.1" 200 6330
190.171.152.234 - - [10/Mar/2020:08:29:59 -0300] "POST /cormun/servlet/prfichaempleado?41586ed7a72b89409f494c3939dbb814,,MD,,gxPopupLevel%3D0%3B,gx-no-cache=1583839110103 HTTP/1.1" 200 6323
190.171.152.234 - - [10/Mar/2020:08:30:00 -0300] "POST /cormun/servlet/prfichaempleado?41586ed7a72b89409f494c3939dbb814,,MD,,gxPopupLevel%3D0%3B,gx-no-cache=1583839111131 HTTP/1.1" 200 6447
190.171.152.234 - - [10/Mar/2020:08:30:01 -0300] "POST /cormun/servlet/prfichaempleado?41586ed7a72b89409f494c3939dbb814,,MD,,gxPopupLevel%3D0%3B,gx-no-cache=1583839112477 HTTP/1.1" 200 6438
190.171.152.234 - - [10/Mar/2020:08:30:02 -0300] "POST /cormun/servlet/prfichaempleado?41586ed7a72b89409f494c3939dbb814,,MD,,gxPopupLevel%3D0%3B,gx-no-cache=1583839113498 HTTP/1.1" 200 6505
190.171.152.234 - - [10/Mar/2020:08:30:04 -0300] "POST /cormun/servlet/prfichaempleado?41586ed7a72b89409f494c3939dbb814,,MD,,gxPopupLevel%3D0%3B,gx-no-cache=1583839114871 HTTP/1.1" 200 6331
190.171.152.234 - - [10/Mar/2020:08:30:05 -0300] "POST /cormun/servlet/prfichaempleado?41586ed7a72b89409f494c3939dbb814,,MD,,gxPopupLevel%3D0%3B,gx-no-cache=1583839115895 HTTP/1.1" 200 6383
190.171.152.234 - - [10/Mar/2020:08:30:06 -0300] "POST /cormun/servlet/prfichaempleado?41586ed7a72b89409f494c3939dbb814,,MD,,gxPopupLevel%3D0%3B,gx-no-cache=1583839116937 HTTP/1.1" 200 6425
190.171.152.234 - - [10/Mar/2020:08:30:07 -0300] "POST /cormun/servlet/prfichaempleado?41586ed7a72b89409f494c3939dbb814,,MD,,gxPopupLevel%3D0%3B,gx-no-cache=1583839117979 HTTP/1.1" 200 6307
190.171.152.234 - - [10/Mar/2020:08:30:08 -0300] "POST /cormun/servlet/prfichaempleado?41586ed7a72b89409f494c3939dbb814,,MD,,gxPopupLevel%3D0%3B,gx-no-cache=1583839119353 HTTP/1.1" 200 6396
190.171.152.234 - - [10/Mar/2020:08:30:09 -0300] "POST /cormun/servlet/prfichaempleado?41586ed7a72b89409f494c3939dbb814,,MD,,gxPopupLevel%3D0%3B,gx-no-cache=1583839120504 HTTP/1.1" 200 6405
190.171.152.234 - - [10/Mar/2020:08:30:12 -0300] "POST /cormun/servlet/prfichaempleado?41586ed7a72b89409f494c3939dbb814,,MD,,gxPopupLevel%3D0%3B,gx-no-cache=1583839122759 HTTP/1.1" 200 6349
190.171.143.106 - - [10/Mar/2020:08:30:12 -0300] "POST /cormun/servlet/prfichaempleado?ba4ce4e9c8dbeb06041f93b139bf8db6,,MD,,gxPopupLevel%3D0%3B,gx-no-cache=1583839409926 HTTP/1.1" 200 3412
192.168.10.89 - - [10/Mar/2020:08:30:13 -0300] "POST /cormun/servlet/pucargahorariagral?532236bed5a1c0cc2296b70cc24f136d,G-476,2020,14272425,3,1,MD,gxPopupLevel%3D0%3B,gx-no-cache=1583842888550 HTTP/1.1" 200 95
192.168.10.89 - - [10/Mar/2020:08:30:13 -0300] "GET /cormun/servlet/hpexe_return?MD,gxPopupLevel%3D0%3B HTTP/1.1" 200 1197
192.168.10.89 - - [10/Mar/2020:08:30:13 -0300] "POST /cormun/servlet/trcargahoraria?532236bed5a1c0cc2296b70cc24f136d,,gx-no-cache=1583842888714 HTTP/1.1" 200 5243
190.171.152.234 - - [10/Mar/2020:08:30:14 -0300] "POST /cormun/servlet/prfichaempleado?41586ed7a72b89409f494c3939dbb814,,MD,,gxPopupLevel%3D0%3B,gx-no-cache=1583839124839 HTTP/1.1" 200 6296
190.171.152.234 - - [10/Mar/2020:08:30:15 -0300] "POST /cormun/servlet/prfichaempleado?41586ed7a72b89409f494c3939dbb814,,MD,,gxPopupLevel%3D0%3B,gx-no-cache=1583839125914 HTTP/1.1" 200 6419
190.171.143.106 - - [10/Mar/2020:08:30:16 -0300] "POST /cormun/servlet/solicitudot?gx-no-cache=1583839413071 HTTP/1.1" 200 3669
186.103.159.188 - - [10/Mar/2020:08:30:16 -0300] "GET /cormun/servlet/hlogin HTTP/1.1" 200 1726
186.103.159.188 - - [10/Mar/2020:08:30:16 -0300] "GET /cormun/static/messages.spa.js?85251 HTTP/1.1" 304 -
186.103.159.188 - - [10/Mar/2020:08:30:16 -0300] "GET /cormun/static/gxcfg.js?201910216285969 HTTP/1.1" 304 -
190.171.143.106 - - [10/Mar/2020:08:30:16 -0300] "POST /cormun/servlet/solicitudot?ba4ce4e9c8dbeb06041f93b139bf8db6,INS,0,0,false,,gx-no-cache=1583839413391 HTTP/1.1" 200 12025
190.171.143.106 - - [10/Mar/2020:08:30:16 -0300] "GET /cormun/servlet/solicitudot?2878501aa4c174874863c4cceedf7ac0e982416a9b5676de7e1b63f7e568a1a58b6c0b64ceded608d0938be30314f6e7,gx-no-cache=1583839413642 HTTP/1.1" 200 30
192.168.10.89 - - [10/Mar/2020:08:30:16 -0300] "POST /cormun/servlet/trcargahoraria?532236bed5a1c0cc2296b70cc24f136d,,gx-no-cache=1583842891989 HTTP/1.1" 200 5317
192.168.10.89 - - [10/Mar/2020:08:30:16 -0300] "GET /cormun/servlet/pucargahorariagral?G-476,2020,13720292,3,1,MD,gxPopupLevel%3D0%3B HTTP/1.1" 200 5382
190.171.152.234 - - [10/Mar/2020:08:30:18 -0300] "POST /cormun/servlet/prfichaempleado?41586ed7a72b89409f494c3939dbb814,,MD,,gxPopupLevel%3D0%3B,gx-no-cache=1583839128776 HTTP/1.1" 200 6338
192.168.10.89 - - [10/Mar/2020:08:30:19 -0300] "POST /cormun/servlet/pucargahorariagral?532236bed5a1c0cc2296b70cc24f136d,G-476,2020,13720292,3,1,MD,gxPopupLevel%3D0%3B,gx-no-cache=1583842894536 HTTP/1.1" 200 95
192.168.10.89 - - [10/Mar/2020:08:30:19 -0300] "GET /cormun/servlet/hpexe_return?MD,gxPopupLevel%3D0%3B HTTP/1.1" 200 1196
192.168.10.89 - - [10/Mar/2020:08:30:19 -0300] "POST /cormun/servlet/trcargahoraria?532236bed5a1c0cc2296b70cc24f136d,,gx-no-cache=1583842894695 HTTP/1.1" 200 5097
192.168.10.89 - - [10/Mar/2020:08:30:21 -0300] "POST /cormun/servlet/trcargahoraria?532236bed5a1c0cc2296b70cc24f136d,,gx-no-cache=1583842897237 HTTP/1.1" 200 5172
192.168.10.89 - - [10/Mar/2020:08:30:22 -0300] "GET /cormun/servlet/pucargahorariagral?G-476,2020,15488646,3,1,MD,gxPopupLevel%3D0%3B HTTP/1.1" 200 5387
190.171.152.234 - - [10/Mar/2020:08:30:22 -0300] "POST /cormun/servlet/prfichaempleado?41586ed7a72b89409f494c3939dbb814,,MD,,gxPopupLevel%3D0%3B,gx-no-cache=1583839132623 HTTP/1.1" 200 6316
186.103.159.188 - - [10/Mar/2020:08:30:26 -0300] "POST /cormun/servlet/hlogin?e9cdce0b3c5871a6c2d3c68dead4df2a,gx-no-cache=1583839421998 HTTP/1.1" 200 90
186.103.159.188 - - [10/Mar/2020:08:30:26 -0300] "GET /cormun/servlet/hpexe_link HTTP/1.1" 200 947
186.103.159.188 - - [10/Mar/2020:08:30:26 -0300] "GET /cormun/static/gxcfg.js?201991422392958 HTTP/1.1" 304 -
186.103.159.188 - - [10/Mar/2020:08:30:26 -0300] "GET /cormun/servlet/hhome HTTP/1.1" 200 4227
186.103.159.188 - - [10/Mar/2020:08:30:26 -0300] "GET /cormun/static/gxcfg.js?20201215495537 HTTP/1.1" 304 -
192.168.10.89 - - [10/Mar/2020:08:30:27 -0300] "POST /cormun/servlet/pucargahorariagral?532236bed5a1c0cc2296b70cc24f136d,G-476,2020,15488646,3,1,MD,gxPopupLevel%3D0%3B,gx-no-cache=1583842902685 HTTP/1.1" 200 95
192.168.10.89 - - [10/Mar/2020:08:30:27 -0300] "GET /cormun/servlet/hpexe_return?MD,gxPopupLevel%3D0%3B HTTP/1.1" 200 1197
192.168.10.89 - - [10/Mar/2020:08:30:27 -0300] "POST /cormun/servlet/trcargahoraria?532236bed5a1c0cc2296b70cc24f136d,,gx-no-cache=1583842902815 HTTP/1.1" 200 4953
186.103.159.188 - - [10/Mar/2020:08:30:27 -0300] "GET /cormun/servlet/hhome HTTP/1.1" 200 4224
190.171.152.234 - - [10/Mar/2020:08:30:32 -0300] "POST /cormun/servlet/prfichaempleado?41586ed7a72b89409f494c3939dbb814,,MD,,gxPopupLevel%3D0%3B,gx-no-cache=1583839143423 HTTP/1.1" 200 6398
190.171.152.234 - - [10/Mar/2020:08:30:36 -0300] "POST /cormun/servlet/prfichaempleado?41586ed7a72b89409f494c3939dbb814,,MD,,gxPopupLevel%3D0%3B,gx-no-cache=1583839147232 HTTP/1.1" 200 6427
186.103.159.188 - - [10/Mar/2020:08:30:37 -0300] "GET /cormun/servlet/trreportecargahoraria? HTTP/1.1" 200 13839
186.103.159.188 - - [10/Mar/2020:08:30:37 -0300] "GET /cormun/static/gxcfg.js?202012113393031 HTTP/1.1" 304 -
186.103.159.188 - - [10/Mar/2020:08:30:37 -0300] "GET /cormun/static/trreportecargahoraria.js?202012113393554 HTTP/1.1" 304 -
186.103.159.188 - - [10/Mar/2020:08:30:37 -0300] "GET /cormun/servlet/trreportecargahoraria? HTTP/1.1" 200 13837
190.171.152.234 - - [10/Mar/2020:08:30:37 -0300] "POST /cormun/servlet/prfichaempleado?41586ed7a72b89409f494c3939dbb814,,MD,,gxPopupLevel%3D0%3B,gx-no-cache=1583839148324 HTTP/1.1" 200 6439
190.171.152.234 - - [10/Mar/2020:08:30:39 -0300] "POST /cormun/servlet/prfichaempleado?41586ed7a72b89409f494c3939dbb814,,MD,,gxPopupLevel%3D0%3B,gx-no-cache=1583839149531 HTTP/1.1" 200 6331
190.171.152.234 - - [10/Mar/2020:08:30:40 -0300] "POST /cormun/servlet/prfichaempleado?41586ed7a72b89409f494c3939dbb814,,MD,,gxPopupLevel%3D0%3B,gx-no-cache=1583839150687 HTTP/1.1" 200 6329
190.171.152.234 - - [10/Mar/2020:08:30:41 -0300] "POST /cormun/servlet/prfichaempleado?41586ed7a72b89409f494c3939dbb814,,MD,,gxPopupLevel%3D0%3B,gx-no-cache=1583839151985 HTTP/1.1" 200 6332
190.171.152.234 - - [10/Mar/2020:08:30:42 -0300] "POST /cormun/servlet/prfichaempleado?41586ed7a72b89409f494c3939dbb814,,MD,,gxPopupLevel%3D0%3B,gx-no-cache=1583839153256 HTTP/1.1" 200 6330
192.168.10.89 - - [10/Mar/2020:08:30:43 -0300] "POST /cormun/servlet/trcargahoraria?532236bed5a1c0cc2296b70cc24f136d,,gx-no-cache=1583842918692 HTTP/1.1" 200 5026
192.168.10.89 - - [10/Mar/2020:08:30:43 -0300] "GET /cormun/servlet/pucargahorariagral?G-476,2020,85,3,1,MD,gxPopupLevel%3D0%3B HTTP/1.1" 200 5440
190.171.152.234 - - [10/Mar/2020:08:30:44 -0300] "POST /cormun/servlet/prfichaempleado?41586ed7a72b89409f494c3939dbb814,,MD,,gxPopupLevel%3D0%3B,gx-no-cache=1583839154720 HTTP/1.1" 200 6423
186.103.159.188 - - [10/Mar/2020:08:30:45 -0300] "POST /cormun/servlet/trreportecargahoraria?e9cdce0b3c5871a6c2d3c68dead4df2a,,gx-no-cache=1583839440240 HTTP/1.1" 200 111
186.103.159.188 - - [10/Mar/2020:08:30:45 -0300] "GET /cormun/ReporteCargaHoraria-8459.xls HTTP/1.1" 200 14848
190.171.152.234 - - [10/Mar/2020:08:30:45 -0300] "POST /cormun/servlet/prfichaempleado?41586ed7a72b89409f494c3939dbb814,,MD,,gxPopupLevel%3D0%3B,gx-no-cache=1583839155848 HTTP/1.1" 200 6469
190.171.152.234 - - [10/Mar/2020:08:30:47 -0300] "POST /cormun/servlet/prfichaempleado?41586ed7a72b89409f494c3939dbb814,,MD,,gxPopupLevel%3D0%3B,gx-no-cache=1583839158424 HTTP/1.1" 200 6284
190.171.143.106 - - [10/Mar/2020:08:30:48 -0300] "GET /cormun/servlet/solicitudot?2878501aa4c174874863c4cceedf7ac0ead8e917a4d0c31417759ddb320670b24dcd757380a53e49b916b9ff3b051fb0409e2c97a9bf5754267c330c0a47248f,gx-no-cache=1583839445127 HTTP/1.1" 200 30
190.171.143.106 - - [10/Mar/2020:08:30:48 -0300] "GET /cormun/servlet/solicitudot?2878501aa4c174874863c4cceedf7ac0c28fdffd80f94d5894d4db24bddc7be5,gx-no-cache=1583839445195 HTTP/1.1" 200 51
190.171.143.106 - - [10/Mar/2020:08:30:48 -0300] "POST /cormun/servlet/solicitudot?gx-no-cache=1583839445235 HTTP/1.1" 200 256
190.171.143.106 - - [10/Mar/2020:08:30:48 -0300] "GET /cormun/servlet/solicitudot?2878501aa4c174874863c4cceedf7ac0c147192834d33d82238844065934671464b422a6fb58e011b2c07f10fe91d63f7f7d49df564dcc395568c7aec799c92cc3c01c82ae573bf9ba5b8344b07e5cb5261334df15f11529043a700af408d2f7d38d9e587ea25a2cb3f97c166311b007adbb9f75affa075ee405612af1b703bac4c73fc2e1dc5bf9d4f0e8411aa4591933383a173016652d05ac4c7c87d5662354adcf6f43d25f75d2d9465d4b5c827eb2e03f4a03fd320a5c3e1e4a82ec5cc2f77ee93aed356a195b97387f2a7a25fce0fc97136088f9fb9f01407ee9cba0139fab31449e54dc40d1737b1f3b89e26220bd42328be519250e758e8cdf79a28aa466587c438f972306a7fab1d48f12097826bf641e6dc0eefe9834327471f658aea6d7f7065a314de4156074d52f52b9a201644a10908085f0f8dfb9088a95855b8f0720c9b7d9baca2b04fd3faf7ebb881fb6c85a64dccfe9bb8fd4211ef7cef6e49b3f09af065eb5a1392e5721031b4efe7fbb356db091414d8a0e6524adda,gx-no-cache=1583839445277 HTTP/1.1" 200 30
190.171.152.234 - - [10/Mar/2020:08:30:49 -0300] "POST /cormun/servlet/prfichaempleado?41586ed7a72b89409f494c3939dbb814,,MD,,gxPopupLevel%3D0%3B,gx-no-cache=1583839160048 HTTP/1.1" 200 6338
192.168.10.89 - - [10/Mar/2020:08:30:50 -0300] "POST /cormun/servlet/pucargahorariagral?532236bed5a1c0cc2296b70cc24f136d,G-476,2020,85,3,1,MD,gxPopupLevel%3D0%3B,gx-no-cache=1583842925773 HTTP/1.1" 200 95
192.168.10.89 - - [10/Mar/2020:08:30:50 -0300] "GET /cormun/servlet/hpexe_return?MD,gxPopupLevel%3D0%3B HTTP/1.1" 200 1192
192.168.10.89 - - [10/Mar/2020:08:30:50 -0300] "POST /cormun/servlet/trcargahoraria?532236bed5a1c0cc2296b70cc24f136d,,gx-no-cache=1583842925905 HTTP/1.1" 200 4848
190.171.152.234 - - [10/Mar/2020:08:30:51 -0300] "POST /cormun/servlet/prfichaempleado?41586ed7a72b89409f494c3939dbb814,,MD,,gxPopupLevel%3D0%3B,gx-no-cache=1583839161572 HTTP/1.1" 200 6345
190.171.152.234 - - [10/Mar/2020:08:30:52 -0300] "POST /cormun/servlet/prfichaempleado?41586ed7a72b89409f494c3939dbb814,,MD,,gxPopupLevel%3D0%3B,gx-no-cache=1583839163224 HTTP/1.1" 200 6440
190.171.152.234 - - [10/Mar/2020:08:30:55 -0300] "POST /cormun/servlet/prfichaempleado?41586ed7a72b89409f494c3939dbb814,,MD,,gxPopupLevel%3D0%3B,gx-no-cache=1583839166065 HTTP/1.1" 200 6345
190.171.143.106 - - [10/Mar/2020:08:31:01 -0300] "POST /cormun/servlet/solicitudot?gx-no-cache=1583839458881 HTTP/1.1" 200 30
190.171.143.106 - - [10/Mar/2020:08:31:05 -0300] "POST /cormun/servlet/solicitudot?gx-no-cache=1583839462768 HTTP/1.1" 200 1365
190.171.143.106 - - [10/Mar/2020:08:31:05 -0300] "POST /cormun/servlet/solicitudot?gx-no-cache=1583839462827 HTTP/1.1" 200 38
190.171.143.106 - - [10/Mar/2020:08:31:05 -0300] "GET /cormun/servlet/solicitudot?2878501aa4c174874863c4cceedf7ac04e82636b3d77dbea9e5836149965b90cf76126a09459925a3e7554bf63efe3ad4fa85a65086e271d01233e43a5185441b3550de2d6ea57208af4e4b3453ee71a214c63ef2a4d037f902082b9ae728393a4bff46b3a88c96b093a646d03670ead,gx-no-cache=1583839462855 HTTP/1.1" 200 110
192.168.10.89 - - [10/Mar/2020:08:31:06 -0300] "POST /cormun/servlet/trcargahoraria?532236bed5a1c0cc2296b70cc24f136d,,gx-no-cache=1583842941698 HTTP/1.1" 200 4921
192.168.10.89 - - [10/Mar/2020:08:31:06 -0300] "GET /cormun/servlet/pucargahorariagral?G-476,2020,84,3,1,MD,gxPopupLevel%3D0%3B HTTP/1.1" 200 5371
190.171.143.106 - - [10/Mar/2020:08:31:15 -0300] "POST /cormun/servlet/solicitudot?gx-no-cache=1583839472309 HTTP/1.1" 200 110
190.171.152.234 - - [10/Mar/2020:08:31:19 -0300] "POST /cormun/servlet/prfichaempleado?41586ed7a72b89409f494c3939dbb814,,MD,,gxPopupLevel%3D0%3B,gx-no-cache=1583839189842 HTTP/1.1" 200 6338
192.168.10.89 - - [10/Mar/2020:08:31:21 -0300] "POST /cormun/servlet/pucargahorariagral?532236bed5a1c0cc2296b70cc24f136d,G-476,2020,84,3,1,MD,gxPopupLevel%3D0%3B,gx-no-cache=1583842956526 HTTP/1.1" 200 95
192.168.10.89 - - [10/Mar/2020:08:31:21 -0300] "GET /cormun/servlet/hpexe_return?MD,gxPopupLevel%3D0%3B HTTP/1.1" 200 1192
192.168.10.89 - - [10/Mar/2020:08:31:21 -0300] "POST /cormun/servlet/trcargahoraria?532236bed5a1c0cc2296b70cc24f136d,,gx-no-cache=1583842956659 HTTP/1.1" 200 4718
190.171.143.106 - - [10/Mar/2020:08:31:28 -0300] "GET /cormun/servlet/prcontratosol?17334813,,,,,MD,,gxPopupLevel%3D0%3B HTTP/1.1" 200 8953
190.171.143.106 - - [10/Mar/2020:08:31:28 -0300] "GET /cormun/static/gxcfg.js?2019914201458 HTTP/1.1" 200 953
190.171.143.106 - - [10/Mar/2020:08:31:29 -0300] "GET /cormun/static/Resources/Spanish/PXTools.css?19172979 HTTP/1.1" 200 100853
190.171.143.106 - - [10/Mar/2020:08:31:29 -0300] "GET /cormun/static/prcontratosol.js?20199142014772 HTTP/1.1" 200 15806
190.171.143.106 - - [10/Mar/2020:08:31:29 -0300] "GET /cormun/servlet/prcontratosol?17334813,,,,,MD,,gxPopupLevel%3D0%3B,gxPopupLevel%3D0%3B HTTP/1.1" 200 8963
190.171.143.106 - - [10/Mar/2020:08:31:34 -0300] "POST /cormun/servlet/solicitudot?gx-no-cache=1583839492028 HTTP/1.1" 200 1365
190.171.143.106 - - [10/Mar/2020:08:31:34 -0300] "POST /cormun/servlet/solicitudot?gx-no-cache=1583839492076 HTTP/1.1" 200 38
190.171.143.106 - - [10/Mar/2020:08:31:34 -0300] "GET /cormun/servlet/solicitudot?2878501aa4c174874863c4cceedf7ac04e82636b3d77dbea9e5836149965b90cf76126a09459925a3e7554bf63efe3ad4fa85a65086e271d01233e43a5185441b3550de2d6ea57208af4e4b3453ee71a214c63ef2a4d037f902082b9ae728393a4bff46b3a88c96b093a646d03670ead,gx-no-cache=1583839492104 HTTP/1.1" 200 110
190.171.143.106 - - [10/Mar/2020:08:31:35 -0300] "POST /cormun/servlet/solicitudot?gx-no-cache=1583839492176 HTTP/1.1" 200 109
190.171.143.106 - - [10/Mar/2020:08:31:35 -0300] "GET /cormun/servlet/solicitudot?2878501aa4c174874863c4cceedf7ac0e998d982927c80ca4dac487055979b976d526e166770cb900012435c2bfd2be95c2e43d32907e9d2c2b713e3eac8cca17e25a5c20fc04e446f24d926c62aa50cd6bee6705af5870c18e02dd0c345aebfff1662676bc5312e35c9574199973b12,gx-no-cache=1583839492228 HTTP/1.1" 200 29
190.171.143.106 - - [10/Mar/2020:08:31:35 -0300] "GET /cormun/servlet/solicitudot?2878501aa4c174874863c4cceedf7ac01b5b75d651883da571e7613710245b53f546d5d2b5f6baf732040aaf90969ab5,gx-no-cache=1583839492260 HTTP/1.1" 200 134
190.171.143.106 - - [10/Mar/2020:08:31:35 -0300] "GET /cormun/static/Shared/jqueryui/images/ui-bg_highlight-soft_100_c6c2c8_1x100.png HTTP/1.1" 404 1117
190.171.143.106 - - [10/Mar/2020:08:31:35 -0300] "GET /cormun/static/Shared/jqueryui/images/ui-icons_82798d_256x240.png HTTP/1.1" 404 1089
190.171.143.106 - - [10/Mar/2020:08:31:35 -0300] "GET /cormun/static/Shared/jqueryui/images/ui-bg_flat_55_994d53_40x100.png HTTP/1.1" 404 1097
190.171.143.106 - - [10/Mar/2020:08:31:35 -0300] "GET /cormun/static/Shared/jqueryui/images/ui-icons_ebccce_256x240.png HTTP/1.1" 404 1089
190.171.152.234 - - [10/Mar/2020:08:31:36 -0300] "POST /cormun/servlet/prfichaempleado?41586ed7a72b89409f494c3939dbb814,,MD,,gxPopupLevel%3D0%3B,gx-no-cache=1583839206577 HTTP/1.1" 200 6345
190.171.143.106 - - [10/Mar/2020:08:31:45 -0300] "GET /cormun/static/menuarrow.gif HTTP/1.1" 404 1015
192.168.10.89 - - [10/Mar/2020:08:31:47 -0300] "POST /cormun/servlet/trcargahoraria?532236bed5a1c0cc2296b70cc24f136d,,gx-no-cache=1583842983050 HTTP/1.1" 200 4794
192.168.10.89 - - [10/Mar/2020:08:31:47 -0300] "GET /cormun/servlet/pucargahorariagral?G-476,2020,1190,3,1,MD,gxPopupLevel%3D0%3B HTTP/1.1" 200 5391
192.168.10.89 - - [10/Mar/2020:08:31:51 -0300] "POST /cormun/servlet/pucargahorariagral?532236bed5a1c0cc2296b70cc24f136d,G-476,2020,1190,3,1,MD,gxPopupLevel%3D0%3B,gx-no-cache=1583842987027 HTTP/1.1" 200 95
192.168.10.89 - - [10/Mar/2020:08:31:51 -0300] "GET /cormun/servlet/hpexe_return?MD,gxPopupLevel%3D0%3B HTTP/1.1" 200 1194
192.168.10.89 - - [10/Mar/2020:08:31:51 -0300] "POST /cormun/servlet/trcargahoraria?532236bed5a1c0cc2296b70cc24f136d,,gx-no-cache=1583842987165 HTTP/1.1" 200 4154
190.171.143.106 - - [10/Mar/2020:08:31:56 -0300] "GET /cormun/servlet/solicitudot?2878501aa4c174874863c4cceedf7ac069864c46e0151f837b4e2ebe39ffe7f1f546d5d2b5f6baf732040aaf90969ab5,gx-no-cache=1583839513701 HTTP/1.1" 200 30
186.103.159.188 - - [10/Mar/2020:08:32:08 -0300] "GET /cormun/servlet/trcargahoraria? HTTP/1.1" 200 6611
186.103.159.188 - - [10/Mar/2020:08:32:08 -0300] "GET /cormun/static/gxcfg.js?202012113392337 HTTP/1.1" 304 -
186.103.159.188 - - [10/Mar/2020:08:32:08 -0300] "GET /cormun/static/trcargahoraria.js?202012113392783 HTTP/1.1" 304 -
186.103.159.188 - - [10/Mar/2020:08:32:08 -0300] "GET /cormun/servlet/trcargahoraria? HTTP/1.1" 200 6610
186.103.159.188 - - [10/Mar/2020:08:32:12 -0300] "GET /cormun/servlet/trreportecargahoraria? HTTP/1.1" 200 13837
186.103.159.188 - - [10/Mar/2020:08:32:12 -0300] "GET /cormun/servlet/trreportecargahoraria? HTTP/1.1" 200 13837
190.171.143.106 - - [10/Mar/2020:08:32:52 -0300] "POST /cormun/servlet/solicitudot?gx-no-cache=1583839569285 HTTP/1.1" 200 33
192.168.10.89 - - [10/Mar/2020:08:34:50 -0300] "GET /cormun/servlet/hlogin HTTP/1.1" 200 1742
190.171.143.106 - - [10/Mar/2020:08:34:58 -0300] "POST /cormun/servlet/solicitudot?gx-no-cache=1583839695385 HTTP/1.1" 200 30
190.171.143.106 - - [10/Mar/2020:08:34:58 -0300] "POST /cormun/servlet/solicitudot?gx-no-cache=1583839695473 HTTP/1.1" 200 1365
190.171.143.106 - - [10/Mar/2020:08:34:58 -0300] "POST /cormun/servlet/solicitudot?gx-no-cache=1583839695517 HTTP/1.1" 200 41
190.171.143.106 - - [10/Mar/2020:08:34:58 -0300] "GET /cormun/servlet/solicitudot?2878501aa4c174874863c4cceedf7ac04e82636b3d77dbea9e5836149965b90cf76126a09459925a3e7554bf63efe3ad4fa85a65086e271d01233e43a5185441b3550de2d6ea57208af4e4b3453ee71a214c63ef2a4d037f902082b9ae728393a4bff46b3a88c96b093a646d03670ead,gx-no-cache=1583839695547 HTTP/1.1" 200 110
190.171.143.106 - - [10/Mar/2020:08:34:58 -0300] "POST /cormun/servlet/solicitudot?gx-no-cache=1583839695584 HTTP/1.1" 200 109
190.171.143.106 - - [10/Mar/2020:08:34:58 -0300] "GET /cormun/servlet/solicitudot?2878501aa4c174874863c4cceedf7ac069864c46e0151f837b4e2ebe39ffe7f1f546d5d2b5f6baf732040aaf90969ab5,gx-no-cache=1583839695618 HTTP/1.1" 200 30
190.171.143.106 - - [10/Mar/2020:08:34:58 -0300] "POST /cormun/servlet/solicitudot?gx-no-cache=1583839695654 HTTP/1.1" 200 33
190.171.143.106 - - [10/Mar/2020:08:34:59 -0300] "POST /cormun/servlet/solicitudot?ba4ce4e9c8dbeb06041f93b139bf8db6,INS,0,0,false,,gx-no-cache=1583839695719 HTTP/1.1" 200 93
190.171.143.106 - - [10/Mar/2020:08:34:59 -0300] "GET /cormun/servlet/hpexe_return? HTTP/1.1" 200 1010
190.171.143.106 - - [10/Mar/2020:08:34:59 -0300] "GET /cormun/static/gxcfg.js?201991422392976 HTTP/1.1" 304 -
190.171.143.106 - - [10/Mar/2020:08:34:59 -0300] "GET /cormun/servlet/trsolicitudot HTTP/1.1" 200 8569
190.171.143.106 - - [10/Mar/2020:08:35:00 -0300] "GET /cormun/servlet/trsolicitudot HTTP/1.1" 200 8565
190.171.143.106 - - [10/Mar/2020:08:35:15 -0300] "POST /cormun/servlet/trsolicitudot?ba4ce4e9c8dbeb06041f93b139bf8db6,gx-no-cache=1583839712376 HTTP/1.1" 200 4561
190.171.143.106 - - [10/Mar/2020:08:35:15 -0300] "GET /cormun/static/Shared/jqueryui/images/ui-bg_highlight-soft_100_c6c2c8_1x100.png HTTP/1.1" 404 1117
190.171.143.106 - - [10/Mar/2020:08:35:15 -0300] "GET /cormun/static/Shared/jqueryui/images/ui-icons_82798d_256x240.png HTTP/1.1" 404 1089
190.171.143.106 - - [10/Mar/2020:08:35:15 -0300] "GET /cormun/static/Shared/jqueryui/images/ui-bg_flat_55_fafafa_40x100.png HTTP/1.1" 404 1097
190.171.143.106 - - [10/Mar/2020:08:35:15 -0300] "GET /cormun/static/Shared/jqueryui/images/ui-icons_8d78a5_256x240.png HTTP/1.1" 404 1089
190.171.143.106 - - [10/Mar/2020:08:35:15 -0300] "POST /cormun/servlet/trsolicitudot?ba4ce4e9c8dbeb06041f93b139bf8db6,gx-no-cache=1583839712710 HTTP/1.1" 200 4340
190.171.143.106 - - [10/Mar/2020:08:35:22 -0300] "POST /cormun/servlet/trsolicitudot?ba4ce4e9c8dbeb06041f93b139bf8db6,gx-no-cache=1583839719105 HTTP/1.1" 200 103
190.171.143.106 - - [10/Mar/2020:08:35:22 -0300] "POST /cormun/servlet/trsolicitudot?ba4ce4e9c8dbeb06041f93b139bf8db6,gx-no-cache=1583839719243 HTTP/1.1" 200 4340
190.171.143.106 - - [10/Mar/2020:08:35:22 -0300] "GET /cormun/SolicitudOT-6049.xls HTTP/1.1" 200 4608
190.171.143.106 - - [10/Mar/2020:08:35:53 -0300] "POST /cormun/servlet/trsolicitudot?ba4ce4e9c8dbeb06041f93b139bf8db6,gx-no-cache=1583839750789 HTTP/1.1" 200 7878
190.171.143.106 - - [10/Mar/2020:08:35:58 -0300] "POST /cormun/servlet/trsolicitudot?ba4ce4e9c8dbeb06041f93b139bf8db6,gx-no-cache=1583839755546 HTTP/1.1" 200 103
190.171.143.106 - - [10/Mar/2020:08:35:58 -0300] "GET /cormun/SolicitudOT-3212.xls HTTP/1.1" 200 7680
190.171.143.106 - - [10/Mar/2020:08:36:31 -0300] "GET /cormun/servlet/hlogin HTTP/1.1" 200 1729
190.171.141.82 - - [10/Mar/2020:08:36:40 -0300] "GET /cormun/servlet/hlogin HTTP/1.1" 200 1725
190.171.141.82 - - [10/Mar/2020:08:36:41 -0300] "GET /cormun/static/gxcfg.js?201910216285969 HTTP/1.1" 304 -
190.171.141.82 - - [10/Mar/2020:08:36:41 -0300] "GET /cormun/static/messages.spa.js?85251 HTTP/1.1" 304 -
190.171.141.82 - - [10/Mar/2020:08:36:52 -0300] "POST /cormun/servlet/hlogin?c02042512337ae42f1e0449e9750a2f3,gx-no-cache=1583839806790 HTTP/1.1" 200 90
190.171.141.82 - - [10/Mar/2020:08:36:52 -0300] "GET /cormun/servlet/hpexe_link HTTP/1.1" 200 951
190.171.141.82 - - [10/Mar/2020:08:36:52 -0300] "GET /cormun/static/gxcfg.js?201991422392958 HTTP/1.1" 304 -
190.171.141.82 - - [10/Mar/2020:08:36:53 -0300] "GET /cormun/servlet/hhome HTTP/1.1" 200 4336
190.171.141.82 - - [10/Mar/2020:08:36:53 -0300] "GET /cormun/static/gxcfg.js?20201215495537 HTTP/1.1" 304 -
190.171.143.106 - - [10/Mar/2020:08:36:54 -0300] "POST /cormun/servlet/hlogin?ba4ce4e9c8dbeb06041f93b139bf8db6,gx-no-cache=1583839810922 HTTP/1.1" 200 90
190.171.143.106 - - [10/Mar/2020:08:36:54 -0300] "GET /cormun/servlet/hpexe_link HTTP/1.1" 200 953
190.171.143.106 - - [10/Mar/2020:08:36:54 -0300] "GET /cormun/servlet/hhome HTTP/1.1" 200 4320
190.171.143.106 - - [10/Mar/2020:08:36:55 -0300] "GET /cormun/servlet/hhome HTTP/1.1" 200 4318
190.171.143.106 - - [10/Mar/2020:08:36:55 -0300] "GET /cormun/static/SmoothNavMenu/resources/images/right.gif HTTP/1.1" 200 860
190.171.141.82 - - [10/Mar/2020:08:36:56 -0300] "GET /cormun/servlet/hhome HTTP/1.1" 200 4332
190.171.141.82 - - [10/Mar/2020:08:37:04 -0300] "GET /cormun/servlet/trlicencias? HTTP/1.1" 200 9778
190.171.141.82 - - [10/Mar/2020:08:37:05 -0300] "GET /cormun/static/gxcfg.js?2020121613995 HTTP/1.1" 304 -
190.171.141.82 - - [10/Mar/2020:08:37:07 -0300] "GET /cormun/servlet/trlicencias? HTTP/1.1" 200 9771
190.171.143.106 - - [10/Mar/2020:08:37:07 -0300] "GET /cormun/servlet/trsolicitudot? HTTP/1.1" 200 11030
190.171.143.106 - - [10/Mar/2020:08:37:07 -0300] "GET /cormun/servlet/trsolicitudot? HTTP/1.1" 200 11028
190.171.143.106 - - [10/Mar/2020:08:37:11 -0300] "GET /cormun/servlet/trautorizarsolicitud? HTTP/1.1" 200 8790
190.171.143.106 - - [10/Mar/2020:08:37:11 -0300] "GET /cormun/static/gxcfg.js?201991422414522 HTTP/1.1" 200 953
190.171.143.106 - - [10/Mar/2020:08:37:11 -0300] "GET /cormun/static/trautorizarsolicitud.js?201991422415463 HTTP/1.1" 200 53910
190.171.143.106 - - [10/Mar/2020:08:37:11 -0300] "GET /cormun/servlet/trautorizarsolicitud? HTTP/1.1" 200 8789
190.171.141.82 - - [10/Mar/2020:08:37:19 -0300] "GET /cormun/static/menuarrow.gif HTTP/1.1" 404 1015
190.171.143.106 - - [10/Mar/2020:08:37:22 -0300] "POST /cormun/servlet/trautorizarsolicitud?ba4ce4e9c8dbeb06041f93b139bf8db6,,gx-no-cache=1583839839061 HTTP/1.1" 200 4771
190.171.143.106 - - [10/Mar/2020:08:37:22 -0300] "GET /cormun/static/Shared/jqueryui/images/ui-icons_82798d_256x240.png HTTP/1.1" 404 1089
190.171.143.106 - - [10/Mar/2020:08:37:22 -0300] "GET /cormun/static/Shared/jqueryui/images/ui-bg_highlight-soft_100_c6c2c8_1x100.png HTTP/1.1" 404 1117
190.171.143.106 - - [10/Mar/2020:08:37:22 -0300] "GET /cormun/static/Shared/jqueryui/images/ui-bg_flat_55_fafafa_40x100.png HTTP/1.1" 404 1097
190.171.143.106 - - [10/Mar/2020:08:37:22 -0300] "GET /cormun/static/Shared/jqueryui/images/ui-icons_8d78a5_256x240.png HTTP/1.1" 404 1089
190.171.143.106 - - [10/Mar/2020:08:37:22 -0300] "POST /cormun/servlet/trautorizarsolicitud?ba4ce4e9c8dbeb06041f93b139bf8db6,,gx-no-cache=1583839839456 HTTP/1.1" 200 4548
190.171.141.82 - - [10/Mar/2020:08:37:24 -0300] "POST /cormun/servlet/trlicencias?c02042512337ae42f1e0449e9750a2f3,,gx-no-cache=1583839839242 HTTP/1.1" 200 7161
190.171.143.106 - - [10/Mar/2020:08:37:25 -0300] "GET /cormun/servlet/trautorizarsolicitud? HTTP/1.1" 200 7443
190.171.143.106 - - [10/Mar/2020:08:37:26 -0300] "GET /cormun/servlet/trautorizarsolicitud? HTTP/1.1" 200 7443
190.171.143.106 - - [10/Mar/2020:08:37:30 -0300] "GET /cormun/servlet/trautorizarsolicitud? HTTP/1.1" 200 7443
190.171.143.106 - - [10/Mar/2020:08:37:31 -0300] "GET /cormun/servlet/trautorizarsolicitud? HTTP/1.1" 200 7443
190.171.142.42 - - [10/Mar/2020:08:57:00 -0300] "GET /cormun/servlet/hlogin HTTP/1.1" 200 1728
190.171.142.42 - - [10/Mar/2020:08:57:00 -0300] "GET /cormun/static/gxcfg.js?201910216285969 HTTP/1.1" 304 -
190.171.142.42 - - [10/Mar/2020:08:57:00 -0300] "GET /cormun/static/messages.spa.js?85251 HTTP/1.1" 304 -
40.77.167.103 - - [10/Mar/2020:09:07:10 -0300] "GET /cormun/servlet/trlicenciaspermisoslog?16491258,L,20190417000000,_escaped_fragment_%3D&_escaped_fragment_= HTTP/1.1" 200 5230
195.154.191.180 - - [10/Mar/2020:09:07:41 -0300] "CONNECT cloudflare.com:443 HTTP/1.1" 400 -
78.108.177.52 - - [10/Mar/2020:09:14:44 -0300] "GET / HTTP/1.0" 200 11197
200.111.191.212 - - [10/Mar/2020:09:16:33 -0300] "GET /cormun/servlet/trpermisosgoce? HTTP/1.1" 200 6006
200.111.191.212 - - [10/Mar/2020:09:16:33 -0300] "GET /cormun/static/gxcfg.js?2020121631564 HTTP/1.1" 304 -
200.111.191.212 - - [10/Mar/2020:09:16:33 -0300] "GET /cormun/static/messages.spa.js?85251 HTTP/1.1" 304 -
200.111.191.212 - - [10/Mar/2020:09:16:33 -0300] "GET /cormun/servlet/hlogin HTTP/1.1" 200 1745
200.111.191.212 - - [10/Mar/2020:09:16:33 -0300] "GET /cormun/servlet/trpermisosgoce? HTTP/1.1" 200 6006
200.111.191.212 - - [10/Mar/2020:09:16:33 -0300] "GET /cormun/static/gxcfg.js?201910216285969 HTTP/1.1" 304 -
200.111.191.212 - - [10/Mar/2020:09:16:33 -0300] "GET /cormun/servlet/trpermisosgoce? HTTP/1.1" 200 6006
200.111.191.212 - - [10/Mar/2020:09:16:39 -0300] "POST /cormun/servlet/hlogin?5681377dc2fc2d7fef8d3b0cb2d7fe36,gx-no-cache=1583842448896 HTTP/1.1" 200 90
200.111.191.212 - - [10/Mar/2020:09:16:39 -0300] "GET /cormun/servlet/hpexe_link HTTP/1.1" 200 959
200.111.191.212 - - [10/Mar/2020:09:16:39 -0300] "GET /cormun/static/gxcfg.js?201991422392958 HTTP/1.1" 304 -
200.111.191.212 - - [10/Mar/2020:09:16:39 -0300] "GET /cormun/servlet/trpermisosgoce HTTP/1.1" 200 8398
200.111.191.212 - - [10/Mar/2020:09:16:39 -0300] "GET /cormun/servlet/trpermisosgoce HTTP/1.1" 200 8398
200.111.191.212 - - [10/Mar/2020:09:16:42 -0300] "GET /cormun/servlet/permisogoce?INS,0,,, HTTP/1.1" 200 6799
200.111.191.212 - - [10/Mar/2020:09:16:42 -0300] "GET /cormun/static/gxcfg.js?20201215124560 HTTP/1.1" 304 -
200.111.191.212 - - [10/Mar/2020:09:16:43 -0300] "GET /cormun/servlet/permisogoce?INS,0,,, HTTP/1.1" 200 6798
200.111.191.212 - - [10/Mar/2020:09:16:49 -0300] "GET /cormun/servlet/permisogoce?fb664507d62b9c9dfc7f6c1806344b260d4f6a56275714b05527686102e3c336368473b40321340e99a8a498a7bfe4a17492b659c68b7aabfc7888efbd14fea6,gx-no-cache=1583842459819 HTTP/1.1" 200 83
200.111.191.212 - - [10/Mar/2020:09:17:00 -0300] "GET /cormun/servlet/permisogoce?fb664507d62b9c9dfc7f6c1806344b26c853e330586dc4e1692ab165084b049580d9c38bcdd673b0b8e4e590286cb17a086e8192597607646058b10d532dc7b6,gx-no-cache=1583842470224 HTTP/1.1" 200 46
200.111.191.212 - - [10/Mar/2020:09:17:19 -0300] "POST /cormun/servlet/permisogoce?5681377dc2fc2d7fef8d3b0cb2d7fe36,INS,0,,,,gx-no-cache=1583842487956 HTTP/1.1" 200 93
200.111.191.212 - - [10/Mar/2020:09:17:19 -0300] "GET /cormun/servlet/hpexe_return? HTTP/1.1" 200 1012
200.111.191.212 - - [10/Mar/2020:09:17:19 -0300] "GET /cormun/static/gxcfg.js?201991422392976 HTTP/1.1" 304 -
200.111.191.212 - - [10/Mar/2020:09:17:19 -0300] "GET /cormun/servlet/trpermisosgoce HTTP/1.1" 200 8649
200.111.191.212 - - [10/Mar/2020:09:17:20 -0300] "GET /cormun/servlet/trpermisosgoce HTTP/1.1" 200 8644
200.111.191.212 - - [10/Mar/2020:09:17:25 -0300] "GET /cormun/servlet/apermisogoceprn?10999910,P,20200310100758,PU HTTP/1.1" 200 1655
190.171.141.90 - - [10/Mar/2020:09:23:17 -0300] "GET /cormun/servlet/hlogin HTTP/1.1" 200 1732
190.171.141.90 - - [10/Mar/2020:09:23:17 -0300] "GET /cormun/static/gxcfg.js?201910216285969 HTTP/1.1" 304 -
190.171.141.90 - - [10/Mar/2020:09:23:17 -0300] "GET /cormun/static/messages.spa.js?85251 HTTP/1.1" 304 -
190.171.141.90 - - [10/Mar/2020:09:23:18 -0300] "GET /cormun/servlet/hlogin HTTP/1.1" 200 1738
190.171.141.90 - - [10/Mar/2020:09:23:24 -0300] "POST /cormun/servlet/hlogin?7db78d30646a25235ae7f8ce2eeb3e58,gx-no-cache=1583842600140 HTTP/1.1" 200 90
190.171.141.90 - - [10/Mar/2020:09:23:24 -0300] "GET /cormun/servlet/hpexe_link HTTP/1.1" 200 955
190.171.141.90 - - [10/Mar/2020:09:23:24 -0300] "GET /cormun/static/gxcfg.js?201991422392958 HTTP/1.1" 304 -
190.171.141.90 - - [10/Mar/2020:09:23:24 -0300] "GET /cormun/servlet/hhome HTTP/1.1" 200 3963
190.171.141.90 - - [10/Mar/2020:09:23:24 -0300] "GET /cormun/static/gxcfg.js?20201215495537 HTTP/1.1" 304 -
190.171.141.90 - - [10/Mar/2020:09:23:25 -0300] "GET /cormun/servlet/hhome HTTP/1.1" 200 3960
190.171.141.90 - - [10/Mar/2020:09:23:29 -0300] "GET /cormun/servlet/trcontratoobservacion? HTTP/1.1" 200 9006
190.171.141.90 - - [10/Mar/2020:09:23:29 -0300] "GET /cormun/static/gxcfg.js?2020121604219 HTTP/1.1" 200 953
190.171.141.90 - - [10/Mar/2020:09:23:29 -0300] "GET /cormun/static/trcontratoobservacion.js?2020121604638 HTTP/1.1" 200 25148
190.171.141.90 - - [10/Mar/2020:09:23:29 -0300] "GET /cormun/servlet/trcontratoobservacion? HTTP/1.1" 200 9004
190.171.141.90 - - [10/Mar/2020:09:23:50 -0300] "GET /cormun/servlet/trcontratoobservacion? HTTP/1.1" 200 9004
190.171.141.90 - - [10/Mar/2020:09:23:51 -0300] "GET /cormun/servlet/trcontratoobservacion? HTTP/1.1" 200 9004
190.171.141.90 - - [10/Mar/2020:09:24:23 -0300] "GET /cormun/servlet/trsolicitudot? HTTP/1.1" 200 7179
190.171.141.90 - - [10/Mar/2020:09:24:23 -0300] "GET /cormun/static/gxcfg.js?201991910464971 HTTP/1.1" 304 -
190.171.141.90 - - [10/Mar/2020:09:24:23 -0300] "GET /cormun/servlet/trsolicitudot? HTTP/1.1" 200 7179
190.171.141.90 - - [10/Mar/2020:09:24:28 -0300] "POST /cormun/servlet/trsolicitudot?7db78d30646a25235ae7f8ce2eeb3e58,,gx-no-cache=1583842664214 HTTP/1.1" 200 8954
190.171.153.34 - - [10/Mar/2020:09:27:17 -0300] "GET /cormun/servlet/hlogin HTTP/1.1" 200 1727
190.171.153.34 - - [10/Mar/2020:09:27:17 -0300] "GET /cormun/static/messages.spa.js?85251 HTTP/1.1" 304 -
190.171.153.34 - - [10/Mar/2020:09:27:18 -0300] "GET /cormun/static/gxcfg.js?201910216285969 HTTP/1.1" 304 -
190.171.153.34 - - [10/Mar/2020:09:27:27 -0300] "POST /cormun/servlet/hlogin?8281303a57b9576e3f24eb9f86116e42,gx-no-cache=1583842844597 HTTP/1.1" 200 430
190.171.153.34 - - [10/Mar/2020:09:27:32 -0300] "POST /cormun/servlet/hlogin?8281303a57b9576e3f24eb9f86116e42,gx-no-cache=1583842850307 HTTP/1.1" 200 430
190.171.153.34 - - [10/Mar/2020:09:27:39 -0300] "POST /cormun/servlet/hlogin?8281303a57b9576e3f24eb9f86116e42,gx-no-cache=1583842856843 HTTP/1.1" 200 90
190.171.153.34 - - [10/Mar/2020:09:27:39 -0300] "GET /cormun/servlet/hpexe_link HTTP/1.1" 200 954
190.171.153.34 - - [10/Mar/2020:09:27:39 -0300] "GET /cormun/static/gxcfg.js?201991422392958 HTTP/1.1" 304 -
190.171.153.34 - - [10/Mar/2020:09:27:39 -0300] "GET /cormun/servlet/hhome HTTP/1.1" 200 4330
190.171.153.34 - - [10/Mar/2020:09:27:39 -0300] "GET /cormun/static/gxcfg.js?20201215495537 HTTP/1.1" 304 -
190.171.153.34 - - [10/Mar/2020:09:27:40 -0300] "GET /cormun/servlet/hhome HTTP/1.1" 200 4327
190.171.153.34 - - [10/Mar/2020:09:27:45 -0300] "GET /cormun/servlet/trlicencias? HTTP/1.1" 200 9914
190.171.153.34 - - [10/Mar/2020:09:27:46 -0300] "GET /cormun/static/gxcfg.js?2020121613995 HTTP/1.1" 304 -
190.171.153.34 - - [10/Mar/2020:09:27:46 -0300] "GET /cormun/servlet/trlicencias? HTTP/1.1" 200 9912
186.11.83.14 - - [10/Mar/2020:09:32:53 -0300] "GET /cormun/servlet/hlogin HTTP/1.1" 200 1732
186.11.83.14 - - [10/Mar/2020:09:32:53 -0300] "GET /cormun/static/messages.spa.js?85251 HTTP/1.1" 304 -
186.11.83.14 - - [10/Mar/2020:09:32:53 -0300] "GET /cormun/static/gxcfg.js?201910216285969 HTTP/1.1" 304 -
192.168.15.12 - - [10/Mar/2020:09:35:09 -0300] "GET /digitalizacion/servlet/wblogin HTTP/1.1" 200 2300
192.168.15.12 - - [10/Mar/2020:09:35:09 -0300] "GET /digitalizacion/static/gxtimezone.js?85251 HTTP/1.1" 200 5780
192.168.15.12 - - [10/Mar/2020:09:35:09 -0300] "GET /digitalizacion/static/gxcfg.js?201842010284377 HTTP/1.1" 200 954
192.168.15.12 - - [10/Mar/2020:09:35:09 -0300] "GET /digitalizacion/static/RunJS/RunJS.js HTTP/1.1" 200 288
192.168.15.12 - - [10/Mar/2020:09:35:09 -0300] "GET /digitalizacion/static/PXToolsJavascripts/pexe_autoreload.js HTTP/1.1" 200 1762
192.168.15.12 - - [10/Mar/2020:09:35:09 -0300] "GET /digitalizacion/static/PXToolsJavascripts/pexe_cookies.js HTTP/1.1" 200 792
192.168.15.12 - - [10/Mar/2020:09:35:09 -0300] "GET /digitalizacion/static/PXToolsJavascripts/pexe_windows.js HTTP/1.1" 200 15249
192.168.15.12 - - [10/Mar/2020:09:35:09 -0300] "GET /digitalizacion/static/Resources/Spanish/PXTools.css?14224663 HTTP/1.1" 200 100831
192.168.15.12 - - [10/Mar/2020:09:35:09 -0300] "GET /digitalizacion/static/PXToolsJavascripts/pexe_grid.js HTTP/1.1" 200 7559
192.168.15.12 - - [10/Mar/2020:09:35:09 -0300] "GET /digitalizacion/static/PXToolsJavascripts/pexe_link.js HTTP/1.1" 200 5671
192.168.15.12 - - [10/Mar/2020:09:35:09 -0300] "GET /digitalizacion/static/PXToolsJavascripts/pexe_griddivfix.js HTTP/1.1" 200 6946
192.168.15.12 - - [10/Mar/2020:09:35:09 -0300] "GET /digitalizacion/static/PXToolsJavascripts/pexe_menudivfix.js HTTP/1.1" 200 333
192.168.15.12 - - [10/Mar/2020:09:35:09 -0300] "GET /digitalizacion/static/PXToolsJavascripts/pexe_menus.js HTTP/1.1" 200 1286
192.168.15.12 - - [10/Mar/2020:09:35:09 -0300] "GET /digitalizacion/static/PXToolsJavascripts/pexe_layers.js HTTP/1.1" 200 4114
192.168.15.12 - - [10/Mar/2020:09:35:09 -0300] "GET /digitalizacion/static/PXToolsJavascripts/pexe_oav.js HTTP/1.1" 200 645
192.168.15.12 - - [10/Mar/2020:09:35:09 -0300] "GET /digitalizacion/static/PXToolsJavascripts/pexe_oavdivfix.js HTTP/1.1" 200 639
192.168.15.12 - - [10/Mar/2020:09:35:09 -0300] "GET /digitalizacion/static/PXToolsJavascripts/pexe_picture.js HTTP/1.1" 200 689
192.168.15.12 - - [10/Mar/2020:09:35:09 -0300] "GET /digitalizacion/static/PXToolsJavascripts/pexe_popup.js HTTP/1.1" 200 15149
192.168.15.12 - - [10/Mar/2020:09:35:09 -0300] "GET /digitalizacion/static/PXToolsJavascripts/pexe_scrolldiv.js HTTP/1.1" 200 4138
192.168.15.12 - - [10/Mar/2020:09:35:09 -0300] "GET /digitalizacion/static/PXToolsJavascripts/pexe_tabs.js HTTP/1.1" 200 3748
192.168.15.12 - - [10/Mar/2020:09:35:09 -0300] "GET /digitalizacion/static/PXToolsJavascripts/pexe_tabdivfix.js HTTP/1.1" 200 898
192.168.15.12 - - [10/Mar/2020:09:35:09 -0300] "GET /digitalizacion/static/PXToolsJavascripts/pexe_upload.js HTTP/1.1" 200 1423
192.168.15.12 - - [10/Mar/2020:09:35:09 -0300] "GET /digitalizacion/static/PXToolsJavascripts/PXToolsJavascriptsRender.js HTTP/1.1" 200 367
192.168.15.12 - - [10/Mar/2020:09:35:09 -0300] "GET /digitalizacion/static/messages.spa.js?85251 HTTP/1.1" 200 35505
192.168.15.12 - - [10/Mar/2020:09:35:09 -0300] "GET /digitalizacion/static/Resources/Comun33.png HTTP/1.1" 200 14839
192.168.15.12 - - [10/Mar/2020:09:35:09 -0300] "GET /digitalizacion/static/gxgral.js?85251 HTTP/1.1" 200 384558
192.168.15.12 - - [10/Mar/2020:09:35:09 -0300] "GET /digitalizacion/static/wblogin.js?201842010284433 HTTP/1.1" 200 4267
192.168.15.12 - - [10/Mar/2020:09:35:09 -0300] "GET /digitalizacion/static/hmplogin.js?201841414365131 HTTP/1.1" 200 907
192.168.15.12 - - [10/Mar/2020:09:35:09 -0300] "GET /digitalizacion/static/Resources/PXToolsLoginBackground.png HTTP/1.1" 200 1164
192.168.15.12 - - [10/Mar/2020:09:35:09 -0300] "GET /digitalizacion/static/Resources/PXToolsLoginTop.png HTTP/1.1" 200 1337
192.168.15.12 - - [10/Mar/2020:09:35:09 -0300] "GET /digitalizacion/static/Resources/PXToolsButtonLeft.png HTTP/1.1" 200 1310
192.168.15.12 - - [10/Mar/2020:09:35:09 -0300] "GET /digitalizacion/static/Resources/PXToolsButtonBackground.png HTTP/1.1" 200 1176
192.168.15.12 - - [10/Mar/2020:09:35:09 -0300] "GET /digitalizacion/static/Resources/PXToolsLoginBottom.png HTTP/1.1" 200 1389
192.168.15.12 - - [10/Mar/2020:09:35:09 -0300] "GET /digitalizacion/static/Resources/PXToolsButtonRight.png HTTP/1.1" 200 1294
192.168.15.12 - - [10/Mar/2020:09:35:09 -0300] "GET /digitalizacion/static/Resources/indicator.gif HTTP/1.1" 200 1553
