186.103.159.187 - - [10/Mar/2020:13:41:10 -0300] "GET /cormun/GeneralExcel-7961.xls HTTP/1.1" 200 5120
186.103.159.187 - - [10/Mar/2020:13:42:35 -0300] "POST /cormun/servlet/trreportecargahoraria?e8d05a0dd5961d224e0f806fc46222ea,gx-no-cache=1583858204515 HTTP/1.1" 200 104
186.103.159.187 - - [10/Mar/2020:13:42:35 -0300] "GET /cormun/GeneralExcel-1020.xls HTTP/1.1" 200 5120
186.103.159.187 - - [10/Mar/2020:13:44:06 -0300] "POST /cormun/servlet/trreportecargahoraria?e8d05a0dd5961d224e0f806fc46222ea,gx-no-cache=1583858294817 HTTP/1.1" 200 4220
186.103.159.187 - - [10/Mar/2020:13:44:09 -0300] "POST /cormun/servlet/trreportecargahoraria?e8d05a0dd5961d224e0f806fc46222ea,gx-no-cache=1583858297785 HTTP/1.1" 200 4220
186.103.159.187 - - [10/Mar/2020:13:44:15 -0300] "GET /cormun/servlet/vereportecargahoraria?2020,14091742,F-31,, HTTP/1.1" 200 7566
186.103.159.187 - - [10/Mar/2020:13:44:16 -0300] "GET /cormun/pexe_scrolldiv.js HTTP/1.1" 404 1009
186.103.159.187 - - [10/Mar/2020:13:44:17 -0300] "GET /cormun/servlet/vereportecargahoraria?2020,14091742,F-31,, HTTP/1.1" 200 7566
186.103.159.187 - - [10/Mar/2020:13:44:17 -0300] "GET /cormun/servlet/vereportecargahoraria?2020,14091742,F-31,, HTTP/1.1" 200 7566
186.103.159.187 - - [10/Mar/2020:13:44:17 -0300] "GET /cormun/pexe_scrolldiv.js HTTP/1.1" 404 1009
186.103.159.187 - - [10/Mar/2020:13:44:18 -0300] "GET /cormun/servlet/vereportecargahoraria?2020,14091742,F-31,, HTTP/1.1" 200 7566
186.103.159.187 - - [10/Mar/2020:13:44:20 -0300] "POST /cormun/servlet/acontrolpreferencessavestate?None,MCERDA,true HTTP/1.1" 200 35
186.103.159.187 - - [10/Mar/2020:13:44:23 -0300] "POST /cormun/servlet/vereportecargahoraria?e8d05a0dd5961d224e0f806fc46222ea,2020,14091742,F-31,,,gx-no-cache=1583858312622 HTTP/1.1" 200 90
186.103.159.187 - - [10/Mar/2020:13:44:23 -0300] "GET /cormun/servlet/hpexe_link HTTP/1.1" 200 1002
186.103.159.187 - - [10/Mar/2020:13:44:24 -0300] "GET /cormun/servlet/trreportecargahoraria?gx-no-cache=1583858297785 HTTP/1.1" 200 6853
186.103.159.187 - - [10/Mar/2020:13:44:25 -0300] "GET /cormun/servlet/trreportecargahoraria?gx-no-cache=1583858297785 HTTP/1.1" 200 6873
186.103.159.187 - - [10/Mar/2020:13:44:33 -0300] "GET /cormun/servlet/trcontratosolicitud? HTTP/1.1" 200 6846
186.103.159.187 - - [10/Mar/2020:13:44:34 -0300] "GET /cormun/servlet/trcontratosolicitud? HTTP/1.1" 200 6824
186.103.159.187 - - [10/Mar/2020:13:44:43 -0300] "GET /cormun/servlet/trreportecargahoraria? HTTP/1.1" 200 6852
186.103.159.187 - - [10/Mar/2020:13:44:44 -0300] "GET /cormun/servlet/trreportecargahoraria? HTTP/1.1" 200 6852
186.103.159.187 - - [10/Mar/2020:13:44:47 -0300] "POST /cormun/servlet/trreportecargahoraria?e8d05a0dd5961d224e0f806fc46222ea,,gx-no-cache=1583858335911 HTTP/1.1" 200 4226
186.103.159.187 - - [10/Mar/2020:13:44:52 -0300] "GET /cormun/servlet/trcontratounov2? HTTP/1.1" 200 13720
190.171.143.82 - - [10/Mar/2020:13:44:53 -0300] "POST /cormun/servlet/trautorizarsolicitud?ecfd0b102df495898cbb8949ba82609c,,gx-no-cache=1583858289575 HTTP/1.1" 200 7128
186.103.159.187 - - [10/Mar/2020:13:44:54 -0300] "GET /cormun/servlet/trcontratounov2? HTTP/1.1" 200 13723
186.103.159.187 - - [10/Mar/2020:13:44:58 -0300] "GET /cormun/servlet/trcontratosolicitud? HTTP/1.1" 200 6823
186.103.159.187 - - [10/Mar/2020:13:44:59 -0300] "GET /cormun/servlet/trcontratosolicitud? HTTP/1.1" 200 6822
186.103.159.187 - - [10/Mar/2020:13:45:03 -0300] "GET /cormun/servlet/trcontratoobservaciondir? HTTP/1.1" 200 6461
186.103.159.187 - - [10/Mar/2020:13:45:03 -0300] "GET /cormun/static/gxcfg.js?20199142031930 HTTP/1.1" 200 953
186.103.159.187 - - [10/Mar/2020:13:45:03 -0300] "GET /cormun/static/trcontratoobservaciondir.js?20199142032391 HTTP/1.1" 200 27185
186.103.159.187 - - [10/Mar/2020:13:45:04 -0300] "GET /cormun/servlet/trcontratoobservaciondir? HTTP/1.1" 200 6460
190.171.141.106 - - [10/Mar/2020:13:45:16 -0300] "POST /cormun/servlet/trsolicitudot?aec2af6e73ce8cc44248e194788b2a1d,,gx-no-cache=1583858312559 HTTP/1.1" 200 107
190.171.141.106 - - [10/Mar/2020:13:45:16 -0300] "GET /cormun/servlet/trsolicitudadjuntos?2020,16377, HTTP/1.1" 200 6373
190.171.141.106 - - [10/Mar/2020:13:45:16 -0300] "GET /cormun/static/gxcfg.js?20201215574222 HTTP/1.1" 304 -
186.103.159.187 - - [10/Mar/2020:13:45:16 -0300] "GET /cormun/servlet/trreportecargahoraria? HTTP/1.1" 200 6852
190.171.141.106 - - [10/Mar/2020:13:45:17 -0300] "GET /cormun/servlet/trsolicitudadjuntos?2020,16377, HTTP/1.1" 200 6373
186.103.159.187 - - [10/Mar/2020:13:45:18 -0300] "GET /cormun/servlet/trreportecargahoraria? HTTP/1.1" 200 6852
186.103.159.187 - - [10/Mar/2020:13:45:21 -0300] "POST /cormun/servlet/trreportecargahoraria?e8d05a0dd5961d224e0f806fc46222ea,,gx-no-cache=1583858370089 HTTP/1.1" 200 4226
190.171.141.106 - - [10/Mar/2020:13:45:23 -0300] "GET /cormun/servlet/solicitudotadjuntos?INS,2020,16377,,1, HTTP/1.1" 200 6316
190.171.141.106 - - [10/Mar/2020:13:45:24 -0300] "GET /cormun/static/gxcfg.js?202012157947 HTTP/1.1" 304 -
190.171.141.106 - - [10/Mar/2020:13:45:24 -0300] "GET /cormun/static/about:blank HTTP/1.1" 404 1011
190.171.141.106 - - [10/Mar/2020:13:45:24 -0300] "GET /cormun/servlet/solicitudotadjuntos?INS,2020,16377,,1, HTTP/1.1" 200 6309
190.171.141.106 - - [10/Mar/2020:13:45:24 -0300] "GET /cormun/servlet/solicitudotadjuntos?a0817f7a8bd194375e47b377ec535a4a4d59b1ee07f8ecaa1649550ff0c47296b0f4dbf09385292f3471d45e12c80457,gx-no-cache=1583858321211 HTTP/1.1" 200 30
190.171.141.106 - - [10/Mar/2020:13:45:25 -0300] "POST /cormun/servlet/solicitudotadjuntos?aec2af6e73ce8cc44248e194788b2a1d,INS,2020,16377,,1,,gx-no-cache=1583858321263 HTTP/1.1" 200 4160
190.171.144.234 - - [10/Mar/2020:13:45:27 -0300] "GET /cormun/servlet/trlicencias? HTTP/1.1" 200 9083
190.171.144.234 - - [10/Mar/2020:13:45:27 -0300] "GET /cormun/servlet/trlicencias? HTTP/1.1" 200 9082
190.171.144.234 - - [10/Mar/2020:13:45:27 -0300] "GET /favicon.ico HTTP/1.1" 200 21630
190.171.141.106 - - [10/Mar/2020:13:45:33 -0300] "POST /cormun/servlet/solicitudotadjuntos?gx-no-cache=1583858329651 HTTP/1.1" 200 26
190.171.141.90 - - [10/Mar/2020:13:45:33 -0300] "GET /cormun/servlet/trlicencias? HTTP/1.1" 200 14772
190.171.141.90 - - [10/Mar/2020:13:45:34 -0300] "GET /cormun/servlet/trlicencias? HTTP/1.1" 200 14773
186.103.159.187 - - [10/Mar/2020:13:45:37 -0300] "GET /cormun/servlet/hhome HTTP/1.1" 200 3299
186.103.159.187 - - [10/Mar/2020:13:45:37 -0300] "GET /cormun/servlet/hhome HTTP/1.1" 200 3302
190.171.141.90 - - [10/Mar/2020:13:45:38 -0300] "GET /cormun/static/menuarrow.gif HTTP/1.1" 404 1015
186.103.159.187 - - [10/Mar/2020:13:45:40 -0300] "GET /cormun/servlet/hhome HTTP/1.1" 200 3313
186.103.159.187 - - [10/Mar/2020:13:45:40 -0300] "GET /cormun/servlet/hlogin HTTP/1.1" 200 1743
190.171.141.90 - - [10/Mar/2020:13:45:45 -0300] "POST /cormun/servlet/trlicencias?b2aacecda87cdd0b14e8ccf3d7e265c6,,gx-no-cache=1583858340695 HTTP/1.1" 200 18795
186.103.159.187 - - [10/Mar/2020:13:45:51 -0300] "POST /cormun/servlet/hlogin?7ad62fe8eff45da034392f64723d9fa5,gx-no-cache=1583858400169 HTTP/1.1" 200 90
186.103.159.187 - - [10/Mar/2020:13:45:51 -0300] "GET /cormun/servlet/hpexe_link HTTP/1.1" 200 957
186.103.159.187 - - [10/Mar/2020:13:45:51 -0300] "GET /cormun/servlet/hhome HTTP/1.1" 200 4256
186.103.159.187 - - [10/Mar/2020:13:45:52 -0300] "GET /cormun/servlet/hhome HTTP/1.1" 200 4253
190.171.141.90 - - [10/Mar/2020:13:45:55 -0300] "POST /cormun/servlet/trlicencias?b2aacecda87cdd0b14e8ccf3d7e265c6,,gx-no-cache=1583858350717 HTTP/1.1" 200 4157
186.103.159.187 - - [10/Mar/2020:13:46:01 -0300] "GET /cormun/servlet/trreportecargahoraria? HTTP/1.1" 200 10717
186.103.159.187 - - [10/Mar/2020:13:46:03 -0300] "GET /cormun/servlet/trreportecargahoraria? HTTP/1.1" 200 10716
190.171.141.90 - - [10/Mar/2020:13:46:03 -0300] "POST /cormun/servlet/trlicencias?b2aacecda87cdd0b14e8ccf3d7e265c6,,gx-no-cache=1583858358920 HTTP/1.1" 200 5671
190.171.141.106 - - [10/Mar/2020:13:46:09 -0300] "POST /cormun/servlet/solicitudotadjuntos?aec2af6e73ce8cc44248e194788b2a1d,INS,2020,16377,,1,,gx-no-cache=1583858365598 HTTP/1.1" 200 93
190.171.141.106 - - [10/Mar/2020:13:46:09 -0300] "GET /cormun/servlet/hpexe_return? HTTP/1.1" 200 1033
190.171.141.106 - - [10/Mar/2020:13:46:09 -0300] "GET /cormun/servlet/trsolicitudadjuntos?2020,16377, HTTP/1.1" 200 6376
190.171.141.106 - - [10/Mar/2020:13:46:10 -0300] "GET /cormun/servlet/trsolicitudadjuntos?2020,16377, HTTP/1.1" 200 6373
190.171.141.106 - - [10/Mar/2020:13:46:40 -0300] "GET /cormun/servlet/hlogin HTTP/1.1" 200 1728
190.171.141.106 - - [10/Mar/2020:13:46:41 -0300] "GET /cormun/servlet/hlogin HTTP/1.1" 200 1728
190.171.141.106 - - [10/Mar/2020:13:46:46 -0300] "POST /cormun/servlet/hlogin?eaf670d2d0855f364064511bf2752b3e,gx-no-cache=1583858402576 HTTP/1.1" 200 90
190.171.141.106 - - [10/Mar/2020:13:46:46 -0300] "GET /cormun/servlet/hpexe_link HTTP/1.1" 200 956
190.171.141.106 - - [10/Mar/2020:13:46:46 -0300] "GET /cormun/servlet/hhome HTTP/1.1" 200 4269
190.171.141.106 - - [10/Mar/2020:13:46:47 -0300] "GET /cormun/servlet/hhome HTTP/1.1" 200 4265
190.171.141.106 - - [10/Mar/2020:13:46:51 -0300] "GET /cormun/servlet/trsolicitudot? HTTP/1.1" 200 8850
190.171.141.106 - - [10/Mar/2020:13:46:51 -0300] "GET /cormun/servlet/trsolicitudot? HTTP/1.1" 200 8848
190.171.141.106 - - [10/Mar/2020:13:47:08 -0300] "POST /cormun/servlet/trsolicitudot?eaf670d2d0855f364064511bf2752b3e,,gx-no-cache=1583858424698 HTTP/1.1" 200 107
190.171.141.106 - - [10/Mar/2020:13:47:08 -0300] "GET /cormun/servlet/trsolicitudadjuntos?2020,16377, HTTP/1.1" 200 6373
190.171.141.106 - - [10/Mar/2020:13:47:09 -0300] "GET /cormun/servlet/trsolicitudadjuntos?2020,16377, HTTP/1.1" 200 6373
190.171.141.106 - - [10/Mar/2020:13:47:11 -0300] "GET /cormun/servlet/solicitudotadjuntos?INS,2020,16377,,1, HTTP/1.1" 200 6315
190.171.141.106 - - [10/Mar/2020:13:47:12 -0300] "GET /cormun/static/about:blank HTTP/1.1" 404 1011
190.171.141.106 - - [10/Mar/2020:13:47:12 -0300] "GET /cormun/servlet/solicitudotadjuntos?INS,2020,16377,,1, HTTP/1.1" 200 6308
190.171.141.106 - - [10/Mar/2020:13:47:12 -0300] "GET /cormun/servlet/solicitudotadjuntos?ed7dfb646f7a8702529232b3b7f8362a8e0ecace0f79e6e41724ecb2a2bbae7481e1d136d665a18bb87419aa74f6ca2f,gx-no-cache=1583858429124 HTTP/1.1" 200 30
190.171.141.106 - - [10/Mar/2020:13:47:13 -0300] "POST /cormun/servlet/solicitudotadjuntos?eaf670d2d0855f364064511bf2752b3e,INS,2020,16377,,1,,gx-no-cache=1583858429204 HTTP/1.1" 200 4161
190.171.141.106 - - [10/Mar/2020:13:47:23 -0300] "POST /cormun/servlet/solicitudotadjuntos?gx-no-cache=1583858439328 HTTP/1.1" 200 26
186.103.159.187 - - [10/Mar/2020:13:47:34 -0300] "GET /cormun/servlet/trcontratounov2? HTTP/1.1" 200 13727
186.103.159.187 - - [10/Mar/2020:13:47:37 -0300] "GET /cormun/servlet/trcontratounov2? HTTP/1.1" 200 13726
186.103.159.187 - - [10/Mar/2020:13:47:40 -0300] "POST /cormun/servlet/trcontratounov2?7ad62fe8eff45da034392f64723d9fa5,,gx-no-cache=1583858508705 HTTP/1.1" 200 12395
190.171.141.106 - - [10/Mar/2020:13:48:57 -0300] "GET /cormun/servlet/hlogin HTTP/1.1" 200 1726
190.171.141.106 - - [10/Mar/2020:13:48:59 -0300] "POST /cormun/servlet/hlogin?7f8a7d160a6f144aecec5e552b864dbd,gx-no-cache=1583858535440 HTTP/1.1" 200 420
190.171.141.106 - - [10/Mar/2020:13:49:02 -0300] "POST /cormun/servlet/hlogin?7f8a7d160a6f144aecec5e552b864dbd,gx-no-cache=1583858539179 HTTP/1.1" 200 90
190.171.141.106 - - [10/Mar/2020:13:49:03 -0300] "GET /cormun/servlet/hpexe_link HTTP/1.1" 200 954
190.171.141.106 - - [10/Mar/2020:13:49:03 -0300] "GET /cormun/servlet/hhome HTTP/1.1" 200 4265
190.171.141.106 - - [10/Mar/2020:13:49:03 -0300] "GET /cormun/servlet/hhome HTTP/1.1" 200 4263
190.171.141.106 - - [10/Mar/2020:13:49:08 -0300] "GET /cormun/servlet/trsolicitudot? HTTP/1.1" 200 8849
190.171.141.106 - - [10/Mar/2020:13:49:08 -0300] "GET /cormun/servlet/trsolicitudot? HTTP/1.1" 200 8847
190.171.141.106 - - [10/Mar/2020:13:49:12 -0300] "POST /cormun/servlet/trsolicitudot?7f8a7d160a6f144aecec5e552b864dbd,,gx-no-cache=1583858548645 HTTP/1.1" 200 107
190.171.141.106 - - [10/Mar/2020:13:49:12 -0300] "GET /cormun/servlet/trsolicitudadjuntos?2020,16377, HTTP/1.1" 200 6371
190.171.141.106 - - [10/Mar/2020:13:49:13 -0300] "GET /cormun/servlet/trsolicitudadjuntos?2020,16377, HTTP/1.1" 200 6371
190.171.141.106 - - [10/Mar/2020:13:49:16 -0300] "GET /cormun/servlet/solicitudotadjuntos?INS,2020,16377,,1, HTTP/1.1" 200 6313
190.171.141.106 - - [10/Mar/2020:13:49:16 -0300] "GET /cormun/static/about:blank HTTP/1.1" 404 1011
190.171.141.106 - - [10/Mar/2020:13:49:17 -0300] "GET /cormun/servlet/solicitudotadjuntos?INS,2020,16377,,1, HTTP/1.1" 200 6306
190.171.141.106 - - [10/Mar/2020:13:49:17 -0300] "GET /cormun/servlet/solicitudotadjuntos?c39f146751356604d60457cd40b1549a8577e333fb0c9ae62da83882fa730a66cd051cc88a8cc37db8a3b7c777d4913e,gx-no-cache=1583858554052 HTTP/1.1" 200 30
190.171.141.106 - - [10/Mar/2020:13:49:17 -0300] "POST /cormun/servlet/solicitudotadjuntos?7f8a7d160a6f144aecec5e552b864dbd,INS,2020,16377,,1,,gx-no-cache=1583858554146 HTTP/1.1" 200 4157
190.171.141.106 - - [10/Mar/2020:13:49:23 -0300] "POST /cormun/servlet/solicitudotadjuntos?gx-no-cache=1583858559371 HTTP/1.1" 200 26
186.103.159.187 - - [10/Mar/2020:13:49:39 -0300] "POST /cormun/servlet/trcontratounov2?7ad62fe8eff45da034392f64723d9fa5,,gx-no-cache=1583858627422 HTTP/1.1" 200 105
186.103.159.187 - - [10/Mar/2020:13:49:39 -0300] "GET /cormun/ContratoUnoV3-9810.xls HTTP/1.1" 200 10752
190.171.143.106 - - [10/Mar/2020:13:50:42 -0300] "GET /cormun/servlet/hlogin HTTP/1.1" 200 1729
190.171.143.106 - - [10/Mar/2020:13:50:42 -0300] "GET /cormun/static/gxcfg.js?201910216285969 HTTP/1.1" 304 -
190.171.143.106 - - [10/Mar/2020:13:50:42 -0300] "GET /cormun/static/messages.spa.js?85251 HTTP/1.1" 304 -
190.171.143.106 - - [10/Mar/2020:13:50:43 -0300] "GET /cormun/servlet/hlogin HTTP/1.1" 200 1740
190.171.143.106 - - [10/Mar/2020:13:50:44 -0300] "POST /cormun/servlet/hlogin?47e2c7a2e62251bccf3b900d3542230a,gx-no-cache=1583858640255 HTTP/1.1" 200 439
190.171.143.106 - - [10/Mar/2020:13:50:46 -0300] "POST /cormun/servlet/hlogin?47e2c7a2e62251bccf3b900d3542230a,gx-no-cache=1583858642575 HTTP/1.1" 200 90
190.171.143.106 - - [10/Mar/2020:13:50:46 -0300] "GET /cormun/servlet/hpexe_link HTTP/1.1" 200 955
190.171.143.106 - - [10/Mar/2020:13:50:46 -0300] "GET /cormun/static/gxcfg.js?201991422392958 HTTP/1.1" 304 -
190.171.143.106 - - [10/Mar/2020:13:50:47 -0300] "GET /cormun/servlet/hhome HTTP/1.1" 200 4322
190.171.143.106 - - [10/Mar/2020:13:50:47 -0300] "GET /cormun/static/gxcfg.js?20201215495537 HTTP/1.1" 304 -
190.171.143.106 - - [10/Mar/2020:13:50:47 -0300] "GET /cormun/servlet/hhome HTTP/1.1" 200 4320
186.103.159.187 - - [10/Mar/2020:13:50:48 -0300] "GET /cormun/servlet/trcontratosolicitud? HTTP/1.1" 200 11681
186.103.159.187 - - [10/Mar/2020:13:50:50 -0300] "GET /cormun/servlet/trcontratosolicitud? HTTP/1.1" 200 11680
186.103.159.187 - - [10/Mar/2020:13:50:56 -0300] "GET /cormun/servlet/trcontratoobservaciondir? HTTP/1.1" 200 6464
190.171.143.106 - - [10/Mar/2020:13:50:56 -0300] "GET /cormun/servlet/trpermisosgoce? HTTP/1.1" 200 8143
190.171.143.106 - - [10/Mar/2020:13:50:56 -0300] "GET /cormun/static/gxui/gxui-all.css?120300 HTTP/1.1" 200 2179
190.171.143.106 - - [10/Mar/2020:13:50:57 -0300] "GET /cormun/static/calendar-system.css?85620 HTTP/1.1" 200 5572
190.171.143.106 - - [10/Mar/2020:13:50:57 -0300] "GET /cormun/static/gxcfg.js?2020121631564 HTTP/1.1" 200 953
190.171.143.106 - - [10/Mar/2020:13:50:57 -0300] "GET /cormun/static/Shared/ext/resources/css/ext-all.css?215870 HTTP/1.1" 200 416045
190.171.143.106 - - [10/Mar/2020:13:50:57 -0300] "GET /cormun/static/trpermisosgoce.js?2020121633681 HTTP/1.1" 200 35904
190.171.143.106 - - [10/Mar/2020:13:50:57 -0300] "GET /cormun/static/Resources/PXToolsAddAllAction.png HTTP/1.1" 200 495
190.171.143.106 - - [10/Mar/2020:13:50:57 -0300] "GET /cormun//static/Resources/PXToolsGridDisplay.png HTTP/1.1" 200 525
190.171.143.106 - - [10/Mar/2020:13:50:57 -0300] "GET /cormun//static/Resources/PXToolsActionPrint.png HTTP/1.1" 200 404
190.171.143.106 - - [10/Mar/2020:13:50:57 -0300] "GET /cormun//static/Resources/PXToolsHeaderHelp.png HTTP/1.1" 200 1333
190.171.143.106 - - [10/Mar/2020:13:50:57 -0300] "GET /cormun//static/Resources/PXToolsHeaderFavorites.png HTTP/1.1" 200 1414
190.171.143.106 - - [10/Mar/2020:13:50:57 -0300] "GET /cormun/servlet/trpermisosgoce? HTTP/1.1" 200 8141
186.103.159.187 - - [10/Mar/2020:13:50:57 -0300] "GET /cormun/servlet/trcontratoobservaciondir? HTTP/1.1" 200 6464
186.103.159.187 - - [10/Mar/2020:13:51:00 -0300] "POST /cormun/servlet/trcontratoobservaciondir?7ad62fe8eff45da034392f64723d9fa5,,gx-no-cache=1583858709272 HTTP/1.1" 200 113
186.103.159.187 - - [10/Mar/2020:13:51:00 -0300] "GET /cormun/ContratoObservacionDir-965.xls HTTP/1.1" 200 4608
190.171.143.106 - - [10/Mar/2020:13:51:10 -0300] "POST /cormun/servlet/trpermisosgoce?47e2c7a2e62251bccf3b900d3542230a,,gx-no-cache=1583858665997 HTTP/1.1" 200 5379
190.171.143.106 - - [10/Mar/2020:13:51:10 -0300] "GET /cormun/static/Shared/jqueryui/images/ui-icons_82798d_256x240.png HTTP/1.1" 404 1089
190.171.143.106 - - [10/Mar/2020:13:51:10 -0300] "GET /cormun/static/Shared/jqueryui/images/ui-bg_highlight-soft_100_c6c2c8_1x100.png HTTP/1.1" 404 1117
190.171.143.106 - - [10/Mar/2020:13:51:10 -0300] "GET /cormun/static/Shared/jqueryui/images/ui-bg_flat_55_fafafa_40x100.png HTTP/1.1" 404 1097
190.171.143.106 - - [10/Mar/2020:13:51:10 -0300] "GET /cormun/static/Shared/jqueryui/images/ui-icons_8d78a5_256x240.png HTTP/1.1" 404 1089
186.103.159.187 - - [10/Mar/2020:13:51:22 -0300] "GET /cormun/servlet/trreportecargahoraria? HTTP/1.1" 200 10717
186.103.159.187 - - [10/Mar/2020:13:51:24 -0300] "GET /cormun/servlet/trreportecargahoraria? HTTP/1.1" 200 10716
190.171.143.106 - - [10/Mar/2020:13:51:46 -0300] "GET /cormun/servlet/permisogoce?INS,0,,, HTTP/1.1" 200 7206
190.171.143.106 - - [10/Mar/2020:13:51:46 -0300] "GET /cormun/static/gxcfg.js?20201215124560 HTTP/1.1" 200 953
190.171.143.106 - - [10/Mar/2020:13:51:46 -0300] "GET /cormun/static/Resources/prompt.gif HTTP/1.1" 200 902
190.171.143.106 - - [10/Mar/2020:13:51:46 -0300] "GET /cormun/static/permisogoce.js?20201215124939 HTTP/1.1" 200 27919
190.171.143.106 - - [10/Mar/2020:13:51:46 -0300] "GET /cormun/servlet/permisogoce?INS,0,,, HTTP/1.1" 200 7207
190.171.143.106 - - [10/Mar/2020:13:51:54 -0300] "POST /cormun/servlet/permisogoce?47e2c7a2e62251bccf3b900d3542230a,INS,0,,,,gx-no-cache=1583858710121 HTTP/1.1" 200 4814
190.171.143.106 - - [10/Mar/2020:13:51:54 -0300] "GET /cormun/static/Shared/jqueryui/images/ui-bg_highlight-soft_100_c6c2c8_1x100.png HTTP/1.1" 404 1117
190.171.143.106 - - [10/Mar/2020:13:51:54 -0300] "GET /cormun/static/Shared/jqueryui/images/ui-icons_82798d_256x240.png HTTP/1.1" 404 1089
190.171.143.106 - - [10/Mar/2020:13:51:54 -0300] "GET /cormun/static/Shared/jqueryui/images/ui-bg_flat_55_994d53_40x100.png HTTP/1.1" 404 1097
190.171.143.106 - - [10/Mar/2020:13:51:54 -0300] "GET /cormun/static/Shared/jqueryui/images/ui-icons_ebccce_256x240.png HTTP/1.1" 404 1089
190.171.143.106 - - [10/Mar/2020:13:52:09 -0300] "GET /cormun/static/Resources/resize.gif HTTP/1.1" 200 77
190.171.143.106 - - [10/Mar/2020:13:52:09 -0300] "GET /cormun/static/Resources/PXTools/ClosePrompt.png HTTP/1.1" 200 1036
190.171.143.106 - - [10/Mar/2020:13:52:10 -0300] "GET /cormun/servlet/prfichaempleado?,MD,,gxPopupLevel%3D0%3B HTTP/1.1" 200 9367
190.171.143.106 - - [10/Mar/2020:13:52:10 -0300] "GET /cormun/static/gxcfg.js?20201215571085 HTTP/1.1" 200 953
190.171.143.106 - - [10/Mar/2020:13:52:10 -0300] "GET /cormun/static/prfichaempleado.js?20201215572193 HTTP/1.1" 200 16006
190.171.143.106 - - [10/Mar/2020:13:52:22 -0300] "POST /cormun/servlet/prfichaempleado?47e2c7a2e62251bccf3b900d3542230a,,MD,,gxPopupLevel%3D0%3B,gx-no-cache=1583858737729 HTTP/1.1" 200 3412
190.171.143.106 - - [10/Mar/2020:13:52:26 -0300] "GET /cormun/servlet/permisogoce?766be54733ad9f69efb9e5fa0368b39f55e7067ce2adfa8fe8ae53036ca994a7812b736bc46b7fd19d59e94e8039872b3fac3121d843f8c5c6df4f7e4c349ab24df62772dca342a64e04762b9039899d6675063eb72cfae508bfaa16c8420073d50341d529e4e85dba2c5763f6fab8a5e28de0fa2c1960dfecc14eb01ddfed976675063eb72cfae508bfaa16c84200733fac3121d843f8c5c6df4f7e4c349ab2e73334b4c7ae4e270554485cf22393024980510cb86267a7fdf7bbb05afc9f59dde1062eb933c0971436b3014c94708e4fb74832562619cd7fb089a6708229f3,gx-no-cache=1583858742383 HTTP/1.1" 200 182
190.171.143.106 - - [10/Mar/2020:13:52:28 -0300] "GET /cormun/static/menuarrow.gif HTTP/1.1" 404 1015
190.171.143.106 - - [10/Mar/2020:13:52:32 -0300] "GET /cormun/servlet/permisogoce?766be54733ad9f69efb9e5fa0368b39f705418a9e11bd7d0d7d4eba8fa2d98123983e2d22c70c5cf069a11366057ec0c5d1fbf74d303d191de853cd0f08a9301,gx-no-cache=1583858748324 HTTP/1.1" 200 46
186.103.159.187 - - [10/Mar/2020:13:52:56 -0300] "GET /cormun/servlet/trcontratounov2? HTTP/1.1" 200 13727
186.103.159.187 - - [10/Mar/2020:13:52:58 -0300] "GET /cormun/servlet/trcontratounov2? HTTP/1.1" 200 13729
190.171.143.106 - - [10/Mar/2020:13:53:08 -0300] "POST /cormun/servlet/permisogoce?47e2c7a2e62251bccf3b900d3542230a,INS,0,,,,gx-no-cache=1583858784010 HTTP/1.1" 200 4776
186.103.159.187 - - [10/Mar/2020:13:53:41 -0300] "GET /cormun/servlet/trsolicitudot? HTTP/1.1" 200 7474
186.103.159.187 - - [10/Mar/2020:13:53:41 -0300] "GET /cormun/static/gxcfg.js?201991910464971 HTTP/1.1" 200 953
186.103.159.187 - - [10/Mar/2020:13:53:41 -0300] "GET /cormun/static/Resources/PXTools/calendar.png HTTP/1.1" 200 1306
186.103.159.187 - - [10/Mar/2020:13:53:41 -0300] "GET /cormun/static/trsolicitudot.js?201991910465845 HTTP/1.1" 200 54041
186.103.159.187 - - [10/Mar/2020:13:53:43 -0300] "GET /cormun/servlet/trsolicitudot? HTTP/1.1" 200 7473
186.103.159.187 - - [10/Mar/2020:13:53:51 -0300] "GET /cormun/static/menuarrow.gif HTTP/1.1" 404 1015
190.171.143.106 - - [10/Mar/2020:13:53:54 -0300] "GET /cormun/servlet/hlogin HTTP/1.1" 200 1728
190.171.143.106 - - [10/Mar/2020:13:54:00 -0300] "POST /cormun/servlet/hlogin?33b486b1530b3960378fc848155aeab2,gx-no-cache=1583858837691 HTTP/1.1" 200 90
190.171.143.106 - - [10/Mar/2020:13:54:00 -0300] "GET /cormun/servlet/hpexe_link HTTP/1.1" 200 956
190.171.143.106 - - [10/Mar/2020:13:54:01 -0300] "GET /cormun/servlet/hhome HTTP/1.1" 200 4323
190.171.143.106 - - [10/Mar/2020:13:54:02 -0300] "GET /cormun/servlet/hhome HTTP/1.1" 200 4319
190.171.143.106 - - [10/Mar/2020:13:54:02 -0300] "GET /cormun/static/SmoothNavMenu/resources/images/right.gif HTTP/1.1" 200 860
190.171.143.106 - - [10/Mar/2020:13:54:06 -0300] "GET /cormun/servlet/trpermisosgoce? HTTP/1.1" 200 8144
190.171.143.106 - - [10/Mar/2020:13:54:06 -0300] "GET /cormun/static/gxcfg.js?2020121631564 HTTP/1.1" 304 -
190.171.143.106 - - [10/Mar/2020:13:54:06 -0300] "GET /cormun/servlet/trpermisosgoce? HTTP/1.1" 200 8142
190.171.143.106 - - [10/Mar/2020:13:54:09 -0300] "GET /cormun/servlet/permisogoce?INS,0,,, HTTP/1.1" 200 7209
190.171.143.106 - - [10/Mar/2020:13:54:09 -0300] "GET /cormun/static/gxcfg.js?20201215124560 HTTP/1.1" 200 953
190.171.143.106 - - [10/Mar/2020:13:54:09 -0300] "GET /cormun/static/permisogoce.js?20201215124939 HTTP/1.1" 200 27919
190.171.143.106 - - [10/Mar/2020:13:54:09 -0300] "GET /cormun/servlet/permisogoce?INS,0,,, HTTP/1.1" 200 7209
190.171.143.106 - - [10/Mar/2020:13:54:11 -0300] "GET /cormun/servlet/prfichaempleado?,MD,,gxPopupLevel%3D0%3B HTTP/1.1" 200 9367
190.171.143.106 - - [10/Mar/2020:13:54:19 -0300] "POST /cormun/servlet/prfichaempleado?33b486b1530b3960378fc848155aeab2,,MD,,gxPopupLevel%3D0%3B,gx-no-cache=1583858856478 HTTP/1.1" 200 3413
200.54.103.162 - - [10/Mar/2020:13:54:22 -0300] "POST /cormun/servlet/trlicencias?2ccfb4f209b2f67d5315d9d39559aee3,,gx-no-cache=1583858857791 HTTP/1.1" 440 972
200.54.103.162 - - [10/Mar/2020:13:54:24 -0300] "GET /cormun/servlet/trlicencias? HTTP/1.1" 200 9935
186.103.159.187 - - [10/Mar/2020:13:54:24 -0300] "POST /cormun/servlet/trsolicitudot?7ad62fe8eff45da034392f64723d9fa5,,gx-no-cache=1583858913517 HTTP/1.1" 200 7563
200.54.103.162 - - [10/Mar/2020:13:54:24 -0300] "GET /cormun/servlet/trlicencias? HTTP/1.1" 200 9930
190.171.143.106 - - [10/Mar/2020:13:54:25 -0300] "GET /cormun/servlet/permisogoce?e95ccd0d9584affb0e5b3a47de74cf8644daf8bcb255190dc9460187ae65e1a5d94f30140c68bba0f6784bab64a24ce608532e354e609298320873dfb22213ed,gx-no-cache=1583858861913 HTTP/1.1" 200 182
190.171.143.106 - - [10/Mar/2020:13:54:25 -0300] "GET /cormun/static/Shared/jqueryui/images/ui-bg_highlight-soft_100_c6c2c8_1x100.png HTTP/1.1" 404 1117
190.171.143.106 - - [10/Mar/2020:13:54:25 -0300] "GET /cormun/static/Shared/jqueryui/images/ui-icons_82798d_256x240.png HTTP/1.1" 404 1089
190.171.143.106 - - [10/Mar/2020:13:54:25 -0300] "GET /cormun/static/Shared/jqueryui/images/ui-icons_ebccce_256x240.png HTTP/1.1" 404 1089
190.171.143.106 - - [10/Mar/2020:13:54:25 -0300] "GET /cormun/static/Shared/jqueryui/images/ui-bg_flat_55_994d53_40x100.png HTTP/1.1" 404 1097
186.103.159.187 - - [10/Mar/2020:13:54:25 -0300] "GET /cormun//static/Resources/PXToolsActionView.png HTTP/1.1" 200 398
186.103.159.187 - - [10/Mar/2020:13:54:25 -0300] "GET /cormun//static/Resources/PXToolsGridUpdate.png HTTP/1.1" 200 470
186.103.159.187 - - [10/Mar/2020:13:54:25 -0300] "GET /cormun//static/Resources/PXToolsGridDelete.png HTTP/1.1" 200 538
186.103.159.187 - - [10/Mar/2020:13:54:25 -0300] "GET /cormun//static/Resources/PXToolsRemoveAllAction.png HTTP/1.1" 200 487
186.103.159.187 - - [10/Mar/2020:13:54:25 -0300] "GET /cormun//static/Resources/PXTools/ActionInsert.png HTTP/1.1" 200 1482
186.103.159.187 - - [10/Mar/2020:13:55:11 -0300] "GET /cormun/servlet/trreportecargahoraria? HTTP/1.1" 200 10717
186.103.159.187 - - [10/Mar/2020:13:55:13 -0300] "GET /cormun/servlet/trreportecargahoraria? HTTP/1.1" 200 10716
190.171.142.10 - - [10/Mar/2020:13:55:38 -0300] "GET /cormun/servlet/hlogin HTTP/1.1" 200 1721
190.171.142.10 - - [10/Mar/2020:13:55:54 -0300] "POST /cormun/servlet/hlogin?ebcea0bc9c4910bf18d89bd3ae5cbc7d,gx-no-cache=1583858950562 HTTP/1.1" 200 90
190.171.142.10 - - [10/Mar/2020:13:55:54 -0300] "GET /cormun/servlet/hpexe_link HTTP/1.1" 200 947
190.171.142.10 - - [10/Mar/2020:13:55:55 -0300] "GET /cormun/servlet/hhome HTTP/1.1" 200 3966
190.171.142.10 - - [10/Mar/2020:13:55:56 -0300] "GET /cormun/servlet/hhome HTTP/1.1" 200 3963
190.171.142.10 - - [10/Mar/2020:13:56:08 -0300] "GET /cormun/servlet/trsolicitudot? HTTP/1.1" 200 7190
190.171.142.10 - - [10/Mar/2020:13:56:09 -0300] "GET /cormun/servlet/trsolicitudot? HTTP/1.1" 200 7189
190.171.141.106 - - [10/Mar/2020:13:56:16 -0300] "GET /cormun/servlet/hlogin HTTP/1.1" 200 1732
190.171.141.106 - - [10/Mar/2020:13:56:21 -0300] "POST /cormun/servlet/hlogin?dc3a88bcdcf9800915627626f52a68e8,gx-no-cache=1583858977942 HTTP/1.1" 200 90
190.171.141.106 - - [10/Mar/2020:13:56:21 -0300] "GET /cormun/servlet/hpexe_link HTTP/1.1" 200 958
190.171.141.106 - - [10/Mar/2020:13:56:21 -0300] "GET /cormun/servlet/hhome HTTP/1.1" 200 4270
190.171.141.106 - - [10/Mar/2020:13:56:22 -0300] "GET /cormun/servlet/hhome HTTP/1.1" 200 4268
190.171.141.106 - - [10/Mar/2020:13:56:28 -0300] "GET /cormun/servlet/trsolicitudot? HTTP/1.1" 200 8854
190.171.141.106 - - [10/Mar/2020:13:56:29 -0300] "GET /cormun/servlet/trsolicitudot? HTTP/1.1" 200 8852
190.171.141.106 - - [10/Mar/2020:13:56:32 -0300] "POST /cormun/servlet/trsolicitudot?dc3a88bcdcf9800915627626f52a68e8,,gx-no-cache=1583858988391 HTTP/1.1" 200 107
190.171.141.106 - - [10/Mar/2020:13:56:32 -0300] "GET /cormun/servlet/trsolicitudadjuntos?2020,16377, HTTP/1.1" 200 6376
190.171.141.106 - - [10/Mar/2020:13:56:32 -0300] "GET /cormun/servlet/trsolicitudadjuntos?2020,16377, HTTP/1.1" 200 6376
190.171.141.106 - - [10/Mar/2020:13:56:35 -0300] "POST /cormun/servlet/trsolicitudadjuntos?dc3a88bcdcf9800915627626f52a68e8,2020,16377,,gx-no-cache=1583858992067 HTTP/1.1" 200 4232
190.171.141.106 - - [10/Mar/2020:13:56:38 -0300] "POST /cormun/servlet/trsolicitudadjuntos?dc3a88bcdcf9800915627626f52a68e8,2020,16377,,gx-no-cache=1583858994350 HTTP/1.1" 200 4232
190.171.141.106 - - [10/Mar/2020:13:56:40 -0300] "POST /cormun/servlet/trsolicitudadjuntos?dc3a88bcdcf9800915627626f52a68e8,2020,16377,,gx-no-cache=1583858996180 HTTP/1.1" 200 4232
190.171.142.10 - - [10/Mar/2020:13:56:43 -0300] "GET /cormun/static/menuarrow.gif HTTP/1.1" 404 1015
186.103.159.187 - - [10/Mar/2020:13:56:45 -0300] "POST /cormun/servlet/trreportecargahoraria?7ad62fe8eff45da034392f64723d9fa5,,gx-no-cache=1583859054591 HTTP/1.1" 200 7189
190.171.141.106 - - [10/Mar/2020:13:56:49 -0300] "GET /cormun/servlet/solicitudotadjuntos?INS,2020,16377,,1, HTTP/1.1" 200 6317
190.171.141.106 - - [10/Mar/2020:13:56:49 -0300] "GET /cormun/static/about:blank HTTP/1.1" 404 1011
190.171.141.106 - - [10/Mar/2020:13:56:49 -0300] "GET /cormun/servlet/solicitudotadjuntos?INS,2020,16377,,1, HTTP/1.1" 200 6310
190.171.141.106 - - [10/Mar/2020:13:56:50 -0300] "GET /cormun/servlet/solicitudotadjuntos?a2559ef6d979b3ff17e394224f930bd6cc57c7ec9ddd4700d84e5dcf0fedff8bcaad42bc9a89efb65a34ef30ee58d3b9,gx-no-cache=1583859006609 HTTP/1.1" 200 30
190.171.141.106 - - [10/Mar/2020:13:56:50 -0300] "POST /cormun/servlet/solicitudotadjuntos?dc3a88bcdcf9800915627626f52a68e8,INS,2020,16377,,1,,gx-no-cache=1583859006666 HTTP/1.1" 200 4162
190.171.141.106 - - [10/Mar/2020:13:57:01 -0300] "POST /cormun/servlet/solicitudotadjuntos?gx-no-cache=1583859017633 HTTP/1.1" 200 26
186.103.159.187 - - [10/Mar/2020:13:57:30 -0300] "POST /cormun/servlet/trreportecargahoraria?7ad62fe8eff45da034392f64723d9fa5,,gx-no-cache=1583859099400 HTTP/1.1" 200 104
186.103.159.187 - - [10/Mar/2020:13:57:30 -0300] "POST /cormun/servlet/trreportecargahoraria?7ad62fe8eff45da034392f64723d9fa5,,gx-no-cache=1583859099578 HTTP/1.1" 200 7172
186.103.159.187 - - [10/Mar/2020:13:57:31 -0300] "GET /cormun/GeneralExcel-5984.xls HTTP/1.1" 200 4608
190.171.141.106 - - [10/Mar/2020:13:58:18 -0300] "POST /cormun/servlet/solicitudotadjuntos?gx-no-cache=1583859094803 HTTP/1.1" 200 26
190.171.141.106 - - [10/Mar/2020:13:58:21 -0300] "GET /cormun/servlet/solicitudotadjuntos?a2559ef6d979b3ff17e394224f930bd67c23f0b6ffc9af1ef172176398ba444d,gx-no-cache=1583859097321 HTTP/1.1" 200 30
190.171.141.106 - - [10/Mar/2020:13:58:21 -0300] "GET /cormun/servlet/solicitudotadjuntos?a2559ef6d979b3ff17e394224f930bd67c23f0b6ffc9af1ef172176398ba444d,gx-no-cache=1583859097396 HTTP/1.1" 200 30
190.171.141.106 - - [10/Mar/2020:13:58:21 -0300] "POST /cormun/servlet/solicitudotadjuntos?dc3a88bcdcf9800915627626f52a68e8,INS,2020,16377,,1, HTTP/1.1" 200 116
190.171.141.106 - - [10/Mar/2020:13:58:21 -0300] "GET /cormun/servlet/hpexe_return? HTTP/1.1" 200 1033
190.171.141.106 - - [10/Mar/2020:13:58:21 -0300] "GET /cormun/servlet/trsolicitudadjuntos?2020,16377, HTTP/1.1" 200 9020
190.171.141.106 - - [10/Mar/2020:13:58:22 -0300] "GET /cormun/servlet/trsolicitudadjuntos?2020,16377, HTTP/1.1" 200 9017
190.171.141.106 - - [10/Mar/2020:13:58:25 -0300] "GET /cormun/servlet/solicitudotadjuntos?INS,2020,16377,,1, HTTP/1.1" 200 6317
190.171.141.106 - - [10/Mar/2020:13:58:25 -0300] "GET /cormun/static/about:blank HTTP/1.1" 404 1011
190.171.141.106 - - [10/Mar/2020:13:58:25 -0300] "GET /cormun/servlet/solicitudotadjuntos?INS,2020,16377,,1, HTTP/1.1" 200 6310
190.171.141.106 - - [10/Mar/2020:13:58:26 -0300] "GET /cormun/servlet/solicitudotadjuntos?a2559ef6d979b3ff17e394224f930bd6cc57c7ec9ddd4700d84e5dcf0fedff8bcaad42bc9a89efb65a34ef30ee58d3b9,gx-no-cache=1583859102416 HTTP/1.1" 200 30
190.171.141.106 - - [10/Mar/2020:13:58:26 -0300] "POST /cormun/servlet/solicitudotadjuntos?dc3a88bcdcf9800915627626f52a68e8,INS,2020,16377,,1,,gx-no-cache=1583859102493 HTTP/1.1" 200 4162
190.171.141.106 - - [10/Mar/2020:13:58:34 -0300] "POST /cormun/servlet/solicitudotadjuntos?gx-no-cache=1583859110632 HTTP/1.1" 200 26
190.171.141.106 - - [10/Mar/2020:13:58:42 -0300] "GET /cormun/servlet/solicitudotadjuntos?a2559ef6d979b3ff17e394224f930bd67c23f0b6ffc9af1ef172176398ba444d,gx-no-cache=1583859118454 HTTP/1.1" 200 30
190.171.141.106 - - [10/Mar/2020:13:58:42 -0300] "GET /cormun/servlet/solicitudotadjuntos?a2559ef6d979b3ff17e394224f930bd67c23f0b6ffc9af1ef172176398ba444d,gx-no-cache=1583859118527 HTTP/1.1" 200 30
190.171.141.106 - - [10/Mar/2020:13:58:42 -0300] "POST /cormun/servlet/solicitudotadjuntos?dc3a88bcdcf9800915627626f52a68e8,INS,2020,16377,,1, HTTP/1.1" 200 116
190.171.141.106 - - [10/Mar/2020:13:58:42 -0300] "GET /cormun/servlet/hpexe_return? HTTP/1.1" 200 1033
190.171.141.106 - - [10/Mar/2020:13:58:42 -0300] "GET /cormun/servlet/trsolicitudadjuntos?2020,16377, HTTP/1.1" 200 9229
190.171.141.106 - - [10/Mar/2020:13:58:43 -0300] "GET /cormun/servlet/trsolicitudadjuntos?2020,16377, HTTP/1.1" 200 9228
190.171.141.106 - - [10/Mar/2020:13:58:49 -0300] "GET /cormun/servlet/solicitudotadjuntos?INS,2020,16377,,1, HTTP/1.1" 200 6317
190.171.141.106 - - [10/Mar/2020:13:58:49 -0300] "GET /cormun/static/about:blank HTTP/1.1" 404 1011
190.171.141.106 - - [10/Mar/2020:13:58:50 -0300] "GET /cormun/servlet/solicitudotadjuntos?INS,2020,16377,,1, HTTP/1.1" 200 6310
190.171.141.106 - - [10/Mar/2020:13:58:50 -0300] "GET /cormun/servlet/solicitudotadjuntos?a2559ef6d979b3ff17e394224f930bd6cc57c7ec9ddd4700d84e5dcf0fedff8bcaad42bc9a89efb65a34ef30ee58d3b9,gx-no-cache=1583859126817 HTTP/1.1" 200 30
190.171.141.106 - - [10/Mar/2020:13:58:50 -0300] "POST /cormun/servlet/solicitudotadjuntos?dc3a88bcdcf9800915627626f52a68e8,INS,2020,16377,,1,,gx-no-cache=1583859126855 HTTP/1.1" 200 4161
190.171.141.106 - - [10/Mar/2020:13:58:55 -0300] "POST /cormun/servlet/solicitudotadjuntos?gx-no-cache=1583859132020 HTTP/1.1" 200 26
186.103.159.187 - - [10/Mar/2020:13:58:59 -0300] "POST /cormun/servlet/trreportecargahoraria?7ad62fe8eff45da034392f64723d9fa5,,gx-no-cache=1583859187869 HTTP/1.1" 200 102
186.103.159.187 - - [10/Mar/2020:13:58:59 -0300] "POST /cormun/servlet/trreportecargahoraria?7ad62fe8eff45da034392f64723d9fa5,,gx-no-cache=1583859188044 HTTP/1.1" 200 7172
186.103.159.187 - - [10/Mar/2020:13:58:59 -0300] "GET /cormun/GeneralExcel-96.xls HTTP/1.1" 200 4608
190.171.141.106 - - [10/Mar/2020:13:59:06 -0300] "GET /cormun/servlet/solicitudotadjuntos?a2559ef6d979b3ff17e394224f930bd67c23f0b6ffc9af1ef172176398ba444d,gx-no-cache=1583859142773 HTTP/1.1" 200 30
190.171.141.106 - - [10/Mar/2020:13:59:06 -0300] "GET /cormun/servlet/solicitudotadjuntos?a2559ef6d979b3ff17e394224f930bd67c23f0b6ffc9af1ef172176398ba444d,gx-no-cache=1583859142832 HTTP/1.1" 200 30
190.171.141.106 - - [10/Mar/2020:13:59:06 -0300] "POST /cormun/servlet/solicitudotadjuntos?dc3a88bcdcf9800915627626f52a68e8,INS,2020,16377,,1, HTTP/1.1" 200 116
190.171.141.106 - - [10/Mar/2020:13:59:06 -0300] "GET /cormun/servlet/hpexe_return? HTTP/1.1" 200 1033
190.171.141.106 - - [10/Mar/2020:13:59:07 -0300] "GET /cormun/servlet/trsolicitudadjuntos?2020,16377, HTTP/1.1" 200 9426
190.171.141.106 - - [10/Mar/2020:13:59:07 -0300] "GET /cormun/servlet/trsolicitudadjuntos?2020,16377, HTTP/1.1" 200 9422
190.171.141.106 - - [10/Mar/2020:13:59:13 -0300] "GET /cormun/servlet/solicitudotadjuntos?INS,2020,16377,,1, HTTP/1.1" 200 6317
190.171.141.106 - - [10/Mar/2020:13:59:13 -0300] "GET /cormun/static/about:blank HTTP/1.1" 404 1011
190.171.141.106 - - [10/Mar/2020:13:59:13 -0300] "GET /cormun/servlet/solicitudotadjuntos?INS,2020,16377,,1, HTTP/1.1" 200 6310
190.171.141.106 - - [10/Mar/2020:13:59:14 -0300] "GET /cormun/servlet/solicitudotadjuntos?a2559ef6d979b3ff17e394224f930bd6cc57c7ec9ddd4700d84e5dcf0fedff8bcaad42bc9a89efb65a34ef30ee58d3b9,gx-no-cache=1583859150551 HTTP/1.1" 200 30
190.171.141.106 - - [10/Mar/2020:13:59:14 -0300] "POST /cormun/servlet/solicitudotadjuntos?dc3a88bcdcf9800915627626f52a68e8,INS,2020,16377,,1,,gx-no-cache=1583859150632 HTTP/1.1" 200 4161
190.171.141.106 - - [10/Mar/2020:13:59:22 -0300] "POST /cormun/servlet/solicitudotadjuntos?gx-no-cache=1583859158285 HTTP/1.1" 200 26
190.171.141.106 - - [10/Mar/2020:13:59:30 -0300] "GET /cormun/servlet/solicitudotadjuntos?a2559ef6d979b3ff17e394224f930bd67c23f0b6ffc9af1ef172176398ba444d,gx-no-cache=1583859167126 HTTP/1.1" 200 30
190.171.141.106 - - [10/Mar/2020:13:59:30 -0300] "GET /cormun/servlet/solicitudotadjuntos?a2559ef6d979b3ff17e394224f930bd67c23f0b6ffc9af1ef172176398ba444d,gx-no-cache=1583859167199 HTTP/1.1" 200 30
190.171.141.106 - - [10/Mar/2020:13:59:31 -0300] "POST /cormun/servlet/solicitudotadjuntos?dc3a88bcdcf9800915627626f52a68e8,INS,2020,16377,,1, HTTP/1.1" 200 116
190.171.141.106 - - [10/Mar/2020:13:59:31 -0300] "GET /cormun/servlet/hpexe_return? HTTP/1.1" 200 1033
190.171.141.106 - - [10/Mar/2020:13:59:31 -0300] "GET /cormun/servlet/trsolicitudadjuntos?2020,16377, HTTP/1.1" 200 9616
190.171.141.106 - - [10/Mar/2020:13:59:32 -0300] "GET /cormun/servlet/trsolicitudadjuntos?2020,16377, HTTP/1.1" 200 9612
190.171.141.106 - - [10/Mar/2020:13:59:47 -0300] "GET /cormun/servlet/solicitudotadjuntos?INS,2020,16377,,1, HTTP/1.1" 200 6317
190.171.141.106 - - [10/Mar/2020:13:59:48 -0300] "GET /cormun/static/about:blank HTTP/1.1" 404 1011
190.171.141.106 - - [10/Mar/2020:13:59:48 -0300] "GET /cormun/servlet/solicitudotadjuntos?INS,2020,16377,,1, HTTP/1.1" 200 6310
190.171.141.106 - - [10/Mar/2020:13:59:48 -0300] "GET /cormun/servlet/solicitudotadjuntos?a2559ef6d979b3ff17e394224f930bd6cc57c7ec9ddd4700d84e5dcf0fedff8bcaad42bc9a89efb65a34ef30ee58d3b9,gx-no-cache=1583859185084 HTTP/1.1" 200 30
190.171.141.106 - - [10/Mar/2020:13:59:48 -0300] "POST /cormun/servlet/solicitudotadjuntos?dc3a88bcdcf9800915627626f52a68e8,INS,2020,16377,,1,,gx-no-cache=1583859185126 HTTP/1.1" 200 4162
190.171.141.106 - - [10/Mar/2020:13:59:52 -0300] "POST /cormun/servlet/solicitudotadjuntos?gx-no-cache=1583859188862 HTTP/1.1" 200 26
186.103.159.187 - - [10/Mar/2020:13:59:56 -0300] "POST /cormun/servlet/trreportecargahoraria?7ad62fe8eff45da034392f64723d9fa5,,gx-no-cache=1583859244883 HTTP/1.1" 200 104
186.103.159.187 - - [10/Mar/2020:13:59:56 -0300] "POST /cormun/servlet/trreportecargahoraria?7ad62fe8eff45da034392f64723d9fa5,,gx-no-cache=1583859245063 HTTP/1.1" 200 7172
186.103.159.187 - - [10/Mar/2020:13:59:56 -0300] "GET /cormun/GeneralExcel-1613.xls HTTP/1.1" 200 4608
190.171.141.106 - - [10/Mar/2020:14:00:01 -0300] "GET /cormun/servlet/solicitudotadjuntos?a2559ef6d979b3ff17e394224f930bd67c23f0b6ffc9af1ef172176398ba444d,gx-no-cache=1583859198087 HTTP/1.1" 200 30
190.171.141.106 - - [10/Mar/2020:14:00:01 -0300] "GET /cormun/servlet/solicitudotadjuntos?a2559ef6d979b3ff17e394224f930bd67c23f0b6ffc9af1ef172176398ba444d,gx-no-cache=1583859198172 HTTP/1.1" 200 30
190.171.141.106 - - [10/Mar/2020:14:00:02 -0300] "POST /cormun/servlet/solicitudotadjuntos?dc3a88bcdcf9800915627626f52a68e8,INS,2020,16377,,1, HTTP/1.1" 200 116
190.171.141.106 - - [10/Mar/2020:14:00:02 -0300] "GET /cormun/servlet/hpexe_return? HTTP/1.1" 200 1033
190.171.141.106 - - [10/Mar/2020:14:00:02 -0300] "GET /cormun/servlet/trsolicitudadjuntos?2020,16377, HTTP/1.1" 200 9864
190.171.141.106 - - [10/Mar/2020:14:00:03 -0300] "GET /cormun/servlet/trsolicitudadjuntos?2020,16377, HTTP/1.1" 200 9865
190.171.141.106 - - [10/Mar/2020:14:00:14 -0300] "GET /cormun/servlet/solicitudotadjuntos?INS,2020,16377,,1, HTTP/1.1" 200 6317
190.171.141.106 - - [10/Mar/2020:14:00:15 -0300] "GET /cormun/static/about:blank HTTP/1.1" 404 1011
190.171.141.106 - - [10/Mar/2020:14:00:15 -0300] "GET /cormun/servlet/solicitudotadjuntos?INS,2020,16377,,1, HTTP/1.1" 200 6310
190.171.141.106 - - [10/Mar/2020:14:00:15 -0300] "GET /cormun/servlet/solicitudotadjuntos?a2559ef6d979b3ff17e394224f930bd6cc57c7ec9ddd4700d84e5dcf0fedff8bcaad42bc9a89efb65a34ef30ee58d3b9,gx-no-cache=1583859211998 HTTP/1.1" 200 30
190.171.141.106 - - [10/Mar/2020:14:00:15 -0300] "POST /cormun/servlet/solicitudotadjuntos?dc3a88bcdcf9800915627626f52a68e8,INS,2020,16377,,1,,gx-no-cache=1583859212040 HTTP/1.1" 200 4162
190.171.142.10 - - [10/Mar/2020:14:00:35 -0300] "POST /cormun/servlet/trsolicitudot?ebcea0bc9c4910bf18d89bd3ae5cbc7d,,gx-no-cache=1583859230837 HTTP/1.1" 200 4375
190.171.141.106 - - [10/Mar/2020:14:00:37 -0300] "POST /cormun/servlet/solicitudotadjuntos?gx-no-cache=1583859233752 HTTP/1.1" 200 26
186.103.159.187 - - [10/Mar/2020:14:00:44 -0300] "POST /cormun/servlet/trreportecargahoraria?7ad62fe8eff45da034392f64723d9fa5,,gx-no-cache=1583859292897 HTTP/1.1" 200 103
186.103.159.187 - - [10/Mar/2020:14:00:44 -0300] "POST /cormun/servlet/trreportecargahoraria?7ad62fe8eff45da034392f64723d9fa5,,gx-no-cache=1583859293096 HTTP/1.1" 200 7172
186.103.159.187 - - [10/Mar/2020:14:00:44 -0300] "GET /cormun/GeneralExcel-270.xls HTTP/1.1" 200 4608
190.171.141.106 - - [10/Mar/2020:14:00:46 -0300] "GET /cormun/servlet/solicitudotadjuntos?a2559ef6d979b3ff17e394224f930bd67c23f0b6ffc9af1ef172176398ba444d,gx-no-cache=1583859243019 HTTP/1.1" 200 30
190.171.141.106 - - [10/Mar/2020:14:00:46 -0300] "GET /cormun/servlet/solicitudotadjuntos?a2559ef6d979b3ff17e394224f930bd67c23f0b6ffc9af1ef172176398ba444d,gx-no-cache=1583859243091 HTTP/1.1" 200 30
190.171.141.106 - - [10/Mar/2020:14:00:47 -0300] "POST /cormun/servlet/solicitudotadjuntos?dc3a88bcdcf9800915627626f52a68e8,INS,2020,16377,,1, HTTP/1.1" 200 116
190.171.141.106 - - [10/Mar/2020:14:00:47 -0300] "GET /cormun/servlet/hpexe_return? HTTP/1.1" 200 1033
190.171.141.106 - - [10/Mar/2020:14:00:47 -0300] "GET /cormun/servlet/trsolicitudadjuntos?2020,16377, HTTP/1.1" 200 10078
190.171.141.106 - - [10/Mar/2020:14:00:47 -0300] "GET /cormun/servlet/trsolicitudadjuntos?2020,16377, HTTP/1.1" 200 10075
190.171.141.106 - - [10/Mar/2020:14:01:05 -0300] "GET /cormun/servlet/hlogin HTTP/1.1" 200 1732
190.171.141.106 - - [10/Mar/2020:14:01:05 -0300] "GET /cormun/servlet/hlogin HTTP/1.1" 200 1732
190.171.141.106 - - [10/Mar/2020:14:01:10 -0300] "POST /cormun/servlet/hlogin?9c231ae475591758b784d8ebd042b6ef,gx-no-cache=1583859266477 HTTP/1.1" 200 90
190.171.141.106 - - [10/Mar/2020:14:01:10 -0300] "GET /cormun/servlet/hpexe_link HTTP/1.1" 200 957
190.171.141.106 - - [10/Mar/2020:14:01:10 -0300] "GET /cormun/servlet/hhome HTTP/1.1" 200 4268
190.171.141.106 - - [10/Mar/2020:14:01:11 -0300] "GET /cormun/servlet/hhome HTTP/1.1" 200 4266
190.171.141.106 - - [10/Mar/2020:14:01:16 -0300] "GET /cormun/servlet/trsolicitudot? HTTP/1.1" 200 8854
190.171.141.106 - - [10/Mar/2020:14:01:16 -0300] "GET /cormun/servlet/trsolicitudot? HTTP/1.1" 200 8852
186.103.159.187 - - [10/Mar/2020:14:01:29 -0300] "POST /cormun/servlet/trreportecargahoraria?7ad62fe8eff45da034392f64723d9fa5,,gx-no-cache=1583859338332 HTTP/1.1" 200 104
186.103.159.187 - - [10/Mar/2020:14:01:29 -0300] "GET /cormun/GeneralExcel-3923.xls HTTP/1.1" 200 4608
190.171.141.106 - - [10/Mar/2020:14:01:42 -0300] "POST /cormun/servlet/trsolicitudot?9c231ae475591758b784d8ebd042b6ef,,gx-no-cache=1583859298599 HTTP/1.1" 200 4853
190.171.141.106 - - [10/Mar/2020:14:01:42 -0300] "GET /cormun/static/Shared/jqueryui/images/ui-bg_highlight-soft_100_c6c2c8_1x100.png HTTP/1.1" 404 1117
190.171.141.106 - - [10/Mar/2020:14:01:42 -0300] "GET /cormun/static/Shared/jqueryui/images/ui-icons_82798d_256x240.png HTTP/1.1" 404 1089
190.171.141.106 - - [10/Mar/2020:14:01:42 -0300] "GET /cormun/static/Shared/jqueryui/images/ui-icons_8d78a5_256x240.png HTTP/1.1" 404 1089
190.171.141.106 - - [10/Mar/2020:14:01:42 -0300] "GET /cormun/static/Shared/jqueryui/images/ui-bg_flat_55_fafafa_40x100.png HTTP/1.1" 404 1097
190.171.141.106 - - [10/Mar/2020:14:01:42 -0300] "POST /cormun/servlet/trsolicitudot?9c231ae475591758b784d8ebd042b6ef,,gx-no-cache=1583859298947 HTTP/1.1" 200 4623
190.171.142.10 - - [10/Mar/2020:14:01:51 -0300] "POST /cormun/servlet/trsolicitudot?ebcea0bc9c4910bf18d89bd3ae5cbc7d,,gx-no-cache=1583859306962 HTTP/1.1" 200 4376
186.103.159.187 - - [10/Mar/2020:14:02:14 -0300] "POST /cormun/servlet/trreportecargahoraria?7ad62fe8eff45da034392f64723d9fa5,,gx-no-cache=1583859383044 HTTP/1.1" 200 104
186.103.159.187 - - [10/Mar/2020:14:02:14 -0300] "POST /cormun/servlet/trreportecargahoraria?7ad62fe8eff45da034392f64723d9fa5,,gx-no-cache=1583859383223 HTTP/1.1" 200 7172
186.103.159.187 - - [10/Mar/2020:14:02:14 -0300] "GET /cormun/GeneralExcel-4775.xls HTTP/1.1" 200 4608
192.168.10.89 - - [10/Mar/2020:14:02:18 -0300] "GET /cormun/servlet/hlogin HTTP/1.1" 200 1723
192.168.10.89 - - [10/Mar/2020:14:02:25 -0300] "POST /cormun/servlet/hlogin?f78afc8881c7eb4514cd9338f3c65cbe,gx-no-cache=1583862820710 HTTP/1.1" 200 90
192.168.10.89 - - [10/Mar/2020:14:02:25 -0300] "GET /cormun/servlet/hpexe_link HTTP/1.1" 200 950
192.168.10.89 - - [10/Mar/2020:14:02:25 -0300] "GET /cormun/servlet/hhome HTTP/1.1" 200 4980
192.168.10.89 - - [10/Mar/2020:14:02:25 -0300] "GET /cormun/servlet/hhome HTTP/1.1" 200 4976
192.168.10.89 - - [10/Mar/2020:14:02:29 -0300] "GET /cormun/servlet/trcargahorariac? HTTP/1.1" 200 15463
192.168.10.89 - - [10/Mar/2020:14:02:29 -0300] "GET /cormun/static/gxcfg.js?202012113393814 HTTP/1.1" 200 953
192.168.10.89 - - [10/Mar/2020:14:02:29 -0300] "GET /cormun/static/trcargahorariac.js?202012113394316 HTTP/1.1" 304 -
192.168.10.89 - - [10/Mar/2020:14:02:30 -0300] "GET /cormun/servlet/trcargahorariac? HTTP/1.1" 200 15461
192.168.10.89 - - [10/Mar/2020:14:02:37 -0300] "GET /cormun/servlet/trsecurityuser01? HTTP/1.1" 200 12477
192.168.10.89 - - [10/Mar/2020:14:02:37 -0300] "GET /cormun/servlet/trsecurityuser01? HTTP/1.1" 200 12476
192.168.10.89 - - [10/Mar/2020:14:02:41 -0300] "POST /cormun/servlet/trsecurityuser01?f78afc8881c7eb4514cd9338f3c65cbe,,gx-no-cache=1583862837039 HTTP/1.1" 200 5197
192.168.10.89 - - [10/Mar/2020:14:02:54 -0300] "POST /cormun/servlet/trsecurityuser01?f78afc8881c7eb4514cd9338f3c65cbe,,gx-no-cache=1583862849622 HTTP/1.1" 200 5180
190.171.143.106 - - [10/Mar/2020:14:03:00 -0300] "GET /cormun/servlet/hlogin HTTP/1.1" 200 1728
192.168.10.89 - - [10/Mar/2020:14:03:03 -0300] "GET /cormun/servlet/securityusers?UPD,10, HTTP/1.1" 200 8062
192.168.10.89 - - [10/Mar/2020:14:03:04 -0300] "GET /cormun/servlet/securityusers?UPD,10, HTTP/1.1" 200 8069
190.171.143.106 - - [10/Mar/2020:14:03:07 -0300] "POST /cormun/servlet/hlogin?33b486b1530b3960378fc848155aeab2,gx-no-cache=1583859384594 HTTP/1.1" 200 90
190.171.143.106 - - [10/Mar/2020:14:03:07 -0300] "GET /cormun/servlet/hpexe_link HTTP/1.1" 200 956
190.171.143.106 - - [10/Mar/2020:14:03:07 -0300] "GET /cormun/servlet/hhome HTTP/1.1" 200 3989
190.171.143.106 - - [10/Mar/2020:14:03:08 -0300] "GET /cormun/servlet/hhome HTTP/1.1" 200 3985
192.168.10.89 - - [10/Mar/2020:14:03:10 -0300] "POST /cormun/servlet/securityusers?f78afc8881c7eb4514cd9338f3c65cbe,UPD,10,,gx-no-cache=1583862865528 HTTP/1.1" 200 93
192.168.10.89 - - [10/Mar/2020:14:03:10 -0300] "GET /cormun/servlet/hpexe_return? HTTP/1.1" 200 1008
192.168.10.89 - - [10/Mar/2020:14:03:10 -0300] "GET /cormun/servlet/trsecurityuser01? HTTP/1.1" 200 7828
192.168.10.89 - - [10/Mar/2020:14:03:10 -0300] "GET /cormun/servlet/trsecurityuser01? HTTP/1.1" 200 7824
190.171.143.106 - - [10/Mar/2020:14:03:12 -0300] "GET /cormun/servlet/trlicencias? HTTP/1.1" 200 6925
190.171.143.106 - - [10/Mar/2020:14:03:12 -0300] "GET /cormun/static/gxcfg.js?2020121613995 HTTP/1.1" 200 953
190.171.143.106 - - [10/Mar/2020:14:03:12 -0300] "GET /cormun/static/trlicencias.js?202012162481 HTTP/1.1" 200 41883
190.171.143.106 - - [10/Mar/2020:14:03:13 -0300] "GET /cormun/servlet/trlicencias? HTTP/1.1" 200 6924
192.168.10.89 - - [10/Mar/2020:14:03:13 -0300] "GET /cormun/servlet/hlogin HTTP/1.1" 200 1744
192.168.10.89 - - [10/Mar/2020:14:03:22 -0300] "POST /cormun/servlet/hlogin?f78afc8881c7eb4514cd9338f3c65cbe,gx-no-cache=1583862877366 HTTP/1.1" 200 90
192.168.10.89 - - [10/Mar/2020:14:03:22 -0300] "GET /cormun/servlet/hpexe_link HTTP/1.1" 200 950
192.168.10.89 - - [10/Mar/2020:14:03:22 -0300] "GET /cormun/servlet/hhome HTTP/1.1" 200 4260
192.168.10.89 - - [10/Mar/2020:14:03:22 -0300] "GET /cormun/servlet/hhome HTTP/1.1" 200 4258
192.168.10.89 - - [10/Mar/2020:14:03:25 -0300] "GET /cormun/servlet/trcargahoraria? HTTP/1.1" 200 7281
192.168.10.89 - - [10/Mar/2020:14:03:26 -0300] "GET /cormun/servlet/trcargahoraria? HTTP/1.1" 200 7280
186.103.159.187 - - [10/Mar/2020:14:03:32 -0300] "POST /cormun/servlet/trreportecargahoraria?7ad62fe8eff45da034392f64723d9fa5,,gx-no-cache=1583859461414 HTTP/1.1" 200 104
186.103.159.187 - - [10/Mar/2020:14:03:32 -0300] "POST /cormun/servlet/trreportecargahoraria?7ad62fe8eff45da034392f64723d9fa5,,gx-no-cache=1583859461575 HTTP/1.1" 200 7172
186.103.159.187 - - [10/Mar/2020:14:03:33 -0300] "GET /cormun/GeneralExcel-9515.xls HTTP/1.1" 200 4608
190.171.141.138 - - [10/Mar/2020:14:03:36 -0300] "GET /cormun/servlet/hlogin HTTP/1.1" 200 1722
190.171.141.138 - - [10/Mar/2020:14:03:39 -0300] "POST /cormun/servlet/hlogin?7c22a78deaa08dbaadd6bb921430464e,gx-no-cache=1583859415443 HTTP/1.1" 200 90
190.171.141.138 - - [10/Mar/2020:14:03:39 -0300] "GET /cormun/servlet/hpexe_link HTTP/1.1" 200 950
190.171.141.138 - - [10/Mar/2020:14:03:39 -0300] "GET /cormun/servlet/hhome HTTP/1.1" 200 4450
190.171.141.138 - - [10/Mar/2020:14:03:39 -0300] "GET /cormun/servlet/hhome HTTP/1.1" 200 4447
192.168.10.89 - - [10/Mar/2020:14:03:43 -0300] "GET /cormun/servlet/trreportecargahoraria? HTTP/1.1" 200 12348
192.168.10.89 - - [10/Mar/2020:14:03:43 -0300] "GET /cormun/servlet/trreportecargahoraria? HTTP/1.1" 200 12347
190.171.141.138 - - [10/Mar/2020:14:03:43 -0300] "GET /cormun/servlet/trsolicitudot? HTTP/1.1" 200 7675
190.171.141.138 - - [10/Mar/2020:14:03:44 -0300] "GET /cormun/static/gxcfg.js?201991910464971 HTTP/1.1" 200 953
190.171.141.138 - - [10/Mar/2020:14:03:44 -0300] "GET /cormun/static/trsolicitudot.js?201991910465845 HTTP/1.1" 304 -
190.171.141.138 - - [10/Mar/2020:14:03:44 -0300] "GET /cormun/servlet/trsolicitudot? HTTP/1.1" 200 7673
190.171.141.138 - - [10/Mar/2020:14:03:46 -0300] "POST /cormun/servlet/trsolicitudot?7c22a78deaa08dbaadd6bb921430464e,,gx-no-cache=1583859423012 HTTP/1.1" 200 103
190.171.141.138 - - [10/Mar/2020:14:03:46 -0300] "POST /cormun/servlet/trsolicitudot?7c22a78deaa08dbaadd6bb921430464e,,gx-no-cache=1583859423124 HTTP/1.1" 200 4616
