190.171.143.82 - - [09/Mar/2020:15:57:37 -0300] "GET /cormun/servlet/solicitudot?4de915437b0d63229438d7c66fa0f7d423a783e9277440dff3a87e1bd9acfd80ca900e32823265596deb8b7f73e2e4325b12b9e613cd58b530f422cd149f4d83,gx-no-cache=1583779853853 HTTP/1.1" 200 30
190.171.143.82 - - [09/Mar/2020:15:57:39 -0300] "GET /cormun/servlet/solicitudot?4de915437b0d63229438d7c66fa0f7d48fe00b42639345f8d9fe4ff026029a77,gx-no-cache=1583779855501 HTTP/1.1" 200 53
190.171.143.82 - - [09/Mar/2020:15:57:58 -0300] "POST /cormun/servlet/solicitudot?gx-no-cache=1583779875101 HTTP/1.1" 200 297
190.171.143.82 - - [09/Mar/2020:15:57:58 -0300] "GET /cormun/servlet/solicitudot?4de915437b0d63229438d7c66fa0f7d43e4fdd17b9635a60a0713ebf0f5d6d8e702a566885a532c497c84778e39d8d164afebd5e917e78a76ea4f45f508428f54f4ce47cab0b220b37406b13973ac349c632cfc8d43fab8f077dc603b9d0b477ba9cb1af0c3fd20aaedb091e90bf11cb0c08a4f870ce18c78da2c92590c10b2f43b5f603c5d146588c39f79730f96b27c54158e41572b89e4c4f101513ea094c5eb135eb71596651d21bcc51ba4e54676ea3e77d772dbdc6321728524f4bdf937bd5709eda1e41f86fdc445dcdfff47e6cb1036910404d918a45f8707f341854cefcf4bdc5938bb6fed93a83572a4e36fc4a6833b19e511f52d44dcec4cdb8b3ff5413e0f0ee0adcfa693bd54fd24a1d19807b7bc62b3c4c69a4108132c33de55e51db577aa8e721bdd9727a029fcb5b402517e4d0120952fbe471e6af1b5da30f20be73f2723abdbd93eac288cef7ccf0c823c063e935ee444919581f8ba9d57767f6cc0dfc08259a1e7d501a2806741a6ce0cae72bd250d4f06fb53981c22d9089e6d1c90612eb3e78d976d52ac1b4,gx-no-cache=1583779875211 HTTP/1.1" 200 30
190.171.143.82 - - [09/Mar/2020:15:58:45 -0300] "POST /cormun/servlet/solicitudot?gx-no-cache=1583779921390 HTTP/1.1" 200 30
190.171.141.90 - - [09/Mar/2020:15:59:29 -0300] "GET /cormun/servlet/trsolicitudot? HTTP/1.1" 200 11676
190.171.141.90 - - [09/Mar/2020:15:59:30 -0300] "GET /cormun/servlet/trsolicitudot? HTTP/1.1" 200 11676
190.171.142.42 - - [09/Mar/2020:16:00:18 -0300] "GET /cormun/servlet/hlogin HTTP/1.1" 200 1728
190.171.143.82 - - [09/Mar/2020:16:02:55 -0300] "GET /cormun/servlet/trautorizarpermisogoce? HTTP/1.1" 200 7172
190.171.143.82 - - [09/Mar/2020:16:02:56 -0300] "GET /cormun/servlet/trautorizarpermisogoce? HTTP/1.1" 200 7183
190.171.143.82 - - [09/Mar/2020:16:03:00 -0300] "GET /cormun/servlet/trsolicitudot? HTTP/1.1" 200 7383
190.171.143.82 - - [09/Mar/2020:16:03:01 -0300] "GET /cormun/servlet/trsolicitudot? HTTP/1.1" 200 7383
190.171.143.82 - - [09/Mar/2020:16:03:04 -0300] "GET /cormun/servlet/solicitudot?INS,0,0,false, HTTP/1.1" 200 15618
190.171.143.82 - - [09/Mar/2020:16:03:05 -0300] "GET /cormun/servlet/solicitudot?INS,0,0,false, HTTP/1.1" 200 15625
190.171.143.82 - - [09/Mar/2020:16:03:21 -0300] "POST /cormun/servlet/solicitudot?gx-no-cache=1583780197123 HTTP/1.1" 200 3530
190.171.143.82 - - [09/Mar/2020:16:03:21 -0300] "POST /cormun/servlet/solicitudot?93eaac316cf64f61e24364df688dc49c,INS,0,0,false,,gx-no-cache=1583780197430 HTTP/1.1" 200 12173
190.171.143.82 - - [09/Mar/2020:16:03:40 -0300] "GET /cormun/servlet/solicitudot?4de915437b0d63229438d7c66fa0f7d4bf48b166c0c67781542230ff1e86c219f23bfd38b3c0f0e615225cd7c49c269a,gx-no-cache=1583780217020 HTTP/1.1" 200 30
200.111.191.212 - - [09/Mar/2020:16:05:07 -0300] "GET /cormun/servlet/trlicencias? HTTP/1.1" 200 6027
200.111.191.212 - - [09/Mar/2020:16:05:07 -0300] "GET /cormun/servlet/hlogin HTTP/1.1" 200 1746
200.111.191.212 - - [09/Mar/2020:16:05:07 -0300] "GET /cormun/servlet/trlicencias? HTTP/1.1" 200 6022
200.111.191.212 - - [09/Mar/2020:16:05:10 -0300] "POST /cormun/servlet/hlogin?c2ed596b3cc9b6e94b14fbc6c5d35a8c,gx-no-cache=1583780559712 HTTP/1.1" 200 90
200.111.191.212 - - [09/Mar/2020:16:05:10 -0300] "GET /cormun/servlet/hpexe_link HTTP/1.1" 200 959
200.111.191.212 - - [09/Mar/2020:16:05:11 -0300] "GET /cormun/servlet/trlicencias HTTP/1.1" 200 10401
200.111.191.212 - - [09/Mar/2020:16:05:11 -0300] "GET /cormun/servlet/trlicencias HTTP/1.1" 200 10395
200.111.191.212 - - [09/Mar/2020:16:05:13 -0300] "GET /cormun/servlet/trlicenciaspermisosadjuntos?7705612,20200309000000,L, HTTP/1.1" 200 6311
200.111.191.212 - - [09/Mar/2020:16:05:13 -0300] "GET /cormun/static/gxcfg.js?201991422445549 HTTP/1.1" 200 953
200.111.191.212 - - [09/Mar/2020:16:05:13 -0300] "GET /cormun/static/trlicenciaspermisosadjuntos.js?20199142244593 HTTP/1.1" 304 -
200.111.191.212 - - [09/Mar/2020:16:05:13 -0300] "GET /cormun/servlet/trlicenciaspermisosadjuntos?7705612,20200309000000,L, HTTP/1.1" 200 6311
200.111.191.212 - - [09/Mar/2020:16:05:14 -0300] "GET /cormun/servlet/licenciaspermisosadjuntos?INS,7705612,L,20200309000000,, HTTP/1.1" 200 5599
200.111.191.212 - - [09/Mar/2020:16:05:14 -0300] "GET /cormun/static/gxcfg.js?20201215114875 HTTP/1.1" 200 953
200.111.191.212 - - [09/Mar/2020:16:05:14 -0300] "GET /cormun/static/licenciaspermisosadjuntos.js?20201215114932 HTTP/1.1" 304 -
200.111.191.212 - - [09/Mar/2020:16:05:14 -0300] "GET /cormun/static/about:blank HTTP/1.1" 404 1011
200.111.191.212 - - [09/Mar/2020:16:05:15 -0300] "GET /cormun/servlet/licenciaspermisosadjuntos?INS,7705612,L,20200309000000,, HTTP/1.1" 200 5588
190.171.143.82 - - [09/Mar/2020:16:05:26 -0300] "GET /cormun/servlet/solicitudot?4de915437b0d63229438d7c66fa0f7d40461260af0281f354ebb335bc27c322600624cf3095eed83d248bd83054593ae2cf7b9656e90f66f0b2a7324643c9a46,gx-no-cache=1583780322905 HTTP/1.1" 200 30
190.171.143.82 - - [09/Mar/2020:16:05:26 -0300] "GET /cormun/servlet/solicitudot?4de915437b0d63229438d7c66fa0f7d4a6b08bda4947cf4a5c9517d962d23349,gx-no-cache=1583780323041 HTTP/1.1" 200 29
200.111.191.212 - - [09/Mar/2020:16:05:27 -0300] "POST /cormun/servlet/licenciaspermisosadjuntos?c2ed596b3cc9b6e94b14fbc6c5d35a8c,INS,7705612,L,20200309000000,, HTTP/1.1" 200 116
200.111.191.212 - - [09/Mar/2020:16:05:27 -0300] "GET /cormun/servlet/hpexe_return? HTTP/1.1" 200 1046
200.111.191.212 - - [09/Mar/2020:16:05:27 -0300] "GET /cormun/servlet/trlicenciaspermisosadjuntos?7705612,20200309000000,L, HTTP/1.1" 200 6769
200.111.191.212 - - [09/Mar/2020:16:05:27 -0300] "GET /cormun/servlet/trlicenciaspermisosadjuntos?7705612,20200309000000,L, HTTP/1.1" 200 6767
190.171.143.82 - - [09/Mar/2020:16:05:28 -0300] "POST /cormun/servlet/solicitudot?gx-no-cache=1583780325213 HTTP/1.1" 200 240
190.171.143.82 - - [09/Mar/2020:16:05:34 -0300] "GET /cormun/servlet/solicitudot?4de915437b0d63229438d7c66fa0f7d43e4fdd17b9635a60a0713ebf0f5d6d8e014b2351b7c83aa573ae9a44591751704afebd5e917e78a76ea4f45f508428f54f4ce47cab0b220b37406b13973ac349c632cfc8d43fab8f077dc603b9d0b477ba9cb1af0c3fd20aaedb091e90bf11cb0c08a4f870ce18c78da2c92590c10b2f43b5f603c5d146588c39f79730f96b27c54158e41572b89e4c4f101513ea094c5eb135eb71596651d21bcc51ba4e54676ea3e77d772dbdc6321728524f4bdf937bd5709eda1e41f86fdc445dcdfff47e6cb1036910404d918a45f8707f341854cefcf4bdc5938bb6fed93a83572a4e361c2c51890923a028dd251a3a10788a33ff5413e0f0ee0adcfa693bd54fd24a1d19807b7bc62b3c4c69a4108132c33de55e51db577aa8e721bdd9727a029fcb5b402517e4d0120952fbe471e6af1b5da3458611a5d52556379ae9fc9b6bc49de52b2bf67a513f9659b5b02f1f2cc2b3ce9b408686926ed42bf217541733b501c50d4f2442049d337eb67340086f25ccd6,gx-no-cache=1583780330891 HTTP/1.1" 200 30
200.111.191.212 - - [09/Mar/2020:16:05:46 -0300] "GET /cormun/servlet/trlicencias? HTTP/1.1" 200 10396
200.111.191.212 - - [09/Mar/2020:16:05:46 -0300] "GET /cormun/servlet/trlicencias? HTTP/1.1" 200 10395
190.171.143.82 - - [09/Mar/2020:16:05:47 -0300] "POST /cormun/servlet/solicitudot?gx-no-cache=1583780343266 HTTP/1.1" 200 30
200.111.191.212 - - [09/Mar/2020:16:05:49 -0300] "POST /cormun/servlet/trlicencias?c2ed596b3cc9b6e94b14fbc6c5d35a8c,,gx-no-cache=1583780597606 HTTP/1.1" 200 7705
200.111.191.212 - - [09/Mar/2020:16:05:49 -0300] "GET /cormun/static/Shared/jqueryui/images/ui-bg_highlight-soft_100_c6c2c8_1x100.png HTTP/1.1" 404 1117
200.111.191.212 - - [09/Mar/2020:16:05:49 -0300] "GET /cormun/static/Shared/jqueryui/images/ui-icons_82798d_256x240.png HTTP/1.1" 404 1089
200.111.191.212 - - [09/Mar/2020:16:05:49 -0300] "GET /cormun/static/Shared/jqueryui/images/ui-bg_flat_55_fafafa_40x100.png HTTP/1.1" 404 1097
200.111.191.212 - - [09/Mar/2020:16:05:49 -0300] "GET /cormun/static/Shared/jqueryui/images/ui-icons_8d78a5_256x240.png HTTP/1.1" 404 1089
200.111.191.212 - - [09/Mar/2020:16:05:53 -0300] "GET /cormun/servlet/trsolicitudot? HTTP/1.1" 200 7168
200.111.191.212 - - [09/Mar/2020:16:05:53 -0300] "GET /cormun/static/gxcfg.js?201991910464971 HTTP/1.1" 304 -
200.111.191.212 - - [09/Mar/2020:16:05:53 -0300] "GET /cormun/servlet/trsolicitudot? HTTP/1.1" 200 7169
200.111.191.212 - - [09/Mar/2020:16:05:55 -0300] "GET /cormun/servlet/solicitudot?INS,0,0,false, HTTP/1.1" 200 15233
200.111.191.212 - - [09/Mar/2020:16:05:55 -0300] "GET /cormun/static/gxcfg.js?20203414241232 HTTP/1.1" 304 -
200.111.191.212 - - [09/Mar/2020:16:05:55 -0300] "GET /cormun/static/solicitudot.js?20203414242792 HTTP/1.1" 304 -
200.111.191.212 - - [09/Mar/2020:16:05:56 -0300] "GET /cormun/servlet/solicitudot?INS,0,0,false, HTTP/1.1" 200 15241
186.103.159.188 - - [09/Mar/2020:16:06:34 -0300] "GET /cormun/servlet/hlogin HTTP/1.1" 200 1732
190.171.149.90 - - [09/Mar/2020:16:07:00 -0300] "POST /cormun/servlet/solicitudot?bf6c3bbce157f86ef46db5cd84f33454,INS,0,0,false,,gx-no-cache=1583780416733 HTTP/1.1" 200 12552
190.171.149.90 - - [09/Mar/2020:16:07:00 -0300] "GET /cormun/static/Shared/jqueryui/images/ui-bg_highlight-soft_100_c6c2c8_1x100.png HTTP/1.1" 404 1117
190.171.149.90 - - [09/Mar/2020:16:07:00 -0300] "GET /cormun/static/Shared/jqueryui/images/ui-icons_82798d_256x240.png HTTP/1.1" 404 1089
190.171.149.90 - - [09/Mar/2020:16:07:00 -0300] "GET /cormun/static/Shared/jqueryui/images/ui-bg_flat_55_994d53_40x100.png HTTP/1.1" 404 1097
190.171.149.90 - - [09/Mar/2020:16:07:00 -0300] "GET /cormun/static/Shared/jqueryui/images/ui-icons_ebccce_256x240.png HTTP/1.1" 404 1089
186.67.172.234 - - [09/Mar/2020:16:07:08 -0300] "POST /cormun/servlet/hlogin?7d92c1771cdd9df51fb4854c5c674f0f,gx-no-cache=1583780424449 HTTP/1.1" 200 90
186.67.172.234 - - [09/Mar/2020:16:07:08 -0300] "GET /cormun/servlet/hpexe_link HTTP/1.1" 200 961
186.67.172.234 - - [09/Mar/2020:16:07:08 -0300] "GET /cormun/servlet/trlicencias HTTP/1.1" 200 11265
186.67.172.234 - - [09/Mar/2020:16:07:08 -0300] "GET /cormun/servlet/trlicencias HTTP/1.1" 200 11262
190.171.143.82 - - [09/Mar/2020:16:07:10 -0300] "GET /cormun/servlet/prfichaempleado?,MD,,gxPopupLevel%3D0%3B HTTP/1.1" 200 9382
190.171.143.82 - - [09/Mar/2020:16:07:10 -0300] "GET /cormun/static/prfichaempleado.js?20201215572193 HTTP/1.1" 200 16006
190.171.143.82 - - [09/Mar/2020:16:07:10 -0300] "GET /cormun/static/gxcfg.js?20201215571085 HTTP/1.1" 200 953
186.67.172.234 - - [09/Mar/2020:16:07:11 -0300] "GET /cormun/servlet/trsolicitudot? HTTP/1.1" 200 7576
186.67.172.234 - - [09/Mar/2020:16:07:12 -0300] "GET /cormun/servlet/trsolicitudot? HTTP/1.1" 200 7576
186.67.172.234 - - [09/Mar/2020:16:07:14 -0300] "GET /cormun/servlet/trautorizarsolicitud? HTTP/1.1" 200 11663
186.67.172.234 - - [09/Mar/2020:16:07:14 -0300] "GET /cormun/static/gxcfg.js?201991422414522 HTTP/1.1" 200 953
186.67.172.234 - - [09/Mar/2020:16:07:14 -0300] "GET /cormun/static/trautorizarsolicitud.js?201991422415463 HTTP/1.1" 304 -
186.67.172.234 - - [09/Mar/2020:16:07:14 -0300] "GET /cormun/servlet/trautorizarsolicitud? HTTP/1.1" 200 11663
190.171.143.82 - - [09/Mar/2020:16:07:31 -0300] "POST /cormun/servlet/prfichaempleado?93eaac316cf64f61e24364df688dc49c,,MD,,gxPopupLevel%3D0%3B,gx-no-cache=1583780447221 HTTP/1.1" 200 3947
190.171.141.90 - - [09/Mar/2020:16:07:31 -0300] "POST /cormun/servlet/trsolicitudot?3611391278f499ae6c33d4a4988d1fb5,,gx-no-cache=1583780449135 HTTP/1.1" 200 8693
186.67.172.234 - - [09/Mar/2020:16:08:03 -0300] "GET /cormun/servlet/hlogin HTTP/1.1" 200 1754
186.103.159.188 - - [09/Mar/2020:16:08:04 -0300] "POST /cormun/servlet/hlogin?510a5f1bc15199bacd51e2b003109853,gx-no-cache=1583780483658 HTTP/1.1" 200 90
186.103.159.188 - - [09/Mar/2020:16:08:04 -0300] "GET /cormun/servlet/hpexe_link HTTP/1.1" 200 956
186.103.159.188 - - [09/Mar/2020:16:08:04 -0300] "GET /cormun/servlet/hhome HTTP/1.1" 200 3971
186.103.159.188 - - [09/Mar/2020:16:08:04 -0300] "GET /cormun/servlet/hhome HTTP/1.1" 200 3967
186.103.159.188 - - [09/Mar/2020:16:08:11 -0300] "GET /cormun/servlet/trpermisosgoce? HTTP/1.1" 200 8364
186.103.159.188 - - [09/Mar/2020:16:08:12 -0300] "GET /cormun/servlet/trpermisosgoce? HTTP/1.1" 200 8359
190.171.143.82 - - [09/Mar/2020:16:08:15 -0300] "POST /cormun/servlet/solicitudot?gx-no-cache=1583780491662 HTTP/1.1" 200 1366
186.103.159.188 - - [09/Mar/2020:16:08:15 -0300] "GET /cormun/servlet/apermisogoceprn?12914059,P,20200309145556,PU HTTP/1.1" 200 1664
190.171.143.82 - - [09/Mar/2020:16:08:16 -0300] "GET /cormun/static/menuarrow.gif HTTP/1.1" 404 1015
190.171.143.82 - - [09/Mar/2020:16:08:22 -0300] "POST /cormun/servlet/solicitudot?gx-no-cache=1583780498910 HTTP/1.1" 200 41
190.171.143.82 - - [09/Mar/2020:16:09:15 -0300] "GET /cormun/servlet/solicitudot?4de915437b0d63229438d7c66fa0f7d494761d5570b7352f9154508c3e039e9cedfe750051d2483559b239d697299f78159f83c9a8a67dc378dd12fdd20bc1d0b491769b7cb0bd02015a80776c3149f137b8a487f7c4496341cf32f1405da3c11131077c2d610ec3dee6b294b8af4198,gx-no-cache=1583780552164 HTTP/1.1" 200 110
190.171.143.82 - - [09/Mar/2020:16:09:16 -0300] "POST /cormun/servlet/solicitudot?gx-no-cache=1583780552258 HTTP/1.1" 200 110
190.171.143.82 - - [09/Mar/2020:16:09:34 -0300] "GET /cormun/servlet/solicitudot?4de915437b0d63229438d7c66fa0f7d4eb3ebabc92d393fe7d3b166c28a9d849104f3ac68c7567c6473ab575dbe8d0ca7477cb719c4f86e9882b24819348ad74c07c13d3ae7f05df72116e9dc76636182a319749632b2ff321705264def5b3be014736687f382eaaf94b1049f586870f,gx-no-cache=1583780571055 HTTP/1.1" 200 29
190.171.143.82 - - [09/Mar/2020:16:09:42 -0300] "GET /cormun/servlet/solicitudot?4de915437b0d63229438d7c66fa0f7d4ec0dc75917032852b99aeeb892673c01ef6ed09bb5fccb60b4b6b7568fb98491,gx-no-cache=1583780579114 HTTP/1.1" 200 30
190.171.143.82 - - [09/Mar/2020:16:09:43 -0300] "POST /cormun/servlet/solicitudot?gx-no-cache=1583780579162 HTTP/1.1" 200 34
190.171.143.82 - - [09/Mar/2020:16:10:31 -0300] "GET /cormun/servlet/prbanco?,MD,,gxPopupLevel%3D0%3B HTTP/1.1" 200 6634
190.171.143.82 - - [09/Mar/2020:16:10:37 -0300] "GET /cormun/servlet/solicitudot?4de915437b0d63229438d7c66fa0f7d48fe00b42639345f8d9fe4ff026029a77,gx-no-cache=1583780634206 HTTP/1.1" 200 53
113.53.20.91 - - [09/Mar/2020:16:11:07 -0300] "GET / HTTP/1.0" 200 11197
192.168.10.89 - - [09/Mar/2020:16:11:38 -0300] "GET /cormun/servlet/hlogin HTTP/1.1" 200 1723
192.168.10.89 - - [09/Mar/2020:16:11:48 -0300] "POST /cormun/servlet/hlogin?0f6585d9ca2e13589ad552a02fba24ef,gx-no-cache=1583784183688 HTTP/1.1" 200 90
192.168.10.89 - - [09/Mar/2020:16:11:48 -0300] "GET /cormun/servlet/hpexe_link HTTP/1.1" 200 950
192.168.10.89 - - [09/Mar/2020:16:11:48 -0300] "GET /cormun/servlet/hhome HTTP/1.1" 200 4981
192.168.10.89 - - [09/Mar/2020:16:11:48 -0300] "GET /cormun/servlet/hhome HTTP/1.1" 200 4977
192.168.10.89 - - [09/Mar/2020:16:13:31 -0300] "GET /cormun/servlet/trsecurityuser01? HTTP/1.1" 200 12479
192.168.10.89 - - [09/Mar/2020:16:13:31 -0300] "GET /cormun/static/gxcfg.js?201991419585080 HTTP/1.1" 304 -
192.168.10.89 - - [09/Mar/2020:16:13:31 -0300] "GET /cormun/servlet/trsecurityuser01? HTTP/1.1" 200 12477
200.111.191.212 - - [09/Mar/2020:16:13:32 -0300] "POST /cormun/servlet/solicitudot?gx-no-cache=1583781061470 HTTP/1.1" 200 3530
200.111.191.212 - - [09/Mar/2020:16:13:32 -0300] "POST /cormun/servlet/solicitudot?c2ed596b3cc9b6e94b14fbc6c5d35a8c,INS,0,0,false,,gx-no-cache=1583781061606 HTTP/1.1" 200 11887
200.111.191.212 - - [09/Mar/2020:16:13:33 -0300] "GET /cormun/servlet/solicitudot?a1b4d034fcd6a6dd1c329247265fa0a2ee681bad928cb2fe1bf755b0b2e8829c9b6033251488f1b8bf9fa77f1c9ece6a,gx-no-cache=1583781062630 HTTP/1.1" 200 30
192.168.10.89 - - [09/Mar/2020:16:13:51 -0300] "POST /cormun/servlet/trsecurityuser01?0f6585d9ca2e13589ad552a02fba24ef,,gx-no-cache=1583784307308 HTTP/1.1" 200 4517
192.168.10.89 - - [09/Mar/2020:16:13:57 -0300] "POST /cormun/servlet/trsecurityuser01?0f6585d9ca2e13589ad552a02fba24ef,,gx-no-cache=1583784312800 HTTP/1.1" 200 4514
192.168.10.89 - - [09/Mar/2020:16:14:01 -0300] "POST /cormun/servlet/trsecurityuser01?0f6585d9ca2e13589ad552a02fba24ef,,gx-no-cache=1583784316512 HTTP/1.1" 200 5876
192.168.10.89 - - [09/Mar/2020:16:14:10 -0300] "GET /cormun/servlet/securityusers?UPD,38, HTTP/1.1" 200 8053
192.168.10.89 - - [09/Mar/2020:16:14:10 -0300] "GET /cormun/static/gxcfg.js?202012150861 HTTP/1.1" 304 -
192.168.10.89 - - [09/Mar/2020:16:14:10 -0300] "GET /cormun/servlet/securityusers?UPD,38, HTTP/1.1" 200 8060
200.111.191.212 - - [09/Mar/2020:16:14:13 -0300] "GET /cormun/servlet/solicitudot?a1b4d034fcd6a6dd1c329247265fa0a2629c0b9b5abdda5be3a62b399758cda7,gx-no-cache=1583781102001 HTTP/1.1" 200 94
200.111.191.212 - - [09/Mar/2020:16:14:13 -0300] "GET /cormun/static/Shared/jqueryui/images/ui-bg_highlight-soft_100_c6c2c8_1x100.png HTTP/1.1" 404 1117
200.111.191.212 - - [09/Mar/2020:16:14:13 -0300] "GET /cormun/static/Shared/jqueryui/images/ui-icons_82798d_256x240.png HTTP/1.1" 404 1089
200.111.191.212 - - [09/Mar/2020:16:14:13 -0300] "GET /cormun/static/Shared/jqueryui/images/ui-icons_ebccce_256x240.png HTTP/1.1" 404 1089
200.111.191.212 - - [09/Mar/2020:16:14:13 -0300] "GET /cormun/static/Shared/jqueryui/images/ui-bg_flat_55_994d53_40x100.png HTTP/1.1" 404 1097
200.111.191.212 - - [09/Mar/2020:16:14:13 -0300] "GET /cormun/servlet/solicitudot?a1b4d034fcd6a6dd1c329247265fa0a20cfa37632a026d3de6f28973bfe0e978,gx-no-cache=1583781102040 HTTP/1.1" 200 29
192.168.10.89 - - [09/Mar/2020:16:14:20 -0300] "GET /cormun/servlet/hlogin HTTP/1.1" 200 1748
192.168.10.89 - - [09/Mar/2020:16:14:27 -0300] "POST /cormun/servlet/hlogin?0f6585d9ca2e13589ad552a02fba24ef,gx-no-cache=1583784342944 HTTP/1.1" 200 90
192.168.10.89 - - [09/Mar/2020:16:14:27 -0300] "GET /cormun/servlet/hpexe_link HTTP/1.1" 200 950
192.168.10.89 - - [09/Mar/2020:16:14:27 -0300] "GET /cormun/servlet/hhome HTTP/1.1" 200 4284
192.168.10.89 - - [09/Mar/2020:16:14:27 -0300] "GET /cormun/servlet/hhome HTTP/1.1" 200 4280
192.168.10.89 - - [09/Mar/2020:16:14:31 -0300] "GET /cormun/servlet/trcargahoraria? HTTP/1.1" 200 10706
192.168.10.89 - - [09/Mar/2020:16:14:31 -0300] "GET /cormun/static/gxcfg.js?202012113392337 HTTP/1.1" 200 953
192.168.10.89 - - [09/Mar/2020:16:14:31 -0300] "GET /cormun/static/trcargahoraria.js?202012113392783 HTTP/1.1" 200 28768
192.168.10.89 - - [09/Mar/2020:16:14:31 -0300] "GET /cormun/servlet/trcargahoraria? HTTP/1.1" 200 10704
192.168.10.89 - - [09/Mar/2020:16:14:32 -0300] "POST /cormun/servlet/acontrolpreferencessavestate?None,MANTILLANCA,true HTTP/1.1" 200 35
200.111.191.212 - - [09/Mar/2020:16:14:34 -0300] "POST /cormun/servlet/solicitudot?gx-no-cache=1583781123797 HTTP/1.1" 200 297
200.111.191.212 - - [09/Mar/2020:16:14:34 -0300] "GET /cormun/servlet/solicitudot?a1b4d034fcd6a6dd1c329247265fa0a28f00498a0d73c4378db1bb6831199f7a84c41a9eab19046df039584cce1594ed836f429abae978dbb64f92cf0cebc4690c029fd628bfa4822503534654f6881b8a09f32edf940f62ab278401a9d2851f6d3f23c333c240cdaac603a668178270fce4bba718d87a1c4dbdde1df65dfe3848b8f1076ca607309cbf55721217591029ccc3edda651c0f2305df5b8842d63b7586a7014f7525ef0585e313fe1de319c11bc5333330fa49f128c453c15573259830748bf8ea7dcf0f9c7db30122897d373a26f010c47a939c0092199b2d977ef19c8048e6baf4fdb1bb96b7efb729401fe9abc1bc37f031dfc1688bb7ac1b95e08b90be1b51d76e5ec4dd580786e591ab534dceb4dcd7579220f51b2ba83fd2052af80d27c29d0b249d98cb5b1f3573f99873c3401486011a6da3c8b865b5a8bc0540aa0663ff1a93622d5bc2aeb8eb4e81ded0552f9c087f5bd94be31f30dd1ea813c23acf97ce9b924dc91a110d98390c36046096f7ea1f284b0453fd3a59afaa555fb7d4ea173d2c7e63678e4df4,gx-no-cache=1583781123844 HTTP/1.1" 200 30
200.111.191.212 - - [09/Mar/2020:16:14:36 -0300] "POST /cormun/servlet/solicitudot?gx-no-cache=1583781125588 HTTP/1.1" 200 30
192.168.10.89 - - [09/Mar/2020:16:15:10 -0300] "POST /cormun/servlet/trcargahoraria?0f6585d9ca2e13589ad552a02fba24ef,,gx-no-cache=1583784386228 HTTP/1.1" 200 8180
192.168.10.89 - - [09/Mar/2020:16:15:11 -0300] "GET /cormun/static/Resources/resize.gif HTTP/1.1" 200 77
192.168.10.89 - - [09/Mar/2020:16:15:11 -0300] "GET /cormun/static/Resources/PXTools/ClosePrompt.png HTTP/1.1" 200 1036
192.168.10.89 - - [09/Mar/2020:16:15:11 -0300] "GET /cormun/servlet/pucargahoraria?F-26,2020,14153113,2,1,MD,gxPopupLevel%3D0%3B HTTP/1.1" 200 6356
192.168.10.89 - - [09/Mar/2020:16:15:11 -0300] "GET /cormun/static/gxcfg.js?20201142336400 HTTP/1.1" 200 953
192.168.10.89 - - [09/Mar/2020:16:15:11 -0300] "GET /cormun/static/Resources/PXToolsMenuSearch.png HTTP/1.1" 200 336
192.168.10.89 - - [09/Mar/2020:16:15:11 -0300] "GET /cormun/static/Resources/PXToolsMenuSearchCancel.png HTTP/1.1" 200 306
192.168.10.89 - - [09/Mar/2020:16:15:11 -0300] "GET /cormun/static/cmplanestudio.js?2020162285826 HTTP/1.1" 200 13605
192.168.10.89 - - [09/Mar/2020:16:15:11 -0300] "GET /cormun/static/cmhorastotales.js?20201622122332 HTTP/1.1" 200 4259
192.168.10.89 - - [09/Mar/2020:16:15:11 -0300] "GET /cormun/static/menusearch.js?20201214473581 HTTP/1.1" 200 1424
192.168.10.89 - - [09/Mar/2020:16:15:11 -0300] "GET /cormun/static/hmpwkw011.js?20201215495555 HTTP/1.1" 200 1968
192.168.10.89 - - [09/Mar/2020:16:15:11 -0300] "GET /cormun/static/cmnolectivas.js?2020162285435 HTTP/1.1" 200 13486
192.168.10.89 - - [09/Mar/2020:16:15:11 -0300] "GET /cormun/static/pucargahoraria.js?202011423364157 HTTP/1.1" 200 3487
192.168.10.89 - - [09/Mar/2020:16:15:11 -0300] "GET /cormun/static/gxui/gxui-all.css HTTP/1.1" 200 2179
192.168.10.89 - - [09/Mar/2020:16:15:11 -0300] "GET /cormun/static/Shared/ext/resources/css/ext-all.css HTTP/1.1" 200 416045
192.168.10.89 - - [09/Mar/2020:16:15:44 -0300] "POST /cormun/servlet/pucargahoraria?0f6585d9ca2e13589ad552a02fba24ef,F-26,2020,14153113,2,1,MD,gxPopupLevel%3D0%3B,gx-no-cache=1583784420007 HTTP/1.1" 200 95
192.168.10.89 - - [09/Mar/2020:16:15:44 -0300] "GET /cormun/servlet/hpexe_return?MD,gxPopupLevel%3D0%3B HTTP/1.1" 200 1194
192.168.10.89 - - [09/Mar/2020:16:15:44 -0300] "GET /cormun/static/gxcfg.js?201991422392976 HTTP/1.1" 304 -
192.168.10.89 - - [09/Mar/2020:16:15:44 -0300] "POST /cormun/servlet/trcargahoraria?0f6585d9ca2e13589ad552a02fba24ef,,gx-no-cache=1583784420267 HTTP/1.1" 200 7988
192.168.10.89 - - [09/Mar/2020:16:15:48 -0300] "POST /cormun/servlet/trcargahoraria?0f6585d9ca2e13589ad552a02fba24ef,,gx-no-cache=1583784423833 HTTP/1.1" 200 8059
192.168.10.89 - - [09/Mar/2020:16:15:48 -0300] "GET /cormun/servlet/pucargahoraria?F-26,2020,16726919,2,1,MD,gxPopupLevel%3D0%3B HTTP/1.1" 200 6624
192.168.10.89 - - [09/Mar/2020:16:16:03 -0300] "POST /cormun/servlet/pucargahoraria?0f6585d9ca2e13589ad552a02fba24ef,F-26,2020,16726919,2,1,MD,gxPopupLevel%3D0%3B,gx-no-cache=1583784439001 HTTP/1.1" 200 95
192.168.10.89 - - [09/Mar/2020:16:16:03 -0300] "GET /cormun/servlet/hpexe_return?MD,gxPopupLevel%3D0%3B HTTP/1.1" 200 1194
192.168.10.89 - - [09/Mar/2020:16:16:03 -0300] "POST /cormun/servlet/trcargahoraria?0f6585d9ca2e13589ad552a02fba24ef,,gx-no-cache=1583784439170 HTTP/1.1" 200 7867
192.168.10.89 - - [09/Mar/2020:16:16:32 -0300] "POST /cormun/servlet/trcargahoraria?0f6585d9ca2e13589ad552a02fba24ef,,gx-no-cache=1583784467508 HTTP/1.1" 200 7938
192.168.10.89 - - [09/Mar/2020:16:16:32 -0300] "GET /cormun/servlet/pucargahoraria?F-26,2020,17134886,2,1,MD,gxPopupLevel%3D0%3B HTTP/1.1" 200 6877
190.171.143.82 - - [09/Mar/2020:16:16:33 -0300] "GET /cormun/servlet/solicitudot?4de915437b0d63229438d7c66fa0f7d43e4fdd17b9635a60a0713ebf0f5d6d8e014b2351b7c83aa573ae9a44591751704afebd5e917e78a76ea4f45f508428f54f4ce47cab0b220b37406b13973ac349c632cfc8d43fab8f077dc603b9d0b477ba9cb1af0c3fd20aaedb091e90bf11cb0c08a4f870ce18c78da2c92590c10b2f43b5f603c5d146588c39f79730f96b27c54158e41572b89e4c4f101513ea094c5eb135eb71596651d21bcc51ba4e54676ea3e77d772dbdc6321728524f4bdf937bd5709eda1e41f86fdc445dcdfff47e6cb1036910404d918a45f8707f341854cefcf4bdc5938bb6fed93a83572a4e361c2c51890923a028dd251a3a10788a33ff5413e0f0ee0adcfa693bd54fd24a1d19807b7bc62b3c4c69a4108132c33de55e51db577aa8e721bdd9727a029fcb5b402517e4d0120952fbe471e6af1b5da3458611a5d52556379ae9fc9b6bc49de52b2bf67a513f9659b5b02f1f2cc2b3ce9b408686926ed42bf217541733b501c5b4962dc317b4c388ab58a782a7983855,gx-no-cache=1583780989280 HTTP/1.1" 200 30
190.171.143.82 - - [09/Mar/2020:16:16:33 -0300] "POST /cormun/servlet/solicitudot?gx-no-cache=1583780989358 HTTP/1.1" 200 30
190.171.143.82 - - [09/Mar/2020:16:16:33 -0300] "POST /cormun/servlet/solicitudot?gx-no-cache=1583780989421 HTTP/1.1" 200 1366
190.171.143.82 - - [09/Mar/2020:16:16:33 -0300] "POST /cormun/servlet/solicitudot?gx-no-cache=1583780989568 HTTP/1.1" 200 41
190.171.143.82 - - [09/Mar/2020:16:16:33 -0300] "GET /cormun/servlet/solicitudot?4de915437b0d63229438d7c66fa0f7d494761d5570b7352f9154508c3e039e9cedfe750051d2483559b239d697299f78159f83c9a8a67dc378dd12fdd20bc1d0b491769b7cb0bd02015a80776c3149f137b8a487f7c4496341cf32f1405da3c11131077c2d610ec3dee6b294b8af4198,gx-no-cache=1583780989617 HTTP/1.1" 200 110
190.171.143.82 - - [09/Mar/2020:16:16:33 -0300] "POST /cormun/servlet/solicitudot?gx-no-cache=1583780989669 HTTP/1.1" 200 110
190.171.143.82 - - [09/Mar/2020:16:16:33 -0300] "GET /cormun/servlet/solicitudot?4de915437b0d63229438d7c66fa0f7d4ec0dc75917032852b99aeeb892673c01ef6ed09bb5fccb60b4b6b7568fb98491,gx-no-cache=1583780989742 HTTP/1.1" 200 30
190.171.143.82 - - [09/Mar/2020:16:16:33 -0300] "POST /cormun/servlet/solicitudot?gx-no-cache=1583780989779 HTTP/1.1" 200 34
190.171.143.82 - - [09/Mar/2020:16:16:33 -0300] "POST /cormun/servlet/solicitudot?93eaac316cf64f61e24364df688dc49c,INS,0,0,false,,gx-no-cache=1583780989901 HTTP/1.1" 200 93
190.171.143.82 - - [09/Mar/2020:16:16:34 -0300] "GET /cormun/servlet/hpexe_return? HTTP/1.1" 200 1012
190.171.143.82 - - [09/Mar/2020:16:16:34 -0300] "GET /cormun/servlet/trsolicitudot HTTP/1.1" 200 8867
190.171.143.82 - - [09/Mar/2020:16:16:35 -0300] "GET /cormun/servlet/trsolicitudot HTTP/1.1" 200 8864
190.171.143.82 - - [09/Mar/2020:16:16:35 -0300] "GET /favicon.ico HTTP/1.1" 200 21630
192.168.10.89 - - [09/Mar/2020:16:16:40 -0300] "POST /cormun/servlet/pucargahoraria?0f6585d9ca2e13589ad552a02fba24ef,F-26,2020,17134886,2,1,MD,gxPopupLevel%3D0%3B,gx-no-cache=1583784476073 HTTP/1.1" 200 95
192.168.10.89 - - [09/Mar/2020:16:16:40 -0300] "GET /cormun/servlet/hpexe_return?MD,gxPopupLevel%3D0%3B HTTP/1.1" 200 1193
192.168.10.89 - - [09/Mar/2020:16:16:40 -0300] "POST /cormun/servlet/trcargahoraria?0f6585d9ca2e13589ad552a02fba24ef,,gx-no-cache=1583784476231 HTTP/1.1" 200 7744
192.168.10.89 - - [09/Mar/2020:16:16:43 -0300] "POST /cormun/servlet/trcargahoraria?0f6585d9ca2e13589ad552a02fba24ef,,gx-no-cache=1583784479136 HTTP/1.1" 200 7816
192.168.10.89 - - [09/Mar/2020:16:16:44 -0300] "GET /cormun/servlet/pucargahoraria?F-26,2020,17671150,2,1,MD,gxPopupLevel%3D0%3B HTTP/1.1" 200 6612
190.171.143.82 - - [09/Mar/2020:16:16:48 -0300] "POST /cormun/servlet/trsolicitudot?93eaac316cf64f61e24364df688dc49c,gx-no-cache=1583781004181 HTTP/1.1" 200 107
190.171.143.82 - - [09/Mar/2020:16:16:48 -0300] "GET /cormun/servlet/trsolicitudadjuntos?2020,16369, HTTP/1.1" 200 6443
190.171.143.82 - - [09/Mar/2020:16:16:49 -0300] "GET /cormun/servlet/trsolicitudadjuntos?2020,16369, HTTP/1.1" 200 6442
192.168.10.89 - - [09/Mar/2020:16:16:51 -0300] "POST /cormun/servlet/pucargahoraria?0f6585d9ca2e13589ad552a02fba24ef,F-26,2020,17671150,2,1,MD,gxPopupLevel%3D0%3B,gx-no-cache=1583784486581 HTTP/1.1" 200 95
192.168.10.89 - - [09/Mar/2020:16:16:51 -0300] "GET /cormun/servlet/hpexe_return?MD,gxPopupLevel%3D0%3B HTTP/1.1" 200 1194
192.168.10.89 - - [09/Mar/2020:16:16:51 -0300] "POST /cormun/servlet/trcargahoraria?0f6585d9ca2e13589ad552a02fba24ef,,gx-no-cache=1583784486745 HTTP/1.1" 200 7625
192.168.10.89 - - [09/Mar/2020:16:16:54 -0300] "POST /cormun/servlet/trcargahoraria?0f6585d9ca2e13589ad552a02fba24ef,,gx-no-cache=1583784489592 HTTP/1.1" 200 7696
192.168.10.89 - - [09/Mar/2020:16:16:54 -0300] "GET /cormun/servlet/pucargahoraria?F-26,2020,17053471,2,1,MD,gxPopupLevel%3D0%3B HTTP/1.1" 200 6355
192.168.10.89 - - [09/Mar/2020:16:16:59 -0300] "POST /cormun/servlet/pucargahoraria?0f6585d9ca2e13589ad552a02fba24ef,F-26,2020,17053471,2,1,MD,gxPopupLevel%3D0%3B,gx-no-cache=1583784495057 HTTP/1.1" 200 95
192.168.10.89 - - [09/Mar/2020:16:16:59 -0300] "GET /cormun/servlet/hpexe_return?MD,gxPopupLevel%3D0%3B HTTP/1.1" 200 1193
192.168.10.89 - - [09/Mar/2020:16:16:59 -0300] "POST /cormun/servlet/trcargahoraria?0f6585d9ca2e13589ad552a02fba24ef,,gx-no-cache=1583784495224 HTTP/1.1" 200 7497
192.168.10.89 - - [09/Mar/2020:16:17:03 -0300] "POST /cormun/servlet/trcargahoraria?0f6585d9ca2e13589ad552a02fba24ef,,gx-no-cache=1583784499344 HTTP/1.1" 200 7570
192.168.10.89 - - [09/Mar/2020:16:17:04 -0300] "GET /cormun/servlet/pucargahoraria?F-26,2020,17837787,2,1,MD,gxPopupLevel%3D0%3B HTTP/1.1" 200 6571
192.168.10.89 - - [09/Mar/2020:16:17:12 -0300] "POST /cormun/servlet/pucargahoraria?0f6585d9ca2e13589ad552a02fba24ef,F-26,2020,17837787,2,1,MD,gxPopupLevel%3D0%3B,gx-no-cache=1583784508095 HTTP/1.1" 200 95
192.168.10.89 - - [09/Mar/2020:16:17:12 -0300] "GET /cormun/servlet/hpexe_return?MD,gxPopupLevel%3D0%3B HTTP/1.1" 200 1192
192.168.10.89 - - [09/Mar/2020:16:17:12 -0300] "POST /cormun/servlet/trcargahoraria?0f6585d9ca2e13589ad552a02fba24ef,,gx-no-cache=1583784508254 HTTP/1.1" 200 7366
192.168.10.89 - - [09/Mar/2020:16:17:17 -0300] "POST /cormun/servlet/trcargahoraria?0f6585d9ca2e13589ad552a02fba24ef,,gx-no-cache=1583784513061 HTTP/1.1" 200 7438
192.168.10.89 - - [09/Mar/2020:16:17:17 -0300] "GET /cormun/servlet/pucargahoraria?F-26,2020,17886848,2,1,MD,gxPopupLevel%3D0%3B HTTP/1.1" 200 6729
192.168.10.89 - - [09/Mar/2020:16:17:26 -0300] "POST /cormun/servlet/pucargahoraria?0f6585d9ca2e13589ad552a02fba24ef,F-26,2020,17886848,2,1,MD,gxPopupLevel%3D0%3B,gx-no-cache=1583784521966 HTTP/1.1" 200 95
192.168.10.89 - - [09/Mar/2020:16:17:26 -0300] "GET /cormun/servlet/hpexe_return?MD,gxPopupLevel%3D0%3B HTTP/1.1" 200 1193
192.168.10.89 - - [09/Mar/2020:16:17:26 -0300] "POST /cormun/servlet/trcargahoraria?0f6585d9ca2e13589ad552a02fba24ef,,gx-no-cache=1583784522122 HTTP/1.1" 200 7229
192.168.10.89 - - [09/Mar/2020:16:17:31 -0300] "POST /cormun/servlet/trcargahoraria?0f6585d9ca2e13589ad552a02fba24ef,,gx-no-cache=1583784526926 HTTP/1.1" 200 7301
192.168.10.89 - - [09/Mar/2020:16:17:32 -0300] "GET /cormun/servlet/pucargahoraria?F-26,2020,15111610,2,1,MD,gxPopupLevel%3D0%3B HTTP/1.1" 200 6667
192.168.10.89 - - [09/Mar/2020:16:17:38 -0300] "POST /cormun/servlet/pucargahoraria?0f6585d9ca2e13589ad552a02fba24ef,F-26,2020,15111610,2,1,MD,gxPopupLevel%3D0%3B,gx-no-cache=1583784533822 HTTP/1.1" 200 95
192.168.10.89 - - [09/Mar/2020:16:17:38 -0300] "GET /cormun/servlet/hpexe_return?MD,gxPopupLevel%3D0%3B HTTP/1.1" 200 1194
192.168.10.89 - - [09/Mar/2020:16:17:38 -0300] "POST /cormun/servlet/trcargahoraria?0f6585d9ca2e13589ad552a02fba24ef,,gx-no-cache=1583784533966 HTTP/1.1" 200 7102
192.168.10.89 - - [09/Mar/2020:16:17:40 -0300] "POST /cormun/servlet/trcargahoraria?0f6585d9ca2e13589ad552a02fba24ef,,gx-no-cache=1583784536197 HTTP/1.1" 200 7173
192.168.10.89 - - [09/Mar/2020:16:17:41 -0300] "GET /cormun/servlet/pucargahoraria?F-26,2020,17504982,2,1,MD,gxPopupLevel%3D0%3B HTTP/1.1" 200 6356
192.168.10.89 - - [09/Mar/2020:16:17:48 -0300] "POST /cormun/servlet/pucargahoraria?0f6585d9ca2e13589ad552a02fba24ef,F-26,2020,17504982,2,1,MD,gxPopupLevel%3D0%3B,gx-no-cache=1583784544511 HTTP/1.1" 200 95
192.168.10.89 - - [09/Mar/2020:16:17:49 -0300] "GET /cormun/servlet/hpexe_return?MD,gxPopupLevel%3D0%3B HTTP/1.1" 200 1194
192.168.10.89 - - [09/Mar/2020:16:17:49 -0300] "POST /cormun/servlet/trcargahoraria?0f6585d9ca2e13589ad552a02fba24ef,,gx-no-cache=1583784544671 HTTP/1.1" 200 6922
192.168.10.89 - - [09/Mar/2020:16:17:52 -0300] "POST /cormun/servlet/trcargahoraria?0f6585d9ca2e13589ad552a02fba24ef,,gx-no-cache=1583784547829 HTTP/1.1" 200 6993
192.168.10.89 - - [09/Mar/2020:16:17:52 -0300] "GET /cormun/servlet/pucargahoraria?F-26,2020,14204410,2,1,MD,gxPopupLevel%3D0%3B HTTP/1.1" 200 6562
192.168.10.89 - - [09/Mar/2020:16:17:57 -0300] "POST /cormun/servlet/pucargahoraria?0f6585d9ca2e13589ad552a02fba24ef,F-26,2020,14204410,2,1,MD,gxPopupLevel%3D0%3B,gx-no-cache=1583784553471 HTTP/1.1" 200 95
192.168.10.89 - - [09/Mar/2020:16:17:57 -0300] "GET /cormun/servlet/hpexe_return?MD,gxPopupLevel%3D0%3B HTTP/1.1" 200 1193
192.168.10.89 - - [09/Mar/2020:16:17:58 -0300] "POST /cormun/servlet/trcargahoraria?0f6585d9ca2e13589ad552a02fba24ef,,gx-no-cache=1583784553638 HTTP/1.1" 200 6792
192.168.10.89 - - [09/Mar/2020:16:18:00 -0300] "POST /cormun/servlet/trcargahoraria?0f6585d9ca2e13589ad552a02fba24ef,,gx-no-cache=1583784556341 HTTP/1.1" 200 6863
192.168.10.89 - - [09/Mar/2020:16:18:01 -0300] "GET /cormun/servlet/pucargahoraria?F-26,2020,13082722,2,1,MD,gxPopupLevel%3D0%3B HTTP/1.1" 200 6674
192.168.10.89 - - [09/Mar/2020:16:18:07 -0300] "POST /cormun/servlet/pucargahoraria?0f6585d9ca2e13589ad552a02fba24ef,F-26,2020,13082722,2,1,MD,gxPopupLevel%3D0%3B,gx-no-cache=1583784562606 HTTP/1.1" 200 95
192.168.10.89 - - [09/Mar/2020:16:18:07 -0300] "GET /cormun/servlet/hpexe_return?MD,gxPopupLevel%3D0%3B HTTP/1.1" 200 1194
192.168.10.89 - - [09/Mar/2020:16:18:07 -0300] "POST /cormun/servlet/trcargahoraria?0f6585d9ca2e13589ad552a02fba24ef,,gx-no-cache=1583784562765 HTTP/1.1" 200 6663
192.168.10.89 - - [09/Mar/2020:16:18:12 -0300] "POST /cormun/servlet/trcargahoraria?0f6585d9ca2e13589ad552a02fba24ef,,gx-no-cache=1583784567896 HTTP/1.1" 200 6734
192.168.10.89 - - [09/Mar/2020:16:18:12 -0300] "GET /cormun/servlet/pucargahoraria?F-26,2020,17134755,2,1,MD,gxPopupLevel%3D0%3B HTTP/1.1" 200 6357
192.168.10.89 - - [09/Mar/2020:16:18:27 -0300] "POST /cormun/servlet/pucargahoraria?0f6585d9ca2e13589ad552a02fba24ef,F-26,2020,17134755,2,1,MD,gxPopupLevel%3D0%3B,gx-no-cache=1583784582746 HTTP/1.1" 200 95
192.168.10.89 - - [09/Mar/2020:16:18:27 -0300] "GET /cormun/servlet/hpexe_return?MD,gxPopupLevel%3D0%3B HTTP/1.1" 200 1194
192.168.10.89 - - [09/Mar/2020:16:18:27 -0300] "POST /cormun/servlet/trcargahoraria?0f6585d9ca2e13589ad552a02fba24ef,,gx-no-cache=1583784582907 HTTP/1.1" 200 6527
190.171.141.90 - - [09/Mar/2020:16:18:28 -0300] "POST /cormun/servlet/trsolicitudot?3611391278f499ae6c33d4a4988d1fb5,,gx-no-cache=1583781105604 HTTP/1.1" 200 8694
192.168.10.89 - - [09/Mar/2020:16:18:52 -0300] "POST /cormun/servlet/trcargahoraria?0f6585d9ca2e13589ad552a02fba24ef,,gx-no-cache=1583784608232 HTTP/1.1" 200 6598
192.168.10.89 - - [09/Mar/2020:16:18:53 -0300] "GET /cormun/servlet/pucargahoraria?F-26,2020,18104139,2,1,MD,gxPopupLevel%3D0%3B HTTP/1.1" 200 6645
200.111.191.212 - - [09/Mar/2020:16:18:54 -0300] "GET /cormun/servlet/solicitudot?a1b4d034fcd6a6dd1c329247265fa0a2866943292b9a93a3bbce06863f325d2e2fd00300799d3acff8bd501a6a86f8c83b7271f6a79bd1473f5e299f8e16bde9,gx-no-cache=1583781383453 HTTP/1.1" 200 30
200.111.191.212 - - [09/Mar/2020:16:18:58 -0300] "POST /cormun/servlet/solicitudot?gx-no-cache=1583781387364 HTTP/1.1" 200 1363
200.111.191.212 - - [09/Mar/2020:16:18:58 -0300] "POST /cormun/servlet/solicitudot?gx-no-cache=1583781387401 HTTP/1.1" 200 38
200.111.191.212 - - [09/Mar/2020:16:19:05 -0300] "GET /cormun/servlet/solicitudot?a1b4d034fcd6a6dd1c329247265fa0a2978962c0a498d7c0758600ebb3aaf5c151cd5150e2d7e2b1eab633f4911108367e36d50adbda41b9954d3f24fecbb5198b346fc7001c9b51878543346f77c5f843b442917d771632270404113429fa0dacf2a87168f2a9f749bd0bc25430bed3,gx-no-cache=1583781394354 HTTP/1.1" 200 110
200.111.191.212 - - [09/Mar/2020:16:19:09 -0300] "POST /cormun/servlet/solicitudot?gx-no-cache=1583781398731 HTTP/1.1" 200 64
200.111.191.212 - - [09/Mar/2020:16:19:09 -0300] "POST /cormun/servlet/solicitudot?gx-no-cache=1583781398885 HTTP/1.1" 200 64
200.111.191.212 - - [09/Mar/2020:16:19:10 -0300] "POST /cormun/servlet/solicitudot?gx-no-cache=1583781399342 HTTP/1.1" 200 64
200.111.191.212 - - [09/Mar/2020:16:19:15 -0300] "GET /cormun/servlet/solicitudot?a1b4d034fcd6a6dd1c329247265fa0a2b9f879c1de69502c280529033ee6b6397620b87bda154118f7494a189b6b75ac188eef2bf59cf789ba6156c7c9c06ac771b0efd0bdf4eeb3aea7fcbc382998af566170fe4817a30ae5885fd4f52f0bd8b45943a03d432e1fd8f3d205c1eec002,gx-no-cache=1583781403944 HTTP/1.1" 200 29
192.168.10.89 - - [09/Mar/2020:16:19:18 -0300] "POST /cormun/servlet/pucargahoraria?0f6585d9ca2e13589ad552a02fba24ef,F-26,2020,18104139,2,1,MD,gxPopupLevel%3D0%3B,gx-no-cache=1583784633588 HTTP/1.1" 200 95
192.168.10.89 - - [09/Mar/2020:16:19:18 -0300] "GET /cormun/servlet/hpexe_return?MD,gxPopupLevel%3D0%3B HTTP/1.1" 200 1194
192.168.10.89 - - [09/Mar/2020:16:19:18 -0300] "POST /cormun/servlet/trcargahoraria?0f6585d9ca2e13589ad552a02fba24ef,,gx-no-cache=1583784633845 HTTP/1.1" 200 6399
192.168.10.89 - - [09/Mar/2020:16:19:20 -0300] "POST /cormun/servlet/trcargahoraria?0f6585d9ca2e13589ad552a02fba24ef,,gx-no-cache=1583784636456 HTTP/1.1" 200 6469
192.168.10.89 - - [09/Mar/2020:16:19:21 -0300] "GET /cormun/servlet/pucargahoraria?F-26,2020,12912096,2,1,MD,gxPopupLevel%3D0%3B HTTP/1.1" 200 6509
200.111.191.212 - - [09/Mar/2020:16:19:22 -0300] "GET /cormun/servlet/solicitudot?a1b4d034fcd6a6dd1c329247265fa0a23cf83334814c9b5db5460ffe7fb845e89552c92652c92b422454b54ea7349efe,gx-no-cache=1583781411815 HTTP/1.1" 200 30
200.111.191.212 - - [09/Mar/2020:16:19:26 -0300] "POST /cormun/servlet/solicitudot?gx-no-cache=1583781415035 HTTP/1.1" 200 30
200.111.191.212 - - [09/Mar/2020:16:19:45 -0300] "POST /cormun/servlet/solicitudot?c2ed596b3cc9b6e94b14fbc6c5d35a8c,INS,0,0,false,,gx-no-cache=1583781434538 HTTP/1.1" 200 12272
200.111.191.212 - - [09/Mar/2020:16:19:56 -0300] "GET /cormun/servlet/solicitudot?a1b4d034fcd6a6dd1c329247265fa0a28f00498a0d73c4378db1bb6831199f7a84c41a9eab19046df039584cce1594ed836f429abae978dbb64f92cf0cebc4690c029fd628bfa4822503534654f6881b8a09f32edf940f62ab278401a9d2851f6d3f23c333c240cdaac603a668178270fce4bba718d87a1c4dbdde1df65dfe3848b8f1076ca607309cbf55721217591029ccc3edda651c0f2305df5b8842d63b7586a7014f7525ef0585e313fe1de319c11bc5333330fa49f128c453c15573259830748bf8ea7dcf0f9c7db30122897d373a26f010c47a939c0092199b2d977ef19c8048e6baf4fdb1bb96b7efb729401fe9abc1bc37f031dfc1688bb7ac1b95e08b90be1b51d76e5ec4dd580786e591ab534dceb4dcd7579220f51b2ba83fd2052af80d27c29d0b249d98cb5b1f3573f99873c3401486011a6da3c8b865b5a8bc0540aa0663ff1a93622d5bc2aeb8eb4e81ded0552f9c087f5bd94be31f30dd1ea813c23acf97ce9b924dc91a110d9826d63c48a38b77f5a595e81f886eccc0afaa555fb7d4ea173d2c7e63678e4df4,gx-no-cache=1583781445584 HTTP/1.1" 200 30
200.111.191.212 - - [09/Mar/2020:16:19:56 -0300] "POST /cormun/servlet/solicitudot?gx-no-cache=1583781445611 HTTP/1.1" 200 30
200.111.191.212 - - [09/Mar/2020:16:19:56 -0300] "POST /cormun/servlet/solicitudot?gx-no-cache=1583781445638 HTTP/1.1" 200 1366
200.111.191.212 - - [09/Mar/2020:16:19:56 -0300] "POST /cormun/servlet/solicitudot?gx-no-cache=1583781445672 HTTP/1.1" 200 40
200.111.191.212 - - [09/Mar/2020:16:19:56 -0300] "GET /cormun/servlet/solicitudot?a1b4d034fcd6a6dd1c329247265fa0a2978962c0a498d7c0758600ebb3aaf5c151cd5150e2d7e2b1eab633f4911108367e36d50adbda41b9954d3f24fecbb5198b346fc7001c9b51878543346f77c5f843b442917d771632270404113429fa0dacf2a87168f2a9f749bd0bc25430bed3,gx-no-cache=1583781445694 HTTP/1.1" 200 110
200.111.191.212 - - [09/Mar/2020:16:19:56 -0300] "POST /cormun/servlet/solicitudot?gx-no-cache=1583781445718 HTTP/1.1" 200 64
200.111.191.212 - - [09/Mar/2020:16:19:56 -0300] "GET /cormun/servlet/solicitudot?a1b4d034fcd6a6dd1c329247265fa0a23cf83334814c9b5db5460ffe7fb845e89552c92652c92b422454b54ea7349efe,gx-no-cache=1583781445743 HTTP/1.1" 200 30
200.111.191.212 - - [09/Mar/2020:16:19:56 -0300] "POST /cormun/servlet/solicitudot?gx-no-cache=1583781445764 HTTP/1.1" 200 30
200.111.191.212 - - [09/Mar/2020:16:19:57 -0300] "POST /cormun/servlet/solicitudot?c2ed596b3cc9b6e94b14fbc6c5d35a8c,INS,0,0,false,,gx-no-cache=1583781445789 HTTP/1.1" 200 93
200.111.191.212 - - [09/Mar/2020:16:19:57 -0300] "GET /cormun/servlet/hpexe_return? HTTP/1.1" 200 1011
200.111.191.212 - - [09/Mar/2020:16:19:57 -0300] "GET /cormun/servlet/trsolicitudot HTTP/1.1" 200 8522
200.111.191.212 - - [09/Mar/2020:16:19:57 -0300] "GET /cormun/servlet/trsolicitudot HTTP/1.1" 200 8516
200.111.191.212 - - [09/Mar/2020:16:20:05 -0300] "POST /cormun/servlet/trsolicitudot?c2ed596b3cc9b6e94b14fbc6c5d35a8c,gx-no-cache=1583781454804 HTTP/1.1" 200 107
200.111.191.212 - - [09/Mar/2020:16:20:06 -0300] "GET /cormun/servlet/trsolicitudadjuntos?2020,16370, HTTP/1.1" 200 6057
200.111.191.212 - - [09/Mar/2020:16:20:06 -0300] "GET /cormun/static/gxcfg.js?20201215574222 HTTP/1.1" 200 953
200.111.191.212 - - [09/Mar/2020:16:20:06 -0300] "GET /cormun/servlet/trsolicitudadjuntos?2020,16370, HTTP/1.1" 200 6057
200.111.191.212 - - [09/Mar/2020:16:20:08 -0300] "GET /cormun/servlet/solicitudotadjuntos?INS,2020,16370,,1, HTTP/1.1" 200 6003
200.111.191.212 - - [09/Mar/2020:16:20:08 -0300] "GET /cormun/static/gxcfg.js?202012157947 HTTP/1.1" 200 953
200.111.191.212 - - [09/Mar/2020:16:20:08 -0300] "GET /cormun/static/about:blank HTTP/1.1" 404 1011
200.111.191.212 - - [09/Mar/2020:16:20:08 -0300] "GET /cormun/servlet/solicitudotadjuntos?INS,2020,16370,,1, HTTP/1.1" 200 5997
200.111.191.212 - - [09/Mar/2020:16:20:08 -0300] "GET /cormun/servlet/solicitudotadjuntos?a1b4d034fcd6a6dd1c329247265fa0a26d85b43dd8b00fbc0293d014cb69d78bb7ed65d8068e4385d34eb5ee99637d87,gx-no-cache=1583781457695 HTTP/1.1" 200 30
200.111.191.212 - - [09/Mar/2020:16:20:08 -0300] "POST /cormun/servlet/solicitudotadjuntos?c2ed596b3cc9b6e94b14fbc6c5d35a8c,INS,2020,16370,,1,,gx-no-cache=1583781457717 HTTP/1.1" 200 3869
200.111.191.212 - - [09/Mar/2020:16:20:10 -0300] "POST /cormun/servlet/solicitudotadjuntos?gx-no-cache=1583781459257 HTTP/1.1" 200 26
200.111.191.212 - - [09/Mar/2020:16:20:24 -0300] "GET /cormun/servlet/solicitudotadjuntos?a1b4d034fcd6a6dd1c329247265fa0a273ac9ba73c179d44534697f1ced3c153,gx-no-cache=1583781473406 HTTP/1.1" 200 30
200.111.191.212 - - [09/Mar/2020:16:20:24 -0300] "GET /cormun/servlet/solicitudotadjuntos?a1b4d034fcd6a6dd1c329247265fa0a273ac9ba73c179d44534697f1ced3c153,gx-no-cache=1583781473447 HTTP/1.1" 200 30
200.111.191.212 - - [09/Mar/2020:16:20:25 -0300] "POST /cormun/servlet/solicitudotadjuntos?c2ed596b3cc9b6e94b14fbc6c5d35a8c,INS,2020,16370,,1, HTTP/1.1" 200 116
200.111.191.212 - - [09/Mar/2020:16:20:25 -0300] "GET /cormun/servlet/hpexe_return? HTTP/1.1" 200 1029
200.111.191.212 - - [09/Mar/2020:16:20:25 -0300] "GET /cormun/servlet/trsolicitudadjuntos?2020,16370, HTTP/1.1" 200 8671
200.111.191.212 - - [09/Mar/2020:16:20:25 -0300] "GET /cormun/servlet/trsolicitudadjuntos?2020,16370, HTTP/1.1" 200 8666
200.111.191.212 - - [09/Mar/2020:16:20:27 -0300] "GET /cormun/servlet/solicitudotadjuntos?INS,2020,16370,,1, HTTP/1.1" 200 6003
200.111.191.212 - - [09/Mar/2020:16:20:27 -0300] "GET /cormun/static/about:blank HTTP/1.1" 404 1011
200.111.191.212 - - [09/Mar/2020:16:20:27 -0300] "GET /cormun/servlet/solicitudotadjuntos?INS,2020,16370,,1, HTTP/1.1" 200 5997
200.111.191.212 - - [09/Mar/2020:16:20:28 -0300] "GET /cormun/servlet/solicitudotadjuntos?a1b4d034fcd6a6dd1c329247265fa0a26d85b43dd8b00fbc0293d014cb69d78bb7ed65d8068e4385d34eb5ee99637d87,gx-no-cache=1583781477087 HTTP/1.1" 200 30
200.111.191.212 - - [09/Mar/2020:16:20:28 -0300] "POST /cormun/servlet/solicitudotadjuntos?c2ed596b3cc9b6e94b14fbc6c5d35a8c,INS,2020,16370,,1,,gx-no-cache=1583781477113 HTTP/1.1" 200 3869
200.111.191.212 - - [09/Mar/2020:16:20:29 -0300] "POST /cormun/servlet/solicitudotadjuntos?gx-no-cache=1583781478597 HTTP/1.1" 200 26
190.171.143.82 - - [09/Mar/2020:16:20:30 -0300] "GET /cormun/servlet/solicitudotadjuntos?INS,2020,16369,,1, HTTP/1.1" 200 6382
190.171.143.82 - - [09/Mar/2020:16:20:30 -0300] "GET /cormun/static/about:blank HTTP/1.1" 404 1011
190.171.143.82 - - [09/Mar/2020:16:20:31 -0300] "GET /cormun/servlet/solicitudotadjuntos?INS,2020,16369,,1, HTTP/1.1" 200 6374
190.171.143.82 - - [09/Mar/2020:16:20:31 -0300] "GET /cormun/servlet/solicitudotadjuntos?4de915437b0d63229438d7c66fa0f7d4527ef7dda5cb5697238ede7842248e3e19a833415fa1dc291ba869ebdc64d974,gx-no-cache=1583781228155 HTTP/1.1" 200 30
190.171.143.82 - - [09/Mar/2020:16:20:32 -0300] "POST /cormun/servlet/solicitudotadjuntos?93eaac316cf64f61e24364df688dc49c,INS,2020,16369,,1,,gx-no-cache=1583781228212 HTTP/1.1" 200 4185
190.171.143.82 - - [09/Mar/2020:16:20:33 -0300] "POST /cormun/servlet/solicitudotadjuntos?gx-no-cache=1583781229866 HTTP/1.1" 200 26
200.111.191.212 - - [09/Mar/2020:16:20:34 -0300] "GET /cormun/servlet/solicitudotadjuntos?a1b4d034fcd6a6dd1c329247265fa0a273ac9ba73c179d44534697f1ced3c153,gx-no-cache=1583781483661 HTTP/1.1" 200 30
200.111.191.212 - - [09/Mar/2020:16:20:34 -0300] "GET /cormun/servlet/solicitudotadjuntos?a1b4d034fcd6a6dd1c329247265fa0a273ac9ba73c179d44534697f1ced3c153,gx-no-cache=1583781483674 HTTP/1.1" 200 30
200.111.191.212 - - [09/Mar/2020:16:20:35 -0300] "POST /cormun/servlet/solicitudotadjuntos?c2ed596b3cc9b6e94b14fbc6c5d35a8c,INS,2020,16370,,1, HTTP/1.1" 200 116
200.111.191.212 - - [09/Mar/2020:16:20:35 -0300] "GET /cormun/servlet/hpexe_return? HTTP/1.1" 200 1029
200.111.191.212 - - [09/Mar/2020:16:20:36 -0300] "GET /cormun/servlet/trsolicitudadjuntos?2020,16370, HTTP/1.1" 200 8888
200.111.191.212 - - [09/Mar/2020:16:20:36 -0300] "GET /cormun/servlet/trsolicitudadjuntos?2020,16370, HTTP/1.1" 200 8886
200.111.191.212 - - [09/Mar/2020:16:20:37 -0300] "GET /cormun/servlet/solicitudotadjuntos?INS,2020,16370,,1, HTTP/1.1" 200 6003
200.111.191.212 - - [09/Mar/2020:16:20:38 -0300] "GET /cormun/static/about:blank HTTP/1.1" 404 1011
200.111.191.212 - - [09/Mar/2020:16:20:38 -0300] "GET /cormun/servlet/solicitudotadjuntos?INS,2020,16370,,1, HTTP/1.1" 200 5997
200.111.191.212 - - [09/Mar/2020:16:20:38 -0300] "GET /cormun/servlet/solicitudotadjuntos?a1b4d034fcd6a6dd1c329247265fa0a26d85b43dd8b00fbc0293d014cb69d78bb7ed65d8068e4385d34eb5ee99637d87,gx-no-cache=1583781487609 HTTP/1.1" 200 30
200.111.191.212 - - [09/Mar/2020:16:20:38 -0300] "POST /cormun/servlet/solicitudotadjuntos?c2ed596b3cc9b6e94b14fbc6c5d35a8c,INS,2020,16370,,1,,gx-no-cache=1583781487629 HTTP/1.1" 200 3869
200.111.191.212 - - [09/Mar/2020:16:20:40 -0300] "POST /cormun/servlet/solicitudotadjuntos?gx-no-cache=1583781489829 HTTP/1.1" 200 26
190.171.143.82 - - [09/Mar/2020:16:20:43 -0300] "GET /cormun/servlet/solicitudotadjuntos?4de915437b0d63229438d7c66fa0f7d4d4bddfc348c0cc1b5157b54bdff92fe5,gx-no-cache=1583781239443 HTTP/1.1" 200 30
190.171.143.82 - - [09/Mar/2020:16:20:43 -0300] "GET /cormun/servlet/solicitudotadjuntos?4de915437b0d63229438d7c66fa0f7d4d4bddfc348c0cc1b5157b54bdff92fe5,gx-no-cache=1583781239504 HTTP/1.1" 200 30
190.171.143.82 - - [09/Mar/2020:16:20:43 -0300] "POST /cormun/servlet/solicitudotadjuntos?93eaac316cf64f61e24364df688dc49c,INS,2020,16369,,1, HTTP/1.1" 200 116
190.171.143.82 - - [09/Mar/2020:16:20:43 -0300] "GET /cormun/servlet/hpexe_return? HTTP/1.1" 200 1030
190.171.143.82 - - [09/Mar/2020:16:20:44 -0300] "GET /cormun/servlet/trsolicitudadjuntos?2020,16369, HTTP/1.1" 200 9084
190.171.143.82 - - [09/Mar/2020:16:20:45 -0300] "GET /cormun/servlet/trsolicitudadjuntos?2020,16369, HTTP/1.1" 200 9083
200.111.191.212 - - [09/Mar/2020:16:20:45 -0300] "GET /cormun/servlet/solicitudotadjuntos?a1b4d034fcd6a6dd1c329247265fa0a273ac9ba73c179d44534697f1ced3c153,gx-no-cache=1583781494693 HTTP/1.1" 200 30
200.111.191.212 - - [09/Mar/2020:16:20:45 -0300] "GET /cormun/servlet/solicitudotadjuntos?a1b4d034fcd6a6dd1c329247265fa0a273ac9ba73c179d44534697f1ced3c153,gx-no-cache=1583781494705 HTTP/1.1" 200 30
200.111.191.212 - - [09/Mar/2020:16:20:46 -0300] "POST /cormun/servlet/solicitudotadjuntos?c2ed596b3cc9b6e94b14fbc6c5d35a8c,INS,2020,16370,,1, HTTP/1.1" 200 116
200.111.191.212 - - [09/Mar/2020:16:20:46 -0300] "GET /cormun/servlet/hpexe_return? HTTP/1.1" 200 1029
190.171.143.82 - - [09/Mar/2020:16:20:47 -0300] "GET /cormun/servlet/solicitudotadjuntos?INS,2020,16369,,1, HTTP/1.1" 200 6382
200.111.191.212 - - [09/Mar/2020:16:20:47 -0300] "GET /cormun/servlet/trsolicitudadjuntos?2020,16370, HTTP/1.1" 200 9069
190.171.143.82 - - [09/Mar/2020:16:20:47 -0300] "GET /cormun/static/about:blank HTTP/1.1" 404 1011
190.171.143.82 - - [09/Mar/2020:16:20:47 -0300] "GET /cormun/servlet/solicitudotadjuntos?INS,2020,16369,,1, HTTP/1.1" 200 6374
200.111.191.212 - - [09/Mar/2020:16:20:47 -0300] "GET /cormun/servlet/trsolicitudadjuntos?2020,16370, HTTP/1.1" 200 9066
190.171.143.82 - - [09/Mar/2020:16:20:48 -0300] "GET /cormun/servlet/solicitudotadjuntos?4de915437b0d63229438d7c66fa0f7d4527ef7dda5cb5697238ede7842248e3e19a833415fa1dc291ba869ebdc64d974,gx-no-cache=1583781244442 HTTP/1.1" 200 30
190.171.143.82 - - [09/Mar/2020:16:20:48 -0300] "POST /cormun/servlet/solicitudotadjuntos?93eaac316cf64f61e24364df688dc49c,INS,2020,16369,,1,,gx-no-cache=1583781244499 HTTP/1.1" 200 4185
200.111.191.212 - - [09/Mar/2020:16:20:49 -0300] "GET /cormun/servlet/solicitudotadjuntos?INS,2020,16370,,1, HTTP/1.1" 200 6003
200.111.191.212 - - [09/Mar/2020:16:20:49 -0300] "GET /cormun/static/about:blank HTTP/1.1" 404 1011
200.111.191.212 - - [09/Mar/2020:16:20:49 -0300] "GET /cormun/servlet/solicitudotadjuntos?INS,2020,16370,,1, HTTP/1.1" 200 5997
200.111.191.212 - - [09/Mar/2020:16:20:50 -0300] "GET /cormun/servlet/solicitudotadjuntos?a1b4d034fcd6a6dd1c329247265fa0a26d85b43dd8b00fbc0293d014cb69d78bb7ed65d8068e4385d34eb5ee99637d87,gx-no-cache=1583781499186 HTTP/1.1" 200 30
200.111.191.212 - - [09/Mar/2020:16:20:50 -0300] "POST /cormun/servlet/solicitudotadjuntos?c2ed596b3cc9b6e94b14fbc6c5d35a8c,INS,2020,16370,,1,,gx-no-cache=1583781499253 HTTP/1.1" 200 3869
190.171.143.82 - - [09/Mar/2020:16:20:50 -0300] "POST /cormun/servlet/solicitudotadjuntos?gx-no-cache=1583781247204 HTTP/1.1" 200 26
190.171.152.242 - - [09/Mar/2020:16:20:53 -0300] "GET /cormun/servlet/hlogin HTTP/1.1" 200 1730
190.171.143.82 - - [09/Mar/2020:16:20:56 -0300] "GET /cormun/servlet/solicitudotadjuntos?4de915437b0d63229438d7c66fa0f7d4d4bddfc348c0cc1b5157b54bdff92fe5,gx-no-cache=1583781253074 HTTP/1.1" 200 30
