200.120.230.88 - - [09/Mar/2020:16:27:14 -0300] "GET /cormun/static/hmpwkw011.js?20201215495555 HTTP/1.1" 200 1968
192.168.10.89 - - [09/Mar/2020:16:27:15 -0300] "POST /cormun/servlet/trcargahoraria?0f6585d9ca2e13589ad552a02fba24ef,,gx-no-cache=1583785111126 HTTP/1.1" 200 4772
192.168.10.89 - - [09/Mar/2020:16:27:15 -0300] "GET /cormun/servlet/pucargahoraria?F-26,2020,92,2,1,MD,gxPopupLevel%3D0%3B HTTP/1.1" 200 6354
192.168.10.89 - - [09/Mar/2020:16:27:17 -0300] "POST /cormun/servlet/pucargahoraria?0f6585d9ca2e13589ad552a02fba24ef,F-26,2020,92,2,1,MD,gxPopupLevel%3D0%3B,gx-no-cache=1583785113002 HTTP/1.1" 200 95
192.168.10.89 - - [09/Mar/2020:16:27:17 -0300] "GET /cormun/servlet/hpexe_return?MD,gxPopupLevel%3D0%3B HTTP/1.1" 200 1189
192.168.10.89 - - [09/Mar/2020:16:27:17 -0300] "POST /cormun/servlet/trcargahoraria?0f6585d9ca2e13589ad552a02fba24ef,,gx-no-cache=1583785113131 HTTP/1.1" 200 4144
190.171.152.242 - - [09/Mar/2020:16:27:20 -0300] "GET /cormun/servlet/solicitudotadjuntos?02f0d70269702074494391b05aad2dde382ae7baec6d1f83d7674c24ad39ece1,gx-no-cache=1583781637914 HTTP/1.1" 200 30
190.171.152.242 - - [09/Mar/2020:16:27:20 -0300] "GET /cormun/servlet/solicitudotadjuntos?02f0d70269702074494391b05aad2dde382ae7baec6d1f83d7674c24ad39ece1,gx-no-cache=1583781637933 HTTP/1.1" 200 30
190.171.152.242 - - [09/Mar/2020:16:27:20 -0300] "POST /cormun/servlet/solicitudotadjuntos?ccca391c1b6839f73619b467cd654d9e,INS,2020,16371,,1, HTTP/1.1" 200 116
190.171.152.242 - - [09/Mar/2020:16:27:20 -0300] "GET /cormun/servlet/hpexe_return? HTTP/1.1" 200 1028
190.171.152.242 - - [09/Mar/2020:16:27:21 -0300] "GET /cormun/servlet/trsolicitudadjuntos?2020,16371, HTTP/1.1" 200 9659
190.171.152.242 - - [09/Mar/2020:16:27:22 -0300] "GET /cormun/servlet/trsolicitudadjuntos?2020,16371, HTTP/1.1" 200 9656
190.171.143.82 - - [09/Mar/2020:16:27:25 -0300] "GET /cormun/servlet/solicitudotadjuntos?4de915437b0d63229438d7c66fa0f7d4d4bddfc348c0cc1b5157b54bdff92fe5,gx-no-cache=1583781641304 HTTP/1.1" 200 30
190.171.143.82 - - [09/Mar/2020:16:27:25 -0300] "GET /cormun/servlet/solicitudotadjuntos?4de915437b0d63229438d7c66fa0f7d4d4bddfc348c0cc1b5157b54bdff92fe5,gx-no-cache=1583781641348 HTTP/1.1" 200 30
190.171.143.82 - - [09/Mar/2020:16:27:26 -0300] "POST /cormun/servlet/solicitudotadjuntos?93eaac316cf64f61e24364df688dc49c,INS,2020,16369,,1, HTTP/1.1" 200 116
190.171.143.82 - - [09/Mar/2020:16:27:26 -0300] "GET /cormun/servlet/hpexe_return? HTTP/1.1" 200 1030
190.171.143.82 - - [09/Mar/2020:16:27:27 -0300] "GET /cormun/servlet/trsolicitudadjuntos?2020,16369, HTTP/1.1" 200 9714
190.171.152.242 - - [09/Mar/2020:16:27:27 -0300] "GET /cormun/servlet/solicitudotadjuntos?INS,2020,16371,,1, HTTP/1.1" 200 6038
190.171.152.242 - - [09/Mar/2020:16:27:27 -0300] "GET /cormun/static/about:blank HTTP/1.1" 404 1011
190.171.152.242 - - [09/Mar/2020:16:27:27 -0300] "GET /cormun/servlet/solicitudotadjuntos?INS,2020,16371,,1, HTTP/1.1" 200 6031
190.171.152.242 - - [09/Mar/2020:16:27:28 -0300] "GET /cormun/servlet/solicitudotadjuntos?02f0d70269702074494391b05aad2dde7a927e98c653013399bc5c4e8f4d40c0c36703e330d05d7375f2dcd089c32ed0,gx-no-cache=1583781645668 HTTP/1.1" 200 30
190.171.152.242 - - [09/Mar/2020:16:27:28 -0300] "POST /cormun/servlet/solicitudotadjuntos?ccca391c1b6839f73619b467cd654d9e,INS,2020,16371,,1,,gx-no-cache=1583781646011 HTTP/1.1" 200 3878
190.171.143.82 - - [09/Mar/2020:16:27:28 -0300] "GET /cormun/servlet/trsolicitudadjuntos?2020,16369, HTTP/1.1" 200 9710
190.171.152.242 - - [09/Mar/2020:16:27:31 -0300] "POST /cormun/servlet/solicitudotadjuntos?gx-no-cache=1583781648746 HTTP/1.1" 200 26
190.171.152.242 - - [09/Mar/2020:16:27:41 -0300] "GET /cormun/servlet/solicitudotadjuntos?02f0d70269702074494391b05aad2dde382ae7baec6d1f83d7674c24ad39ece1,gx-no-cache=1583781658954 HTTP/1.1" 200 30
190.171.152.242 - - [09/Mar/2020:16:27:41 -0300] "GET /cormun/servlet/solicitudotadjuntos?02f0d70269702074494391b05aad2dde382ae7baec6d1f83d7674c24ad39ece1,gx-no-cache=1583781658974 HTTP/1.1" 200 30
190.171.152.242 - - [09/Mar/2020:16:27:41 -0300] "POST /cormun/servlet/solicitudotadjuntos?ccca391c1b6839f73619b467cd654d9e,INS,2020,16371,,1, HTTP/1.1" 200 116
190.171.152.242 - - [09/Mar/2020:16:27:41 -0300] "GET /cormun/servlet/hpexe_return? HTTP/1.1" 200 1028
190.171.152.242 - - [09/Mar/2020:16:27:42 -0300] "GET /cormun/servlet/trsolicitudadjuntos?2020,16371, HTTP/1.1" 200 9898
190.171.152.242 - - [09/Mar/2020:16:27:43 -0300] "GET /cormun/servlet/trsolicitudadjuntos?2020,16371, HTTP/1.1" 200 9897
200.120.230.88 - - [09/Mar/2020:16:27:43 -0300] "POST /cormun/servlet/prfichaempleado?699645ed1ee51bad1d360f8faf2960e6,,MD,,gxPopupLevel%3D0%3B,gx-no-cache=1583781658970 HTTP/1.1" 200 3403
190.171.152.242 - - [09/Mar/2020:16:27:45 -0300] "GET /cormun/servlet/trsolicitudot? HTTP/1.1" 200 8565
190.171.152.242 - - [09/Mar/2020:16:27:46 -0300] "GET /cormun/servlet/trsolicitudot? HTTP/1.1" 200 8558
200.120.230.88 - - [09/Mar/2020:16:27:48 -0300] "GET /cormun/servlet/permisogoce?b4c561fcba4304c386c57f1ad17b187b1c0e6be5f2fc78ab249b54832500e150ec9e30af143612931aecc6875f071f938bdfefd2ed33b193c8be2f0708be6e07,gx-no-cache=1583781663988 HTTP/1.1" 200 79
200.120.230.88 - - [09/Mar/2020:16:27:50 -0300] "GET /cormun/static/menuarrow.gif HTTP/1.1" 404 1015
190.171.152.242 - - [09/Mar/2020:16:27:51 -0300] "POST /cormun/servlet/trsolicitudot?ccca391c1b6839f73619b467cd654d9e,,gx-no-cache=1583781669238 HTTP/1.1" 200 4574
190.171.152.242 - - [09/Mar/2020:16:27:52 -0300] "GET /cormun/static/Shared/jqueryui/images/ui-bg_highlight-soft_100_c6c2c8_1x100.png HTTP/1.1" 404 1117
190.171.152.242 - - [09/Mar/2020:16:27:52 -0300] "GET /cormun/static/Shared/jqueryui/images/ui-bg_flat_55_fafafa_40x100.png HTTP/1.1" 404 1097
190.171.152.242 - - [09/Mar/2020:16:27:52 -0300] "GET /cormun/static/Shared/jqueryui/images/ui-icons_8d78a5_256x240.png HTTP/1.1" 404 1089
190.171.152.242 - - [09/Mar/2020:16:27:52 -0300] "GET /cormun/static/Shared/jqueryui/images/ui-icons_82798d_256x240.png HTTP/1.1" 404 1089
190.171.152.242 - - [09/Mar/2020:16:27:52 -0300] "POST /cormun/servlet/trsolicitudot?ccca391c1b6839f73619b467cd654d9e,,gx-no-cache=1583781669467 HTTP/1.1" 200 4356
200.120.230.88 - - [09/Mar/2020:16:28:03 -0300] "GET /cormun/servlet/permisogoce?b4c561fcba4304c386c57f1ad17b187b4bc362659d3ac74fcf3d377d63c6cce3e945a8a8ec82873962b5052a18074f9a13d8969b76b474b5739f8520f0d9bc8a,gx-no-cache=1583781679378 HTTP/1.1" 200 120
192.168.10.89 - - [09/Mar/2020:16:28:04 -0300] "POST /cormun/servlet/trcargahoraria?0f6585d9ca2e13589ad552a02fba24ef,,gx-no-cache=1583785159974 HTTP/1.1" 200 5056
192.168.10.89 - - [09/Mar/2020:16:28:07 -0300] "POST /cormun/servlet/trcargahoraria?0f6585d9ca2e13589ad552a02fba24ef,,gx-no-cache=1583785163168 HTTP/1.1" 200 5114
192.168.10.89 - - [09/Mar/2020:16:28:08 -0300] "GET /cormun/servlet/pucargahorariagral?F-26,2020,7807313,4,1,MD,gxPopupLevel%3D0%3B HTTP/1.1" 200 5641
192.168.10.89 - - [09/Mar/2020:16:28:08 -0300] "GET /cormun/static/gxcfg.js?202011423364325 HTTP/1.1" 200 953
192.168.10.89 - - [09/Mar/2020:16:28:08 -0300] "GET /cormun/static/pucargahorariagral.js?202011423364478 HTTP/1.1" 200 3383
192.168.10.89 - - [09/Mar/2020:16:28:08 -0300] "GET /cormun/static/cmhorastotalesgral.js?202011021183566 HTTP/1.1" 200 2796
192.168.10.89 - - [09/Mar/2020:16:28:08 -0300] "GET /cormun/static/cmgeneral.js?20201102162736 HTTP/1.1" 200 12425
190.171.152.242 - - [09/Mar/2020:16:28:10 -0300] "GET /cormun/servlet/hlogin HTTP/1.1" 200 1745
192.168.10.89 - - [09/Mar/2020:16:28:10 -0300] "POST /cormun/servlet/pucargahorariagral?0f6585d9ca2e13589ad552a02fba24ef,F-26,2020,7807313,4,1,MD,gxPopupLevel%3D0%3B,gx-no-cache=1583785165888 HTTP/1.1" 200 95
192.168.10.89 - - [09/Mar/2020:16:28:10 -0300] "GET /cormun/servlet/hpexe_return?MD,gxPopupLevel%3D0%3B HTTP/1.1" 200 1195
192.168.10.89 - - [09/Mar/2020:16:28:10 -0300] "POST /cormun/servlet/trcargahoraria?0f6585d9ca2e13589ad552a02fba24ef,,gx-no-cache=1583785166048 HTTP/1.1" 200 4914
200.120.230.88 - - [09/Mar/2020:16:28:11 -0300] "GET /cormun/servlet/permisogoce?b4c561fcba4304c386c57f1ad17b187b4bc362659d3ac74fcf3d377d63c6cce30d159d1b6327e77211578e0bf1cea6572d57c6dd4d3f8c7d75fddd22c811ce35,gx-no-cache=1583781686889 HTTP/1.1" 200 46
190.171.142.42 - - [09/Mar/2020:16:28:12 -0300] "GET /cormun/servlet/hlogin HTTP/1.1" 200 1723
192.168.10.89 - - [09/Mar/2020:16:28:13 -0300] "POST /cormun/servlet/trcargahoraria?0f6585d9ca2e13589ad552a02fba24ef,,gx-no-cache=1583785168549 HTTP/1.1" 200 4987
192.168.10.89 - - [09/Mar/2020:16:28:13 -0300] "GET /cormun/servlet/pucargahorariagral?F-26,2020,8472017,4,1,MD,gxPopupLevel%3D0%3B HTTP/1.1" 200 5643
190.171.152.242 - - [09/Mar/2020:16:28:13 -0300] "POST /cormun/servlet/hlogin?ccca391c1b6839f73619b467cd654d9e,gx-no-cache=1583781691083 HTTP/1.1" 200 90
190.171.152.242 - - [09/Mar/2020:16:28:13 -0300] "GET /cormun/servlet/hpexe_link HTTP/1.1" 200 953
190.171.152.242 - - [09/Mar/2020:16:28:13 -0300] "GET /cormun/servlet/hhome HTTP/1.1" 200 4208
190.171.152.242 - - [09/Mar/2020:16:28:14 -0300] "GET /cormun/servlet/hhome HTTP/1.1" 200 4204
192.168.10.89 - - [09/Mar/2020:16:28:15 -0300] "POST /cormun/servlet/pucargahorariagral?0f6585d9ca2e13589ad552a02fba24ef,F-26,2020,8472017,4,1,MD,gxPopupLevel%3D0%3B,gx-no-cache=1583785170791 HTTP/1.1" 200 95
192.168.10.89 - - [09/Mar/2020:16:28:15 -0300] "GET /cormun/servlet/hpexe_return?MD,gxPopupLevel%3D0%3B HTTP/1.1" 200 1195
192.168.10.89 - - [09/Mar/2020:16:28:15 -0300] "POST /cormun/servlet/trcargahoraria?0f6585d9ca2e13589ad552a02fba24ef,,gx-no-cache=1583785170928 HTTP/1.1" 200 4752
190.171.152.242 - - [09/Mar/2020:16:28:18 -0300] "GET /cormun/servlet/trautorizarsolicitud? HTTP/1.1" 200 8661
200.120.230.88 - - [09/Mar/2020:16:28:18 -0300] "POST /cormun/servlet/permisogoce?699645ed1ee51bad1d360f8faf2960e6,INS,0,,,,gx-no-cache=1583781693529 HTTP/1.1" 200 93
192.168.10.89 - - [09/Mar/2020:16:28:18 -0300] "POST /cormun/servlet/trcargahoraria?0f6585d9ca2e13589ad552a02fba24ef,,gx-no-cache=1583785173797 HTTP/1.1" 200 4826
200.120.230.88 - - [09/Mar/2020:16:28:18 -0300] "GET /cormun/servlet/hpexe_return? HTTP/1.1" 200 1008
190.171.152.242 - - [09/Mar/2020:16:28:18 -0300] "GET /cormun/servlet/trautorizarsolicitud? HTTP/1.1" 200 8659
200.120.230.88 - - [09/Mar/2020:16:28:18 -0300] "GET /cormun/static/gxcfg.js?201991422392976 HTTP/1.1" 200 953
200.120.230.88 - - [09/Mar/2020:16:28:18 -0300] "GET /cormun/static/hpexe_return.js?201991422392984 HTTP/1.1" 200 1633
192.168.10.89 - - [09/Mar/2020:16:28:18 -0300] "GET /cormun/servlet/pucargahorariagral?F-26,2020,11671373,4,1,MD,gxPopupLevel%3D0%3B HTTP/1.1" 200 5637
200.120.230.88 - - [09/Mar/2020:16:28:18 -0300] "GET /cormun/servlet/trpermisosgoce HTTP/1.1" 200 8362
200.120.230.88 - - [09/Mar/2020:16:28:20 -0300] "GET /cormun//static/Resources/PXToolsGridUpdate.png HTTP/1.1" 200 470
200.120.230.88 - - [09/Mar/2020:16:28:20 -0300] "GET /cormun/servlet/trpermisosgoce HTTP/1.1" 200 8359
192.168.10.89 - - [09/Mar/2020:16:28:21 -0300] "POST /cormun/servlet/pucargahorariagral?0f6585d9ca2e13589ad552a02fba24ef,F-26,2020,11671373,4,1,MD,gxPopupLevel%3D0%3B,gx-no-cache=1583785176542 HTTP/1.1" 200 95
192.168.10.89 - - [09/Mar/2020:16:28:21 -0300] "GET /cormun/servlet/hpexe_return?MD,gxPopupLevel%3D0%3B HTTP/1.1" 200 1196
192.168.10.89 - - [09/Mar/2020:16:28:21 -0300] "POST /cormun/servlet/trcargahoraria?0f6585d9ca2e13589ad552a02fba24ef,,gx-no-cache=1583785176713 HTTP/1.1" 200 4178
192.168.10.89 - - [09/Mar/2020:16:28:25 -0300] "POST /cormun/servlet/trcargahoraria?0f6585d9ca2e13589ad552a02fba24ef,,gx-no-cache=1583785181364 HTTP/1.1" 200 8184
190.171.152.242 - - [09/Mar/2020:16:28:26 -0300] "POST /cormun/servlet/trautorizarsolicitud?ccca391c1b6839f73619b467cd654d9e,,gx-no-cache=1583781703791 HTTP/1.1" 200 4758
190.171.152.242 - - [09/Mar/2020:16:28:26 -0300] "GET /cormun/static/Shared/jqueryui/images/ui-icons_82798d_256x240.png HTTP/1.1" 404 1089
190.171.152.242 - - [09/Mar/2020:16:28:26 -0300] "GET /cormun/static/Shared/jqueryui/images/ui-bg_highlight-soft_100_c6c2c8_1x100.png HTTP/1.1" 404 1117
190.171.152.242 - - [09/Mar/2020:16:28:26 -0300] "GET /cormun/static/Shared/jqueryui/images/ui-icons_8d78a5_256x240.png HTTP/1.1" 404 1089
190.171.152.242 - - [09/Mar/2020:16:28:26 -0300] "GET /cormun/static/Shared/jqueryui/images/ui-bg_flat_55_fafafa_40x100.png HTTP/1.1" 404 1097
190.171.152.242 - - [09/Mar/2020:16:28:26 -0300] "POST /cormun/servlet/trautorizarsolicitud?ccca391c1b6839f73619b467cd654d9e,,gx-no-cache=1583781704027 HTTP/1.1" 200 4536
200.120.230.88 - - [09/Mar/2020:16:28:27 -0300] "GET /cormun/servlet/trpermisosgoce? HTTP/1.1" 200 8359
200.120.230.88 - - [09/Mar/2020:16:28:28 -0300] "GET /cormun/servlet/trpermisosgoce? HTTP/1.1" 200 8359
200.120.230.88 - - [09/Mar/2020:16:28:36 -0300] "GET /cormun/servlet/apermisogoceprn?17523007,P,20200309171807,PU HTTP/1.1" 200 1659
200.120.230.88 - - [09/Mar/2020:16:28:49 -0300] "GET /cormun/servlet/apermisogoceprn?17523007,P,20200309171807,PU HTTP/1.1" 200 1659
192.168.10.89 - - [09/Mar/2020:16:28:58 -0300] "POST /cormun/servlet/trcargahoraria?0f6585d9ca2e13589ad552a02fba24ef,,gx-no-cache=1583785214422 HTTP/1.1" 200 8262
192.168.10.89 - - [09/Mar/2020:16:28:59 -0300] "GET /cormun/servlet/pucargahorariagral?F-26,2020,17526251,3,1,MD,gxPopupLevel%3D0%3B HTTP/1.1" 200 5699
190.171.152.242 - - [09/Mar/2020:16:29:00 -0300] "GET /cormun/servlet/hlogin HTTP/1.1" 200 1750
192.168.10.89 - - [09/Mar/2020:16:29:02 -0300] "POST /cormun/servlet/pucargahorariagral?0f6585d9ca2e13589ad552a02fba24ef,F-26,2020,17526251,3,1,MD,gxPopupLevel%3D0%3B,gx-no-cache=1583785217781 HTTP/1.1" 200 95
192.168.10.89 - - [09/Mar/2020:16:29:02 -0300] "GET /cormun/servlet/hpexe_return?MD,gxPopupLevel%3D0%3B HTTP/1.1" 200 1196
192.168.10.89 - - [09/Mar/2020:16:29:02 -0300] "POST /cormun/servlet/trcargahoraria?0f6585d9ca2e13589ad552a02fba24ef,,gx-no-cache=1583785217944 HTTP/1.1" 200 8029
192.168.10.89 - - [09/Mar/2020:16:29:06 -0300] "POST /cormun/servlet/trcargahoraria?0f6585d9ca2e13589ad552a02fba24ef,,gx-no-cache=1583785222401 HTTP/1.1" 200 8107
192.168.10.89 - - [09/Mar/2020:16:29:07 -0300] "GET /cormun/servlet/pucargahorariagral?F-26,2020,18041489,3,1,MD,gxPopupLevel%3D0%3B HTTP/1.1" 200 5646
192.168.10.89 - - [09/Mar/2020:16:29:12 -0300] "POST /cormun/servlet/pucargahorariagral?0f6585d9ca2e13589ad552a02fba24ef,F-26,2020,18041489,3,1,MD,gxPopupLevel%3D0%3B,gx-no-cache=1583785227718 HTTP/1.1" 200 95
192.168.10.89 - - [09/Mar/2020:16:29:12 -0300] "GET /cormun/servlet/hpexe_return?MD,gxPopupLevel%3D0%3B HTTP/1.1" 200 1196
192.168.10.89 - - [09/Mar/2020:16:29:12 -0300] "POST /cormun/servlet/trcargahoraria?0f6585d9ca2e13589ad552a02fba24ef,,gx-no-cache=1583785227868 HTTP/1.1" 200 7887
192.168.10.89 - - [09/Mar/2020:16:29:18 -0300] "POST /cormun/servlet/trcargahoraria?0f6585d9ca2e13589ad552a02fba24ef,,gx-no-cache=1583785234061 HTTP/1.1" 200 7965
192.168.10.89 - - [09/Mar/2020:16:29:19 -0300] "GET /cormun/servlet/pucargahorariagral?F-26,2020,18049316,3,1,MD,gxPopupLevel%3D0%3B HTTP/1.1" 200 5646
192.168.10.89 - - [09/Mar/2020:16:29:22 -0300] "POST /cormun/servlet/pucargahorariagral?0f6585d9ca2e13589ad552a02fba24ef,F-26,2020,18049316,3,1,MD,gxPopupLevel%3D0%3B,gx-no-cache=1583785238342 HTTP/1.1" 200 95
192.168.10.89 - - [09/Mar/2020:16:29:22 -0300] "GET /cormun/servlet/hpexe_return?MD,gxPopupLevel%3D0%3B HTTP/1.1" 200 1196
192.168.10.89 - - [09/Mar/2020:16:29:23 -0300] "POST /cormun/servlet/trcargahoraria?0f6585d9ca2e13589ad552a02fba24ef,,gx-no-cache=1583785238484 HTTP/1.1" 200 7759
190.171.143.82 - - [09/Mar/2020:16:29:26 -0300] "GET /cormun/servlet/solicitudotadjuntos?INS,2020,16369,,1, HTTP/1.1" 200 6382
190.171.143.82 - - [09/Mar/2020:16:29:26 -0300] "GET /cormun/static/about:blank HTTP/1.1" 404 1011
190.171.143.82 - - [09/Mar/2020:16:29:27 -0300] "GET /cormun/servlet/solicitudotadjuntos?INS,2020,16369,,1, HTTP/1.1" 200 6373
190.171.143.82 - - [09/Mar/2020:16:29:27 -0300] "GET /cormun/servlet/solicitudotadjuntos?4de915437b0d63229438d7c66fa0f7d4527ef7dda5cb5697238ede7842248e3e19a833415fa1dc291ba869ebdc64d974,gx-no-cache=1583781764020 HTTP/1.1" 200 30
190.171.143.82 - - [09/Mar/2020:16:29:28 -0300] "POST /cormun/servlet/solicitudotadjuntos?93eaac316cf64f61e24364df688dc49c,INS,2020,16369,,1,,gx-no-cache=1583781764103 HTTP/1.1" 200 4184
190.171.143.82 - - [09/Mar/2020:16:29:33 -0300] "POST /cormun/servlet/solicitudotadjuntos?gx-no-cache=1583781770054 HTTP/1.1" 200 26
192.168.10.89 - - [09/Mar/2020:16:29:38 -0300] "POST /cormun/servlet/trcargahoraria?0f6585d9ca2e13589ad552a02fba24ef,,gx-no-cache=1583785253746 HTTP/1.1" 200 7837
192.168.10.89 - - [09/Mar/2020:16:29:39 -0300] "GET /cormun/servlet/pucargahorariagral?F-26,2020,18798710,3,1,MD,gxPopupLevel%3D0%3B HTTP/1.1" 200 5713
192.168.10.89 - - [09/Mar/2020:16:29:42 -0300] "POST /cormun/servlet/pucargahorariagral?0f6585d9ca2e13589ad552a02fba24ef,F-26,2020,18798710,3,1,MD,gxPopupLevel%3D0%3B,gx-no-cache=1583785258409 HTTP/1.1" 200 95
192.168.10.89 - - [09/Mar/2020:16:29:42 -0300] "GET /cormun/servlet/hpexe_return?MD,gxPopupLevel%3D0%3B HTTP/1.1" 200 1195
192.168.10.89 - - [09/Mar/2020:16:29:43 -0300] "POST /cormun/servlet/trcargahoraria?0f6585d9ca2e13589ad552a02fba24ef,,gx-no-cache=1583785258552 HTTP/1.1" 200 7637
192.168.10.89 - - [09/Mar/2020:16:29:48 -0300] "POST /cormun/servlet/trcargahoraria?0f6585d9ca2e13589ad552a02fba24ef,,gx-no-cache=1583785263754 HTTP/1.1" 200 7714
192.168.10.89 - - [09/Mar/2020:16:29:49 -0300] "GET /cormun/servlet/pucargahorariagral?F-26,2020,12517747,3,1,MD,gxPopupLevel%3D0%3B HTTP/1.1" 200 5643
190.171.143.82 - - [09/Mar/2020:16:29:50 -0300] "GET /cormun/servlet/solicitudotadjuntos?4de915437b0d63229438d7c66fa0f7d4d4bddfc348c0cc1b5157b54bdff92fe5,gx-no-cache=1583781786640 HTTP/1.1" 200 30
190.171.143.82 - - [09/Mar/2020:16:29:50 -0300] "GET /cormun/servlet/solicitudotadjuntos?4de915437b0d63229438d7c66fa0f7d4d4bddfc348c0cc1b5157b54bdff92fe5,gx-no-cache=1583781786730 HTTP/1.1" 200 30
190.171.143.82 - - [09/Mar/2020:16:29:51 -0300] "POST /cormun/servlet/solicitudotadjuntos?93eaac316cf64f61e24364df688dc49c,INS,2020,16369,,1, HTTP/1.1" 200 116
190.171.143.82 - - [09/Mar/2020:16:29:51 -0300] "GET /cormun/servlet/hpexe_return? HTTP/1.1" 200 1030
192.168.10.89 - - [09/Mar/2020:16:29:52 -0300] "POST /cormun/servlet/pucargahorariagral?0f6585d9ca2e13589ad552a02fba24ef,F-26,2020,12517747,3,1,MD,gxPopupLevel%3D0%3B,gx-no-cache=1583785267822 HTTP/1.1" 200 95
192.168.10.89 - - [09/Mar/2020:16:29:52 -0300] "GET /cormun/servlet/hpexe_return?MD,gxPopupLevel%3D0%3B HTTP/1.1" 200 1195
192.168.10.89 - - [09/Mar/2020:16:29:52 -0300] "POST /cormun/servlet/trcargahoraria?0f6585d9ca2e13589ad552a02fba24ef,,gx-no-cache=1583785268318 HTTP/1.1" 200 7521
190.171.143.82 - - [09/Mar/2020:16:29:52 -0300] "GET /cormun/servlet/trsolicitudadjuntos?2020,16369, HTTP/1.1" 200 9954
190.171.143.82 - - [09/Mar/2020:16:29:54 -0300] "GET /cormun/servlet/trsolicitudadjuntos?2020,16369, HTTP/1.1" 200 9957
190.171.143.82 - - [09/Mar/2020:16:29:56 -0300] "GET /cormun/servlet/solicitudotadjuntos?INS,2020,16369,,1, HTTP/1.1" 200 6382
190.171.143.82 - - [09/Mar/2020:16:29:57 -0300] "GET /cormun/static/about:blank HTTP/1.1" 404 1011
190.171.143.82 - - [09/Mar/2020:16:29:57 -0300] "GET /cormun/servlet/solicitudotadjuntos?INS,2020,16369,,1, HTTP/1.1" 200 6374
190.171.143.82 - - [09/Mar/2020:16:29:57 -0300] "GET /cormun/servlet/solicitudotadjuntos?4de915437b0d63229438d7c66fa0f7d4527ef7dda5cb5697238ede7842248e3e19a833415fa1dc291ba869ebdc64d974,gx-no-cache=1583781793895 HTTP/1.1" 200 30
190.171.143.82 - - [09/Mar/2020:16:29:57 -0300] "POST /cormun/servlet/solicitudotadjuntos?93eaac316cf64f61e24364df688dc49c,INS,2020,16369,,1,,gx-no-cache=1583781793950 HTTP/1.1" 200 4185
192.168.10.89 - - [09/Mar/2020:16:29:59 -0300] "POST /cormun/servlet/trcargahoraria?0f6585d9ca2e13589ad552a02fba24ef,,gx-no-cache=1583785275109 HTTP/1.1" 200 7598
192.168.10.89 - - [09/Mar/2020:16:30:00 -0300] "GET /cormun/servlet/pucargahorariagral?F-26,2020,4932807,3,1,MD,gxPopupLevel%3D0%3B HTTP/1.1" 200 5637
192.168.10.89 - - [09/Mar/2020:16:30:02 -0300] "POST /cormun/servlet/pucargahorariagral?0f6585d9ca2e13589ad552a02fba24ef,F-26,2020,4932807,3,1,MD,gxPopupLevel%3D0%3B,gx-no-cache=1583785278110 HTTP/1.1" 200 95
192.168.10.89 - - [09/Mar/2020:16:30:02 -0300] "GET /cormun/servlet/hpexe_return?MD,gxPopupLevel%3D0%3B HTTP/1.1" 200 1196
192.168.10.89 - - [09/Mar/2020:16:30:02 -0300] "POST /cormun/servlet/trcargahoraria?0f6585d9ca2e13589ad552a02fba24ef,,gx-no-cache=1583785278219 HTTP/1.1" 200 7387
190.171.142.42 - - [09/Mar/2020:16:30:17 -0300] "GET /cormun/servlet/hlogin HTTP/1.1" 200 1729
190.171.142.50 - - [09/Mar/2020:16:30:36 -0300] "GET /cormun/servlet/trsolicitudot? HTTP/1.1" 200 6309
190.171.142.50 - - [09/Mar/2020:16:30:36 -0300] "GET /cormun/servlet/hlogin HTTP/1.1" 200 1751
190.171.142.50 - - [09/Mar/2020:16:30:36 -0300] "GET /cormun/servlet/trsolicitudot? HTTP/1.1" 200 6307
190.171.142.50 - - [09/Mar/2020:16:30:44 -0300] "POST /cormun/servlet/hlogin?e4fb93e996c0f9b6b2a3524779014bad,gx-no-cache=1583784853231 HTTP/1.1" 200 90
190.171.142.50 - - [09/Mar/2020:16:30:44 -0300] "GET /cormun/servlet/hpexe_link HTTP/1.1" 200 963
190.171.142.50 - - [09/Mar/2020:16:30:44 -0300] "GET /cormun/servlet/trsolicitudot HTTP/1.1" 200 6992
190.171.142.50 - - [09/Mar/2020:16:30:44 -0300] "GET /cormun/servlet/trsolicitudot HTTP/1.1" 200 6991
190.171.142.50 - - [09/Mar/2020:16:30:47 -0300] "GET /cormun/servlet/solicitudot?INS,0,0,false, HTTP/1.1" 200 15232
190.171.142.50 - - [09/Mar/2020:16:30:47 -0300] "GET /cormun/servlet/solicitudot?INS,0,0,false, HTTP/1.1" 200 15239
190.171.142.50 - - [09/Mar/2020:16:31:00 -0300] "POST /cormun/servlet/solicitudot?gx-no-cache=1583784869389 HTTP/1.1" 200 3645
190.171.142.50 - - [09/Mar/2020:16:31:00 -0300] "POST /cormun/servlet/solicitudot?e4fb93e996c0f9b6b2a3524779014bad,INS,0,0,false,,gx-no-cache=1583784869577 HTTP/1.1" 200 12017
190.171.143.82 - - [09/Mar/2020:16:31:04 -0300] "POST /cormun/servlet/solicitudotadjuntos?gx-no-cache=1583781860400 HTTP/1.1" 200 26
190.171.143.82 - - [09/Mar/2020:16:32:36 -0300] "GET /cormun/servlet/solicitudotadjuntos?4de915437b0d63229438d7c66fa0f7d4d4bddfc348c0cc1b5157b54bdff92fe5,gx-no-cache=1583781952941 HTTP/1.1" 200 30
190.171.143.82 - - [09/Mar/2020:16:32:36 -0300] "GET /cormun/servlet/solicitudotadjuntos?4de915437b0d63229438d7c66fa0f7d4d4bddfc348c0cc1b5157b54bdff92fe5,gx-no-cache=1583781953123 HTTP/1.1" 200 30
190.171.143.82 - - [09/Mar/2020:16:32:38 -0300] "POST /cormun/servlet/solicitudotadjuntos?93eaac316cf64f61e24364df688dc49c,INS,2020,16369,,1, HTTP/1.1" 200 116
190.171.143.82 - - [09/Mar/2020:16:32:38 -0300] "GET /cormun/servlet/hpexe_return? HTTP/1.1" 200 1030
190.171.143.82 - - [09/Mar/2020:16:32:39 -0300] "GET /cormun/servlet/trsolicitudadjuntos?2020,16369, HTTP/1.1" 200 10168
190.171.143.82 - - [09/Mar/2020:16:32:41 -0300] "GET /cormun/servlet/trsolicitudadjuntos?2020,16369, HTTP/1.1" 200 10169
190.171.143.82 - - [09/Mar/2020:16:32:46 -0300] "GET /cormun/servlet/trsolicitudot? HTTP/1.1" 200 8871
190.171.143.82 - - [09/Mar/2020:16:32:47 -0300] "GET /cormun/servlet/trsolicitudot? HTTP/1.1" 200 8865
190.171.143.82 - - [09/Mar/2020:16:32:51 -0300] "POST /cormun/servlet/trsolicitudot?93eaac316cf64f61e24364df688dc49c,,gx-no-cache=1583781967924 HTTP/1.1" 200 4605
190.171.143.82 - - [09/Mar/2020:16:32:51 -0300] "GET /cormun/static/Shared/jqueryui/images/ui-icons_82798d_256x240.png HTTP/1.1" 404 1089
190.171.143.82 - - [09/Mar/2020:16:32:51 -0300] "GET /cormun/static/Shared/jqueryui/images/ui-bg_highlight-soft_100_c6c2c8_1x100.png HTTP/1.1" 404 1117
190.171.143.82 - - [09/Mar/2020:16:32:52 -0300] "GET /cormun/static/Shared/jqueryui/images/ui-bg_flat_55_fafafa_40x100.png HTTP/1.1" 404 1097
190.171.143.82 - - [09/Mar/2020:16:32:52 -0300] "GET /cormun/static/Shared/jqueryui/images/ui-icons_8d78a5_256x240.png HTTP/1.1" 404 1089
190.171.143.82 - - [09/Mar/2020:16:32:52 -0300] "POST /cormun/servlet/trsolicitudot?93eaac316cf64f61e24364df688dc49c,,gx-no-cache=1583781968329 HTTP/1.1" 200 4365
190.171.143.82 - - [09/Mar/2020:16:32:56 -0300] "GET /cormun/servlet/trautorizarsolicitud? HTTP/1.1" 200 8878
190.171.143.82 - - [09/Mar/2020:16:32:57 -0300] "GET /cormun/servlet/trautorizarsolicitud? HTTP/1.1" 200 8878
190.171.143.82 - - [09/Mar/2020:16:33:04 -0300] "POST /cormun/servlet/trautorizarsolicitud?93eaac316cf64f61e24364df688dc49c,,gx-no-cache=1583781980839 HTTP/1.1" 200 4788
190.171.143.82 - - [09/Mar/2020:16:33:04 -0300] "GET /cormun/static/Shared/jqueryui/images/ui-icons_82798d_256x240.png HTTP/1.1" 404 1089
190.171.143.82 - - [09/Mar/2020:16:33:04 -0300] "GET /cormun/static/Shared/jqueryui/images/ui-bg_highlight-soft_100_c6c2c8_1x100.png HTTP/1.1" 404 1117
190.171.143.82 - - [09/Mar/2020:16:33:04 -0300] "GET /cormun/static/Shared/jqueryui/images/ui-bg_flat_55_fafafa_40x100.png HTTP/1.1" 404 1097
190.171.143.82 - - [09/Mar/2020:16:33:04 -0300] "GET /cormun/static/Shared/jqueryui/images/ui-icons_8d78a5_256x240.png HTTP/1.1" 404 1089
190.171.143.82 - - [09/Mar/2020:16:33:05 -0300] "POST /cormun/servlet/trautorizarsolicitud?93eaac316cf64f61e24364df688dc49c,,gx-no-cache=1583781981102 HTTP/1.1" 200 4545
200.120.230.88 - - [09/Mar/2020:16:33:48 -0300] "GET /cormun/servlet/permisogoce?INS,0,,, HTTP/1.1" 200 7129
200.120.230.88 - - [09/Mar/2020:16:33:50 -0300] "GET /cormun/servlet/permisogoce?INS,0,,, HTTP/1.1" 200 7128
200.120.230.88 - - [09/Mar/2020:16:33:55 -0300] "GET /cormun/servlet/prfichaempleado?,MD,,gxPopupLevel%3D0%3B HTTP/1.1" 200 9289
200.120.230.88 - - [09/Mar/2020:16:34:10 -0300] "POST /cormun/servlet/prfichaempleado?699645ed1ee51bad1d360f8faf2960e6,,MD,,gxPopupLevel%3D0%3B,gx-no-cache=1583782046017 HTTP/1.1" 200 3403
200.120.230.88 - - [09/Mar/2020:16:34:15 -0300] "GET /cormun/servlet/permisogoce?b4c561fcba4304c386c57f1ad17b187b1c0e6be5f2fc78ab249b54832500e150ec9e30af143612931aecc6875f071f938bdfefd2ed33b193c8be2f0708be6e07,gx-no-cache=1583782051043 HTTP/1.1" 200 81
200.120.230.88 - - [09/Mar/2020:16:34:15 -0300] "GET /cormun/static/menuarrow.gif HTTP/1.1" 404 1015
200.120.230.88 - - [09/Mar/2020:16:34:22 -0300] "GET /cormun/servlet/permisogoce?b4c561fcba4304c386c57f1ad17b187b4bc362659d3ac74fcf3d377d63c6cce31a3bafcb7b2435b82d93ab75164f195c2d57c6dd4d3f8c7d75fddd22c811ce35,gx-no-cache=1583782058045 HTTP/1.1" 200 129
200.120.230.88 - - [09/Mar/2020:16:34:22 -0300] "GET /cormun/static/Shared/jqueryui/images/ui-bg_highlight-soft_100_c6c2c8_1x100.png HTTP/1.1" 404 1117
200.120.230.88 - - [09/Mar/2020:16:34:22 -0300] "GET /cormun/static/Shared/jqueryui/images/ui-icons_82798d_256x240.png HTTP/1.1" 404 1089
200.120.230.88 - - [09/Mar/2020:16:34:22 -0300] "GET /cormun/static/Shared/jqueryui/images/ui-icons_ebccce_256x240.png HTTP/1.1" 404 1089
200.120.230.88 - - [09/Mar/2020:16:34:22 -0300] "GET /cormun/static/Shared/jqueryui/images/ui-bg_flat_55_994d53_40x100.png HTTP/1.1" 404 1097
78.108.177.53 - - [09/Mar/2020:16:34:24 -0300] "GET / HTTP/1.0" 200 11197
200.120.230.88 - - [09/Mar/2020:16:34:30 -0300] "GET /cormun/servlet/permisogoce?b4c561fcba4304c386c57f1ad17b187b4bc362659d3ac74fcf3d377d63c6cce3bb25b9298167f0c48f62cc423e904d8d2d57c6dd4d3f8c7d75fddd22c811ce35,gx-no-cache=1583782066086 HTTP/1.1" 200 47
192.168.10.89 - - [09/Mar/2020:16:34:44 -0300] "POST /cormun/servlet/trcargahoraria?0f6585d9ca2e13589ad552a02fba24ef,,gx-no-cache=1583785560123 HTTP/1.1" 200 7465
192.168.10.89 - - [09/Mar/2020:16:34:45 -0300] "GET /cormun/servlet/pucargahorariagral?F-26,2020,7170823,3,1,MD,gxPopupLevel%3D0%3B HTTP/1.1" 200 5637
200.120.230.88 - - [09/Mar/2020:16:34:49 -0300] "POST /cormun/servlet/permisogoce?699645ed1ee51bad1d360f8faf2960e6,INS,0,,,,gx-no-cache=1583782084724 HTTP/1.1" 200 93
200.120.230.88 - - [09/Mar/2020:16:34:49 -0300] "GET /cormun/servlet/hpexe_return? HTTP/1.1" 200 1008
200.120.230.88 - - [09/Mar/2020:16:34:50 -0300] "GET /cormun/servlet/trpermisosgoce HTTP/1.1" 200 8542
200.120.230.88 - - [09/Mar/2020:16:34:51 -0300] "GET /cormun/servlet/trpermisosgoce HTTP/1.1" 200 8538
192.168.10.89 - - [09/Mar/2020:16:34:53 -0300] "POST /cormun/servlet/pucargahorariagral?0f6585d9ca2e13589ad552a02fba24ef,F-26,2020,7170823,3,1,MD,gxPopupLevel%3D0%3B,gx-no-cache=1583785568576 HTTP/1.1" 200 95
192.168.10.89 - - [09/Mar/2020:16:34:53 -0300] "GET /cormun/servlet/hpexe_return?MD,gxPopupLevel%3D0%3B HTTP/1.1" 200 1195
192.168.10.89 - - [09/Mar/2020:16:34:53 -0300] "POST /cormun/servlet/trcargahoraria?0f6585d9ca2e13589ad552a02fba24ef,,gx-no-cache=1583785568730 HTTP/1.1" 200 7261
200.120.230.88 - - [09/Mar/2020:16:34:56 -0300] "GET /cormun/servlet/trpermisosgoce? HTTP/1.1" 200 8538
200.120.230.88 - - [09/Mar/2020:16:34:58 -0300] "GET /cormun/servlet/trpermisosgoce? HTTP/1.1" 200 8538
192.168.10.89 - - [09/Mar/2020:16:34:59 -0300] "POST /cormun/servlet/trcargahoraria?0f6585d9ca2e13589ad552a02fba24ef,,gx-no-cache=1583785575203 HTTP/1.1" 200 7338
192.168.10.89 - - [09/Mar/2020:16:35:00 -0300] "GET /cormun/servlet/pucargahorariagral?F-26,2020,9814667,3,1,MD,gxPopupLevel%3D0%3B HTTP/1.1" 200 5639
200.120.230.88 - - [09/Mar/2020:16:35:11 -0300] "GET /cormun/servlet/apermisogoceprn?17523007,P,20200309172504,PU HTTP/1.1" 200 1656
200.120.230.88 - - [09/Mar/2020:16:35:14 -0300] "GET /cormun/servlet/apermisogoceprn?17523007,P,20200309172504,PU HTTP/1.1" 200 1659
192.168.10.89 - - [09/Mar/2020:16:37:18 -0300] "POST /cormun/servlet/pucargahorariagral?0f6585d9ca2e13589ad552a02fba24ef,F-26,2020,9814667,3,1,MD,gxPopupLevel%3D0%3B,gx-no-cache=1583785713931 HTTP/1.1" 200 95
192.168.10.89 - - [09/Mar/2020:16:37:18 -0300] "GET /cormun/servlet/hpexe_return?MD,gxPopupLevel%3D0%3B HTTP/1.1" 200 1195
192.168.10.89 - - [09/Mar/2020:16:37:18 -0300] "POST /cormun/servlet/trcargahoraria?0f6585d9ca2e13589ad552a02fba24ef,,gx-no-cache=1583785714112 HTTP/1.1" 200 7130
192.168.10.89 - - [09/Mar/2020:16:37:26 -0300] "POST /cormun/servlet/trcargahoraria?0f6585d9ca2e13589ad552a02fba24ef,,gx-no-cache=1583785722333 HTTP/1.1" 200 7208
192.168.10.89 - - [09/Mar/2020:16:37:27 -0300] "GET /cormun/servlet/pucargahorariagral?F-26,2020,15102564,3,1,MD,gxPopupLevel%3D0%3B HTTP/1.1" 200 5638
192.168.10.89 - - [09/Mar/2020:16:38:27 -0300] "POST /cormun/servlet/pucargahorariagral?0f6585d9ca2e13589ad552a02fba24ef,F-26,2020,15102564,3,1,MD,gxPopupLevel%3D0%3B,gx-no-cache=1583785782646 HTTP/1.1" 200 95
192.168.10.89 - - [09/Mar/2020:16:38:27 -0300] "GET /cormun/servlet/hpexe_return?MD,gxPopupLevel%3D0%3B HTTP/1.1" 200 1195
192.168.10.89 - - [09/Mar/2020:16:38:27 -0300] "POST /cormun/servlet/trcargahoraria?0f6585d9ca2e13589ad552a02fba24ef,,gx-no-cache=1583785782816 HTTP/1.1" 200 7000
192.168.10.89 - - [09/Mar/2020:16:38:35 -0300] "POST /cormun/servlet/trcargahoraria?0f6585d9ca2e13589ad552a02fba24ef,,gx-no-cache=1583785791327 HTTP/1.1" 200 7076
192.168.10.89 - - [09/Mar/2020:16:38:36 -0300] "GET /cormun/servlet/pucargahorariagral?F-26,2020,8371944,3,1,MD,gxPopupLevel%3D0%3B HTTP/1.1" 200 5636
192.168.10.89 - - [09/Mar/2020:16:38:38 -0300] "POST /cormun/servlet/pucargahorariagral?0f6585d9ca2e13589ad552a02fba24ef,F-26,2020,8371944,3,1,MD,gxPopupLevel%3D0%3B,gx-no-cache=1583785794475 HTTP/1.1" 200 95
192.168.10.89 - - [09/Mar/2020:16:38:38 -0300] "GET /cormun/servlet/hpexe_return?MD,gxPopupLevel%3D0%3B HTTP/1.1" 200 1195
192.168.10.89 - - [09/Mar/2020:16:38:39 -0300] "POST /cormun/servlet/trcargahoraria?0f6585d9ca2e13589ad552a02fba24ef,,gx-no-cache=1583785794611 HTTP/1.1" 200 6879
192.168.10.89 - - [09/Mar/2020:16:38:43 -0300] "POST /cormun/servlet/trcargahoraria?0f6585d9ca2e13589ad552a02fba24ef,,gx-no-cache=1583785799144 HTTP/1.1" 200 6956
192.168.10.89 - - [09/Mar/2020:16:38:44 -0300] "GET /cormun/servlet/pucargahorariagral?F-26,2020,11275627,3,1,MD,gxPopupLevel%3D0%3B HTTP/1.1" 200 5640
192.168.10.89 - - [09/Mar/2020:16:38:47 -0300] "POST /cormun/servlet/pucargahorariagral?0f6585d9ca2e13589ad552a02fba24ef,F-26,2020,11275627,3,1,MD,gxPopupLevel%3D0%3B,gx-no-cache=1583785803027 HTTP/1.1" 200 95
192.168.10.89 - - [09/Mar/2020:16:38:47 -0300] "GET /cormun/servlet/hpexe_return?MD,gxPopupLevel%3D0%3B HTTP/1.1" 200 1196
192.168.10.89 - - [09/Mar/2020:16:38:47 -0300] "POST /cormun/servlet/trcargahoraria?0f6585d9ca2e13589ad552a02fba24ef,,gx-no-cache=1583785803182 HTTP/1.1" 200 6706
192.168.10.89 - - [09/Mar/2020:16:38:52 -0300] "POST /cormun/servlet/trcargahoraria?0f6585d9ca2e13589ad552a02fba24ef,,gx-no-cache=1583785807980 HTTP/1.1" 200 6785
192.168.10.89 - - [09/Mar/2020:16:38:53 -0300] "GET /cormun/servlet/pucargahorariagral?F-26,2020,13503289,3,1,MD,gxPopupLevel%3D0%3B HTTP/1.1" 200 5640
192.168.10.89 - - [09/Mar/2020:16:38:57 -0300] "POST /cormun/servlet/pucargahorariagral?0f6585d9ca2e13589ad552a02fba24ef,F-26,2020,13503289,3,1,MD,gxPopupLevel%3D0%3B,gx-no-cache=1583785812763 HTTP/1.1" 200 95
192.168.10.89 - - [09/Mar/2020:16:38:57 -0300] "GET /cormun/servlet/hpexe_return?MD,gxPopupLevel%3D0%3B HTTP/1.1" 200 1196
192.168.10.89 - - [09/Mar/2020:16:38:57 -0300] "POST /cormun/servlet/trcargahoraria?0f6585d9ca2e13589ad552a02fba24ef,,gx-no-cache=1583785812978 HTTP/1.1" 200 6584
192.168.10.89 - - [09/Mar/2020:16:39:06 -0300] "POST /cormun/servlet/trcargahoraria?0f6585d9ca2e13589ad552a02fba24ef,,gx-no-cache=1583785822099 HTTP/1.1" 200 6661
192.168.10.89 - - [09/Mar/2020:16:39:07 -0300] "GET /cormun/servlet/pucargahorariagral?F-26,2020,11672354,3,1,MD,gxPopupLevel%3D0%3B HTTP/1.1" 200 5639
192.168.10.89 - - [09/Mar/2020:16:39:13 -0300] "POST /cormun/servlet/trcargahoraria?0f6585d9ca2e13589ad552a02fba24ef,,gx-no-cache=1583785828858 HTTP/1.1" 200 6584
192.168.10.89 - - [09/Mar/2020:16:39:29 -0300] "POST /cormun/servlet/trcargahoraria?0f6585d9ca2e13589ad552a02fba24ef,,gx-no-cache=1583785844539 HTTP/1.1" 200 6661
192.168.10.89 - - [09/Mar/2020:16:39:29 -0300] "GET /cormun/servlet/pucargahorariagral?F-26,2020,11672354,3,1,MD,gxPopupLevel%3D0%3B HTTP/1.1" 200 5639
192.168.10.89 - - [09/Mar/2020:16:40:02 -0300] "POST /cormun/servlet/pucargahorariagral?0f6585d9ca2e13589ad552a02fba24ef,F-26,2020,11672354,3,1,MD,gxPopupLevel%3D0%3B,gx-no-cache=1583785878366 HTTP/1.1" 200 95
192.168.10.89 - - [09/Mar/2020:16:40:02 -0300] "GET /cormun/servlet/hpexe_return?MD,gxPopupLevel%3D0%3B HTTP/1.1" 200 1196
192.168.10.89 - - [09/Mar/2020:16:40:03 -0300] "POST /cormun/servlet/trcargahoraria?0f6585d9ca2e13589ad552a02fba24ef,,gx-no-cache=1583785878537 HTTP/1.1" 200 6458
192.168.10.89 - - [09/Mar/2020:16:40:54 -0300] "POST /cormun/servlet/trcargahoraria?0f6585d9ca2e13589ad552a02fba24ef,,gx-no-cache=1583785930108 HTTP/1.1" 200 6535
192.168.10.89 - - [09/Mar/2020:16:40:55 -0300] "GET /cormun/servlet/pucargahorariagral?F-26,2020,11123819,3,1,MD,gxPopupLevel%3D0%3B HTTP/1.1" 200 5644
192.168.10.89 - - [09/Mar/2020:16:40:58 -0300] "POST /cormun/servlet/pucargahorariagral?0f6585d9ca2e13589ad552a02fba24ef,F-26,2020,11123819,3,1,MD,gxPopupLevel%3D0%3B,gx-no-cache=1583785934371 HTTP/1.1" 200 95
192.168.10.89 - - [09/Mar/2020:16:40:58 -0300] "GET /cormun/servlet/hpexe_return?MD,gxPopupLevel%3D0%3B HTTP/1.1" 200 1196
192.168.10.89 - - [09/Mar/2020:16:40:59 -0300] "POST /cormun/servlet/trcargahoraria?0f6585d9ca2e13589ad552a02fba24ef,,gx-no-cache=1583785934515 HTTP/1.1" 200 6328
192.168.10.89 - - [09/Mar/2020:16:41:04 -0300] "POST /cormun/servlet/trcargahoraria?0f6585d9ca2e13589ad552a02fba24ef,,gx-no-cache=1583785939593 HTTP/1.1" 200 6405
192.168.10.89 - - [09/Mar/2020:16:41:05 -0300] "GET /cormun/servlet/pucargahorariagral?F-26,2020,19020342,3,1,MD,gxPopupLevel%3D0%3B HTTP/1.1" 200 5643
192.168.10.89 - - [09/Mar/2020:16:41:08 -0300] "POST /cormun/servlet/pucargahorariagral?0f6585d9ca2e13589ad552a02fba24ef,F-26,2020,19020342,3,1,MD,gxPopupLevel%3D0%3B,gx-no-cache=1583785943987 HTTP/1.1" 200 95
192.168.10.89 - - [09/Mar/2020:16:41:08 -0300] "GET /cormun/servlet/hpexe_return?MD,gxPopupLevel%3D0%3B HTTP/1.1" 200 1195
192.168.10.89 - - [09/Mar/2020:16:41:08 -0300] "POST /cormun/servlet/trcargahoraria?0f6585d9ca2e13589ad552a02fba24ef,,gx-no-cache=1583785944125 HTTP/1.1" 200 6197
192.168.10.89 - - [09/Mar/2020:16:41:14 -0300] "POST /cormun/servlet/trcargahoraria?0f6585d9ca2e13589ad552a02fba24ef,,gx-no-cache=1583785950120 HTTP/1.1" 200 6271
192.168.10.89 - - [09/Mar/2020:16:41:15 -0300] "GET /cormun/servlet/pucargahorariagral?F-26,2020,8399185,3,1,MD,gxPopupLevel%3D0%3B HTTP/1.1" 200 5643
192.168.10.89 - - [09/Mar/2020:16:41:17 -0300] "POST /cormun/servlet/pucargahorariagral?0f6585d9ca2e13589ad552a02fba24ef,F-26,2020,8399185,3,1,MD,gxPopupLevel%3D0%3B,gx-no-cache=1583785953476 HTTP/1.1" 200 95
192.168.10.89 - - [09/Mar/2020:16:41:17 -0300] "GET /cormun/servlet/hpexe_return?MD,gxPopupLevel%3D0%3B HTTP/1.1" 200 1195
192.168.10.89 - - [09/Mar/2020:16:41:18 -0300] "POST /cormun/servlet/trcargahoraria?0f6585d9ca2e13589ad552a02fba24ef,,gx-no-cache=1583785953627 HTTP/1.1" 200 6062
192.168.10.89 - - [09/Mar/2020:16:41:22 -0300] "POST /cormun/servlet/trcargahoraria?0f6585d9ca2e13589ad552a02fba24ef,,gx-no-cache=1583785958242 HTTP/1.1" 200 6138
192.168.10.89 - - [09/Mar/2020:16:41:23 -0300] "GET /cormun/servlet/pucargahorariagral?F-26,2020,19851901,3,1,MD,gxPopupLevel%3D0%3B HTTP/1.1" 200 5640
192.168.10.89 - - [09/Mar/2020:16:41:29 -0300] "POST /cormun/servlet/pucargahorariagral?0f6585d9ca2e13589ad552a02fba24ef,F-26,2020,19851901,3,1,MD,gxPopupLevel%3D0%3B,gx-no-cache=1583785964731 HTTP/1.1" 200 95
192.168.10.89 - - [09/Mar/2020:16:41:29 -0300] "GET /cormun/servlet/hpexe_return?MD,gxPopupLevel%3D0%3B HTTP/1.1" 200 1196
192.168.10.89 - - [09/Mar/2020:16:41:29 -0300] "POST /cormun/servlet/trcargahoraria?0f6585d9ca2e13589ad552a02fba24ef,,gx-no-cache=1583785964877 HTTP/1.1" 200 5920
190.171.142.50 - - [09/Mar/2020:16:45:36 -0300] "GET /cormun/servlet/solicitudot?7ae1c610e8608841d03944e649868e2a6caf1f53f8c91a413c3ab576d8e3e77b11e175b87cdd14f2f779651d93da619f,gx-no-cache=1583785745459 HTTP/1.1" 200 30
190.171.142.50 - - [09/Mar/2020:16:45:36 -0300] "GET /cormun/servlet/solicitudot?7ae1c610e8608841d03944e649868e2ae4890fcd47587e5495d63640f85aa580d9980471941c476c8032cf591c44dc56065b06f711111f9750efad96c7b20ac2,gx-no-cache=1583785745544 HTTP/1.1" 200 30
190.171.142.50 - - [09/Mar/2020:16:45:36 -0300] "GET /cormun/servlet/solicitudot?7ae1c610e8608841d03944e649868e2a74159400ec4a6044509757ae29804155,gx-no-cache=1583785745577 HTTP/1.1" 200 53
190.171.142.50 - - [09/Mar/2020:16:45:36 -0300] "POST /cormun/servlet/solicitudot?gx-no-cache=1583785745612 HTTP/1.1" 200 297
190.171.142.50 - - [09/Mar/2020:16:45:36 -0300] "GET /cormun/servlet/solicitudot?7ae1c610e8608841d03944e649868e2a6a85c181c378f710175912a418e286789584617450d3840d23de65f8ed63d4cb3f2518f2c4da1a895aa69829184e37548b75bb12287143e9b274ea7eab6d94b2c8fa615499b0e01736c75b6a88f43cbffdfe133b2159408f85c0093b7319ee074948ea1f51eb49c07672cf6755869ca1abd026523586d251484a640946388942d439f043fc8385df72c64e1bcdb7411163145f186aa7825c0bfcaf215957b65d16c2f9e40f09ef9e50f478745df2b8a6719d81340630f63713ddaded66e516b85c18090cfa5f1da30ab3b2ff7e6637515b58181ee3fcc0276b53f33e49a3e2885da681931dbb3f12ef58e8f53da80f72ec9619a88c07126f8084105b615793191870460947f4b136d64df2ea6ccdef54f2cbaf0b61c0f7ab2fad366e17ade5e97f2f44d8e1ee7ec0dcd4cedff31dd072421c8c6aca1868232777ece6af25b2bcee41ae35f6b676096766e350edd27a14d1a32ec9a35e1a9bc783c301bc0a6a28564382f048f8bd9c3e4b1dbe62c971ac76aa52a568f8b5c64943a25f83e41f4e,gx-no-cache=1583785745658 HTTP/1.1" 200 30
190.171.142.50 - - [09/Mar/2020:16:45:39 -0300] "POST /cormun/servlet/solicitudot?gx-no-cache=1583785748785 HTTP/1.1" 200 30
190.171.142.50 - - [09/Mar/2020:16:47:34 -0300] "POST /cormun/servlet/solicitudot?gx-no-cache=1583785864126 HTTP/1.1" 200 1365
190.171.142.50 - - [09/Mar/2020:16:47:34 -0300] "POST /cormun/servlet/solicitudot?gx-no-cache=1583785864210 HTTP/1.1" 200 38
190.171.142.50 - - [09/Mar/2020:16:47:34 -0300] "GET /cormun/servlet/solicitudot?7ae1c610e8608841d03944e649868e2a462aefbbeb6ca2395c89ccaf7d9119952d979a75f10398ca86ee981a35d75ccba52faf5b604cd0defe71fb9586f14c0de121b54590daf3d1534c884de7c002fabdfd801f7ef427f79b7203ce7fbdba1e2a1851e182d3d638491b222857fc22d2,gx-no-cache=1583785864239 HTTP/1.1" 200 110
190.171.142.50 - - [09/Mar/2020:16:47:40 -0300] "POST /cormun/servlet/solicitudot?gx-no-cache=1583785869479 HTTP/1.1" 200 110
192.168.10.89 - - [09/Mar/2020:16:49:15 -0300] "POST /cormun/servlet/trcargahoraria?0f6585d9ca2e13589ad552a02fba24ef,,gx-no-cache=1583786431379 HTTP/1.1" 200 5997
192.168.10.89 - - [09/Mar/2020:16:49:16 -0300] "GET /cormun/servlet/pucargahorariagral?F-26,2020,13720369,3,1,MD,gxPopupLevel%3D0%3B HTTP/1.1" 200 5645
192.168.10.89 - - [09/Mar/2020:16:49:16 -0300] "GET /cormun/static/hpexe_recentlink.js?20201214471090 HTTP/1.1" 304 -
192.168.10.89 - - [09/Mar/2020:16:49:16 -0300] "GET /cormun/static/hpexe_messagecontroller.js?201991422154126 HTTP/1.1" 304 -
192.168.10.89 - - [09/Mar/2020:16:49:16 -0300] "GET /cormun/static/hwchdr01.js?20201214473739 HTTP/1.1" 304 -
192.168.10.89 - - [09/Mar/2020:16:49:16 -0300] "GET /cormun/static/hpexe_messagegenexuscomponent.js?2020121447173 HTTP/1.1" 304 -
192.168.10.89 - - [09/Mar/2020:16:49:16 -0300] "GET /cormun/static/cmcontrolpreferences.js?20199141926336 HTTP/1.1" 304 -
192.168.10.89 - - [09/Mar/2020:16:49:16 -0300] "GET /cormun/static/hpexe_scripts.js?20201214471411 HTTP/1.1" 304 -
192.168.10.89 - - [09/Mar/2020:16:49:16 -0300] "GET /cormun/static/hpexe_messagepopupcomponent.js?2020121447232 HTTP/1.1" 304 -
192.168.10.89 - - [09/Mar/2020:16:49:59 -0300] "POST /cormun/servlet/trcargahoraria?0f6585d9ca2e13589ad552a02fba24ef,,gx-no-cache=1583786474559 HTTP/1.1" 200 5920
192.168.10.89 - - [09/Mar/2020:16:50:03 -0300] "POST /cormun/servlet/trcargahoraria?0f6585d9ca2e13589ad552a02fba24ef,,gx-no-cache=1583786478519 HTTP/1.1" 200 5997
192.168.10.89 - - [09/Mar/2020:16:50:03 -0300] "GET /cormun/servlet/pucargahorariagral?F-26,2020,13720369,3,1,MD,gxPopupLevel%3D0%3B HTTP/1.1" 200 5643
192.168.10.89 - - [09/Mar/2020:16:50:08 -0300] "POST /cormun/servlet/pucargahorariagral?0f6585d9ca2e13589ad552a02fba24ef,F-26,2020,13720369,3,1,MD,gxPopupLevel%3D0%3B,gx-no-cache=1583786483627 HTTP/1.1" 200 95
192.168.10.89 - - [09/Mar/2020:16:50:08 -0300] "GET /cormun/servlet/hpexe_return?MD,gxPopupLevel%3D0%3B HTTP/1.1" 200 1196
192.168.10.89 - - [09/Mar/2020:16:50:08 -0300] "GET /cormun/static/hpexe_return.js?201991422392984 HTTP/1.1" 304 -
192.168.10.89 - - [09/Mar/2020:16:50:08 -0300] "POST /cormun/servlet/trcargahoraria?0f6585d9ca2e13589ad552a02fba24ef,,gx-no-cache=1583786483771 HTTP/1.1" 200 5794
200.120.230.88 - - [09/Mar/2020:16:51:14 -0300] "GET /cormun/servlet/trpermisosadjuntos?17523007,20200309171807,P, HTTP/1.1" 200 6573
200.120.230.88 - - [09/Mar/2020:16:51:15 -0300] "GET /cormun/static/gxcfg.js?2020121641683 HTTP/1.1" 200 953
200.120.230.88 - - [09/Mar/2020:16:51:15 -0300] "GET /cormun/static/trpermisosadjuntos.js?2020121642996 HTTP/1.1" 200 20158
200.120.230.88 - - [09/Mar/2020:16:51:19 -0300] "GET /cormun/servlet/trpermisosadjuntos?17523007,20200309171807,P, HTTP/1.1" 200 6573
200.120.230.88 - - [09/Mar/2020:16:51:23 -0300] "GET /cormun/servlet/permisosadjuntos?INS,17523007,P,20200309171807,, HTTP/1.1" 200 5900
200.120.230.88 - - [09/Mar/2020:16:51:23 -0300] "GET /cormun/static/gxcfg.js?20201215134212 HTTP/1.1" 200 953
200.120.230.88 - - [09/Mar/2020:16:51:23 -0300] "GET /cormun/static/permisosadjuntos.js?20201215134285 HTTP/1.1" 200 8724
200.120.230.88 - - [09/Mar/2020:16:51:23 -0300] "GET /cormun/static/about:blank HTTP/1.1" 404 1011
192.168.10.89 - - [09/Mar/2020:16:51:23 -0300] "POST /cormun/servlet/trcargahoraria?0f6585d9ca2e13589ad552a02fba24ef,,gx-no-cache=1583786559423 HTTP/1.1" 200 5871
192.168.10.89 - - [09/Mar/2020:16:51:24 -0300] "GET /cormun/servlet/pucargahorariagral?F-26,2020,19590632,3,1,MD,gxPopupLevel%3D0%3B HTTP/1.1" 200 5641
200.120.230.88 - - [09/Mar/2020:16:51:25 -0300] "GET /cormun/servlet/permisosadjuntos?INS,17523007,P,20200309171807,, HTTP/1.1" 200 5890
192.168.10.89 - - [09/Mar/2020:16:51:28 -0300] "POST /cormun/servlet/pucargahorariagral?0f6585d9ca2e13589ad552a02fba24ef,F-26,2020,19590632,3,1,MD,gxPopupLevel%3D0%3B,gx-no-cache=1583786564240 HTTP/1.1" 200 95
192.168.10.89 - - [09/Mar/2020:16:51:28 -0300] "GET /cormun/servlet/hpexe_return?MD,gxPopupLevel%3D0%3B HTTP/1.1" 200 1196
192.168.10.89 - - [09/Mar/2020:16:51:28 -0300] "POST /cormun/servlet/trcargahoraria?0f6585d9ca2e13589ad552a02fba24ef,,gx-no-cache=1583786564426 HTTP/1.1" 200 5653
192.168.10.89 - - [09/Mar/2020:16:51:34 -0300] "POST /cormun/servlet/trcargahoraria?0f6585d9ca2e13589ad552a02fba24ef,,gx-no-cache=1583786569770 HTTP/1.1" 200 5730
192.168.10.89 - - [09/Mar/2020:16:51:34 -0300] "GET /cormun/servlet/pucargahorariagral?F-26,2020,19097567,3,1,MD,gxPopupLevel%3D0%3B HTTP/1.1" 200 5643
192.168.10.89 - - [09/Mar/2020:16:51:38 -0300] "POST /cormun/servlet/pucargahorariagral?0f6585d9ca2e13589ad552a02fba24ef,F-26,2020,19097567,3,1,MD,gxPopupLevel%3D0%3B,gx-no-cache=1583786574144 HTTP/1.1" 200 95
192.168.10.89 - - [09/Mar/2020:16:51:38 -0300] "GET /cormun/servlet/hpexe_return?MD,gxPopupLevel%3D0%3B HTTP/1.1" 200 1196
192.168.10.89 - - [09/Mar/2020:16:51:38 -0300] "POST /cormun/servlet/trcargahoraria?0f6585d9ca2e13589ad552a02fba24ef,,gx-no-cache=1583786574289 HTTP/1.1" 200 5528
200.120.230.88 - - [09/Mar/2020:16:51:42 -0300] "POST /cormun/servlet/permisosadjuntos?699645ed1ee51bad1d360f8faf2960e6,INS,17523007,P,20200309171807,, HTTP/1.1" 200 116
200.120.230.88 - - [09/Mar/2020:16:51:42 -0300] "GET /cormun/servlet/hpexe_return? HTTP/1.1" 200 1035
200.120.230.88 - - [09/Mar/2020:16:51:43 -0300] "GET /cormun/servlet/trpermisosadjuntos?17523007,20200309171807,P, HTTP/1.1" 200 7068
200.120.230.88 - - [09/Mar/2020:16:51:44 -0300] "GET /cormun/servlet/trpermisosadjuntos?17523007,20200309171807,P, HTTP/1.1" 200 7064
200.120.230.88 - - [09/Mar/2020:16:51:53 -0300] "POST /cormun/servlet/trpermisosadjuntos?699645ed1ee51bad1d360f8faf2960e6,17523007,20200309171807,P,,gx-no-cache=1583783109074 HTTP/1.1" 200 90
200.120.230.88 - - [09/Mar/2020:16:51:53 -0300] "GET /cormun/servlet/hpexe_link HTTP/1.1" 200 980
200.120.230.88 - - [09/Mar/2020:16:51:53 -0300] "GET /cormun/servlet/trpermisosgoce HTTP/1.1" 200 8540
200.120.230.88 - - [09/Mar/2020:16:51:55 -0300] "GET /cormun/servlet/trpermisosgoce HTTP/1.1" 200 8538
200.120.230.88 - - [09/Mar/2020:16:52:02 -0300] "GET /cormun/servlet/trpermisosgoce? HTTP/1.1" 200 8538
200.120.230.88 - - [09/Mar/2020:16:52:04 -0300] "GET /cormun/servlet/trpermisosgoce? HTTP/1.1" 200 8538
192.168.10.89 - - [09/Mar/2020:16:52:04 -0300] "POST /cormun/servlet/trcargahoraria?0f6585d9ca2e13589ad552a02fba24ef,,gx-no-cache=1583786599968 HTTP/1.1" 200 5605
192.168.10.89 - - [09/Mar/2020:16:52:05 -0300] "GET /cormun/servlet/pucargahorariagral?F-26,2020,19017202,3,1,MD,gxPopupLevel%3D0%3B HTTP/1.1" 200 5638
192.168.10.89 - - [09/Mar/2020:16:52:07 -0300] "POST /cormun/servlet/pucargahorariagral?0f6585d9ca2e13589ad552a02fba24ef,F-26,2020,19017202,3,1,MD,gxPopupLevel%3D0%3B,gx-no-cache=1583786603464 HTTP/1.1" 200 95
192.168.10.89 - - [09/Mar/2020:16:52:07 -0300] "GET /cormun/servlet/hpexe_return?MD,gxPopupLevel%3D0%3B HTTP/1.1" 200 1195
192.168.10.89 - - [09/Mar/2020:16:52:08 -0300] "POST /cormun/servlet/trcargahoraria?0f6585d9ca2e13589ad552a02fba24ef,,gx-no-cache=1583786603619 HTTP/1.1" 200 5390
192.168.10.89 - - [09/Mar/2020:16:52:11 -0300] "POST /cormun/servlet/trcargahoraria?0f6585d9ca2e13589ad552a02fba24ef,,gx-no-cache=1583786606631 HTTP/1.1" 200 5466
192.168.10.89 - - [09/Mar/2020:16:52:11 -0300] "GET /cormun/servlet/pucargahorariagral?F-26,2020,19720204,3,1,MD,gxPopupLevel%3D0%3B HTTP/1.1" 200 5640
200.120.230.88 - - [09/Mar/2020:16:52:12 -0300] "POST /cormun/servlet/trpermisosgoce?699645ed1ee51bad1d360f8faf2960e6,,gx-no-cache=1583783128248 HTTP/1.1" 200 5794
200.120.230.88 - - [09/Mar/2020:16:52:13 -0300] "GET /cormun/static/Shared/jqueryui/images/ui-bg_highlight-soft_100_c6c2c8_1x100.png HTTP/1.1" 404 1117
200.120.230.88 - - [09/Mar/2020:16:52:13 -0300] "GET /cormun/static/Shared/jqueryui/images/ui-icons_8d78a5_256x240.png HTTP/1.1" 404 1089
200.120.230.88 - - [09/Mar/2020:16:52:13 -0300] "GET /cormun/static/Shared/jqueryui/images/ui-icons_82798d_256x240.png HTTP/1.1" 404 1089
200.120.230.88 - - [09/Mar/2020:16:52:13 -0300] "GET /cormun/static/Shared/jqueryui/images/ui-bg_flat_55_fafafa_40x100.png HTTP/1.1" 404 1097
192.168.10.89 - - [09/Mar/2020:16:52:14 -0300] "POST /cormun/servlet/pucargahorariagral?0f6585d9ca2e13589ad552a02fba24ef,F-26,2020,19720204,3,1,MD,gxPopupLevel%3D0%3B,gx-no-cache=1583786610056 HTTP/1.1" 200 95
192.168.10.89 - - [09/Mar/2020:16:52:14 -0300] "GET /cormun/servlet/hpexe_return?MD,gxPopupLevel%3D0%3B HTTP/1.1" 200 1194
192.168.10.89 - - [09/Mar/2020:16:52:14 -0300] "POST /cormun/servlet/trcargahoraria?0f6585d9ca2e13589ad552a02fba24ef,,gx-no-cache=1583786610213 HTTP/1.1" 200 5257
200.120.230.88 - - [09/Mar/2020:16:52:16 -0300] "GET /cormun/servlet/trpermisosadjuntos?17523007,20200309171807,P, HTTP/1.1" 200 7064
192.168.10.89 - - [09/Mar/2020:16:52:17 -0300] "POST /cormun/servlet/trcargahoraria?0f6585d9ca2e13589ad552a02fba24ef,,gx-no-cache=1583786612671 HTTP/1.1" 200 5331
192.168.10.89 - - [09/Mar/2020:16:52:17 -0300] "GET /cormun/servlet/pucargahorariagral?F-26,2020,18648321,3,1,MD,gxPopupLevel%3D0%3B HTTP/1.1" 200 5645
200.120.230.88 - - [09/Mar/2020:16:52:18 -0300] "GET /cormun/servlet/trpermisosadjuntos?17523007,20200309171807,P, HTTP/1.1" 200 7065
192.168.10.89 - - [09/Mar/2020:16:52:20 -0300] "POST /cormun/servlet/pucargahorariagral?0f6585d9ca2e13589ad552a02fba24ef,F-26,2020,18648321,3,1,MD,gxPopupLevel%3D0%3B,gx-no-cache=1583786615936 HTTP/1.1" 200 95
192.168.10.89 - - [09/Mar/2020:16:52:20 -0300] "GET /cormun/servlet/hpexe_return?MD,gxPopupLevel%3D0%3B HTTP/1.1" 200 1196
192.168.10.89 - - [09/Mar/2020:16:52:20 -0300] "POST /cormun/servlet/trcargahoraria?0f6585d9ca2e13589ad552a02fba24ef,,gx-no-cache=1583786616086 HTTP/1.1" 200 5116
200.120.230.88 - - [09/Mar/2020:16:52:26 -0300] "GET /cormun/servlet/trpermisosgoce? HTTP/1.1" 200 8499
200.120.230.88 - - [09/Mar/2020:16:52:27 -0300] "GET /cormun/servlet/trpermisosgoce? HTTP/1.1" 200 8499
