190.171.143.82 - - [09/Mar/2020:16:20:56 -0300] "GET /cormun/servlet/solicitudotadjuntos?4de915437b0d63229438d7c66fa0f7d4d4bddfc348c0cc1b5157b54bdff92fe5,gx-no-cache=1583781253097 HTTP/1.1" 200 30
190.171.152.242 - - [09/Mar/2020:16:20:56 -0300] "POST /cormun/servlet/hlogin?ccca391c1b6839f73619b467cd654d9e,gx-no-cache=1583781254292 HTTP/1.1" 200 90
190.171.152.242 - - [09/Mar/2020:16:20:57 -0300] "GET /cormun/servlet/hpexe_link HTTP/1.1" 200 953
190.171.152.242 - - [09/Mar/2020:16:20:57 -0300] "GET /cormun/servlet/hhome HTTP/1.1" 200 3985
190.171.152.242 - - [09/Mar/2020:16:20:57 -0300] "GET /cormun/servlet/hhome HTTP/1.1" 200 3981
190.171.143.82 - - [09/Mar/2020:16:20:58 -0300] "POST /cormun/servlet/solicitudotadjuntos?93eaac316cf64f61e24364df688dc49c,INS,2020,16369,,1, HTTP/1.1" 200 116
190.171.143.82 - - [09/Mar/2020:16:20:58 -0300] "GET /cormun/servlet/hpexe_return? HTTP/1.1" 200 1030
190.171.143.82 - - [09/Mar/2020:16:20:59 -0300] "GET /cormun/servlet/trsolicitudadjuntos?2020,16369, HTTP/1.1" 200 9311
190.171.143.82 - - [09/Mar/2020:16:20:59 -0300] "GET /cormun/servlet/trsolicitudadjuntos?2020,16369, HTTP/1.1" 200 9308
190.171.152.242 - - [09/Mar/2020:16:21:00 -0300] "GET /cormun/servlet/trsolicitudot? HTTP/1.1" 200 7207
190.171.152.242 - - [09/Mar/2020:16:21:00 -0300] "GET /cormun/servlet/trsolicitudot? HTTP/1.1" 200 7207
190.171.152.242 - - [09/Mar/2020:16:21:03 -0300] "GET /cormun/servlet/solicitudot?INS,0,0,false, HTTP/1.1" 200 15263
190.171.152.242 - - [09/Mar/2020:16:21:04 -0300] "GET /cormun/servlet/solicitudot?INS,0,0,false, HTTP/1.1" 200 15270
190.171.152.242 - - [09/Mar/2020:16:21:17 -0300] "POST /cormun/servlet/solicitudot?gx-no-cache=1583781273934 HTTP/1.1" 200 3530
190.171.152.242 - - [09/Mar/2020:16:21:17 -0300] "POST /cormun/servlet/solicitudot?ccca391c1b6839f73619b467cd654d9e,INS,0,0,false,,gx-no-cache=1583781274618 HTTP/1.1" 200 11890
190.171.152.242 - - [09/Mar/2020:16:21:21 -0300] "GET /cormun/servlet/solicitudot?02f0d70269702074494391b05aad2ddef3f3f05ea77e26dfcc2c20f41c853ec8281557d7eac6322dda86c83fd16d9c21,gx-no-cache=1583781278770 HTTP/1.1" 200 30
200.111.191.212 - - [09/Mar/2020:16:21:35 -0300] "POST /cormun/servlet/solicitudotadjuntos?gx-no-cache=1583781544542 HTTP/1.1" 200 26
200.111.191.212 - - [09/Mar/2020:16:21:42 -0300] "GET /cormun/servlet/solicitudotadjuntos?a1b4d034fcd6a6dd1c329247265fa0a273ac9ba73c179d44534697f1ced3c153,gx-no-cache=1583781551097 HTTP/1.1" 200 30
200.111.191.212 - - [09/Mar/2020:16:21:42 -0300] "GET /cormun/servlet/solicitudotadjuntos?a1b4d034fcd6a6dd1c329247265fa0a273ac9ba73c179d44534697f1ced3c153,gx-no-cache=1583781551126 HTTP/1.1" 200 30
200.111.191.212 - - [09/Mar/2020:16:21:42 -0300] "POST /cormun/servlet/solicitudotadjuntos?c2ed596b3cc9b6e94b14fbc6c5d35a8c,INS,2020,16370,,1, HTTP/1.1" 200 116
200.111.191.212 - - [09/Mar/2020:16:21:42 -0300] "GET /cormun/servlet/hpexe_return? HTTP/1.1" 200 1029
200.111.191.212 - - [09/Mar/2020:16:21:43 -0300] "GET /cormun/servlet/trsolicitudadjuntos?2020,16370, HTTP/1.1" 200 9295
200.111.191.212 - - [09/Mar/2020:16:21:43 -0300] "GET /cormun/servlet/trsolicitudadjuntos?2020,16370, HTTP/1.1" 200 9293
200.111.191.212 - - [09/Mar/2020:16:21:47 -0300] "GET /cormun/servlet/solicitudotadjuntos?INS,2020,16370,,1, HTTP/1.1" 200 6003
200.111.191.212 - - [09/Mar/2020:16:21:47 -0300] "GET /cormun/static/about:blank HTTP/1.1" 404 1011
200.111.191.212 - - [09/Mar/2020:16:21:47 -0300] "GET /cormun/servlet/solicitudotadjuntos?INS,2020,16370,,1, HTTP/1.1" 200 5997
200.111.191.212 - - [09/Mar/2020:16:21:48 -0300] "GET /cormun/servlet/solicitudotadjuntos?a1b4d034fcd6a6dd1c329247265fa0a26d85b43dd8b00fbc0293d014cb69d78bb7ed65d8068e4385d34eb5ee99637d87,gx-no-cache=1583781557359 HTTP/1.1" 200 30
200.111.191.212 - - [09/Mar/2020:16:21:48 -0300] "POST /cormun/servlet/solicitudotadjuntos?c2ed596b3cc9b6e94b14fbc6c5d35a8c,INS,2020,16370,,1,,gx-no-cache=1583781557432 HTTP/1.1" 200 3870
200.111.191.212 - - [09/Mar/2020:16:21:50 -0300] "POST /cormun/servlet/solicitudotadjuntos?gx-no-cache=1583781559225 HTTP/1.1" 200 26
200.111.191.212 - - [09/Mar/2020:16:21:51 -0300] "GET /cormun/servlet/solicitudotadjuntos?a1b4d034fcd6a6dd1c329247265fa0a273ac9ba73c179d44534697f1ced3c153,gx-no-cache=1583781560633 HTTP/1.1" 200 30
200.111.191.212 - - [09/Mar/2020:16:21:51 -0300] "GET /cormun/servlet/solicitudotadjuntos?a1b4d034fcd6a6dd1c329247265fa0a273ac9ba73c179d44534697f1ced3c153,gx-no-cache=1583781560661 HTTP/1.1" 200 30
200.111.191.212 - - [09/Mar/2020:16:21:51 -0300] "POST /cormun/servlet/solicitudotadjuntos?c2ed596b3cc9b6e94b14fbc6c5d35a8c,INS,2020,16370,,1,,gx-no-cache=1583781560689 HTTP/1.1" 200 93
200.111.191.212 - - [09/Mar/2020:16:21:51 -0300] "GET /cormun/servlet/hpexe_return? HTTP/1.1" 200 1029
200.111.191.212 - - [09/Mar/2020:16:21:52 -0300] "GET /cormun/servlet/trsolicitudadjuntos?2020,16370, HTTP/1.1" 200 9485
200.111.191.212 - - [09/Mar/2020:16:21:53 -0300] "GET /cormun/servlet/trsolicitudadjuntos?2020,16370, HTTP/1.1" 200 9483
200.111.191.212 - - [09/Mar/2020:16:21:56 -0300] "GET /cormun/servlet/solicitudotadjuntos?DLT,2020,16370,CERTIF5,0, HTTP/1.1" 200 5878
200.111.191.212 - - [09/Mar/2020:16:21:56 -0300] "GET /cormun/static/about:blank HTTP/1.1" 404 1011
200.111.191.212 - - [09/Mar/2020:16:21:56 -0300] "GET /cormun/static/Shared/jqueryui/images/ui-bg_highlight-soft_100_c6c2c8_1x100.png HTTP/1.1" 404 1117
200.111.191.212 - - [09/Mar/2020:16:21:56 -0300] "GET /cormun/static/Shared/jqueryui/images/ui-icons_82798d_256x240.png HTTP/1.1" 404 1089
200.111.191.212 - - [09/Mar/2020:16:21:56 -0300] "GET /cormun/static/Shared/jqueryui/images/ui-bg_flat_55_fafafa_40x100.png HTTP/1.1" 404 1097
200.111.191.212 - - [09/Mar/2020:16:21:56 -0300] "GET /cormun/static/Shared/jqueryui/images/ui-icons_8d78a5_256x240.png HTTP/1.1" 404 1089
200.111.191.212 - - [09/Mar/2020:16:21:56 -0300] "GET /cormun/servlet/solicitudotadjuntos?DLT,2020,16370,CERTIF5,0, HTTP/1.1" 200 5871
200.111.191.212 - - [09/Mar/2020:16:21:57 -0300] "POST /cormun/servlet/solicitudotadjuntos?c2ed596b3cc9b6e94b14fbc6c5d35a8c,DLT,2020,16370,CERTIF5,0,,gx-no-cache=1583781566571 HTTP/1.1" 200 93
200.111.191.212 - - [09/Mar/2020:16:21:57 -0300] "GET /cormun/servlet/hpexe_return? HTTP/1.1" 200 1036
200.111.191.212 - - [09/Mar/2020:16:21:58 -0300] "GET /cormun/servlet/trsolicitudadjuntos?2020,16370, HTTP/1.1" 200 9293
200.111.191.212 - - [09/Mar/2020:16:21:58 -0300] "GET /cormun/servlet/trsolicitudadjuntos?2020,16370, HTTP/1.1" 200 9292
190.171.143.82 - - [09/Mar/2020:16:22:17 -0300] "GET /cormun/servlet/solicitudotadjuntos?INS,2020,16369,,1, HTTP/1.1" 200 6382
190.171.143.82 - - [09/Mar/2020:16:22:18 -0300] "GET /cormun/static/about:blank HTTP/1.1" 404 1011
190.171.143.82 - - [09/Mar/2020:16:22:18 -0300] "GET /cormun/servlet/solicitudotadjuntos?INS,2020,16369,,1, HTTP/1.1" 200 6374
190.171.143.82 - - [09/Mar/2020:16:22:19 -0300] "GET /cormun/servlet/solicitudotadjuntos?4de915437b0d63229438d7c66fa0f7d4527ef7dda5cb5697238ede7842248e3e19a833415fa1dc291ba869ebdc64d974,gx-no-cache=1583781335371 HTTP/1.1" 200 30
190.171.143.82 - - [09/Mar/2020:16:22:19 -0300] "POST /cormun/servlet/solicitudotadjuntos?93eaac316cf64f61e24364df688dc49c,INS,2020,16369,,1,,gx-no-cache=1583781335423 HTTP/1.1" 200 4185
190.171.143.82 - - [09/Mar/2020:16:22:21 -0300] "POST /cormun/servlet/solicitudotadjuntos?gx-no-cache=1583781337971 HTTP/1.1" 200 26
200.111.191.212 - - [09/Mar/2020:16:22:28 -0300] "GET /cormun/servlet/solicitudotadjuntos?INS,2020,16370,,1, HTTP/1.1" 200 6003
200.111.191.212 - - [09/Mar/2020:16:22:28 -0300] "GET /cormun/static/about:blank HTTP/1.1" 404 1011
200.111.191.212 - - [09/Mar/2020:16:22:28 -0300] "GET /cormun/servlet/solicitudotadjuntos?INS,2020,16370,,1, HTTP/1.1" 200 5997
200.111.191.212 - - [09/Mar/2020:16:22:28 -0300] "GET /cormun/servlet/solicitudotadjuntos?a1b4d034fcd6a6dd1c329247265fa0a26d85b43dd8b00fbc0293d014cb69d78bb7ed65d8068e4385d34eb5ee99637d87,gx-no-cache=1583781597902 HTTP/1.1" 200 30
200.111.191.212 - - [09/Mar/2020:16:22:29 -0300] "POST /cormun/servlet/solicitudotadjuntos?c2ed596b3cc9b6e94b14fbc6c5d35a8c,INS,2020,16370,,1,,gx-no-cache=1583781597945 HTTP/1.1" 200 3870
190.171.143.82 - - [09/Mar/2020:16:22:30 -0300] "GET /cormun/servlet/solicitudotadjuntos?4de915437b0d63229438d7c66fa0f7d4d4bddfc348c0cc1b5157b54bdff92fe5,gx-no-cache=1583781346757 HTTP/1.1" 200 30
190.171.143.82 - - [09/Mar/2020:16:22:30 -0300] "GET /cormun/servlet/solicitudotadjuntos?4de915437b0d63229438d7c66fa0f7d4d4bddfc348c0cc1b5157b54bdff92fe5,gx-no-cache=1583781346913 HTTP/1.1" 200 30
190.171.143.82 - - [09/Mar/2020:16:22:32 -0300] "POST /cormun/servlet/solicitudotadjuntos?93eaac316cf64f61e24364df688dc49c,INS,2020,16369,,1, HTTP/1.1" 200 116
190.171.143.82 - - [09/Mar/2020:16:22:32 -0300] "GET /cormun/servlet/hpexe_return? HTTP/1.1" 200 1030
200.111.191.212 - - [09/Mar/2020:16:22:32 -0300] "POST /cormun/servlet/solicitudotadjuntos?gx-no-cache=1583781601745 HTTP/1.1" 200 26
190.171.143.82 - - [09/Mar/2020:16:22:33 -0300] "GET /cormun/servlet/trsolicitudadjuntos?2020,16369, HTTP/1.1" 200 9525
190.171.143.82 - - [09/Mar/2020:16:22:34 -0300] "GET /cormun/servlet/trsolicitudadjuntos?2020,16369, HTTP/1.1" 200 9525
200.111.191.212 - - [09/Mar/2020:16:22:37 -0300] "GET /cormun/servlet/solicitudotadjuntos?a1b4d034fcd6a6dd1c329247265fa0a273ac9ba73c179d44534697f1ced3c153,gx-no-cache=1583781606513 HTTP/1.1" 200 30
200.111.191.212 - - [09/Mar/2020:16:22:37 -0300] "GET /cormun/servlet/solicitudotadjuntos?a1b4d034fcd6a6dd1c329247265fa0a273ac9ba73c179d44534697f1ced3c153,gx-no-cache=1583781606529 HTTP/1.1" 200 30
200.111.191.212 - - [09/Mar/2020:16:22:38 -0300] "POST /cormun/servlet/solicitudotadjuntos?c2ed596b3cc9b6e94b14fbc6c5d35a8c,INS,2020,16370,,1, HTTP/1.1" 200 116
200.111.191.212 - - [09/Mar/2020:16:22:38 -0300] "GET /cormun/servlet/hpexe_return? HTTP/1.1" 200 1029
200.111.191.212 - - [09/Mar/2020:16:22:39 -0300] "GET /cormun/servlet/trsolicitudadjuntos?2020,16370, HTTP/1.1" 200 9532
200.111.191.212 - - [09/Mar/2020:16:22:40 -0300] "GET /cormun/servlet/trsolicitudadjuntos?2020,16370, HTTP/1.1" 200 9531
190.171.152.242 - - [09/Mar/2020:16:22:47 -0300] "GET /cormun/servlet/prbanco?,MD,,gxPopupLevel%3D0%3B HTTP/1.1" 200 6545
200.111.191.212 - - [09/Mar/2020:16:22:47 -0300] "GET /cormun/servlet/solicitudotadjuntos?INS,2020,16370,,1, HTTP/1.1" 200 6003
200.111.191.212 - - [09/Mar/2020:16:22:47 -0300] "GET /cormun/static/about:blank HTTP/1.1" 404 1011
200.111.191.212 - - [09/Mar/2020:16:22:47 -0300] "GET /cormun/servlet/solicitudotadjuntos?INS,2020,16370,,1, HTTP/1.1" 200 5997
200.111.191.212 - - [09/Mar/2020:16:22:48 -0300] "GET /cormun/servlet/solicitudotadjuntos?a1b4d034fcd6a6dd1c329247265fa0a26d85b43dd8b00fbc0293d014cb69d78bb7ed65d8068e4385d34eb5ee99637d87,gx-no-cache=1583781617388 HTTP/1.1" 200 30
200.111.191.212 - - [09/Mar/2020:16:22:48 -0300] "POST /cormun/servlet/solicitudotadjuntos?c2ed596b3cc9b6e94b14fbc6c5d35a8c,INS,2020,16370,,1,,gx-no-cache=1583781617416 HTTP/1.1" 200 3869
200.111.191.212 - - [09/Mar/2020:16:22:49 -0300] "POST /cormun/servlet/solicitudotadjuntos?gx-no-cache=1583781618849 HTTP/1.1" 200 26
200.111.191.212 - - [09/Mar/2020:16:22:54 -0300] "GET /cormun/servlet/solicitudotadjuntos?a1b4d034fcd6a6dd1c329247265fa0a273ac9ba73c179d44534697f1ced3c153,gx-no-cache=1583781623593 HTTP/1.1" 200 30
200.111.191.212 - - [09/Mar/2020:16:22:54 -0300] "GET /cormun/servlet/solicitudotadjuntos?a1b4d034fcd6a6dd1c329247265fa0a273ac9ba73c179d44534697f1ced3c153,gx-no-cache=1583781623605 HTTP/1.1" 200 30
200.111.191.212 - - [09/Mar/2020:16:22:55 -0300] "POST /cormun/servlet/solicitudotadjuntos?c2ed596b3cc9b6e94b14fbc6c5d35a8c,INS,2020,16370,,1, HTTP/1.1" 200 116
200.111.191.212 - - [09/Mar/2020:16:22:55 -0300] "GET /cormun/servlet/hpexe_return? HTTP/1.1" 200 1029
200.111.191.212 - - [09/Mar/2020:16:22:55 -0300] "GET /cormun/servlet/trsolicitudadjuntos?2020,16370, HTTP/1.1" 200 9730
200.111.191.212 - - [09/Mar/2020:16:22:56 -0300] "GET /cormun/servlet/trsolicitudadjuntos?2020,16370, HTTP/1.1" 200 9732
200.111.191.212 - - [09/Mar/2020:16:23:00 -0300] "GET /cormun/servlet/trsolicitudot? HTTP/1.1" 200 8523
200.111.191.212 - - [09/Mar/2020:16:23:01 -0300] "GET /cormun/servlet/trsolicitudot? HTTP/1.1" 200 8516
190.171.152.242 - - [09/Mar/2020:16:23:01 -0300] "GET /cormun/servlet/solicitudot?02f0d70269702074494391b05aad2dde4c8eb5f89b3069a09e932d664293bab5c15fd67a71f52b45257fbad5703c5a985a570d49d4391daa59b2853b6d9f6d9d,gx-no-cache=1583781378902 HTTP/1.1" 200 30
190.171.152.242 - - [09/Mar/2020:16:23:02 -0300] "GET /cormun/servlet/solicitudot?02f0d70269702074494391b05aad2ddec719901b6d4eef3aa166c38014f71922,gx-no-cache=1583781379980 HTTP/1.1" 200 70
200.111.191.212 - - [09/Mar/2020:16:23:03 -0300] "POST /cormun/servlet/trsolicitudot?c2ed596b3cc9b6e94b14fbc6c5d35a8c,,gx-no-cache=1583781632535 HTTP/1.1" 200 4559
200.111.191.212 - - [09/Mar/2020:16:23:03 -0300] "GET /cormun/static/Shared/jqueryui/images/ui-bg_highlight-soft_100_c6c2c8_1x100.png HTTP/1.1" 404 1117
200.111.191.212 - - [09/Mar/2020:16:23:03 -0300] "GET /cormun/static/Shared/jqueryui/images/ui-icons_82798d_256x240.png HTTP/1.1" 404 1089
200.111.191.212 - - [09/Mar/2020:16:23:03 -0300] "GET /cormun/static/Shared/jqueryui/images/ui-icons_8d78a5_256x240.png HTTP/1.1" 404 1089
200.111.191.212 - - [09/Mar/2020:16:23:03 -0300] "GET /cormun/static/Shared/jqueryui/images/ui-bg_flat_55_fafafa_40x100.png HTTP/1.1" 404 1097
200.111.191.212 - - [09/Mar/2020:16:23:03 -0300] "POST /cormun/servlet/trsolicitudot?c2ed596b3cc9b6e94b14fbc6c5d35a8c,,gx-no-cache=1583781632718 HTTP/1.1" 200 4342
200.111.191.212 - - [09/Mar/2020:16:23:06 -0300] "GET /cormun/servlet/trsolicitudot? HTTP/1.1" 200 7169
200.111.191.212 - - [09/Mar/2020:16:23:06 -0300] "GET /cormun/servlet/trsolicitudot? HTTP/1.1" 200 7169
200.111.191.212 - - [09/Mar/2020:16:23:07 -0300] "GET /cormun/servlet/hlogin HTTP/1.1" 200 1747
200.111.191.212 - - [09/Mar/2020:16:23:16 -0300] "POST /cormun/servlet/hlogin?c2ed596b3cc9b6e94b14fbc6c5d35a8c,gx-no-cache=1583781645191 HTTP/1.1" 200 455
190.171.152.114 - - [09/Mar/2020:16:23:19 -0300] "GET /cormun/servlet/trlicencias? HTTP/1.1" 200 6021
190.171.152.114 - - [09/Mar/2020:16:23:21 -0300] "GET /cormun/servlet/hlogin HTTP/1.1" 200 1738
190.171.152.114 - - [09/Mar/2020:16:23:21 -0300] "GET /cormun/servlet/trlicencias? HTTP/1.1" 200 6016
200.111.191.212 - - [09/Mar/2020:16:23:23 -0300] "POST /cormun/servlet/hlogin?c2ed596b3cc9b6e94b14fbc6c5d35a8c,gx-no-cache=1583781652573 HTTP/1.1" 200 455
200.111.191.212 - - [09/Mar/2020:16:23:28 -0300] "POST /cormun/servlet/hlogin?c2ed596b3cc9b6e94b14fbc6c5d35a8c,gx-no-cache=1583781657300 HTTP/1.1" 200 90
200.111.191.212 - - [09/Mar/2020:16:23:28 -0300] "GET /cormun/servlet/hpexe_link HTTP/1.1" 200 954
200.111.191.212 - - [09/Mar/2020:16:23:28 -0300] "GET /cormun/servlet/hhome HTTP/1.1" 200 4320
200.111.191.212 - - [09/Mar/2020:16:23:28 -0300] "GET /cormun/static/gxcfg.js?20201215495537 HTTP/1.1" 200 953
200.111.191.212 - - [09/Mar/2020:16:23:28 -0300] "GET /cormun/static/hhome.js?20201215495544 HTTP/1.1" 304 -
200.111.191.212 - - [09/Mar/2020:16:23:29 -0300] "GET /cormun/servlet/hhome HTTP/1.1" 200 4318
190.171.152.242 - - [09/Mar/2020:16:23:29 -0300] "POST /cormun/servlet/solicitudot?gx-no-cache=1583781406657 HTTP/1.1" 200 297
190.171.152.242 - - [09/Mar/2020:16:23:29 -0300] "GET /cormun/servlet/solicitudot?02f0d70269702074494391b05aad2dde933278caf9c68efdf8c48bd1977a143e36af1c64756ff0d57c75343f8d2102b92c81879b32129ee06b4c5ddcf0bd4d9b0e46f24c3d8e377f31eb55196479071ce10849ef53086e3c3a7bd5e5984a9910c4929ef785b8f2a1c800ebd0bd340d2e51b84ef85cecc1c625e8b7e72704a302a92e52bb2858b2ef117a0a2a28e24a70aafd323d3bd70b7c186cf6a61958157bdee76257bfaa04498e3615b2518c47e8174057605e597a6198a3e11a69e06f2bb2341b8aead2484588d15edf8e18194eb19f175631ac12e98a5a6cf7409d85a3e3763d71e20d35517fbf65fdde5d723b238b16df558ff5a23c2845a4affdd4fff5b6c73c860092535f79bd7a54274f527d35b777d6491796250718c77d3c42a60fa1ec713fde3c2b92061191cf9a09418b4154ab585529abcbbdbbb03781cfce3957d8106f94f41ee37e0c684022364bb92f0f782cc81b14bb020d344dca7494412225adf888dbae6525d9192e8d15054bcbcf032db0c5ac6050ff30483e8cf2bdf0cd915dcf9b3c3dc59f510f3167d5,gx-no-cache=1583781406773 HTTP/1.1" 200 30
190.171.152.242 - - [09/Mar/2020:16:23:31 -0300] "POST /cormun/servlet/solicitudot?gx-no-cache=1583781408539 HTTP/1.1" 200 30
200.111.191.212 - - [09/Mar/2020:16:23:31 -0300] "GET /cormun/servlet/trautorizarsolicitud? HTTP/1.1" 200 8768
200.111.191.212 - - [09/Mar/2020:16:23:31 -0300] "GET /cormun/static/gxcfg.js?201991422414522 HTTP/1.1" 304 -
200.111.191.212 - - [09/Mar/2020:16:23:31 -0300] "GET /cormun/servlet/trautorizarsolicitud? HTTP/1.1" 200 8766
190.171.152.242 - - [09/Mar/2020:16:23:32 -0300] "POST /cormun/servlet/solicitudot?gx-no-cache=1583781409685 HTTP/1.1" 200 1363
190.171.152.242 - - [09/Mar/2020:16:23:33 -0300] "POST /cormun/servlet/solicitudot?gx-no-cache=1583781410345 HTTP/1.1" 200 38
200.111.191.212 - - [09/Mar/2020:16:23:34 -0300] "GET /cormun/servlet/veautorizarsolicitud?2020,16370,, HTTP/1.1" 200 8667
200.111.191.212 - - [09/Mar/2020:16:23:34 -0300] "GET /cormun/pexe_scrolldiv.js HTTP/1.1" 404 1009
200.111.191.212 - - [09/Mar/2020:16:23:34 -0300] "GET /cormun/static/gxcfg.js?201991422424023 HTTP/1.1" 200 953
200.111.191.212 - - [09/Mar/2020:16:23:34 -0300] "GET /cormun/static/Resources/PXToolsTabFirstSelected.png HTTP/1.1" 200 1270
200.111.191.212 - - [09/Mar/2020:16:23:34 -0300] "GET /cormun/static/veautorizarsolicitud.js?201991422424092 HTTP/1.1" 200 6140
200.111.191.212 - - [09/Mar/2020:16:23:34 -0300] "GET /cormun/static/hwcviewtabs.js?201991422154026 HTTP/1.1" 200 1074
200.111.191.212 - - [09/Mar/2020:16:23:34 -0300] "GET /cormun/pexe_scrolldiv.js HTTP/1.1" 404 1009
200.111.191.212 - - [09/Mar/2020:16:23:34 -0300] "GET /cormun/static/Resources/PXToolsTabPrevious.gif HTTP/1.1" 200 172
200.111.191.212 - - [09/Mar/2020:16:23:34 -0300] "GET /cormun/static/hpexe_tabsview.js?2020121447381 HTTP/1.1" 200 1661
200.111.191.212 - - [09/Mar/2020:16:23:34 -0300] "GET /cormun/static/Resources/PXToolsTabLastUnselected.png HTTP/1.1" 200 1297
200.111.191.212 - - [09/Mar/2020:16:23:34 -0300] "GET /cormun/static/Resources/PXToolsTabNext.gif HTTP/1.1" 200 168
200.111.191.212 - - [09/Mar/2020:16:23:34 -0300] "GET /cormun/static/tbautorizarsolicitud01.js?201991419252835 HTTP/1.1" 200 30580
200.111.191.212 - - [09/Mar/2020:16:23:34 -0300] "GET /cormun/static/calendar-system.css HTTP/1.1" 200 5572
200.111.191.212 - - [09/Mar/2020:16:23:34 -0300] "GET /cormun/static/Resources/PXToolsTabBackUnselected.png HTTP/1.1" 200 1175
200.111.191.212 - - [09/Mar/2020:16:23:34 -0300] "GET /cormun/static/Resources/PXToolsTabSelectedUnselected.png HTTP/1.1" 200 1451
200.111.191.212 - - [09/Mar/2020:16:23:34 -0300] "GET /cormun/static/Resources/PXToolsTabUnselectedUnselected.png HTTP/1.1" 200 1470
200.111.191.212 - - [09/Mar/2020:16:23:35 -0300] "GET /cormun/static/Resources/PXToolsTabBackSelected.png HTTP/1.1" 200 1157
200.111.191.212 - - [09/Mar/2020:16:23:35 -0300] "GET /cormun/servlet/veautorizarsolicitud?2020,16370,, HTTP/1.1" 200 8666
200.111.191.212 - - [09/Mar/2020:16:23:37 -0300] "POST /cormun/servlet/veautorizarsolicitud?c2ed596b3cc9b6e94b14fbc6c5d35a8c,2020,16370,,,gx-no-cache=1583781666039 HTTP/1.1" 200 93
200.111.191.212 - - [09/Mar/2020:16:23:37 -0300] "GET /cormun/servlet/hpexe_return? HTTP/1.1" 200 1019
200.111.191.212 - - [09/Mar/2020:16:23:37 -0300] "GET /cormun/servlet/trautorizarsolicitud HTTP/1.1" 200 8769
200.111.191.212 - - [09/Mar/2020:16:23:37 -0300] "GET /cormun/servlet/trautorizarsolicitud HTTP/1.1" 200 8766
200.111.191.212 - - [09/Mar/2020:16:23:39 -0300] "POST /cormun/servlet/trautorizarsolicitud?c2ed596b3cc9b6e94b14fbc6c5d35a8c,gx-no-cache=1583781668305 HTTP/1.1" 200 4755
200.111.191.212 - - [09/Mar/2020:16:23:39 -0300] "GET /cormun/static/Shared/jqueryui/images/ui-bg_highlight-soft_100_c6c2c8_1x100.png HTTP/1.1" 404 1117
200.111.191.212 - - [09/Mar/2020:16:23:39 -0300] "GET /cormun/static/Shared/jqueryui/images/ui-icons_82798d_256x240.png HTTP/1.1" 404 1089
200.111.191.212 - - [09/Mar/2020:16:23:39 -0300] "GET /cormun/static/Shared/jqueryui/images/ui-bg_flat_55_fafafa_40x100.png HTTP/1.1" 404 1097
200.111.191.212 - - [09/Mar/2020:16:23:39 -0300] "GET /cormun/static/Shared/jqueryui/images/ui-icons_8d78a5_256x240.png HTTP/1.1" 404 1089
200.111.191.212 - - [09/Mar/2020:16:23:39 -0300] "POST /cormun/servlet/trautorizarsolicitud?c2ed596b3cc9b6e94b14fbc6c5d35a8c,gx-no-cache=1583781668496 HTTP/1.1" 200 4537
192.168.10.89 - - [09/Mar/2020:16:23:39 -0300] "POST /cormun/servlet/pucargahoraria?0f6585d9ca2e13589ad552a02fba24ef,F-26,2020,12912096,2,1,MD,gxPopupLevel%3D0%3B,gx-no-cache=1583784895424 HTTP/1.1" 200 95
192.168.10.89 - - [09/Mar/2020:16:23:39 -0300] "GET /cormun/servlet/hpexe_return?MD,gxPopupLevel%3D0%3B HTTP/1.1" 200 1193
192.168.10.89 - - [09/Mar/2020:16:23:40 -0300] "POST /cormun/servlet/trcargahoraria?0f6585d9ca2e13589ad552a02fba24ef,,gx-no-cache=1583784895596 HTTP/1.1" 200 6255
192.168.10.89 - - [09/Mar/2020:16:23:43 -0300] "POST /cormun/servlet/trcargahoraria?0f6585d9ca2e13589ad552a02fba24ef,,gx-no-cache=1583784899022 HTTP/1.1" 200 6326
192.168.10.89 - - [09/Mar/2020:16:23:43 -0300] "GET /cormun/servlet/pucargahoraria?F-26,2020,15992409,2,1,MD,gxPopupLevel%3D0%3B HTTP/1.1" 200 6438
192.168.10.89 - - [09/Mar/2020:16:23:47 -0300] "POST /cormun/servlet/pucargahoraria?0f6585d9ca2e13589ad552a02fba24ef,F-26,2020,15992409,2,1,MD,gxPopupLevel%3D0%3B,gx-no-cache=1583784902872 HTTP/1.1" 200 95
192.168.10.89 - - [09/Mar/2020:16:23:47 -0300] "GET /cormun/servlet/hpexe_return?MD,gxPopupLevel%3D0%3B HTTP/1.1" 200 1194
192.168.10.89 - - [09/Mar/2020:16:23:47 -0300] "POST /cormun/servlet/trcargahoraria?0f6585d9ca2e13589ad552a02fba24ef,,gx-no-cache=1583784903001 HTTP/1.1" 200 6128
192.168.10.89 - - [09/Mar/2020:16:23:50 -0300] "POST /cormun/servlet/trcargahoraria?0f6585d9ca2e13589ad552a02fba24ef,,gx-no-cache=1583784905814 HTTP/1.1" 200 6198
192.168.10.89 - - [09/Mar/2020:16:23:50 -0300] "GET /cormun/servlet/pucargahoraria?F-26,2020,14200237,2,1,MD,gxPopupLevel%3D0%3B HTTP/1.1" 200 6362
192.168.10.89 - - [09/Mar/2020:16:23:56 -0300] "POST /cormun/servlet/pucargahoraria?0f6585d9ca2e13589ad552a02fba24ef,F-26,2020,14200237,2,1,MD,gxPopupLevel%3D0%3B,gx-no-cache=1583784911871 HTTP/1.1" 200 95
192.168.10.89 - - [09/Mar/2020:16:23:56 -0300] "GET /cormun/servlet/hpexe_return?MD,gxPopupLevel%3D0%3B HTTP/1.1" 200 1194
192.168.10.89 - - [09/Mar/2020:16:23:56 -0300] "POST /cormun/servlet/trcargahoraria?0f6585d9ca2e13589ad552a02fba24ef,,gx-no-cache=1583784912000 HTTP/1.1" 200 6002
192.168.10.89 - - [09/Mar/2020:16:23:59 -0300] "POST /cormun/servlet/trcargahoraria?0f6585d9ca2e13589ad552a02fba24ef,,gx-no-cache=1583784914798 HTTP/1.1" 200 6072
192.168.10.89 - - [09/Mar/2020:16:23:59 -0300] "GET /cormun/servlet/pucargahoraria?F-26,2020,14331823,2,1,MD,gxPopupLevel%3D0%3B HTTP/1.1" 200 6442
192.168.10.89 - - [09/Mar/2020:16:24:03 -0300] "POST /cormun/servlet/pucargahoraria?0f6585d9ca2e13589ad552a02fba24ef,F-26,2020,14331823,2,1,MD,gxPopupLevel%3D0%3B,gx-no-cache=1583784918840 HTTP/1.1" 200 95
192.168.10.89 - - [09/Mar/2020:16:24:03 -0300] "GET /cormun/servlet/hpexe_return?MD,gxPopupLevel%3D0%3B HTTP/1.1" 200 1194
192.168.10.89 - - [09/Mar/2020:16:24:03 -0300] "POST /cormun/servlet/trcargahoraria?0f6585d9ca2e13589ad552a02fba24ef,,gx-no-cache=1583784918990 HTTP/1.1" 200 5846
192.168.10.89 - - [09/Mar/2020:16:24:06 -0300] "POST /cormun/servlet/trcargahoraria?0f6585d9ca2e13589ad552a02fba24ef,,gx-no-cache=1583784921654 HTTP/1.1" 200 5916
192.168.10.89 - - [09/Mar/2020:16:24:06 -0300] "GET /cormun/servlet/pucargahoraria?F-26,2020,12693069,2,1,MD,gxPopupLevel%3D0%3B HTTP/1.1" 200 6428
192.168.10.89 - - [09/Mar/2020:16:24:11 -0300] "POST /cormun/servlet/pucargahoraria?0f6585d9ca2e13589ad552a02fba24ef,F-26,2020,12693069,2,1,MD,gxPopupLevel%3D0%3B,gx-no-cache=1583784927064 HTTP/1.1" 200 95
192.168.10.89 - - [09/Mar/2020:16:24:11 -0300] "GET /cormun/servlet/hpexe_return?MD,gxPopupLevel%3D0%3B HTTP/1.1" 200 1194
192.168.10.89 - - [09/Mar/2020:16:24:11 -0300] "POST /cormun/servlet/trcargahoraria?0f6585d9ca2e13589ad552a02fba24ef,,gx-no-cache=1583784927220 HTTP/1.1" 200 5713
192.168.10.89 - - [09/Mar/2020:16:24:14 -0300] "POST /cormun/servlet/trcargahoraria?0f6585d9ca2e13589ad552a02fba24ef,,gx-no-cache=1583784929877 HTTP/1.1" 200 5783
192.168.10.89 - - [09/Mar/2020:16:24:14 -0300] "GET /cormun/servlet/pucargahoraria?F-26,2020,9519282,2,1,MD,gxPopupLevel%3D0%3B HTTP/1.1" 200 6639
192.168.10.89 - - [09/Mar/2020:16:24:19 -0300] "POST /cormun/servlet/pucargahoraria?0f6585d9ca2e13589ad552a02fba24ef,F-26,2020,9519282,2,1,MD,gxPopupLevel%3D0%3B,gx-no-cache=1583784935303 HTTP/1.1" 200 95
192.168.10.89 - - [09/Mar/2020:16:24:19 -0300] "GET /cormun/servlet/hpexe_return?MD,gxPopupLevel%3D0%3B HTTP/1.1" 200 1193
192.168.10.89 - - [09/Mar/2020:16:24:19 -0300] "POST /cormun/servlet/trcargahoraria?0f6585d9ca2e13589ad552a02fba24ef,,gx-no-cache=1583784935463 HTTP/1.1" 200 5578
192.168.10.89 - - [09/Mar/2020:16:24:22 -0300] "POST /cormun/servlet/trcargahoraria?0f6585d9ca2e13589ad552a02fba24ef,,gx-no-cache=1583784938469 HTTP/1.1" 200 5648
192.168.10.89 - - [09/Mar/2020:16:24:23 -0300] "GET /cormun/servlet/pucargahoraria?F-26,2020,16879963,2,1,MD,gxPopupLevel%3D0%3B HTTP/1.1" 200 6720
190.171.152.242 - - [09/Mar/2020:16:24:23 -0300] "POST /cormun/servlet/solicitudot?gx-no-cache=1583781460705 HTTP/1.1" 200 30
190.171.152.242 - - [09/Mar/2020:16:24:23 -0300] "POST /cormun/servlet/solicitudot?gx-no-cache=1583781460813 HTTP/1.1" 200 1363
190.171.152.242 - - [09/Mar/2020:16:24:23 -0300] "POST /cormun/servlet/solicitudot?gx-no-cache=1583781460917 HTTP/1.1" 200 38
192.168.10.89 - - [09/Mar/2020:16:24:29 -0300] "POST /cormun/servlet/pucargahoraria?0f6585d9ca2e13589ad552a02fba24ef,F-26,2020,16879963,2,1,MD,gxPopupLevel%3D0%3B,gx-no-cache=1583784945447 HTTP/1.1" 200 95
192.168.10.89 - - [09/Mar/2020:16:24:29 -0300] "GET /cormun/servlet/hpexe_return?MD,gxPopupLevel%3D0%3B HTTP/1.1" 200 1194
192.168.10.89 - - [09/Mar/2020:16:24:30 -0300] "POST /cormun/servlet/trcargahoraria?0f6585d9ca2e13589ad552a02fba24ef,,gx-no-cache=1583784945615 HTTP/1.1" 200 5434
192.168.10.89 - - [09/Mar/2020:16:24:33 -0300] "POST /cormun/servlet/trcargahoraria?0f6585d9ca2e13589ad552a02fba24ef,,gx-no-cache=1583784948809 HTTP/1.1" 200 5504
190.171.152.242 - - [09/Mar/2020:16:24:33 -0300] "GET /cormun/servlet/solicitudot?02f0d70269702074494391b05aad2dde20155d562aec55722661f18afde3c087d58d627e8038d24ed6c08a9c9a0f953a523d87c13d0994559a9ed9e43134086f93600bafe1fbc560a2cb478c91583dfed16d1740931e23e499a76a9ac49dfd215824e387f690d1898cb7d9c3f00edc69,gx-no-cache=1583781470875 HTTP/1.1" 200 110
192.168.10.89 - - [09/Mar/2020:16:24:33 -0300] "GET /cormun/servlet/pucargahoraria?F-26,2020,14024644,2,1,MD,gxPopupLevel%3D0%3B HTTP/1.1" 200 6360
192.168.10.89 - - [09/Mar/2020:16:24:37 -0300] "POST /cormun/servlet/pucargahoraria?0f6585d9ca2e13589ad552a02fba24ef,F-26,2020,14024644,2,1,MD,gxPopupLevel%3D0%3B,gx-no-cache=1583784952951 HTTP/1.1" 200 95
192.168.10.89 - - [09/Mar/2020:16:24:37 -0300] "GET /cormun/servlet/hpexe_return?MD,gxPopupLevel%3D0%3B HTTP/1.1" 200 1194
192.168.10.89 - - [09/Mar/2020:16:24:37 -0300] "POST /cormun/servlet/trcargahoraria?0f6585d9ca2e13589ad552a02fba24ef,,gx-no-cache=1583784953096 HTTP/1.1" 200 5298
192.168.10.89 - - [09/Mar/2020:16:24:40 -0300] "POST /cormun/servlet/trcargahoraria?0f6585d9ca2e13589ad552a02fba24ef,,gx-no-cache=1583784955613 HTTP/1.1" 200 5366
192.168.10.89 - - [09/Mar/2020:16:24:40 -0300] "GET /cormun/servlet/pucargahoraria?F-26,2020,8937194,2,1,MD,gxPopupLevel%3D0%3B HTTP/1.1" 200 6361
190.171.152.242 - - [09/Mar/2020:16:24:41 -0300] "POST /cormun/servlet/solicitudot?gx-no-cache=1583781479382 HTTP/1.1" 200 64
190.171.152.242 - - [09/Mar/2020:16:24:49 -0300] "GET /cormun/servlet/solicitudot?02f0d70269702074494391b05aad2ddeb26ac3437f303598b14186b030d9a89e7356eafe5728cd77a37fae7b58623c6c0aa68b1ecd13ffa2de4c37eebb636d91da9f4ddc1801d341f8d2e66a1062305da153833d604cbdc127b30d356b9407eff5fcb09c307aa1818ff4a037d04fbed2,gx-no-cache=1583781486967 HTTP/1.1" 200 29
190.171.152.242 - - [09/Mar/2020:16:25:00 -0300] "GET /cormun/static/menuarrow.gif HTTP/1.1" 404 1015
190.171.152.242 - - [09/Mar/2020:16:25:03 -0300] "GET /cormun/servlet/solicitudot?02f0d70269702074494391b05aad2ddef9d8c9b77bc806d1bc1f9a8441e13f07d3e41dc42ba3974e83dc26eac6a7afe3,gx-no-cache=1583781500690 HTTP/1.1" 200 30
190.171.152.242 - - [09/Mar/2020:16:25:22 -0300] "GET /cormun/servlet/solicitudot?02f0d70269702074494391b05aad2dde933278caf9c68efdf8c48bd1977a143e36af1c64756ff0d57c75343f8d2102b92c81879b32129ee06b4c5ddcf0bd4d9b0e46f24c3d8e377f31eb55196479071ce10849ef53086e3c3a7bd5e5984a9910c4929ef785b8f2a1c800ebd0bd340d2e51b84ef85cecc1c625e8b7e72704a302a92e52bb2858b2ef117a0a2a28e24a70aafd323d3bd70b7c186cf6a61958157bdee76257bfaa04498e3615b2518c47e8174057605e597a6198a3e11a69e06f2bb2341b8aead2484588d15edf8e18194eb19f175631ac12e98a5a6cf7409d85a3e3763d71e20d35517fbf65fdde5d723b238b16df558ff5a23c2845a4affdd4fff5b6c73c860092535f79bd7a54274f527d35b777d6491796250718c77d3c42a60fa1ec713fde3c2b92061191cf9a09418b4154ab585529abcbbdbbb03781cfce3957d8106f94f41ee37e0c684022364bb92f0f782cc81b14bb020d344dca7494412225adf888dbae6525d9192e8d150526c97be27c11daaa21345a472d904c03bdf0cd915dcf9b3c3dc59f510f3167d5,gx-no-cache=1583781519774 HTTP/1.1" 200 30
190.171.152.242 - - [09/Mar/2020:16:25:22 -0300] "POST /cormun/servlet/solicitudot?gx-no-cache=1583781519877 HTTP/1.1" 200 30
190.171.152.242 - - [09/Mar/2020:16:25:22 -0300] "POST /cormun/servlet/solicitudot?gx-no-cache=1583781520007 HTTP/1.1" 200 1366
190.171.152.242 - - [09/Mar/2020:16:25:22 -0300] "POST /cormun/servlet/solicitudot?gx-no-cache=1583781520129 HTTP/1.1" 200 41
190.171.152.242 - - [09/Mar/2020:16:25:22 -0300] "GET /cormun/servlet/solicitudot?02f0d70269702074494391b05aad2dde20155d562aec55722661f18afde3c087d58d627e8038d24ed6c08a9c9a0f953a523d87c13d0994559a9ed9e43134086f93600bafe1fbc560a2cb478c91583dfed16d1740931e23e499a76a9ac49dfd215824e387f690d1898cb7d9c3f00edc69,gx-no-cache=1583781520207 HTTP/1.1" 200 110
190.171.152.242 - - [09/Mar/2020:16:25:22 -0300] "POST /cormun/servlet/solicitudot?gx-no-cache=1583781520278 HTTP/1.1" 200 64
190.171.152.242 - - [09/Mar/2020:16:25:22 -0300] "POST /cormun/servlet/solicitudot?gx-no-cache=1583781520327 HTTP/1.1" 200 30
190.171.152.242 - - [09/Mar/2020:16:25:26 -0300] "POST /cormun/servlet/solicitudot?ccca391c1b6839f73619b467cd654d9e,INS,0,0,false,,gx-no-cache=1583781523911 HTTP/1.1" 200 12339
190.171.152.242 - - [09/Mar/2020:16:25:26 -0300] "GET /cormun/static/Shared/jqueryui/images/ui-bg_highlight-soft_100_c6c2c8_1x100.png HTTP/1.1" 404 1117
190.171.152.242 - - [09/Mar/2020:16:25:27 -0300] "GET /cormun/static/Shared/jqueryui/images/ui-icons_82798d_256x240.png HTTP/1.1" 404 1089
190.171.152.242 - - [09/Mar/2020:16:25:27 -0300] "GET /cormun/static/Shared/jqueryui/images/ui-bg_flat_55_994d53_40x100.png HTTP/1.1" 404 1097
190.171.152.242 - - [09/Mar/2020:16:25:27 -0300] "GET /cormun/static/Shared/jqueryui/images/ui-icons_ebccce_256x240.png HTTP/1.1" 404 1089
190.171.152.242 - - [09/Mar/2020:16:25:46 -0300] "GET /cormun/servlet/solicitudot?02f0d70269702074494391b05aad2dde933278caf9c68efdf8c48bd1977a143e36af1c64756ff0d57c75343f8d2102b92c81879b32129ee06b4c5ddcf0bd4d9b0e46f24c3d8e377f31eb55196479071ce10849ef53086e3c3a7bd5e5984a9910c4929ef785b8f2a1c800ebd0bd340d2e51b84ef85cecc1c625e8b7e72704a302a92e52bb2858b2ef117a0a2a28e24a70aafd323d3bd70b7c186cf6a61958157bdee76257bfaa04498e3615b2518c47e8174057605e597a6198a3e11a69e06f2bb2341b8aead2484588d15edf8e18194eb19f175631ac12e98a5a6cf7409d85a3e3763d71e20d35517fbf65fdde5d723b238b16df558ff5a23c2845a4affdd4fff5b6c73c860092535f79bd7a54274f527d35b777d6491796250718c77d3c42a60fa1ec713fde3c2b92061191cf9a09418b4154ab585529abcbbdbbb03781cfce3957d8106f94f41ee37e0c684022364bb92f0f782cc81b14bb020d344dca7494412225adf888dbae6525d9192e8d150526c97be27c11daaa21345a472d904c03bdf0cd915dcf9b3c3dc59f510f3167d5,gx-no-cache=1583781543662 HTTP/1.1" 200 30
190.171.152.242 - - [09/Mar/2020:16:25:46 -0300] "POST /cormun/servlet/solicitudot?gx-no-cache=1583781543786 HTTP/1.1" 200 30
190.171.152.242 - - [09/Mar/2020:16:25:46 -0300] "POST /cormun/servlet/solicitudot?gx-no-cache=1583781543872 HTTP/1.1" 200 1366
190.171.152.242 - - [09/Mar/2020:16:25:46 -0300] "POST /cormun/servlet/solicitudot?gx-no-cache=1583781543942 HTTP/1.1" 200 41
190.171.152.242 - - [09/Mar/2020:16:25:46 -0300] "GET /cormun/servlet/solicitudot?02f0d70269702074494391b05aad2dde20155d562aec55722661f18afde3c087d58d627e8038d24ed6c08a9c9a0f953a523d87c13d0994559a9ed9e43134086f93600bafe1fbc560a2cb478c91583dfed16d1740931e23e499a76a9ac49dfd215824e387f690d1898cb7d9c3f00edc69,gx-no-cache=1583781543985 HTTP/1.1" 200 110
190.171.152.242 - - [09/Mar/2020:16:25:46 -0300] "POST /cormun/servlet/solicitudot?gx-no-cache=1583781544029 HTTP/1.1" 200 64
190.171.152.242 - - [09/Mar/2020:16:25:46 -0300] "GET /cormun/servlet/solicitudot?02f0d70269702074494391b05aad2ddef9d8c9b77bc806d1bc1f9a8441e13f07d3e41dc42ba3974e83dc26eac6a7afe3,gx-no-cache=1583781544082 HTTP/1.1" 200 30
190.171.152.242 - - [09/Mar/2020:16:25:46 -0300] "POST /cormun/servlet/solicitudot?gx-no-cache=1583781544125 HTTP/1.1" 200 30
190.171.152.242 - - [09/Mar/2020:16:25:47 -0300] "POST /cormun/servlet/solicitudot?ccca391c1b6839f73619b467cd654d9e,INS,0,0,false,,gx-no-cache=1583781544173 HTTP/1.1" 200 93
190.171.152.242 - - [09/Mar/2020:16:25:47 -0300] "GET /cormun/servlet/hpexe_return? HTTP/1.1" 200 1011
190.171.152.242 - - [09/Mar/2020:16:25:47 -0300] "GET /cormun/servlet/trsolicitudot HTTP/1.1" 200 8560
190.171.152.242 - - [09/Mar/2020:16:25:47 -0300] "GET /cormun/servlet/trsolicitudot HTTP/1.1" 200 8558
190.171.152.242 - - [09/Mar/2020:16:25:51 -0300] "POST /cormun/servlet/trsolicitudot?ccca391c1b6839f73619b467cd654d9e,gx-no-cache=1583781549220 HTTP/1.1" 200 107
190.171.152.242 - - [09/Mar/2020:16:25:51 -0300] "GET /cormun/servlet/trsolicitudadjuntos?2020,16371, HTTP/1.1" 200 6093
190.171.152.242 - - [09/Mar/2020:16:25:52 -0300] "GET /cormun/servlet/trsolicitudadjuntos?2020,16371, HTTP/1.1" 200 6092
190.171.152.242 - - [09/Mar/2020:16:25:54 -0300] "GET /cormun/servlet/solicitudotadjuntos?INS,2020,16371,,1, HTTP/1.1" 200 6039
190.171.152.242 - - [09/Mar/2020:16:25:54 -0300] "GET /cormun/static/about:blank HTTP/1.1" 404 1011
190.171.152.242 - - [09/Mar/2020:16:25:54 -0300] "GET /cormun/servlet/solicitudotadjuntos?INS,2020,16371,,1, HTTP/1.1" 200 6032
190.171.152.242 - - [09/Mar/2020:16:25:55 -0300] "GET /cormun/servlet/solicitudotadjuntos?02f0d70269702074494391b05aad2dde7a927e98c653013399bc5c4e8f4d40c0c36703e330d05d7375f2dcd089c32ed0,gx-no-cache=1583781552764 HTTP/1.1" 200 30
190.171.152.242 - - [09/Mar/2020:16:25:55 -0300] "POST /cormun/servlet/solicitudotadjuntos?ccca391c1b6839f73619b467cd654d9e,INS,2020,16371,,1,,gx-no-cache=1583781552816 HTTP/1.1" 200 3880
190.171.152.242 - - [09/Mar/2020:16:25:57 -0300] "POST /cormun/servlet/solicitudotadjuntos?gx-no-cache=1583781554492 HTTP/1.1" 200 26
190.171.152.242 - - [09/Mar/2020:16:26:03 -0300] "GET /cormun/servlet/solicitudotadjuntos?02f0d70269702074494391b05aad2dde382ae7baec6d1f83d7674c24ad39ece1,gx-no-cache=1583781560819 HTTP/1.1" 200 30
190.171.152.242 - - [09/Mar/2020:16:26:03 -0300] "GET /cormun/servlet/solicitudotadjuntos?02f0d70269702074494391b05aad2dde382ae7baec6d1f83d7674c24ad39ece1,gx-no-cache=1583781560870 HTTP/1.1" 200 30
190.171.143.82 - - [09/Mar/2020:16:26:03 -0300] "GET /cormun/servlet/solicitudotadjuntos?INS,2020,16369,,1, HTTP/1.1" 200 6381
190.171.143.82 - - [09/Mar/2020:16:26:04 -0300] "GET /cormun/static/about:blank HTTP/1.1" 404 1011
190.171.143.82 - - [09/Mar/2020:16:26:04 -0300] "GET /cormun/servlet/solicitudotadjuntos?INS,2020,16369,,1, HTTP/1.1" 200 6373
190.171.143.82 - - [09/Mar/2020:16:26:05 -0300] "GET /cormun/servlet/solicitudotadjuntos?4de915437b0d63229438d7c66fa0f7d4527ef7dda5cb5697238ede7842248e3e19a833415fa1dc291ba869ebdc64d974,gx-no-cache=1583781561303 HTTP/1.1" 200 30
190.171.143.82 - - [09/Mar/2020:16:26:05 -0300] "POST /cormun/servlet/solicitudotadjuntos?93eaac316cf64f61e24364df688dc49c,INS,2020,16369,,1,,gx-no-cache=1583781561398 HTTP/1.1" 200 4184
190.171.152.242 - - [09/Mar/2020:16:26:06 -0300] "POST /cormun/servlet/solicitudotadjuntos?ccca391c1b6839f73619b467cd654d9e,INS,2020,16371,,1, HTTP/1.1" 200 116
190.171.152.242 - - [09/Mar/2020:16:26:06 -0300] "GET /cormun/servlet/hpexe_return? HTTP/1.1" 200 1028
190.171.152.242 - - [09/Mar/2020:16:26:06 -0300] "GET /cormun/servlet/trsolicitudadjuntos?2020,16371, HTTP/1.1" 200 8715
190.171.152.242 - - [09/Mar/2020:16:26:07 -0300] "GET /cormun/servlet/trsolicitudadjuntos?2020,16371, HTTP/1.1" 200 8711
192.168.10.89 - - [09/Mar/2020:16:26:08 -0300] "POST /cormun/servlet/pucargahoraria?0f6585d9ca2e13589ad552a02fba24ef,F-26,2020,8937194,2,1,MD,gxPopupLevel%3D0%3B,gx-no-cache=1583785044328 HTTP/1.1" 200 95
192.168.10.89 - - [09/Mar/2020:16:26:08 -0300] "GET /cormun/servlet/hpexe_return?MD,gxPopupLevel%3D0%3B HTTP/1.1" 200 1193
192.168.10.89 - - [09/Mar/2020:16:26:09 -0300] "POST /cormun/servlet/trcargahoraria?0f6585d9ca2e13589ad552a02fba24ef,,gx-no-cache=1583785044503 HTTP/1.1" 200 5154
190.171.152.242 - - [09/Mar/2020:16:26:09 -0300] "GET /cormun/servlet/solicitudotadjuntos?INS,2020,16371,,1, HTTP/1.1" 200 6039
190.171.152.242 - - [09/Mar/2020:16:26:09 -0300] "GET /cormun/static/about:blank HTTP/1.1" 404 1011
190.171.152.242 - - [09/Mar/2020:16:26:09 -0300] "GET /cormun/servlet/solicitudotadjuntos?INS,2020,16371,,1, HTTP/1.1" 200 6032
190.171.152.242 - - [09/Mar/2020:16:26:10 -0300] "GET /cormun/servlet/solicitudotadjuntos?02f0d70269702074494391b05aad2dde7a927e98c653013399bc5c4e8f4d40c0c36703e330d05d7375f2dcd089c32ed0,gx-no-cache=1583781567642 HTTP/1.1" 200 30
190.171.152.242 - - [09/Mar/2020:16:26:10 -0300] "POST /cormun/servlet/solicitudotadjuntos?ccca391c1b6839f73619b467cd654d9e,INS,2020,16371,,1,,gx-no-cache=1583781567707 HTTP/1.1" 200 3880
192.168.10.89 - - [09/Mar/2020:16:26:12 -0300] "POST /cormun/servlet/trcargahoraria?0f6585d9ca2e13589ad552a02fba24ef,,gx-no-cache=1583785047533 HTTP/1.1" 200 5223
192.168.10.89 - - [09/Mar/2020:16:26:12 -0300] "GET /cormun/servlet/pucargahoraria?F-26,2020,9883903,2,1,MD,gxPopupLevel%3D0%3B HTTP/1.1" 200 6442
190.171.152.242 - - [09/Mar/2020:16:26:12 -0300] "POST /cormun/servlet/solicitudotadjuntos?gx-no-cache=1583781570066 HTTP/1.1" 200 26
192.168.10.89 - - [09/Mar/2020:16:26:16 -0300] "POST /cormun/servlet/pucargahoraria?0f6585d9ca2e13589ad552a02fba24ef,F-26,2020,9883903,2,1,MD,gxPopupLevel%3D0%3B,gx-no-cache=1583785051902 HTTP/1.1" 200 95
192.168.10.89 - - [09/Mar/2020:16:26:16 -0300] "GET /cormun/servlet/hpexe_return?MD,gxPopupLevel%3D0%3B HTTP/1.1" 200 1193
192.168.10.89 - - [09/Mar/2020:16:26:16 -0300] "POST /cormun/servlet/trcargahoraria?0f6585d9ca2e13589ad552a02fba24ef,,gx-no-cache=1583785052033 HTTP/1.1" 200 5023
192.168.10.89 - - [09/Mar/2020:16:26:18 -0300] "POST /cormun/servlet/trcargahoraria?0f6585d9ca2e13589ad552a02fba24ef,,gx-no-cache=1583785053828 HTTP/1.1" 200 5092
192.168.10.89 - - [09/Mar/2020:16:26:18 -0300] "GET /cormun/servlet/pucargahoraria?F-26,2020,9520836,2,1,MD,gxPopupLevel%3D0%3B HTTP/1.1" 200 6411
192.168.10.89 - - [09/Mar/2020:16:26:26 -0300] "POST /cormun/servlet/pucargahoraria?0f6585d9ca2e13589ad552a02fba24ef,F-26,2020,9520836,2,1,MD,gxPopupLevel%3D0%3B,gx-no-cache=1583785062214 HTTP/1.1" 200 95
192.168.10.89 - - [09/Mar/2020:16:26:26 -0300] "GET /cormun/servlet/hpexe_return?MD,gxPopupLevel%3D0%3B HTTP/1.1" 200 1193
192.168.10.89 - - [09/Mar/2020:16:26:26 -0300] "POST /cormun/servlet/trcargahoraria?0f6585d9ca2e13589ad552a02fba24ef,,gx-no-cache=1583785062364 HTTP/1.1" 200 4877
200.120.230.88 - - [09/Mar/2020:16:26:31 -0300] "GET /cormun/servlet/hlogin HTTP/1.1" 200 1722
200.120.230.88 - - [09/Mar/2020:16:26:33 -0300] "GET /favicon.ico HTTP/1.1" 200 21630
190.171.152.242 - - [09/Mar/2020:16:26:35 -0300] "GET /cormun/servlet/solicitudotadjuntos?02f0d70269702074494391b05aad2dde382ae7baec6d1f83d7674c24ad39ece1,gx-no-cache=1583781592891 HTTP/1.1" 200 30
190.171.152.242 - - [09/Mar/2020:16:26:35 -0300] "GET /cormun/servlet/solicitudotadjuntos?02f0d70269702074494391b05aad2dde382ae7baec6d1f83d7674c24ad39ece1,gx-no-cache=1583781592926 HTTP/1.1" 200 30
190.171.152.242 - - [09/Mar/2020:16:26:35 -0300] "POST /cormun/servlet/solicitudotadjuntos?ccca391c1b6839f73619b467cd654d9e,INS,2020,16371,,1, HTTP/1.1" 200 116
190.171.152.242 - - [09/Mar/2020:16:26:35 -0300] "GET /cormun/servlet/hpexe_return? HTTP/1.1" 200 1028
190.171.152.242 - - [09/Mar/2020:16:26:36 -0300] "GET /cormun/servlet/trsolicitudadjuntos?2020,16371, HTTP/1.1" 200 8973
190.171.152.242 - - [09/Mar/2020:16:26:36 -0300] "GET /cormun/servlet/trsolicitudadjuntos?2020,16371, HTTP/1.1" 200 8973
200.120.230.88 - - [09/Mar/2020:16:26:37 -0300] "POST /cormun/servlet/hlogin?699645ed1ee51bad1d360f8faf2960e6,gx-no-cache=1583781592753 HTTP/1.1" 200 90
200.120.230.88 - - [09/Mar/2020:16:26:37 -0300] "GET /cormun/servlet/hpexe_link HTTP/1.1" 200 950
200.120.230.88 - - [09/Mar/2020:16:26:37 -0300] "GET /cormun/servlet/hhome HTTP/1.1" 200 4257
190.171.152.242 - - [09/Mar/2020:16:26:38 -0300] "GET /cormun/servlet/solicitudotadjuntos?INS,2020,16371,,1, HTTP/1.1" 200 6039
190.171.152.242 - - [09/Mar/2020:16:26:38 -0300] "GET /cormun/static/about:blank HTTP/1.1" 404 1011
190.171.152.242 - - [09/Mar/2020:16:26:38 -0300] "GET /cormun/servlet/solicitudotadjuntos?INS,2020,16371,,1, HTTP/1.1" 200 6032
190.171.152.242 - - [09/Mar/2020:16:26:39 -0300] "GET /cormun/servlet/solicitudotadjuntos?02f0d70269702074494391b05aad2dde7a927e98c653013399bc5c4e8f4d40c0c36703e330d05d7375f2dcd089c32ed0,gx-no-cache=1583781596823 HTTP/1.1" 200 30
190.171.152.242 - - [09/Mar/2020:16:26:39 -0300] "POST /cormun/servlet/solicitudotadjuntos?ccca391c1b6839f73619b467cd654d9e,INS,2020,16371,,1,,gx-no-cache=1583781596861 HTTP/1.1" 200 3880
200.120.230.88 - - [09/Mar/2020:16:26:40 -0300] "GET /cormun/servlet/hhome HTTP/1.1" 200 4254
190.171.152.242 - - [09/Mar/2020:16:26:41 -0300] "POST /cormun/servlet/solicitudotadjuntos?gx-no-cache=1583781599090 HTTP/1.1" 200 26
200.120.230.88 - - [09/Mar/2020:16:26:46 -0300] "GET /cormun/servlet/trpermisosgoce? HTTP/1.1" 200 8021
200.120.230.88 - - [09/Mar/2020:16:26:46 -0300] "GET /cormun/static/gxcfg.js?2020121631564 HTTP/1.1" 200 953
200.120.230.88 - - [09/Mar/2020:16:26:46 -0300] "GET /cormun/static/trpermisosgoce.js?2020121633681 HTTP/1.1" 200 35904
200.120.230.88 - - [09/Mar/2020:16:26:48 -0300] "GET /cormun/servlet/trpermisosgoce? HTTP/1.1" 200 8019
200.120.230.88 - - [09/Mar/2020:16:26:48 -0300] "GET /cormun//static/Resources/PXToolsGridDelete.png HTTP/1.1" 200 538
190.171.152.242 - - [09/Mar/2020:16:26:49 -0300] "GET /cormun/servlet/solicitudotadjuntos?02f0d70269702074494391b05aad2dde382ae7baec6d1f83d7674c24ad39ece1,gx-no-cache=1583781606746 HTTP/1.1" 200 30
190.171.152.242 - - [09/Mar/2020:16:26:49 -0300] "GET /cormun/servlet/solicitudotadjuntos?02f0d70269702074494391b05aad2dde382ae7baec6d1f83d7674c24ad39ece1,gx-no-cache=1583781606766 HTTP/1.1" 200 30
190.171.152.242 - - [09/Mar/2020:16:26:49 -0300] "POST /cormun/servlet/solicitudotadjuntos?ccca391c1b6839f73619b467cd654d9e,INS,2020,16371,,1, HTTP/1.1" 200 116
190.171.152.242 - - [09/Mar/2020:16:26:49 -0300] "GET /cormun/servlet/hpexe_return? HTTP/1.1" 200 1028
190.171.152.242 - - [09/Mar/2020:16:26:49 -0300] "GET /cormun/servlet/trsolicitudadjuntos?2020,16371, HTTP/1.1" 200 9164
190.171.152.242 - - [09/Mar/2020:16:26:50 -0300] "GET /cormun/servlet/trsolicitudadjuntos?2020,16371, HTTP/1.1" 200 9162
190.171.152.242 - - [09/Mar/2020:16:26:52 -0300] "GET /cormun/servlet/solicitudotadjuntos?INS,2020,16371,,1, HTTP/1.1" 200 6038
200.120.230.88 - - [09/Mar/2020:16:26:52 -0300] "GET /cormun/servlet/permisogoce?INS,0,,, HTTP/1.1" 200 7129
190.171.152.242 - - [09/Mar/2020:16:26:52 -0300] "GET /cormun/static/about:blank HTTP/1.1" 404 1011
190.171.152.242 - - [09/Mar/2020:16:26:52 -0300] "GET /cormun/servlet/solicitudotadjuntos?INS,2020,16371,,1, HTTP/1.1" 200 6031
200.120.230.88 - - [09/Mar/2020:16:26:52 -0300] "GET /cormun/static/gxcfg.js?20201215124560 HTTP/1.1" 200 953
200.120.230.88 - - [09/Mar/2020:16:26:52 -0300] "GET /cormun/static/permisogoce.js?20201215124939 HTTP/1.1" 200 27919
190.171.152.242 - - [09/Mar/2020:16:26:53 -0300] "GET /cormun/servlet/solicitudotadjuntos?02f0d70269702074494391b05aad2dde7a927e98c653013399bc5c4e8f4d40c0c36703e330d05d7375f2dcd089c32ed0,gx-no-cache=1583781610527 HTTP/1.1" 200 30
190.171.152.242 - - [09/Mar/2020:16:26:53 -0300] "POST /cormun/servlet/solicitudotadjuntos?ccca391c1b6839f73619b467cd654d9e,INS,2020,16371,,1,,gx-no-cache=1583781610667 HTTP/1.1" 200 3878
200.120.230.88 - - [09/Mar/2020:16:26:54 -0300] "GET /cormun/servlet/permisogoce?INS,0,,, HTTP/1.1" 200 7129
192.168.10.89 - - [09/Mar/2020:16:26:54 -0300] "POST /cormun/servlet/trcargahoraria?0f6585d9ca2e13589ad552a02fba24ef,,gx-no-cache=1583785089852 HTTP/1.1" 200 4945
192.168.10.89 - - [09/Mar/2020:16:26:54 -0300] "GET /cormun/servlet/pucargahoraria?F-26,2020,7079614,2,1,MD,gxPopupLevel%3D0%3B HTTP/1.1" 200 6435
200.120.230.88 - - [09/Mar/2020:16:26:58 -0300] "GET /cormun/servlet/permisogoce?b4c561fcba4304c386c57f1ad17b187bbf44479df1fea3b1970679b2a2c79b33f69e7075b3bb21f71c123fdfc0e330c7,gx-no-cache=1583781613726 HTTP/1.1" 200 223
200.120.230.88 - - [09/Mar/2020:16:26:58 -0300] "GET /cormun/static/Shared/jqueryui/images/ui-bg_highlight-soft_100_c6c2c8_1x100.png HTTP/1.1" 404 1117
200.120.230.88 - - [09/Mar/2020:16:26:58 -0300] "GET /cormun/static/Shared/jqueryui/images/ui-icons_82798d_256x240.png HTTP/1.1" 404 1089
200.120.230.88 - - [09/Mar/2020:16:26:58 -0300] "GET /cormun/static/Shared/jqueryui/images/ui-bg_flat_55_994d53_40x100.png HTTP/1.1" 404 1097
200.120.230.88 - - [09/Mar/2020:16:26:58 -0300] "GET /cormun/static/Shared/jqueryui/images/ui-icons_ebccce_256x240.png HTTP/1.1" 404 1089
190.171.152.242 - - [09/Mar/2020:16:26:59 -0300] "POST /cormun/servlet/solicitudotadjuntos?gx-no-cache=1583781616570 HTTP/1.1" 200 26
192.168.10.89 - - [09/Mar/2020:16:27:05 -0300] "POST /cormun/servlet/pucargahoraria?0f6585d9ca2e13589ad552a02fba24ef,F-26,2020,7079614,2,1,MD,gxPopupLevel%3D0%3B,gx-no-cache=1583785101098 HTTP/1.1" 200 95
192.168.10.89 - - [09/Mar/2020:16:27:05 -0300] "GET /cormun/servlet/hpexe_return?MD,gxPopupLevel%3D0%3B HTTP/1.1" 200 1193
192.168.10.89 - - [09/Mar/2020:16:27:05 -0300] "POST /cormun/servlet/trcargahoraria?0f6585d9ca2e13589ad552a02fba24ef,,gx-no-cache=1583785101269 HTTP/1.1" 200 4705
190.171.152.242 - - [09/Mar/2020:16:27:07 -0300] "GET /cormun/servlet/solicitudotadjuntos?02f0d70269702074494391b05aad2dde382ae7baec6d1f83d7674c24ad39ece1,gx-no-cache=1583781624858 HTTP/1.1" 200 30
190.171.152.242 - - [09/Mar/2020:16:27:07 -0300] "GET /cormun/servlet/solicitudotadjuntos?02f0d70269702074494391b05aad2dde382ae7baec6d1f83d7674c24ad39ece1,gx-no-cache=1583781624896 HTTP/1.1" 200 30
190.171.152.242 - - [09/Mar/2020:16:27:07 -0300] "POST /cormun/servlet/solicitudotadjuntos?ccca391c1b6839f73619b467cd654d9e,INS,2020,16371,,1, HTTP/1.1" 200 116
190.171.152.242 - - [09/Mar/2020:16:27:07 -0300] "GET /cormun/servlet/hpexe_return? HTTP/1.1" 200 1028
190.171.152.242 - - [09/Mar/2020:16:27:08 -0300] "GET /cormun/servlet/trsolicitudadjuntos?2020,16371, HTTP/1.1" 200 9368
192.168.10.89 - - [09/Mar/2020:16:27:08 -0300] "POST /cormun/servlet/trcargahoraria?0f6585d9ca2e13589ad552a02fba24ef,,gx-no-cache=1583785104067 HTTP/1.1" 200 4772
190.171.152.242 - - [09/Mar/2020:16:27:08 -0300] "GET /cormun/servlet/trsolicitudadjuntos?2020,16371, HTTP/1.1" 200 9367
192.168.10.89 - - [09/Mar/2020:16:27:09 -0300] "GET /cormun/servlet/pucargahoraria?F-26,2020,92,2,1,MD,gxPopupLevel%3D0%3B HTTP/1.1" 200 6354
190.171.143.82 - - [09/Mar/2020:16:27:09 -0300] "POST /cormun/servlet/solicitudotadjuntos?gx-no-cache=1583781625900 HTTP/1.1" 200 26
190.171.152.242 - - [09/Mar/2020:16:27:10 -0300] "GET /cormun/servlet/solicitudotadjuntos?INS,2020,16371,,1, HTTP/1.1" 200 6038
190.171.152.242 - - [09/Mar/2020:16:27:10 -0300] "GET /cormun/static/about:blank HTTP/1.1" 404 1011
190.171.152.242 - - [09/Mar/2020:16:27:10 -0300] "GET /cormun/servlet/solicitudotadjuntos?INS,2020,16371,,1, HTTP/1.1" 200 6031
190.171.152.242 - - [09/Mar/2020:16:27:11 -0300] "GET /cormun/servlet/solicitudotadjuntos?02f0d70269702074494391b05aad2dde7a927e98c653013399bc5c4e8f4d40c0c36703e330d05d7375f2dcd089c32ed0,gx-no-cache=1583781628784 HTTP/1.1" 200 30
190.171.152.242 - - [09/Mar/2020:16:27:11 -0300] "POST /cormun/servlet/solicitudotadjuntos?ccca391c1b6839f73619b467cd654d9e,INS,2020,16371,,1,,gx-no-cache=1583781628831 HTTP/1.1" 200 3878
192.168.10.89 - - [09/Mar/2020:16:27:12 -0300] "POST /cormun/servlet/trcargahoraria?0f6585d9ca2e13589ad552a02fba24ef,,gx-no-cache=1583785108270 HTTP/1.1" 200 4705
200.120.230.88 - - [09/Mar/2020:16:27:13 -0300] "GET /cormun/static/Resources/resize.gif HTTP/1.1" 200 77
200.120.230.88 - - [09/Mar/2020:16:27:13 -0300] "GET /cormun/static/Resources/PXTools/ClosePrompt.png HTTP/1.1" 200 1036
200.120.230.88 - - [09/Mar/2020:16:27:13 -0300] "GET /cormun/servlet/prfichaempleado?,MD,,gxPopupLevel%3D0%3B HTTP/1.1" 200 9289
190.171.152.242 - - [09/Mar/2020:16:27:13 -0300] "POST /cormun/servlet/solicitudotadjuntos?gx-no-cache=1583781631386 HTTP/1.1" 200 26
200.120.230.88 - - [09/Mar/2020:16:27:14 -0300] "GET /cormun/static/gxcfg.js?20201215571085 HTTP/1.1" 200 953
200.120.230.88 - - [09/Mar/2020:16:27:14 -0300] "GET /cormun/static/Resources/PXToolsMenuSearch.png HTTP/1.1" 200 336
200.120.230.88 - - [09/Mar/2020:16:27:14 -0300] "GET /cormun/static/Resources/PXToolsMenuSearchCancel.png HTTP/1.1" 200 306
200.120.230.88 - - [09/Mar/2020:16:27:14 -0300] "GET /cormun/static/prfichaempleado.js?20201215572193 HTTP/1.1" 200 16006
200.120.230.88 - - [09/Mar/2020:16:27:14 -0300] "GET /cormun/static/menusearch.js?20201214473581 HTTP/1.1" 200 1424
