190.171.141.106 - - [06/Mar/2020:11:49:31 -0300] "GET /cormun/servlet/solicitudot?INS,0,0,false, HTTP/1.1" 200 15536
200.54.103.162 - - [06/Mar/2020:11:49:32 -0300] "POST /cormun/servlet/trcontratounov2?87b1ab42fafa1a5d007c80bf2f6131fa,,gx-no-cache=1583505771557 HTTP/1.1" 200 17253
190.171.141.106 - - [06/Mar/2020:11:49:32 -0300] "GET /cormun/servlet/solicitudot?INS,0,0,false, HTTP/1.1" 200 15545
200.54.103.162 - - [06/Mar/2020:11:49:33 -0300] "GET /cormun/static/Resources/PXToolsGridFirst.gif HTTP/1.1" 200 379
200.54.103.162 - - [06/Mar/2020:11:49:33 -0300] "GET /cormun/static/Resources/PXToolsGridPrevious.gif HTTP/1.1" 200 369
186.103.159.189 - - [06/Mar/2020:11:49:36 -0300] "POST /cormun/servlet/solicitudotadjuntos?gx-no-cache=1583505776211 HTTP/1.1" 200 26
190.171.141.106 - - [06/Mar/2020:11:49:55 -0300] "POST /cormun/servlet/solicitudot?gx-no-cache=1583505795229 HTTP/1.1" 200 3638
190.171.141.106 - - [06/Mar/2020:11:49:55 -0300] "POST /cormun/servlet/solicitudot?da579dd9ed7e1dcfaaf8ce2202672059,INS,0,0,false,,gx-no-cache=1583505795529 HTTP/1.1" 200 12267
186.103.159.189 - - [06/Mar/2020:11:49:57 -0300] "GET /cormun/servlet/solicitudotadjuntos?85a8ac086b270642e2688d8d1e2b02f496d1d535f0de2c80c8cdae64e7558ba0,gx-no-cache=1583505797014 HTTP/1.1" 200 30
186.103.159.189 - - [06/Mar/2020:11:49:57 -0300] "GET /cormun/servlet/solicitudotadjuntos?85a8ac086b270642e2688d8d1e2b02f496d1d535f0de2c80c8cdae64e7558ba0,gx-no-cache=1583505797219 HTTP/1.1" 200 30
186.103.159.189 - - [06/Mar/2020:11:49:57 -0300] "POST /cormun/servlet/solicitudotadjuntos?cf91cee504e191af8c1e64bd5700b999,INS,2020,16307,,2, HTTP/1.1" 200 116
186.103.159.189 - - [06/Mar/2020:11:49:57 -0300] "GET /cormun/servlet/hpexe_return? HTTP/1.1" 200 1029
186.103.159.189 - - [06/Mar/2020:11:49:58 -0300] "GET /cormun/servlet/trsolicitudadjuntos?2020,16307, HTTP/1.1" 200 10024
200.54.103.162 - - [06/Mar/2020:11:49:59 -0300] "GET /cormun/servlet/trcargahoraria? HTTP/1.1" 200 12849
200.54.103.162 - - [06/Mar/2020:11:49:59 -0300] "GET /cormun/static/gxcfg.js?202012113392337 HTTP/1.1" 304 -
200.54.103.162 - - [06/Mar/2020:11:50:01 -0300] "GET /cormun/servlet/trcargahoraria? HTTP/1.1" 200 12848
186.103.159.189 - - [06/Mar/2020:11:50:01 -0300] "GET /cormun/servlet/trsolicitudadjuntos?2020,16307, HTTP/1.1" 200 10021
186.103.159.189 - - [06/Mar/2020:11:50:05 -0300] "GET /cormun/servlet/solicitudotadjuntos?INS,2020,16307,,2, HTTP/1.1" 200 6029
190.171.141.106 - - [06/Mar/2020:11:50:05 -0300] "GET /cormun/servlet/solicitudot?30fd9ddbfecc5921e13764b64857ba9a2512c974fc10003641b4a3834b70b29c70eb28e92456ebf9b08c337106f91416,gx-no-cache=1583505805852 HTTP/1.1" 200 30
190.171.141.106 - - [06/Mar/2020:11:50:05 -0300] "GET /cormun/servlet/solicitudot?30fd9ddbfecc5921e13764b64857ba9a24a9aaa0253fd267d19ed09ca8437dc8191a2e0d58c5484d00b1b760630d11a5bde09429648ec6f2b88d1d8dc454070b,gx-no-cache=1583505805975 HTTP/1.1" 200 30
190.171.141.106 - - [06/Mar/2020:11:50:05 -0300] "GET /cormun/servlet/solicitudot?30fd9ddbfecc5921e13764b64857ba9abceca57d3dbf265c4ed89b51f2c68e81,gx-no-cache=1583505806107 HTTP/1.1" 200 51
190.171.141.106 - - [06/Mar/2020:11:50:05 -0300] "POST /cormun/servlet/solicitudot?gx-no-cache=1583505806159 HTTP/1.1" 200 255
190.171.141.106 - - [06/Mar/2020:11:50:06 -0300] "GET /cormun/servlet/solicitudot?30fd9ddbfecc5921e13764b64857ba9a76e21f0053a833fcd05517557a82cd26fd02522a0409d6b9a2ad7d9de0d04b6a8ce4a009feabc3dbc1a61c57c8e6ae40ce345cb51e98f6cda80efa47090e12b31edfe2a1ce3afa5d6cd179f28aad3eabc23e77c3226ed4bdc40b60fb36d34570ed7c38ac34f041f6e055ae790571bee0ddb78db1734c08ff716e19671a8c466e66cb5bcab1ee3224f0eddaaf7190bb3ace3fe7fcd31f7c26a8a5197b4d9966a1a677e6a0d10141bff103fda6a74ae77dcf5cc30c666a83497ead4f09d33b33bab19508424b21bedc16828dcf9d9403481d79f78d532973450147d8e511f758925e01d517c87c97b9082e6bc60e3d56ffda90e08e05bf740de8b72a5fa7e3cc18eb1b6ca802f5f43786083c4d1089a6ce53adee2f1708ee3bbf8fdad48ca47a2ad67d7c969bfc570bc431376e42f207f9c4da1237843b1219fd836564547bfc35732f49e4a5dcd4f6a6abb7816121803dba0b1f2c1bdb09fac26ccd1ab292d67c8770acfe3f1bd7e7974883a118317189,gx-no-cache=1583505806260 HTTP/1.1" 200 30
186.103.159.189 - - [06/Mar/2020:11:50:06 -0300] "GET /cormun/static/about:blank HTTP/1.1" 404 1011
186.103.159.189 - - [06/Mar/2020:11:50:08 -0300] "GET /cormun/servlet/solicitudotadjuntos?INS,2020,16307,,2, HTTP/1.1" 200 6023
186.103.159.189 - - [06/Mar/2020:11:50:09 -0300] "GET /cormun/servlet/solicitudotadjuntos?85a8ac086b270642e2688d8d1e2b02f46d6635977d92c6d36c19d65865d538982f829813bc56def03bd22e5a8525c1fd,gx-no-cache=1583505809288 HTTP/1.1" 200 30
186.103.159.189 - - [06/Mar/2020:11:50:09 -0300] "POST /cormun/servlet/solicitudotadjuntos?cf91cee504e191af8c1e64bd5700b999,INS,2020,16307,,2,,gx-no-cache=1583505809382 HTTP/1.1" 200 4045
200.54.103.162 - - [06/Mar/2020:11:50:10 -0300] "POST /cormun/servlet/trcargahoraria?87b1ab42fafa1a5d007c80bf2f6131fa,,gx-no-cache=1583505810361 HTTP/1.1" 200 10185
190.171.141.106 - - [06/Mar/2020:11:50:12 -0300] "POST /cormun/servlet/solicitudot?gx-no-cache=1583505812311 HTTP/1.1" 200 30
200.54.103.162 - - [06/Mar/2020:11:50:17 -0300] "POST /cormun/servlet/trcargahoraria?87b1ab42fafa1a5d007c80bf2f6131fa,,gx-no-cache=1583505817316 HTTP/1.1" 200 10185
186.103.159.189 - - [06/Mar/2020:11:50:19 -0300] "POST /cormun/servlet/solicitudotadjuntos?gx-no-cache=1583505820133 HTTP/1.1" 200 26
200.54.103.162 - - [06/Mar/2020:11:50:24 -0300] "POST /cormun/servlet/trcargahoraria?87b1ab42fafa1a5d007c80bf2f6131fa,,gx-no-cache=1583505824310 HTTP/1.1" 200 10185
190.171.152.114 - - [06/Mar/2020:11:50:28 -0300] "GET /cormun/servlet/hlogin HTTP/1.1" 200 1728
190.171.152.114 - - [06/Mar/2020:11:50:29 -0300] "GET /cormun/servlet/hlogin HTTP/1.1" 200 1734
190.171.141.106 - - [06/Mar/2020:11:50:30 -0300] "POST /cormun/servlet/solicitudot?gx-no-cache=1583505830645 HTTP/1.1" 200 1368
190.171.141.106 - - [06/Mar/2020:11:50:30 -0300] "POST /cormun/servlet/solicitudot?gx-no-cache=1583505830772 HTTP/1.1" 200 38
190.171.141.106 - - [06/Mar/2020:11:50:30 -0300] "GET /cormun/servlet/solicitudot?30fd9ddbfecc5921e13764b64857ba9abaab8b3331e2f03e4069c8125dbbc41773b81cb43d5e2883b6b03b8088d1ef538931693ea686604418d18de2cee6a622ad62e7588ce45672218350c24058cd23fa9290106861851ad87c52ced09dd6466bc1f2f4cabaf64e8465f898c9f912f0,gx-no-cache=1583505830828 HTTP/1.1" 200 110
186.103.159.189 - - [06/Mar/2020:11:50:35 -0300] "GET /cormun/servlet/solicitudotadjuntos?85a8ac086b270642e2688d8d1e2b02f496d1d535f0de2c80c8cdae64e7558ba0,gx-no-cache=1583505835612 HTTP/1.1" 200 30
186.103.159.189 - - [06/Mar/2020:11:50:35 -0300] "GET /cormun/servlet/solicitudotadjuntos?85a8ac086b270642e2688d8d1e2b02f496d1d535f0de2c80c8cdae64e7558ba0,gx-no-cache=1583505835707 HTTP/1.1" 200 30
186.103.159.189 - - [06/Mar/2020:11:50:35 -0300] "POST /cormun/servlet/solicitudotadjuntos?cf91cee504e191af8c1e64bd5700b999,INS,2020,16307,,2, HTTP/1.1" 200 116
186.103.159.189 - - [06/Mar/2020:11:50:36 -0300] "GET /cormun/servlet/hpexe_return? HTTP/1.1" 200 1029
186.103.159.189 - - [06/Mar/2020:11:50:37 -0300] "GET /cormun/servlet/trsolicitudadjuntos?2020,16307, HTTP/1.1" 200 10145
186.103.159.189 - - [06/Mar/2020:11:50:39 -0300] "GET /cormun/servlet/trsolicitudadjuntos?2020,16307, HTTP/1.1" 200 10146
186.103.159.189 - - [06/Mar/2020:11:50:43 -0300] "GET /cormun/servlet/solicitudotadjuntos?INS,2020,16307,,2, HTTP/1.1" 200 6029
190.171.152.114 - - [06/Mar/2020:11:50:43 -0300] "POST /cormun/servlet/hlogin?76e015b63a171f3b706f2b52728d10bc,gx-no-cache=1583505847210 HTTP/1.1" 200 90
190.171.152.114 - - [06/Mar/2020:11:50:43 -0300] "GET /cormun/servlet/hpexe_link HTTP/1.1" 200 949
190.171.152.114 - - [06/Mar/2020:11:50:43 -0300] "GET /cormun/servlet/hhome HTTP/1.1" 200 4270
186.103.159.189 - - [06/Mar/2020:11:50:43 -0300] "GET /cormun/static/about:blank HTTP/1.1" 404 1011
190.171.152.114 - - [06/Mar/2020:11:50:44 -0300] "GET /cormun/servlet/hhome HTTP/1.1" 200 4266
186.103.159.189 - - [06/Mar/2020:11:50:46 -0300] "GET /cormun/servlet/solicitudotadjuntos?INS,2020,16307,,2, HTTP/1.1" 200 6023
186.103.159.189 - - [06/Mar/2020:11:50:46 -0300] "GET /cormun/servlet/solicitudotadjuntos?85a8ac086b270642e2688d8d1e2b02f46d6635977d92c6d36c19d65865d538982f829813bc56def03bd22e5a8525c1fd,gx-no-cache=1583505846904 HTTP/1.1" 200 30
186.103.159.189 - - [06/Mar/2020:11:50:47 -0300] "POST /cormun/servlet/solicitudotadjuntos?cf91cee504e191af8c1e64bd5700b999,INS,2020,16307,,2,,gx-no-cache=1583505847087 HTTP/1.1" 200 4045
190.171.141.106 - - [06/Mar/2020:11:50:48 -0300] "POST /cormun/servlet/solicitudot?gx-no-cache=1583505849093 HTTP/1.1" 200 97
190.171.152.114 - - [06/Mar/2020:11:50:49 -0300] "GET /cormun/servlet/trpermisosgoce? HTTP/1.1" 200 7195
190.171.152.114 - - [06/Mar/2020:11:50:49 -0300] "GET /cormun/static/gxcfg.js?2020121631564 HTTP/1.1" 200 953
190.171.152.114 - - [06/Mar/2020:11:50:49 -0300] "GET /cormun/static/trpermisosgoce.js?2020121633681 HTTP/1.1" 200 35904
190.171.152.114 - - [06/Mar/2020:11:50:50 -0300] "GET /cormun/servlet/trpermisosgoce? HTTP/1.1" 200 7195
186.103.159.189 - - [06/Mar/2020:11:50:57 -0300] "POST /cormun/servlet/solicitudotadjuntos?gx-no-cache=1583505857321 HTTP/1.1" 200 26
190.171.152.114 - - [06/Mar/2020:11:50:58 -0300] "GET /cormun/servlet/trpermisosgoce? HTTP/1.1" 200 7195
190.171.141.106 - - [06/Mar/2020:11:50:59 -0300] "GET /cormun/servlet/solicitudot?30fd9ddbfecc5921e13764b64857ba9a4044fcb3983f40f77c6789e9dafa69b500bfa466a92a107978dbe95c906f6dc32e20626c71e8243a3706fef51f82e87e27b9ded7adb7551913ce0e2e117a07b6f160bcb24d7dae828d2b41a8b3335d9797f434a5426c523b2e4ba2367dbebf9d3c7e0f9e47ab52181ae44fa2bd7432e631c9cf88dc95897bd21361a313d2283f7862ac7f36b84d92da23103b37a849b5,gx-no-cache=1583505859168 HTTP/1.1" 200 29
190.171.152.114 - - [06/Mar/2020:11:50:59 -0300] "GET /cormun/servlet/trpermisosgoce? HTTP/1.1" 200 7195
190.171.141.106 - - [06/Mar/2020:11:51:05 -0300] "GET /cormun/servlet/solicitudot?30fd9ddbfecc5921e13764b64857ba9a1aa74cc3502124eebe4e061f0b88fafe9b7fd4911976ee36b17a38a61499f50a,gx-no-cache=1583505865245 HTTP/1.1" 200 30
190.171.152.114 - - [06/Mar/2020:11:51:09 -0300] "GET /cormun/servlet/permisogoce?INS,0,,, HTTP/1.1" 200 7147
190.171.152.114 - - [06/Mar/2020:11:51:09 -0300] "GET /cormun/static/gxcfg.js?20201215124560 HTTP/1.1" 200 953
190.171.152.114 - - [06/Mar/2020:11:51:09 -0300] "GET /cormun/static/permisogoce.js?20201215124939 HTTP/1.1" 200 27919
186.103.159.189 - - [06/Mar/2020:11:51:09 -0300] "GET /cormun/servlet/solicitudotadjuntos?85a8ac086b270642e2688d8d1e2b02f496d1d535f0de2c80c8cdae64e7558ba0,gx-no-cache=1583505869407 HTTP/1.1" 200 30
186.103.159.189 - - [06/Mar/2020:11:51:09 -0300] "GET /cormun/servlet/solicitudotadjuntos?85a8ac086b270642e2688d8d1e2b02f496d1d535f0de2c80c8cdae64e7558ba0,gx-no-cache=1583505869506 HTTP/1.1" 200 30
190.171.152.114 - - [06/Mar/2020:11:51:10 -0300] "GET /cormun/servlet/permisogoce?INS,0,,, HTTP/1.1" 200 7145
186.103.159.189 - - [06/Mar/2020:11:51:10 -0300] "POST /cormun/servlet/solicitudotadjuntos?cf91cee504e191af8c1e64bd5700b999,INS,2020,16307,,2, HTTP/1.1" 200 116
186.103.159.189 - - [06/Mar/2020:11:51:10 -0300] "GET /cormun/servlet/hpexe_return? HTTP/1.1" 200 1029
186.103.159.189 - - [06/Mar/2020:11:51:12 -0300] "GET /cormun/servlet/trsolicitudadjuntos?2020,16307, HTTP/1.1" 200 10316
190.171.141.106 - - [06/Mar/2020:11:51:14 -0300] "POST /cormun/servlet/solicitudot?gx-no-cache=1583505874874 HTTP/1.1" 200 30
186.103.159.189 - - [06/Mar/2020:11:51:14 -0300] "GET /cormun/servlet/trsolicitudadjuntos?2020,16307, HTTP/1.1" 200 10314
190.171.152.114 - - [06/Mar/2020:11:51:20 -0300] "GET /cormun/servlet/permisogoce?daacdc134539362feaca3e89420b499cc6cad4ac2e2777a66ef70733e4ed8f6fca9a083eb926ecf6796d701e78542d6c818fd11c21ee2eb80746728bf2d222c1,gx-no-cache=1583505884461 HTTP/1.1" 200 81
190.171.152.114 - - [06/Mar/2020:11:51:23 -0300] "GET /cormun/static/menuarrow.gif HTTP/1.1" 404 1015
190.171.152.114 - - [06/Mar/2020:11:51:37 -0300] "GET /cormun/servlet/permisogoce?daacdc134539362feaca3e89420b499c0336d568020ea5c8ecf5c09f9dce9cf487edc492c7e86a0c2522b5978b825579d03701211151a09d9d48931cc0165794,gx-no-cache=1583505901331 HTTP/1.1" 200 46
186.103.159.189 - - [06/Mar/2020:11:51:38 -0300] "GET /cormun/servlet/solicitudotadjuntos?DLT,2020,16307,CERTIF8,0, HTTP/1.1" 200 6010
186.103.159.189 - - [06/Mar/2020:11:51:39 -0300] "GET /cormun/PublicTempStorage/certificado_secreduc2319912.pdf HTTP/1.1" 200 206060
186.103.159.189 - - [06/Mar/2020:11:51:41 -0300] "GET /cormun/static/Shared/jqueryui/images/ui-bg_highlight-soft_100_c6c2c8_1x100.png HTTP/1.1" 404 1117
186.103.159.189 - - [06/Mar/2020:11:51:41 -0300] "GET /cormun/static/Shared/jqueryui/images/ui-icons_82798d_256x240.png HTTP/1.1" 404 1089
186.103.159.189 - - [06/Mar/2020:11:51:41 -0300] "GET /cormun/static/Shared/jqueryui/images/ui-bg_flat_55_fafafa_40x100.png HTTP/1.1" 404 1097
186.103.159.189 - - [06/Mar/2020:11:51:41 -0300] "GET /cormun/static/Shared/jqueryui/images/ui-icons_8d78a5_256x240.png HTTP/1.1" 404 1089
186.103.159.189 - - [06/Mar/2020:11:51:41 -0300] "GET /cormun/servlet/solicitudotadjuntos?DLT,2020,16307,CERTIF8,0, HTTP/1.1" 200 6005
186.103.159.189 - - [06/Mar/2020:11:51:45 -0300] "POST /cormun/servlet/solicitudotadjuntos?cf91cee504e191af8c1e64bd5700b999,DLT,2020,16307,CERTIF8,0,,gx-no-cache=1583505906023 HTTP/1.1" 200 93
186.103.159.189 - - [06/Mar/2020:11:51:46 -0300] "GET /cormun/servlet/hpexe_return? HTTP/1.1" 200 1035
186.103.159.189 - - [06/Mar/2020:11:51:47 -0300] "GET /cormun/servlet/trsolicitudadjuntos?2020,16307, HTTP/1.1" 200 10200
190.171.152.114 - - [06/Mar/2020:11:51:50 -0300] "POST /cormun/servlet/permisogoce?76e015b63a171f3b706f2b52728d10bc,INS,0,,,,gx-no-cache=1583505913294 HTTP/1.1" 200 93
190.171.152.114 - - [06/Mar/2020:11:51:50 -0300] "GET /cormun/servlet/hpexe_return? HTTP/1.1" 200 1007
190.171.152.114 - - [06/Mar/2020:11:51:50 -0300] "GET /cormun/static/gxcfg.js?201991422392976 HTTP/1.1" 200 953
186.103.159.189 - - [06/Mar/2020:11:51:50 -0300] "GET /cormun/servlet/trsolicitudadjuntos?2020,16307, HTTP/1.1" 200 10197
190.171.152.114 - - [06/Mar/2020:11:51:50 -0300] "GET /cormun/servlet/trpermisosgoce HTTP/1.1" 200 8066
190.171.152.114 - - [06/Mar/2020:11:51:51 -0300] "GET /cormun/servlet/trpermisosgoce HTTP/1.1" 200 8062
186.103.159.189 - - [06/Mar/2020:11:51:53 -0300] "GET /cormun/servlet/solicitudotadjuntos?INS,2020,16307,,2, HTTP/1.1" 200 6029
186.67.164.138 - - [06/Mar/2020:11:51:53 -0300] "GET /cormun/servlet/licenciaspermisos?a0b74129d656645dc23fa745f721f6aa256de572e50b4749fa0424f4773d9b98a67d4472fbe38119140de05c74ce0932dbfed55d8a40b3bc77f384c2a5fd52d1a34a3393b9082d7426c75e229623762a3400403d243f11548401341cd2d01e273c264433ec6ad56f4ccf1c31d9255bcedc8dc01029336b8bffe74828e83d437dd698c14a26fd6d5c816c954e9bfbd5b588a7c2ba746fb02d112be73bbfcaf5bdeaf4923106f8cbe882de6cb49bfea9bc,gx-no-cache=1583505911677 HTTP/1.1" 200 30
186.67.164.138 - - [06/Mar/2020:11:51:53 -0300] "GET /cormun/servlet/licenciaspermisos?a0b74129d656645dc23fa745f721f6aa0cf413bc2bac75e7ea063b1089df7aa5ef568d6c52baf638a66490b52e8a31c0c6f17706da68a7974904c364c429cb0059bedd2f2f1309c3ea6d56a0c1d5ef55dd6476813df53e065be2d7e1c86418ad7d961fbbc10984df397ddcffc0d678ac1c7a37205bf52860444b716fba7aaef36678c1a431c90f8aeeb5862d065a96167b5f06e2cd5ebfe61952380e61c0e9c6fd10d20ab65937c24c2655731a8ad251,gx-no-cache=1583505911809 HTTP/1.1" 200 29
186.67.164.138 - - [06/Mar/2020:11:51:53 -0300] "POST /cormun/servlet/licenciaspermisos?fc88ffb976cfb5db5c6108fdf231b8ce,INS,0,,,,gx-no-cache=1583505911852 HTTP/1.1" 200 93
186.103.159.189 - - [06/Mar/2020:11:51:54 -0300] "GET /cormun/static/about:blank HTTP/1.1" 404 1011
186.67.164.138 - - [06/Mar/2020:11:51:54 -0300] "GET /cormun/servlet/hpexe_return? HTTP/1.1" 200 1018
190.171.152.114 - - [06/Mar/2020:11:51:54 -0300] "GET /cormun/servlet/apermisogoceprn?17515720,P,20200306124227,PU HTTP/1.1" 200 1662
186.67.164.138 - - [06/Mar/2020:11:51:54 -0300] "GET /cormun/servlet/hhome HTTP/1.1" 200 3981
186.67.164.138 - - [06/Mar/2020:11:51:55 -0300] "GET /cormun/servlet/hhome HTTP/1.1" 200 3975
186.103.159.189 - - [06/Mar/2020:11:51:56 -0300] "GET /cormun/servlet/solicitudotadjuntos?INS,2020,16307,,2, HTTP/1.1" 200 6023
186.103.159.189 - - [06/Mar/2020:11:51:56 -0300] "GET /cormun/servlet/solicitudotadjuntos?85a8ac086b270642e2688d8d1e2b02f46d6635977d92c6d36c19d65865d538982f829813bc56def03bd22e5a8525c1fd,gx-no-cache=1583505916803 HTTP/1.1" 200 30
186.103.159.189 - - [06/Mar/2020:11:51:56 -0300] "POST /cormun/servlet/solicitudotadjuntos?cf91cee504e191af8c1e64bd5700b999,INS,2020,16307,,2,,gx-no-cache=1583505916968 HTTP/1.1" 200 4045
186.67.164.138 - - [06/Mar/2020:11:52:00 -0300] "GET /cormun/servlet/trlicencias? HTTP/1.1" 200 9556
186.67.164.138 - - [06/Mar/2020:11:52:01 -0300] "GET /cormun/servlet/trlicencias? HTTP/1.1" 200 9554
190.171.141.90 - - [06/Mar/2020:11:52:01 -0300] "GET /cormun/servlet/hlogin HTTP/1.1" 200 1728
186.67.164.138 - - [06/Mar/2020:11:52:06 -0300] "GET /cormun/servlet/alicenciaprn?17477102,L,20200306000000,PU HTTP/1.1" 200 1544
186.103.159.189 - - [06/Mar/2020:11:52:09 -0300] "POST /cormun/servlet/solicitudotadjuntos?gx-no-cache=1583505929368 HTTP/1.1" 200 26
190.171.152.114 - - [06/Mar/2020:11:52:14 -0300] "GET /cormun/servlet/permisogoce?INS,0,,, HTTP/1.1" 200 7145
190.171.152.114 - - [06/Mar/2020:11:52:16 -0300] "GET /cormun/servlet/permisogoce?INS,0,,, HTTP/1.1" 200 7145
186.67.164.138 - - [06/Mar/2020:11:52:16 -0300] "GET /cormun/servlet/trlicenciaspermisosadjuntos?17477102,20200306000000,L, HTTP/1.1" 200 6338
186.67.164.138 - - [06/Mar/2020:11:52:16 -0300] "GET /cormun/static/gxcfg.js?201991422445549 HTTP/1.1" 200 953
186.67.164.138 - - [06/Mar/2020:11:52:17 -0300] "GET /cormun/servlet/trlicenciaspermisosadjuntos?17477102,20200306000000,L, HTTP/1.1" 200 6338
186.67.164.138 - - [06/Mar/2020:11:52:20 -0300] "GET /cormun/servlet/licenciaspermisosadjuntos?INS,17477102,L,20200306000000,, HTTP/1.1" 200 5629
186.67.164.138 - - [06/Mar/2020:11:52:20 -0300] "GET /cormun/static/gxcfg.js?20201215114875 HTTP/1.1" 200 953
186.67.164.138 - - [06/Mar/2020:11:52:20 -0300] "GET /cormun/static/licenciaspermisosadjuntos.js?20201215114932 HTTP/1.1" 200 8760
186.67.164.138 - - [06/Mar/2020:11:52:20 -0300] "GET /cormun/static/about:blank HTTP/1.1" 404 1011
186.67.164.138 - - [06/Mar/2020:11:52:20 -0300] "GET /cormun/servlet/licenciaspermisosadjuntos?INS,17477102,L,20200306000000,, HTTP/1.1" 200 5618
186.67.164.138 - - [06/Mar/2020:11:52:44 -0300] "POST /cormun/servlet/licenciaspermisosadjuntos?fc88ffb976cfb5db5c6108fdf231b8ce,INS,17477102,L,20200306000000,, HTTP/1.1" 200 116
186.67.164.138 - - [06/Mar/2020:11:52:45 -0300] "GET /cormun/servlet/hpexe_return? HTTP/1.1" 200 1049
186.67.164.138 - - [06/Mar/2020:11:52:45 -0300] "GET /cormun/servlet/trlicenciaspermisosadjuntos?17477102,20200306000000,L, HTTP/1.1" 200 6819
186.103.159.189 - - [06/Mar/2020:11:52:46 -0300] "POST /cormun/servlet/solicitudotadjuntos?cf91cee504e191af8c1e64bd5700b999,INS,2020,16307,,2,,gx-no-cache=1583505967100 HTTP/1.1" 200 93
186.67.164.138 - - [06/Mar/2020:11:52:46 -0300] "GET /cormun/servlet/trlicenciaspermisosadjuntos?17477102,20200306000000,L, HTTP/1.1" 200 6816
186.103.159.189 - - [06/Mar/2020:11:52:47 -0300] "GET /cormun/servlet/hpexe_return? HTTP/1.1" 200 1029
186.103.159.189 - - [06/Mar/2020:11:52:48 -0300] "GET /cormun/servlet/trsolicitudadjuntos?2020,16307, HTTP/1.1" 200 10199
186.67.164.138 - - [06/Mar/2020:11:52:49 -0300] "POST /cormun/servlet/trlicenciaspermisosadjuntos?fc88ffb976cfb5db5c6108fdf231b8ce,17477102,20200306000000,L,,gx-no-cache=1583505967326 HTTP/1.1" 200 90
186.67.164.138 - - [06/Mar/2020:11:52:49 -0300] "GET /cormun/servlet/hpexe_link HTTP/1.1" 200 992
186.67.164.138 - - [06/Mar/2020:11:52:49 -0300] "GET /cormun/servlet/trlicencias HTTP/1.1" 200 9556
186.67.164.138 - - [06/Mar/2020:11:52:50 -0300] "GET /cormun/servlet/trlicencias HTTP/1.1" 200 9554
186.103.159.189 - - [06/Mar/2020:11:52:51 -0300] "GET /cormun/servlet/trsolicitudadjuntos?2020,16307, HTTP/1.1" 200 10196
200.54.103.162 - - [06/Mar/2020:11:52:55 -0300] "GET /cormun/servlet/hlogin HTTP/1.1" 200 1747
190.171.141.122 - - [06/Mar/2020:11:52:55 -0300] "GET /cormun/servlet/hlogin HTTP/1.1" 200 1726
186.103.159.189 - - [06/Mar/2020:11:52:56 -0300] "GET /cormun/servlet/trsolicitudot? HTTP/1.1" 200 8969
190.171.141.106 - - [06/Mar/2020:11:52:57 -0300] "POST /cormun/servlet/solicitudot?da579dd9ed7e1dcfaaf8ce2202672059,INS,0,0,false,,gx-no-cache=1583505977800 HTTP/1.1" 200 93
190.171.141.106 - - [06/Mar/2020:11:52:57 -0300] "GET /cormun/servlet/hpexe_return? HTTP/1.1" 200 1028
190.171.141.106 - - [06/Mar/2020:11:52:58 -0300] "GET /cormun/servlet/trsolicitudot?gx-no-cache=1583505734446 HTTP/1.1" 200 8845
190.171.141.106 - - [06/Mar/2020:11:52:58 -0300] "GET /cormun/servlet/trsolicitudot?gx-no-cache=1583505734446 HTTP/1.1" 200 8862
190.171.152.114 - - [06/Mar/2020:11:52:59 -0300] "GET /cormun/servlet/permisogoce?daacdc134539362feaca3e89420b499cc6cad4ac2e2777a66ef70733e4ed8f6fca9a083eb926ecf6796d701e78542d6c818fd11c21ee2eb80746728bf2d222c1,gx-no-cache=1583505983651 HTTP/1.1" 200 83
186.103.159.189 - - [06/Mar/2020:11:53:00 -0300] "GET /cormun/servlet/trsolicitudot? HTTP/1.1" 200 8962
190.171.141.122 - - [06/Mar/2020:11:53:02 -0300] "POST /cormun/servlet/hlogin?364dfb1ef49df112427d49e38d1f199a,gx-no-cache=1583505979776 HTTP/1.1" 200 90
190.171.141.122 - - [06/Mar/2020:11:53:02 -0300] "GET /cormun/servlet/hpexe_link HTTP/1.1" 200 953
190.171.141.122 - - [06/Mar/2020:11:53:02 -0300] "GET /cormun/servlet/hhome HTTP/1.1" 200 4331
190.171.141.122 - - [06/Mar/2020:11:53:03 -0300] "GET /cormun/servlet/hhome HTTP/1.1" 200 4328
190.171.152.114 - - [06/Mar/2020:11:53:04 -0300] "GET /cormun/static/menuarrow.gif HTTP/1.1" 404 1015
190.171.141.122 - - [06/Mar/2020:11:53:05 -0300] "GET /cormun/servlet/trsolicitudot? HTTP/1.1" 200 7558
190.171.141.122 - - [06/Mar/2020:11:53:06 -0300] "GET /cormun/servlet/trsolicitudot? HTTP/1.1" 200 7556
190.171.141.106 - - [06/Mar/2020:11:53:08 -0300] "POST /cormun/servlet/trsolicitudot?da579dd9ed7e1dcfaaf8ce2202672059,gx-no-cache=1583505734446,gx-no-cache=1583505988994 HTTP/1.1" 200 4836
190.171.141.122 - - [06/Mar/2020:11:53:08 -0300] "GET /cormun/servlet/solicitudot?INS,0,0,false, HTTP/1.1" 200 15609
190.171.141.106 - - [06/Mar/2020:11:53:09 -0300] "GET /cormun/static/Shared/jqueryui/images/ui-bg_highlight-soft_100_c6c2c8_1x100.png HTTP/1.1" 404 1117
190.171.141.106 - - [06/Mar/2020:11:53:09 -0300] "GET /cormun/static/Shared/jqueryui/images/ui-icons_8d78a5_256x240.png HTTP/1.1" 404 1089
190.171.141.106 - - [06/Mar/2020:11:53:09 -0300] "GET /cormun/static/Shared/jqueryui/images/ui-bg_flat_55_fafafa_40x100.png HTTP/1.1" 404 1097
190.171.141.106 - - [06/Mar/2020:11:53:09 -0300] "GET /cormun/static/Shared/jqueryui/images/ui-icons_82798d_256x240.png HTTP/1.1" 404 1089
190.171.141.106 - - [06/Mar/2020:11:53:09 -0300] "POST /cormun/servlet/trsolicitudot?da579dd9ed7e1dcfaaf8ce2202672059,gx-no-cache=1583505734446,gx-no-cache=1583505989336 HTTP/1.1" 200 4616
186.103.159.189 - - [06/Mar/2020:11:53:09 -0300] "GET /cormun/servlet/trsolicitudot? HTTP/1.1" 200 8962
190.171.141.122 - - [06/Mar/2020:11:53:09 -0300] "GET /cormun/servlet/solicitudot?INS,0,0,false, HTTP/1.1" 200 15617
190.171.152.114 - - [06/Mar/2020:11:53:10 -0300] "GET /cormun/servlet/permisogoce?daacdc134539362feaca3e89420b499c0336d568020ea5c8ecf5c09f9dce9cf4c0dc411abb92400c407c5e99192b28dbd03701211151a09d9d48931cc0165794,gx-no-cache=1583505994577 HTTP/1.1" 200 47
186.103.159.189 - - [06/Mar/2020:11:53:12 -0300] "GET /cormun/servlet/trsolicitudot? HTTP/1.1" 200 8962
190.171.152.114 - - [06/Mar/2020:11:53:13 -0300] "POST /cormun/servlet/permisogoce?76e015b63a171f3b706f2b52728d10bc,INS,0,,,,gx-no-cache=1583505997086 HTTP/1.1" 200 93
190.171.152.114 - - [06/Mar/2020:11:53:13 -0300] "GET /cormun/servlet/hpexe_return? HTTP/1.1" 200 1007
190.171.152.114 - - [06/Mar/2020:11:53:13 -0300] "GET /cormun/servlet/trpermisosgoce HTTP/1.1" 200 8301
190.171.152.114 - - [06/Mar/2020:11:53:15 -0300] "GET /cormun/servlet/trpermisosgoce HTTP/1.1" 200 8297
190.171.152.114 - - [06/Mar/2020:11:53:18 -0300] "GET /cormun/servlet/permisogoce?INS,0,,, HTTP/1.1" 200 7145
190.171.152.114 - - [06/Mar/2020:11:53:19 -0300] "GET /cormun/servlet/permisogoce?INS,0,,, HTTP/1.1" 200 7145
190.171.141.122 - - [06/Mar/2020:11:53:19 -0300] "POST /cormun/servlet/solicitudot?gx-no-cache=1583505996668 HTTP/1.1" 200 3530
190.171.141.122 - - [06/Mar/2020:11:53:19 -0300] "POST /cormun/servlet/solicitudot?364dfb1ef49df112427d49e38d1f199a,INS,0,0,false,,gx-no-cache=1583505996893 HTTP/1.1" 200 12172
190.171.141.122 - - [06/Mar/2020:11:53:21 -0300] "GET /cormun/servlet/solicitudot?1a2b032b55d716d1598d93178c567f2459241b8b59bf7dbdc18e0767e3fe73ca93869403915ffdaa0973b148803d59c1,gx-no-cache=1583505998502 HTTP/1.1" 200 30
186.103.159.189 - - [06/Mar/2020:11:53:22 -0300] "POST /cormun/servlet/trsolicitudot?cf91cee504e191af8c1e64bd5700b999,,gx-no-cache=1583506002411 HTTP/1.1" 200 5718
186.103.159.189 - - [06/Mar/2020:11:53:22 -0300] "GET /cormun/static/Shared/jqueryui/images/ui-bg_highlight-soft_100_c6c2c8_1x100.png HTTP/1.1" 404 1117
186.103.159.189 - - [06/Mar/2020:11:53:22 -0300] "GET /cormun/static/Shared/jqueryui/images/ui-icons_82798d_256x240.png HTTP/1.1" 404 1089
186.103.159.189 - - [06/Mar/2020:11:53:22 -0300] "GET /cormun/static/Shared/jqueryui/images/ui-icons_8d78a5_256x240.png HTTP/1.1" 404 1089
186.103.159.189 - - [06/Mar/2020:11:53:22 -0300] "GET /cormun/static/Shared/jqueryui/images/ui-bg_flat_55_fafafa_40x100.png HTTP/1.1" 404 1097
186.103.159.189 - - [06/Mar/2020:11:53:23 -0300] "POST /cormun/servlet/trsolicitudot?cf91cee504e191af8c1e64bd5700b999,,gx-no-cache=1583506003168 HTTP/1.1" 200 5660
190.171.152.114 - - [06/Mar/2020:11:53:23 -0300] "GET /cormun/servlet/trpermisosgoce? HTTP/1.1" 200 8298
190.171.152.114 - - [06/Mar/2020:11:53:24 -0300] "GET /cormun/servlet/trpermisosgoce? HTTP/1.1" 200 8297
190.171.152.114 - - [06/Mar/2020:11:53:29 -0300] "GET /cormun/servlet/apermisogoceprn?17515720,P,20200306124332,PU HTTP/1.1" 200 1651
190.171.152.114 - - [06/Mar/2020:11:53:53 -0300] "GET /cormun/servlet/permisogoce?INS,0,,, HTTP/1.1" 200 7145
190.171.152.114 - - [06/Mar/2020:11:53:55 -0300] "GET /cormun/servlet/permisogoce?INS,0,,, HTTP/1.1" 200 7145
190.171.152.114 - - [06/Mar/2020:11:54:07 -0300] "GET /cormun/servlet/permisogoce?daacdc134539362feaca3e89420b499cc6cad4ac2e2777a66ef70733e4ed8f6fca9a083eb926ecf6796d701e78542d6c818fd11c21ee2eb80746728bf2d222c1,gx-no-cache=1583506051213 HTTP/1.1" 200 83
190.171.152.114 - - [06/Mar/2020:11:54:09 -0300] "GET /cormun/static/menuarrow.gif HTTP/1.1" 404 1015
190.171.152.114 - - [06/Mar/2020:11:54:19 -0300] "GET /cormun/servlet/permisogoce?daacdc134539362feaca3e89420b499c0336d568020ea5c8ecf5c09f9dce9cf4fe3c59f27d9a9e7a7072d0a497df0597d03701211151a09d9d48931cc0165794,gx-no-cache=1583506063479 HTTP/1.1" 200 47
190.171.152.114 - - [06/Mar/2020:11:54:21 -0300] "POST /cormun/servlet/permisogoce?76e015b63a171f3b706f2b52728d10bc,INS,0,,,,gx-no-cache=1583506065562 HTTP/1.1" 200 93
190.171.152.114 - - [06/Mar/2020:11:54:21 -0300] "GET /cormun/servlet/hpexe_return? HTTP/1.1" 200 1007
190.171.152.114 - - [06/Mar/2020:11:54:22 -0300] "GET /cormun/servlet/trpermisosgoce HTTP/1.1" 200 8470
190.171.152.114 - - [06/Mar/2020:11:54:23 -0300] "GET /cormun/servlet/trpermisosgoce HTTP/1.1" 200 8465
190.171.152.114 - - [06/Mar/2020:11:54:33 -0300] "GET /cormun/servlet/permisogoce?INS,0,,, HTTP/1.1" 200 7145
190.171.152.114 - - [06/Mar/2020:11:54:34 -0300] "GET /cormun/servlet/permisogoce?INS,0,,, HTTP/1.1" 200 7145
190.171.152.114 - - [06/Mar/2020:11:54:39 -0300] "GET /cormun/servlet/trpermisosgoce? HTTP/1.1" 200 8466
190.171.152.114 - - [06/Mar/2020:11:54:40 -0300] "GET /cormun/servlet/trpermisosgoce? HTTP/1.1" 200 8465
190.171.152.114 - - [06/Mar/2020:11:54:58 -0300] "GET /cormun/servlet/apermisogoceprn?17515720,P,20200306124511,PU HTTP/1.1" 200 1654
190.171.141.106 - - [06/Mar/2020:11:55:41 -0300] "POST /cormun/servlet/hlogin?7adc78e4357216b4cba756acce4652d1,gx-no-cache=1583506138708 HTTP/1.1" 200 90
190.171.141.106 - - [06/Mar/2020:11:55:41 -0300] "GET /cormun/servlet/hpexe_link HTTP/1.1" 200 958
190.171.141.106 - - [06/Mar/2020:11:55:41 -0300] "GET /cormun/static/gxcfg.js?201991422392958 HTTP/1.1" 200 953
190.171.141.106 - - [06/Mar/2020:11:55:41 -0300] "GET /cormun/servlet/hhome HTTP/1.1" 200 4266
190.171.141.106 - - [06/Mar/2020:11:55:41 -0300] "GET /cormun/static/gxcfg.js?20201215495537 HTTP/1.1" 200 953
190.171.141.106 - - [06/Mar/2020:11:55:41 -0300] "GET /cormun/static/Resources/ImgHome.png HTTP/1.1" 200 1364
190.171.141.106 - - [06/Mar/2020:11:55:41 -0300] "GET /cormun/static/Resources/Logo2019_Small.png HTTP/1.1" 200 10855
190.171.141.106 - - [06/Mar/2020:11:55:42 -0300] "GET /cormun/servlet/hhome HTTP/1.1" 200 4264
190.171.141.106 - - [06/Mar/2020:11:55:46 -0300] "GET /cormun/servlet/trcargahoraria? HTTP/1.1" 200 7287
190.171.141.106 - - [06/Mar/2020:11:55:46 -0300] "GET /cormun/static/gxcfg.js?202012113392337 HTTP/1.1" 304 -
190.171.141.106 - - [06/Mar/2020:11:55:46 -0300] "GET /cormun/servlet/trcargahoraria? HTTP/1.1" 200 7287
190.171.141.106 - - [06/Mar/2020:11:55:48 -0300] "GET /cormun/servlet/trautorizarsolicitud? HTTP/1.1" 200 9150
190.171.141.106 - - [06/Mar/2020:11:55:48 -0300] "GET /cormun/static/gxcfg.js?201991422414522 HTTP/1.1" 304 -
190.171.141.106 - - [06/Mar/2020:11:55:48 -0300] "GET /cormun/servlet/trautorizarsolicitud? HTTP/1.1" 200 9150
190.171.141.106 - - [06/Mar/2020:11:55:51 -0300] "POST /cormun/servlet/trautorizarsolicitud?7adc78e4357216b4cba756acce4652d1,,gx-no-cache=1583506149538 HTTP/1.1" 200 5977
190.171.141.106 - - [06/Mar/2020:11:55:51 -0300] "GET /cormun/static/Shared/jqueryui/images/ui-icons_82798d_256x240.png HTTP/1.1" 404 1089
190.171.141.106 - - [06/Mar/2020:11:55:51 -0300] "GET /cormun/static/Shared/jqueryui/images/ui-bg_highlight-soft_100_c6c2c8_1x100.png HTTP/1.1" 404 1117
190.171.141.106 - - [06/Mar/2020:11:55:51 -0300] "GET /cormun/static/Shared/jqueryui/images/ui-icons_8d78a5_256x240.png HTTP/1.1" 404 1089
190.171.141.106 - - [06/Mar/2020:11:55:51 -0300] "GET /cormun/static/Shared/jqueryui/images/ui-bg_flat_55_fafafa_40x100.png HTTP/1.1" 404 1097
190.171.141.106 - - [06/Mar/2020:11:55:52 -0300] "POST /cormun/servlet/trautorizarsolicitud?7adc78e4357216b4cba756acce4652d1,,gx-no-cache=1583506149893 HTTP/1.1" 200 5922
190.171.143.106 - - [06/Mar/2020:11:55:59 -0300] "GET /cormun/servlet/hlogin HTTP/1.1" 200 1729
190.171.143.106 - - [06/Mar/2020:11:55:59 -0300] "GET /cormun/static/messages.spa.js?85251 HTTP/1.1" 304 -
190.171.143.106 - - [06/Mar/2020:11:55:59 -0300] "GET /cormun/static/gxcfg.js?201910216285969 HTTP/1.1" 304 -
190.171.141.106 - - [06/Mar/2020:11:55:59 -0300] "POST /cormun/servlet/trautorizarsolicitud?7adc78e4357216b4cba756acce4652d1,,gx-no-cache=1583506157447 HTTP/1.1" 200 4767
190.171.141.106 - - [06/Mar/2020:11:55:59 -0300] "POST /cormun/servlet/trautorizarsolicitud?7adc78e4357216b4cba756acce4652d1,,gx-no-cache=1583506157677 HTTP/1.1" 200 4542
190.171.143.106 - - [06/Mar/2020:11:55:59 -0300] "GET /cormun/servlet/hlogin HTTP/1.1" 200 1739
190.171.143.106 - - [06/Mar/2020:11:56:00 -0300] "GET /favicon.ico HTTP/1.1" 200 21630
190.171.143.106 - - [06/Mar/2020:11:56:03 -0300] "POST /cormun/servlet/hlogin?840b51bf0793ae76e4b0f698a1a3516a,gx-no-cache=1583506161028 HTTP/1.1" 200 90
190.171.143.106 - - [06/Mar/2020:11:56:03 -0300] "GET /cormun/servlet/hpexe_link HTTP/1.1" 200 954
190.171.143.106 - - [06/Mar/2020:11:56:03 -0300] "GET /cormun/static/gxcfg.js?201991422392958 HTTP/1.1" 304 -
190.171.143.106 - - [06/Mar/2020:11:56:03 -0300] "GET /cormun/servlet/hhome HTTP/1.1" 200 3991
190.171.143.106 - - [06/Mar/2020:11:56:03 -0300] "GET /cormun/static/gxcfg.js?20201215495537 HTTP/1.1" 304 -
190.171.143.106 - - [06/Mar/2020:11:56:04 -0300] "GET /cormun/servlet/hhome HTTP/1.1" 200 3987
190.171.143.106 - - [06/Mar/2020:11:56:06 -0300] "GET /cormun/servlet/trsolicitudot? HTTP/1.1" 200 7214
190.171.143.106 - - [06/Mar/2020:11:56:06 -0300] "GET /cormun/static/gxcfg.js?201991910464971 HTTP/1.1" 304 -
190.171.143.106 - - [06/Mar/2020:11:56:07 -0300] "GET /cormun/servlet/trsolicitudot? HTTP/1.1" 200 7213
190.171.143.106 - - [06/Mar/2020:11:56:08 -0300] "GET /cormun/servlet/solicitudot?INS,0,0,false, HTTP/1.1" 200 15283
190.171.143.106 - - [06/Mar/2020:11:56:08 -0300] "GET /cormun/static/gxcfg.js?20203414241232 HTTP/1.1" 304 -
190.171.143.106 - - [06/Mar/2020:11:56:08 -0300] "GET /cormun/static/solicitudot.js?20203414242792 HTTP/1.1" 304 -
190.171.143.106 - - [06/Mar/2020:11:56:09 -0300] "GET /cormun/servlet/solicitudot?INS,0,0,false, HTTP/1.1" 200 15291
190.171.143.106 - - [06/Mar/2020:11:56:21 -0300] "POST /cormun/servlet/solicitudot?gx-no-cache=1583506178920 HTTP/1.1" 200 3604
190.171.143.106 - - [06/Mar/2020:11:56:21 -0300] "GET /cormun/static/Shared/jqueryui/images/ui-icons_82798d_256x240.png HTTP/1.1" 404 1089
190.171.143.106 - - [06/Mar/2020:11:56:21 -0300] "GET /cormun/static/Shared/jqueryui/images/ui-bg_highlight-soft_100_c6c2c8_1x100.png HTTP/1.1" 404 1117
190.171.143.106 - - [06/Mar/2020:11:56:21 -0300] "GET /cormun/static/Shared/jqueryui/images/ui-bg_flat_55_994d53_40x100.png HTTP/1.1" 404 1097
190.171.143.106 - - [06/Mar/2020:11:56:21 -0300] "GET /cormun/static/Shared/jqueryui/images/ui-icons_ebccce_256x240.png HTTP/1.1" 404 1089
190.171.143.106 - - [06/Mar/2020:11:56:24 -0300] "GET /cormun/servlet/solicitudot?2afe46fa33366be3571f56b17a41561f2c0f36e4b446bd9be279eb21e84eac2933c6c0ed12b797412cf4372711e6b67c,gx-no-cache=1583506182139 HTTP/1.1" 200 30
186.67.172.234 - - [06/Mar/2020:11:56:31 -0300] "GET /cormun/servlet/trlicencias? HTTP/1.1" 200 6027
186.67.172.234 - - [06/Mar/2020:11:56:32 -0300] "GET /cormun/servlet/hlogin HTTP/1.1" 200 1749
186.67.172.234 - - [06/Mar/2020:11:56:33 -0300] "GET /cormun/static/gxcfg.js?201910216285969 HTTP/1.1" 200 953
186.67.172.234 - - [06/Mar/2020:11:56:33 -0300] "GET /cormun/servlet/trlicencias? HTTP/1.1" 200 6023
78.108.177.51 - - [06/Mar/2020:11:57:03 -0300] "GET / HTTP/1.0" 200 11197
190.171.141.122 - - [06/Mar/2020:11:57:20 -0300] "GET /cormun/servlet/solicitudot?1a2b032b55d716d1598d93178c567f24e17908938ebdcc531ab08800b9f58fe16f54b44f130818c08c5bfcd64c07a15593869403915ffdaa0973b148803d59c1,gx-no-cache=1583506237834 HTTP/1.1" 200 30
190.171.141.122 - - [06/Mar/2020:11:57:21 -0300] "GET /cormun/servlet/prbanco?,MD,,gxPopupLevel%3D0%3B HTTP/1.1" 200 6631
190.171.141.122 - - [06/Mar/2020:11:57:21 -0300] "GET /cormun/static/gxcfg.js?20201216131581 HTTP/1.1" 200 953
190.171.141.122 - - [06/Mar/2020:11:57:21 -0300] "GET /cormun/static/prbanco.js?20201216132311 HTTP/1.1" 200 10693
190.171.141.122 - - [06/Mar/2020:11:57:37 -0300] "GET /cormun/servlet/solicitudot?1a2b032b55d716d1598d93178c567f24678a09d412d7d1107ec64515aeda070d,gx-no-cache=1583506254499 HTTP/1.1" 200 53
190.171.141.122 - - [06/Mar/2020:11:57:50 -0300] "POST /cormun/servlet/solicitudot?gx-no-cache=1583506267343 HTTP/1.1" 200 297
190.171.141.122 - - [06/Mar/2020:11:57:50 -0300] "GET /cormun/servlet/solicitudot?1a2b032b55d716d1598d93178c567f24efe5010a962fd4c27a47f47717d1b1e578a34c391573b641e06a1cf5611594c435ea86389ce3f0b07df3fd57a845b7e71f6215fc4bf6aa995ae08ca5513ad2ccedaa6679e8c00372788446d0149a9adf67f34dd22f90852ea0f5c2bcf1babd2f7c83474e9fc7df310ce7e54aaf983065a3a7b8b2dfaa414e61e32205050c4c93de17aee6fa91b817bc0e037c84c4c2a43368703502e609ae7206f1a82bf14fadf917cd8bb77e1b3b29bbf02604d854e48ecb97ec8325910fa6c4b0430170ddca402e21e2bbf44528e690c1d541d6c36141646e5d6f1d9dbacde2735e90837adce077d2c39700e77d2e3a5dbe90e7ab3ee00fa78ddcadd5ec433d52b2604788149456a3f7c8e055dd5f8a53babe2a3bacf0fe465e24e9d101590c30a968ee6c1d3ec305b53581eb4177665fcf4b6298b2a0167b1e27b368898fb619474fff2a903f98c2e2216fb69adf8cb1945a438630e0fb7bbf9eaea0398269535e689ac96532432d639a909993f6551e0d36f23610360268b1c1b8dc97669581e7c67bf3a0,gx-no-cache=1583506267414 HTTP/1.1" 200 30
190.171.141.122 - - [06/Mar/2020:11:57:57 -0300] "POST /cormun/servlet/solicitudot?gx-no-cache=1583506274629 HTTP/1.1" 200 30
190.171.141.122 - - [06/Mar/2020:11:57:58 -0300] "POST /cormun/servlet/solicitudot?gx-no-cache=1583506276085 HTTP/1.1" 200 1363
190.171.141.122 - - [06/Mar/2020:11:57:58 -0300] "POST /cormun/servlet/solicitudot?gx-no-cache=1583506276153 HTTP/1.1" 200 38
186.67.164.138 - - [06/Mar/2020:11:59:09 -0300] "POST /cormun/servlet/trlicencias?fc88ffb976cfb5db5c6108fdf231b8ce,gx-no-cache=1583506347279 HTTP/1.1" 200 6967
186.67.164.138 - - [06/Mar/2020:11:59:09 -0300] "GET /cormun/static/Shared/jqueryui/images/ui-bg_highlight-soft_100_c6c2c8_1x100.png HTTP/1.1" 404 1117
186.67.164.138 - - [06/Mar/2020:11:59:09 -0300] "GET /cormun/static/Shared/jqueryui/images/ui-icons_82798d_256x240.png HTTP/1.1" 404 1089
186.67.164.138 - - [06/Mar/2020:11:59:09 -0300] "GET /cormun/static/Shared/jqueryui/images/ui-bg_flat_55_fafafa_40x100.png HTTP/1.1" 404 1097
186.67.164.138 - - [06/Mar/2020:11:59:09 -0300] "GET /cormun/static/Shared/jqueryui/images/ui-icons_8d78a5_256x240.png HTTP/1.1" 404 1089
190.171.143.106 - - [06/Mar/2020:11:59:10 -0300] "GET /cormun/servlet/prbanco?,MD,,gxPopupLevel%3D0%3B HTTP/1.1" 200 6554
190.171.143.106 - - [06/Mar/2020:11:59:10 -0300] "GET /cormun/static/gxcfg.js?20201216131581 HTTP/1.1" 304 -
190.171.143.106 - - [06/Mar/2020:11:59:13 -0300] "GET /cormun/servlet/solicitudot?2afe46fa33366be3571f56b17a41561f756c12d5d4d645debf318bb87500e17eb9a5e199bd572a1f870b75ab808d5d29f37639f606ccaf9f344fb732661d3836,gx-no-cache=1583506351432 HTTP/1.1" 200 30
190.171.143.106 - - [06/Mar/2020:11:59:16 -0300] "GET /cormun/servlet/solicitudot?2afe46fa33366be3571f56b17a41561f4124263f201f6392fb227d77ca4c1482,gx-no-cache=1583506354761 HTTP/1.1" 200 60
190.171.141.122 - - [06/Mar/2020:11:59:27 -0300] "GET /cormun/servlet/solicitudot?1a2b032b55d716d1598d93178c567f24ed073bb291b369bc19f6500f52874283bb1d710a402ac68ff6fefb781ce3c9fa4fce243fc68db535bf335cba1d535991e335a7216e5c9d414cf8be7a4e5d62c71334261f56090d1f2f5ca3859d547fb7a14fde621f4035cdd740b02ce2dbf003,gx-no-cache=1583506364750 HTTP/1.1" 200 110
190.171.143.106 - - [06/Mar/2020:11:59:33 -0300] "GET /cormun/servlet/solicitudot?2afe46fa33366be3571f56b17a41561f8dd3c571826d35402f8e8c8b4322f9aae6b1a089eddb02ac6ff56250825463333529dd6082bde0b9bc8da99b3ba653444d7be39cfed5ae4ac404a1bb2a3ba04b0255508e7e1a68f0171b3c2f1ff05b695ae321e575c02de379168d9b95ca9cf24c8052564e95f5dde5daffc8c7d73d54c3f32b593bbdf990b9416ecbacb23af59440eb9c70e7ec5b5d768c9993ef69e3897ebe083c9096fb6d20bed4d53deef0e4c3657c06f3ae1f6f47990bfe7b516a95264a09d16142f272b6011358d0a335c853bf829c08c34b912df35dfaebbe28f2a5cc2ef229d40332f6f4516fc80437ccbba5e361451a09e39295c09168ecd9c56a6050723e146d3c9e9bf460d56c7d0ac1daf701e58ba3bc94739f176c8c29ed747e0f79183f8c93bc1726ef0f9fc03d43345e52ac47d00f1ddd6295d352060a86b87b4af56e3708b9c36f6b9a290d,gx-no-cache=1583506371758 HTTP/1.1" 200 255
190.171.143.106 - - [06/Mar/2020:11:59:35 -0300] "GET /cormun/servlet/solicitudot?2afe46fa33366be3571f56b17a41561fba859ddcf40cf6295bf09cf2530cdad2a9eeaed2ec043c67895df4216906531aab88dbc45445176312786d6b8e58157e9c643ff01035eb29f72b3315c90e1d0f5bda356506c4578ea143c5a532b901188dd871a48568b900dcb7f038dcb12a398c22c5f2e24312972356fe8dcb06d318fbf50dbaa1f2ccfb8aa76de9e0e45d066248e4d4b6c4ad79aac890a3c7c522fd17acc9a006e05c4ebf85162e935e2b1271171d2acefa30fd28dc4bcd78d19350f801c4dd285b1241baa6edb89a11e2ab1cebe7b0a0473bfa7d2d804624aec89830634702af9fe43fd220049b35312852f85fd860067e813e572e10087261a0b5e0edeb4249d2cdd0ef77ac2eb69a611cf95a2985ee929c7cdf2d2830b38041b7ed4529c9d2fa7d848ce50adb6afceeb49b1e78d3e426d68b5558d55de39662170411aa01f98dadcf528b013c940345d9c55208f33f39b958fb51a137c72c750c85a50eb34abfa191e7caad87e4cecb6395878d5dc878119287c59b4e5a6da3a5,gx-no-cache=1583506373596 HTTP/1.1" 200 30
190.171.143.106 - - [06/Mar/2020:11:59:39 -0300] "POST /cormun/servlet/solicitudot?gx-no-cache=1583506377740 HTTP/1.1" 200 30
190.171.143.106 - - [06/Mar/2020:11:59:41 -0300] "POST /cormun/servlet/solicitudot?gx-no-cache=1583506379196 HTTP/1.1" 200 1360
190.171.143.106 - - [06/Mar/2020:11:59:41 -0300] "POST /cormun/servlet/solicitudot?gx-no-cache=1583506379259 HTTP/1.1" 200 38
190.171.143.106 - - [06/Mar/2020:12:01:09 -0300] "GET /cormun/servlet/solicitudot?2afe46fa33366be3571f56b17a41561fe9ae1f773bf9b827ff37fb9e48a51a180d42c095212f6f34f0f56b046537daebe689651eea3d1a9c35bcfb105a8a3849c48c645ea2b6897a0177da7ee61d35d804b1ec9de36e06cba6678d5c07d0413a7a7ec669a568ddbbefbb30e9b89561f8,gx-no-cache=1583506467182 HTTP/1.1" 200 110
190.171.143.106 - - [06/Mar/2020:12:01:14 -0300] "POST /cormun/servlet/solicitudot?gx-no-cache=1583506472211 HTTP/1.1" 200 97
190.171.143.106 - - [06/Mar/2020:12:01:21 -0300] "GET /cormun/servlet/solicitudot?2afe46fa33366be3571f56b17a41561fe50eaad455845042c0442b668e21686bccbba5e361451a09e39295c09168ecd9c56a6050723e146d3c9e9bf460d56c7d10bc8e8775bf6ae726dc02412238b819,gx-no-cache=1583506479603 HTTP/1.1" 200 29
190.171.143.106 - - [06/Mar/2020:12:01:21 -0300] "GET /cormun/static/menuarrow.gif HTTP/1.1" 404 1015
190.171.143.106 - - [06/Mar/2020:12:01:25 -0300] "GET /cormun/servlet/solicitudot?2afe46fa33366be3571f56b17a41561ff4e79d26c0dbfe8ee3dd5031ad91005fff93fe4a8e5fd27823ba8d664fbda0d3,gx-no-cache=1583506483096 HTTP/1.1" 200 30
190.171.143.106 - - [06/Mar/2020:12:01:34 -0300] "POST /cormun/servlet/solicitudot?gx-no-cache=1583506492058 HTTP/1.1" 200 30
190.171.143.106 - - [06/Mar/2020:12:01:34 -0300] "POST /cormun/servlet/solicitudot?840b51bf0793ae76e4b0f698a1a3516a,INS,0,0,false,,gx-no-cache=1583506492096 HTTP/1.1" 200 12241
190.171.141.122 - - [06/Mar/2020:12:02:55 -0300] "POST /cormun/servlet/solicitudot?gx-no-cache=1583506572802 HTTP/1.1" 200 30
190.171.141.122 - - [06/Mar/2020:12:02:55 -0300] "POST /cormun/servlet/solicitudot?gx-no-cache=1583506572937 HTTP/1.1" 200 1363
190.171.141.122 - - [06/Mar/2020:12:02:55 -0300] "POST /cormun/servlet/solicitudot?gx-no-cache=1583506573031 HTTP/1.1" 200 38
190.171.141.122 - - [06/Mar/2020:12:02:55 -0300] "GET /cormun/servlet/solicitudot?1a2b032b55d716d1598d93178c567f24ed073bb291b369bc19f6500f52874283bb1d710a402ac68ff6fefb781ce3c9fa4fce243fc68db535bf335cba1d535991e335a7216e5c9d414cf8be7a4e5d62c71334261f56090d1f2f5ca3859d547fb7a14fde621f4035cdd740b02ce2dbf003,gx-no-cache=1583506573089 HTTP/1.1" 200 110
190.171.141.122 - - [06/Mar/2020:12:03:03 -0300] "POST /cormun/servlet/solicitudot?gx-no-cache=1583506580812 HTTP/1.1" 200 64
190.171.141.122 - - [06/Mar/2020:12:03:58 -0300] "GET /cormun/servlet/solicitudot?1a2b032b55d716d1598d93178c567f24befa762e183ec8bb878c0fb34118a987346b685514b53351bfeed7fa57e588fc064eaa3c41b8fdca2667ae93b5185f1f32500b97ab13230ddd5921787c0d4c881f8fe33079e890abd2d362dc20f6274154346b44adc49286d69bd3fbb1a2ead0,gx-no-cache=1583506635429 HTTP/1.1" 200 29
190.171.143.106 - - [06/Mar/2020:12:05:16 -0300] "GET /cormun/servlet/trsolicitudot? HTTP/1.1" 200 7214
190.171.143.106 - - [06/Mar/2020:12:05:17 -0300] "GET /cormun/servlet/trsolicitudot? HTTP/1.1" 200 7213
190.171.143.106 - - [06/Mar/2020:12:05:20 -0300] "GET /cormun/servlet/solicitudot?INS,0,0,false, HTTP/1.1" 200 15283
190.171.143.106 - - [06/Mar/2020:12:05:21 -0300] "GET /cormun/servlet/solicitudot?INS,0,0,false, HTTP/1.1" 200 15290
190.171.143.106 - - [06/Mar/2020:12:05:23 -0300] "GET /cormun/servlet/prfichaempleado?,MD,,gxPopupLevel%3D0%3B HTTP/1.1" 200 9298
190.171.143.106 - - [06/Mar/2020:12:05:23 -0300] "GET /cormun/static/gxcfg.js?20201215571085 HTTP/1.1" 304 -
190.171.143.106 - - [06/Mar/2020:12:05:40 -0300] "POST /cormun/servlet/prfichaempleado?840b51bf0793ae76e4b0f698a1a3516a,,MD,,gxPopupLevel%3D0%3B,gx-no-cache=1583506738670 HTTP/1.1" 200 3180
190.171.143.106 - - [06/Mar/2020:12:05:50 -0300] "POST /cormun/servlet/solicitudot?gx-no-cache=1583506748292 HTTP/1.1" 200 3530
190.171.143.106 - - [06/Mar/2020:12:05:50 -0300] "POST /cormun/servlet/solicitudot?840b51bf0793ae76e4b0f698a1a3516a,INS,0,0,false,,gx-no-cache=1583506748518 HTTP/1.1" 200 11888
190.171.143.106 - - [06/Mar/2020:12:05:50 -0300] "GET /cormun/servlet/solicitudot?2afe46fa33366be3571f56b17a41561ffa9074c9426ebdb007fb840a623f36a1c58192c3bd3a434383c8dbe7092ff2b8,gx-no-cache=1583506748749 HTTP/1.1" 200 111
190.171.143.106 - - [06/Mar/2020:12:05:50 -0300] "GET /cormun/static/Shared/jqueryui/images/ui-bg_highlight-soft_100_c6c2c8_1x100.png HTTP/1.1" 404 1117
190.171.143.106 - - [06/Mar/2020:12:05:50 -0300] "GET /cormun/static/Shared/jqueryui/images/ui-icons_82798d_256x240.png HTTP/1.1" 404 1089
190.171.143.106 - - [06/Mar/2020:12:05:50 -0300] "GET /cormun/static/Shared/jqueryui/images/ui-bg_flat_55_994d53_40x100.png HTTP/1.1" 404 1097
190.171.143.106 - - [06/Mar/2020:12:05:50 -0300] "GET /cormun/static/Shared/jqueryui/images/ui-icons_ebccce_256x240.png HTTP/1.1" 404 1089
190.171.143.106 - - [06/Mar/2020:12:05:58 -0300] "GET /cormun/servlet/solicitudot?2afe46fa33366be3571f56b17a41561f2c0f36e4b446bd9be279eb21e84eac2933c6c0ed12b797412cf4372711e6b67c,gx-no-cache=1583506756634 HTTP/1.1" 200 30
190.171.141.122 - - [06/Mar/2020:12:06:25 -0300] "GET /cormun/static/menuarrow.gif HTTP/1.1" 404 1015
190.171.141.122 - - [06/Mar/2020:12:06:28 -0300] "GET /cormun/servlet/solicitudot?1a2b032b55d716d1598d93178c567f24fb5cf6933ae8cd2ab18a8c889fbcc0e3fca577f9b76dfa474cf3c621b7df919e,gx-no-cache=1583506785770 HTTP/1.1" 200 30
190.171.141.122 - - [06/Mar/2020:12:06:42 -0300] "POST /cormun/servlet/solicitudot?gx-no-cache=1583506799812 HTTP/1.1" 200 30
190.171.141.122 - - [06/Mar/2020:12:07:23 -0300] "GET /cormun/servlet/solicitudot?1a2b032b55d716d1598d93178c567f24fb5cf6933ae8cd2ab18a8c889fbcc0e3fca577f9b76dfa474cf3c621b7df919e,gx-no-cache=1583506840679 HTTP/1.1" 200 30
190.171.141.122 - - [06/Mar/2020:12:07:23 -0300] "POST /cormun/servlet/solicitudot?gx-no-cache=1583506840720 HTTP/1.1" 200 30
190.171.141.122 - - [06/Mar/2020:12:07:24 -0300] "POST /cormun/servlet/solicitudot?364dfb1ef49df112427d49e38d1f199a,INS,0,0,false,,gx-no-cache=1583506840794 HTTP/1.1" 200 93
190.171.141.122 - - [06/Mar/2020:12:07:24 -0300] "GET /cormun/servlet/hpexe_return? HTTP/1.1" 200 1011
190.171.141.122 - - [06/Mar/2020:12:07:24 -0300] "GET /cormun/servlet/trsolicitudot HTTP/1.1" 200 8909
190.171.141.122 - - [06/Mar/2020:12:07:25 -0300] "GET /cormun/servlet/trsolicitudot HTTP/1.1" 200 8903
190.171.143.106 - - [06/Mar/2020:12:07:31 -0300] "GET /cormun/servlet/solicitudot?2afe46fa33366be3571f56b17a41561f756c12d5d4d645debf318bb87500e17ee2975314509237c03be16ce79172839bf87d0f41e08f403f2c858cbec8bd29cb,gx-no-cache=1583506849445 HTTP/1.1" 200 30
190.171.143.106 - - [06/Mar/2020:12:07:31 -0300] "GET /cormun/servlet/solicitudot?2afe46fa33366be3571f56b17a41561f81c5ba4c36152cdf60085d83e068551b,gx-no-cache=1583506849503 HTTP/1.1" 200 29
190.171.143.106 - - [06/Mar/2020:12:07:32 -0300] "POST /cormun/servlet/solicitudot?gx-no-cache=1583506850356 HTTP/1.1" 200 255
190.171.143.106 - - [06/Mar/2020:12:07:33 -0300] "GET /cormun/servlet/solicitudot?2afe46fa33366be3571f56b17a41561fba859ddcf40cf6295bf09cf2530cdad2a9eeaed2ec043c67895df4216906531aab88dbc45445176312786d6b8e58157e9c643ff01035eb29f72b3315c90e1d0f5bda356506c4578ea143c5a532b901188dd871a48568b900dcb7f038dcb12a398c22c5f2e24312972356fe8dcb06d318fbf50dbaa1f2ccfb8aa76de9e0e45d066248e4d4b6c4ad79aac890a3c7c522fd17acc9a006e05c4ebf85162e935e2b1271171d2acefa30fd28dc4bcd78d19350f801c4dd285b1241baa6edb89a11e2ab1cebe7b0a0473bfa7d2d804624aec89830634702af9fe43fd220049b35312852f85fd860067e813e572e10087261a0b5e0edeb4249d2cdd0ef77ac2eb69a611cf95a2985ee929c7cdf2d2830b38041b7ed4529c9d2fa7d848ce50adb6afceeb49b1e78d3e426d68b5558d55de39662170411aa01f98dadcf528b013c940345d9c55208f33f39b958fb51a137c72c750c85a50eb34abfa191e7caad87e4cecb6395878d5dc878119287c59b4e5a6da3a5,gx-no-cache=1583506851651 HTTP/1.1" 200 30
190.171.143.106 - - [06/Mar/2020:12:07:35 -0300] "POST /cormun/servlet/solicitudot?gx-no-cache=1583506853713 HTTP/1.1" 200 30
190.171.143.106 - - [06/Mar/2020:12:07:36 -0300] "POST /cormun/servlet/solicitudot?gx-no-cache=1583506854506 HTTP/1.1" 200 1363
190.171.143.106 - - [06/Mar/2020:12:07:36 -0300] "POST /cormun/servlet/solicitudot?gx-no-cache=1583506854556 HTTP/1.1" 200 38
190.171.143.106 - - [06/Mar/2020:12:08:01 -0300] "GET /cormun/servlet/solicitudot?2afe46fa33366be3571f56b17a41561fe9ae1f773bf9b827ff37fb9e48a51a180d42c095212f6f34f0f56b046537daebe689651eea3d1a9c35bcfb105a8a3849c48c645ea2b6897a0177da7ee61d35d804b1ec9de36e06cba6678d5c07d0413a7a7ec669a568ddbbefbb30e9b89561f8,gx-no-cache=1583506879577 HTTP/1.1" 200 110
190.171.143.106 - - [06/Mar/2020:12:08:12 -0300] "POST /cormun/servlet/solicitudot?gx-no-cache=1583506890799 HTTP/1.1" 200 97
190.171.143.106 - - [06/Mar/2020:12:08:19 -0300] "GET /cormun/servlet/solicitudot?2afe46fa33366be3571f56b17a41561fe50eaad455845042c0442b668e21686bccbba5e361451a09e39295c09168ecd9745ee70587978e1efe265247d65f84e5b828f21f83c9b4abe103988e86ed72d2c1f68a2556fa0b0382f8a46487c28e8a6ec522b04d2343608fd78331c910ba89,gx-no-cache=1583506897547 HTTP/1.1" 200 29
190.171.143.106 - - [06/Mar/2020:12:08:19 -0300] "GET /cormun/static/menuarrow.gif HTTP/1.1" 404 1015
190.171.143.106 - - [06/Mar/2020:12:08:21 -0300] "GET /cormun/servlet/solicitudot?2afe46fa33366be3571f56b17a41561ff4e79d26c0dbfe8ee3dd5031ad91005fff93fe4a8e5fd27823ba8d664fbda0d3,gx-no-cache=1583506899888 HTTP/1.1" 200 30
190.171.143.106 - - [06/Mar/2020:12:08:28 -0300] "POST /cormun/servlet/solicitudot?gx-no-cache=1583506906739 HTTP/1.1" 200 30
190.171.143.106 - - [06/Mar/2020:12:08:29 -0300] "POST /cormun/servlet/solicitudot?840b51bf0793ae76e4b0f698a1a3516a,INS,0,0,false,,gx-no-cache=1583506906784 HTTP/1.1" 200 93
190.171.143.106 - - [06/Mar/2020:12:08:29 -0300] "GET /cormun/servlet/hpexe_return? HTTP/1.1" 200 1011
190.171.143.106 - - [06/Mar/2020:12:08:29 -0300] "GET /cormun/static/gxcfg.js?201991422392976 HTTP/1.1" 304 -
190.171.143.106 - - [06/Mar/2020:12:08:29 -0300] "GET /cormun/servlet/trsolicitudot HTTP/1.1" 200 8567
190.171.143.106 - - [06/Mar/2020:12:08:30 -0300] "GET /cormun/servlet/trsolicitudot HTTP/1.1" 200 8563
