186.103.156.166 - - [05/Mar/2020:10:47:55 -0300] "GET /cormun/static/hpexe_messagegenexuscomponent.js?2020121447173 HTTP/1.1" 200 587
186.103.156.166 - - [05/Mar/2020:10:47:55 -0300] "GET /cormun/static/cmcontrolpreferences.js?20199141926336 HTTP/1.1" 200 1375
186.103.156.166 - - [05/Mar/2020:10:47:55 -0300] "GET /cormun/static/Shared/jquery/jquery-1.4.2.min.js HTTP/1.1" 200 72174
186.103.156.166 - - [05/Mar/2020:10:47:55 -0300] "GET /cormun/static/SmoothNavMenu/resources/ddsmoothmenu.js HTTP/1.1" 200 12712
186.103.156.166 - - [05/Mar/2020:10:47:55 -0300] "GET /cormun/static/SmoothNavMenu/resources/SmoothNavMenuRender.js HTTP/1.1" 200 5951
186.103.156.166 - - [05/Mar/2020:10:47:56 -0300] "GET /cormun/static/scaMessage/js/jquery.pnotify.min.js HTTP/1.1" 200 13038
186.103.156.166 - - [05/Mar/2020:10:47:56 -0300] "GET /cormun/static/scaMessage/scaMessageRender.js HTTP/1.1" 200 11977
186.103.156.166 - - [05/Mar/2020:10:47:56 -0300] "GET /cormun/static/hmpwkw03.js?20201215501896 HTTP/1.1" 200 3973
186.103.159.189 - - [05/Mar/2020:10:47:56 -0300] "GET /cormun/servlet/solicitudotadjuntos?4d555b343f428fcc2ed105f02b3ffb64467cc1ff30e183bfa0ccc17f097ad2d1c11d4abc0544e0775789f50f39393d81,gx-no-cache=1583415675950 HTTP/1.1" 200 30
186.103.156.166 - - [05/Mar/2020:10:47:56 -0300] "GET /cormun/static/Shared/jquery/jquery-1.10.2.min.js HTTP/1.1" 200 273199
186.103.159.189 - - [05/Mar/2020:10:47:56 -0300] "POST /cormun/servlet/solicitudotadjuntos?b24476ed6220088d87c2e96ecb8e9f31,INS,2020,16301,,1,,gx-no-cache=1583415676018 HTTP/1.1" 200 3898
186.103.156.166 - - [05/Mar/2020:10:47:56 -0300] "GET /cormun/static/Shared/jqueryui/jquery-ui.min.js HTTP/1.1" 200 240427
186.103.156.166 - - [05/Mar/2020:10:47:56 -0300] "GET /cormun/servlet/hhome HTTP/1.1" 200 4301
186.103.156.166 - - [05/Mar/2020:10:47:56 -0300] "GET /cormun/static/SmoothNavMenu/resources/images/down.gif HTTP/1.1" 200 854
186.103.156.166 - - [05/Mar/2020:10:47:56 -0300] "GET /cormun/static/SmoothNavMenu/resources/images/right.gif HTTP/1.1" 200 860
186.103.159.189 - - [05/Mar/2020:10:48:01 -0300] "POST /cormun/servlet/solicitudotadjuntos?gx-no-cache=1583415680843 HTTP/1.1" 200 26
186.103.156.166 - - [05/Mar/2020:10:48:08 -0300] "GET /cormun/servlet/trcargahoraria? HTTP/1.1" 200 6710
186.103.156.166 - - [05/Mar/2020:10:48:08 -0300] "GET /cormun/static/gxui/gxui-all.css?120300 HTTP/1.1" 200 2179
186.103.156.166 - - [05/Mar/2020:10:48:08 -0300] "GET /cormun/static/gxcfg.js?202012113392337 HTTP/1.1" 200 953
186.103.156.166 - - [05/Mar/2020:10:48:08 -0300] "GET /cormun/static/Resources/PXToolsGridFirstDisabled.gif HTTP/1.1" 200 100
186.103.156.166 - - [05/Mar/2020:10:48:08 -0300] "GET /cormun/static/Resources/PXToolsDataSearch.png HTTP/1.1" 200 435
186.103.156.166 - - [05/Mar/2020:10:48:08 -0300] "GET /cormun/static/Resources/PXToolsGridPreviousDisabled.gif HTTP/1.1" 200 90
186.103.156.166 - - [05/Mar/2020:10:48:08 -0300] "GET /cormun/static/trcargahoraria.js?202012113392783 HTTP/1.1" 200 28768
186.103.156.166 - - [05/Mar/2020:10:48:08 -0300] "GET /cormun/static/Resources/PXToolsGridNextDisabled.gif HTTP/1.1" 200 90
186.103.156.166 - - [05/Mar/2020:10:48:09 -0300] "GET /cormun/static/Resources/PXToolsGridLastDisabled.gif HTTP/1.1" 200 98
186.103.156.166 - - [05/Mar/2020:10:48:09 -0300] "GET /cormun/static/Resources/PXToolsGridPage.gif HTTP/1.1" 200 725
186.103.156.166 - - [05/Mar/2020:10:48:09 -0300] "GET /cormun/static/Resources/PXToolsActionExcel.png HTTP/1.1" 200 727
186.103.156.166 - - [05/Mar/2020:10:48:09 -0300] "GET /cormun/static/Shared/ext/resources/css/ext-all.css?215870 HTTP/1.1" 200 416045
186.103.156.166 - - [05/Mar/2020:10:48:09 -0300] "GET /cormun/static/Resources/desc.gif HTTP/1.1" 200 65
186.103.156.166 - - [05/Mar/2020:10:48:09 -0300] "GET /cormun/static/Resources/asc.gif HTTP/1.1" 200 67
186.103.156.166 - - [05/Mar/2020:10:48:10 -0300] "GET /cormun/servlet/trcargahoraria? HTTP/1.1" 200 6710
186.103.156.166 - - [05/Mar/2020:10:48:10 -0300] "GET /cormun/static/Shared/ext/resources/themes/images/default/tools/tool-sprites.gif HTTP/1.1" 200 5434
186.103.156.166 - - [05/Mar/2020:10:48:10 -0300] "GET /cormun/static/Shared/ext/resources/themes/images/default/panel/bg-headersPanel.png HTTP/1.1" 200 255
186.103.156.166 - - [05/Mar/2020:10:48:14 -0300] "GET /cormun/servlet/trreportecargahoraria? HTTP/1.1" 200 9878
186.103.156.166 - - [05/Mar/2020:10:48:14 -0300] "GET /cormun/static/gxcfg.js?202012113393031 HTTP/1.1" 200 953
186.103.156.166 - - [05/Mar/2020:10:48:14 -0300] "GET /cormun/static/trreportecargahoraria.js?202012113393554 HTTP/1.1" 200 29376
186.103.156.166 - - [05/Mar/2020:10:48:15 -0300] "GET /cormun/servlet/trreportecargahoraria? HTTP/1.1" 200 9877
186.103.156.166 - - [05/Mar/2020:10:48:15 -0300] "GET /cormun//static/Resources/PXToolsActionExcel.png HTTP/1.1" 200 727
186.103.156.166 - - [05/Mar/2020:10:48:15 -0300] "GET /cormun//static/Resources/PXToolsGridDisplay.png HTTP/1.1" 200 525
186.103.159.189 - - [05/Mar/2020:10:48:15 -0300] "GET /cormun/servlet/solicitudotadjuntos?4d555b343f428fcc2ed105f02b3ffb646c3178e3c75dbe40729bb219b4813420,gx-no-cache=1583415695644 HTTP/1.1" 200 30
186.103.159.189 - - [05/Mar/2020:10:48:15 -0300] "GET /cormun/servlet/solicitudotadjuntos?4d555b343f428fcc2ed105f02b3ffb646c3178e3c75dbe40729bb219b4813420,gx-no-cache=1583415695686 HTTP/1.1" 200 30
186.103.159.189 - - [05/Mar/2020:10:48:16 -0300] "POST /cormun/servlet/solicitudotadjuntos?b24476ed6220088d87c2e96ecb8e9f31,INS,2020,16301,,1, HTTP/1.1" 200 116
186.103.159.189 - - [05/Mar/2020:10:48:16 -0300] "GET /cormun/servlet/hpexe_return? HTTP/1.1" 200 1024
186.103.159.189 - - [05/Mar/2020:10:48:16 -0300] "GET /cormun/servlet/trsolicitudadjuntos?2020,16301, HTTP/1.1" 200 9143
186.103.159.189 - - [05/Mar/2020:10:48:17 -0300] "GET /cormun/servlet/trsolicitudadjuntos?2020,16301, HTTP/1.1" 200 9143
186.103.159.189 - - [05/Mar/2020:10:48:20 -0300] "GET /cormun/servlet/solicitudotadjuntos?INS,2020,16301,,1, HTTP/1.1" 200 6029
186.103.159.189 - - [05/Mar/2020:10:48:21 -0300] "GET /cormun/static/about:blank HTTP/1.1" 404 1011
186.103.159.189 - - [05/Mar/2020:10:48:22 -0300] "GET /cormun/servlet/solicitudotadjuntos?INS,2020,16301,,1, HTTP/1.1" 200 6022
186.103.159.189 - - [05/Mar/2020:10:48:22 -0300] "GET /cormun/servlet/solicitudotadjuntos?4d555b343f428fcc2ed105f02b3ffb64467cc1ff30e183bfa0ccc17f097ad2d1c11d4abc0544e0775789f50f39393d81,gx-no-cache=1583415702340 HTTP/1.1" 200 30
186.103.159.189 - - [05/Mar/2020:10:48:22 -0300] "POST /cormun/servlet/solicitudotadjuntos?b24476ed6220088d87c2e96ecb8e9f31,INS,2020,16301,,1,,gx-no-cache=1583415702396 HTTP/1.1" 200 3898
186.103.159.189 - - [05/Mar/2020:10:48:31 -0300] "POST /cormun/servlet/solicitudotadjuntos?gx-no-cache=1583415711299 HTTP/1.1" 200 26
200.54.237.82 - - [05/Mar/2020:10:48:38 -0300] "GET /cormun/servlet/trcontratounov2? HTTP/1.1" 200 5886
200.54.237.82 - - [05/Mar/2020:10:48:38 -0300] "GET /cormun/servlet/hlogin HTTP/1.1" 200 1748
200.54.237.82 - - [05/Mar/2020:10:48:38 -0300] "GET /cormun/servlet/trcontratounov2? HTTP/1.1" 200 5897
200.54.237.82 - - [05/Mar/2020:10:48:38 -0300] "GET /cormun/servlet/trcontratounov2? HTTP/1.1" 200 5897
186.103.159.189 - - [05/Mar/2020:10:48:41 -0300] "GET /cormun/servlet/solicitudotadjuntos?4d555b343f428fcc2ed105f02b3ffb646c3178e3c75dbe40729bb219b4813420,gx-no-cache=1583415721744 HTTP/1.1" 200 30
186.103.159.189 - - [05/Mar/2020:10:48:41 -0300] "GET /cormun/servlet/solicitudotadjuntos?4d555b343f428fcc2ed105f02b3ffb646c3178e3c75dbe40729bb219b4813420,gx-no-cache=1583415721777 HTTP/1.1" 200 30
186.103.159.189 - - [05/Mar/2020:10:48:42 -0300] "POST /cormun/servlet/solicitudotadjuntos?b24476ed6220088d87c2e96ecb8e9f31,INS,2020,16301,,1, HTTP/1.1" 200 116
186.103.159.189 - - [05/Mar/2020:10:48:42 -0300] "GET /cormun/servlet/hpexe_return? HTTP/1.1" 200 1024
186.103.159.189 - - [05/Mar/2020:10:48:42 -0300] "GET /cormun/servlet/trsolicitudadjuntos?2020,16301, HTTP/1.1" 200 9384
186.103.159.189 - - [05/Mar/2020:10:48:44 -0300] "GET /cormun/servlet/trsolicitudadjuntos?2020,16301, HTTP/1.1" 200 9380
186.103.156.166 - - [05/Mar/2020:10:48:45 -0300] "POST /cormun/servlet/trreportecargahoraria?ff92e672e3cadc3eb8257fb677a9e1ad,,gx-no-cache=1583415726591 HTTP/1.1" 200 7900
186.103.159.189 - - [05/Mar/2020:10:48:46 -0300] "GET /cormun/servlet/solicitudotadjuntos?INS,2020,16301,,1, HTTP/1.1" 200 6029
186.103.159.189 - - [05/Mar/2020:10:48:46 -0300] "GET /cormun/static/about:blank HTTP/1.1" 404 1011
186.103.159.189 - - [05/Mar/2020:10:48:47 -0300] "GET /cormun/servlet/solicitudotadjuntos?INS,2020,16301,,1, HTTP/1.1" 200 6022
186.103.159.189 - - [05/Mar/2020:10:48:48 -0300] "GET /cormun/servlet/solicitudotadjuntos?4d555b343f428fcc2ed105f02b3ffb64467cc1ff30e183bfa0ccc17f097ad2d1c11d4abc0544e0775789f50f39393d81,gx-no-cache=1583415728172 HTTP/1.1" 200 30
186.103.159.189 - - [05/Mar/2020:10:48:48 -0300] "POST /cormun/servlet/solicitudotadjuntos?b24476ed6220088d87c2e96ecb8e9f31,INS,2020,16301,,1,,gx-no-cache=1583415728221 HTTP/1.1" 200 3898
186.103.159.189 - - [05/Mar/2020:10:48:52 -0300] "POST /cormun/servlet/solicitudotadjuntos?gx-no-cache=1583415731957 HTTP/1.1" 200 26
186.103.156.166 - - [05/Mar/2020:10:49:08 -0300] "GET /cormun/servlet/hlogin HTTP/1.1" 200 1748
186.103.159.189 - - [05/Mar/2020:10:49:10 -0300] "GET /cormun/servlet/solicitudotadjuntos?4d555b343f428fcc2ed105f02b3ffb646c3178e3c75dbe40729bb219b4813420,gx-no-cache=1583415750094 HTTP/1.1" 200 30
186.103.159.189 - - [05/Mar/2020:10:49:10 -0300] "GET /cormun/servlet/solicitudotadjuntos?4d555b343f428fcc2ed105f02b3ffb646c3178e3c75dbe40729bb219b4813420,gx-no-cache=1583415750131 HTTP/1.1" 200 30
186.103.159.189 - - [05/Mar/2020:10:49:10 -0300] "POST /cormun/servlet/solicitudotadjuntos?b24476ed6220088d87c2e96ecb8e9f31,INS,2020,16301,,1, HTTP/1.1" 200 116
186.103.159.189 - - [05/Mar/2020:10:49:10 -0300] "GET /cormun/servlet/hpexe_return? HTTP/1.1" 200 1024
186.103.159.189 - - [05/Mar/2020:10:49:11 -0300] "GET /cormun/servlet/trsolicitudadjuntos?2020,16301, HTTP/1.1" 200 9641
186.103.159.189 - - [05/Mar/2020:10:49:12 -0300] "GET /cormun/servlet/trsolicitudadjuntos?2020,16301, HTTP/1.1" 200 9637
186.103.159.189 - - [05/Mar/2020:10:49:18 -0300] "GET /cormun/servlet/solicitudotadjuntos?INS,2020,16301,,1, HTTP/1.1" 200 6029
186.103.159.189 - - [05/Mar/2020:10:49:18 -0300] "GET /cormun/static/about:blank HTTP/1.1" 404 1011
186.103.159.189 - - [05/Mar/2020:10:49:19 -0300] "GET /cormun/servlet/solicitudotadjuntos?INS,2020,16301,,1, HTTP/1.1" 200 6022
186.103.159.189 - - [05/Mar/2020:10:49:20 -0300] "GET /cormun/servlet/solicitudotadjuntos?4d555b343f428fcc2ed105f02b3ffb64467cc1ff30e183bfa0ccc17f097ad2d1c11d4abc0544e0775789f50f39393d81,gx-no-cache=1583415760013 HTTP/1.1" 200 30
186.103.159.189 - - [05/Mar/2020:10:49:20 -0300] "POST /cormun/servlet/solicitudotadjuntos?b24476ed6220088d87c2e96ecb8e9f31,INS,2020,16301,,1,,gx-no-cache=1583415760062 HTTP/1.1" 200 3898
186.103.159.189 - - [05/Mar/2020:10:49:24 -0300] "POST /cormun/servlet/solicitudotadjuntos?gx-no-cache=1583415764517 HTTP/1.1" 200 26
186.103.159.189 - - [05/Mar/2020:10:49:36 -0300] "GET /cormun/servlet/solicitudotadjuntos?4d555b343f428fcc2ed105f02b3ffb646c3178e3c75dbe40729bb219b4813420,gx-no-cache=1583415776650 HTTP/1.1" 200 30
186.103.159.189 - - [05/Mar/2020:10:49:36 -0300] "GET /cormun/servlet/solicitudotadjuntos?4d555b343f428fcc2ed105f02b3ffb646c3178e3c75dbe40729bb219b4813420,gx-no-cache=1583415776686 HTTP/1.1" 200 30
186.103.159.189 - - [05/Mar/2020:10:49:37 -0300] "POST /cormun/servlet/solicitudotadjuntos?b24476ed6220088d87c2e96ecb8e9f31,INS,2020,16301,,1, HTTP/1.1" 200 116
186.103.159.189 - - [05/Mar/2020:10:49:37 -0300] "GET /cormun/servlet/hpexe_return? HTTP/1.1" 200 1024
186.103.159.189 - - [05/Mar/2020:10:49:37 -0300] "GET /cormun/servlet/trsolicitudadjuntos?2020,16301, HTTP/1.1" 200 9862
186.103.159.189 - - [05/Mar/2020:10:49:39 -0300] "GET /cormun/servlet/trsolicitudadjuntos?2020,16301, HTTP/1.1" 200 9857
186.103.159.189 - - [05/Mar/2020:10:50:15 -0300] "GET /cormun/servlet/solicitudotadjuntos?INS,2020,16301,,2, HTTP/1.1" 200 6025
186.103.159.189 - - [05/Mar/2020:10:50:15 -0300] "GET /cormun/static/about:blank HTTP/1.1" 404 1011
186.103.159.189 - - [05/Mar/2020:10:50:17 -0300] "GET /cormun/servlet/solicitudotadjuntos?INS,2020,16301,,2, HTTP/1.1" 200 6019
186.103.159.189 - - [05/Mar/2020:10:50:17 -0300] "GET /cormun/servlet/solicitudotadjuntos?4d555b343f428fcc2ed105f02b3ffb64467cc1ff30e183bfa0ccc17f097ad2d1c11d4abc0544e0775789f50f39393d81,gx-no-cache=1583415817407 HTTP/1.1" 200 30
186.103.159.189 - - [05/Mar/2020:10:50:17 -0300] "POST /cormun/servlet/solicitudotadjuntos?b24476ed6220088d87c2e96ecb8e9f31,INS,2020,16301,,2,,gx-no-cache=1583415817462 HTTP/1.1" 200 4041
186.103.159.189 - - [05/Mar/2020:10:50:41 -0300] "POST /cormun/servlet/solicitudotadjuntos?gx-no-cache=1583415841569 HTTP/1.1" 200 26
186.103.159.189 - - [05/Mar/2020:10:51:26 -0300] "GET /cormun/servlet/solicitudotadjuntos?4d555b343f428fcc2ed105f02b3ffb646c3178e3c75dbe40729bb219b4813420,gx-no-cache=1583415885881 HTTP/1.1" 200 30
186.103.159.189 - - [05/Mar/2020:10:51:26 -0300] "GET /cormun/servlet/solicitudotadjuntos?4d555b343f428fcc2ed105f02b3ffb646c3178e3c75dbe40729bb219b4813420,gx-no-cache=1583415885933 HTTP/1.1" 200 30
186.103.159.189 - - [05/Mar/2020:10:51:26 -0300] "POST /cormun/servlet/solicitudotadjuntos?b24476ed6220088d87c2e96ecb8e9f31,INS,2020,16301,,2, HTTP/1.1" 200 116
186.103.159.189 - - [05/Mar/2020:10:51:26 -0300] "GET /cormun/servlet/hpexe_return? HTTP/1.1" 200 1024
186.103.159.189 - - [05/Mar/2020:10:51:27 -0300] "GET /cormun/servlet/trsolicitudadjuntos?2020,16301, HTTP/1.1" 200 10011
186.103.159.189 - - [05/Mar/2020:10:51:28 -0300] "GET /cormun/servlet/trsolicitudadjuntos?2020,16301, HTTP/1.1" 200 10012
186.103.159.189 - - [05/Mar/2020:10:51:31 -0300] "GET /cormun/servlet/solicitudotadjuntos?INS,2020,16301,,2, HTTP/1.1" 200 6026
186.103.159.189 - - [05/Mar/2020:10:51:32 -0300] "GET /cormun/static/about:blank HTTP/1.1" 404 1011
186.103.159.189 - - [05/Mar/2020:10:51:32 -0300] "GET /cormun/servlet/solicitudotadjuntos?INS,2020,16301,,2, HTTP/1.1" 200 6020
186.103.159.189 - - [05/Mar/2020:10:51:33 -0300] "GET /cormun/servlet/solicitudotadjuntos?4d555b343f428fcc2ed105f02b3ffb64467cc1ff30e183bfa0ccc17f097ad2d1c11d4abc0544e0775789f50f39393d81,gx-no-cache=1583415893312 HTTP/1.1" 200 30
186.103.159.189 - - [05/Mar/2020:10:51:33 -0300] "POST /cormun/servlet/solicitudotadjuntos?b24476ed6220088d87c2e96ecb8e9f31,INS,2020,16301,,2,,gx-no-cache=1583415893374 HTTP/1.1" 200 4042
186.103.159.189 - - [05/Mar/2020:10:51:39 -0300] "POST /cormun/servlet/solicitudotadjuntos?gx-no-cache=1583415899292 HTTP/1.1" 200 26
186.103.159.187 - - [05/Mar/2020:10:53:39 -0300] "GET /cormun/servlet/hhome HTTP/1.1" 200 3297
186.103.159.187 - - [05/Mar/2020:10:53:39 -0300] "GET /cormun/servlet/hhome HTTP/1.1" 200 3295
186.103.159.187 - - [05/Mar/2020:10:53:40 -0300] "GET /cormun/servlet/hhome HTTP/1.1" 200 3305
186.103.159.187 - - [05/Mar/2020:10:53:40 -0300] "GET /cormun/servlet/hlogin HTTP/1.1" 200 1739
186.103.159.187 - - [05/Mar/2020:10:53:50 -0300] "POST /cormun/servlet/hlogin?df70f0f60f17f7e87a26b24c7bee18d4,gx-no-cache=1583416082670 HTTP/1.1" 200 443
186.103.159.187 - - [05/Mar/2020:10:53:56 -0300] "POST /cormun/servlet/hlogin?df70f0f60f17f7e87a26b24c7bee18d4,gx-no-cache=1583416088547 HTTP/1.1" 200 90
186.103.159.187 - - [05/Mar/2020:10:53:56 -0300] "GET /cormun/servlet/hpexe_link HTTP/1.1" 200 953
186.103.159.187 - - [05/Mar/2020:10:53:57 -0300] "GET /cormun/servlet/hhome HTTP/1.1" 200 3953
186.103.159.187 - - [05/Mar/2020:10:53:58 -0300] "GET /cormun/servlet/hhome HTTP/1.1" 200 3949
186.103.159.187 - - [05/Mar/2020:10:54:02 -0300] "GET /cormun/servlet/trsolicitudot? HTTP/1.1" 200 7173
186.103.159.187 - - [05/Mar/2020:10:54:03 -0300] "GET /cormun/servlet/trsolicitudot? HTTP/1.1" 200 7172
186.103.159.187 - - [05/Mar/2020:10:54:06 -0300] "GET /cormun/servlet/solicitudot?INS,0,0,false, HTTP/1.1" 200 15243
186.103.159.187 - - [05/Mar/2020:10:54:06 -0300] "GET /cormun/static/gxcfg.js?20203414241232 HTTP/1.1" 304 -
186.103.159.187 - - [05/Mar/2020:10:54:06 -0300] "GET /cormun/static/solicitudot.js?20203414242792 HTTP/1.1" 304 -
186.103.159.187 - - [05/Mar/2020:10:54:08 -0300] "GET /cormun/servlet/solicitudot?INS,0,0,false, HTTP/1.1" 200 15250
186.103.159.187 - - [05/Mar/2020:10:54:45 -0300] "GET /cormun/servlet/prfichaempleado?,MD,,gxPopupLevel%3D0%3B HTTP/1.1" 200 9246
186.103.159.187 - - [05/Mar/2020:10:55:03 -0300] "POST /cormun/servlet/prfichaempleado?df70f0f60f17f7e87a26b24c7bee18d4,,MD,,gxPopupLevel%3D0%3B,gx-no-cache=1583416155296 HTTP/1.1" 200 3472
186.103.159.187 - - [05/Mar/2020:10:55:23 -0300] "POST /cormun/servlet/solicitudot?gx-no-cache=1583416175080 HTTP/1.1" 200 3530
186.103.159.187 - - [05/Mar/2020:10:55:23 -0300] "POST /cormun/servlet/solicitudot?df70f0f60f17f7e87a26b24c7bee18d4,INS,0,0,false,,gx-no-cache=1583416175373 HTTP/1.1" 200 11885
186.103.159.187 - - [05/Mar/2020:10:55:28 -0300] "GET /cormun/servlet/solicitudot?5aa22c91e77948c5be1ac8a85d155dd85f93939e1e349098df45cec76c86f0a025cb6643f66ad52f7d7c03cc2bd1d50d,gx-no-cache=1583416180567 HTTP/1.1" 200 30
186.103.159.189 - - [05/Mar/2020:10:59:20 -0300] "GET /cormun/servlet/solicitudotadjuntos?4d555b343f428fcc2ed105f02b3ffb646c3178e3c75dbe40729bb219b4813420,gx-no-cache=1583416359327 HTTP/1.1" 200 30
186.103.159.189 - - [05/Mar/2020:10:59:20 -0300] "GET /cormun/servlet/solicitudotadjuntos?4d555b343f428fcc2ed105f02b3ffb646c3178e3c75dbe40729bb219b4813420,gx-no-cache=1583416360177 HTTP/1.1" 200 30
186.103.159.187 - - [05/Mar/2020:10:59:28 -0300] "GET /cormun/servlet/solicitudot?5aa22c91e77948c5be1ac8a85d155dd8b6a3b998d4e36bdaac554a0ab2a75ac200406f3c489b2a91566d257b0570d27198769aad13bc93091f86c3b6a1d4684b,gx-no-cache=1583416420190 HTTP/1.1" 200 30
186.103.159.187 - - [05/Mar/2020:10:59:28 -0300] "GET /cormun/servlet/solicitudot?5aa22c91e77948c5be1ac8a85d155dd86935256bf0bb55585d661fe3f0c5bd4f,gx-no-cache=1583416420456 HTTP/1.1" 200 29
186.103.159.189 - - [05/Mar/2020:10:59:29 -0300] "POST /cormun/servlet/solicitudotadjuntos?b24476ed6220088d87c2e96ecb8e9f31,INS,2020,16301,,2, HTTP/1.1" 200 116
186.103.159.189 - - [05/Mar/2020:10:59:30 -0300] "GET /cormun/servlet/hpexe_return? HTTP/1.1" 200 1024
186.103.159.187 - - [05/Mar/2020:10:59:30 -0300] "POST /cormun/servlet/solicitudot?gx-no-cache=1583416422177 HTTP/1.1" 200 255
186.103.159.189 - - [05/Mar/2020:10:59:31 -0300] "GET /cormun/servlet/trsolicitudadjuntos?2020,16301, HTTP/1.1" 200 10185
186.103.159.189 - - [05/Mar/2020:10:59:32 -0300] "GET /cormun/servlet/trsolicitudadjuntos?2020,16301, HTTP/1.1" 200 10186
186.103.159.187 - - [05/Mar/2020:10:59:34 -0300] "GET /cormun/servlet/solicitudot?5aa22c91e77948c5be1ac8a85d155dd89cd4f966c1c26aa8a410c9a712ac2791aa77b6a81d6f051356e5894cf62bdca919f7023c643d10cddc9aa03192d459a065b6d09769569069f5e801f830a73c3e9761e4ba4ec5689906c85a14fd299d2a4511dda5bbafa39cdd7d69098f0fd3bf5cb6c6a597adc40b9ae6cede079b953600e432fe96e6168a3d0b28b4b82aea393b4712d5ea00e7d1a94c129ac3eaf688deac0741cf489c285e9cd38da7eaff084c73bc6fe8b0a271feddc757c800987418e132096fdc1188560e425fe93043cf79b0b3ac5f943f9e4f6850aed71aaf4a2ca84a15863d1297f0e676cce4a5d5b70640604fe59b4636da940d7bb943f21600347ed62da9c4291d048d6d10994851e7551449cab9063ef946fc93d8de5f484b13deeb6447317a24c3a9a9a23b2f9ade0c98ad04b011bc0489fc7ccdb67378337f8b78240bb12235a12bcf9a0c0a9f8c9d3a1b76151edefd88a7767cbaac0c45d819c21a528e197e476185dc70b013a40bd2b2be1234d0dada2453c758bf1b,gx-no-cache=1583416425616 HTTP/1.1" 200 30
186.103.159.187 - - [05/Mar/2020:10:59:37 -0300] "POST /cormun/servlet/solicitudot?gx-no-cache=1583416429715 HTTP/1.1" 200 30
186.103.159.187 - - [05/Mar/2020:10:59:39 -0300] "POST /cormun/servlet/solicitudot?gx-no-cache=1583416431777 HTTP/1.1" 200 1363
186.103.159.187 - - [05/Mar/2020:10:59:39 -0300] "POST /cormun/servlet/solicitudot?gx-no-cache=1583416431865 HTTP/1.1" 200 38
186.103.159.189 - - [05/Mar/2020:11:00:03 -0300] "GET /cormun/servlet/trsolicitudot? HTTP/1.1" 200 8564
186.103.159.189 - - [05/Mar/2020:11:00:04 -0300] "GET /cormun/servlet/trsolicitudot? HTTP/1.1" 200 8557
186.103.159.189 - - [05/Mar/2020:11:00:07 -0300] "GET /cormun/servlet/solicitudot?INS,0,0,false, HTTP/1.1" 200 15263
186.103.159.189 - - [05/Mar/2020:11:00:10 -0300] "GET /cormun/servlet/solicitudot?INS,0,0,false, HTTP/1.1" 200 15271
186.103.159.189 - - [05/Mar/2020:11:00:13 -0300] "GET /cormun/servlet/prfichaempleado?,MD,,gxPopupLevel%3D0%3B HTTP/1.1" 200 9281
186.103.159.189 - - [05/Mar/2020:11:00:34 -0300] "POST /cormun/servlet/prfichaempleado?b24476ed6220088d87c2e96ecb8e9f31,,MD,,gxPopupLevel%3D0%3B,gx-no-cache=1583416433763 HTTP/1.1" 200 3603
186.103.159.189 - - [05/Mar/2020:11:00:47 -0300] "POST /cormun/servlet/solicitudot?gx-no-cache=1583416447166 HTTP/1.1" 200 3639
186.103.159.189 - - [05/Mar/2020:11:00:47 -0300] "POST /cormun/servlet/solicitudot?b24476ed6220088d87c2e96ecb8e9f31,INS,0,0,false,,gx-no-cache=1583416447503 HTTP/1.1" 200 12005
186.103.159.189 - - [05/Mar/2020:11:00:55 -0300] "GET /cormun/servlet/solicitudot?4d555b343f428fcc2ed105f02b3ffb6466dcc8d7aba4a8d81370bb97e707371acf4b5efe1dd08a4dbd588fdba064d3f7,gx-no-cache=1583416455369 HTTP/1.1" 200 30
186.103.159.189 - - [05/Mar/2020:11:00:55 -0300] "GET /cormun/servlet/solicitudot?4d555b343f428fcc2ed105f02b3ffb6448feb959d28d9e92cb95d6e405df920403f4a10b6bf8d37817db931763ec61d9f84d2a7e754de088c14225b83505f6c0,gx-no-cache=1583416455469 HTTP/1.1" 200 30
186.103.159.189 - - [05/Mar/2020:11:00:55 -0300] "GET /cormun/servlet/solicitudot?4d555b343f428fcc2ed105f02b3ffb641092b2f0d1484c33f20f4b0cc58abdc1,gx-no-cache=1583416455521 HTTP/1.1" 200 51
186.103.159.189 - - [05/Mar/2020:11:00:55 -0300] "POST /cormun/servlet/solicitudot?gx-no-cache=1583416455585 HTTP/1.1" 200 255
186.103.159.189 - - [05/Mar/2020:11:00:55 -0300] "GET /cormun/servlet/solicitudot?4d555b343f428fcc2ed105f02b3ffb642eadb75bb696e287b2b892a03462237d7cb0dcaf47e51c2a3675f5c65c76086b5c352b740e122a8534eef8caec4b9bff01ebe80f82b94923d4cb5d77b3a46d58ca7e216071302723746d86ed0135ad7cdcf92ed864adeabad70d4851d26ffe849ebae0d1f60bb0cc6723917702d562735e9da9289281890a3d1ca5697183751b7d7a1c255b97bfb8ca3c793992c544d88cf3258583b3e8688650d345f59896204d665a8c2b45db539d89d5939e345f3259810cf9c35692efdf661f2689b4f4edfd9f757d2905491929372931b34f08e43875ba022e873ed80e89bda768ec61183bdc793e7dcb38e10c1ae8251ddbae0cb28c1b64b40d7cd8551a16b057e8e285b30aa5dd3b49ad0251e49eb6f106088ab397113ddaefdec7864b91fc0dbac5b543b3dec2595a7b1d911e7526817d8ee756042818aafe7888bf224328aadf58aadfcf2d9b8bf27a4d02b0bb28d850289e0878dbdeec8253d3aa4fb29c781fc5aa00c69a541b4c9dca1815679e8eb9549d,gx-no-cache=1583416455669 HTTP/1.1" 200 30
186.103.159.189 - - [05/Mar/2020:11:00:57 -0300] "POST /cormun/servlet/solicitudot?gx-no-cache=1583416457452 HTTP/1.1" 200 30
186.103.159.189 - - [05/Mar/2020:11:01:00 -0300] "POST /cormun/servlet/solicitudot?gx-no-cache=1583416460247 HTTP/1.1" 200 1367
186.103.159.189 - - [05/Mar/2020:11:01:00 -0300] "POST /cormun/servlet/solicitudot?gx-no-cache=1583416460350 HTTP/1.1" 200 38
186.103.159.189 - - [05/Mar/2020:11:01:00 -0300] "GET /cormun/servlet/solicitudot?4d555b343f428fcc2ed105f02b3ffb6476a07dbafdf7acf370e03de1f18981f955d572e93f5c8a867d990cdffd1ff844c10ad928b5d29fefad54bf8ed645d706487714b26acd2982e640b4d346d80e1addd80f2775a3e8346d4fb9710693e54ddff694a15c861c075f1e5b0e9b7a9c30,gx-no-cache=1583416460398 HTTP/1.1" 200 110
186.103.159.187 - - [05/Mar/2020:11:01:01 -0300] "GET /cormun/servlet/solicitudot?5aa22c91e77948c5be1ac8a85d155dd8857d421fcdee91e2c4c15f038671079ff88a0c62b88695725c3435d29dac090741a5a22bd8032446d927c52e5f6f9fc4ce9d65cc7658d2914f2c00bd48d286e4866c33809f71b67ff9c54cea050c9acf9b35ab92a399ceb8094247245923cd5b,gx-no-cache=1583416513231 HTTP/1.1" 200 110
186.103.159.189 - - [05/Mar/2020:11:01:05 -0300] "POST /cormun/servlet/solicitudot?gx-no-cache=1583416464934 HTTP/1.1" 200 97
186.103.159.188 - - [05/Mar/2020:11:01:09 -0300] "GET /cormun/servlet/hlogin HTTP/1.1" 200 1729
186.103.159.189 - - [05/Mar/2020:11:01:09 -0300] "GET /cormun/servlet/solicitudot?4d555b343f428fcc2ed105f02b3ffb641bc54afbe78d69d93588a66bcc6177cb0c9f647532c73d3f4083c0e70f47d9874a0349ec55c3387ced1438d3745ff27123f1198e5e1668b215dc4bb22c334f1d7b49f1a04d5d39f5b3e118deeadc4b1233900d207eebe833931f853e119824c725b809ff0cf645324e55fb64d19dc681de6525dc778ac4a2fcf4a2e1ab4324a96c8b30d1d6bc6bb8fab22844f491c4d4,gx-no-cache=1583416469413 HTTP/1.1" 200 29
186.103.159.189 - - [05/Mar/2020:11:01:09 -0300] "GET /cormun/static/menuarrow.gif HTTP/1.1" 404 1015
186.103.159.188 - - [05/Mar/2020:11:01:14 -0300] "POST /cormun/servlet/hlogin?114d6020ec9a1efb010719a699bee14d,gx-no-cache=1583416472417 HTTP/1.1" 200 90
186.103.159.188 - - [05/Mar/2020:11:01:14 -0300] "GET /cormun/servlet/hpexe_link HTTP/1.1" 200 951
186.103.159.188 - - [05/Mar/2020:11:01:15 -0300] "GET /cormun/servlet/hhome HTTP/1.1" 200 3966
186.103.159.188 - - [05/Mar/2020:11:01:15 -0300] "GET /cormun/servlet/hhome HTTP/1.1" 200 3962
186.103.159.188 - - [05/Mar/2020:11:01:18 -0300] "GET /cormun/servlet/trsolicitudot? HTTP/1.1" 200 7186
186.103.159.188 - - [05/Mar/2020:11:01:19 -0300] "GET /cormun/servlet/trsolicitudot? HTTP/1.1" 200 7185
186.103.159.189 - - [05/Mar/2020:11:01:20 -0300] "GET /cormun/servlet/solicitudot?4d555b343f428fcc2ed105f02b3ffb6425db8951210680f3550874a20bf8259ff2de620f9075e9d9e4bf738e3c62d515,gx-no-cache=1583416479969 HTTP/1.1" 200 30
186.103.159.188 - - [05/Mar/2020:11:01:21 -0300] "GET /cormun/servlet/solicitudot?INS,0,0,false, HTTP/1.1" 200 15254
186.103.159.188 - - [05/Mar/2020:11:01:22 -0300] "GET /cormun/servlet/solicitudot?INS,0,0,false, HTTP/1.1" 200 15261
186.103.159.189 - - [05/Mar/2020:11:01:26 -0300] "POST /cormun/servlet/solicitudot?gx-no-cache=1583416485989 HTTP/1.1" 200 30
186.103.159.189 - - [05/Mar/2020:11:02:01 -0300] "POST /cormun/servlet/solicitudot?gx-no-cache=1583416521335 HTTP/1.1" 200 254
186.103.159.189 - - [05/Mar/2020:11:02:01 -0300] "GET /cormun/servlet/solicitudot?4d555b343f428fcc2ed105f02b3ffb642eadb75bb696e287b2b892a03462237d7cb0dcaf47e51c2a3675f5c65c76086b5c352b740e122a8534eef8caec4b9bff01ebe80f82b94923d4cb5d77b3a46d58ca7e216071302723746d86ed0135ad7cdcf92ed864adeabad70d4851d26ffe849ebae0d1f60bb0cc6723917702d562735e9da9289281890a3d1ca5697183751b7d7a1c255b97bfb8ca3c793992c544d88cf3258583b3e8688650d345f59896204d665a8c2b45db539d89d5939e345f3259810cf9c35692efdf661f2689b4f4edfd9f757d2905491929372931b34f08e43875ba022e873ed80e89bda768ec61183bdc793e7dcb38e10c1ae8251ddbae0cb28c1b64b40d7cd8551a16b057e8e285b30aa5dd3b49ad0251e49eb6f106088ab397113ddaefdec7864b91fc0dbac5b543b3dec2595a7b1d911e7526817d8ee756042818aafe7888bf224328aadf58aadfcf2d9b8bf27a4d02b0bb28d850289e0878dbdeec8253d3aa4fb29c781fc5aae1c0756265a6d5dc91d450a95268f56b,gx-no-cache=1583416521507 HTTP/1.1" 200 30
186.103.159.189 - - [05/Mar/2020:11:02:02 -0300] "POST /cormun/servlet/solicitudot?gx-no-cache=1583416521904 HTTP/1.1" 200 30
186.103.159.189 - - [05/Mar/2020:11:02:02 -0300] "POST /cormun/servlet/solicitudot?gx-no-cache=1583416521977 HTTP/1.1" 200 1367
186.103.159.189 - - [05/Mar/2020:11:02:02 -0300] "POST /cormun/servlet/solicitudot?gx-no-cache=1583416522170 HTTP/1.1" 200 41
186.103.159.189 - - [05/Mar/2020:11:02:02 -0300] "GET /cormun/servlet/solicitudot?4d555b343f428fcc2ed105f02b3ffb6476a07dbafdf7acf370e03de1f18981f955d572e93f5c8a867d990cdffd1ff844c10ad928b5d29fefad54bf8ed645d706487714b26acd2982e640b4d346d80e1addd80f2775a3e8346d4fb9710693e54ddff694a15c861c075f1e5b0e9b7a9c30,gx-no-cache=1583416522254 HTTP/1.1" 200 110
186.103.159.189 - - [05/Mar/2020:11:02:02 -0300] "POST /cormun/servlet/solicitudot?gx-no-cache=1583416522341 HTTP/1.1" 200 97
186.103.159.189 - - [05/Mar/2020:11:02:02 -0300] "GET /cormun/servlet/solicitudot?4d555b343f428fcc2ed105f02b3ffb6425db8951210680f3550874a20bf8259ff2de620f9075e9d9e4bf738e3c62d515,gx-no-cache=1583416522420 HTTP/1.1" 200 30
186.103.159.189 - - [05/Mar/2020:11:02:02 -0300] "POST /cormun/servlet/solicitudot?gx-no-cache=1583416522470 HTTP/1.1" 200 30
186.103.159.189 - - [05/Mar/2020:11:02:03 -0300] "POST /cormun/servlet/solicitudot?b24476ed6220088d87c2e96ecb8e9f31,INS,0,0,false,,gx-no-cache=1583416522537 HTTP/1.1" 200 93
186.103.159.189 - - [05/Mar/2020:11:02:03 -0300] "GET /cormun/servlet/hpexe_return? HTTP/1.1" 200 1008
186.103.159.189 - - [05/Mar/2020:11:02:03 -0300] "GET /cormun/servlet/trsolicitudot HTTP/1.1" 200 8956
186.103.159.189 - - [05/Mar/2020:11:02:05 -0300] "GET /cormun/servlet/trsolicitudot HTTP/1.1" 200 8954
186.103.159.188 - - [05/Mar/2020:11:02:34 -0300] "POST /cormun/servlet/solicitudot?gx-no-cache=1583416552901 HTTP/1.1" 200 3646
186.103.159.188 - - [05/Mar/2020:11:02:34 -0300] "POST /cormun/servlet/solicitudot?114d6020ec9a1efb010719a699bee14d,INS,0,0,false,,gx-no-cache=1583416553269 HTTP/1.1" 200 12003
186.103.159.189 - - [05/Mar/2020:11:02:36 -0300] "GET /cormun/servlet/trsolicitudot? HTTP/1.1" 200 8954
186.103.159.189 - - [05/Mar/2020:11:02:37 -0300] "GET /cormun/servlet/trsolicitudot? HTTP/1.1" 200 8954
186.103.159.188 - - [05/Mar/2020:11:03:52 -0300] "GET /cormun/servlet/solicitudot?ff36efe8e21c9400590c9c9e56d74d03516c24a6af32297c5b165d4e60155deb6b001cfe923ef46f4d839b2a866e8f80,gx-no-cache=1583416630732 HTTP/1.1" 200 30
186.103.159.188 - - [05/Mar/2020:11:03:52 -0300] "GET /cormun/servlet/solicitudot?ff36efe8e21c9400590c9c9e56d74d037ec97298bcbaf7554e13888e9df12cfa4388602e8c3dbf776358efb3ffd5dfa00c0b7ccd23e23e49540010f0d17728cc,gx-no-cache=1583416630809 HTTP/1.1" 200 30
186.103.159.188 - - [05/Mar/2020:11:03:52 -0300] "GET /cormun/servlet/solicitudot?ff36efe8e21c9400590c9c9e56d74d031891eecbb4138431a567eb4e8c7fb6ff,gx-no-cache=1583416630909 HTTP/1.1" 200 53
186.103.159.188 - - [05/Mar/2020:11:03:52 -0300] "POST /cormun/servlet/solicitudot?gx-no-cache=1583416630954 HTTP/1.1" 200 255
186.103.159.188 - - [05/Mar/2020:11:03:52 -0300] "GET /cormun/servlet/solicitudot?ff36efe8e21c9400590c9c9e56d74d031b60d7dd2e157993db25b904dd6182a1b58449fbd7896f7684c9a45aebaffcd3b4663bb0742e3fc5d9ff1db7f94c95ff08cc4c0693b682af1aea90599095151b7ad81299b1ab1920a25d26eba19deb8d3bbd64dbc689b3966ff00c0afbdd47a7366c19e92eb1078fb554af0f8051c786970cde02fa701b1df501e125e10f409d4edfdc98fedacdc789e38c1ac7acfcd01de9a0bca22e368d03370af59b7e1920a0da261dd4ee2dc734ee5f661526489f3b3d452953a6300afd091f2f06a930ee6d941070f4eb6b32c0de6c09be7b0d767b0e8ced9ead2ca7f7cd23003ed4302064a59a761339cb9e276beb8fc17b9d76c977215bad969bb7574bbf9f5b782970e65a096583e072d00630f7dd0734c4ccf386586b0e53aa82b7766dd3e25137f059e30bfd7d3e8026a68086f916b80c8b227841c2d1d65b8eaadbf64c684fe7af7a22c67ce787622342bb895164d89881a0df4fe57548caa2c2e9865bac0a9dcf0fe69370a9d757eb668a7bd2bf8af170,gx-no-cache=1583416631038 HTTP/1.1" 200 30
186.103.159.188 - - [05/Mar/2020:11:03:56 -0300] "POST /cormun/servlet/solicitudot?gx-no-cache=1583416635456 HTTP/1.1" 200 30
186.103.159.188 - - [05/Mar/2020:11:03:59 -0300] "POST /cormun/servlet/solicitudot?gx-no-cache=1583416638156 HTTP/1.1" 200 1367
186.103.159.188 - - [05/Mar/2020:11:03:59 -0300] "POST /cormun/servlet/solicitudot?gx-no-cache=1583416638233 HTTP/1.1" 200 38
186.103.159.188 - - [05/Mar/2020:11:03:59 -0300] "GET /cormun/servlet/solicitudot?ff36efe8e21c9400590c9c9e56d74d031ab431d6a1bf7fadc70e55fdee9617b8fcbee904485a5e05b55e6e777b85606f4934a99d079b34b21b61973268b625af02ec923ca5caef19eb7e25d1eb17368128f052453df844ea10a106fcb38cee35dbabfc6667eda8c85077e3350d704033,gx-no-cache=1583416638272 HTTP/1.1" 200 110
186.103.159.187 - - [05/Mar/2020:11:04:08 -0300] "POST /cormun/servlet/solicitudot?gx-no-cache=1583416700732 HTTP/1.1" 200 97
186.103.159.188 - - [05/Mar/2020:11:04:12 -0300] "POST /cormun/servlet/solicitudot?gx-no-cache=1583416650673 HTTP/1.1" 200 97
186.103.159.188 - - [05/Mar/2020:11:04:31 -0300] "GET /cormun/servlet/solicitudot?ff36efe8e21c9400590c9c9e56d74d030140b25eb86ed310d427998078ecc758e7dbca27a2e1a7cb5087c8135c060b9a7095efe21185fa5dd119c860a623d584ae5159ec0f74cb2cf4f64fc5cb25e09c097086349526443416a3b8ed99088becf950defb6b57bb679deba28f6a878b466672a2f6a28a91634a663ff96a7e66186d634f82e50d7912611f6ddf72a14ec68475ba47fd00b0f607220ac9fe6c54ef,gx-no-cache=1583416670290 HTTP/1.1" 200 29
186.103.159.188 - - [05/Mar/2020:11:04:31 -0300] "GET /cormun/static/menuarrow.gif HTTP/1.1" 404 1015
186.103.159.187 - - [05/Mar/2020:11:04:34 -0300] "GET /cormun/servlet/solicitudot?5aa22c91e77948c5be1ac8a85d155dd88eafd0a40936fb7c605e1ca5e170ab9dd7c8ae988630c8be7f296a913e15c81835754952805247181c49186355db3190222fce0b5616c44a7dc744002bc1c6fd7bee3e9abc72a7f3b86c4439bae6b12519ddb2a39259bc16c956b05b8a294ac6,gx-no-cache=1583416726799 HTTP/1.1" 200 29
186.103.159.187 - - [05/Mar/2020:11:04:34 -0300] "GET /cormun/static/menuarrow.gif HTTP/1.1" 404 1015
186.103.159.188 - - [05/Mar/2020:11:04:39 -0300] "GET /cormun/servlet/solicitudot?ff36efe8e21c9400590c9c9e56d74d03aea3a89d375700948e9d9f0710c2d35e69a58dc4bf358e7d93c56a1d810f19b1,gx-no-cache=1583416677847 HTTP/1.1" 200 30
186.103.159.187 - - [05/Mar/2020:11:04:39 -0300] "GET /cormun/servlet/solicitudot?5aa22c91e77948c5be1ac8a85d155dd8e4133e8e622d1fb365635edc2032df15d7282514ba6d7e04a6a45153f565c971,gx-no-cache=1583416731230 HTTP/1.1" 200 30
186.103.159.188 - - [05/Mar/2020:11:04:53 -0300] "POST /cormun/servlet/solicitudot?gx-no-cache=1583416691688 HTTP/1.1" 200 30
186.103.159.188 - - [05/Mar/2020:11:04:53 -0300] "POST /cormun/servlet/solicitudot?114d6020ec9a1efb010719a699bee14d,INS,0,0,false,,gx-no-cache=1583416691797 HTTP/1.1" 200 93
186.103.159.188 - - [05/Mar/2020:11:04:53 -0300] "GET /cormun/servlet/hpexe_return? HTTP/1.1" 200 1008
186.103.159.188 - - [05/Mar/2020:11:04:54 -0300] "GET /cormun/servlet/trsolicitudot HTTP/1.1" 200 8559
186.103.159.188 - - [05/Mar/2020:11:04:54 -0300] "GET /cormun//static/Resources/PXToolsActionView.png HTTP/1.1" 200 398
186.103.159.188 - - [05/Mar/2020:11:04:54 -0300] "GET /cormun//static/Resources/PXToolsRemoveAllAction.png HTTP/1.1" 200 487
186.103.159.188 - - [05/Mar/2020:11:04:54 -0300] "GET /cormun/servlet/trsolicitudot HTTP/1.1" 200 8553
186.103.159.187 - - [05/Mar/2020:11:05:04 -0300] "POST /cormun/servlet/solicitudot?df70f0f60f17f7e87a26b24c7bee18d4,INS,0,0,false,,gx-no-cache=1583416756123 HTTP/1.1" 200 93
186.103.159.187 - - [05/Mar/2020:11:05:04 -0300] "GET /cormun/servlet/hpexe_return? HTTP/1.1" 200 1010
186.103.159.187 - - [05/Mar/2020:11:05:05 -0300] "GET /cormun/static/gxcfg.js?201991422392976 HTTP/1.1" 304 -
186.103.159.188 - - [05/Mar/2020:11:05:05 -0300] "POST /cormun/servlet/trsolicitudot?114d6020ec9a1efb010719a699bee14d,gx-no-cache=1583416703838 HTTP/1.1" 200 107
186.103.159.187 - - [05/Mar/2020:11:05:05 -0300] "GET /cormun/servlet/trsolicitudot HTTP/1.1" 200 8540
186.103.159.188 - - [05/Mar/2020:11:05:05 -0300] "GET /cormun/servlet/trsolicitudadjuntos?2020,16303, HTTP/1.1" 200 6072
186.103.159.188 - - [05/Mar/2020:11:05:05 -0300] "GET /cormun/static/gxui/gxui-all.css?120300 HTTP/1.1" 200 2179
186.103.159.188 - - [05/Mar/2020:11:05:05 -0300] "GET /cormun/static/gxcfg.js?20201215574222 HTTP/1.1" 200 953
186.103.159.188 - - [05/Mar/2020:11:05:05 -0300] "GET /cormun/static/trsolicitudadjuntos.js?20201215574932 HTTP/1.1" 200 17922
186.103.159.188 - - [05/Mar/2020:11:05:05 -0300] "GET /cormun/static/Shared/ext/resources/css/ext-all.css?215870 HTTP/1.1" 200 416045
186.103.159.188 - - [05/Mar/2020:11:05:06 -0300] "GET /cormun/servlet/trsolicitudadjuntos?2020,16303, HTTP/1.1" 200 6072
186.103.159.187 - - [05/Mar/2020:11:05:06 -0300] "GET /cormun/servlet/trsolicitudot HTTP/1.1" 200 8536
186.103.159.188 - - [05/Mar/2020:11:05:11 -0300] "GET /cormun/servlet/solicitudotadjuntos?INS,2020,16303,,1, HTTP/1.1" 200 6018
186.103.159.188 - - [05/Mar/2020:11:05:11 -0300] "GET /cormun/static/gxcfg.js?202012157947 HTTP/1.1" 200 953
186.103.159.188 - - [05/Mar/2020:11:05:11 -0300] "GET /cormun/static/solicitudotadjuntos.js?202012157966 HTTP/1.1" 200 11771
186.103.159.188 - - [05/Mar/2020:11:05:11 -0300] "GET /cormun/static/about:blank HTTP/1.1" 404 1011
186.103.159.188 - - [05/Mar/2020:11:05:11 -0300] "GET /cormun/servlet/solicitudotadjuntos?INS,2020,16303,,1, HTTP/1.1" 200 6011
186.103.159.188 - - [05/Mar/2020:11:05:11 -0300] "GET /cormun/servlet/solicitudotadjuntos?ff36efe8e21c9400590c9c9e56d74d0396d75c9b54b6639ef5ce069243c06a2d73c715a317544583126df4ebafe7c9d7,gx-no-cache=1583416710598 HTTP/1.1" 200 30
186.103.159.188 - - [05/Mar/2020:11:05:12 -0300] "POST /cormun/servlet/solicitudotadjuntos?114d6020ec9a1efb010719a699bee14d,INS,2020,16303,,1,,gx-no-cache=1583416710694 HTTP/1.1" 200 3906
186.103.159.188 - - [05/Mar/2020:11:05:18 -0300] "POST /cormun/servlet/solicitudotadjuntos?gx-no-cache=1583416716963 HTTP/1.1" 200 26
186.103.159.187 - - [05/Mar/2020:11:05:22 -0300] "POST /cormun/servlet/trsolicitudot?df70f0f60f17f7e87a26b24c7bee18d4,gx-no-cache=1583416774252 HTTP/1.1" 200 113
186.103.159.187 - - [05/Mar/2020:11:05:22 -0300] "GET /cormun/servlet/solicitudot?UPD,2020,16304,false, HTTP/1.1" 200 15713
186.103.159.187 - - [05/Mar/2020:11:05:24 -0300] "GET /cormun/servlet/solicitudot?UPD,2020,16304,false, HTTP/1.1" 200 15724
186.103.159.187 - - [05/Mar/2020:11:05:25 -0300] "POST /cormun/servlet/solicitudot?gx-no-cache=1583416776903 HTTP/1.1" 200 3588
186.103.159.187 - - [05/Mar/2020:11:05:25 -0300] "POST /cormun/servlet/solicitudot?df70f0f60f17f7e87a26b24c7bee18d4,UPD,2020,16304,false,,gx-no-cache=1583416777128 HTTP/1.1" 200 12002
186.103.159.187 - - [05/Mar/2020:11:05:25 -0300] "GET /cormun/servlet/solicitudot?5aa22c91e77948c5be1ac8a85d155dd85f93939e1e349098df45cec76c86f0a0241f91e2162eac02d5c90dfb294b42a1,gx-no-cache=1583416777522 HTTP/1.1" 200 30
186.103.159.187 - - [05/Mar/2020:11:05:25 -0300] "GET /cormun/servlet/solicitudot?5aa22c91e77948c5be1ac8a85d155dd8b6a3b998d4e36bdaac554a0ab2a75ac200406f3c489b2a91566d257b0570d27155cbe5977e2bffd4332c5e9f149de4fb,gx-no-cache=1583416777575 HTTP/1.1" 200 30
186.103.159.187 - - [05/Mar/2020:11:05:26 -0300] "GET /cormun/servlet/solicitudot?5aa22c91e77948c5be1ac8a85d155dd86935256bf0bb55585d661fe3f0c5bd4f,gx-no-cache=1583416777933 HTTP/1.1" 200 29
186.103.159.187 - - [05/Mar/2020:11:05:26 -0300] "POST /cormun/servlet/solicitudot?gx-no-cache=1583416777977 HTTP/1.1" 200 254
186.103.159.187 - - [05/Mar/2020:11:05:26 -0300] "GET /cormun/servlet/solicitudot?5aa22c91e77948c5be1ac8a85d155dd89cd4f966c1c26aa8a410c9a712ac2791aa77b6a81d6f051356e5894cf62bdca919f7023c643d10cddc9aa03192d459a065b6d09769569069f5e801f830a73c3e9761e4ba4ec5689906c85a14fd299d2a4511dda5bbafa39cdd7d69098f0fd3bf5cb6c6a597adc40b9ae6cede079b953600e432fe96e6168a3d0b28b4b82aea393b4712d5ea00e7d1a94c129ac3eaf688deac0741cf489c285e9cd38da7eaff084c73bc6fe8b0a271feddc757c800987418e132096fdc1188560e425fe93043cf79b0b3ac5f943f9e4f6850aed71aaf4a2ca84a15863d1297f0e676cce4a5d5b70640604fe59b4636da940d7bb943f21600347ed62da9c4291d048d6d10994851e7551449cab9063ef946fc93d8de5f484b13deeb6447317a24c3a9a9a23b2f9ade0c98ad04b011bc0489fc7ccdb67378337f8b78240bb12235a12bcf9a0c0a9f8c9d3a1b76151edefd88a7767cbaac0c45d819c21a528e197e476185dc70b0136ed35ed88eec8f5a50aa889df4b40406,gx-no-cache=1583416778048 HTTP/1.1" 200 30
186.103.159.187 - - [05/Mar/2020:11:05:26 -0300] "POST /cormun/servlet/solicitudot?gx-no-cache=1583416778401 HTTP/1.1" 200 30
186.103.159.187 - - [05/Mar/2020:11:05:26 -0300] "POST /cormun/servlet/solicitudot?gx-no-cache=1583416778463 HTTP/1.1" 200 1367
186.103.159.187 - - [05/Mar/2020:11:05:26 -0300] "POST /cormun/servlet/solicitudot?gx-no-cache=1583416778550 HTTP/1.1" 200 41
186.103.159.187 - - [05/Mar/2020:11:05:28 -0300] "GET /cormun/servlet/solicitudot?5aa22c91e77948c5be1ac8a85d155dd8857d421fcdee91e2c4c15f038671079ff88a0c62b88695725c3435d29dac090741a5a22bd8032446d927c52e5f6f9fc4ce9d65cc7658d2914f2c00bd48d286e4866c33809f71b67ff9c54cea050c9acf9b35ab92a399ceb8094247245923cd5b,gx-no-cache=1583416780208 HTTP/1.1" 200 110
186.103.159.187 - - [05/Mar/2020:11:05:28 -0300] "POST /cormun/servlet/solicitudot?gx-no-cache=1583416780276 HTTP/1.1" 200 97
186.103.159.187 - - [05/Mar/2020:11:05:28 -0300] "GET /cormun/servlet/solicitudot?5aa22c91e77948c5be1ac8a85d155dd882cab4379144540e3f607ebed2d5e2eb403ce036775ab9d0481073e64ac5aaf1abd4dc6026d589484c54a1f0060a9f2ed124747199330a22c525cdf70be3384d3e76b4dfc056b32206c387b58802e156a32c789ad69660aea289fa74ff6525a5105aebe5d410c6974f36757ad76ab1e0c43b350c53eb8dbd9861bd0a98243850d51b98dd332adc161e601f7c9e3a27b8,gx-no-cache=1583416780326 HTTP/1.1" 200 29
186.103.159.187 - - [05/Mar/2020:11:05:28 -0300] "GET /cormun/servlet/solicitudot?5aa22c91e77948c5be1ac8a85d155dd8e4133e8e622d1fb365635edc2032df15d7282514ba6d7e04a6a45153f565c971,gx-no-cache=1583416780370 HTTP/1.1" 200 30
186.103.159.187 - - [05/Mar/2020:11:05:28 -0300] "POST /cormun/servlet/solicitudot?gx-no-cache=1583416780411 HTTP/1.1" 200 30
186.103.159.188 - - [05/Mar/2020:11:05:31 -0300] "GET /cormun/servlet/solicitudotadjuntos?ff36efe8e21c9400590c9c9e56d74d03d8fef8745dd24e231f2901aabefd8d03,gx-no-cache=1583416730184 HTTP/1.1" 200 30
186.103.159.188 - - [05/Mar/2020:11:05:31 -0300] "GET /cormun/servlet/solicitudotadjuntos?ff36efe8e21c9400590c9c9e56d74d03d8fef8745dd24e231f2901aabefd8d03,gx-no-cache=1583416730226 HTTP/1.1" 200 30
186.103.159.188 - - [05/Mar/2020:11:05:32 -0300] "POST /cormun/servlet/solicitudotadjuntos?114d6020ec9a1efb010719a699bee14d,INS,2020,16303,,1, HTTP/1.1" 200 116
186.103.159.188 - - [05/Mar/2020:11:05:32 -0300] "GET /cormun/servlet/hpexe_return? HTTP/1.1" 200 1027
186.103.159.188 - - [05/Mar/2020:11:05:32 -0300] "GET /cormun/servlet/trsolicitudadjuntos?2020,16303, HTTP/1.1" 200 8703
186.103.159.188 - - [05/Mar/2020:11:05:33 -0300] "GET /cormun/servlet/trsolicitudadjuntos?2020,16303, HTTP/1.1" 200 8698
186.103.159.188 - - [05/Mar/2020:11:05:36 -0300] "GET /cormun/servlet/solicitudotadjuntos?INS,2020,16303,,1, HTTP/1.1" 200 6018
186.103.159.188 - - [05/Mar/2020:11:05:36 -0300] "GET /cormun/static/about:blank HTTP/1.1" 404 1011
186.103.159.188 - - [05/Mar/2020:11:05:36 -0300] "GET /cormun/servlet/solicitudotadjuntos?INS,2020,16303,,1, HTTP/1.1" 200 6011
186.103.159.188 - - [05/Mar/2020:11:05:36 -0300] "GET /cormun/servlet/solicitudotadjuntos?ff36efe8e21c9400590c9c9e56d74d0396d75c9b54b6639ef5ce069243c06a2d73c715a317544583126df4ebafe7c9d7,gx-no-cache=1583416735523 HTTP/1.1" 200 30
186.103.159.188 - - [05/Mar/2020:11:05:37 -0300] "POST /cormun/servlet/solicitudotadjuntos?114d6020ec9a1efb010719a699bee14d,INS,2020,16303,,1,,gx-no-cache=1583416735568 HTTP/1.1" 200 3906
186.103.159.188 - - [05/Mar/2020:11:05:39 -0300] "POST /cormun/servlet/solicitudotadjuntos?gx-no-cache=1583416738200 HTTP/1.1" 200 26
186.103.159.188 - - [05/Mar/2020:11:05:45 -0300] "GET /cormun/servlet/solicitudotadjuntos?ff36efe8e21c9400590c9c9e56d74d03d8fef8745dd24e231f2901aabefd8d03,gx-no-cache=1583416743968 HTTP/1.1" 200 30
186.103.159.188 - - [05/Mar/2020:11:05:45 -0300] "GET /cormun/servlet/solicitudotadjuntos?ff36efe8e21c9400590c9c9e56d74d03d8fef8745dd24e231f2901aabefd8d03,gx-no-cache=1583416744002 HTTP/1.1" 200 30
186.103.159.188 - - [05/Mar/2020:11:05:46 -0300] "POST /cormun/servlet/solicitudotadjuntos?114d6020ec9a1efb010719a699bee14d,INS,2020,16303,,1, HTTP/1.1" 200 116
186.103.159.188 - - [05/Mar/2020:11:05:46 -0300] "GET /cormun/servlet/hpexe_return? HTTP/1.1" 200 1027
186.103.159.188 - - [05/Mar/2020:11:05:46 -0300] "GET /cormun/servlet/trsolicitudadjuntos?2020,16303, HTTP/1.1" 200 8918
186.103.159.188 - - [05/Mar/2020:11:05:46 -0300] "GET /cormun/servlet/trsolicitudadjuntos?2020,16303, HTTP/1.1" 200 8918
186.103.159.188 - - [05/Mar/2020:11:05:49 -0300] "GET /cormun/servlet/solicitudotadjuntos?INS,2020,16303,,1, HTTP/1.1" 200 6018
186.103.159.188 - - [05/Mar/2020:11:05:49 -0300] "GET /cormun/static/about:blank HTTP/1.1" 404 1011
186.103.159.188 - - [05/Mar/2020:11:05:49 -0300] "GET /cormun/servlet/solicitudotadjuntos?INS,2020,16303,,1, HTTP/1.1" 200 6011
186.103.159.188 - - [05/Mar/2020:11:05:50 -0300] "GET /cormun/servlet/solicitudotadjuntos?ff36efe8e21c9400590c9c9e56d74d0396d75c9b54b6639ef5ce069243c06a2d73c715a317544583126df4ebafe7c9d7,gx-no-cache=1583416749040 HTTP/1.1" 200 30
186.103.159.188 - - [05/Mar/2020:11:05:50 -0300] "POST /cormun/servlet/solicitudotadjuntos?114d6020ec9a1efb010719a699bee14d,INS,2020,16303,,1,,gx-no-cache=1583416749079 HTTP/1.1" 200 3906
186.103.159.188 - - [05/Mar/2020:11:05:52 -0300] "POST /cormun/servlet/solicitudotadjuntos?gx-no-cache=1583416751352 HTTP/1.1" 200 26
186.103.159.188 - - [05/Mar/2020:11:06:01 -0300] "GET /cormun/servlet/solicitudotadjuntos?ff36efe8e21c9400590c9c9e56d74d03d8fef8745dd24e231f2901aabefd8d03,gx-no-cache=1583416760296 HTTP/1.1" 200 30
186.103.159.188 - - [05/Mar/2020:11:06:01 -0300] "GET /cormun/servlet/solicitudotadjuntos?ff36efe8e21c9400590c9c9e56d74d03d8fef8745dd24e231f2901aabefd8d03,gx-no-cache=1583416760331 HTTP/1.1" 200 30
186.103.159.188 - - [05/Mar/2020:11:06:02 -0300] "POST /cormun/servlet/solicitudotadjuntos?114d6020ec9a1efb010719a699bee14d,INS,2020,16303,,1, HTTP/1.1" 200 116
186.103.159.188 - - [05/Mar/2020:11:06:02 -0300] "GET /cormun/servlet/hpexe_return? HTTP/1.1" 200 1027
186.103.159.188 - - [05/Mar/2020:11:06:03 -0300] "GET /cormun/servlet/trsolicitudadjuntos?2020,16303, HTTP/1.1" 200 9092
186.103.159.188 - - [05/Mar/2020:11:06:03 -0300] "GET /cormun/servlet/trsolicitudadjuntos?2020,16303, HTTP/1.1" 200 9091
186.103.159.187 - - [05/Mar/2020:11:06:10 -0300] "POST /cormun/servlet/solicitudot?df70f0f60f17f7e87a26b24c7bee18d4,UPD,2020,16304,false,,gx-no-cache=1583416822222 HTTP/1.1" 200 93
186.103.159.187 - - [05/Mar/2020:11:06:10 -0300] "GET /cormun/servlet/hpexe_return? HTTP/1.1" 200 1014
186.103.159.187 - - [05/Mar/2020:11:06:10 -0300] "GET /cormun/servlet/trsolicitudot HTTP/1.1" 200 8540
186.103.159.188 - - [05/Mar/2020:11:06:12 -0300] "GET /cormun/servlet/solicitudotadjuntos?INS,2020,16303,,1, HTTP/1.1" 200 6018
186.103.159.188 - - [05/Mar/2020:11:06:12 -0300] "GET /cormun/static/about:blank HTTP/1.1" 404 1011
186.103.159.187 - - [05/Mar/2020:11:06:12 -0300] "GET /cormun/servlet/trsolicitudot HTTP/1.1" 200 8536
186.103.159.188 - - [05/Mar/2020:11:06:12 -0300] "GET /cormun/servlet/solicitudotadjuntos?INS,2020,16303,,1, HTTP/1.1" 200 6011
186.103.159.188 - - [05/Mar/2020:11:06:12 -0300] "GET /cormun/servlet/solicitudotadjuntos?ff36efe8e21c9400590c9c9e56d74d0396d75c9b54b6639ef5ce069243c06a2d73c715a317544583126df4ebafe7c9d7,gx-no-cache=1583416771572 HTTP/1.1" 200 30
186.103.159.188 - - [05/Mar/2020:11:06:13 -0300] "POST /cormun/servlet/solicitudotadjuntos?114d6020ec9a1efb010719a699bee14d,INS,2020,16303,,1,,gx-no-cache=1583416771617 HTTP/1.1" 200 3906
186.103.159.187 - - [05/Mar/2020:11:06:15 -0300] "GET /cormun/servlet/solicitudot?INS,0,0,false, HTTP/1.1" 200 15243
186.103.159.188 - - [05/Mar/2020:11:06:15 -0300] "POST /cormun/servlet/solicitudotadjuntos?gx-no-cache=1583416774560 HTTP/1.1" 200 26
186.103.159.187 - - [05/Mar/2020:11:06:16 -0300] "GET /cormun/servlet/solicitudot?INS,0,0,false, HTTP/1.1" 200 15250
186.103.159.188 - - [05/Mar/2020:11:06:22 -0300] "GET /cormun/servlet/solicitudotadjuntos?ff36efe8e21c9400590c9c9e56d74d03d8fef8745dd24e231f2901aabefd8d03,gx-no-cache=1583416781472 HTTP/1.1" 200 30
186.103.159.188 - - [05/Mar/2020:11:06:22 -0300] "GET /cormun/servlet/solicitudotadjuntos?ff36efe8e21c9400590c9c9e56d74d03d8fef8745dd24e231f2901aabefd8d03,gx-no-cache=1583416781580 HTTP/1.1" 200 30
186.103.159.188 - - [05/Mar/2020:11:06:23 -0300] "POST /cormun/servlet/solicitudotadjuntos?114d6020ec9a1efb010719a699bee14d,INS,2020,16303,,1, HTTP/1.1" 200 116
186.103.159.188 - - [05/Mar/2020:11:06:23 -0300] "GET /cormun/servlet/hpexe_return? HTTP/1.1" 200 1027
186.103.159.188 - - [05/Mar/2020:11:06:24 -0300] "GET /cormun/servlet/trsolicitudadjuntos?2020,16303, HTTP/1.1" 200 9321
186.103.159.188 - - [05/Mar/2020:11:06:24 -0300] "GET /cormun/servlet/trsolicitudadjuntos?2020,16303, HTTP/1.1" 200 9320
186.103.159.188 - - [05/Mar/2020:11:06:27 -0300] "GET /cormun/servlet/solicitudotadjuntos?INS,2020,16303,,1, HTTP/1.1" 200 6018
186.103.159.188 - - [05/Mar/2020:11:06:28 -0300] "GET /cormun/static/about:blank HTTP/1.1" 404 1011
186.103.159.188 - - [05/Mar/2020:11:06:28 -0300] "GET /cormun/servlet/solicitudotadjuntos?INS,2020,16303,,1, HTTP/1.1" 200 6011
186.103.159.188 - - [05/Mar/2020:11:06:28 -0300] "GET /cormun/servlet/solicitudotadjuntos?ff36efe8e21c9400590c9c9e56d74d0396d75c9b54b6639ef5ce069243c06a2d73c715a317544583126df4ebafe7c9d7,gx-no-cache=1583416787306 HTTP/1.1" 200 30
186.103.159.188 - - [05/Mar/2020:11:06:28 -0300] "POST /cormun/servlet/solicitudotadjuntos?114d6020ec9a1efb010719a699bee14d,INS,2020,16303,,1,,gx-no-cache=1583416787377 HTTP/1.1" 200 3906
186.103.159.187 - - [05/Mar/2020:11:06:30 -0300] "GET /cormun/servlet/prfichaempleado?,MD,,gxPopupLevel%3D0%3B HTTP/1.1" 200 9246
186.103.159.188 - - [05/Mar/2020:11:06:32 -0300] "POST /cormun/servlet/solicitudotadjuntos?gx-no-cache=1583416790871 HTTP/1.1" 200 26
186.103.159.188 - - [05/Mar/2020:11:06:40 -0300] "GET /cormun/servlet/solicitudotadjuntos?ff36efe8e21c9400590c9c9e56d74d03d8fef8745dd24e231f2901aabefd8d03,gx-no-cache=1583416798768 HTTP/1.1" 200 30
186.103.159.188 - - [05/Mar/2020:11:06:40 -0300] "GET /cormun/servlet/solicitudotadjuntos?ff36efe8e21c9400590c9c9e56d74d03d8fef8745dd24e231f2901aabefd8d03,gx-no-cache=1583416798791 HTTP/1.1" 200 30
186.103.159.188 - - [05/Mar/2020:11:06:41 -0300] "POST /cormun/servlet/solicitudotadjuntos?114d6020ec9a1efb010719a699bee14d,INS,2020,16303,,1, HTTP/1.1" 200 116
186.103.159.188 - - [05/Mar/2020:11:06:41 -0300] "GET /cormun/servlet/hpexe_return? HTTP/1.1" 200 1027
186.103.159.188 - - [05/Mar/2020:11:06:42 -0300] "GET /cormun/servlet/trsolicitudadjuntos?2020,16303, HTTP/1.1" 200 9567
186.103.159.188 - - [05/Mar/2020:11:06:42 -0300] "GET /cormun/servlet/trsolicitudadjuntos?2020,16303, HTTP/1.1" 200 9567
186.103.159.188 - - [05/Mar/2020:11:06:45 -0300] "GET /cormun/servlet/solicitudotadjuntos?INS,2020,16303,,1, HTTP/1.1" 200 6017
186.103.159.187 - - [05/Mar/2020:11:06:45 -0300] "POST /cormun/servlet/prfichaempleado?df70f0f60f17f7e87a26b24c7bee18d4,,MD,,gxPopupLevel%3D0%3B,gx-no-cache=1583416857180 HTTP/1.1" 200 3472
