190.171.153.26 - - [05/Mar/2020:12:25:53 -0300] "GET /cormun/static/hpexe_scripts.js?20201214471411 HTTP/1.1" 200 1544
190.171.153.26 - - [05/Mar/2020:12:25:53 -0300] "GET /cormun/static/hwchdr01.js?20201214473739 HTTP/1.1" 200 996
190.171.153.26 - - [05/Mar/2020:12:25:53 -0300] "GET /cormun/static/hpexe_messagecontroller.js?201991422154126 HTTP/1.1" 200 870
190.171.153.26 - - [05/Mar/2020:12:25:53 -0300] "GET /cormun/static/hpexe_messagegenexuscomponent.js?2020121447173 HTTP/1.1" 200 587
190.171.153.26 - - [05/Mar/2020:12:25:53 -0300] "GET /cormun/static/hpexe_messagepopupcomponent.js?2020121447232 HTTP/1.1" 200 605
190.171.153.26 - - [05/Mar/2020:12:25:53 -0300] "GET /cormun/static/cmcontrolpreferences.js?20199141926336 HTTP/1.1" 200 1375
190.171.153.26 - - [05/Mar/2020:12:25:53 -0300] "GET /cormun/static/gxui/gxui-all.js HTTP/1.1" 200 107772
190.171.153.26 - - [05/Mar/2020:12:25:53 -0300] "GET /cormun/static/Shared/jquery/jquery-1.4.2.min.js HTTP/1.1" 200 72174
190.171.153.26 - - [05/Mar/2020:12:25:53 -0300] "GET /cormun/static/SmoothNavMenu/resources/ddsmoothmenu.js HTTP/1.1" 200 12712
190.171.153.26 - - [05/Mar/2020:12:25:53 -0300] "GET /cormun/static/SmoothNavMenu/resources/SmoothNavMenuRender.js HTTP/1.1" 200 5951
190.171.153.26 - - [05/Mar/2020:12:25:53 -0300] "GET /cormun/static/scaMessage/js/jquery.pnotify.min.js HTTP/1.1" 200 13038
190.171.153.26 - - [05/Mar/2020:12:25:53 -0300] "GET /cormun/static/Shared/jquery/jquery-1.10.2.min.js HTTP/1.1" 200 273199
190.171.153.26 - - [05/Mar/2020:12:25:53 -0300] "GET /cormun/static/scaMessage/scaMessageRender.js HTTP/1.1" 200 11977
190.171.153.26 - - [05/Mar/2020:12:25:53 -0300] "GET /cormun/static/hmpwkw03.js?20201215501896 HTTP/1.1" 200 3973
190.171.153.26 - - [05/Mar/2020:12:25:53 -0300] "GET /cormun/static/Resources/PXToolsDataTitle.png HTTP/1.1" 200 1173
190.171.153.26 - - [05/Mar/2020:12:25:53 -0300] "GET /cormun/static/Resources/Logo2019_Small.png HTTP/1.1" 200 10855
190.171.153.26 - - [05/Mar/2020:12:25:53 -0300] "GET /cormun/static/Resources/ImgHome.png HTTP/1.1" 200 1364
190.171.153.26 - - [05/Mar/2020:12:25:53 -0300] "GET /cormun/static/Resources/Llave.png HTTP/1.1" 200 1395
190.171.153.26 - - [05/Mar/2020:12:25:53 -0300] "GET /cormun/static/Resources/ImgLogin.png HTTP/1.1" 200 1432
190.171.153.26 - - [05/Mar/2020:12:25:53 -0300] "GET /cormun/static/Shared/ext/ext-all.js HTTP/1.1" 200 1289687
190.171.153.26 - - [05/Mar/2020:12:25:53 -0300] "GET /cormun/static/Shared/jqueryui/jquery-ui.min.js HTTP/1.1" 200 240427
190.171.153.26 - - [05/Mar/2020:12:25:53 -0300] "GET /cormun/static/SmoothNavMenu/resources/images/down.gif HTTP/1.1" 200 854
190.171.153.26 - - [05/Mar/2020:12:25:53 -0300] "GET /cormun/servlet/hhome HTTP/1.1" 200 3910
190.171.153.26 - - [05/Mar/2020:12:25:56 -0300] "GET /cormun/servlet/trsolicitudot? HTTP/1.1" 200 7138
190.171.153.26 - - [05/Mar/2020:12:25:56 -0300] "GET /cormun/static/calendar-system.css?75620 HTTP/1.1" 200 5572
190.171.153.26 - - [05/Mar/2020:12:25:56 -0300] "GET /cormun/static/gxui/gxui-all.css?110300 HTTP/1.1" 200 2179
190.171.153.26 - - [05/Mar/2020:12:25:56 -0300] "GET /cormun/static/calendar.js?85251 HTTP/1.1" 200 26246
190.171.153.26 - - [05/Mar/2020:12:25:56 -0300] "GET /cormun/static/gxcfg.js?201991910464971 HTTP/1.1" 200 953
190.171.153.26 - - [05/Mar/2020:12:25:56 -0300] "GET /cormun/static/calendar-es.js?85251 HTTP/1.1" 200 1901
190.171.153.26 - - [05/Mar/2020:12:25:56 -0300] "GET /cormun/static/gxdec.js?85251 HTTP/1.1" 200 19579
190.171.153.26 - - [05/Mar/2020:12:25:56 -0300] "GET /cormun/static/calendar-setup.js?85251 HTTP/1.1" 200 2588
190.171.153.26 - - [05/Mar/2020:12:25:56 -0300] "GET /cormun/static/trsolicitudot.js?201991910465845 HTTP/1.1" 200 54041
190.171.153.26 - - [05/Mar/2020:12:25:56 -0300] "GET /cormun/static/Shared/ext/resources/css/ext-all.css?205870 HTTP/1.1" 200 416045
190.171.153.26 - - [05/Mar/2020:12:25:56 -0300] "GET /cormun/static/Resources/PXToolsAddAllAction.png HTTP/1.1" 200 495
190.171.153.26 - - [05/Mar/2020:12:25:56 -0300] "GET /cormun/static/Resources/PXTools/calendar.png HTTP/1.1" 200 1306
190.171.153.26 - - [05/Mar/2020:12:25:56 -0300] "GET /cormun/static/Resources/PXToolsGridNextDisabled.gif HTTP/1.1" 200 90
190.171.153.26 - - [05/Mar/2020:12:25:56 -0300] "GET /cormun/static/Resources/PXToolsGridPage.gif HTTP/1.1" 200 725
190.171.153.26 - - [05/Mar/2020:12:25:56 -0300] "GET /cormun/static/Resources/PXToolsGridLastDisabled.gif HTTP/1.1" 200 98
190.171.153.26 - - [05/Mar/2020:12:25:56 -0300] "GET /cormun/static/Resources/PXToolsGridPreviousDisabled.gif HTTP/1.1" 200 90
190.171.153.26 - - [05/Mar/2020:12:25:56 -0300] "GET /cormun/static/Resources/PXToolsDataSearch.png HTTP/1.1" 200 435
190.171.153.26 - - [05/Mar/2020:12:25:56 -0300] "GET /cormun/static/Resources/PXToolsGridFirstDisabled.gif HTTP/1.1" 200 100
190.171.153.26 - - [05/Mar/2020:12:25:56 -0300] "GET /cormun/static/Resources/PXToolsActionExcel.png HTTP/1.1" 200 727
190.171.153.26 - - [05/Mar/2020:12:25:56 -0300] "GET /cormun/static/Resources/asc.gif HTTP/1.1" 200 67
190.171.153.26 - - [05/Mar/2020:12:25:56 -0300] "GET /cormun/static/Resources/asc.gif HTTP/1.1" 200 67
190.171.153.26 - - [05/Mar/2020:12:25:56 -0300] "GET /cormun/static/Resources/desc.gif HTTP/1.1" 200 65
190.171.153.26 - - [05/Mar/2020:12:25:57 -0300] "GET /cormun/servlet/trsolicitudot? HTTP/1.1" 200 7137
190.171.153.26 - - [05/Mar/2020:12:25:57 -0300] "GET /cormun/static/Shared/ext/resources/themes/images/default/tools/tool-sprites.gif HTTP/1.1" 200 5434
190.171.153.26 - - [05/Mar/2020:12:25:57 -0300] "GET /cormun/static/Shared/ext/resources/themes/images/default/panel/bg-headersPanel.png HTTP/1.1" 200 255
190.171.143.106 - - [05/Mar/2020:12:26:00 -0300] "POST /cormun/servlet/solicitudot?gx-no-cache=1583421559088 HTTP/1.1" 200 30
190.171.153.26 - - [05/Mar/2020:12:26:01 -0300] "GET /cormun/servlet/solicitudot?INS,0,0,false, HTTP/1.1" 200 15200
190.171.153.26 - - [05/Mar/2020:12:26:01 -0300] "GET /cormun/static/calendar-system.css?85620 HTTP/1.1" 200 5572
190.171.153.26 - - [05/Mar/2020:12:26:01 -0300] "GET /cormun/static/gxcfg.js?20203414241232 HTTP/1.1" 200 953
190.171.153.26 - - [05/Mar/2020:12:26:01 -0300] "GET /cormun/static/Resources/prompt.gif HTTP/1.1" 200 902
190.171.153.26 - - [05/Mar/2020:12:26:01 -0300] "GET /cormun/static/solicitudot.js?20203414242792 HTTP/1.1" 200 74114
190.171.153.26 - - [05/Mar/2020:12:26:02 -0300] "GET /cormun/servlet/solicitudot?INS,0,0,false, HTTP/1.1" 200 15207
190.171.153.26 - - [05/Mar/2020:12:26:12 -0300] "POST /cormun/servlet/solicitudot?gx-no-cache=1583425171840 HTTP/1.1" 200 3652
190.171.153.26 - - [05/Mar/2020:12:26:12 -0300] "POST /cormun/servlet/solicitudot?3a317a63a5a9da2cd6b509de0e8cb151,INS,0,0,false,,gx-no-cache=1583425172102 HTTP/1.1" 200 11975
186.103.159.188 - - [05/Mar/2020:12:26:12 -0300] "POST /cormun/servlet/solicitudot?gx-no-cache=1583421571327 HTTP/1.1" 200 1363
186.103.159.188 - - [05/Mar/2020:12:26:12 -0300] "POST /cormun/servlet/solicitudot?gx-no-cache=1583421571462 HTTP/1.1" 200 38
190.171.153.26 - - [05/Mar/2020:12:26:43 -0300] "GET /cormun/servlet/solicitudot?d636cb3270c70816c1759b57a202d257ebf458695664d940a6fa3d887bf7e8441fe608a2e9d8e876c808c882552a68cf,gx-no-cache=1583425203554 HTTP/1.1" 200 30
190.171.143.106 - - [05/Mar/2020:12:26:47 -0300] "POST /cormun/servlet/solicitudot?gx-no-cache=1583421605890 HTTP/1.1" 200 1363
190.171.143.106 - - [05/Mar/2020:12:26:47 -0300] "POST /cormun/servlet/solicitudot?gx-no-cache=1583421605953 HTTP/1.1" 200 38
186.103.159.188 - - [05/Mar/2020:12:27:00 -0300] "POST /cormun/servlet/solicitudot?gx-no-cache=1583421619408 HTTP/1.1" 200 30
186.103.159.188 - - [05/Mar/2020:12:27:00 -0300] "POST /cormun/servlet/solicitudot?gx-no-cache=1583421619532 HTTP/1.1" 200 1363
186.103.159.188 - - [05/Mar/2020:12:27:01 -0300] "POST /cormun/servlet/solicitudot?gx-no-cache=1583421619608 HTTP/1.1" 200 38
186.103.159.188 - - [05/Mar/2020:12:27:06 -0300] "GET /cormun/servlet/solicitudot?fe4e7a90ff3fd1f7bb036bf0a9b18ca6b1711b69128909ea49807c00cf26e7acb8159bf22e9e2e4a97cc14a2ed75413219f4c7668351689c1c98b99a1238f2167c50c0db2003482e93c6c7715bdf025f94cfbdcd6086a7211ca0f9f98ce83f6ea71f020b750482aac9a75d6bce742d30,gx-no-cache=1583421624639 HTTP/1.1" 200 110
190.171.143.106 - - [05/Mar/2020:12:27:07 -0300] "GET /cormun/servlet/solicitudot?097ad6a9635c236776d15cbd5f46e0828b4ffa4a91d40c42a19d663a9bda9dee74185c37bfd33b3338b571c0e5de635c2fec344fe3cf306c58bbeb0eaf2ccda7f75fbf25809f35070fdfc8f23f660e915ae57751c7980831c4508d2e540d56ef0aa23e19dc0a595975c2a6e6f45cd05c,gx-no-cache=1583421626452 HTTP/1.1" 200 110
186.103.159.188 - - [05/Mar/2020:12:27:15 -0300] "POST /cormun/servlet/solicitudot?gx-no-cache=1583421634185 HTTP/1.1" 200 79
190.171.153.26 - - [05/Mar/2020:12:27:23 -0300] "GET /cormun/servlet/solicitudot?d636cb3270c70816c1759b57a202d257bbf1de482bd19a13ed6ecdb1285ae881fafc5ce10171b87713ebcc667e870df2,gx-no-cache=1583425243564 HTTP/1.1" 200 30
190.171.153.26 - - [05/Mar/2020:12:27:23 -0300] "GET /cormun/servlet/solicitudot?d636cb3270c70816c1759b57a202d257f1f081c1688e085a9c9a1598ceae720a,gx-no-cache=1583425243677 HTTP/1.1" 200 53
190.171.153.26 - - [05/Mar/2020:12:27:24 -0300] "POST /cormun/servlet/solicitudot?gx-no-cache=1583425243738 HTTP/1.1" 200 240
190.171.153.26 - - [05/Mar/2020:12:27:24 -0300] "GET /cormun/servlet/solicitudot?d636cb3270c70816c1759b57a202d257b6dfb7a008f4e1fb1f9bc086981266d24bf080e6b2ff34c580f1bb13f03ca1e8bc4d1187353a6a00277b5e1c8be188bd73d5c7fb6338a639f0744e38ae2d531a3ff573c12567dab2b2104cf9a2d8c0eb0a0b5dd32e3557cb448e15b90301fd1b86ab2ff407b4d027afabfdb0b1f84756f243eeee8af23c4e18c95c8c606602f551317a2d92b5e895e6899301397e7210f170c19fbc346b0e6f4096c95ea2ade0f0d59423c5197b4cb8d6b7073d506922213a7879c95ca3a748d3ac5d61fc06ccdeb018f314ca23735812f2c17423dd789563cdddfc9c9e31edcef554d757d353b77b9799f9539272bab9123b2c1de35a701f68eef83829168aa004ef7955d721c3a5d87628b664728a70d009f04fc340d6396a43bd28d3436d0c0e9d5f88cd3fcaf93764350812193388c0b421472e75980db24a847f7a16d30b55c4ac1c2f941dab1aff25d348510bc90c4b15124e106b1fa8060dc33f0cb89378e7fb98d0c9d504e2f6f3a857181332af4938defb37,gx-no-cache=1583425243803 HTTP/1.1" 200 30
190.171.153.26 - - [05/Mar/2020:12:27:25 -0300] "POST /cormun/servlet/solicitudot?gx-no-cache=1583425245601 HTTP/1.1" 200 30
190.171.153.26 - - [05/Mar/2020:12:27:28 -0300] "POST /cormun/servlet/solicitudot?gx-no-cache=1583425247641 HTTP/1.1" 200 1367
190.171.153.26 - - [05/Mar/2020:12:27:28 -0300] "POST /cormun/servlet/solicitudot?gx-no-cache=1583425247845 HTTP/1.1" 200 38
190.171.153.26 - - [05/Mar/2020:12:27:28 -0300] "GET /cormun/servlet/solicitudot?d636cb3270c70816c1759b57a202d2575c5565c4ae7a63e57d6ccf16b316dcaf3c1200ff59473cc2082943a7de11280fa4398b0441b046a98e910bd725a7fca62bedc9add225512284b09a0354c4b408c547e806c864cddb7efad46f2ab755500e6c71a35e1b3052aba4629746ae50ac,gx-no-cache=1583425247885 HTTP/1.1" 200 110
190.171.153.26 - - [05/Mar/2020:12:27:30 -0300] "POST /cormun/servlet/solicitudot?gx-no-cache=1583425250058 HTTP/1.1" 200 110
190.171.153.26 - - [05/Mar/2020:12:27:43 -0300] "GET /cormun/servlet/solicitudot?d636cb3270c70816c1759b57a202d257883e3dba412f7100c13e7e0b7e821e85ce27854d903f14700d207a72ab3db2944a18f23fba10174af1e2785444c031b8bbf54c92497b70a8e320592b1ce56518df63d745f4bebc818d76f04c1ea239bc871696a2e7ff9a2222f0413579becfd5,gx-no-cache=1583425263694 HTTP/1.1" 200 29
190.171.153.26 - - [05/Mar/2020:12:27:44 -0300] "GET /cormun/static/menuarrow.gif HTTP/1.1" 404 1015
190.171.153.26 - - [05/Mar/2020:12:27:56 -0300] "GET /cormun/servlet/solicitudot?d636cb3270c70816c1759b57a202d257f6d1487edfd55a14b72d524d5891d4c356c4fbb504366a0bc047b641c723df25,gx-no-cache=1583425275969 HTTP/1.1" 200 30
190.171.153.26 - - [05/Mar/2020:12:28:02 -0300] "POST /cormun/servlet/solicitudot?gx-no-cache=1583425282550 HTTP/1.1" 200 30
119.96.133.98 - - [05/Mar/2020:12:28:11 -0300] "GET /admin-scripts.asp HTTP/1.1" 404 995
119.96.133.98 - - [05/Mar/2020:12:28:12 -0300] "GET /admin-scripts.asp HTTP/1.1" 404 995
190.171.143.106 - - [05/Mar/2020:12:28:26 -0300] "POST /cormun/servlet/solicitudot?gx-no-cache=1583421705691 HTTP/1.1" 200 97
190.171.143.106 - - [05/Mar/2020:12:28:43 -0300] "GET /cormun/servlet/solicitudot?097ad6a9635c236776d15cbd5f46e08277a28d6d4964a20f605f59c2b2c4a63fb714d5c549fc4a6050d1c6628d59b9ddaa6a6eef839bdb969e265a90171bf36473d481a86e5ef67f23cae5f0c6c0d841e1e70c2aecf9299de160b8262ace1db260afb32c9870693277e3d28272737c1c,gx-no-cache=1583421722097 HTTP/1.1" 200 29
190.171.143.106 - - [05/Mar/2020:12:28:43 -0300] "GET /cormun/static/menuarrow.gif HTTP/1.1" 404 1015
190.171.143.106 - - [05/Mar/2020:12:28:46 -0300] "GET /cormun/servlet/solicitudot?097ad6a9635c236776d15cbd5f46e082972ddfe1b3f6898a18c06a6b0c9f5e1a349d37d6efb2e08f0fc87c45627c4b8f,gx-no-cache=1583421725374 HTTP/1.1" 200 30
190.171.143.106 - - [05/Mar/2020:12:28:57 -0300] "POST /cormun/servlet/solicitudot?gx-no-cache=1583421736763 HTTP/1.1" 200 30
190.171.143.106 - - [05/Mar/2020:12:29:08 -0300] "POST /cormun/servlet/solicitudot?9ffcaa4ec9371d0219cdf9daeefe9c7a,INS,0,0,false,,gx-no-cache=1583421746534 HTTP/1.1" 200 93
190.171.143.106 - - [05/Mar/2020:12:29:08 -0300] "GET /cormun/servlet/hpexe_return? HTTP/1.1" 200 1008
190.171.143.106 - - [05/Mar/2020:12:29:08 -0300] "GET /cormun/servlet/trsolicitudot HTTP/1.1" 200 8742
190.171.143.106 - - [05/Mar/2020:12:29:08 -0300] "GET /cormun/servlet/trsolicitudot HTTP/1.1" 200 8739
190.171.143.106 - - [05/Mar/2020:12:29:12 -0300] "GET /cormun/servlet/solicitudot?INS,0,0,false, HTTP/1.1" 200 15280
190.171.143.106 - - [05/Mar/2020:12:29:12 -0300] "GET /cormun/servlet/solicitudot?INS,0,0,false, HTTP/1.1" 200 15288
190.171.143.106 - - [05/Mar/2020:12:29:34 -0300] "POST /cormun/servlet/solicitudot?gx-no-cache=1583421773547 HTTP/1.1" 200 3530
190.171.143.106 - - [05/Mar/2020:12:29:35 -0300] "POST /cormun/servlet/solicitudot?9ffcaa4ec9371d0219cdf9daeefe9c7a,INS,0,0,false,,gx-no-cache=1583421773716 HTTP/1.1" 200 11887
190.171.143.106 - - [05/Mar/2020:12:29:38 -0300] "GET /cormun/servlet/solicitudot?097ad6a9635c236776d15cbd5f46e08235c154a506b4a951a23dd49c33c637d669af0f39c5f2f129fd737c5384ce49e9,gx-no-cache=1583421776934 HTTP/1.1" 200 30
190.171.153.26 - - [05/Mar/2020:12:29:38 -0300] "GET /cormun/servlet/solicitudot?d636cb3270c70816c1759b57a202d257f6d1487edfd55a14b72d524d5891d4c3dc898bdc78ae55634889a202335014b4,gx-no-cache=1583425377895 HTTP/1.1" 200 30
190.171.153.26 - - [05/Mar/2020:12:29:38 -0300] "POST /cormun/servlet/solicitudot?gx-no-cache=1583425377970 HTTP/1.1" 200 30
186.103.159.188 - - [05/Mar/2020:12:29:43 -0300] "POST /cormun/servlet/solicitudot?gx-no-cache=1583421782051 HTTP/1.1" 200 257
190.171.153.26 - - [05/Mar/2020:12:29:44 -0300] "POST /cormun/servlet/solicitudot?3a317a63a5a9da2cd6b509de0e8cb151,INS,0,0,false,,gx-no-cache=1583425383793 HTTP/1.1" 200 93
190.171.153.26 - - [05/Mar/2020:12:29:44 -0300] "GET /cormun/servlet/hpexe_return? HTTP/1.1" 200 1005
190.171.153.26 - - [05/Mar/2020:12:29:44 -0300] "GET /cormun/static/gxcfg.js?201991422392976 HTTP/1.1" 200 953
190.171.153.26 - - [05/Mar/2020:12:29:44 -0300] "GET /cormun/static/hpexe_return.js?201991422392984 HTTP/1.1" 200 1633
190.171.153.26 - - [05/Mar/2020:12:29:44 -0300] "GET /cormun/servlet/trsolicitudot HTTP/1.1" 200 8484
190.171.153.26 - - [05/Mar/2020:12:29:45 -0300] "GET /cormun//static/Resources/PXToolsActionView.png HTTP/1.1" 200 398
190.171.153.26 - - [05/Mar/2020:12:29:45 -0300] "GET /cormun//static/Resources/PXToolsGridUpdate.png HTTP/1.1" 200 470
190.171.153.26 - - [05/Mar/2020:12:29:45 -0300] "GET /cormun//static/Resources/PXToolsGridDelete.png HTTP/1.1" 200 538
190.171.153.26 - - [05/Mar/2020:12:29:45 -0300] "GET /cormun//static/Resources/PXToolsRemoveAllAction.png HTTP/1.1" 200 487
190.171.153.26 - - [05/Mar/2020:12:29:45 -0300] "GET /cormun//static/Resources/PXTools/ActionInsert.png HTTP/1.1" 200 1482
190.171.153.26 - - [05/Mar/2020:12:29:45 -0300] "GET /cormun/servlet/trsolicitudot HTTP/1.1" 200 8481
186.103.159.188 - - [05/Mar/2020:12:29:48 -0300] "GET /cormun/servlet/solicitudot?fe4e7a90ff3fd1f7bb036bf0a9b18ca6a32cce50433b2fddb9d5ccdb79f11f875be1dde7a6ecc1167af97c4957d4e7a66b760bf002d06a3b5576094eab1919cd64fcb56b801d7607a9ed7a751510d803bc5957adce30c96dee740920d2d6ca9456b4d5107e9071f96832c4ab166c19916e1a8d8ffa84faf8a7384476c79cbfced36a7eab5ec34115bd1aa7ea838391d557b5c141e7710823c4c53a3dba37042d3d27cb5ce6f0c81d5af34b4e9e67d00231f9722869d689a6d9d641895b4b4dbdb4e60782a96bf673f4e975da140c20c2dc4a86c394f7a968e2326f38675aeaa3bf97cb4673f0ceda6ba234af4062c62412793424cf99948f046595d7fd1d4fce5098a693a9b5b3501a26bc363914f4ac72a66cd41e4231c5ae4ef9a3f7960c949730cdd50047abbcba37b0d49090cf41a8bc76b840e671661b1ba25dcdf4f4644023ce1b50f7a9af45835ae5dd3dcfa8f57ab590bf5ab73883fa122a39116fed530dc5956b31ac2521741120ff25e6d6bcb87dbb65f81c224b7fb57ce11cfda5,gx-no-cache=1583421787075 HTTP/1.1" 200 30
186.103.159.188 - - [05/Mar/2020:12:29:48 -0300] "POST /cormun/servlet/solicitudot?gx-no-cache=1583421787448 HTTP/1.1" 200 30
186.103.159.188 - - [05/Mar/2020:12:29:48 -0300] "POST /cormun/servlet/solicitudot?gx-no-cache=1583421787504 HTTP/1.1" 200 1366
186.103.159.188 - - [05/Mar/2020:12:29:48 -0300] "POST /cormun/servlet/solicitudot?gx-no-cache=1583421787582 HTTP/1.1" 200 38
186.103.159.188 - - [05/Mar/2020:12:29:49 -0300] "GET /cormun/servlet/solicitudot?fe4e7a90ff3fd1f7bb036bf0a9b18ca6b1711b69128909ea49807c00cf26e7acb8159bf22e9e2e4a97cc14a2ed75413219f4c7668351689c1c98b99a1238f2167c50c0db2003482e93c6c7715bdf025f94cfbdcd6086a7211ca0f9f98ce83f6ea71f020b750482aac9a75d6bce742d30,gx-no-cache=1583421787620 HTTP/1.1" 200 110
186.103.159.188 - - [05/Mar/2020:12:29:49 -0300] "POST /cormun/servlet/solicitudot?gx-no-cache=1583421787659 HTTP/1.1" 200 79
190.171.153.26 - - [05/Mar/2020:12:29:56 -0300] "POST /cormun/servlet/trsolicitudot?3a317a63a5a9da2cd6b509de0e8cb151,gx-no-cache=1583425396545 HTTP/1.1" 200 5695
190.171.153.26 - - [05/Mar/2020:12:30:06 -0300] "GET /cormun/static/menuarrow.gif HTTP/1.1" 404 1015
190.171.153.26 - - [05/Mar/2020:12:30:09 -0300] "POST /cormun/servlet/trsolicitudot?3a317a63a5a9da2cd6b509de0e8cb151,gx-no-cache=1583425408890 HTTP/1.1" 200 4349
190.171.143.106 - - [05/Mar/2020:12:30:14 -0300] "GET /cormun/servlet/prbanco?,MD,,gxPopupLevel%3D0%3B HTTP/1.1" 200 6551
190.171.153.26 - - [05/Mar/2020:12:30:15 -0300] "GET /cormun/servlet/trsolicitudot? HTTP/1.1" 200 7137
190.171.153.26 - - [05/Mar/2020:12:30:16 -0300] "GET /cormun/servlet/trsolicitudot? HTTP/1.1" 200 7137
190.171.143.106 - - [05/Mar/2020:12:30:17 -0300] "GET /cormun/servlet/solicitudot?097ad6a9635c236776d15cbd5f46e0828d1eea036897a3a487fc49a1fb3fa011431e75165b705aea3e03c647714b19b75852005fdfd21d24cf2bd500d3030f41,gx-no-cache=1583421816016 HTTP/1.1" 200 30
190.171.153.26 - - [05/Mar/2020:12:30:17 -0300] "POST /cormun/servlet/trsolicitudot?3a317a63a5a9da2cd6b509de0e8cb151,,gx-no-cache=1583425417072 HTTP/1.1" 200 4348
186.103.159.188 - - [05/Mar/2020:12:30:17 -0300] "GET /cormun/servlet/solicitudot?fe4e7a90ff3fd1f7bb036bf0a9b18ca6c56859e248ac58e9b98756a7bd525bf88b788f2232339563027952bea2962c092f81ed48e5c3e468392eca155833980b3a39a5aa42fd7d33499761986405db5ce4f12ab636a0ea0875a660994f1a67ce260995bb0af516bb3a675ddd777dccfd,gx-no-cache=1583421816275 HTTP/1.1" 200 29
186.103.159.188 - - [05/Mar/2020:12:30:17 -0300] "GET /cormun/static/menuarrow.gif HTTP/1.1" 404 1015
190.171.143.106 - - [05/Mar/2020:12:30:18 -0300] "GET /cormun/servlet/solicitudot?097ad6a9635c236776d15cbd5f46e082dc97f595c1f0501a9b45d84fc5377706,gx-no-cache=1583421817314 HTTP/1.1" 200 60
186.103.159.188 - - [05/Mar/2020:12:30:20 -0300] "GET /cormun/servlet/solicitudot?fe4e7a90ff3fd1f7bb036bf0a9b18ca608b41c1fdcc52d81c9f8a4f60f155a88632c709ddb711bd7dd0afcd33db58783,gx-no-cache=1583421819175 HTTP/1.1" 200 30
190.171.153.26 - - [05/Mar/2020:12:30:22 -0300] "POST /cormun/servlet/trsolicitudot?3a317a63a5a9da2cd6b509de0e8cb151,,gx-no-cache=1583425422340 HTTP/1.1" 200 6115
186.103.159.188 - - [05/Mar/2020:12:30:34 -0300] "POST /cormun/servlet/solicitudot?gx-no-cache=1583421833050 HTTP/1.1" 200 30
186.103.159.188 - - [05/Mar/2020:12:30:35 -0300] "POST /cormun/servlet/solicitudot?c551371ab7382dc798a4a6a6d2d7f10c,INS,0,0,false,,gx-no-cache=1583421833088 HTTP/1.1" 200 93
186.103.159.188 - - [05/Mar/2020:12:30:35 -0300] "GET /cormun/servlet/hpexe_return? HTTP/1.1" 200 1013
186.103.159.188 - - [05/Mar/2020:12:30:35 -0300] "GET /cormun/servlet/hhome HTTP/1.1" 200 3973
186.103.159.188 - - [05/Mar/2020:12:30:35 -0300] "GET /cormun/servlet/hhome HTTP/1.1" 200 3967
190.171.153.26 - - [05/Mar/2020:12:30:36 -0300] "POST /cormun/servlet/trsolicitudot?3a317a63a5a9da2cd6b509de0e8cb151,,gx-no-cache=1583425436569 HTTP/1.1" 200 112
190.171.153.26 - - [05/Mar/2020:12:30:37 -0300] "GET /cormun/servlet/solicitudot?UPD,2020,16313,false, HTTP/1.1" 200 15813
190.171.153.26 - - [05/Mar/2020:12:30:37 -0300] "GET /cormun/servlet/solicitudot?UPD,2020,16313,false, HTTP/1.1" 200 15825
190.171.153.26 - - [05/Mar/2020:12:30:38 -0300] "POST /cormun/servlet/solicitudot?gx-no-cache=1583425437777 HTTP/1.1" 200 3612
190.171.153.26 - - [05/Mar/2020:12:30:38 -0300] "POST /cormun/servlet/solicitudot?3a317a63a5a9da2cd6b509de0e8cb151,UPD,2020,16313,false,,gx-no-cache=1583425437981 HTTP/1.1" 200 12047
190.171.153.26 - - [05/Mar/2020:12:30:38 -0300] "GET /cormun/servlet/solicitudot?d636cb3270c70816c1759b57a202d257ebf458695664d940a6fa3d887bf7e8443db61a0346f7c985f89bc2e58d14a860,gx-no-cache=1583425438209 HTTP/1.1" 200 30
190.171.153.26 - - [05/Mar/2020:12:30:38 -0300] "GET /cormun/servlet/solicitudot?d636cb3270c70816c1759b57a202d257bbf1de482bd19a13ed6ecdb1285ae8816f067b8cce9e443a5d510024444a8b03,gx-no-cache=1583425438246 HTTP/1.1" 200 30
190.171.153.26 - - [05/Mar/2020:12:30:38 -0300] "GET /cormun/servlet/solicitudot?d636cb3270c70816c1759b57a202d257cb7e51bd877dd2beacd1f2e6b8c1223c6ce1fe2601d3f95c65824eca5cd069df936e49366b82c585427954683e0dca7f,gx-no-cache=1583425438272 HTTP/1.1" 200 53
190.171.153.26 - - [05/Mar/2020:12:30:38 -0300] "POST /cormun/servlet/solicitudot?gx-no-cache=1583425438302 HTTP/1.1" 200 241
190.171.153.26 - - [05/Mar/2020:12:30:38 -0300] "GET /cormun/servlet/solicitudot?d636cb3270c70816c1759b57a202d257b6dfb7a008f4e1fb1f9bc086981266d24bf080e6b2ff34c580f1bb13f03ca1e8bc4d1187353a6a00277b5e1c8be188bd73d5c7fb6338a639f0744e38ae2d531a3ff573c12567dab2b2104cf9a2d8c0eb0a0b5dd32e3557cb448e15b90301fd1b86ab2ff407b4d027afabfdb0b1f84756f243eeee8af23c4e18c95c8c606602f551317a2d92b5e895e6899301397e7210f170c19fbc346b0e6f4096c95ea2ade0f0d59423c5197b4cb8d6b7073d506922213a7879c95ca3a748d3ac5d61fc06ccdeb018f314ca23735812f2c17423dd789563cdddfc9c9e31edcef554d757d353b77b9799f9539272bab9123b2c1de35a701f68eef83829168aa004ef7955d721c3a5d87628b664728a70d009f04fc340d6396a43bd28d3436d0c0e9d5f88cd3fcaf93764350812193388c0b421472e75980db24a847f7a16d30b55c4ac1c2f941dab1aff25d348510bc90c4b15124e106b1fa8060dc33f0cb89378e7fb98d0c9cd86456fe8526fae6e5e2550e654a790,gx-no-cache=1583425438336 HTTP/1.1" 200 30
190.171.153.26 - - [05/Mar/2020:12:30:38 -0300] "POST /cormun/servlet/solicitudot?gx-no-cache=1583425438366 HTTP/1.1" 200 30
190.171.153.26 - - [05/Mar/2020:12:30:38 -0300] "POST /cormun/servlet/solicitudot?gx-no-cache=1583425438422 HTTP/1.1" 200 1367
190.171.153.26 - - [05/Mar/2020:12:30:38 -0300] "POST /cormun/servlet/solicitudot?gx-no-cache=1583425438507 HTTP/1.1" 200 40
190.171.153.26 - - [05/Mar/2020:12:30:41 -0300] "GET /cormun/servlet/solicitudot?d636cb3270c70816c1759b57a202d2575c5565c4ae7a63e57d6ccf16b316dcaf3c1200ff59473cc2082943a7de11280fa4398b0441b046a98e910bd725a7fca62bedc9add225512284b09a0354c4b408c547e806c864cddb7efad46f2ab755500e6c71a35e1b3052aba4629746ae50ac,gx-no-cache=1583425441235 HTTP/1.1" 200 110
190.171.153.26 - - [05/Mar/2020:12:30:41 -0300] "POST /cormun/servlet/solicitudot?gx-no-cache=1583425441288 HTTP/1.1" 200 109
190.171.153.26 - - [05/Mar/2020:12:30:41 -0300] "GET /cormun/servlet/solicitudot?d636cb3270c70816c1759b57a202d25791a57387503dbc15d45309aaec310d13c1fc99d899dec2fe7e3da378be22627db7c0b3ac65d7415713798073c0a407b2bec3873e34f1850a977bedde4f79b22b4265547353e5c344dab83a64b6c94c0135826276af0b836682a6fc0c8b823af6,gx-no-cache=1583425441339 HTTP/1.1" 200 29
190.171.153.26 - - [05/Mar/2020:12:30:41 -0300] "GET /cormun/static/menuarrow.gif HTTP/1.1" 404 1015
190.171.153.26 - - [05/Mar/2020:12:30:43 -0300] "GET /cormun/servlet/solicitudot?d636cb3270c70816c1759b57a202d2575c5565c4ae7a63e57d6ccf16b316dcaf3c1200ff59473cc2082943a7de11280fa4398b0441b046a98e910bd725a7fca62bedc9add225512284b09a0354c4b408c547e806c864cddb7efad46f2ab755500e6c71a35e1b3052aba4629746ae50ac,gx-no-cache=1583425442800 HTTP/1.1" 200 110
186.103.159.188 - - [05/Mar/2020:12:30:44 -0300] "GET /cormun/servlet/trsolicitudot? HTTP/1.1" 200 9443
186.103.159.188 - - [05/Mar/2020:12:30:45 -0300] "GET /cormun/servlet/trsolicitudot? HTTP/1.1" 200 9441
190.171.153.26 - - [05/Mar/2020:12:30:47 -0300] "GET /cormun/servlet/solicitudot?d636cb3270c70816c1759b57a202d257f6d1487edfd55a14b72d524d5891d4c356c4fbb504366a0bc047b641c723df25,gx-no-cache=1583425447345 HTTP/1.1" 200 30
190.171.153.26 - - [05/Mar/2020:12:30:47 -0300] "POST /cormun/servlet/solicitudot?gx-no-cache=1583425447401 HTTP/1.1" 200 30
190.171.153.26 - - [05/Mar/2020:12:30:47 -0300] "POST /cormun/servlet/solicitudot?3a317a63a5a9da2cd6b509de0e8cb151,UPD,2020,16313,false,,gx-no-cache=1583425447448 HTTP/1.1" 200 93
190.171.153.26 - - [05/Mar/2020:12:30:47 -0300] "GET /cormun/servlet/hpexe_return? HTTP/1.1" 200 1011
190.171.153.26 - - [05/Mar/2020:12:30:48 -0300] "GET /cormun/servlet/trsolicitudot? HTTP/1.1" 200 8898
190.171.153.26 - - [05/Mar/2020:12:30:48 -0300] "GET /cormun/servlet/trsolicitudot? HTTP/1.1" 200 8897
190.171.153.26 - - [05/Mar/2020:12:30:55 -0300] "POST /cormun/servlet/trsolicitudot?3a317a63a5a9da2cd6b509de0e8cb151,,gx-no-cache=1583425455208 HTTP/1.1" 200 5704
186.103.159.188 - - [05/Mar/2020:12:31:03 -0300] "POST /cormun/servlet/trsolicitudot?c551371ab7382dc798a4a6a6d2d7f10c,,gx-no-cache=1583421862270 HTTP/1.1" 200 107
186.103.159.188 - - [05/Mar/2020:12:31:03 -0300] "GET /cormun/servlet/trsolicitudadjuntos?2020,16314, HTTP/1.1" 200 6077
186.103.159.188 - - [05/Mar/2020:12:31:04 -0300] "GET /cormun/servlet/trsolicitudadjuntos?2020,16314, HTTP/1.1" 200 6077
186.103.159.188 - - [05/Mar/2020:12:31:07 -0300] "GET /cormun/servlet/solicitudotadjuntos?INS,2020,16314,,1, HTTP/1.1" 200 6023
186.103.159.188 - - [05/Mar/2020:12:31:07 -0300] "GET /cormun/static/about:blank HTTP/1.1" 404 1011
186.103.159.188 - - [05/Mar/2020:12:31:07 -0300] "GET /cormun/servlet/solicitudotadjuntos?INS,2020,16314,,1, HTTP/1.1" 200 6016
186.103.159.188 - - [05/Mar/2020:12:31:08 -0300] "GET /cormun/servlet/solicitudotadjuntos?fe4e7a90ff3fd1f7bb036bf0a9b18ca6fb1b2176a87f89eded31650ae4e23c654bbec1258153753c3c1ff417d879d75a,gx-no-cache=1583421866770 HTTP/1.1" 200 30
186.103.159.188 - - [05/Mar/2020:12:31:08 -0300] "POST /cormun/servlet/solicitudotadjuntos?c551371ab7382dc798a4a6a6d2d7f10c,INS,2020,16314,,1,,gx-no-cache=1583421866821 HTTP/1.1" 200 3880
186.103.159.188 - - [05/Mar/2020:12:31:10 -0300] "POST /cormun/servlet/solicitudotadjuntos?gx-no-cache=1583421869403 HTTP/1.1" 200 26
186.103.159.188 - - [05/Mar/2020:12:31:19 -0300] "GET /cormun/servlet/solicitudotadjuntos?fe4e7a90ff3fd1f7bb036bf0a9b18ca6001e06c2f198a8fb1267882d022e85fc,gx-no-cache=1583421877904 HTTP/1.1" 200 30
186.103.159.188 - - [05/Mar/2020:12:31:19 -0300] "GET /cormun/servlet/solicitudotadjuntos?fe4e7a90ff3fd1f7bb036bf0a9b18ca6001e06c2f198a8fb1267882d022e85fc,gx-no-cache=1583421877984 HTTP/1.1" 200 30
186.67.164.138 - - [05/Mar/2020:12:31:19 -0300] "GET /cormun/servlet/solicitudotadjuntos?INS,2020,16310,,2, HTTP/1.1" 200 5198
186.103.159.188 - - [05/Mar/2020:12:31:20 -0300] "POST /cormun/servlet/solicitudotadjuntos?c551371ab7382dc798a4a6a6d2d7f10c,INS,2020,16314,,1, HTTP/1.1" 200 116
186.67.164.138 - - [05/Mar/2020:12:31:20 -0300] "GET /cormun/static/about:blank HTTP/1.1" 404 1011
186.103.159.188 - - [05/Mar/2020:12:31:20 -0300] "GET /cormun/servlet/hpexe_return? HTTP/1.1" 200 1031
186.103.159.188 - - [05/Mar/2020:12:31:20 -0300] "GET /cormun/servlet/trsolicitudadjuntos?2020,16314, HTTP/1.1" 200 8713
186.67.164.138 - - [05/Mar/2020:12:31:21 -0300] "GET /cormun/servlet/hlogin HTTP/1.1" 200 1766
186.67.164.138 - - [05/Mar/2020:12:31:21 -0300] "GET /cormun/servlet/solicitudotadjuntos?INS,2020,16310,,2, HTTP/1.1" 200 5190
186.103.159.188 - - [05/Mar/2020:12:31:21 -0300] "GET /cormun/servlet/trsolicitudadjuntos?2020,16314, HTTP/1.1" 200 8709
186.103.159.188 - - [05/Mar/2020:12:31:24 -0300] "GET /cormun/PublicTempStorage/c%2Cidentidad3357667.pdf HTTP/1.1" 200 136109
186.67.164.138 - - [05/Mar/2020:12:31:31 -0300] "POST /cormun/servlet/hlogin?71a25000a7fa08bc2c51c6beab1d58a4,gx-no-cache=1583421890033 HTTP/1.1" 200 90
186.67.164.138 - - [05/Mar/2020:12:31:31 -0300] "GET /cormun/servlet/hpexe_link HTTP/1.1" 200 981
186.67.164.138 - - [05/Mar/2020:12:31:32 -0300] "GET /cormun/servlet/solicitudotadjuntos?INS,2020,16310,,2, HTTP/1.1" 200 5850
186.67.164.138 - - [05/Mar/2020:12:31:32 -0300] "GET /cormun/static/about:blank HTTP/1.1" 404 1011
186.67.164.138 - - [05/Mar/2020:12:31:33 -0300] "GET /cormun/servlet/solicitudotadjuntos?INS,2020,16310,,2, HTTP/1.1" 200 5849
186.67.164.138 - - [05/Mar/2020:12:31:33 -0300] "GET /cormun/servlet/solicitudotadjuntos?023c05291f9fb36203a0b2ad9838c647753dc3bc04303f5be79c57920dfeb0383614f4f43328775a263bf2a6edb6ab70,gx-no-cache=1583421891858 HTTP/1.1" 200 30
186.67.164.138 - - [05/Mar/2020:12:31:33 -0300] "POST /cormun/servlet/solicitudotadjuntos?71a25000a7fa08bc2c51c6beab1d58a4,INS,2020,16310,,2,,gx-no-cache=1583421891904 HTTP/1.1" 200 3796
190.171.153.26 - - [05/Mar/2020:12:31:40 -0300] "POST /cormun/servlet/trsolicitudot?3a317a63a5a9da2cd6b509de0e8cb151,,gx-no-cache=1583425499852 HTTP/1.1" 200 107
190.171.153.26 - - [05/Mar/2020:12:31:40 -0300] "GET /cormun/servlet/trsolicitudadjuntos?2020,16313, HTTP/1.1" 200 6025
190.171.153.26 - - [05/Mar/2020:12:31:40 -0300] "GET /cormun/static/gxcfg.js?20201215574222 HTTP/1.1" 200 953
190.171.153.26 - - [05/Mar/2020:12:31:40 -0300] "GET /cormun/static/gxui/gxui-all.css?120300 HTTP/1.1" 200 2179
190.171.153.26 - - [05/Mar/2020:12:31:40 -0300] "GET /cormun/static/trsolicitudadjuntos.js?20201215574932 HTTP/1.1" 200 17922
190.171.153.26 - - [05/Mar/2020:12:31:40 -0300] "GET /cormun/static/Shared/ext/resources/css/ext-all.css?215870 HTTP/1.1" 200 416045
190.171.153.26 - - [05/Mar/2020:12:31:40 -0300] "GET /cormun/static/Resources/PXToolsGridNew.png HTTP/1.1" 200 427
190.171.153.26 - - [05/Mar/2020:12:31:40 -0300] "GET /cormun/servlet/trsolicitudadjuntos?2020,16313, HTTP/1.1" 200 6025
186.103.159.188 - - [05/Mar/2020:12:31:41 -0300] "GET /cormun/servlet/hlogin HTTP/1.1" 200 1733
190.171.153.26 - - [05/Mar/2020:12:31:42 -0300] "GET /cormun/servlet/solicitudotadjuntos?INS,2020,16313,,1, HTTP/1.1" 200 5966
190.171.153.26 - - [05/Mar/2020:12:31:42 -0300] "GET /cormun/static/gxcfg.js?202012157947 HTTP/1.1" 200 953
190.171.153.26 - - [05/Mar/2020:12:31:42 -0300] "GET /cormun/static/solicitudotadjuntos.js?202012157966 HTTP/1.1" 200 11771
190.171.153.26 - - [05/Mar/2020:12:31:43 -0300] "GET /cormun/static/about:blank HTTP/1.1" 404 1011
190.171.153.26 - - [05/Mar/2020:12:31:43 -0300] "GET /cormun/servlet/solicitudotadjuntos?INS,2020,16313,,1, HTTP/1.1" 200 5959
190.171.153.26 - - [05/Mar/2020:12:31:43 -0300] "GET /cormun/servlet/solicitudotadjuntos?d636cb3270c70816c1759b57a202d25714748b7b8d5673c406e9a22369505287edc90e9fb1ba213f1cbbfb8d1e416cff,gx-no-cache=1583425503498 HTTP/1.1" 200 30
190.171.153.26 - - [05/Mar/2020:12:31:43 -0300] "POST /cormun/servlet/solicitudotadjuntos?3a317a63a5a9da2cd6b509de0e8cb151,INS,2020,16313,,1,,gx-no-cache=1583425503554 HTTP/1.1" 200 3866
186.103.159.188 - - [05/Mar/2020:12:31:44 -0300] "POST /cormun/servlet/hlogin?c551371ab7382dc798a4a6a6d2d7f10c,gx-no-cache=1583421903449 HTTP/1.1" 200 90
186.103.159.188 - - [05/Mar/2020:12:31:44 -0300] "GET /cormun/servlet/hpexe_link HTTP/1.1" 200 976
186.103.159.188 - - [05/Mar/2020:12:31:45 -0300] "GET /cormun/servlet/trsolicitudadjuntos?2020,16314, HTTP/1.1" 200 8712
186.103.159.188 - - [05/Mar/2020:12:31:45 -0300] "GET /cormun/servlet/trsolicitudadjuntos?2020,16314, HTTP/1.1" 200 8709
190.171.153.26 - - [05/Mar/2020:12:31:46 -0300] "POST /cormun/servlet/solicitudotadjuntos?gx-no-cache=1583425505737 HTTP/1.1" 200 26
186.103.159.188 - - [05/Mar/2020:12:31:50 -0300] "GET /cormun/servlet/solicitudotadjuntos?INS,2020,16314,,1, HTTP/1.1" 200 6022
186.103.159.188 - - [05/Mar/2020:12:31:50 -0300] "GET /cormun/static/about:blank HTTP/1.1" 404 1011
186.103.159.188 - - [05/Mar/2020:12:31:50 -0300] "GET /cormun/servlet/solicitudotadjuntos?INS,2020,16314,,1, HTTP/1.1" 200 6016
190.171.143.106 - - [05/Mar/2020:12:31:50 -0300] "POST /cormun/servlet/solicitudot?gx-no-cache=1583421909721 HTTP/1.1" 200 255
186.103.159.188 - - [05/Mar/2020:12:31:51 -0300] "GET /cormun/servlet/solicitudotadjuntos?fe4e7a90ff3fd1f7bb036bf0a9b18ca6fb1b2176a87f89eded31650ae4e23c654bbec1258153753c3c1ff417d879d75a,gx-no-cache=1583421910025 HTTP/1.1" 200 30
186.103.159.188 - - [05/Mar/2020:12:31:51 -0300] "POST /cormun/servlet/solicitudotadjuntos?c551371ab7382dc798a4a6a6d2d7f10c,INS,2020,16314,,1,,gx-no-cache=1583421910075 HTTP/1.1" 200 3880
186.103.159.188 - - [05/Mar/2020:12:31:54 -0300] "POST /cormun/servlet/solicitudotadjuntos?gx-no-cache=1583421912992 HTTP/1.1" 200 26
190.171.143.106 - - [05/Mar/2020:12:31:54 -0300] "GET /cormun/servlet/solicitudot?097ad6a9635c236776d15cbd5f46e082f8aa5258ebcc9d80c8929f155ec1a2e30e8e7dbefb222d5b2ae4ffac9838c38661c02d1cdf2c7e610331bcca7483da639ea71d80e57e1d9db5a6951784bd3233b2e541fa112ed861afd66b2e2816267ca3aaaddb8aa8fa37da107268b642023025281728ab1e6fd92ae3e15e443afc4b325f02a1da872ed931ac0ac7cb56472c6398911aa6c685facec6f99051b4548c45d405f3d79f578fb989db44c1434bb0e6597184712d31fbc34298d171141cfd1a6bd913a77f88eae93b37c73825a9331e240234dc4e6615449787e8ea22f5a37cde8fd2b31c04ff3603f77c32ec4ff73aa400d435249820e6635e44afe846de8c8070b3f0211050548d92fcfdfbb5e1a0f8955f86603e9507d5db36ba47c0bf2c50304053e1a197407e912937830e1444fe36c8b4677415b648488caadeac471b8d61b937e9d41a96f3c054b3bcfda81512151ed26b27947be0486ba913516fd56aa696b686b2591fbbbacae8fc3cd75c12ed291960332e3400adfd8a963f78,gx-no-cache=1583421913302 HTTP/1.1" 200 30
186.67.164.138 - - [05/Mar/2020:12:31:56 -0300] "POST /cormun/servlet/solicitudotadjuntos?71a25000a7fa08bc2c51c6beab1d58a4,INS,2020,16310,,2,,gx-no-cache=1583421914927 HTTP/1.1" 200 93
186.67.164.138 - - [05/Mar/2020:12:31:56 -0300] "GET /cormun/servlet/hpexe_return? HTTP/1.1" 200 1022
186.67.164.138 - - [05/Mar/2020:12:31:57 -0300] "GET /cormun/servlet/hhome HTTP/1.1" 200 3975
186.67.164.138 - - [05/Mar/2020:12:31:58 -0300] "GET /cormun/servlet/hhome HTTP/1.1" 200 3969
190.171.143.106 - - [05/Mar/2020:12:31:59 -0300] "POST /cormun/servlet/solicitudot?gx-no-cache=1583421918297 HTTP/1.1" 200 30
190.171.143.106 - - [05/Mar/2020:12:32:00 -0300] "POST /cormun/servlet/solicitudot?gx-no-cache=1583421919768 HTTP/1.1" 200 1363
190.171.143.106 - - [05/Mar/2020:12:32:01 -0300] "POST /cormun/servlet/solicitudot?gx-no-cache=1583421919828 HTTP/1.1" 200 38
190.171.153.26 - - [05/Mar/2020:12:32:01 -0300] "GET /cormun/servlet/solicitudotadjuntos?d636cb3270c70816c1759b57a202d257f906b29fdde38e896a379130b68ea06c,gx-no-cache=1583425520960 HTTP/1.1" 200 30
190.171.153.26 - - [05/Mar/2020:12:32:01 -0300] "GET /cormun/servlet/solicitudotadjuntos?d636cb3270c70816c1759b57a202d257f906b29fdde38e896a379130b68ea06c,gx-no-cache=1583425520994 HTTP/1.1" 200 30
190.171.153.26 - - [05/Mar/2020:12:32:01 -0300] "POST /cormun/servlet/solicitudotadjuntos?3a317a63a5a9da2cd6b509de0e8cb151,INS,2020,16313,,1, HTTP/1.1" 200 116
190.171.153.26 - - [05/Mar/2020:12:32:01 -0300] "GET /cormun/servlet/hpexe_return? HTTP/1.1" 200 1023
190.171.153.26 - - [05/Mar/2020:12:32:01 -0300] "GET /cormun/servlet/trsolicitudadjuntos?2020,16313, HTTP/1.1" 200 8636
186.103.159.188 - - [05/Mar/2020:12:32:01 -0300] "GET /cormun/servlet/solicitudotadjuntos?fe4e7a90ff3fd1f7bb036bf0a9b18ca6001e06c2f198a8fb1267882d022e85fc,gx-no-cache=1583421920271 HTTP/1.1" 200 30
186.103.159.188 - - [05/Mar/2020:12:32:01 -0300] "GET /cormun/servlet/solicitudotadjuntos?fe4e7a90ff3fd1f7bb036bf0a9b18ca6001e06c2f198a8fb1267882d022e85fc,gx-no-cache=1583421920292 HTTP/1.1" 200 30
186.67.164.138 - - [05/Mar/2020:12:32:01 -0300] "GET /cormun/servlet/trsolicitudot? HTTP/1.1" 200 8579
190.171.153.26 - - [05/Mar/2020:12:32:02 -0300] "GET /cormun/servlet/trsolicitudadjuntos?2020,16313, HTTP/1.1" 200 8632
186.103.159.188 - - [05/Mar/2020:12:32:02 -0300] "POST /cormun/servlet/solicitudotadjuntos?c551371ab7382dc798a4a6a6d2d7f10c,INS,2020,16314,,1, HTTP/1.1" 200 116
186.103.159.188 - - [05/Mar/2020:12:32:02 -0300] "GET /cormun/servlet/hpexe_return? HTTP/1.1" 200 1031
186.67.164.138 - - [05/Mar/2020:12:32:02 -0300] "GET /cormun/servlet/trsolicitudot? HTTP/1.1" 200 8577
186.103.159.188 - - [05/Mar/2020:12:32:02 -0300] "GET /cormun/servlet/trsolicitudadjuntos?2020,16314, HTTP/1.1" 200 8953
186.103.159.188 - - [05/Mar/2020:12:32:03 -0300] "GET /cormun/servlet/trsolicitudadjuntos?2020,16314, HTTP/1.1" 200 8950
186.67.164.138 - - [05/Mar/2020:12:32:04 -0300] "POST /cormun/servlet/trsolicitudot?71a25000a7fa08bc2c51c6beab1d58a4,,gx-no-cache=1583421923201 HTTP/1.1" 200 107
186.67.164.138 - - [05/Mar/2020:12:32:05 -0300] "GET /cormun/servlet/trsolicitudadjuntos?2020,16310, HTTP/1.1" 200 8735
186.67.164.138 - - [05/Mar/2020:12:32:06 -0300] "GET /cormun/servlet/trsolicitudadjuntos?2020,16310, HTTP/1.1" 200 8733
190.171.153.26 - - [05/Mar/2020:12:32:06 -0300] "GET /cormun/servlet/solicitudotadjuntos?INS,2020,16313,,1, HTTP/1.1" 200 5966
190.171.153.26 - - [05/Mar/2020:12:32:06 -0300] "GET /cormun/static/about:blank HTTP/1.1" 404 1011
190.171.153.26 - - [05/Mar/2020:12:32:06 -0300] "GET /cormun/servlet/solicitudotadjuntos?INS,2020,16313,,1, HTTP/1.1" 200 5959
190.171.153.26 - - [05/Mar/2020:12:32:07 -0300] "GET /cormun/servlet/solicitudotadjuntos?d636cb3270c70816c1759b57a202d25714748b7b8d5673c406e9a22369505287edc90e9fb1ba213f1cbbfb8d1e416cff,gx-no-cache=1583425527021 HTTP/1.1" 200 30
190.171.153.26 - - [05/Mar/2020:12:32:07 -0300] "POST /cormun/servlet/solicitudotadjuntos?3a317a63a5a9da2cd6b509de0e8cb151,INS,2020,16313,,1,,gx-no-cache=1583425527056 HTTP/1.1" 200 3866
186.103.159.188 - - [05/Mar/2020:12:32:08 -0300] "GET /cormun/servlet/solicitudotadjuntos?INS,2020,16314,,1, HTTP/1.1" 200 6022
186.103.159.188 - - [05/Mar/2020:12:32:08 -0300] "GET /cormun/static/about:blank HTTP/1.1" 404 1011
186.103.159.188 - - [05/Mar/2020:12:32:08 -0300] "GET /cormun/servlet/solicitudotadjuntos?INS,2020,16314,,1, HTTP/1.1" 200 6016
186.103.159.188 - - [05/Mar/2020:12:32:09 -0300] "GET /cormun/servlet/solicitudotadjuntos?fe4e7a90ff3fd1f7bb036bf0a9b18ca6fb1b2176a87f89eded31650ae4e23c654bbec1258153753c3c1ff417d879d75a,gx-no-cache=1583421927972 HTTP/1.1" 200 30
186.103.159.188 - - [05/Mar/2020:12:32:09 -0300] "POST /cormun/servlet/solicitudotadjuntos?c551371ab7382dc798a4a6a6d2d7f10c,INS,2020,16314,,1,,gx-no-cache=1583421928007 HTTP/1.1" 200 3880
186.67.164.138 - - [05/Mar/2020:12:32:10 -0300] "GET /cormun/servlet/solicitudotadjuntos?INS,2020,16310,,2, HTTP/1.1" 200 6021
190.171.153.26 - - [05/Mar/2020:12:32:10 -0300] "POST /cormun/servlet/solicitudotadjuntos?gx-no-cache=1583425529836 HTTP/1.1" 200 26
186.67.164.138 - - [05/Mar/2020:12:32:10 -0300] "GET /cormun/static/about:blank HTTP/1.1" 404 1011
186.67.164.138 - - [05/Mar/2020:12:32:10 -0300] "GET /cormun/servlet/solicitudotadjuntos?INS,2020,16310,,2, HTTP/1.1" 200 6015
186.67.164.138 - - [05/Mar/2020:12:32:11 -0300] "GET /cormun/servlet/solicitudotadjuntos?023c05291f9fb36203a0b2ad9838c647753dc3bc04303f5be79c57920dfeb0383614f4f43328775a263bf2a6edb6ab70,gx-no-cache=1583421929638 HTTP/1.1" 200 30
186.67.164.138 - - [05/Mar/2020:12:32:11 -0300] "POST /cormun/servlet/solicitudotadjuntos?71a25000a7fa08bc2c51c6beab1d58a4,INS,2020,16310,,2,,gx-no-cache=1583421929669 HTTP/1.1" 200 4063
190.171.153.26 - - [05/Mar/2020:12:32:15 -0300] "GET /cormun/servlet/solicitudotadjuntos?d636cb3270c70816c1759b57a202d257f906b29fdde38e896a379130b68ea06c,gx-no-cache=1583425535473 HTTP/1.1" 200 30
190.171.153.26 - - [05/Mar/2020:12:32:15 -0300] "GET /cormun/servlet/solicitudotadjuntos?d636cb3270c70816c1759b57a202d257f906b29fdde38e896a379130b68ea06c,gx-no-cache=1583425535499 HTTP/1.1" 200 30
190.171.153.26 - - [05/Mar/2020:12:32:16 -0300] "POST /cormun/servlet/solicitudotadjuntos?3a317a63a5a9da2cd6b509de0e8cb151,INS,2020,16313,,1, HTTP/1.1" 200 116
190.171.153.26 - - [05/Mar/2020:12:32:16 -0300] "GET /cormun/servlet/hpexe_return? HTTP/1.1" 200 1023
190.171.153.26 - - [05/Mar/2020:12:32:16 -0300] "GET /cormun/servlet/trsolicitudadjuntos?2020,16313, HTTP/1.1" 200 8855
190.171.153.26 - - [05/Mar/2020:12:32:16 -0300] "GET /cormun/servlet/trsolicitudadjuntos?2020,16313, HTTP/1.1" 200 8853
190.171.143.106 - - [05/Mar/2020:12:32:17 -0300] "GET /cormun/servlet/solicitudot?097ad6a9635c236776d15cbd5f46e0828b4ffa4a91d40c42a19d663a9bda9dee74185c37bfd33b3338b571c0e5de635c2fec344fe3cf306c58bbeb0eaf2ccda7f75fbf25809f35070fdfc8f23f660e915ae57751c7980831c4508d2e540d56ef0aa23e19dc0a595975c2a6e6f45cd05c,gx-no-cache=1583421936666 HTTP/1.1" 200 110
190.171.153.26 - - [05/Mar/2020:12:32:18 -0300] "GET /cormun/servlet/solicitudotadjuntos?INS,2020,16313,,1, HTTP/1.1" 200 5966
190.171.153.26 - - [05/Mar/2020:12:32:18 -0300] "GET /cormun/static/about:blank HTTP/1.1" 404 1011
190.171.153.26 - - [05/Mar/2020:12:32:19 -0300] "GET /cormun/servlet/solicitudotadjuntos?INS,2020,16313,,1, HTTP/1.1" 200 5959
190.171.153.26 - - [05/Mar/2020:12:32:19 -0300] "GET /cormun/servlet/solicitudotadjuntos?d636cb3270c70816c1759b57a202d25714748b7b8d5673c406e9a22369505287edc90e9fb1ba213f1cbbfb8d1e416cff,gx-no-cache=1583425539397 HTTP/1.1" 200 30
190.171.153.26 - - [05/Mar/2020:12:32:19 -0300] "POST /cormun/servlet/solicitudotadjuntos?3a317a63a5a9da2cd6b509de0e8cb151,INS,2020,16313,,1,,gx-no-cache=1583425539452 HTTP/1.1" 200 3866
190.171.153.26 - - [05/Mar/2020:12:32:23 -0300] "POST /cormun/servlet/solicitudotadjuntos?gx-no-cache=1583425543368 HTTP/1.1" 200 26
190.171.143.106 - - [05/Mar/2020:12:32:24 -0300] "POST /cormun/servlet/solicitudot?gx-no-cache=1583421943723 HTTP/1.1" 200 97
186.67.164.138 - - [05/Mar/2020:12:32:26 -0300] "POST /cormun/servlet/solicitudotadjuntos?71a25000a7fa08bc2c51c6beab1d58a4,INS,2020,16310,,2,,gx-no-cache=1583421944314 HTTP/1.1" 200 93
186.67.164.138 - - [05/Mar/2020:12:32:26 -0300] "GET /cormun/servlet/hpexe_return? HTTP/1.1" 200 1028
186.67.164.138 - - [05/Mar/2020:12:32:26 -0300] "GET /cormun/servlet/trsolicitudadjuntos?2020,16310, HTTP/1.1" 200 8738
186.67.164.138 - - [05/Mar/2020:12:32:28 -0300] "GET /cormun/servlet/trsolicitudadjuntos?2020,16310, HTTP/1.1" 200 8735
190.171.153.26 - - [05/Mar/2020:12:32:30 -0300] "GET /cormun/servlet/solicitudotadjuntos?d636cb3270c70816c1759b57a202d257f906b29fdde38e896a379130b68ea06c,gx-no-cache=1583425549738 HTTP/1.1" 200 30
190.171.153.26 - - [05/Mar/2020:12:32:30 -0300] "GET /cormun/servlet/solicitudotadjuntos?d636cb3270c70816c1759b57a202d257f906b29fdde38e896a379130b68ea06c,gx-no-cache=1583425549787 HTTP/1.1" 200 30
190.171.153.26 - - [05/Mar/2020:12:32:30 -0300] "POST /cormun/servlet/solicitudotadjuntos?3a317a63a5a9da2cd6b509de0e8cb151,INS,2020,16313,,1, HTTP/1.1" 200 116
190.171.153.26 - - [05/Mar/2020:12:32:30 -0300] "GET /cormun/servlet/hpexe_return? HTTP/1.1" 200 1023
190.171.153.26 - - [05/Mar/2020:12:32:30 -0300] "GET /cormun/servlet/trsolicitudadjuntos?2020,16313, HTTP/1.1" 200 9027
186.67.164.138 - - [05/Mar/2020:12:32:30 -0300] "GET /cormun/servlet/solicitudotadjuntos?INS,2020,16310,,1, HTTP/1.1" 200 6025
186.67.164.138 - - [05/Mar/2020:12:32:30 -0300] "GET /cormun/static/about:blank HTTP/1.1" 404 1011
190.171.153.26 - - [05/Mar/2020:12:32:31 -0300] "GET /cormun/servlet/trsolicitudadjuntos?2020,16313, HTTP/1.1" 200 9025
186.67.164.138 - - [05/Mar/2020:12:32:31 -0300] "GET /cormun/servlet/solicitudotadjuntos?INS,2020,16310,,1, HTTP/1.1" 200 6018
186.67.164.138 - - [05/Mar/2020:12:32:31 -0300] "GET /cormun/servlet/solicitudotadjuntos?023c05291f9fb36203a0b2ad9838c647753dc3bc04303f5be79c57920dfeb0383614f4f43328775a263bf2a6edb6ab70,gx-no-cache=1583421950124 HTTP/1.1" 200 30
186.67.164.138 - - [05/Mar/2020:12:32:31 -0300] "POST /cormun/servlet/solicitudotadjuntos?71a25000a7fa08bc2c51c6beab1d58a4,INS,2020,16310,,1,,gx-no-cache=1583421950166 HTTP/1.1" 200 3920
190.171.153.26 - - [05/Mar/2020:12:32:33 -0300] "GET /cormun/servlet/solicitudotadjuntos?INS,2020,16313,,1, HTTP/1.1" 200 5966
190.171.153.26 - - [05/Mar/2020:12:32:33 -0300] "GET /cormun/static/about:blank HTTP/1.1" 404 1011
190.171.153.26 - - [05/Mar/2020:12:32:33 -0300] "GET /cormun/servlet/solicitudotadjuntos?INS,2020,16313,,1, HTTP/1.1" 200 5959
190.171.153.26 - - [05/Mar/2020:12:32:34 -0300] "GET /cormun/servlet/solicitudotadjuntos?d636cb3270c70816c1759b57a202d25714748b7b8d5673c406e9a22369505287edc90e9fb1ba213f1cbbfb8d1e416cff,gx-no-cache=1583425553719 HTTP/1.1" 200 30
190.171.153.26 - - [05/Mar/2020:12:32:34 -0300] "POST /cormun/servlet/solicitudotadjuntos?3a317a63a5a9da2cd6b509de0e8cb151,INS,2020,16313,,1,,gx-no-cache=1583425553778 HTTP/1.1" 200 3866
186.67.164.138 - - [05/Mar/2020:12:32:34 -0300] "POST /cormun/servlet/solicitudotadjuntos?gx-no-cache=1583421953197 HTTP/1.1" 200 26
190.171.153.26 - - [05/Mar/2020:12:32:37 -0300] "POST /cormun/servlet/solicitudotadjuntos?gx-no-cache=1583425557172 HTTP/1.1" 200 26
190.171.153.26 - - [05/Mar/2020:12:32:42 -0300] "GET /cormun/servlet/solicitudotadjuntos?d636cb3270c70816c1759b57a202d257f906b29fdde38e896a379130b68ea06c,gx-no-cache=1583425562400 HTTP/1.1" 200 30
190.171.153.26 - - [05/Mar/2020:12:32:42 -0300] "GET /cormun/servlet/solicitudotadjuntos?d636cb3270c70816c1759b57a202d257f906b29fdde38e896a379130b68ea06c,gx-no-cache=1583425562429 HTTP/1.1" 200 30
190.171.153.26 - - [05/Mar/2020:12:32:42 -0300] "POST /cormun/servlet/solicitudotadjuntos?3a317a63a5a9da2cd6b509de0e8cb151,INS,2020,16313,,1, HTTP/1.1" 200 116
190.171.153.26 - - [05/Mar/2020:12:32:42 -0300] "GET /cormun/servlet/hpexe_return? HTTP/1.1" 200 1023
190.171.153.26 - - [05/Mar/2020:12:32:43 -0300] "GET /cormun/servlet/trsolicitudadjuntos?2020,16313, HTTP/1.1" 200 9247
190.171.153.26 - - [05/Mar/2020:12:32:43 -0300] "GET /cormun/servlet/trsolicitudadjuntos?2020,16313, HTTP/1.1" 200 9245
190.171.153.26 - - [05/Mar/2020:12:32:45 -0300] "GET /cormun/servlet/solicitudotadjuntos?INS,2020,16313,,1, HTTP/1.1" 200 5967
190.171.153.26 - - [05/Mar/2020:12:32:45 -0300] "GET /cormun/static/about:blank HTTP/1.1" 404 1011
186.67.164.138 - - [05/Mar/2020:12:32:46 -0300] "GET /cormun/servlet/solicitudotadjuntos?023c05291f9fb36203a0b2ad9838c6472aee1117b4e117377cc370e277c7001d,gx-no-cache=1583421964480 HTTP/1.1" 200 30
186.67.164.138 - - [05/Mar/2020:12:32:46 -0300] "GET /cormun/servlet/solicitudotadjuntos?023c05291f9fb36203a0b2ad9838c6472aee1117b4e117377cc370e277c7001d,gx-no-cache=1583421964526 HTTP/1.1" 200 30
190.171.153.26 - - [05/Mar/2020:12:32:46 -0300] "GET /cormun/servlet/solicitudotadjuntos?INS,2020,16313,,1, HTTP/1.1" 200 5960
190.171.153.26 - - [05/Mar/2020:12:32:46 -0300] "GET /cormun/servlet/solicitudotadjuntos?d636cb3270c70816c1759b57a202d25714748b7b8d5673c406e9a22369505287edc90e9fb1ba213f1cbbfb8d1e416cff,gx-no-cache=1583425566443 HTTP/1.1" 200 30
186.67.164.138 - - [05/Mar/2020:12:32:46 -0300] "POST /cormun/servlet/solicitudotadjuntos?71a25000a7fa08bc2c51c6beab1d58a4,INS,2020,16310,,1, HTTP/1.1" 200 116
190.171.153.26 - - [05/Mar/2020:12:32:46 -0300] "POST /cormun/servlet/solicitudotadjuntos?3a317a63a5a9da2cd6b509de0e8cb151,INS,2020,16313,,1,,gx-no-cache=1583425566522 HTTP/1.1" 200 3867
186.67.164.138 - - [05/Mar/2020:12:32:46 -0300] "GET /cormun/servlet/hpexe_return? HTTP/1.1" 200 1028
186.67.164.138 - - [05/Mar/2020:12:32:47 -0300] "GET /cormun/servlet/trsolicitudadjuntos?2020,16310, HTTP/1.1" 200 8976
186.67.164.138 - - [05/Mar/2020:12:32:48 -0300] "GET /cormun/servlet/trsolicitudadjuntos?2020,16310, HTTP/1.1" 200 8976
190.171.153.26 - - [05/Mar/2020:12:32:49 -0300] "POST /cormun/servlet/solicitudotadjuntos?gx-no-cache=1583425568940 HTTP/1.1" 200 26
190.171.143.106 - - [05/Mar/2020:12:32:50 -0300] "POST /cormun/servlet/solicitudot?gx-no-cache=1583421969589 HTTP/1.1" 200 72
186.67.164.138 - - [05/Mar/2020:12:32:51 -0300] "GET /cormun/servlet/solicitudotadjuntos?INS,2020,16310,,1, HTTP/1.1" 200 6025
186.67.164.138 - - [05/Mar/2020:12:32:51 -0300] "GET /cormun/static/about:blank HTTP/1.1" 404 1011
186.67.164.138 - - [05/Mar/2020:12:32:52 -0300] "GET /cormun/servlet/solicitudotadjuntos?INS,2020,16310,,1, HTTP/1.1" 200 6018
186.67.164.138 - - [05/Mar/2020:12:32:52 -0300] "GET /cormun/servlet/solicitudotadjuntos?023c05291f9fb36203a0b2ad9838c647753dc3bc04303f5be79c57920dfeb0383614f4f43328775a263bf2a6edb6ab70,gx-no-cache=1583421971064 HTTP/1.1" 200 30
186.67.164.138 - - [05/Mar/2020:12:32:52 -0300] "POST /cormun/servlet/solicitudotadjuntos?71a25000a7fa08bc2c51c6beab1d58a4,INS,2020,16310,,1,,gx-no-cache=1583421971124 HTTP/1.1" 200 3920
190.171.153.26 - - [05/Mar/2020:12:32:53 -0300] "GET /cormun/servlet/solicitudotadjuntos?d636cb3270c70816c1759b57a202d257f906b29fdde38e896a379130b68ea06c,gx-no-cache=1583425573232 HTTP/1.1" 200 30
190.171.153.26 - - [05/Mar/2020:12:32:53 -0300] "GET /cormun/servlet/solicitudotadjuntos?d636cb3270c70816c1759b57a202d257f906b29fdde38e896a379130b68ea06c,gx-no-cache=1583425573268 HTTP/1.1" 200 30
190.171.153.26 - - [05/Mar/2020:12:32:53 -0300] "POST /cormun/servlet/solicitudotadjuntos?3a317a63a5a9da2cd6b509de0e8cb151,INS,2020,16313,,1, HTTP/1.1" 200 116
190.171.153.26 - - [05/Mar/2020:12:32:53 -0300] "GET /cormun/servlet/hpexe_return? HTTP/1.1" 200 1023
190.171.153.26 - - [05/Mar/2020:12:32:54 -0300] "GET /cormun/servlet/trsolicitudadjuntos?2020,16313, HTTP/1.1" 200 9486
190.171.153.26 - - [05/Mar/2020:12:32:54 -0300] "GET /cormun/servlet/trsolicitudadjuntos?2020,16313, HTTP/1.1" 200 9485
