186.67.164.138 - - [05/Mar/2020:12:32:55 -0300] "POST /cormun/servlet/solicitudotadjuntos?gx-no-cache=1583421973571 HTTP/1.1" 200 26
190.171.153.26 - - [05/Mar/2020:12:32:56 -0300] "GET /cormun/servlet/solicitudotadjuntos?INS,2020,16313,,1, HTTP/1.1" 200 5967
190.171.153.26 - - [05/Mar/2020:12:32:56 -0300] "GET /cormun/static/about:blank HTTP/1.1" 404 1011
190.171.153.26 - - [05/Mar/2020:12:32:56 -0300] "GET /cormun/servlet/solicitudotadjuntos?INS,2020,16313,,1, HTTP/1.1" 200 5960
190.171.153.26 - - [05/Mar/2020:12:32:57 -0300] "GET /cormun/servlet/solicitudotadjuntos?d636cb3270c70816c1759b57a202d25714748b7b8d5673c406e9a22369505287edc90e9fb1ba213f1cbbfb8d1e416cff,gx-no-cache=1583425576937 HTTP/1.1" 200 30
190.171.153.26 - - [05/Mar/2020:12:32:57 -0300] "POST /cormun/servlet/solicitudotadjuntos?3a317a63a5a9da2cd6b509de0e8cb151,INS,2020,16313,,1,,gx-no-cache=1583425576996 HTTP/1.1" 200 3867
190.171.143.106 - - [05/Mar/2020:12:32:58 -0300] "GET /cormun/servlet/solicitudot?097ad6a9635c236776d15cbd5f46e08277a28d6d4964a20f605f59c2b2c4a63fb714d5c549fc4a6050d1c6628d59b9ddaa6a6eef839bdb969e265a90171bf36473d481a86e5ef67f23cae5f0c6c0d841e1e70c2aecf9299de160b8262ace1db260afb32c9870693277e3d28272737c1c,gx-no-cache=1583421977369 HTTP/1.1" 200 29
190.171.143.106 - - [05/Mar/2020:12:32:58 -0300] "GET /cormun/static/menuarrow.gif HTTP/1.1" 404 1015
190.171.153.26 - - [05/Mar/2020:12:33:00 -0300] "POST /cormun/servlet/solicitudotadjuntos?gx-no-cache=1583425580096 HTTP/1.1" 200 26
190.171.153.26 - - [05/Mar/2020:12:33:04 -0300] "GET /cormun/servlet/solicitudotadjuntos?d636cb3270c70816c1759b57a202d257f906b29fdde38e896a379130b68ea06c,gx-no-cache=1583425584279 HTTP/1.1" 200 30
190.171.153.26 - - [05/Mar/2020:12:33:04 -0300] "GET /cormun/servlet/solicitudotadjuntos?d636cb3270c70816c1759b57a202d257f906b29fdde38e896a379130b68ea06c,gx-no-cache=1583425584306 HTTP/1.1" 200 30
190.171.153.26 - - [05/Mar/2020:12:33:04 -0300] "POST /cormun/servlet/solicitudotadjuntos?3a317a63a5a9da2cd6b509de0e8cb151,INS,2020,16313,,1, HTTP/1.1" 200 116
190.171.153.26 - - [05/Mar/2020:12:33:04 -0300] "GET /cormun/servlet/hpexe_return? HTTP/1.1" 200 1023
190.171.143.106 - - [05/Mar/2020:12:33:04 -0300] "GET /cormun/servlet/solicitudot?097ad6a9635c236776d15cbd5f46e082972ddfe1b3f6898a18c06a6b0c9f5e1a349d37d6efb2e08f0fc87c45627c4b8f,gx-no-cache=1583421983591 HTTP/1.1" 200 30
190.171.153.26 - - [05/Mar/2020:12:33:05 -0300] "GET /cormun/servlet/trsolicitudadjuntos?2020,16313, HTTP/1.1" 200 9776
186.67.164.138 - - [05/Mar/2020:12:33:05 -0300] "GET /cormun/servlet/solicitudotadjuntos?023c05291f9fb36203a0b2ad9838c6472aee1117b4e117377cc370e277c7001d,gx-no-cache=1583421983622 HTTP/1.1" 200 30
186.67.164.138 - - [05/Mar/2020:12:33:05 -0300] "GET /cormun/servlet/solicitudotadjuntos?023c05291f9fb36203a0b2ad9838c6472aee1117b4e117377cc370e277c7001d,gx-no-cache=1583421983677 HTTP/1.1" 200 30
190.171.153.26 - - [05/Mar/2020:12:33:05 -0300] "GET /cormun/servlet/trsolicitudadjuntos?2020,16313, HTTP/1.1" 200 9776
186.67.164.138 - - [05/Mar/2020:12:33:05 -0300] "POST /cormun/servlet/solicitudotadjuntos?71a25000a7fa08bc2c51c6beab1d58a4,INS,2020,16310,,1, HTTP/1.1" 200 116
186.67.164.138 - - [05/Mar/2020:12:33:06 -0300] "GET /cormun/servlet/hpexe_return? HTTP/1.1" 200 1028
186.67.164.138 - - [05/Mar/2020:12:33:07 -0300] "GET /cormun/servlet/trsolicitudadjuntos?2020,16310, HTTP/1.1" 200 9150
186.67.164.138 - - [05/Mar/2020:12:33:08 -0300] "GET /cormun/servlet/trsolicitudadjuntos?2020,16310, HTTP/1.1" 200 9150
186.67.164.138 - - [05/Mar/2020:12:33:09 -0300] "GET /cormun/servlet/solicitudotadjuntos?INS,2020,16310,,1, HTTP/1.1" 200 6025
186.67.164.138 - - [05/Mar/2020:12:33:10 -0300] "GET /cormun/static/about:blank HTTP/1.1" 404 1011
186.67.164.138 - - [05/Mar/2020:12:33:10 -0300] "GET /cormun/servlet/solicitudotadjuntos?INS,2020,16310,,1, HTTP/1.1" 200 6018
186.67.164.138 - - [05/Mar/2020:12:33:11 -0300] "GET /cormun/servlet/solicitudotadjuntos?023c05291f9fb36203a0b2ad9838c647753dc3bc04303f5be79c57920dfeb0383614f4f43328775a263bf2a6edb6ab70,gx-no-cache=1583421989503 HTTP/1.1" 200 30
186.67.164.138 - - [05/Mar/2020:12:33:11 -0300] "POST /cormun/servlet/solicitudotadjuntos?71a25000a7fa08bc2c51c6beab1d58a4,INS,2020,16310,,1,,gx-no-cache=1583421989534 HTTP/1.1" 200 3920
190.171.153.26 - - [05/Mar/2020:12:33:11 -0300] "GET /cormun/servlet/trsolicitudot? HTTP/1.1" 200 8497
190.171.153.26 - - [05/Mar/2020:12:33:12 -0300] "GET /cormun/servlet/trsolicitudot? HTTP/1.1" 200 8490
186.67.164.138 - - [05/Mar/2020:12:33:15 -0300] "POST /cormun/servlet/solicitudotadjuntos?gx-no-cache=1583421993333 HTTP/1.1" 200 26
190.171.153.26 - - [05/Mar/2020:12:33:20 -0300] "POST /cormun/servlet/trsolicitudot?3a317a63a5a9da2cd6b509de0e8cb151,,gx-no-cache=1583425599954 HTTP/1.1" 200 4567
190.171.153.26 - - [05/Mar/2020:12:33:20 -0300] "GET /cormun/static/Shared/jqueryui/images/ui-bg_highlight-soft_100_c6c2c8_1x100.png HTTP/1.1" 404 1117
190.171.153.26 - - [05/Mar/2020:12:33:20 -0300] "GET /cormun/static/Shared/jqueryui/images/ui-icons_82798d_256x240.png HTTP/1.1" 404 1089
190.171.153.26 - - [05/Mar/2020:12:33:20 -0300] "GET /cormun/static/Shared/jqueryui/images/ui-icons_8d78a5_256x240.png HTTP/1.1" 404 1089
190.171.153.26 - - [05/Mar/2020:12:33:20 -0300] "GET /cormun/static/Shared/jqueryui/images/ui-bg_flat_55_fafafa_40x100.png HTTP/1.1" 404 1097
190.171.153.26 - - [05/Mar/2020:12:33:20 -0300] "POST /cormun/servlet/trsolicitudot?3a317a63a5a9da2cd6b509de0e8cb151,,gx-no-cache=1583425600215 HTTP/1.1" 200 4344
186.103.159.188 - - [05/Mar/2020:12:33:21 -0300] "POST /cormun/servlet/solicitudotadjuntos?gx-no-cache=1583422000386 HTTP/1.1" 200 26
186.67.164.138 - - [05/Mar/2020:12:33:23 -0300] "GET /cormun/servlet/solicitudotadjuntos?023c05291f9fb36203a0b2ad9838c6472aee1117b4e117377cc370e277c7001d,gx-no-cache=1583422001342 HTTP/1.1" 200 30
186.67.164.138 - - [05/Mar/2020:12:33:23 -0300] "GET /cormun/servlet/solicitudotadjuntos?023c05291f9fb36203a0b2ad9838c6472aee1117b4e117377cc370e277c7001d,gx-no-cache=1583422001373 HTTP/1.1" 200 30
186.67.164.138 - - [05/Mar/2020:12:33:23 -0300] "POST /cormun/servlet/solicitudotadjuntos?71a25000a7fa08bc2c51c6beab1d58a4,INS,2020,16310,,1, HTTP/1.1" 200 116
186.67.164.138 - - [05/Mar/2020:12:33:23 -0300] "GET /cormun/servlet/hpexe_return? HTTP/1.1" 200 1028
190.171.143.106 - - [05/Mar/2020:12:33:24 -0300] "GET /cormun/servlet/solicitudot?097ad6a9635c236776d15cbd5f46e082972ddfe1b3f6898a18c06a6b0c9f5e1ac6e5a50a3e0512c5e32210b043157a4d,gx-no-cache=1583422002974 HTTP/1.1" 200 30
186.67.164.138 - - [05/Mar/2020:12:33:24 -0300] "GET /cormun/servlet/trsolicitudadjuntos?2020,16310, HTTP/1.1" 200 9389
186.67.164.138 - - [05/Mar/2020:12:33:25 -0300] "GET /cormun/servlet/trsolicitudadjuntos?2020,16310, HTTP/1.1" 200 9387
186.67.164.138 - - [05/Mar/2020:12:33:27 -0300] "GET /cormun/servlet/solicitudotadjuntos?INS,2020,16310,,1, HTTP/1.1" 200 6025
190.171.153.26 - - [05/Mar/2020:12:33:27 -0300] "GET /cormun/servlet/trsolicitudot? HTTP/1.1" 200 7137
186.67.164.138 - - [05/Mar/2020:12:33:27 -0300] "GET /cormun/static/about:blank HTTP/1.1" 404 1011
190.171.153.26 - - [05/Mar/2020:12:33:27 -0300] "GET /cormun/servlet/trsolicitudot? HTTP/1.1" 200 7137
186.67.164.138 - - [05/Mar/2020:12:33:28 -0300] "GET /cormun/servlet/solicitudotadjuntos?INS,2020,16310,,1, HTTP/1.1" 200 6018
186.67.164.138 - - [05/Mar/2020:12:33:28 -0300] "GET /cormun/servlet/solicitudotadjuntos?023c05291f9fb36203a0b2ad9838c647753dc3bc04303f5be79c57920dfeb0383614f4f43328775a263bf2a6edb6ab70,gx-no-cache=1583422006921 HTTP/1.1" 200 30
186.67.164.138 - - [05/Mar/2020:12:33:28 -0300] "POST /cormun/servlet/solicitudotadjuntos?71a25000a7fa08bc2c51c6beab1d58a4,INS,2020,16310,,1,,gx-no-cache=1583422006963 HTTP/1.1" 200 3920
190.171.153.26 - - [05/Mar/2020:12:33:29 -0300] "GET /cormun/servlet/hlogin HTTP/1.1" 200 1738
186.67.164.138 - - [05/Mar/2020:12:33:31 -0300] "POST /cormun/servlet/solicitudotadjuntos?gx-no-cache=1583422009916 HTTP/1.1" 200 26
186.103.159.188 - - [05/Mar/2020:12:33:32 -0300] "GET /cormun/servlet/solicitudotadjuntos?fe4e7a90ff3fd1f7bb036bf0a9b18ca6001e06c2f198a8fb1267882d022e85fc,gx-no-cache=1583422011273 HTTP/1.1" 200 30
186.103.159.188 - - [05/Mar/2020:12:33:32 -0300] "GET /cormun/servlet/solicitudotadjuntos?fe4e7a90ff3fd1f7bb036bf0a9b18ca6001e06c2f198a8fb1267882d022e85fc,gx-no-cache=1583422011296 HTTP/1.1" 200 30
186.103.159.188 - - [05/Mar/2020:12:33:33 -0300] "POST /cormun/servlet/solicitudotadjuntos?c551371ab7382dc798a4a6a6d2d7f10c,INS,2020,16314,,1, HTTP/1.1" 200 6281
186.103.159.188 - - [05/Mar/2020:12:33:33 -0300] "GET /cormun/static/Shared/jqueryui/images/ui-icons_82798d_256x240.png HTTP/1.1" 404 1089
186.103.159.188 - - [05/Mar/2020:12:33:33 -0300] "GET /cormun/static/Shared/jqueryui/images/ui-bg_highlight-soft_100_c6c2c8_1x100.png HTTP/1.1" 404 1117
186.103.159.188 - - [05/Mar/2020:12:33:33 -0300] "GET /cormun/static/Shared/jqueryui/images/ui-bg_flat_55_994d53_40x100.png HTTP/1.1" 404 1097
186.103.159.188 - - [05/Mar/2020:12:33:33 -0300] "GET /cormun/static/Shared/jqueryui/images/ui-icons_ebccce_256x240.png HTTP/1.1" 404 1089
186.103.159.188 - - [05/Mar/2020:12:33:34 -0300] "GET /cormun/PrivateTempStorage/upload_00000808.pdf HTTP/1.1" 200 208064
190.171.143.106 - - [05/Mar/2020:12:33:39 -0300] "POST /cormun/servlet/solicitudot?gx-no-cache=1583422017786 HTTP/1.1" 200 30
186.67.164.138 - - [05/Mar/2020:12:33:39 -0300] "GET /cormun/servlet/solicitudotadjuntos?023c05291f9fb36203a0b2ad9838c6472aee1117b4e117377cc370e277c7001d,gx-no-cache=1583422017501 HTTP/1.1" 200 30
186.67.164.138 - - [05/Mar/2020:12:33:39 -0300] "GET /cormun/servlet/solicitudotadjuntos?023c05291f9fb36203a0b2ad9838c6472aee1117b4e117377cc370e277c7001d,gx-no-cache=1583422017555 HTTP/1.1" 200 30
190.171.143.106 - - [05/Mar/2020:12:33:39 -0300] "POST /cormun/servlet/solicitudot?9ffcaa4ec9371d0219cdf9daeefe9c7a,INS,0,0,false,,gx-no-cache=1583422017822 HTTP/1.1" 200 93
186.103.159.188 - - [05/Mar/2020:12:33:39 -0300] "GET /cormun/servlet/solicitudotadjuntos?fe4e7a90ff3fd1f7bb036bf0a9b18ca667fcf38d487f17197b47383a129fa4632e47cf4a6ac4dc797c500a6a399fdc8c,gx-no-cache=1583422017911 HTTP/1.1" 200 30
190.171.143.106 - - [05/Mar/2020:12:33:39 -0300] "GET /cormun/servlet/hpexe_return? HTTP/1.1" 200 1008
190.171.143.106 - - [05/Mar/2020:12:33:39 -0300] "GET /cormun/servlet/trsolicitudot HTTP/1.1" 200 9026
186.67.164.138 - - [05/Mar/2020:12:33:39 -0300] "POST /cormun/servlet/solicitudotadjuntos?71a25000a7fa08bc2c51c6beab1d58a4,INS,2020,16310,,1, HTTP/1.1" 200 116
186.103.159.188 - - [05/Mar/2020:12:33:39 -0300] "POST /cormun/servlet/solicitudotadjuntos?c551371ab7382dc798a4a6a6d2d7f10c,INS,2020,16314,,1, HTTP/1.1" 200 6280
186.67.164.138 - - [05/Mar/2020:12:33:39 -0300] "GET /cormun/servlet/hpexe_return? HTTP/1.1" 200 1028
186.103.159.188 - - [05/Mar/2020:12:33:39 -0300] "GET /cormun/PrivateTempStorage/upload_00000820.pdf HTTP/1.1" 200 208064
190.171.143.106 - - [05/Mar/2020:12:33:40 -0300] "GET /cormun/servlet/trsolicitudot HTTP/1.1" 200 9022
186.67.164.138 - - [05/Mar/2020:12:33:40 -0300] "GET /cormun/servlet/trsolicitudadjuntos?2020,16310, HTTP/1.1" 200 9641
186.67.164.138 - - [05/Mar/2020:12:33:42 -0300] "GET /cormun/servlet/trsolicitudadjuntos?2020,16310, HTTP/1.1" 200 9633
186.103.159.188 - - [05/Mar/2020:12:33:42 -0300] "POST /cormun/servlet/solicitudotadjuntos?c551371ab7382dc798a4a6a6d2d7f10c,INS,2020,16314,,1, HTTP/1.1" 200 116
186.103.159.188 - - [05/Mar/2020:12:33:42 -0300] "GET /cormun/servlet/hpexe_return? HTTP/1.1" 200 1031
186.103.159.188 - - [05/Mar/2020:12:33:42 -0300] "GET /cormun/servlet/trsolicitudadjuntos?2020,16314, HTTP/1.1" 200 8951
186.103.159.188 - - [05/Mar/2020:12:33:43 -0300] "GET /cormun/servlet/trsolicitudadjuntos?2020,16314, HTTP/1.1" 200 8949
186.67.164.138 - - [05/Mar/2020:12:33:43 -0300] "GET /cormun/servlet/solicitudotadjuntos?INS,2020,16310,,1, HTTP/1.1" 200 6025
186.67.164.138 - - [05/Mar/2020:12:33:44 -0300] "GET /cormun/static/about:blank HTTP/1.1" 404 1011
186.67.164.138 - - [05/Mar/2020:12:33:44 -0300] "GET /cormun/servlet/solicitudotadjuntos?INS,2020,16310,,1, HTTP/1.1" 200 6018
186.67.164.138 - - [05/Mar/2020:12:33:44 -0300] "GET /cormun/servlet/solicitudotadjuntos?023c05291f9fb36203a0b2ad9838c647753dc3bc04303f5be79c57920dfeb0383614f4f43328775a263bf2a6edb6ab70,gx-no-cache=1583422023212 HTTP/1.1" 200 30
186.67.164.138 - - [05/Mar/2020:12:33:45 -0300] "POST /cormun/servlet/solicitudotadjuntos?71a25000a7fa08bc2c51c6beab1d58a4,INS,2020,16310,,1,,gx-no-cache=1583422023240 HTTP/1.1" 200 3920
186.103.159.188 - - [05/Mar/2020:12:33:47 -0300] "GET /cormun/servlet/solicitudotadjuntos?INS,2020,16314,,1, HTTP/1.1" 200 6021
186.103.159.188 - - [05/Mar/2020:12:33:48 -0300] "GET /cormun/static/about:blank HTTP/1.1" 404 1011
186.103.159.188 - - [05/Mar/2020:12:33:48 -0300] "GET /cormun/servlet/solicitudotadjuntos?INS,2020,16314,,1, HTTP/1.1" 200 6015
186.103.159.188 - - [05/Mar/2020:12:33:48 -0300] "GET /cormun/servlet/solicitudotadjuntos?fe4e7a90ff3fd1f7bb036bf0a9b18ca6fb1b2176a87f89eded31650ae4e23c654bbec1258153753c3c1ff417d879d75a,gx-no-cache=1583422027392 HTTP/1.1" 200 30
186.103.159.188 - - [05/Mar/2020:12:33:48 -0300] "POST /cormun/servlet/solicitudotadjuntos?c551371ab7382dc798a4a6a6d2d7f10c,INS,2020,16314,,1,,gx-no-cache=1583422027426 HTTP/1.1" 200 3879
190.171.143.106 - - [05/Mar/2020:12:33:50 -0300] "POST /cormun/servlet/trsolicitudot?9ffcaa4ec9371d0219cdf9daeefe9c7a,gx-no-cache=1583422029097 HTTP/1.1" 200 113
190.171.143.106 - - [05/Mar/2020:12:33:50 -0300] "GET /cormun/servlet/solicitudot?UPD,2020,16315,false, HTTP/1.1" 200 15803
190.171.143.106 - - [05/Mar/2020:12:33:51 -0300] "GET /cormun/servlet/solicitudot?UPD,2020,16315,false, HTTP/1.1" 200 15815
186.67.164.138 - - [05/Mar/2020:12:33:51 -0300] "POST /cormun/servlet/solicitudotadjuntos?gx-no-cache=1583422029917 HTTP/1.1" 200 26
190.171.143.106 - - [05/Mar/2020:12:33:51 -0300] "POST /cormun/servlet/solicitudot?gx-no-cache=1583422030436 HTTP/1.1" 200 3595
190.171.143.106 - - [05/Mar/2020:12:33:51 -0300] "POST /cormun/servlet/solicitudot?9ffcaa4ec9371d0219cdf9daeefe9c7a,UPD,2020,16315,false,,gx-no-cache=1583422030621 HTTP/1.1" 200 12034
190.171.143.106 - - [05/Mar/2020:12:33:52 -0300] "GET /cormun/servlet/solicitudot?097ad6a9635c236776d15cbd5f46e08235c154a506b4a951a23dd49c33c637d62673b2405ee5cb980c3ea8be2ec6bc63,gx-no-cache=1583422030879 HTTP/1.1" 200 30
190.171.143.106 - - [05/Mar/2020:12:33:52 -0300] "GET /cormun/servlet/solicitudot?097ad6a9635c236776d15cbd5f46e0828d1eea036897a3a487fc49a1fb3fa011431e75165b705aea3e03c647714b19b708aae2ddbe4e3eadc51da3f71cf86dcb,gx-no-cache=1583422030917 HTTP/1.1" 200 30
190.171.143.106 - - [05/Mar/2020:12:33:52 -0300] "GET /cormun/servlet/solicitudot?097ad6a9635c236776d15cbd5f46e08226adb5d843a76a329184b663cbd963f3a15975943aa159a5514ec515b359812db3b75e3d29044eb182e0b1bac49378a6b94fc7952c43bbc0a7f8b01ab8808ae5,gx-no-cache=1583422030950 HTTP/1.1" 200 60
190.171.143.106 - - [05/Mar/2020:12:33:52 -0300] "POST /cormun/servlet/solicitudot?gx-no-cache=1583422030986 HTTP/1.1" 200 254
190.171.143.106 - - [05/Mar/2020:12:33:52 -0300] "GET /cormun/servlet/solicitudot?097ad6a9635c236776d15cbd5f46e082f8aa5258ebcc9d80c8929f155ec1a2e30e8e7dbefb222d5b2ae4ffac9838c38661c02d1cdf2c7e610331bcca7483da639ea71d80e57e1d9db5a6951784bd3233b2e541fa112ed861afd66b2e2816267ca3aaaddb8aa8fa37da107268b642023025281728ab1e6fd92ae3e15e443afc4b325f02a1da872ed931ac0ac7cb56472c6398911aa6c685facec6f99051b4548c45d405f3d79f578fb989db44c1434bb0e6597184712d31fbc34298d171141cfd1a6bd913a77f88eae93b37c73825a9331e240234dc4e6615449787e8ea22f5a37cde8fd2b31c04ff3603f77c32ec4ff73aa400d435249820e6635e44afe846de8c8070b3f0211050548d92fcfdfbb5e1a0f8955f86603e9507d5db36ba47c0bf2c50304053e1a197407e912937830e1444fe36c8b4677415b648488caadeac471b8d61b937e9d41a96f3c054b3bcfda81512151ed26b27947be0486ba913516fd56aa696b686b2591fbbbacae8fc3cd773c3f3f997de2214daa3f2958611296d,gx-no-cache=1583422031025 HTTP/1.1" 200 30
190.171.143.106 - - [05/Mar/2020:12:33:52 -0300] "POST /cormun/servlet/solicitudot?gx-no-cache=1583422031054 HTTP/1.1" 200 30
190.171.143.106 - - [05/Mar/2020:12:33:52 -0300] "POST /cormun/servlet/solicitudot?gx-no-cache=1583422031103 HTTP/1.1" 200 1367
190.171.143.106 - - [05/Mar/2020:12:33:52 -0300] "POST /cormun/servlet/solicitudot?gx-no-cache=1583422031150 HTTP/1.1" 200 41
186.103.159.188 - - [05/Mar/2020:12:33:53 -0300] "POST /cormun/servlet/solicitudotadjuntos?gx-no-cache=1583422031889 HTTP/1.1" 200 26
190.171.143.106 - - [05/Mar/2020:12:33:55 -0300] "GET /cormun/servlet/solicitudot?097ad6a9635c236776d15cbd5f46e0828b4ffa4a91d40c42a19d663a9bda9dee74185c37bfd33b3338b571c0e5de635c2fec344fe3cf306c58bbeb0eaf2ccda7f75fbf25809f35070fdfc8f23f660e915ae57751c7980831c4508d2e540d56ef0aa23e19dc0a595975c2a6e6f45cd05c,gx-no-cache=1583422033825 HTTP/1.1" 200 110
190.171.143.106 - - [05/Mar/2020:12:33:55 -0300] "POST /cormun/servlet/solicitudot?gx-no-cache=1583422033870 HTTP/1.1" 200 67
190.171.143.106 - - [05/Mar/2020:12:33:55 -0300] "GET /cormun/servlet/solicitudot?097ad6a9635c236776d15cbd5f46e082e18bab7b73ad473901cee442efd10ebbeb565eba6744c825e78835693691d39604ae71ccadd6d831c5814875d5bc899e0c5e96246c6be02282de4e029379cf8bdc73b0c465dd72d4ea9f4259176f63e3778bc2fe49d7b09870230d730ddd2250331939d34a1fc754c0eb1e7ae77a71dace65012230dda3309798ac1733492f3a31f329b733cba3ea33a78bf250a704ca,gx-no-cache=1583422033915 HTTP/1.1" 200 29
190.171.143.106 - - [05/Mar/2020:12:33:55 -0300] "GET /cormun/servlet/solicitudot?097ad6a9635c236776d15cbd5f46e082972ddfe1b3f6898a18c06a6b0c9f5e1ac6e5a50a3e0512c5e32210b043157a4d,gx-no-cache=1583422033943 HTTP/1.1" 200 30
190.171.143.106 - - [05/Mar/2020:12:33:55 -0300] "POST /cormun/servlet/solicitudot?gx-no-cache=1583422033975 HTTP/1.1" 200 30
190.171.143.106 - - [05/Mar/2020:12:33:55 -0300] "POST /cormun/servlet/solicitudot?9ffcaa4ec9371d0219cdf9daeefe9c7a,UPD,2020,16315,false,,gx-no-cache=1583422034007 HTTP/1.1" 200 93
190.171.143.106 - - [05/Mar/2020:12:33:55 -0300] "GET /cormun/servlet/hpexe_return? HTTP/1.1" 200 1015
190.171.143.106 - - [05/Mar/2020:12:33:55 -0300] "GET /cormun/servlet/trsolicitudot HTTP/1.1" 200 9026
190.171.143.106 - - [05/Mar/2020:12:33:56 -0300] "GET /cormun/servlet/trsolicitudot HTTP/1.1" 200 9022
190.171.143.106 - - [05/Mar/2020:12:33:59 -0300] "POST /cormun/servlet/trsolicitudot?9ffcaa4ec9371d0219cdf9daeefe9c7a,gx-no-cache=1583422038275 HTTP/1.1" 200 112
190.171.143.106 - - [05/Mar/2020:12:33:59 -0300] "GET /cormun/servlet/solicitudot?UPD,2020,16312,false, HTTP/1.1" 200 15823
190.171.143.106 - - [05/Mar/2020:12:34:00 -0300] "GET /cormun/servlet/solicitudot?UPD,2020,16312,false, HTTP/1.1" 200 15834
190.171.143.106 - - [05/Mar/2020:12:34:00 -0300] "POST /cormun/servlet/solicitudot?gx-no-cache=1583422039600 HTTP/1.1" 200 3595
190.171.143.106 - - [05/Mar/2020:12:34:01 -0300] "POST /cormun/servlet/solicitudot?9ffcaa4ec9371d0219cdf9daeefe9c7a,UPD,2020,16312,false,,gx-no-cache=1583422039792 HTTP/1.1" 200 12057
190.171.143.106 - - [05/Mar/2020:12:34:01 -0300] "GET /cormun/servlet/solicitudot?097ad6a9635c236776d15cbd5f46e08235c154a506b4a951a23dd49c33c637d62673b2405ee5cb980c3ea8be2ec6bc63,gx-no-cache=1583422040034 HTTP/1.1" 200 30
190.171.143.106 - - [05/Mar/2020:12:34:01 -0300] "GET /cormun/servlet/solicitudot?097ad6a9635c236776d15cbd5f46e0828d1eea036897a3a487fc49a1fb3fa011431e75165b705aea3e03c647714b19b708aae2ddbe4e3eadc51da3f71cf86dcb,gx-no-cache=1583422040081 HTTP/1.1" 200 30
190.171.143.106 - - [05/Mar/2020:12:34:01 -0300] "GET /cormun/servlet/solicitudot?097ad6a9635c236776d15cbd5f46e08226adb5d843a76a329184b663cbd963f3a15975943aa159a5514ec515b359812db3b75e3d29044eb182e0b1bac49378a6b94fc7952c43bbc0a7f8b01ab8808ae5,gx-no-cache=1583422040143 HTTP/1.1" 200 60
190.171.143.106 - - [05/Mar/2020:12:34:01 -0300] "POST /cormun/servlet/solicitudot?gx-no-cache=1583422040181 HTTP/1.1" 200 254
186.67.164.138 - - [05/Mar/2020:12:34:01 -0300] "GET /cormun/servlet/solicitudotadjuntos?023c05291f9fb36203a0b2ad9838c6472aee1117b4e117377cc370e277c7001d,gx-no-cache=1583422039693 HTTP/1.1" 200 30
186.67.164.138 - - [05/Mar/2020:12:34:01 -0300] "GET /cormun/servlet/solicitudotadjuntos?023c05291f9fb36203a0b2ad9838c6472aee1117b4e117377cc370e277c7001d,gx-no-cache=1583422039739 HTTP/1.1" 200 30
190.171.143.106 - - [05/Mar/2020:12:34:01 -0300] "GET /cormun/servlet/solicitudot?097ad6a9635c236776d15cbd5f46e082f8aa5258ebcc9d80c8929f155ec1a2e30e8e7dbefb222d5b2ae4ffac9838c38661c02d1cdf2c7e610331bcca7483da639ea71d80e57e1d9db5a6951784bd3233b2e541fa112ed861afd66b2e2816267ca3aaaddb8aa8fa37da107268b642023025281728ab1e6fd92ae3e15e443afc4b325f02a1da872ed931ac0ac7cb56472c6398911aa6c685facec6f99051b4548c45d405f3d79f578fb989db44c1434bb0e6597184712d31fbc34298d171141cfd1a6bd913a77f88eae93b37c73825a9331e240234dc4e6615449787e8ea22f5a37cde8fd2b31c04ff3603f77c32ec4ff73aa400d435249820e6635e44afe846de8c8070b3f0211050548d92fcfdfbb5e1a0f8955f86603e9507d5db36ba47c0bf2c50304053e1a197407e912937830e1444fe36c8b4677415b648488caadeac471b8d61b937e9d41a96f3c054b3bcfda81512151ed26b27947be0486ba913516fd56aa696b686b2591fbbbacae8fc3cd773c3f3f997de2214daa3f2958611296d,gx-no-cache=1583422040221 HTTP/1.1" 200 30
190.171.143.106 - - [05/Mar/2020:12:34:01 -0300] "POST /cormun/servlet/solicitudot?gx-no-cache=1583422040253 HTTP/1.1" 200 30
190.171.143.106 - - [05/Mar/2020:12:34:01 -0300] "POST /cormun/servlet/solicitudot?gx-no-cache=1583422040289 HTTP/1.1" 200 1367
190.171.143.106 - - [05/Mar/2020:12:34:01 -0300] "POST /cormun/servlet/solicitudot?gx-no-cache=1583422040341 HTTP/1.1" 200 41
186.67.164.138 - - [05/Mar/2020:12:34:02 -0300] "POST /cormun/servlet/solicitudotadjuntos?71a25000a7fa08bc2c51c6beab1d58a4,INS,2020,16310,,1, HTTP/1.1" 200 116
186.67.164.138 - - [05/Mar/2020:12:34:02 -0300] "GET /cormun/servlet/hpexe_return? HTTP/1.1" 200 1028
190.171.143.106 - - [05/Mar/2020:12:34:02 -0300] "GET /cormun/servlet/solicitudot?097ad6a9635c236776d15cbd5f46e0828b4ffa4a91d40c42a19d663a9bda9dee74185c37bfd33b3338b571c0e5de635c2fec344fe3cf306c58bbeb0eaf2ccda7f75fbf25809f35070fdfc8f23f660e915ae57751c7980831c4508d2e540d56ef0aa23e19dc0a595975c2a6e6f45cd05c,gx-no-cache=1583422041689 HTTP/1.1" 200 110
190.171.143.106 - - [05/Mar/2020:12:34:02 -0300] "POST /cormun/servlet/solicitudot?gx-no-cache=1583422041731 HTTP/1.1" 200 97
190.171.143.106 - - [05/Mar/2020:12:34:02 -0300] "GET /cormun/servlet/solicitudot?097ad6a9635c236776d15cbd5f46e082e18bab7b73ad473901cee442efd10ebbeb565eba6744c825e78835693691d39604ae71ccadd6d831c5814875d5bc899e0c5e96246c6be02282de4e029379cf8bdc73b0c465dd72d4ea9f4259176f63e3778bc2fe49d7b09870230d730ddd2250331939d34a1fc754c0eb1e7ae77a71dace65012230dda3309798ac1733492f3a31f329b733cba3ea33a78bf250a704ca,gx-no-cache=1583422041768 HTTP/1.1" 200 29
190.171.143.106 - - [05/Mar/2020:12:34:03 -0300] "GET /cormun/static/menuarrow.gif HTTP/1.1" 404 1015
186.67.164.138 - - [05/Mar/2020:12:34:04 -0300] "GET /cormun/servlet/trsolicitudadjuntos?2020,16310, HTTP/1.1" 200 9855
186.103.159.188 - - [05/Mar/2020:12:34:04 -0300] "GET /cormun/servlet/solicitudotadjuntos?fe4e7a90ff3fd1f7bb036bf0a9b18ca6001e06c2f198a8fb1267882d022e85fc,gx-no-cache=1583422042929 HTTP/1.1" 200 30
190.171.143.106 - - [05/Mar/2020:12:34:04 -0300] "GET /cormun/servlet/solicitudot?097ad6a9635c236776d15cbd5f46e0828b4ffa4a91d40c42a19d663a9bda9dee74185c37bfd33b3338b571c0e5de635c2fec344fe3cf306c58bbeb0eaf2ccda7f75fbf25809f35070fdfc8f23f660e915ae57751c7980831c4508d2e540d56ef0aa23e19dc0a595975c2a6e6f45cd05c,gx-no-cache=1583422042813 HTTP/1.1" 200 110
186.103.159.188 - - [05/Mar/2020:12:34:04 -0300] "GET /cormun/servlet/solicitudotadjuntos?fe4e7a90ff3fd1f7bb036bf0a9b18ca6001e06c2f198a8fb1267882d022e85fc,gx-no-cache=1583422042971 HTTP/1.1" 200 30
186.103.159.188 - - [05/Mar/2020:12:34:04 -0300] "POST /cormun/servlet/solicitudotadjuntos?c551371ab7382dc798a4a6a6d2d7f10c,INS,2020,16314,,1, HTTP/1.1" 200 116
186.103.159.188 - - [05/Mar/2020:12:34:04 -0300] "GET /cormun/servlet/hpexe_return? HTTP/1.1" 200 1031
186.103.159.188 - - [05/Mar/2020:12:34:05 -0300] "GET /cormun/servlet/trsolicitudadjuntos?2020,16314, HTTP/1.1" 200 9134
186.67.164.138 - - [05/Mar/2020:12:34:05 -0300] "GET /cormun/servlet/trsolicitudadjuntos?2020,16310, HTTP/1.1" 200 9852
186.103.159.188 - - [05/Mar/2020:12:34:06 -0300] "GET /cormun/servlet/trsolicitudadjuntos?2020,16314, HTTP/1.1" 200 9133
190.171.143.106 - - [05/Mar/2020:12:34:08 -0300] "GET /cormun/servlet/solicitudot?097ad6a9635c236776d15cbd5f46e082972ddfe1b3f6898a18c06a6b0c9f5e1ac6e5a50a3e0512c5e32210b043157a4d,gx-no-cache=1583422047135 HTTP/1.1" 200 30
190.171.143.106 - - [05/Mar/2020:12:34:08 -0300] "POST /cormun/servlet/solicitudot?gx-no-cache=1583422047177 HTTP/1.1" 200 30
190.171.143.106 - - [05/Mar/2020:12:34:08 -0300] "POST /cormun/servlet/solicitudot?9ffcaa4ec9371d0219cdf9daeefe9c7a,UPD,2020,16312,false,,gx-no-cache=1583422047219 HTTP/1.1" 200 93
190.171.143.106 - - [05/Mar/2020:12:34:08 -0300] "GET /cormun/servlet/hpexe_return? HTTP/1.1" 200 1015
190.171.143.106 - - [05/Mar/2020:12:34:08 -0300] "GET /cormun/servlet/trsolicitudot HTTP/1.1" 200 9026
190.171.143.106 - - [05/Mar/2020:12:34:09 -0300] "GET /cormun/servlet/trsolicitudot HTTP/1.1" 200 9021
190.171.143.106 - - [05/Mar/2020:12:34:12 -0300] "POST /cormun/servlet/trsolicitudot?9ffcaa4ec9371d0219cdf9daeefe9c7a,gx-no-cache=1583422051397 HTTP/1.1" 200 112
186.103.159.188 - - [05/Mar/2020:12:34:12 -0300] "GET /cormun/servlet/solicitudotadjuntos?INS,2020,16314,,1, HTTP/1.1" 200 6021
190.171.143.106 - - [05/Mar/2020:12:34:12 -0300] "GET /cormun/servlet/solicitudot?UPD,2020,16311,false, HTTP/1.1" 200 15820
186.103.159.188 - - [05/Mar/2020:12:34:13 -0300] "GET /cormun/static/about:blank HTTP/1.1" 404 1011
186.103.159.188 - - [05/Mar/2020:12:34:13 -0300] "GET /cormun/servlet/solicitudotadjuntos?INS,2020,16314,,1, HTTP/1.1" 200 6015
190.171.143.106 - - [05/Mar/2020:12:34:13 -0300] "GET /cormun/servlet/solicitudot?UPD,2020,16311,false, HTTP/1.1" 200 15832
186.103.159.188 - - [05/Mar/2020:12:34:13 -0300] "GET /cormun/servlet/solicitudotadjuntos?fe4e7a90ff3fd1f7bb036bf0a9b18ca6fb1b2176a87f89eded31650ae4e23c654bbec1258153753c3c1ff417d879d75a,gx-no-cache=1583422052172 HTTP/1.1" 200 30
186.103.159.188 - - [05/Mar/2020:12:34:13 -0300] "POST /cormun/servlet/solicitudotadjuntos?c551371ab7382dc798a4a6a6d2d7f10c,INS,2020,16314,,1,,gx-no-cache=1583422052241 HTTP/1.1" 200 3879
190.171.143.106 - - [05/Mar/2020:12:34:14 -0300] "POST /cormun/servlet/solicitudot?gx-no-cache=1583422052688 HTTP/1.1" 200 3591
190.171.143.106 - - [05/Mar/2020:12:34:14 -0300] "POST /cormun/servlet/solicitudot?9ffcaa4ec9371d0219cdf9daeefe9c7a,UPD,2020,16311,false,,gx-no-cache=1583422052950 HTTP/1.1" 200 12051
190.171.143.106 - - [05/Mar/2020:12:34:14 -0300] "GET /cormun/servlet/solicitudot?097ad6a9635c236776d15cbd5f46e08235c154a506b4a951a23dd49c33c637d62673b2405ee5cb980c3ea8be2ec6bc63,gx-no-cache=1583422053231 HTTP/1.1" 200 30
190.171.143.106 - - [05/Mar/2020:12:34:14 -0300] "GET /cormun/servlet/solicitudot?097ad6a9635c236776d15cbd5f46e0828d1eea036897a3a487fc49a1fb3fa011431e75165b705aea3e03c647714b19b708aae2ddbe4e3eadc51da3f71cf86dcb,gx-no-cache=1583422053301 HTTP/1.1" 200 30
190.171.143.106 - - [05/Mar/2020:12:34:14 -0300] "GET /cormun/servlet/solicitudot?097ad6a9635c236776d15cbd5f46e08226adb5d843a76a329184b663cbd963f3a15975943aa159a5514ec515b359812db3b75e3d29044eb182e0b1bac49378a6b94fc7952c43bbc0a7f8b01ab8808ae5,gx-no-cache=1583422053354 HTTP/1.1" 200 60
190.171.143.106 - - [05/Mar/2020:12:34:14 -0300] "POST /cormun/servlet/solicitudot?gx-no-cache=1583422053421 HTTP/1.1" 200 254
190.171.143.106 - - [05/Mar/2020:12:34:14 -0300] "GET /cormun/servlet/solicitudot?097ad6a9635c236776d15cbd5f46e082f8aa5258ebcc9d80c8929f155ec1a2e30e8e7dbefb222d5b2ae4ffac9838c38661c02d1cdf2c7e610331bcca7483da639ea71d80e57e1d9db5a6951784bd3233b2e541fa112ed861afd66b2e2816267ca3aaaddb8aa8fa37da107268b642023025281728ab1e6fd92ae3e15e443afc4b325f02a1da872ed931ac0ac7cb56472c6398911aa6c685facec6f99051b4548c45d405f3d79f578fb989db44c1434bb0e6597184712d31fbc34298d171141cfd1a6bd913a77f88eae93b37c73825a9331e240234dc4e6615449787e8ea22f5a37cde8fd2b31c04ff3603f77c32ec4ff73aa400d435249820e6635e44afe846de8c8070b3f0211050548d92fcfdfbb5e1a0f8955f86603e9507d5db36ba47c0bf2c50304053e1a197407e912937830e1444fe36c8b4677415b648488caadeac471b8d61b937e9d41a96f3c054b3bcfda81512151ed26b27947be0486ba913516fd56aa696b686b2591fbbbacae8fc3cd773c3f3f997de2214daa3f2958611296d,gx-no-cache=1583422053474 HTTP/1.1" 200 30
190.171.143.106 - - [05/Mar/2020:12:34:14 -0300] "POST /cormun/servlet/solicitudot?gx-no-cache=1583422053517 HTTP/1.1" 200 30
190.171.143.106 - - [05/Mar/2020:12:34:14 -0300] "POST /cormun/servlet/solicitudot?gx-no-cache=1583422053575 HTTP/1.1" 200 1367
190.171.143.106 - - [05/Mar/2020:12:34:14 -0300] "POST /cormun/servlet/solicitudot?gx-no-cache=1583422053627 HTTP/1.1" 200 41
190.171.143.106 - - [05/Mar/2020:12:34:16 -0300] "GET /cormun/servlet/solicitudot?097ad6a9635c236776d15cbd5f46e0828b4ffa4a91d40c42a19d663a9bda9dee74185c37bfd33b3338b571c0e5de635c2fec344fe3cf306c58bbeb0eaf2ccda7f75fbf25809f35070fdfc8f23f660e915ae57751c7980831c4508d2e540d56ef0aa23e19dc0a595975c2a6e6f45cd05c,gx-no-cache=1583422055103 HTTP/1.1" 200 110
190.171.143.106 - - [05/Mar/2020:12:34:16 -0300] "POST /cormun/servlet/solicitudot?gx-no-cache=1583422055134 HTTP/1.1" 200 97
190.171.143.106 - - [05/Mar/2020:12:34:16 -0300] "GET /cormun/servlet/solicitudot?097ad6a9635c236776d15cbd5f46e082e18bab7b73ad473901cee442efd10ebbeb565eba6744c825e78835693691d39604ae71ccadd6d831c5814875d5bc899e0c5e96246c6be02282de4e029379cf8bdc73b0c465dd72d4ea9f4259176f63e3778bc2fe49d7b09870230d730ddd2250331939d34a1fc754c0eb1e7ae77a71dace65012230dda3309798ac1733492f3a31f329b733cba3ea33a78bf250a704ca,gx-no-cache=1583422055169 HTTP/1.1" 200 29
190.171.143.106 - - [05/Mar/2020:12:34:16 -0300] "GET /cormun/static/menuarrow.gif HTTP/1.1" 404 1015
190.171.143.106 - - [05/Mar/2020:12:34:17 -0300] "GET /cormun/servlet/solicitudot?097ad6a9635c236776d15cbd5f46e0828b4ffa4a91d40c42a19d663a9bda9dee74185c37bfd33b3338b571c0e5de635c2fec344fe3cf306c58bbeb0eaf2ccda7f75fbf25809f35070fdfc8f23f660e915ae57751c7980831c4508d2e540d56ef0aa23e19dc0a595975c2a6e6f45cd05c,gx-no-cache=1583422056281 HTTP/1.1" 200 110
190.171.143.106 - - [05/Mar/2020:12:34:19 -0300] "GET /cormun/servlet/solicitudot?097ad6a9635c236776d15cbd5f46e082972ddfe1b3f6898a18c06a6b0c9f5e1ac6e5a50a3e0512c5e32210b043157a4d,gx-no-cache=1583422058759 HTTP/1.1" 200 30
190.171.143.106 - - [05/Mar/2020:12:34:20 -0300] "POST /cormun/servlet/solicitudot?gx-no-cache=1583422058787 HTTP/1.1" 200 30
190.171.143.106 - - [05/Mar/2020:12:34:20 -0300] "POST /cormun/servlet/solicitudot?9ffcaa4ec9371d0219cdf9daeefe9c7a,UPD,2020,16311,false,,gx-no-cache=1583422058818 HTTP/1.1" 200 93
190.171.143.106 - - [05/Mar/2020:12:34:20 -0300] "GET /cormun/servlet/hpexe_return? HTTP/1.1" 200 1015
190.171.143.106 - - [05/Mar/2020:12:34:20 -0300] "GET /cormun/servlet/trsolicitudot HTTP/1.1" 200 9020
190.171.143.106 - - [05/Mar/2020:12:34:21 -0300] "GET /cormun/servlet/trsolicitudot HTTP/1.1" 200 9016
186.67.164.138 - - [05/Mar/2020:12:34:21 -0300] "POST /cormun/servlet/trsolicitudadjuntos?71a25000a7fa08bc2c51c6beab1d58a4,2020,16310,,gx-no-cache=1583422059523 HTTP/1.1" 200 90
186.67.164.138 - - [05/Mar/2020:12:34:21 -0300] "GET /cormun/servlet/hpexe_link HTTP/1.1" 200 972
186.103.159.188 - - [05/Mar/2020:12:34:21 -0300] "POST /cormun/servlet/solicitudotadjuntos?gx-no-cache=1583422059961 HTTP/1.1" 200 26
186.67.164.138 - - [05/Mar/2020:12:34:21 -0300] "GET /cormun/servlet/trsolicitudot HTTP/1.1" 200 8578
186.67.164.138 - - [05/Mar/2020:12:34:22 -0300] "GET /cormun/servlet/trsolicitudot HTTP/1.1" 200 8577
186.103.159.188 - - [05/Mar/2020:12:34:29 -0300] "GET /cormun/servlet/solicitudotadjuntos?fe4e7a90ff3fd1f7bb036bf0a9b18ca6001e06c2f198a8fb1267882d022e85fc,gx-no-cache=1583422067786 HTTP/1.1" 200 30
186.103.159.188 - - [05/Mar/2020:12:34:29 -0300] "GET /cormun/servlet/solicitudotadjuntos?fe4e7a90ff3fd1f7bb036bf0a9b18ca6001e06c2f198a8fb1267882d022e85fc,gx-no-cache=1583422067807 HTTP/1.1" 200 30
186.103.159.188 - - [05/Mar/2020:12:34:30 -0300] "POST /cormun/servlet/solicitudotadjuntos?c551371ab7382dc798a4a6a6d2d7f10c,INS,2020,16314,,1, HTTP/1.1" 200 116
186.103.159.188 - - [05/Mar/2020:12:34:30 -0300] "GET /cormun/servlet/hpexe_return? HTTP/1.1" 200 1031
186.103.159.188 - - [05/Mar/2020:12:34:30 -0300] "GET /cormun/servlet/trsolicitudadjuntos?2020,16314, HTTP/1.1" 200 9354
186.103.159.188 - - [05/Mar/2020:12:34:30 -0300] "GET /cormun/servlet/trsolicitudadjuntos?2020,16314, HTTP/1.1" 200 9353
186.103.159.188 - - [05/Mar/2020:12:34:34 -0300] "GET /cormun/servlet/solicitudotadjuntos?INS,2020,16314,,1, HTTP/1.1" 200 6021
186.103.159.188 - - [05/Mar/2020:12:34:34 -0300] "GET /cormun/static/about:blank HTTP/1.1" 404 1011
186.103.159.188 - - [05/Mar/2020:12:34:34 -0300] "GET /cormun/servlet/solicitudotadjuntos?INS,2020,16314,,1, HTTP/1.1" 200 6015
186.103.159.188 - - [05/Mar/2020:12:34:35 -0300] "GET /cormun/servlet/solicitudotadjuntos?fe4e7a90ff3fd1f7bb036bf0a9b18ca6fb1b2176a87f89eded31650ae4e23c654bbec1258153753c3c1ff417d879d75a,gx-no-cache=1583422073675 HTTP/1.1" 200 30
186.103.159.188 - - [05/Mar/2020:12:34:35 -0300] "POST /cormun/servlet/solicitudotadjuntos?c551371ab7382dc798a4a6a6d2d7f10c,INS,2020,16314,,1,,gx-no-cache=1583422073758 HTTP/1.1" 200 3879
190.171.143.106 - - [05/Mar/2020:12:34:38 -0300] "POST /cormun/servlet/trsolicitudot?9ffcaa4ec9371d0219cdf9daeefe9c7a,gx-no-cache=1583422076876 HTTP/1.1" 200 6334
190.171.143.106 - - [05/Mar/2020:12:34:38 -0300] "GET /cormun/static/Shared/jqueryui/images/ui-bg_highlight-soft_100_c6c2c8_1x100.png HTTP/1.1" 404 1117
190.171.143.106 - - [05/Mar/2020:12:34:38 -0300] "GET /cormun/static/Shared/jqueryui/images/ui-icons_82798d_256x240.png HTTP/1.1" 404 1089
190.171.143.106 - - [05/Mar/2020:12:34:38 -0300] "GET /cormun/static/Shared/jqueryui/images/ui-bg_flat_55_fafafa_40x100.png HTTP/1.1" 404 1097
190.171.143.106 - - [05/Mar/2020:12:34:38 -0300] "GET /cormun/static/Shared/jqueryui/images/ui-icons_8d78a5_256x240.png HTTP/1.1" 404 1089
186.103.159.188 - - [05/Mar/2020:12:34:39 -0300] "POST /cormun/servlet/solicitudotadjuntos?gx-no-cache=1583422078081 HTTP/1.1" 200 26
190.171.143.106 - - [05/Mar/2020:12:34:41 -0300] "POST /cormun/servlet/trsolicitudot?9ffcaa4ec9371d0219cdf9daeefe9c7a,gx-no-cache=1583422080531 HTTP/1.1" 200 5855
190.171.143.106 - - [05/Mar/2020:12:34:42 -0300] "POST /cormun/servlet/trsolicitudot?9ffcaa4ec9371d0219cdf9daeefe9c7a,gx-no-cache=1583422080787 HTTP/1.1" 200 5800
186.103.159.188 - - [05/Mar/2020:12:34:45 -0300] "GET /cormun/servlet/solicitudotadjuntos?fe4e7a90ff3fd1f7bb036bf0a9b18ca6001e06c2f198a8fb1267882d022e85fc,gx-no-cache=1583422083976 HTTP/1.1" 200 30
186.103.159.188 - - [05/Mar/2020:12:34:45 -0300] "GET /cormun/servlet/solicitudotadjuntos?fe4e7a90ff3fd1f7bb036bf0a9b18ca6001e06c2f198a8fb1267882d022e85fc,gx-no-cache=1583422083996 HTTP/1.1" 200 30
186.103.159.188 - - [05/Mar/2020:12:34:45 -0300] "POST /cormun/servlet/solicitudotadjuntos?c551371ab7382dc798a4a6a6d2d7f10c,INS,2020,16314,,1, HTTP/1.1" 200 6239
190.171.143.106 - - [05/Mar/2020:12:34:46 -0300] "POST /cormun/servlet/trsolicitudot?9ffcaa4ec9371d0219cdf9daeefe9c7a,gx-no-cache=1583422084709 HTTP/1.1" 200 6068
186.103.159.188 - - [05/Mar/2020:12:34:46 -0300] "GET /cormun/static/Shared/jqueryui/images/ui-bg_highlight-soft_100_c6c2c8_1x100.png HTTP/1.1" 404 1117
186.103.159.188 - - [05/Mar/2020:12:34:46 -0300] "GET /cormun/static/Shared/jqueryui/images/ui-bg_flat_55_994d53_40x100.png HTTP/1.1" 404 1097
186.103.159.188 - - [05/Mar/2020:12:34:46 -0300] "GET /cormun/static/Shared/jqueryui/images/ui-icons_82798d_256x240.png HTTP/1.1" 404 1089
186.103.159.188 - - [05/Mar/2020:12:34:46 -0300] "GET /cormun/static/Shared/jqueryui/images/ui-icons_ebccce_256x240.png HTTP/1.1" 404 1089
186.103.159.188 - - [05/Mar/2020:12:34:46 -0300] "GET /cormun/PrivateTempStorage/upload_00000892.pdf HTTP/1.1" 200 150907
190.171.143.106 - - [05/Mar/2020:12:34:48 -0300] "POST /cormun/servlet/trsolicitudot?9ffcaa4ec9371d0219cdf9daeefe9c7a,gx-no-cache=1583422086706 HTTP/1.1" 200 6068
186.103.159.188 - - [05/Mar/2020:12:34:48 -0300] "POST /cormun/servlet/solicitudotadjuntos?c551371ab7382dc798a4a6a6d2d7f10c,INS,2020,16314,,1, HTTP/1.1" 200 116
186.103.159.188 - - [05/Mar/2020:12:34:48 -0300] "GET /cormun/servlet/hpexe_return? HTTP/1.1" 200 1031
186.103.159.188 - - [05/Mar/2020:12:34:48 -0300] "GET /cormun/servlet/trsolicitudadjuntos?2020,16314, HTTP/1.1" 200 9355
186.103.159.188 - - [05/Mar/2020:12:34:49 -0300] "GET /cormun/servlet/trsolicitudadjuntos?2020,16314, HTTP/1.1" 200 9350
190.171.143.106 - - [05/Mar/2020:12:34:49 -0300] "POST /cormun/servlet/trsolicitudot?9ffcaa4ec9371d0219cdf9daeefe9c7a,gx-no-cache=1583422088664 HTTP/1.1" 200 107
190.171.143.106 - - [05/Mar/2020:12:34:50 -0300] "GET /cormun/servlet/trsolicitudadjuntos?2020,16315, HTTP/1.1" 200 6096
190.171.143.106 - - [05/Mar/2020:12:34:50 -0300] "GET /cormun/servlet/trsolicitudadjuntos?2020,16315, HTTP/1.1" 200 6096
190.171.143.106 - - [05/Mar/2020:12:34:52 -0300] "GET /cormun/servlet/solicitudotadjuntos?INS,2020,16315,,1, HTTP/1.1" 200 6042
190.171.143.106 - - [05/Mar/2020:12:34:52 -0300] "GET /cormun/static/about:blank HTTP/1.1" 404 1011
190.171.143.106 - - [05/Mar/2020:12:34:52 -0300] "GET /cormun/servlet/solicitudotadjuntos?INS,2020,16315,,1, HTTP/1.1" 200 6036
190.171.143.106 - - [05/Mar/2020:12:34:53 -0300] "GET /cormun/servlet/solicitudotadjuntos?097ad6a9635c236776d15cbd5f46e082b55b8f8c36d4fe044d98864f0543f4b09a7ae2c4fed1d612825bbdd5d6707925,gx-no-cache=1583422092107 HTTP/1.1" 200 30
190.171.143.106 - - [05/Mar/2020:12:34:53 -0300] "POST /cormun/servlet/solicitudotadjuntos?9ffcaa4ec9371d0219cdf9daeefe9c7a,INS,2020,16315,,1,,gx-no-cache=1583422092196 HTTP/1.1" 200 3906
186.103.159.188 - - [05/Mar/2020:12:34:54 -0300] "GET /cormun/servlet/solicitudotadjuntos?INS,2020,16314,,1, HTTP/1.1" 200 6022
186.103.159.188 - - [05/Mar/2020:12:34:54 -0300] "GET /cormun/static/about:blank HTTP/1.1" 404 1011
186.103.159.188 - - [05/Mar/2020:12:34:54 -0300] "GET /cormun/servlet/solicitudotadjuntos?INS,2020,16314,,1, HTTP/1.1" 200 6016
186.103.159.188 - - [05/Mar/2020:12:34:55 -0300] "GET /cormun/servlet/solicitudotadjuntos?fe4e7a90ff3fd1f7bb036bf0a9b18ca6fb1b2176a87f89eded31650ae4e23c654bbec1258153753c3c1ff417d879d75a,gx-no-cache=1583422093731 HTTP/1.1" 200 30
190.171.143.106 - - [05/Mar/2020:12:34:55 -0300] "POST /cormun/servlet/solicitudotadjuntos?gx-no-cache=1583422093945 HTTP/1.1" 200 26
186.103.159.188 - - [05/Mar/2020:12:34:55 -0300] "POST /cormun/servlet/solicitudotadjuntos?c551371ab7382dc798a4a6a6d2d7f10c,INS,2020,16314,,1,,gx-no-cache=1583422093788 HTTP/1.1" 200 3880
186.103.159.188 - - [05/Mar/2020:12:34:59 -0300] "POST /cormun/servlet/solicitudotadjuntos?gx-no-cache=1583422097824 HTTP/1.1" 200 26
190.171.143.106 - - [05/Mar/2020:12:35:02 -0300] "GET /cormun/servlet/solicitudotadjuntos?097ad6a9635c236776d15cbd5f46e08283571a8029bd4e94232675a7774b1b2f,gx-no-cache=1583422101704 HTTP/1.1" 200 30
190.171.143.106 - - [05/Mar/2020:12:35:02 -0300] "GET /cormun/servlet/solicitudotadjuntos?097ad6a9635c236776d15cbd5f46e08283571a8029bd4e94232675a7774b1b2f,gx-no-cache=1583422101736 HTTP/1.1" 200 30
190.171.143.106 - - [05/Mar/2020:12:35:03 -0300] "POST /cormun/servlet/solicitudotadjuntos?9ffcaa4ec9371d0219cdf9daeefe9c7a,INS,2020,16315,,1, HTTP/1.1" 200 116
190.171.143.106 - - [05/Mar/2020:12:35:03 -0300] "GET /cormun/servlet/hpexe_return? HTTP/1.1" 200 1026
190.171.143.106 - - [05/Mar/2020:12:35:03 -0300] "GET /cormun/servlet/trsolicitudadjuntos?2020,16315, HTTP/1.1" 200 8741
190.171.143.106 - - [05/Mar/2020:12:35:03 -0300] "GET /cormun/servlet/trsolicitudadjuntos?2020,16315, HTTP/1.1" 200 8736
186.103.159.188 - - [05/Mar/2020:12:35:03 -0300] "GET /cormun/servlet/solicitudotadjuntos?fe4e7a90ff3fd1f7bb036bf0a9b18ca6001e06c2f198a8fb1267882d022e85fc,gx-no-cache=1583422102568 HTTP/1.1" 200 30
186.103.159.188 - - [05/Mar/2020:12:35:03 -0300] "GET /cormun/servlet/solicitudotadjuntos?fe4e7a90ff3fd1f7bb036bf0a9b18ca6001e06c2f198a8fb1267882d022e85fc,gx-no-cache=1583422102590 HTTP/1.1" 200 30
186.103.159.188 - - [05/Mar/2020:12:35:05 -0300] "POST /cormun/servlet/solicitudotadjuntos?c551371ab7382dc798a4a6a6d2d7f10c,INS,2020,16314,,1, HTTP/1.1" 200 116
186.103.159.188 - - [05/Mar/2020:12:35:05 -0300] "GET /cormun/servlet/hpexe_return? HTTP/1.1" 200 1031
186.103.159.188 - - [05/Mar/2020:12:35:05 -0300] "GET /cormun/servlet/trsolicitudadjuntos?2020,16314, HTTP/1.1" 200 9623
186.103.159.188 - - [05/Mar/2020:12:35:06 -0300] "GET /cormun/servlet/trsolicitudadjuntos?2020,16314, HTTP/1.1" 200 9623
190.171.143.106 - - [05/Mar/2020:12:35:07 -0300] "GET /cormun/servlet/solicitudotadjuntos?INS,2020,16315,,1, HTTP/1.1" 200 6042
190.171.143.106 - - [05/Mar/2020:12:35:07 -0300] "GET /cormun/static/about:blank HTTP/1.1" 404 1011
190.171.143.106 - - [05/Mar/2020:12:35:07 -0300] "GET /cormun/servlet/solicitudotadjuntos?INS,2020,16315,,1, HTTP/1.1" 200 6036
190.171.143.106 - - [05/Mar/2020:12:35:08 -0300] "GET /cormun/servlet/solicitudotadjuntos?097ad6a9635c236776d15cbd5f46e082b55b8f8c36d4fe044d98864f0543f4b09a7ae2c4fed1d612825bbdd5d6707925,gx-no-cache=1583422106960 HTTP/1.1" 200 30
190.171.143.106 - - [05/Mar/2020:12:35:08 -0300] "POST /cormun/servlet/solicitudotadjuntos?9ffcaa4ec9371d0219cdf9daeefe9c7a,INS,2020,16315,,1,,gx-no-cache=1583422106985 HTTP/1.1" 200 3906
190.171.143.106 - - [05/Mar/2020:12:35:09 -0300] "POST /cormun/servlet/solicitudotadjuntos?gx-no-cache=1583422108751 HTTP/1.1" 200 26
186.103.159.188 - - [05/Mar/2020:12:35:11 -0300] "GET /cormun/servlet/solicitudotadjuntos?INS,2020,16314,,1, HTTP/1.1" 200 6022
186.103.159.188 - - [05/Mar/2020:12:35:11 -0300] "GET /cormun/static/about:blank HTTP/1.1" 404 1011
186.103.159.188 - - [05/Mar/2020:12:35:11 -0300] "GET /cormun/servlet/solicitudotadjuntos?INS,2020,16314,,1, HTTP/1.1" 200 6016
186.103.159.188 - - [05/Mar/2020:12:35:12 -0300] "GET /cormun/servlet/solicitudotadjuntos?fe4e7a90ff3fd1f7bb036bf0a9b18ca6fb1b2176a87f89eded31650ae4e23c654bbec1258153753c3c1ff417d879d75a,gx-no-cache=1583422110772 HTTP/1.1" 200 30
186.103.159.188 - - [05/Mar/2020:12:35:12 -0300] "POST /cormun/servlet/solicitudotadjuntos?c551371ab7382dc798a4a6a6d2d7f10c,INS,2020,16314,,1,,gx-no-cache=1583422110826 HTTP/1.1" 200 3880
190.171.143.106 - - [05/Mar/2020:12:35:14 -0300] "GET /cormun/servlet/solicitudotadjuntos?097ad6a9635c236776d15cbd5f46e08283571a8029bd4e94232675a7774b1b2f,gx-no-cache=1583422113751 HTTP/1.1" 200 30
190.171.143.106 - - [05/Mar/2020:12:35:14 -0300] "GET /cormun/servlet/solicitudotadjuntos?097ad6a9635c236776d15cbd5f46e08283571a8029bd4e94232675a7774b1b2f,gx-no-cache=1583422113782 HTTP/1.1" 200 30
190.171.143.106 - - [05/Mar/2020:12:35:15 -0300] "POST /cormun/servlet/solicitudotadjuntos?9ffcaa4ec9371d0219cdf9daeefe9c7a,INS,2020,16315,,1, HTTP/1.1" 200 116
190.171.143.106 - - [05/Mar/2020:12:35:15 -0300] "GET /cormun/servlet/hpexe_return? HTTP/1.1" 200 1026
186.103.159.188 - - [05/Mar/2020:12:35:15 -0300] "POST /cormun/servlet/solicitudotadjuntos?gx-no-cache=1583422114079 HTTP/1.1" 200 26
190.171.143.106 - - [05/Mar/2020:12:35:15 -0300] "GET /cormun/servlet/trsolicitudadjuntos?2020,16315, HTTP/1.1" 200 8963
190.171.143.106 - - [05/Mar/2020:12:35:16 -0300] "GET /cormun/servlet/trsolicitudadjuntos?2020,16315, HTTP/1.1" 200 8961
201.241.207.202 - - [05/Mar/2020:12:35:16 -0300] "GET /cormun/servlet/hlogin HTTP/1.1" 200 1731
201.241.207.202 - - [05/Mar/2020:12:35:16 -0300] "GET /cormun/static/gxtimezone.js?85251 HTTP/1.1" 200 5781
201.241.207.202 - - [05/Mar/2020:12:35:16 -0300] "GET /cormun/static/gxcfg.js?201910216285969 HTTP/1.1" 200 953
201.241.207.202 - - [05/Mar/2020:12:35:16 -0300] "GET /cormun/static/Resources/Logo2019_Grande.png HTTP/1.1" 200 31733
201.241.207.202 - - [05/Mar/2020:12:35:16 -0300] "GET /cormun/static/messages.spa.js?85251 HTTP/1.1" 200 30736
201.241.207.202 - - [05/Mar/2020:12:35:16 -0300] "GET /cormun/static/Resources/Spanish/PXTools.css?2294816 HTTP/1.1" 200 100853
201.241.207.202 - - [05/Mar/2020:12:35:16 -0300] "GET /cormun/static/hlogin.js?201910216285995 HTTP/1.1" 200 2136
201.241.207.202 - - [05/Mar/2020:12:35:16 -0300] "GET /cormun/static/gxgral.js?85251 HTTP/1.1" 200 384558
201.241.207.202 - - [05/Mar/2020:12:35:17 -0300] "GET /cormun/static/Resources/PXToolsLoginTop.png HTTP/1.1" 200 1337
201.241.207.202 - - [05/Mar/2020:12:35:17 -0300] "GET /cormun/static/Resources/PXToolsButtonLeft.png HTTP/1.1" 200 1310
201.241.207.202 - - [05/Mar/2020:12:35:17 -0300] "GET /cormun/static/Resources/PXToolsLoginBottom.png HTTP/1.1" 200 1389
201.241.207.202 - - [05/Mar/2020:12:35:17 -0300] "GET /cormun/static/Resources/PXToolsButtonRight.png HTTP/1.1" 200 1294
201.241.207.202 - - [05/Mar/2020:12:35:17 -0300] "GET /cormun/static/Resources/PXToolsButtonBackground.png HTTP/1.1" 200 1176
201.241.207.202 - - [05/Mar/2020:12:35:17 -0300] "GET /cormun/static/Resources/PXToolsLoginBackground.png HTTP/1.1" 200 1164
201.241.207.202 - - [05/Mar/2020:12:35:17 -0300] "GET /cormun/servlet/hlogin HTTP/1.1" 200 1735
201.241.207.202 - - [05/Mar/2020:12:35:17 -0300] "GET /cormun/static/Resources/indicator.gif HTTP/1.1" 200 1553
201.241.207.202 - - [05/Mar/2020:12:35:17 -0300] "GET /cormun/static/Resources/indicator.gif HTTP/1.1" 200 1553
201.241.207.202 - - [05/Mar/2020:12:35:17 -0300] "GET /favicon.ico HTTP/1.1" 200 21630
190.171.143.106 - - [05/Mar/2020:12:35:17 -0300] "GET /cormun/servlet/solicitudotadjuntos?INS,2020,16315,,1, HTTP/1.1" 200 6042
190.171.143.106 - - [05/Mar/2020:12:35:17 -0300] "GET /cormun/static/about:blank HTTP/1.1" 404 1011
190.171.143.106 - - [05/Mar/2020:12:35:17 -0300] "GET /cormun/servlet/solicitudotadjuntos?INS,2020,16315,,1, HTTP/1.1" 200 6036
190.171.143.106 - - [05/Mar/2020:12:35:18 -0300] "GET /cormun/servlet/solicitudotadjuntos?097ad6a9635c236776d15cbd5f46e082b55b8f8c36d4fe044d98864f0543f4b09a7ae2c4fed1d612825bbdd5d6707925,gx-no-cache=1583422117045 HTTP/1.1" 200 30
190.171.143.106 - - [05/Mar/2020:12:35:18 -0300] "POST /cormun/servlet/solicitudotadjuntos?9ffcaa4ec9371d0219cdf9daeefe9c7a,INS,2020,16315,,1,,gx-no-cache=1583422117087 HTTP/1.1" 200 3906
190.171.143.106 - - [05/Mar/2020:12:35:20 -0300] "POST /cormun/servlet/solicitudotadjuntos?gx-no-cache=1583422119217 HTTP/1.1" 200 26
186.103.159.188 - - [05/Mar/2020:12:35:21 -0300] "GET /cormun/servlet/solicitudotadjuntos?fe4e7a90ff3fd1f7bb036bf0a9b18ca6001e06c2f198a8fb1267882d022e85fc,gx-no-cache=1583422120529 HTTP/1.1" 200 30
186.103.159.188 - - [05/Mar/2020:12:35:22 -0300] "GET /cormun/servlet/solicitudotadjuntos?fe4e7a90ff3fd1f7bb036bf0a9b18ca6001e06c2f198a8fb1267882d022e85fc,gx-no-cache=1583422120615 HTTP/1.1" 200 30
186.103.159.188 - - [05/Mar/2020:12:35:24 -0300] "POST /cormun/servlet/solicitudotadjuntos?c551371ab7382dc798a4a6a6d2d7f10c,INS,2020,16314,,1, HTTP/1.1" 200 116
186.103.159.188 - - [05/Mar/2020:12:35:24 -0300] "GET /cormun/servlet/hpexe_return? HTTP/1.1" 200 1031
186.103.159.188 - - [05/Mar/2020:12:35:24 -0300] "GET /cormun/servlet/trsolicitudadjuntos?2020,16314, HTTP/1.1" 200 9836
186.103.159.188 - - [05/Mar/2020:12:35:25 -0300] "GET /cormun/servlet/trsolicitudadjuntos?2020,16314, HTTP/1.1" 200 9836
190.171.143.106 - - [05/Mar/2020:12:35:25 -0300] "GET /cormun/servlet/solicitudotadjuntos?097ad6a9635c236776d15cbd5f46e08283571a8029bd4e94232675a7774b1b2f,gx-no-cache=1583422124471 HTTP/1.1" 200 30
190.171.143.106 - - [05/Mar/2020:12:35:25 -0300] "GET /cormun/servlet/solicitudotadjuntos?097ad6a9635c236776d15cbd5f46e08283571a8029bd4e94232675a7774b1b2f,gx-no-cache=1583422124510 HTTP/1.1" 200 30
190.171.143.106 - - [05/Mar/2020:12:35:25 -0300] "POST /cormun/servlet/solicitudotadjuntos?9ffcaa4ec9371d0219cdf9daeefe9c7a,INS,2020,16315,,1, HTTP/1.1" 200 116
190.171.143.106 - - [05/Mar/2020:12:35:25 -0300] "GET /cormun/servlet/hpexe_return? HTTP/1.1" 200 1026
190.171.143.106 - - [05/Mar/2020:12:35:26 -0300] "GET /cormun/servlet/trsolicitudadjuntos?2020,16315, HTTP/1.1" 200 9132
190.171.143.106 - - [05/Mar/2020:12:35:26 -0300] "GET /cormun/servlet/trsolicitudadjuntos?2020,16315, HTTP/1.1" 200 9130
190.171.143.106 - - [05/Mar/2020:12:35:28 -0300] "GET /cormun/servlet/solicitudotadjuntos?INS,2020,16315,,1, HTTP/1.1" 200 6042
190.171.143.106 - - [05/Mar/2020:12:35:28 -0300] "GET /cormun/static/about:blank HTTP/1.1" 404 1011
190.171.143.106 - - [05/Mar/2020:12:35:28 -0300] "GET /cormun/servlet/solicitudotadjuntos?INS,2020,16315,,1, HTTP/1.1" 200 6036
190.171.143.106 - - [05/Mar/2020:12:35:29 -0300] "GET /cormun/servlet/solicitudotadjuntos?097ad6a9635c236776d15cbd5f46e082b55b8f8c36d4fe044d98864f0543f4b09a7ae2c4fed1d612825bbdd5d6707925,gx-no-cache=1583422128190 HTTP/1.1" 200 30
190.171.143.106 - - [05/Mar/2020:12:35:29 -0300] "POST /cormun/servlet/solicitudotadjuntos?9ffcaa4ec9371d0219cdf9daeefe9c7a,INS,2020,16315,,1,,gx-no-cache=1583422128218 HTTP/1.1" 200 3906
190.171.143.106 - - [05/Mar/2020:12:35:34 -0300] "POST /cormun/servlet/solicitudotadjuntos?gx-no-cache=1583422132863 HTTP/1.1" 200 26
190.171.143.106 - - [05/Mar/2020:12:35:39 -0300] "GET /cormun/servlet/solicitudotadjuntos?097ad6a9635c236776d15cbd5f46e08283571a8029bd4e94232675a7774b1b2f,gx-no-cache=1583422138746 HTTP/1.1" 200 30
190.171.143.106 - - [05/Mar/2020:12:35:39 -0300] "GET /cormun/servlet/solicitudotadjuntos?097ad6a9635c236776d15cbd5f46e08283571a8029bd4e94232675a7774b1b2f,gx-no-cache=1583422138767 HTTP/1.1" 200 30
190.171.143.106 - - [05/Mar/2020:12:35:40 -0300] "POST /cormun/servlet/solicitudotadjuntos?9ffcaa4ec9371d0219cdf9daeefe9c7a,INS,2020,16315,,1, HTTP/1.1" 200 116
190.171.143.106 - - [05/Mar/2020:12:35:40 -0300] "GET /cormun/servlet/hpexe_return? HTTP/1.1" 200 1026
190.171.143.106 - - [05/Mar/2020:12:35:40 -0300] "GET /cormun/servlet/trsolicitudadjuntos?2020,16315, HTTP/1.1" 200 9359
190.171.143.106 - - [05/Mar/2020:12:35:41 -0300] "GET /cormun/servlet/trsolicitudadjuntos?2020,16315, HTTP/1.1" 200 9355
190.171.143.106 - - [05/Mar/2020:12:35:42 -0300] "GET /cormun/servlet/solicitudotadjuntos?INS,2020,16315,,1, HTTP/1.1" 200 6042
