186.103.159.188 - - [05/Mar/2020:11:06:45 -0300] "GET /cormun/static/about:blank HTTP/1.1" 404 1011
186.103.159.188 - - [05/Mar/2020:11:06:45 -0300] "GET /cormun/servlet/solicitudotadjuntos?INS,2020,16303,,1, HTTP/1.1" 200 6010
186.103.159.188 - - [05/Mar/2020:11:06:46 -0300] "GET /cormun/servlet/solicitudotadjuntos?ff36efe8e21c9400590c9c9e56d74d0396d75c9b54b6639ef5ce069243c06a2d73c715a317544583126df4ebafe7c9d7,gx-no-cache=1583416804934 HTTP/1.1" 200 30
186.103.159.188 - - [05/Mar/2020:11:06:46 -0300] "POST /cormun/servlet/solicitudotadjuntos?114d6020ec9a1efb010719a699bee14d,INS,2020,16303,,1,,gx-no-cache=1583416804979 HTTP/1.1" 200 3906
186.103.159.188 - - [05/Mar/2020:11:06:48 -0300] "POST /cormun/servlet/solicitudotadjuntos?gx-no-cache=1583416807528 HTTP/1.1" 200 26
186.103.159.187 - - [05/Mar/2020:11:07:36 -0300] "POST /cormun/servlet/solicitudot?gx-no-cache=1583416908378 HTTP/1.1" 200 3530
186.103.159.187 - - [05/Mar/2020:11:07:36 -0300] "POST /cormun/servlet/solicitudot?df70f0f60f17f7e87a26b24c7bee18d4,INS,0,0,false,,gx-no-cache=1583416908705 HTTP/1.1" 200 11885
186.103.159.187 - - [05/Mar/2020:11:07:41 -0300] "GET /cormun/servlet/solicitudot?5aa22c91e77948c5be1ac8a85d155dd85f93939e1e349098df45cec76c86f0a025cb6643f66ad52f7d7c03cc2bd1d50d,gx-no-cache=1583416913294 HTTP/1.1" 200 30
186.103.159.189 - - [05/Mar/2020:11:08:42 -0300] "POST /cormun/servlet/trsolicitudot?b24476ed6220088d87c2e96ecb8e9f31,,gx-no-cache=1583416922233 HTTP/1.1" 200 5743
186.103.159.189 - - [05/Mar/2020:11:08:42 -0300] "GET /cormun/static/Shared/jqueryui/images/ui-bg_highlight-soft_100_c6c2c8_1x100.png HTTP/1.1" 404 1117
186.103.159.189 - - [05/Mar/2020:11:08:42 -0300] "GET /cormun/static/Shared/jqueryui/images/ui-icons_82798d_256x240.png HTTP/1.1" 404 1089
186.103.159.189 - - [05/Mar/2020:11:08:42 -0300] "GET /cormun/static/Shared/jqueryui/images/ui-bg_flat_55_fafafa_40x100.png HTTP/1.1" 404 1097
186.103.159.189 - - [05/Mar/2020:11:08:42 -0300] "GET /cormun/static/Shared/jqueryui/images/ui-icons_8d78a5_256x240.png HTTP/1.1" 404 1089
186.103.159.189 - - [05/Mar/2020:11:08:42 -0300] "POST /cormun/servlet/trsolicitudot?b24476ed6220088d87c2e96ecb8e9f31,,gx-no-cache=1583416922741 HTTP/1.1" 200 5688
186.103.159.189 - - [05/Mar/2020:11:08:55 -0300] "POST /cormun/servlet/trsolicitudot?b24476ed6220088d87c2e96ecb8e9f31,,gx-no-cache=1583416935407 HTTP/1.1" 200 4544
186.103.159.189 - - [05/Mar/2020:11:08:56 -0300] "POST /cormun/servlet/trsolicitudot?b24476ed6220088d87c2e96ecb8e9f31,,gx-no-cache=1583416935805 HTTP/1.1" 200 4331
186.103.159.189 - - [05/Mar/2020:11:09:03 -0300] "GET /cormun/servlet/hlogin HTTP/1.1" 200 1725
186.103.159.187 - - [05/Mar/2020:11:09:46 -0300] "GET /cormun/servlet/prbanco?,MD,,gxPopupLevel%3D0%3B HTTP/1.1" 200 6504
186.103.159.187 - - [05/Mar/2020:11:09:53 -0300] "GET /cormun/servlet/solicitudot?5aa22c91e77948c5be1ac8a85d155dd8b6a3b998d4e36bdaac554a0ab2a75ac200406f3c489b2a91566d257b0570d27198769aad13bc93091f86c3b6a1d4684b,gx-no-cache=1583417045697 HTTP/1.1" 200 30
186.103.159.187 - - [05/Mar/2020:11:09:59 -0300] "GET /cormun/servlet/solicitudot?5aa22c91e77948c5be1ac8a85d155dd8a787779983224811425ffe0fb5dc9432,gx-no-cache=1583417051015 HTTP/1.1" 200 51
186.103.159.187 - - [05/Mar/2020:11:10:00 -0300] "POST /cormun/servlet/solicitudot?gx-no-cache=1583417052355 HTTP/1.1" 200 255
186.103.159.187 - - [05/Mar/2020:11:10:04 -0300] "GET /cormun/servlet/solicitudot?5aa22c91e77948c5be1ac8a85d155dd89cd4f966c1c26aa8a410c9a712ac2791aa77b6a81d6f051356e5894cf62bdca919f7023c643d10cddc9aa03192d459a065b6d09769569069f5e801f830a73c3e9761e4ba4ec5689906c85a14fd299d2a4511dda5bbafa39cdd7d69098f0fd3bf5cb6c6a597adc40b9ae6cede079b953600e432fe96e6168a3d0b28b4b82aea393b4712d5ea00e7d1a94c129ac3eaf688deac0741cf489c285e9cd38da7eaff084c73bc6fe8b0a271feddc757c800987418e132096fdc1188560e425fe93043cf79b0b3ac5f943f9e4f6850aed71aaf4a2ca84a15863d1297f0e676cce4a5d5b70640604fe59b4636da940d7bb943f21600347ed62da9c4291d048d6d10994851e7551449cab9063ef946fc93d8de5f484b13deeb6447317a24c3a9a9a23b2f9ade0c98ad04b011bc0489fc7ccdb67378337f8b78240bb12235a12bcf9a0c0a9f8c9d3a1b76151edefd88a7767cbaac0c45d819c21a528e197e476185dc70b013a40bd2b2be1234d0dada2453c758bf1b,gx-no-cache=1583417056255 HTTP/1.1" 200 30
186.103.159.187 - - [05/Mar/2020:11:10:09 -0300] "POST /cormun/servlet/solicitudot?gx-no-cache=1583417061358 HTTP/1.1" 200 30
186.103.159.187 - - [05/Mar/2020:11:10:11 -0300] "POST /cormun/servlet/solicitudot?gx-no-cache=1583417063625 HTTP/1.1" 200 1363
186.103.159.187 - - [05/Mar/2020:11:10:11 -0300] "POST /cormun/servlet/solicitudot?gx-no-cache=1583417063742 HTTP/1.1" 200 38
186.103.159.188 - - [05/Mar/2020:11:10:38 -0300] "GET /cormun/servlet/solicitudotadjuntos?ff36efe8e21c9400590c9c9e56d74d03d8fef8745dd24e231f2901aabefd8d03,gx-no-cache=1583417036929 HTTP/1.1" 200 30
186.103.159.188 - - [05/Mar/2020:11:10:38 -0300] "GET /cormun/servlet/solicitudotadjuntos?ff36efe8e21c9400590c9c9e56d74d03d8fef8745dd24e231f2901aabefd8d03,gx-no-cache=1583417037024 HTTP/1.1" 200 30
200.54.107.2 - - [05/Mar/2020:11:10:39 -0300] "GET /cormun/servlet/trreportecargahoraria? HTTP/1.1" 200 5668
186.103.159.188 - - [05/Mar/2020:11:10:39 -0300] "POST /cormun/servlet/solicitudotadjuntos?114d6020ec9a1efb010719a699bee14d,INS,2020,16303,,1, HTTP/1.1" 200 116
186.103.159.188 - - [05/Mar/2020:11:10:39 -0300] "GET /cormun/servlet/hpexe_return? HTTP/1.1" 200 1027
186.103.159.188 - - [05/Mar/2020:11:10:40 -0300] "GET /cormun/servlet/trsolicitudadjuntos?2020,16303, HTTP/1.1" 200 9786
186.103.159.188 - - [05/Mar/2020:11:10:40 -0300] "GET /cormun/servlet/trsolicitudadjuntos?2020,16303, HTTP/1.1" 200 9787
200.54.107.2 - - [05/Mar/2020:11:10:42 -0300] "GET /cormun/servlet/hlogin HTTP/1.1" 200 1744
200.54.107.2 - - [05/Mar/2020:11:10:42 -0300] "GET /cormun/servlet/trreportecargahoraria? HTTP/1.1" 200 5668
186.103.159.187 - - [05/Mar/2020:11:10:42 -0300] "GET /cormun/servlet/solicitudot?5aa22c91e77948c5be1ac8a85d155dd8857d421fcdee91e2c4c15f038671079ff88a0c62b88695725c3435d29dac090741a5a22bd8032446d927c52e5f6f9fc4ce9d65cc7658d2914f2c00bd48d286e4866c33809f71b67ff9c54cea050c9acf9b35ab92a399ceb8094247245923cd5b,gx-no-cache=1583417094403 HTTP/1.1" 200 110
186.103.159.188 - - [05/Mar/2020:11:11:20 -0300] "GET /cormun/servlet/trsolicitudot? HTTP/1.1" 200 8560
186.103.159.188 - - [05/Mar/2020:11:11:21 -0300] "GET /cormun/servlet/trsolicitudot? HTTP/1.1" 200 8553
186.103.159.187 - - [05/Mar/2020:11:11:21 -0300] "POST /cormun/servlet/solicitudot?gx-no-cache=1583417133176 HTTP/1.1" 200 97
186.103.159.188 - - [05/Mar/2020:11:11:30 -0300] "POST /cormun/servlet/trsolicitudot?114d6020ec9a1efb010719a699bee14d,,gx-no-cache=1583417089325 HTTP/1.1" 200 112
186.103.159.188 - - [05/Mar/2020:11:11:30 -0300] "GET /cormun/servlet/solicitudot?UPD,2020,16303,false, HTTP/1.1" 200 15836
186.103.159.188 - - [05/Mar/2020:11:11:31 -0300] "GET /cormun/static/gxcfg.js?20203414241232 HTTP/1.1" 304 -
186.103.159.188 - - [05/Mar/2020:11:11:31 -0300] "GET /cormun/static/solicitudot.js?20203414242792 HTTP/1.1" 304 -
186.103.159.188 - - [05/Mar/2020:11:11:31 -0300] "GET /cormun/servlet/solicitudot?UPD,2020,16303,false, HTTP/1.1" 200 15847
186.103.159.188 - - [05/Mar/2020:11:11:31 -0300] "POST /cormun/servlet/solicitudot?gx-no-cache=1583417090528 HTTP/1.1" 200 3615
186.103.159.188 - - [05/Mar/2020:11:11:32 -0300] "POST /cormun/servlet/solicitudot?114d6020ec9a1efb010719a699bee14d,UPD,2020,16303,false,,gx-no-cache=1583417090731 HTTP/1.1" 200 12033
186.103.159.188 - - [05/Mar/2020:11:11:32 -0300] "GET /cormun/servlet/solicitudot?ff36efe8e21c9400590c9c9e56d74d03516c24a6af32297c5b165d4e60155deb82c88a0febca1355ea6bed53a14eabe9,gx-no-cache=1583417091353 HTTP/1.1" 200 30
186.103.159.188 - - [05/Mar/2020:11:11:32 -0300] "GET /cormun/servlet/solicitudot?ff36efe8e21c9400590c9c9e56d74d037ec97298bcbaf7554e13888e9df12cfa4a59dc5f3a648981daee9ffff385ada10c0b7ccd23e23e49540010f0d17728cc,gx-no-cache=1583417091389 HTTP/1.1" 200 30
186.103.159.188 - - [05/Mar/2020:11:11:32 -0300] "GET /cormun/servlet/solicitudot?ff36efe8e21c9400590c9c9e56d74d03b8c3ef45694a52b10d8f0faf9810f85a2fc36975f14804018a14f7dce67b1c9c133a8923e1d076422d6fffd8b74304a7,gx-no-cache=1583417091420 HTTP/1.1" 200 53
186.103.159.188 - - [05/Mar/2020:11:11:32 -0300] "POST /cormun/servlet/solicitudot?gx-no-cache=1583417091477 HTTP/1.1" 200 255
186.103.159.188 - - [05/Mar/2020:11:11:32 -0300] "GET /cormun/servlet/solicitudot?ff36efe8e21c9400590c9c9e56d74d031b60d7dd2e157993db25b904dd6182a1b58449fbd7896f7684c9a45aebaffcd3b4663bb0742e3fc5d9ff1db7f94c95ff08cc4c0693b682af1aea90599095151b7ad81299b1ab1920a25d26eba19deb8d3bbd64dbc689b3966ff00c0afbdd47a7366c19e92eb1078fb554af0f8051c786970cde02fa701b1df501e125e10f409d4edfdc98fedacdc789e38c1ac7acfcd01de9a0bca22e368d03370af59b7e1920a0da261dd4ee2dc734ee5f661526489f3b3d452953a6300afd091f2f06a930ee6d941070f4eb6b32c0de6c09be7b0d767b0e8ced9ead2ca7f7cd23003ed4302064a59a761339cb9e276beb8fc17b9d76c977215bad969bb7574bbf9f5b782970e65a096583e072d00630f7dd0734c4ccf386586b0e53aa82b7766dd3e25137f059e30bfd7d3e8026a68086f916b80c8b227841c2d1d65b8eaadbf64c684fe7af7a22c67ce787622342bb895164d89881a0df4fe57548caa2c2e9865bac0a9dcf079a6ac1c59f3d810bc0862889b8996b,gx-no-cache=1583417091546 HTTP/1.1" 200 30
186.103.159.188 - - [05/Mar/2020:11:11:33 -0300] "POST /cormun/servlet/solicitudot?gx-no-cache=1583417091669 HTTP/1.1" 200 30
186.103.159.188 - - [05/Mar/2020:11:11:33 -0300] "POST /cormun/servlet/solicitudot?gx-no-cache=1583417091730 HTTP/1.1" 200 1367
186.103.159.188 - - [05/Mar/2020:11:11:33 -0300] "POST /cormun/servlet/solicitudot?gx-no-cache=1583417091812 HTTP/1.1" 200 41
186.103.159.187 - - [05/Mar/2020:11:11:34 -0300] "GET /cormun/servlet/solicitudot?5aa22c91e77948c5be1ac8a85d155dd88eafd0a40936fb7c605e1ca5e170ab9dd7c8ae988630c8be7f296a913e15c81835754952805247181c49186355db3190222fce0b5616c44a7dc744002bc1c6fd7bee3e9abc72a7f3b86c4439bae6b12519ddb2a39259bc16c956b05b8a294ac6,gx-no-cache=1583417146250 HTTP/1.1" 200 29
186.103.159.187 - - [05/Mar/2020:11:11:34 -0300] "GET /cormun/static/menuarrow.gif HTTP/1.1" 404 1015
186.103.159.187 - - [05/Mar/2020:11:11:38 -0300] "GET /cormun/servlet/solicitudot?5aa22c91e77948c5be1ac8a85d155dd8e4133e8e622d1fb365635edc2032df15d7282514ba6d7e04a6a45153f565c971,gx-no-cache=1583417150205 HTTP/1.1" 200 30
190.171.141.90 - - [05/Mar/2020:11:11:42 -0300] "GET /cormun/servlet/hlogin HTTP/1.1" 200 1725
190.171.141.90 - - [05/Mar/2020:11:11:42 -0300] "GET /cormun/static/gxtimezone.js?85251 HTTP/1.1" 200 5781
190.171.141.90 - - [05/Mar/2020:11:11:42 -0300] "GET /cormun/static/gxcfg.js?201910216285969 HTTP/1.1" 200 953
190.171.141.90 - - [05/Mar/2020:11:11:42 -0300] "GET /cormun/static/Resources/Spanish/PXTools.css?2294816 HTTP/1.1" 200 100853
190.171.141.90 - - [05/Mar/2020:11:11:42 -0300] "GET /cormun/static/Resources/Logo2019_Grande.png HTTP/1.1" 200 31733
190.171.141.90 - - [05/Mar/2020:11:11:43 -0300] "GET /cormun/static/messages.spa.js?85251 HTTP/1.1" 200 30736
190.171.141.90 - - [05/Mar/2020:11:11:43 -0300] "GET /cormun/static/hlogin.js?201910216285995 HTTP/1.1" 200 2136
190.171.141.90 - - [05/Mar/2020:11:11:43 -0300] "GET /cormun/static/gxgral.js?85251 HTTP/1.1" 200 384558
190.171.141.90 - - [05/Mar/2020:11:11:43 -0300] "GET /cormun/static/Resources/PXToolsLoginTop.png HTTP/1.1" 200 1337
190.171.141.90 - - [05/Mar/2020:11:11:43 -0300] "GET /cormun/static/Resources/PXToolsLoginBackground.png HTTP/1.1" 200 1164
190.171.141.90 - - [05/Mar/2020:11:11:43 -0300] "GET /cormun/static/Resources/PXToolsButtonLeft.png HTTP/1.1" 200 1310
190.171.141.90 - - [05/Mar/2020:11:11:43 -0300] "GET /cormun/static/Resources/PXToolsButtonRight.png HTTP/1.1" 200 1294
190.171.141.90 - - [05/Mar/2020:11:11:43 -0300] "GET /cormun/static/Resources/PXToolsButtonBackground.png HTTP/1.1" 200 1176
190.171.141.90 - - [05/Mar/2020:11:11:43 -0300] "GET /cormun/static/Resources/PXToolsLoginBottom.png HTTP/1.1" 200 1389
190.171.141.90 - - [05/Mar/2020:11:11:43 -0300] "GET /cormun/servlet/hlogin HTTP/1.1" 200 1728
190.171.141.90 - - [05/Mar/2020:11:11:43 -0300] "GET /cormun/static/Resources/indicator.gif HTTP/1.1" 200 1553
190.171.141.90 - - [05/Mar/2020:11:11:43 -0300] "GET /favicon.ico HTTP/1.1" 200 21630
186.103.159.187 - - [05/Mar/2020:11:11:50 -0300] "POST /cormun/servlet/solicitudot?gx-no-cache=1583417162146 HTTP/1.1" 200 30
186.103.159.187 - - [05/Mar/2020:11:11:50 -0300] "POST /cormun/servlet/solicitudot?df70f0f60f17f7e87a26b24c7bee18d4,INS,0,0,false,,gx-no-cache=1583417162197 HTTP/1.1" 200 93
186.103.159.187 - - [05/Mar/2020:11:11:50 -0300] "GET /cormun/servlet/hpexe_return? HTTP/1.1" 200 1010
186.103.159.187 - - [05/Mar/2020:11:11:50 -0300] "GET /cormun/servlet/trsolicitudot HTTP/1.1" 200 8845
186.103.159.187 - - [05/Mar/2020:11:11:52 -0300] "GET /cormun/servlet/trsolicitudot HTTP/1.1" 200 8843
186.103.159.188 - - [05/Mar/2020:11:12:02 -0300] "POST /cormun/servlet/solicitudot?gx-no-cache=1583417120577 HTTP/1.1" 200 255
186.103.159.187 - - [05/Mar/2020:11:12:02 -0300] "POST /cormun/servlet/trsolicitudot?df70f0f60f17f7e87a26b24c7bee18d4,gx-no-cache=1583417174114 HTTP/1.1" 200 6274
186.103.159.188 - - [05/Mar/2020:11:12:02 -0300] "GET /cormun/servlet/solicitudot?ff36efe8e21c9400590c9c9e56d74d031b60d7dd2e157993db25b904dd6182a1b58449fbd7896f7684c9a45aebaffcd3b4663bb0742e3fc5d9ff1db7f94c95ff08cc4c0693b682af1aea90599095151b7ad81299b1ab1920a25d26eba19deb8d3bbd64dbc689b3966ff00c0afbdd47a7366c19e92eb1078fb554af0f8051c786970cde02fa701b1df501e125e10f409d4edfdc98fedacdc789e38c1ac7acfcd01de9a0bca22e368d03370af59b7e1920a0da261dd4ee2dc734ee5f661526489f3b3d452953a6300afd091f2f06a930ee6d941070f4eb6b32c0de6c09be7b0d767b0e8ced9ead2ca7f7cd23003ed4302064a59a761339cb9e276beb8fc17b9d76c977215bad969bb7574bbf9f5b782970e65a096583e072d00630f7dd0734c4ccf386586b0e53aa82b7766dd3e25137f059e30bfd7d3e8026a68086f916b80c8b227841c2d1d65b8eaadbf64c684fe7af7a22c67ce787622342bb895164d89881a0df4fe57548caa2c2e9865bac0a9dcf079a6ac1c59f3d810bc0862889b8996b,gx-no-cache=1583417120711 HTTP/1.1" 200 30
186.103.159.187 - - [05/Mar/2020:11:12:02 -0300] "GET /cormun/static/Shared/jqueryui/images/ui-bg_highlight-soft_100_c6c2c8_1x100.png HTTP/1.1" 404 1117
186.103.159.187 - - [05/Mar/2020:11:12:02 -0300] "GET /cormun/static/Shared/jqueryui/images/ui-icons_82798d_256x240.png HTTP/1.1" 404 1089
186.103.159.188 - - [05/Mar/2020:11:12:02 -0300] "POST /cormun/servlet/solicitudot?gx-no-cache=1583417121082 HTTP/1.1" 200 30
186.103.159.187 - - [05/Mar/2020:11:12:02 -0300] "GET /cormun/static/Shared/jqueryui/images/ui-bg_flat_55_fafafa_40x100.png HTTP/1.1" 404 1097
186.103.159.187 - - [05/Mar/2020:11:12:02 -0300] "GET /cormun/static/Shared/jqueryui/images/ui-icons_8d78a5_256x240.png HTTP/1.1" 404 1089
186.103.159.188 - - [05/Mar/2020:11:12:02 -0300] "POST /cormun/servlet/solicitudot?gx-no-cache=1583417121194 HTTP/1.1" 200 1367
186.103.159.188 - - [05/Mar/2020:11:12:02 -0300] "POST /cormun/servlet/solicitudot?gx-no-cache=1583417121312 HTTP/1.1" 200 41
186.103.159.188 - - [05/Mar/2020:11:12:02 -0300] "GET /cormun/servlet/solicitudot?ff36efe8e21c9400590c9c9e56d74d031ab431d6a1bf7fadc70e55fdee9617b8fcbee904485a5e05b55e6e777b85606f4934a99d079b34b21b61973268b625af02ec923ca5caef19eb7e25d1eb17368128f052453df844ea10a106fcb38cee35dbabfc6667eda8c85077e3350d704033,gx-no-cache=1583417121424 HTTP/1.1" 200 110
186.103.159.188 - - [05/Mar/2020:11:12:02 -0300] "POST /cormun/servlet/solicitudot?gx-no-cache=1583417121505 HTTP/1.1" 200 67
186.103.159.188 - - [05/Mar/2020:11:12:03 -0300] "GET /cormun/servlet/solicitudot?ff36efe8e21c9400590c9c9e56d74d03a1e058b370b4010be04db35298c95f8a2f19f234252b2099002a75a2f64746e08a3b65f9f26098c0cd442b2353c528d5f5cc62c0a4e710f01e358b4e0ca4970f97a2dff8a7adcaa0f6769950cadc0dda20e9b697b7643653fb7cc85daa0bf7a3f305f7f86128f8aa864e3af201a45717f4822ebd5f640aad42ff9ceb7dcfd6d5caf00cd7bc21b9b204328064b3122fea,gx-no-cache=1583417121649 HTTP/1.1" 200 29
186.103.159.188 - - [05/Mar/2020:11:12:03 -0300] "GET /cormun/servlet/solicitudot?ff36efe8e21c9400590c9c9e56d74d03aea3a89d375700948e9d9f0710c2d35e69a58dc4bf358e7d93c56a1d810f19b1,gx-no-cache=1583417121690 HTTP/1.1" 200 30
186.103.159.188 - - [05/Mar/2020:11:12:03 -0300] "POST /cormun/servlet/solicitudot?gx-no-cache=1583417121736 HTTP/1.1" 200 30
190.171.141.90 - - [05/Mar/2020:11:12:03 -0300] "POST /cormun/servlet/hlogin?826a9d59869d398f4e746516c0dbcfdc,gx-no-cache=1583417121015 HTTP/1.1" 200 438
186.103.159.188 - - [05/Mar/2020:11:12:03 -0300] "POST /cormun/servlet/solicitudot?114d6020ec9a1efb010719a699bee14d,UPD,2020,16303,false,,gx-no-cache=1583417121801 HTTP/1.1" 200 93
186.103.159.188 - - [05/Mar/2020:11:12:05 -0300] "GET /cormun/servlet/hpexe_return? HTTP/1.1" 200 1015
186.103.159.188 - - [05/Mar/2020:11:12:05 -0300] "GET /cormun/servlet/trsolicitudot HTTP/1.1" 200 8559
186.103.159.188 - - [05/Mar/2020:11:12:05 -0300] "GET /cormun/servlet/trsolicitudot HTTP/1.1" 200 8553
186.103.159.187 - - [05/Mar/2020:11:12:07 -0300] "POST /cormun/servlet/trsolicitudot?df70f0f60f17f7e87a26b24c7bee18d4,gx-no-cache=1583417179484 HTTP/1.1" 200 107
186.103.159.187 - - [05/Mar/2020:11:12:07 -0300] "GET /cormun/servlet/trsolicitudadjuntos?2020,16305, HTTP/1.1" 200 6062
186.103.159.187 - - [05/Mar/2020:11:12:08 -0300] "GET /cormun/static/gxcfg.js?20201215574222 HTTP/1.1" 200 953
186.103.159.187 - - [05/Mar/2020:11:12:09 -0300] "GET /cormun/servlet/trsolicitudadjuntos?2020,16305, HTTP/1.1" 200 6061
190.171.141.90 - - [05/Mar/2020:11:12:11 -0300] "POST /cormun/servlet/hlogin?826a9d59869d398f4e746516c0dbcfdc,gx-no-cache=1583417128451 HTTP/1.1" 200 438
190.171.141.90 - - [05/Mar/2020:11:12:20 -0300] "POST /cormun/servlet/hlogin?826a9d59869d398f4e746516c0dbcfdc,gx-no-cache=1583417138138 HTTP/1.1" 200 90
190.171.141.90 - - [05/Mar/2020:11:12:21 -0300] "GET /cormun/servlet/hpexe_link HTTP/1.1" 200 946
190.171.141.90 - - [05/Mar/2020:11:12:21 -0300] "GET /cormun/static/gxcfg.js?201991422392958 HTTP/1.1" 200 953
190.171.141.90 - - [05/Mar/2020:11:12:21 -0300] "GET /cormun/static/hpexe_link.js?201991422392963 HTTP/1.1" 200 625
190.171.141.90 - - [05/Mar/2020:11:12:21 -0300] "GET /cormun/servlet/hhome HTTP/1.1" 200 4006
190.171.141.90 - - [05/Mar/2020:11:12:21 -0300] "GET /cormun/static/Shared/jqueryui/jquery-ui.min.css?1345370 HTTP/1.1" 200 30288
190.171.141.90 - - [05/Mar/2020:11:12:21 -0300] "GET /cormun/static/Resources/Spanish/PXTools.css?14345360 HTTP/1.1" 200 100853
190.171.141.90 - - [05/Mar/2020:11:12:21 -0300] "GET /cormun/static/SmoothNavMenu/resources/ddsmoothmenu.css?1112540 HTTP/1.1" 200 2223
190.171.141.90 - - [05/Mar/2020:11:12:21 -0300] "GET /cormun/static/SmoothNavMenu/resources/ddsmoothmenu-v.css?1112540 HTTP/1.1" 200 1188
190.171.141.90 - - [05/Mar/2020:11:12:21 -0300] "GET /cormun/static/scaMessage/css/jquery.pnotify.default.css?1816380 HTTP/1.1" 200 1707
190.171.141.90 - - [05/Mar/2020:11:12:21 -0300] "GET /cormun/static/gxcfg.js?20201215495537 HTTP/1.1" 200 953
190.171.141.90 - - [05/Mar/2020:11:12:21 -0300] "GET /cormun/static/PXToolsJavascripts/pexe_autoreload.js HTTP/1.1" 200 1762
190.171.141.90 - - [05/Mar/2020:11:12:21 -0300] "GET /cormun/static/PXToolsJavascripts/pexe_cookies.js HTTP/1.1" 200 792
190.171.141.90 - - [05/Mar/2020:11:12:21 -0300] "GET /cormun/static/PXToolsJavascripts/pexe_windows.js HTTP/1.1" 200 15207
190.171.141.90 - - [05/Mar/2020:11:12:21 -0300] "GET /cormun/static/PXToolsJavascripts/pexe_grid.js HTTP/1.1" 200 7559
190.171.141.90 - - [05/Mar/2020:11:12:21 -0300] "GET /cormun/static/PXToolsJavascripts/pexe_griddivfix.js HTTP/1.1" 200 6644
190.171.141.90 - - [05/Mar/2020:11:12:21 -0300] "GET /cormun/static/PXToolsJavascripts/pexe_link.js HTTP/1.1" 200 5671
190.171.141.90 - - [05/Mar/2020:11:12:21 -0300] "GET /cormun/static/PXToolsJavascripts/pexe_menudivfix.js HTTP/1.1" 200 333
190.171.141.90 - - [05/Mar/2020:11:12:21 -0300] "GET /cormun/static/PXToolsJavascripts/pexe_menus.js HTTP/1.1" 200 1286
190.171.141.90 - - [05/Mar/2020:11:12:21 -0300] "GET /cormun/static/PXToolsJavascripts/pexe_layers.js HTTP/1.1" 200 4114
190.171.141.90 - - [05/Mar/2020:11:12:21 -0300] "GET /cormun/static/PXToolsJavascripts/pexe_oav.js HTTP/1.1" 200 645
190.171.141.90 - - [05/Mar/2020:11:12:21 -0300] "GET /cormun/static/PXToolsJavascripts/pexe_oavdivfix.js HTTP/1.1" 200 639
190.171.141.90 - - [05/Mar/2020:11:12:21 -0300] "GET /cormun/static/PXToolsJavascripts/pexe_picture.js HTTP/1.1" 200 689
190.171.141.90 - - [05/Mar/2020:11:12:21 -0300] "GET /cormun/static/PXToolsJavascripts/pexe_popup.js HTTP/1.1" 200 13458
190.171.141.90 - - [05/Mar/2020:11:12:21 -0300] "GET /cormun/static/PXToolsJavascripts/pexe_scrolldiv.js HTTP/1.1" 200 4138
190.171.141.90 - - [05/Mar/2020:11:12:21 -0300] "GET /cormun/static/PXToolsJavascripts/pexe_tabdivfix.js HTTP/1.1" 200 876
190.171.141.90 - - [05/Mar/2020:11:12:21 -0300] "GET /cormun/static/PXToolsJavascripts/pexe_tabs.js HTTP/1.1" 200 3748
190.171.141.90 - - [05/Mar/2020:11:12:21 -0300] "GET /cormun/static/PXToolsJavascripts/pexe_upload.js HTTP/1.1" 200 1423
190.171.141.90 - - [05/Mar/2020:11:12:21 -0300] "GET /cormun/static/PXToolsJavascripts/PXToolsJavascriptsRender.js HTTP/1.1" 200 367
190.171.141.90 - - [05/Mar/2020:11:12:21 -0300] "GET /cormun/static/Resources/Logo2019_Small.png HTTP/1.1" 200 10855
190.171.141.90 - - [05/Mar/2020:11:12:21 -0300] "GET /cormun/static/Resources/ImgHome.png HTTP/1.1" 200 1364
190.171.141.90 - - [05/Mar/2020:11:12:21 -0300] "GET /cormun/static/RunJS/RunJS.js HTTP/1.1" 200 288
190.171.141.90 - - [05/Mar/2020:11:12:22 -0300] "GET /cormun/static/gxui/gxui-all.js HTTP/1.1" 200 107772
190.171.141.90 - - [05/Mar/2020:11:12:22 -0300] "GET /cormun/static/Shared/ext/locale/ext-lang-en.js HTTP/1.1" 200 10940
190.171.141.90 - - [05/Mar/2020:11:12:22 -0300] "GET /cormun/static/hwchdr01.js?20201214473739 HTTP/1.1" 200 996
190.171.141.90 - - [05/Mar/2020:11:12:22 -0300] "GET /cormun/static/hhome.js?20201215495544 HTTP/1.1" 200 777
190.171.141.90 - - [05/Mar/2020:11:12:22 -0300] "GET /cormun/static/hpexe_recentlink.js?20201214471090 HTTP/1.1" 200 2144
190.171.141.90 - - [05/Mar/2020:11:12:22 -0300] "GET /cormun/static/hpexe_messagecontroller.js?201991422154126 HTTP/1.1" 200 870
190.171.141.90 - - [05/Mar/2020:11:12:22 -0300] "GET /cormun/static/hpexe_scripts.js?20201214471411 HTTP/1.1" 200 1544
190.171.141.90 - - [05/Mar/2020:11:12:22 -0300] "GET /cormun/static/Resources/ImgLogin.png HTTP/1.1" 200 1432
190.171.141.90 - - [05/Mar/2020:11:12:22 -0300] "GET /cormun/static/Resources/Llave.png HTTP/1.1" 200 1395
190.171.141.90 - - [05/Mar/2020:11:12:22 -0300] "GET /cormun/static/Resources/PXToolsDataTitle.png HTTP/1.1" 200 1173
190.171.141.90 - - [05/Mar/2020:11:12:22 -0300] "GET /cormun/static/hpexe_messagepopupcomponent.js?2020121447232 HTTP/1.1" 200 605
190.171.141.90 - - [05/Mar/2020:11:12:22 -0300] "GET /cormun/static/hpexe_messagegenexuscomponent.js?2020121447173 HTTP/1.1" 200 587
190.171.141.90 - - [05/Mar/2020:11:12:22 -0300] "GET /cormun/static/cmcontrolpreferences.js?20199141926336 HTTP/1.1" 200 1375
190.171.141.90 - - [05/Mar/2020:11:12:22 -0300] "GET /cormun/static/SmoothNavMenu/resources/ddsmoothmenu.js HTTP/1.1" 200 12712
190.171.141.90 - - [05/Mar/2020:11:12:22 -0300] "GET /cormun/static/SmoothNavMenu/resources/SmoothNavMenuRender.js HTTP/1.1" 200 5951
190.171.141.90 - - [05/Mar/2020:11:12:22 -0300] "GET /cormun/static/scaMessage/js/jquery.pnotify.min.js HTTP/1.1" 200 13038
190.171.141.90 - - [05/Mar/2020:11:12:22 -0300] "GET /cormun/static/Shared/jquery/jquery-1.4.2.min.js HTTP/1.1" 200 72174
190.171.141.90 - - [05/Mar/2020:11:12:22 -0300] "GET /cormun/static/scaMessage/scaMessageRender.js HTTP/1.1" 200 11977
190.171.141.90 - - [05/Mar/2020:11:12:22 -0300] "GET /cormun/static/hmpwkw03.js?20201215501896 HTTP/1.1" 200 3973
190.171.141.90 - - [05/Mar/2020:11:12:22 -0300] "GET /cormun/static/Shared/ext/ext-all.js HTTP/1.1" 200 1289687
190.171.141.90 - - [05/Mar/2020:11:12:22 -0300] "GET /cormun/static/Shared/jquery/jquery-1.10.2.min.js HTTP/1.1" 200 273199
190.171.141.90 - - [05/Mar/2020:11:12:22 -0300] "GET /cormun/static/Shared/jqueryui/jquery-ui.min.js HTTP/1.1" 200 240427
190.171.141.90 - - [05/Mar/2020:11:12:23 -0300] "GET /cormun/servlet/hhome HTTP/1.1" 200 4003
190.171.141.90 - - [05/Mar/2020:11:12:23 -0300] "GET /cormun/static/SmoothNavMenu/resources/images/down.gif HTTP/1.1" 200 854
190.171.141.90 - - [05/Mar/2020:11:12:23 -0300] "GET /cormun/static/SmoothNavMenu/resources/images/right.gif HTTP/1.1" 200 860
190.171.141.90 - - [05/Mar/2020:11:12:30 -0300] "GET /cormun/servlet/trautorizarsolicitud? HTTP/1.1" 200 10389
190.171.141.90 - - [05/Mar/2020:11:12:30 -0300] "GET /cormun/static/gxui/gxui-all.css?110300 HTTP/1.1" 200 2179
190.171.141.90 - - [05/Mar/2020:11:12:30 -0300] "GET /cormun/static/calendar-system.css?75620 HTTP/1.1" 200 5572
190.171.141.90 - - [05/Mar/2020:11:12:30 -0300] "GET /cormun/static/gxcfg.js?201991422414522 HTTP/1.1" 200 953
190.171.141.90 - - [05/Mar/2020:11:12:31 -0300] "GET /cormun/static/Shared/ext/resources/css/ext-all.css?205870 HTTP/1.1" 200 416045
190.171.141.90 - - [05/Mar/2020:11:12:31 -0300] "GET /cormun/static/calendar-setup.js?85251 HTTP/1.1" 200 2588
190.171.141.90 - - [05/Mar/2020:11:12:31 -0300] "GET /cormun/static/calendar-es.js?85251 HTTP/1.1" 200 1901
190.171.141.90 - - [05/Mar/2020:11:12:31 -0300] "GET /cormun/static/calendar.js?85251 HTTP/1.1" 200 26246
190.171.141.90 - - [05/Mar/2020:11:12:31 -0300] "GET /cormun/static/Resources/PXToolsDataSearch.png HTTP/1.1" 200 435
190.171.141.90 - - [05/Mar/2020:11:12:31 -0300] "GET /cormun/static/Resources/PXTools/calendar.png HTTP/1.1" 200 1306
190.171.141.90 - - [05/Mar/2020:11:12:31 -0300] "GET /cormun/static/gxdec.js?85251 HTTP/1.1" 200 19579
190.171.141.90 - - [05/Mar/2020:11:12:31 -0300] "GET /cormun/static/trautorizarsolicitud.js?201991422415463 HTTP/1.1" 200 53910
190.171.141.90 - - [05/Mar/2020:11:12:32 -0300] "GET /cormun/static/Resources/PXToolsGridFirstDisabled.gif HTTP/1.1" 200 100
190.171.141.90 - - [05/Mar/2020:11:12:32 -0300] "GET /cormun/static/Resources/PXToolsGridPreviousDisabled.gif HTTP/1.1" 200 90
190.171.141.90 - - [05/Mar/2020:11:12:32 -0300] "GET /cormun/static/Resources/PXToolsGridNextDisabled.gif HTTP/1.1" 200 90
190.171.141.90 - - [05/Mar/2020:11:12:32 -0300] "GET /cormun/static/Resources/PXToolsGridLastDisabled.gif HTTP/1.1" 200 98
190.171.141.90 - - [05/Mar/2020:11:12:32 -0300] "GET /cormun/static/Resources/PXToolsGridPage.gif HTTP/1.1" 200 725
190.171.141.90 - - [05/Mar/2020:11:12:32 -0300] "GET /cormun/static/Resources/PXToolsActionExcel.png HTTP/1.1" 200 727
190.171.141.90 - - [05/Mar/2020:11:12:32 -0300] "GET /cormun/static/Resources/asc.gif HTTP/1.1" 200 67
190.171.141.90 - - [05/Mar/2020:11:12:32 -0300] "GET /cormun//static/Resources/PXToolsActionView.png HTTP/1.1" 200 398
190.171.141.90 - - [05/Mar/2020:11:12:32 -0300] "GET /cormun/static/Resources/desc.gif HTTP/1.1" 200 65
190.171.141.90 - - [05/Mar/2020:11:12:32 -0300] "GET /cormun/servlet/trautorizarsolicitud? HTTP/1.1" 200 10388
190.171.141.90 - - [05/Mar/2020:11:12:32 -0300] "GET /cormun//static/Resources/PXToolsRemoveAllAction.png HTTP/1.1" 200 487
190.171.141.90 - - [05/Mar/2020:11:12:32 -0300] "GET /cormun//static/Resources/PXToolsGridDelete.png HTTP/1.1" 200 538
190.171.141.90 - - [05/Mar/2020:11:12:32 -0300] "GET /cormun//static/Resources/PXToolsGridUpdate.png HTTP/1.1" 200 470
190.171.141.90 - - [05/Mar/2020:11:12:32 -0300] "GET /cormun/static/Shared/ext/resources/themes/images/default/panel/bg-headersPanel.png HTTP/1.1" 200 255
190.171.141.90 - - [05/Mar/2020:11:12:32 -0300] "GET /cormun/static/Shared/ext/resources/themes/images/default/tools/tool-sprites.gif HTTP/1.1" 200 5434
190.171.141.90 - - [05/Mar/2020:11:12:32 -0300] "GET /cormun//static/Resources/PXTools/ActionInsert.png HTTP/1.1" 200 1482
190.171.141.90 - - [05/Mar/2020:11:12:33 -0300] "POST /cormun/servlet/acontrolpreferencessavestate?None,MCORREA,true HTTP/1.1" 200 35
186.103.159.188 - - [05/Mar/2020:11:12:34 -0300] "POST /cormun/servlet/trsolicitudot?114d6020ec9a1efb010719a699bee14d,gx-no-cache=1583417152829 HTTP/1.1" 200 112
186.103.159.188 - - [05/Mar/2020:11:12:34 -0300] "GET /cormun/servlet/solicitudot?UPD,2020,16303,false, HTTP/1.1" 200 15837
186.103.159.189 - - [05/Mar/2020:11:12:34 -0300] "POST /cormun/servlet/hlogin?b24476ed6220088d87c2e96ecb8e9f31,gx-no-cache=1583417154593 HTTP/1.1" 200 90
186.103.159.189 - - [05/Mar/2020:11:12:34 -0300] "GET /cormun/servlet/hpexe_link HTTP/1.1" 200 950
186.103.159.188 - - [05/Mar/2020:11:12:35 -0300] "GET /cormun/servlet/solicitudot?UPD,2020,16303,false, HTTP/1.1" 200 15848
186.103.159.189 - - [05/Mar/2020:11:12:35 -0300] "GET /cormun/servlet/hhome HTTP/1.1" 200 4301
186.103.159.188 - - [05/Mar/2020:11:12:35 -0300] "POST /cormun/servlet/solicitudot?gx-no-cache=1583417154054 HTTP/1.1" 200 3614
186.103.159.188 - - [05/Mar/2020:11:12:36 -0300] "POST /cormun/servlet/solicitudot?114d6020ec9a1efb010719a699bee14d,UPD,2020,16303,false,,gx-no-cache=1583417154588 HTTP/1.1" 200 12028
186.103.159.188 - - [05/Mar/2020:11:12:36 -0300] "GET /cormun/servlet/solicitudot?ff36efe8e21c9400590c9c9e56d74d03516c24a6af32297c5b165d4e60155deb82c88a0febca1355ea6bed53a14eabe9,gx-no-cache=1583417154872 HTTP/1.1" 200 30
186.103.159.188 - - [05/Mar/2020:11:12:36 -0300] "GET /cormun/servlet/solicitudot?ff36efe8e21c9400590c9c9e56d74d037ec97298bcbaf7554e13888e9df12cfa4a59dc5f3a648981daee9ffff385ada10c0b7ccd23e23e49540010f0d17728cc,gx-no-cache=1583417154908 HTTP/1.1" 200 30
186.103.159.188 - - [05/Mar/2020:11:12:36 -0300] "GET /cormun/servlet/solicitudot?ff36efe8e21c9400590c9c9e56d74d03b8c3ef45694a52b10d8f0faf9810f85a2fc36975f14804018a14f7dce67b1c9c133a8923e1d076422d6fffd8b74304a7,gx-no-cache=1583417154961 HTTP/1.1" 200 53
186.103.159.188 - - [05/Mar/2020:11:12:36 -0300] "POST /cormun/servlet/solicitudot?gx-no-cache=1583417155014 HTTP/1.1" 200 255
186.103.159.188 - - [05/Mar/2020:11:12:36 -0300] "GET /cormun/servlet/solicitudot?ff36efe8e21c9400590c9c9e56d74d031b60d7dd2e157993db25b904dd6182a1b58449fbd7896f7684c9a45aebaffcd3b4663bb0742e3fc5d9ff1db7f94c95ff08cc4c0693b682af1aea90599095151b7ad81299b1ab1920a25d26eba19deb8d3bbd64dbc689b3966ff00c0afbdd47a7366c19e92eb1078fb554af0f8051c786970cde02fa701b1df501e125e10f409d4edfdc98fedacdc789e38c1ac7acfcd01de9a0bca22e368d03370af59b7e1920a0da261dd4ee2dc734ee5f661526489f3b3d452953a6300afd091f2f06a930ee6d941070f4eb6b32c0de6c09be7b0d767b0e8ced9ead2ca7f7cd23003ed4302064a59a761339cb9e276beb8fc17b9d76c977215bad969bb7574bbf9f5b782970e65a096583e072d00630f7dd0734c4ccf386586b0e53aa82b7766dd3e25137f059e30bfd7d3e8026a68086f916b80c8b227841c2d1d65b8eaadbf64c684fe7af7a22c67ce787622342bb895164d89881a0df4fe57548caa2c2e9865bac0a9dcf079a6ac1c59f3d810bc0862889b8996b,gx-no-cache=1583417155058 HTTP/1.1" 200 30
186.103.159.188 - - [05/Mar/2020:11:12:36 -0300] "POST /cormun/servlet/solicitudot?gx-no-cache=1583417155434 HTTP/1.1" 200 30
186.103.159.188 - - [05/Mar/2020:11:12:36 -0300] "POST /cormun/servlet/solicitudot?gx-no-cache=1583417155555 HTTP/1.1" 200 1367
186.103.159.188 - - [05/Mar/2020:11:12:37 -0300] "POST /cormun/servlet/solicitudot?gx-no-cache=1583417155644 HTTP/1.1" 200 41
186.103.159.189 - - [05/Mar/2020:11:12:37 -0300] "GET /cormun/servlet/hhome HTTP/1.1" 200 4297
186.103.159.189 - - [05/Mar/2020:11:12:37 -0300] "GET /cormun/static/SmoothNavMenu/resources/images/right.gif HTTP/1.1" 200 860
186.103.159.188 - - [05/Mar/2020:11:12:39 -0300] "GET /cormun/servlet/solicitudot?ff36efe8e21c9400590c9c9e56d74d031ab431d6a1bf7fadc70e55fdee9617b8fcbee904485a5e05b55e6e777b85606f4934a99d079b34b21b61973268b625af02ec923ca5caef19eb7e25d1eb17368128f052453df844ea10a106fcb38cee35dbabfc6667eda8c85077e3350d704033,gx-no-cache=1583417157645 HTTP/1.1" 200 110
190.171.141.90 - - [05/Mar/2020:11:12:51 -0300] "POST /cormun/servlet/trautorizarsolicitud?826a9d59869d398f4e746516c0dbcfdc,,gx-no-cache=1583417169081 HTTP/1.1" 200 116
190.171.141.90 - - [05/Mar/2020:11:12:51 -0300] "GET /cormun/servlet/solicitudotlog?INS,2020,16282,0,ANU, HTTP/1.1" 200 5866
190.171.141.90 - - [05/Mar/2020:11:12:52 -0300] "GET /cormun/static/calendar-system.css?85620 HTTP/1.1" 200 5572
190.171.141.90 - - [05/Mar/2020:11:12:52 -0300] "GET /cormun/static/gxcfg.js?2020121572485 HTTP/1.1" 200 953
190.171.141.90 - - [05/Mar/2020:11:12:52 -0300] "GET /cormun/static/solicitudotlog.js?2020121572497 HTTP/1.1" 200 8934
186.103.159.188 - - [05/Mar/2020:11:12:52 -0300] "POST /cormun/servlet/solicitudot?gx-no-cache=1583417170987 HTTP/1.1" 200 105
190.171.141.90 - - [05/Mar/2020:11:12:52 -0300] "GET /cormun/servlet/solicitudotlog?INS,2020,16282,0,ANU, HTTP/1.1" 200 5868
190.171.141.90 - - [05/Mar/2020:11:12:53 -0300] "GET /cormun/servlet/solicitudotlog?616818a9e0f04e2de8332c43a4a2efa638faacc189f5b956f158f7e77ce0bddcfa6603030f43f0d07e363c78279922bfd2d3f5800c2d5d9e4c706f8adbd3b5b0fe1ab6cda3d394ebca82a59082d7a0a1f3841f48a4fa248ba24d9fc3f85903338bbbfc7b9bac6594872d7eaf38ad8b762b119a1f5390503b8facfca7738173ebe46e2fe21c3bb93c11ab3af93f6ec948203242ff485dc2aa6cfed0a17256377c,gx-no-cache=1583417170302 HTTP/1.1" 200 94
186.103.159.188 - - [05/Mar/2020:11:12:56 -0300] "GET /cormun/servlet/solicitudot?ff36efe8e21c9400590c9c9e56d74d03a1e058b370b4010be04db35298c95f8a2f19f234252b2099002a75a2f64746e08a3b65f9f26098c0cd442b2353c528d5f5cc62c0a4e710f01e358b4e0ca4970f97a2dff8a7adcaa0f6769950cadc0dda20e9b697b7643653fb7cc85daa0bf7a3f305f7f86128f8aa864e3af201a45717f4822ebd5f640aad42ff9ceb7dcfd6d5caf00cd7bc21b9b204328064b3122fea,gx-no-cache=1583417175115 HTTP/1.1" 200 29
186.103.159.188 - - [05/Mar/2020:11:12:56 -0300] "GET /cormun/servlet/solicitudot?ff36efe8e21c9400590c9c9e56d74d03aea3a89d375700948e9d9f0710c2d35e69a58dc4bf358e7d93c56a1d810f19b1,gx-no-cache=1583417175144 HTTP/1.1" 200 30
186.103.159.188 - - [05/Mar/2020:11:12:56 -0300] "POST /cormun/servlet/solicitudot?gx-no-cache=1583417175178 HTTP/1.1" 200 30
186.103.159.188 - - [05/Mar/2020:11:12:56 -0300] "POST /cormun/servlet/solicitudot?114d6020ec9a1efb010719a699bee14d,UPD,2020,16303,false,,gx-no-cache=1583417175221 HTTP/1.1" 200 93
186.103.159.188 - - [05/Mar/2020:11:12:56 -0300] "GET /cormun/servlet/hpexe_return? HTTP/1.1" 200 1015
186.103.159.188 - - [05/Mar/2020:11:12:57 -0300] "GET /cormun/servlet/trsolicitudot HTTP/1.1" 200 8562
186.103.159.188 - - [05/Mar/2020:11:12:57 -0300] "GET /cormun/servlet/trsolicitudot HTTP/1.1" 200 8556
190.171.141.90 - - [05/Mar/2020:11:13:02 -0300] "POST /cormun/servlet/solicitudotlog?826a9d59869d398f4e746516c0dbcfdc,INS,2020,16282,0,ANU,,gx-no-cache=1583417179990 HTTP/1.1" 200 93
190.171.141.90 - - [05/Mar/2020:11:13:02 -0300] "GET /cormun/servlet/hpexe_return? HTTP/1.1" 200 1023
190.171.141.90 - - [05/Mar/2020:11:13:02 -0300] "GET /cormun/static/gxcfg.js?201991422392976 HTTP/1.1" 200 953
190.171.141.90 - - [05/Mar/2020:11:13:02 -0300] "GET /cormun/static/hpexe_return.js?201991422392984 HTTP/1.1" 200 1633
190.171.141.90 - - [05/Mar/2020:11:13:03 -0300] "GET /cormun/servlet/trautorizarsolicitud HTTP/1.1" 200 10120
190.171.141.90 - - [05/Mar/2020:11:13:03 -0300] "GET /cormun/servlet/trautorizarsolicitud HTTP/1.1" 200 10116
190.171.141.90 - - [05/Mar/2020:11:13:23 -0300] "POST /cormun/servlet/trautorizarsolicitud?826a9d59869d398f4e746516c0dbcfdc,gx-no-cache=1583417200963 HTTP/1.1" 200 7124
190.171.141.90 - - [05/Mar/2020:11:13:24 -0300] "GET /cormun/static/Shared/jqueryui/images/ui-bg_highlight-soft_100_c6c2c8_1x100.png HTTP/1.1" 404 1117
190.171.141.90 - - [05/Mar/2020:11:13:24 -0300] "GET /cormun/static/Shared/jqueryui/images/ui-icons_82798d_256x240.png HTTP/1.1" 404 1089
190.171.141.90 - - [05/Mar/2020:11:13:24 -0300] "GET /cormun/static/Shared/jqueryui/images/ui-bg_flat_55_fafafa_40x100.png HTTP/1.1" 404 1097
190.171.141.90 - - [05/Mar/2020:11:13:24 -0300] "GET /cormun/static/Shared/jqueryui/images/ui-icons_8d78a5_256x240.png HTTP/1.1" 404 1089
190.171.141.90 - - [05/Mar/2020:11:13:24 -0300] "POST /cormun/servlet/trautorizarsolicitud?826a9d59869d398f4e746516c0dbcfdc,gx-no-cache=1583417201979 HTTP/1.1" 200 7070
190.171.143.82 - - [05/Mar/2020:11:13:41 -0300] "GET /cormun/servlet/hhome HTTP/1.1" 200 3301
190.171.143.82 - - [05/Mar/2020:11:13:43 -0300] "GET /cormun/servlet/hlogin HTTP/1.1" 200 1742
190.171.143.82 - - [05/Mar/2020:11:13:43 -0300] "GET /cormun/servlet/hhome HTTP/1.1" 200 3311
190.171.141.90 - - [05/Mar/2020:11:13:44 -0300] "POST /cormun/servlet/trautorizarsolicitud?826a9d59869d398f4e746516c0dbcfdc,gx-no-cache=1583417221484 HTTP/1.1" 200 6867
190.171.141.90 - - [05/Mar/2020:11:13:44 -0300] "POST /cormun/servlet/trautorizarsolicitud?826a9d59869d398f4e746516c0dbcfdc,gx-no-cache=1583417221899 HTTP/1.1" 200 6812
190.171.141.90 - - [05/Mar/2020:11:13:47 -0300] "POST /cormun/servlet/trautorizarsolicitud?826a9d59869d398f4e746516c0dbcfdc,gx-no-cache=1583417224131 HTTP/1.1" 200 6419
190.171.141.90 - - [05/Mar/2020:11:13:47 -0300] "POST /cormun/servlet/trautorizarsolicitud?826a9d59869d398f4e746516c0dbcfdc,gx-no-cache=1583417224498 HTTP/1.1" 200 6361
186.103.159.189 - - [05/Mar/2020:11:13:55 -0300] "GET /cormun/servlet/trautorizarsolicitud? HTTP/1.1" 200 9644
186.103.159.189 - - [05/Mar/2020:11:13:55 -0300] "GET /cormun/static/gxcfg.js?201991422414522 HTTP/1.1" 200 953
190.171.143.82 - - [05/Mar/2020:11:13:55 -0300] "POST /cormun/servlet/hlogin?d622159c399e977378f0f1e83b8040df,gx-no-cache=1583417478631 HTTP/1.1" 200 90
190.171.143.82 - - [05/Mar/2020:11:13:55 -0300] "GET /cormun/servlet/hpexe_link HTTP/1.1" 200 955
186.103.159.189 - - [05/Mar/2020:11:13:55 -0300] "GET /cormun/static/trautorizarsolicitud.js?201991422415463 HTTP/1.1" 200 53910
190.171.143.82 - - [05/Mar/2020:11:13:56 -0300] "GET /cormun/servlet/hhome HTTP/1.1" 200 4006
190.171.143.82 - - [05/Mar/2020:11:13:57 -0300] "GET /cormun/servlet/hhome HTTP/1.1" 200 4002
186.103.159.189 - - [05/Mar/2020:11:13:57 -0300] "GET /cormun/servlet/trautorizarsolicitud? HTTP/1.1" 200 9642
190.171.143.82 - - [05/Mar/2020:11:14:01 -0300] "GET /cormun/servlet/trlicencias? HTTP/1.1" 200 9499
186.103.159.188 - - [05/Mar/2020:11:14:02 -0300] "GET /cormun/servlet/solicitudot?INS,0,0,false, HTTP/1.1" 200 15254
186.103.159.188 - - [05/Mar/2020:11:14:02 -0300] "GET /cormun/servlet/solicitudot?INS,0,0,false, HTTP/1.1" 200 15262
190.171.143.82 - - [05/Mar/2020:11:14:02 -0300] "GET /cormun/servlet/trlicencias? HTTP/1.1" 200 9494
186.103.159.188 - - [05/Mar/2020:11:14:11 -0300] "POST /cormun/servlet/solicitudot?gx-no-cache=1583417250207 HTTP/1.1" 200 3651
186.103.159.188 - - [05/Mar/2020:11:14:11 -0300] "POST /cormun/servlet/solicitudot?114d6020ec9a1efb010719a699bee14d,INS,0,0,false,,gx-no-cache=1583417250438 HTTP/1.1" 200 12018
186.103.159.189 - - [05/Mar/2020:11:14:14 -0300] "POST /cormun/servlet/trautorizarsolicitud?b24476ed6220088d87c2e96ecb8e9f31,,gx-no-cache=1583417254016 HTTP/1.1" 200 4552
190.171.143.82 - - [05/Mar/2020:11:14:14 -0300] "GET /cormun/servlet/alicenciaprn?16250701,L,20200303000000,PU HTTP/1.1" 200 1533
192.168.10.89 - - [05/Mar/2020:11:14:16 -0300] "GET /cormun/servlet/hlogin HTTP/1.1" 200 1727
192.168.10.89 - - [05/Mar/2020:11:14:16 -0300] "GET /cormun/static/gxcfg.js?201910216285969 HTTP/1.1" 304 -
186.103.159.188 - - [05/Mar/2020:11:14:20 -0300] "GET /cormun/servlet/solicitudot?ff36efe8e21c9400590c9c9e56d74d03cefd6b868f3606b4d3346040ae4c768a6b001cfe923ef46f4d839b2a866e8f80,gx-no-cache=1583417258697 HTTP/1.1" 200 30
186.103.159.188 - - [05/Mar/2020:11:14:20 -0300] "GET /cormun/servlet/solicitudot?ff36efe8e21c9400590c9c9e56d74d036b2c8f0dab14c27a23a36ba6a98abaaf59ded36777fc9c6d7908f98aca716c6e3e5410ff362f233cfb5259b78d077290,gx-no-cache=1583417258749 HTTP/1.1" 200 30
186.103.159.188 - - [05/Mar/2020:11:14:20 -0300] "GET /cormun/servlet/solicitudot?ff36efe8e21c9400590c9c9e56d74d03bd7cf82b539a2d3fe14d737def654e19,gx-no-cache=1583417258798 HTTP/1.1" 200 51
186.103.159.188 - - [05/Mar/2020:11:14:20 -0300] "POST /cormun/servlet/solicitudot?gx-no-cache=1583417258882 HTTP/1.1" 200 255
186.103.159.188 - - [05/Mar/2020:11:14:20 -0300] "GET /cormun/servlet/solicitudot?ff36efe8e21c9400590c9c9e56d74d031b60d7dd2e157993db25b904dd6182a1b58449fbd7896f7684c9a45aebaffcd3b4663bb0742e3fc5d9ff1db7f94c95ff08cc4c0693b682af1aea90599095151b7ad81299b1ab1920a25d26eba19deb8d3bbd64dbc689b3966ff00c0afbdd47a7366c19e92eb1078fb554af0f8051c786970cde02fa701b1df501e125e10f409d4edfdc98fedacdc789e38c1ac7acfcd01de9a0bca22e368d03370af59b7e1920a0da261dd4ee2dc734ee5f661526489f3b3d452953a6300afd091f2f06a930ee6d941070f4eb6b32c0de6c09be7b0d767b0e8ced9ead2ca7f7cd23003ed4302064a59a761339cb9e276beb8fc17b9d76c977215bad969bb7574bbf9f5b782970e65a096583e072d00630f7dd0734c4ccf386586b0e53aa82b7766dd3e25137f059e30bfd7d3e8026a68086f916b80c8b227841c2d1d65b8eaadbf64c684fe7af7a22c67ce787622342bb895164d89881a0df4fe57548caa2c2e9865bac0a9dcf0fe69370a9d757eb668a7bd2bf8af170,gx-no-cache=1583417258938 HTTP/1.1" 200 30
186.103.159.189 - - [05/Mar/2020:11:14:24 -0300] "GET /cormun/servlet/trautorizarsolicitud? HTTP/1.1" 200 7413
186.103.159.188 - - [05/Mar/2020:11:14:25 -0300] "POST /cormun/servlet/solicitudot?gx-no-cache=1583417263984 HTTP/1.1" 200 30
186.103.159.189 - - [05/Mar/2020:11:14:25 -0300] "GET /cormun/servlet/trautorizarsolicitud? HTTP/1.1" 200 7413
186.103.159.189 - - [05/Mar/2020:11:14:28 -0300] "GET /cormun/servlet/trsolicitudot? HTTP/1.1" 200 7517
186.103.159.188 - - [05/Mar/2020:11:14:29 -0300] "POST /cormun/servlet/solicitudot?gx-no-cache=1583417268194 HTTP/1.1" 200 1365
186.103.159.188 - - [05/Mar/2020:11:14:29 -0300] "POST /cormun/servlet/solicitudot?gx-no-cache=1583417268285 HTTP/1.1" 200 38
186.103.159.188 - - [05/Mar/2020:11:14:29 -0300] "GET /cormun/servlet/solicitudot?ff36efe8e21c9400590c9c9e56d74d031ab431d6a1bf7fadc70e55fdee9617b8fcbee904485a5e05b55e6e777b85606f4934a99d079b34b21b61973268b625af02ec923ca5caef19eb7e25d1eb17368128f052453df844ea10a106fcb38cee35dbabfc6667eda8c85077e3350d704033,gx-no-cache=1583417268316 HTTP/1.1" 200 110
186.103.159.189 - - [05/Mar/2020:11:14:30 -0300] "GET /cormun/servlet/trsolicitudot? HTTP/1.1" 200 7516
190.171.141.90 - - [05/Mar/2020:11:14:31 -0300] "POST /cormun/servlet/trautorizarsolicitud?826a9d59869d398f4e746516c0dbcfdc,gx-no-cache=1583417268833 HTTP/1.1" 200 5984
190.171.141.90 - - [05/Mar/2020:11:14:31 -0300] "POST /cormun/servlet/trautorizarsolicitud?826a9d59869d398f4e746516c0dbcfdc,gx-no-cache=1583417269180 HTTP/1.1" 200 5927
186.103.159.189 - - [05/Mar/2020:11:14:35 -0300] "POST /cormun/servlet/trsolicitudot?b24476ed6220088d87c2e96ecb8e9f31,,gx-no-cache=1583417275467 HTTP/1.1" 200 6893
190.171.143.82 - - [05/Mar/2020:11:14:37 -0300] "GET /cormun/servlet/trpermisosgoce? HTTP/1.1" 200 8087
190.171.143.82 - - [05/Mar/2020:11:14:39 -0300] "GET /cormun/servlet/trpermisosgoce? HTTP/1.1" 200 8087
186.103.159.188 - - [05/Mar/2020:11:14:41 -0300] "POST /cormun/servlet/solicitudot?gx-no-cache=1583417279690 HTTP/1.1" 200 72
190.171.141.90 - - [05/Mar/2020:11:14:43 -0300] "POST /cormun/servlet/trautorizarsolicitud?826a9d59869d398f4e746516c0dbcfdc,gx-no-cache=1583417280746 HTTP/1.1" 200 4779
190.171.141.90 - - [05/Mar/2020:11:14:44 -0300] "POST /cormun/servlet/trautorizarsolicitud?826a9d59869d398f4e746516c0dbcfdc,gx-no-cache=1583417281207 HTTP/1.1" 200 4525
190.171.143.82 - - [05/Mar/2020:11:14:44 -0300] "GET /cormun/servlet/trpermisosadjuntos?17204627,20200304140310,P, HTTP/1.1" 200 6330
190.171.143.82 - - [05/Mar/2020:11:14:44 -0300] "GET /cormun/static/gxcfg.js?2020121641683 HTTP/1.1" 200 953
190.171.143.82 - - [05/Mar/2020:11:14:45 -0300] "GET /cormun/servlet/trpermisosadjuntos?17204627,20200304140310,P, HTTP/1.1" 200 6331
190.171.143.82 - - [05/Mar/2020:11:14:48 -0300] "GET /cormun/servlet/permisosadjuntos?INS,17204627,P,20200304140310,, HTTP/1.1" 200 5653
190.171.143.82 - - [05/Mar/2020:11:14:48 -0300] "GET /cormun/static/gxcfg.js?20201215134212 HTTP/1.1" 200 953
190.171.143.82 - - [05/Mar/2020:11:14:49 -0300] "GET /cormun/static/about:blank HTTP/1.1" 404 1011
190.171.143.82 - - [05/Mar/2020:11:14:49 -0300] "GET /cormun/servlet/permisosadjuntos?INS,17204627,P,20200304140310,, HTTP/1.1" 200 5644
190.171.141.90 - - [05/Mar/2020:11:14:54 -0300] "GET /cormun/servlet/trlicencias? HTTP/1.1" 200 10876
190.171.141.90 - - [05/Mar/2020:11:14:54 -0300] "GET /cormun/static/gxui/gxui-all.css?120300 HTTP/1.1" 200 2179
190.171.141.90 - - [05/Mar/2020:11:14:54 -0300] "GET /cormun/static/gxcfg.js?2020121613995 HTTP/1.1" 200 953
190.171.141.90 - - [05/Mar/2020:11:14:54 -0300] "GET /cormun/static/Resources/PXToolsAddAllAction.png HTTP/1.1" 200 495
190.171.141.90 - - [05/Mar/2020:11:14:54 -0300] "GET /cormun/static/trlicencias.js?202012162481 HTTP/1.1" 200 41883
190.171.141.90 - - [05/Mar/2020:11:14:54 -0300] "GET /cormun/static/Shared/ext/resources/css/ext-all.css?215870 HTTP/1.1" 200 416045
190.171.141.90 - - [05/Mar/2020:11:14:55 -0300] "GET /cormun//static/Resources/PXToolsActionDisabled.gif HTTP/1.1" 200 53
190.171.141.90 - - [05/Mar/2020:11:14:55 -0300] "GET /cormun//static/Resources/PXToolsGridDisplay.png HTTP/1.1" 200 525
190.171.141.90 - - [05/Mar/2020:11:14:55 -0300] "GET /cormun//static/Resources/PXToolsActionPrint.png HTTP/1.1" 200 404
190.171.141.90 - - [05/Mar/2020:11:14:55 -0300] "GET /cormun//static/Resources/PXToolsHeaderHelp.png HTTP/1.1" 200 1333
190.171.141.90 - - [05/Mar/2020:11:14:55 -0300] "GET /cormun//static/Resources/PXToolsHeaderFavorites.png HTTP/1.1" 200 1414
190.171.141.90 - - [05/Mar/2020:11:14:55 -0300] "GET /cormun/servlet/trlicencias? HTTP/1.1" 200 10879
190.171.141.90 - - [05/Mar/2020:11:14:56 -0300] "POST /cormun/servlet/acontrolpreferencessavestate?None,MCORREA,true HTTP/1.1" 200 35
186.103.159.188 - - [05/Mar/2020:11:14:57 -0300] "GET /cormun/servlet/solicitudot?ff36efe8e21c9400590c9c9e56d74d030140b25eb86ed310d427998078ecc758e7dbca27a2e1a7cb5087c8135c060b9a7095efe21185fa5dd119c860a623d584ae5159ec0f74cb2cf4f64fc5cb25e09c097086349526443416a3b8ed99088becf950defb6b57bb679deba28f6a878b466672a2f6a28a91634a663ff96a7e66186d634f82e50d7912611f6ddf72a14ec68475ba47fd00b0f607220ac9fe6c54ef,gx-no-cache=1583417296395 HTTP/1.1" 200 29
186.103.159.188 - - [05/Mar/2020:11:14:57 -0300] "GET /cormun/static/menuarrow.gif HTTP/1.1" 404 1015
186.103.159.188 - - [05/Mar/2020:11:15:01 -0300] "GET /cormun/servlet/solicitudot?ff36efe8e21c9400590c9c9e56d74d03aea3a89d375700948e9d9f0710c2d35e69a58dc4bf358e7d93c56a1d810f19b1,gx-no-cache=1583417299903 HTTP/1.1" 200 30
190.171.141.90 - - [05/Mar/2020:11:15:15 -0300] "GET /cormun/servlet/trpermisosgoce? HTTP/1.1" 200 6966
190.171.141.90 - - [05/Mar/2020:11:15:15 -0300] "GET /cormun/static/gxcfg.js?2020121631564 HTTP/1.1" 200 953
190.171.141.90 - - [05/Mar/2020:11:15:15 -0300] "GET /cormun/static/trpermisosgoce.js?2020121633681 HTTP/1.1" 200 35904
190.171.141.90 - - [05/Mar/2020:11:15:16 -0300] "GET /cormun/servlet/trpermisosgoce? HTTP/1.1" 200 6966
190.171.141.90 - - [05/Mar/2020:11:15:17 -0300] "POST /cormun/servlet/acontrolpreferencessavestate?None,MCORREA,true HTTP/1.1" 200 35
190.171.141.90 - - [05/Mar/2020:11:15:21 -0300] "GET /cormun/servlet/permisogoce?INS,0,,, HTTP/1.1" 200 6912
190.171.141.90 - - [05/Mar/2020:11:15:21 -0300] "GET /cormun/static/gxcfg.js?20201215124560 HTTP/1.1" 200 953
190.171.141.90 - - [05/Mar/2020:11:15:21 -0300] "GET /cormun/static/permisogoce.js?20201215124939 HTTP/1.1" 200 27919
190.171.141.90 - - [05/Mar/2020:11:15:21 -0300] "GET /cormun/static/Resources/prompt.gif HTTP/1.1" 200 902
190.171.141.90 - - [05/Mar/2020:11:15:22 -0300] "GET /cormun/servlet/permisogoce?INS,0,,, HTTP/1.1" 200 6911
186.103.159.189 - - [05/Mar/2020:11:15:43 -0300] "POST /cormun/servlet/trsolicitudot?b24476ed6220088d87c2e96ecb8e9f31,,gx-no-cache=1583417343325 HTTP/1.1" 200 6871
186.103.159.189 - - [05/Mar/2020:11:15:47 -0300] "POST /cormun/servlet/trsolicitudot?b24476ed6220088d87c2e96ecb8e9f31,,gx-no-cache=1583417346860 HTTP/1.1" 200 6870
190.171.141.90 - - [05/Mar/2020:11:15:47 -0300] "GET /cormun/servlet/trcargahoraria? HTTP/1.1" 200 13665
190.171.141.90 - - [05/Mar/2020:11:15:47 -0300] "GET /cormun/static/gxcfg.js?202012113392337 HTTP/1.1" 200 953
190.171.141.90 - - [05/Mar/2020:11:15:48 -0300] "GET /cormun/static/trcargahoraria.js?202012113392783 HTTP/1.1" 200 28768
186.103.159.189 - - [05/Mar/2020:11:15:48 -0300] "POST /cormun/servlet/trsolicitudot?b24476ed6220088d87c2e96ecb8e9f31,,gx-no-cache=1583417348374 HTTP/1.1" 200 6870
190.171.141.90 - - [05/Mar/2020:11:15:48 -0300] "GET /cormun//static/Resources/PXToolsActionExcel.png HTTP/1.1" 200 727
190.171.141.90 - - [05/Mar/2020:11:15:48 -0300] "GET /cormun/servlet/trcargahoraria? HTTP/1.1" 200 13656
186.103.159.189 - - [05/Mar/2020:11:15:49 -0300] "POST /cormun/servlet/trsolicitudot?b24476ed6220088d87c2e96ecb8e9f31,,gx-no-cache=1583417348898 HTTP/1.1" 200 6871
186.103.159.189 - - [05/Mar/2020:11:15:49 -0300] "POST /cormun/servlet/trsolicitudot?b24476ed6220088d87c2e96ecb8e9f31,,gx-no-cache=1583417349452 HTTP/1.1" 200 6869
190.171.141.90 - - [05/Mar/2020:11:15:49 -0300] "POST /cormun/servlet/acontrolpreferencessavestate?None,MCORREA,true HTTP/1.1" 200 35
186.103.159.189 - - [05/Mar/2020:11:15:50 -0300] "POST /cormun/servlet/trsolicitudot?b24476ed6220088d87c2e96ecb8e9f31,,gx-no-cache=1583417350024 HTTP/1.1" 200 6870
186.103.159.189 - - [05/Mar/2020:11:15:57 -0300] "POST /cormun/servlet/trsolicitudot?b24476ed6220088d87c2e96ecb8e9f31,,gx-no-cache=1583417356968 HTTP/1.1" 200 6871
186.103.159.189 - - [05/Mar/2020:11:15:59 -0300] "POST /cormun/servlet/trsolicitudot?b24476ed6220088d87c2e96ecb8e9f31,,gx-no-cache=1583417359727 HTTP/1.1" 200 6871
186.103.159.189 - - [05/Mar/2020:11:16:00 -0300] "POST /cormun/servlet/trsolicitudot?b24476ed6220088d87c2e96ecb8e9f31,,gx-no-cache=1583417360344 HTTP/1.1" 200 6869
186.103.159.189 - - [05/Mar/2020:11:16:01 -0300] "POST /cormun/servlet/trsolicitudot?b24476ed6220088d87c2e96ecb8e9f31,,gx-no-cache=1583417360970 HTTP/1.1" 200 6870
186.103.159.189 - - [05/Mar/2020:11:16:05 -0300] "POST /cormun/servlet/trsolicitudot?b24476ed6220088d87c2e96ecb8e9f31,,gx-no-cache=1583417365654 HTTP/1.1" 200 6870
186.103.159.189 - - [05/Mar/2020:11:16:06 -0300] "POST /cormun/servlet/trsolicitudot?b24476ed6220088d87c2e96ecb8e9f31,,gx-no-cache=1583417366443 HTTP/1.1" 200 6870
