186.103.157.98 - - [05/Dec/2019:15:16:19 -0300] "GET /cormun/servlet/solicitudot?72521adf165b34e8bdf1363371de78880a3f06b5b0e4c0fe3004b4396162bbe07f10716196222cae9380ea2370296e16,gx-no-cache=1575569414574 HTTP/1.1" 200 30
186.103.157.98 - - [05/Dec/2019:15:16:20 -0300] "POST /cormun/servlet/solicitudot?gx-no-cache=1575569414650 HTTP/1.1" 200 30
186.103.157.98 - - [05/Dec/2019:15:16:20 -0300] "POST /cormun/servlet/solicitudot?c5b19dcd34c3d73310abe32926c43f3d,UPD,2019,16234,,gx-no-cache=1575569414758 HTTP/1.1" 200 93
190.171.143.106 - - [05/Dec/2019:15:16:20 -0300] "GET /cormun/servlet/solicitudotadjuntos?INS,2019,16235,,1, HTTP/1.1" 200 6131
186.103.157.98 - - [05/Dec/2019:15:16:20 -0300] "GET /cormun/servlet/hpexe_return? HTTP/1.1" 200 1033
190.171.143.106 - - [05/Dec/2019:15:16:20 -0300] "GET /cormun/static/about:blank HTTP/1.1" 404 1011
186.103.157.98 - - [05/Dec/2019:15:16:20 -0300] "GET /cormun/servlet/trsolicitudot?gx-no-cache=1575569359260 HTTP/1.1" 200 8947
190.171.143.106 - - [05/Dec/2019:15:16:20 -0300] "GET /cormun/servlet/solicitudotadjuntos?INS,2019,16235,,1, HTTP/1.1" 200 6125
186.103.157.98 - - [05/Dec/2019:15:16:21 -0300] "GET /cormun/servlet/trsolicitudot?gx-no-cache=1575569359260 HTTP/1.1" 200 8965
190.171.143.106 - - [05/Dec/2019:15:16:21 -0300] "GET /cormun/servlet/solicitudotadjuntos?c94d1a629a7c4dfcde6d29e3a3fc2632d5716e4d08e4ce7aed74d1b385449695c941c85746f4701d8ed025ddb713d81d,gx-no-cache=1575569416291 HTTP/1.1" 200 30
190.171.143.106 - - [05/Dec/2019:15:16:21 -0300] "POST /cormun/servlet/solicitudotadjuntos?efd15536b842b11707e0e8f409f0ede7,INS,2019,16235,,1,,gx-no-cache=1575569416319 HTTP/1.1" 200 3862
186.103.157.98 - - [05/Dec/2019:15:16:24 -0300] "POST /cormun/servlet/trsolicitudot?c5b19dcd34c3d73310abe32926c43f3d,gx-no-cache=1575569359260,gx-no-cache=1575569418496 HTTP/1.1" 200 5946
186.103.157.98 - - [05/Dec/2019:15:16:24 -0300] "GET /cormun/static/Shared/jqueryui/images/ui-bg_highlight-soft_100_c6c2c8_1x100.png HTTP/1.1" 404 1117
186.103.157.98 - - [05/Dec/2019:15:16:24 -0300] "GET /cormun/static/Shared/jqueryui/images/ui-bg_flat_55_fafafa_40x100.png HTTP/1.1" 404 1097
186.103.157.98 - - [05/Dec/2019:15:16:24 -0300] "GET /cormun/static/Shared/jqueryui/images/ui-icons_8d78a5_256x240.png HTTP/1.1" 404 1089
186.103.157.98 - - [05/Dec/2019:15:16:24 -0300] "GET /cormun/static/Shared/jqueryui/images/ui-icons_82798d_256x240.png HTTP/1.1" 404 1089
190.171.143.106 - - [05/Dec/2019:15:16:24 -0300] "POST /cormun/servlet/solicitudotadjuntos?gx-no-cache=1575569419455 HTTP/1.1" 200 26
190.171.143.106 - - [05/Dec/2019:15:16:31 -0300] "GET /cormun/servlet/solicitudotadjuntos?c94d1a629a7c4dfcde6d29e3a3fc2632643d0548506e70fd0e4aa092a3c6db8b,gx-no-cache=1575569426767 HTTP/1.1" 200 30
190.171.143.106 - - [05/Dec/2019:15:16:31 -0300] "GET /cormun/servlet/solicitudotadjuntos?c94d1a629a7c4dfcde6d29e3a3fc2632643d0548506e70fd0e4aa092a3c6db8b,gx-no-cache=1575569426799 HTTP/1.1" 200 30
190.171.143.106 - - [05/Dec/2019:15:16:31 -0300] "POST /cormun/servlet/solicitudotadjuntos?efd15536b842b11707e0e8f409f0ede7,INS,2019,16235,,1, HTTP/1.1" 200 116
190.171.143.106 - - [05/Dec/2019:15:16:32 -0300] "GET /cormun/servlet/hpexe_return? HTTP/1.1" 200 1027
190.171.143.106 - - [05/Dec/2019:15:16:32 -0300] "GET /cormun/servlet/trsolicitudadjuntos?2019,16235, HTTP/1.1" 200 9671
190.171.143.106 - - [05/Dec/2019:15:16:33 -0300] "GET /cormun/servlet/trsolicitudadjuntos?2019,16235, HTTP/1.1" 200 9668
186.103.157.98 - - [05/Dec/2019:15:16:34 -0300] "POST /cormun/servlet/trsolicitudot?c5b19dcd34c3d73310abe32926c43f3d,gx-no-cache=1575569359260,gx-no-cache=1575569429171 HTTP/1.1" 200 106
186.103.157.98 - - [05/Dec/2019:15:16:34 -0300] "GET /cormun/servlet/solicitudot?UPD,2019,16234, HTTP/1.1" 200 15951
186.103.157.98 - - [05/Dec/2019:15:16:35 -0300] "GET /cormun/servlet/solicitudot?UPD,2019,16234, HTTP/1.1" 200 15937
186.103.157.98 - - [05/Dec/2019:15:16:35 -0300] "POST /cormun/servlet/solicitudot?gx-no-cache=1575569430362 HTTP/1.1" 200 3547
186.103.157.98 - - [05/Dec/2019:15:16:36 -0300] "POST /cormun/servlet/solicitudot?c5b19dcd34c3d73310abe32926c43f3d,UPD,2019,16234,,gx-no-cache=1575569430546 HTTP/1.1" 200 12130
186.103.157.98 - - [05/Dec/2019:15:16:36 -0300] "GET /cormun/servlet/solicitudot?72521adf165b34e8bdf1363371de788842d8f57402edcdd91460d7c10fd3298783f6ac3438c328e19b1f1d376318a779,gx-no-cache=1575569430847 HTTP/1.1" 200 30
186.103.157.98 - - [05/Dec/2019:15:16:36 -0300] "GET /cormun/servlet/solicitudot?72521adf165b34e8bdf1363371de78885dad3c63a34dccc58c17546dbc7eb8e043ba33924ab89b54c12b0bf61de33ec2e936138ed2701fcd32adb192256ea686,gx-no-cache=1575569430885 HTTP/1.1" 200 30
186.103.157.98 - - [05/Dec/2019:15:16:36 -0300] "GET /cormun/servlet/solicitudot?72521adf165b34e8bdf1363371de788863b34e78631e4334721d12a3caaec331,gx-no-cache=1575569430916 HTTP/1.1" 200 29
186.103.157.98 - - [05/Dec/2019:15:16:36 -0300] "POST /cormun/servlet/solicitudot?gx-no-cache=1575569430956 HTTP/1.1" 200 255
186.103.157.98 - - [05/Dec/2019:15:16:36 -0300] "GET /cormun/servlet/solicitudot?72521adf165b34e8bdf1363371de78886fc5dc2810aa8e8268a943afa1e8bcdb4296a5f9c168016d4b74885a7c1962f5308f216939fc0fb931460c53322ba6a36b4d30e0ff9b39ce41cff2f8491fa4b4b0c7da313a0369292774f89d8ef5d0548d99b3beb7ea31c4b20e5e39bdc52864395b8e4803a018073ea6879baf290e19b902000fda12191fdab175389b5fe1cb1a7f17d2d0a0ed6d83762671413cda97a1c895e4dda9f7cc0dc49d8775138ba696258f12da0385f0aad9dcd132417fd127a9cdb1979983ef26a0edd894180624d21af5a4b5954200745d6b61611295ac9c4ec6ee08b1d59ffde7c20b6a0ca957761220a64886a8b316850ab7a9235fc3a445e0c8d7424100e806f1a328d6378be29bcab7d8e8078ece208f6d721ae1b7baf886bdaa4fc7f8655a6853a1aa1caeede2cb1eaa4a50992c3381f239b56f04a5fc48ba941a938f1f93c98e3f671338e5a03629cc0c18e87ce93b6d251241dc7d9bb30c69767e84ea80e196b9d46a793924eb13f443c0f1533da61dbf558b53,gx-no-cache=1575569431029 HTTP/1.1" 200 30
186.103.157.98 - - [05/Dec/2019:15:16:36 -0300] "POST /cormun/servlet/solicitudot?gx-no-cache=1575569431066 HTTP/1.1" 200 30
186.103.157.98 - - [05/Dec/2019:15:16:36 -0300] "POST /cormun/servlet/solicitudot?gx-no-cache=1575569431108 HTTP/1.1" 200 1361
186.103.157.98 - - [05/Dec/2019:15:16:36 -0300] "POST /cormun/servlet/solicitudot?gx-no-cache=1575569431178 HTTP/1.1" 200 41
190.171.143.106 - - [05/Dec/2019:15:16:39 -0300] "GET /cormun/servlet/trsolicitudot? HTTP/1.1" 200 8714
190.171.143.106 - - [05/Dec/2019:15:16:40 -0300] "GET /cormun/servlet/trsolicitudot? HTTP/1.1" 200 8708
190.171.141.138 - - [05/Dec/2019:15:17:05 -0300] "GET /cormun/servlet/hlogin HTTP/1.1" 200 1721
190.171.141.138 - - [05/Dec/2019:15:17:06 -0300] "GET /cormun/servlet/hlogin HTTP/1.1" 200 1732
190.171.141.138 - - [05/Dec/2019:15:17:06 -0300] "GET /favicon.ico HTTP/1.1" 200 21630
190.171.143.106 - - [05/Dec/2019:15:17:08 -0300] "POST /cormun/servlet/trsolicitudot?efd15536b842b11707e0e8f409f0ede7,,gx-no-cache=1575569462835 HTTP/1.1" 200 4574
190.171.143.106 - - [05/Dec/2019:15:17:08 -0300] "GET /cormun/static/Shared/jqueryui/images/ui-bg_highlight-soft_100_c6c2c8_1x100.png HTTP/1.1" 404 1117
190.171.143.106 - - [05/Dec/2019:15:17:08 -0300] "GET /cormun/static/Shared/jqueryui/images/ui-icons_82798d_256x240.png HTTP/1.1" 404 1089
190.171.143.106 - - [05/Dec/2019:15:17:08 -0300] "GET /cormun/static/Shared/jqueryui/images/ui-bg_flat_55_fafafa_40x100.png HTTP/1.1" 404 1097
190.171.143.106 - - [05/Dec/2019:15:17:08 -0300] "GET /cormun/static/Shared/jqueryui/images/ui-icons_8d78a5_256x240.png HTTP/1.1" 404 1089
190.171.143.106 - - [05/Dec/2019:15:17:08 -0300] "POST /cormun/servlet/trsolicitudot?efd15536b842b11707e0e8f409f0ede7,,gx-no-cache=1575569463457 HTTP/1.1" 200 4330
186.103.157.98 - - [05/Dec/2019:15:17:18 -0300] "POST /cormun/servlet/solicitudot?gx-no-cache=1575569473239 HTTP/1.1" 200 30
190.171.141.138 - - [05/Dec/2019:15:17:19 -0300] "POST /cormun/servlet/hlogin?d296799f5ed691a82e9a2079aabb930a,gx-no-cache=1575569474915 HTTP/1.1" 200 90
190.171.141.138 - - [05/Dec/2019:15:17:19 -0300] "GET /cormun/servlet/hpexe_link HTTP/1.1" 200 953
190.171.141.138 - - [05/Dec/2019:15:17:19 -0300] "GET /cormun/servlet/hhome HTTP/1.1" 200 4464
190.171.141.138 - - [05/Dec/2019:15:17:20 -0300] "GET /cormun/servlet/hhome HTTP/1.1" 200 4460
190.171.141.138 - - [05/Dec/2019:15:17:28 -0300] "GET /cormun/servlet/trcontratounov2? HTTP/1.1" 200 17832
190.171.141.138 - - [05/Dec/2019:15:17:28 -0300] "GET /cormun/static/gxcfg.js?201752512124396 HTTP/1.1" 200 953
190.171.141.138 - - [05/Dec/2019:15:17:28 -0300] "GET /cormun/static/trcontratounov2.js?201752512125146 HTTP/1.1" 200 38486
190.171.141.138 - - [05/Dec/2019:15:17:28 -0300] "GET /cormun/static/Resources/PXToolsAddSelectedAction.png HTTP/1.1" 200 3660
190.171.141.138 - - [05/Dec/2019:15:17:29 -0300] "GET /cormun/servlet/trcontratounov2? HTTP/1.1" 200 17831
190.171.141.138 - - [05/Dec/2019:15:17:33 -0300] "GET /cormun/servlet/trcontratoobservaciondir? HTTP/1.1" 200 13936
190.171.141.138 - - [05/Dec/2019:15:17:33 -0300] "GET /cormun/static/gxcfg.js?20175251262281 HTTP/1.1" 200 953
190.171.141.138 - - [05/Dec/2019:15:17:34 -0300] "GET /cormun/static/trcontratoobservaciondir.js?20175251262715 HTTP/1.1" 200 27185
190.171.141.138 - - [05/Dec/2019:15:17:34 -0300] "GET /cormun/servlet/trcontratoobservaciondir? HTTP/1.1" 200 13935
190.171.141.138 - - [05/Dec/2019:15:17:37 -0300] "GET /cormun/servlet/trcontratosolicitud? HTTP/1.1" 200 14986
190.171.141.138 - - [05/Dec/2019:15:17:37 -0300] "GET /cormun/static/gxcfg.js?20177612214014 HTTP/1.1" 200 953
190.171.141.138 - - [05/Dec/2019:15:17:37 -0300] "GET /cormun/static/trcontratosolicitud.js?20177612214349 HTTP/1.1" 200 28237
190.171.141.138 - - [05/Dec/2019:15:17:37 -0300] "GET /cormun//static/Resources/PXToolsGridNew.png HTTP/1.1" 200 2949
190.171.141.138 - - [05/Dec/2019:15:17:38 -0300] "GET /cormun/servlet/trcontratosolicitud? HTTP/1.1" 200 14959
190.171.141.138 - - [05/Dec/2019:15:17:44 -0300] "GET /cormun/servlet/trvisualizadoreventos? HTTP/1.1" 200 7231
190.171.141.138 - - [05/Dec/2019:15:17:44 -0300] "GET /cormun/servlet/trvisualizadoreventos? HTTP/1.1" 200 7231
190.171.141.138 - - [05/Dec/2019:15:17:44 -0300] "GET /cormun/static/gxcfg.js?20175251251426 HTTP/1.1" 200 953
190.171.141.138 - - [05/Dec/2019:15:17:44 -0300] "GET /cormun/static/Resources/PXToolsActionPrint.png HTTP/1.1" 200 3317
190.171.141.138 - - [05/Dec/2019:15:17:45 -0300] "GET /cormun/static/trvisualizadoreventos.js?20175251251768 HTTP/1.1" 200 19318
190.171.141.138 - - [05/Dec/2019:15:17:45 -0300] "GET /cormun/servlet/trvisualizadoreventos? HTTP/1.1" 200 7230
186.103.157.98 - - [05/Dec/2019:15:19:11 -0300] "POST /cormun/servlet/solicitudot?gx-no-cache=1575569586383 HTTP/1.1" 200 240
190.171.144.234 - - [05/Dec/2019:15:19:24 -0300] "GET /cormun/servlet/hlogin HTTP/1.1" 200 1716
190.171.144.234 - - [05/Dec/2019:15:19:24 -0300] "GET /cormun/servlet/hlogin HTTP/1.1" 200 1726
190.171.144.234 - - [05/Dec/2019:15:19:46 -0300] "POST /cormun/servlet/hlogin?9233ad99a4531ba2b018522a250b1fc5,gx-no-cache=1575569622171 HTTP/1.1" 200 90
190.171.144.234 - - [05/Dec/2019:15:19:47 -0300] "GET /cormun/servlet/hpexe_link HTTP/1.1" 200 946
190.171.144.234 - - [05/Dec/2019:15:19:47 -0300] "GET /cormun/servlet/hhome HTTP/1.1" 200 4025
190.171.144.234 - - [05/Dec/2019:15:19:48 -0300] "GET /cormun/servlet/hhome HTTP/1.1" 200 4021
190.171.144.234 - - [05/Dec/2019:15:19:51 -0300] "GET /cormun/servlet/trpermisosgoce? HTTP/1.1" 200 9254
190.171.144.234 - - [05/Dec/2019:15:19:52 -0300] "GET /cormun/servlet/trpermisosgoce? HTTP/1.1" 200 9252
190.171.144.234 - - [05/Dec/2019:15:19:56 -0300] "GET /cormun/servlet/permisogoce?INS,0,,, HTTP/1.1" 200 6859
190.171.144.234 - - [05/Dec/2019:15:19:56 -0300] "GET /cormun/servlet/permisogoce?INS,0,,, HTTP/1.1" 200 6859
186.103.157.98 - - [05/Dec/2019:15:20:03 -0300] "GET /cormun/servlet/solicitudot?72521adf165b34e8bdf1363371de78886fc5dc2810aa8e8268a943afa1e8bcdb28ed253cb8b96de5dc975088259bebd9308f216939fc0fb931460c53322ba6a36b4d30e0ff9b39ce41cff2f8491fa4b4b0c7da313a0369292774f89d8ef5d0548d99b3beb7ea31c4b20e5e39bdc52864395b8e4803a018073ea6879baf290e19b902000fda12191fdab175389b5fe1cb1a7f17d2d0a0ed6d83762671413cda97a1c895e4dda9f7cc0dc49d8775138ba696258f12da0385f0aad9dcd132417fd127a9cdb1979983ef26a0edd894180624d21af5a4b5954200745d6b61611295ac9c4ec6ee08b1d59ffde7c20b6a0ca957761220a64886a8b316850ab7a9235fc3a445e0c8d7424100e806f1a328d6378b2ed30c08c5fa9645c9821e95251481f505d65d90f131696bf8a67792074cdb32a1308ad5f91422dd55d8c6587d1a83fcc72d93d4c4c2af37ff2c244ec81a58f812d1128c384e4607b0828c2b8c671387287fc2b427f8a3e7b8d1f940064a1d111a37fbb85a0794c704ebc1e563889ab3,gx-no-cache=1575569637693 HTTP/1.1" 200 30
186.103.157.98 - - [05/Dec/2019:15:20:03 -0300] "POST /cormun/servlet/solicitudot?gx-no-cache=1575569638147 HTTP/1.1" 200 30
186.103.157.98 - - [05/Dec/2019:15:20:03 -0300] "POST /cormun/servlet/solicitudot?gx-no-cache=1575569638243 HTTP/1.1" 200 1361
186.103.157.98 - - [05/Dec/2019:15:20:03 -0300] "POST /cormun/servlet/solicitudot?gx-no-cache=1575569638382 HTTP/1.1" 200 41
186.103.157.98 - - [05/Dec/2019:15:20:03 -0300] "GET /cormun/servlet/solicitudot?72521adf165b34e8bdf1363371de7888ab4829b26246377ccbd5a67eb6012dac021282b87e287589c24adc9dac2d1005f299906018daa3744126822f072e12281c2ab5fedb1191355c8d73685e3045add65ab2d4bb6b65efd7ca6942eaa33e35eb6785b5c3ae894ae12751a1554e2011,gx-no-cache=1575569638451 HTTP/1.1" 200 110
186.103.157.98 - - [05/Dec/2019:15:20:03 -0300] "POST /cormun/servlet/solicitudot?gx-no-cache=1575569638507 HTTP/1.1" 200 97
190.171.144.234 - - [05/Dec/2019:15:20:07 -0300] "GET /cormun/servlet/permisogoce?18065daa44c6486635cc3baa1155119d6e2d5e81bb5ad6b76f0a401a16b1b67d7a072932775d1b608ee111eb12fc2bb61af20d1ec58248b4e4a0801b51ff3da2,gx-no-cache=1575569642497 HTTP/1.1" 200 85
190.171.144.234 - - [05/Dec/2019:15:20:07 -0300] "GET /cormun/static/menuarrow.gif HTTP/1.1" 404 1015
190.171.144.234 - - [05/Dec/2019:15:20:19 -0300] "GET /cormun/servlet/permisogoce?18065daa44c6486635cc3baa1155119d2141531a80daef9dbafa000e044f3a8a707e90cfcb17e607ba140e39addee0c463424ccdcd910ac6c92d173023fbc489,gx-no-cache=1575569655307 HTTP/1.1" 200 47
190.171.144.234 - - [05/Dec/2019:15:20:24 -0300] "POST /cormun/servlet/permisogoce?9233ad99a4531ba2b018522a250b1fc5,INS,0,,,,gx-no-cache=1575569659008 HTTP/1.1" 200 93
190.171.144.234 - - [05/Dec/2019:15:20:24 -0300] "GET /cormun/servlet/hpexe_return? HTTP/1.1" 200 1004
190.171.144.234 - - [05/Dec/2019:15:20:24 -0300] "GET /cormun/servlet/trpermisosgoce HTTP/1.1" 200 9487
190.171.144.234 - - [05/Dec/2019:15:20:24 -0300] "GET /cormun/servlet/trpermisosgoce HTTP/1.1" 200 9482
190.171.144.234 - - [05/Dec/2019:15:20:28 -0300] "GET /cormun/servlet/apermisogoceprn?16269715,P,20191205161158,PU HTTP/1.1" 200 1665
186.103.157.98 - - [05/Dec/2019:15:21:19 -0300] "GET /cormun/servlet/solicitudot?72521adf165b34e8bdf1363371de7888d9037697761385585c985ab8b14e1d5a8b03076633e7dccec037880c5f036e8fbbfb48c46c8c84a9b909a71e15942824b09a41de50a0eddc9c4ba20b7fab9f02e5ccd8136ff6155c600c282608635a9b5cd231c3eb8e50219c509c740eed41c02350a60d16e4099c4a9ceb550993de93d99945d965a257439b4ea2b3ae3519237614c26534bdab04145f6dea5f9e7ca7,gx-no-cache=1575569714574 HTTP/1.1" 200 29
186.103.157.98 - - [05/Dec/2019:15:21:20 -0300] "GET /cormun/servlet/solicitudot?72521adf165b34e8bdf1363371de78880a3f06b5b0e4c0fe3004b4396162bbe07f10716196222cae9380ea2370296e16,gx-no-cache=1575569714636 HTTP/1.1" 200 30
186.103.157.98 - - [05/Dec/2019:15:21:20 -0300] "POST /cormun/servlet/solicitudot?gx-no-cache=1575569714733 HTTP/1.1" 200 30
186.103.157.98 - - [05/Dec/2019:15:21:34 -0300] "GET /cormun/servlet/solicitudot?72521adf165b34e8bdf1363371de78880a3f06b5b0e4c0fe3004b4396162bbe07f10716196222cae9380ea2370296e16,gx-no-cache=1575569729595 HTTP/1.1" 200 30
186.103.157.98 - - [05/Dec/2019:15:21:35 -0300] "POST /cormun/servlet/solicitudot?gx-no-cache=1575569729626 HTTP/1.1" 200 30
186.103.157.98 - - [05/Dec/2019:15:21:35 -0300] "POST /cormun/servlet/solicitudot?c5b19dcd34c3d73310abe32926c43f3d,UPD,2019,16234,,gx-no-cache=1575569729672 HTTP/1.1" 200 93
186.103.157.98 - - [05/Dec/2019:15:21:35 -0300] "GET /cormun/servlet/hpexe_return? HTTP/1.1" 200 1033
186.103.157.98 - - [05/Dec/2019:15:21:35 -0300] "GET /cormun/servlet/trsolicitudot?gx-no-cache=1575569359260 HTTP/1.1" 200 8960
186.103.157.98 - - [05/Dec/2019:15:21:36 -0300] "GET /cormun/servlet/trsolicitudot?gx-no-cache=1575569359260 HTTP/1.1" 200 8978
186.103.157.98 - - [05/Dec/2019:15:21:39 -0300] "POST /cormun/servlet/trsolicitudot?c5b19dcd34c3d73310abe32926c43f3d,gx-no-cache=1575569359260,gx-no-cache=1575569733912 HTTP/1.1" 200 5958
186.103.157.98 - - [05/Dec/2019:15:21:39 -0300] "GET /cormun/static/Shared/jqueryui/images/ui-bg_highlight-soft_100_c6c2c8_1x100.png HTTP/1.1" 404 1117
186.103.157.98 - - [05/Dec/2019:15:21:39 -0300] "GET /cormun/static/Shared/jqueryui/images/ui-bg_flat_55_fafafa_40x100.png HTTP/1.1" 404 1097
186.103.157.98 - - [05/Dec/2019:15:21:39 -0300] "GET /cormun/static/Shared/jqueryui/images/ui-icons_8d78a5_256x240.png HTTP/1.1" 404 1089
186.103.157.98 - - [05/Dec/2019:15:21:39 -0300] "GET /cormun/static/Shared/jqueryui/images/ui-icons_82798d_256x240.png HTTP/1.1" 404 1089
186.103.157.98 - - [05/Dec/2019:15:21:59 -0300] "GET /cormun/servlet/solicitudot?INS,0,0, HTTP/1.1" 200 15447
186.103.157.98 - - [05/Dec/2019:15:21:59 -0300] "GET /cormun/servlet/solicitudot?INS,0,0, HTTP/1.1" 200 15430
186.103.157.98 - - [05/Dec/2019:15:22:19 -0300] "POST /cormun/servlet/solicitudot?gx-no-cache=1575569773670 HTTP/1.1" 200 3493
186.103.157.98 - - [05/Dec/2019:15:22:19 -0300] "POST /cormun/servlet/solicitudot?c5b19dcd34c3d73310abe32926c43f3d,INS,0,0,,gx-no-cache=1575569773894 HTTP/1.1" 200 12001
186.103.157.98 - - [05/Dec/2019:15:22:21 -0300] "GET /cormun/servlet/solicitudot?72521adf165b34e8bdf1363371de788842d8f57402edcdd91460d7c10fd3298790307f488e7cd525b96fbdc9af0e90e6,gx-no-cache=1575569776091 HTTP/1.1" 200 30
200.54.107.2 - - [05/Dec/2019:15:22:22 -0300] "GET /cormun/servlet/hlogin HTTP/1.1" 200 1732
200.54.107.2 - - [05/Dec/2019:15:22:26 -0300] "POST /cormun/servlet/hlogin?88711e7f360db375d421f8657c2c6dc9,gx-no-cache=1575569780210 HTTP/1.1" 200 90
200.54.107.2 - - [05/Dec/2019:15:22:26 -0300] "GET /cormun/servlet/hpexe_link HTTP/1.1" 200 956
200.54.107.2 - - [05/Dec/2019:15:22:26 -0300] "GET /cormun/servlet/hhome HTTP/1.1" 200 4322
200.54.107.2 - - [05/Dec/2019:15:22:27 -0300] "GET /cormun/servlet/hhome HTTP/1.1" 200 4318
200.54.107.2 - - [05/Dec/2019:15:22:30 -0300] "GET /cormun/servlet/trpermisosgoce? HTTP/1.1" 200 10911
200.54.107.2 - - [05/Dec/2019:15:22:31 -0300] "GET /cormun/servlet/trpermisosgoce? HTTP/1.1" 200 10907
200.54.107.2 - - [05/Dec/2019:15:22:33 -0300] "GET /cormun/servlet/permisogoce?INS,0,,, HTTP/1.1" 200 7190
200.54.107.2 - - [05/Dec/2019:15:22:33 -0300] "GET /cormun/servlet/permisogoce?INS,0,,, HTTP/1.1" 200 7190
200.54.107.2 - - [05/Dec/2019:15:22:41 -0300] "GET /cormun/servlet/permisogoce?643fa7c3ba8b0f29163b43fe1fba9b06c1f4d523ebca78b15e113d15e20bd704606ba0623732ec51865d4e2e3570889b85e8e1e47413c9d8fd077054c3ba07bf,gx-no-cache=1575569795403 HTTP/1.1" 200 75
200.54.107.2 - - [05/Dec/2019:15:22:41 -0300] "GET /cormun/static/menuarrow.gif HTTP/1.1" 404 1015
200.54.107.2 - - [05/Dec/2019:15:22:46 -0300] "GET /cormun/servlet/permisogoce?643fa7c3ba8b0f29163b43fe1fba9b06a7f03cf1cefe0846373638ddc5115f6609682e895968b85f5b55183ef09dfeade193b1ebb2a5b8c8e5a69261359ffa89,gx-no-cache=1575569800840 HTTP/1.1" 200 46
200.54.107.2 - - [05/Dec/2019:15:22:49 -0300] "POST /cormun/servlet/permisogoce?88711e7f360db375d421f8657c2c6dc9,INS,0,,,,gx-no-cache=1575569803332 HTTP/1.1" 200 93
200.54.107.2 - - [05/Dec/2019:15:22:49 -0300] "GET /cormun/servlet/hpexe_return? HTTP/1.1" 200 1014
200.54.107.2 - - [05/Dec/2019:15:22:50 -0300] "GET /cormun/servlet/trpermisosgoce HTTP/1.1" 200 11201
200.54.107.2 - - [05/Dec/2019:15:22:50 -0300] "GET /cormun/servlet/trpermisosgoce HTTP/1.1" 200 11196
200.54.107.2 - - [05/Dec/2019:15:22:55 -0300] "GET /cormun/servlet/apermisogoceprn?14201339,P,20191205161435,PU HTTP/1.1" 200 1666
186.103.157.98 - - [05/Dec/2019:15:24:09 -0300] "POST /cormun/servlet/solicitudot?c5b19dcd34c3d73310abe32926c43f3d,INS,0,0,,gx-no-cache=1575569883686 HTTP/1.1" 200 12154
186.103.157.98 - - [05/Dec/2019:15:24:09 -0300] "GET /cormun/static/Shared/jqueryui/images/ui-bg_highlight-soft_100_c6c2c8_1x100.png HTTP/1.1" 404 1117
186.103.157.98 - - [05/Dec/2019:15:24:09 -0300] "GET /cormun/static/Shared/jqueryui/images/ui-icons_8d78a5_256x240.png HTTP/1.1" 404 1089
186.103.157.98 - - [05/Dec/2019:15:24:09 -0300] "GET /cormun/static/Shared/jqueryui/images/ui-icons_82798d_256x240.png HTTP/1.1" 404 1089
186.103.157.98 - - [05/Dec/2019:15:24:09 -0300] "GET /cormun/static/Shared/jqueryui/images/ui-bg_flat_55_fafafa_40x100.png HTTP/1.1" 404 1097
186.103.157.98 - - [05/Dec/2019:15:24:17 -0300] "GET /cormun/servlet/solicitudot?72521adf165b34e8bdf1363371de78880a7673f37ca8f3372ab41df4f9982bf7,gx-no-cache=1575569891985 HTTP/1.1" 200 94
186.103.157.98 - - [05/Dec/2019:15:24:17 -0300] "GET /cormun/static/Shared/jqueryui/images/ui-bg_flat_55_994d53_40x100.png HTTP/1.1" 404 1097
186.103.157.98 - - [05/Dec/2019:15:24:17 -0300] "GET /cormun/static/Shared/jqueryui/images/ui-icons_ebccce_256x240.png HTTP/1.1" 404 1089
186.103.157.98 - - [05/Dec/2019:15:24:17 -0300] "GET /cormun/servlet/solicitudot?72521adf165b34e8bdf1363371de788863b34e78631e4334721d12a3caaec331,gx-no-cache=1575569892064 HTTP/1.1" 200 29
186.103.157.98 - - [05/Dec/2019:15:24:20 -0300] "POST /cormun/servlet/solicitudot?gx-no-cache=1575569895299 HTTP/1.1" 200 240
186.103.157.98 - - [05/Dec/2019:15:24:24 -0300] "GET /cormun/servlet/solicitudot?72521adf165b34e8bdf1363371de78886fc5dc2810aa8e8268a943afa1e8bcdb28ed253cb8b96de5dc975088259bebd9308f216939fc0fb931460c53322ba6a36b4d30e0ff9b39ce41cff2f8491fa4b4b0c7da313a0369292774f89d8ef5d0548d99b3beb7ea31c4b20e5e39bdc52864395b8e4803a018073ea6879baf290e19b902000fda12191fdab175389b5fe1cb1a7f17d2d0a0ed6d83762671413cda97a1c895e4dda9f7cc0dc49d8775138ba696258f12da0385f0aad9dcd132417fd127a9cdb1979983ef26a0edd894180624d21af5a4b5954200745d6b61611295ac9c4ec6ee08b1d59ffde7c20b6a0ca957761220a64886a8b316850ab7a9235fc3a445e0c8d7424100e806f1a328d6378b2ed30c08c5fa9645c9821e95251481f505d65d90f131696bf8a67792074cdb32a1308ad5f91422dd55d8c6587d1a83fcc72d93d4c4c2af37ff2c244ec81a58f812d1128c384e4607b0828c2b8c671387287fc2b427f8a3e7b8d1f940064a1d118055d058ff1d88e5ee64be028a4e8c32,gx-no-cache=1575569899213 HTTP/1.1" 200 30
186.103.157.98 - - [05/Dec/2019:15:24:28 -0300] "POST /cormun/servlet/solicitudot?gx-no-cache=1575569902723 HTTP/1.1" 200 30
186.103.157.98 - - [05/Dec/2019:15:24:28 -0300] "POST /cormun/servlet/solicitudot?gx-no-cache=1575569902787 HTTP/1.1" 200 1358
186.103.157.98 - - [05/Dec/2019:15:24:28 -0300] "POST /cormun/servlet/solicitudot?gx-no-cache=1575569902871 HTTP/1.1" 200 38
186.103.157.98 - - [05/Dec/2019:15:24:54 -0300] "GET /cormun/servlet/solicitudot?72521adf165b34e8bdf1363371de7888ab4829b26246377ccbd5a67eb6012dac021282b87e287589c24adc9dac2d1005f299906018daa3744126822f072e12281c2ab5fedb1191355c8d73685e3045add65ab2d4bb6b65efd7ca6942eaa33e35eb6785b5c3ae894ae12751a1554e2011,gx-no-cache=1575569928714 HTTP/1.1" 200 110
78.108.177.51 - - [05/Dec/2019:15:25:07 -0300] "GET / HTTP/1.0" 200 11197
190.171.142.42 - - [05/Dec/2019:15:25:08 -0300] "POST /cormun/servlet/hlogin?c2d87fb4aea04fe425b10a9f60ca132f,gx-no-cache=1575569943315 HTTP/1.1" 440 972
190.171.142.42 - - [05/Dec/2019:15:25:16 -0300] "GET /cormun/servlet/hlogin HTTP/1.1" 200 1730
190.171.142.42 - - [05/Dec/2019:15:25:16 -0300] "GET /cormun/servlet/hlogin HTTP/1.1" 200 1730
190.171.142.42 - - [05/Dec/2019:15:25:25 -0300] "POST /cormun/servlet/hlogin?7ee2dd1852f84f63bcd17c8783e23c29,gx-no-cache=1575569960938 HTTP/1.1" 200 90
190.171.142.42 - - [05/Dec/2019:15:25:25 -0300] "GET /cormun/servlet/hpexe_link HTTP/1.1" 200 951
190.171.142.42 - - [05/Dec/2019:15:25:25 -0300] "GET /cormun/servlet/hhome HTTP/1.1" 200 4319
190.171.142.42 - - [05/Dec/2019:15:25:26 -0300] "GET /cormun/servlet/hhome HTTP/1.1" 200 4315
190.171.142.42 - - [05/Dec/2019:15:25:32 -0300] "GET /cormun/servlet/trlicencias? HTTP/1.1" 200 12182
190.171.142.42 - - [05/Dec/2019:15:25:33 -0300] "GET /cormun/servlet/trlicencias? HTTP/1.1" 200 12175
190.171.142.42 - - [05/Dec/2019:15:25:51 -0300] "GET /cormun/servlet/alicenciaprn?9195811,L,20191203000000,PU HTTP/1.1" 200 1531
190.171.142.42 - - [05/Dec/2019:15:26:08 -0300] "GET /cormun/servlet/alicenciaprn?19746885,L,20191203000000,PU HTTP/1.1" 200 1558
190.171.142.42 - - [05/Dec/2019:15:26:31 -0300] "GET /cormun/servlet/alicenciaprn?8498905,L,20191203000000,PU HTTP/1.1" 200 1540
186.103.157.98 - - [05/Dec/2019:15:26:47 -0300] "POST /cormun/servlet/solicitudot?gx-no-cache=1575570042013 HTTP/1.1" 200 97
190.171.142.42 - - [05/Dec/2019:15:26:49 -0300] "GET /cormun/servlet/alicenciaprn?7374023,L,20191203000000,PU HTTP/1.1" 200 1521
186.103.157.98 - - [05/Dec/2019:15:26:59 -0300] "GET /cormun/servlet/solicitudot?72521adf165b34e8bdf1363371de788807a8a9644f0f491613ed1b5180c44043dcb37c175eb7bba12837ed1f4a809547aea3693280e8d30b2666694f606775c1687a59305a001129b8e16a00e2b093f52e6258d3c9729635e1f1df4d9b1efca096904e83352393518837aaa345f2c461,gx-no-cache=1575570054491 HTTP/1.1" 200 29
186.103.157.98 - - [05/Dec/2019:15:26:59 -0300] "GET /cormun/static/menuarrow.gif HTTP/1.1" 404 1015
186.103.157.98 - - [05/Dec/2019:15:27:02 -0300] "GET /cormun/servlet/solicitudot?72521adf165b34e8bdf1363371de78880a3f06b5b0e4c0fe3004b4396162bbe07f10716196222cae9380ea2370296e16,gx-no-cache=1575570057513 HTTP/1.1" 200 30
190.171.142.42 - - [05/Dec/2019:15:27:08 -0300] "GET /cormun/servlet/alicenciaprn?17525166,L,20191204000000,PU HTTP/1.1" 200 1556
45.116.114.11 - - [05/Dec/2019:15:28:01 -0300] "GET / HTTP/1.1" 200 11217
186.103.157.98 - - [05/Dec/2019:15:28:24 -0300] "POST /cormun/servlet/solicitudot?gx-no-cache=1575570138841 HTTP/1.1" 200 1361
186.103.157.98 - - [05/Dec/2019:15:28:24 -0300] "POST /cormun/servlet/solicitudot?gx-no-cache=1575570138981 HTTP/1.1" 200 41
186.103.157.98 - - [05/Dec/2019:15:28:24 -0300] "GET /cormun/servlet/solicitudot?72521adf165b34e8bdf1363371de7888ab4829b26246377ccbd5a67eb6012dac021282b87e287589c24adc9dac2d1005f299906018daa3744126822f072e12281c2ab5fedb1191355c8d73685e3045add65ab2d4bb6b65efd7ca6942eaa33e35eb6785b5c3ae894ae12751a1554e2011,gx-no-cache=1575570139041 HTTP/1.1" 200 110
186.103.157.98 - - [05/Dec/2019:15:28:24 -0300] "POST /cormun/servlet/solicitudot?gx-no-cache=1575570139097 HTTP/1.1" 200 97
186.103.157.98 - - [05/Dec/2019:15:28:24 -0300] "POST /cormun/servlet/solicitudot?gx-no-cache=1575570139173 HTTP/1.1" 200 30
190.171.144.234 - - [05/Dec/2019:15:31:40 -0300] "GET /cormun/servlet/hlogin HTTP/1.1" 200 1724
190.171.144.234 - - [05/Dec/2019:15:31:51 -0300] "POST /cormun/servlet/hlogin?fd4ce44e2dcf5f56e62667edb0517113,gx-no-cache=1575570346721 HTTP/1.1" 200 90
190.171.144.234 - - [05/Dec/2019:15:31:51 -0300] "GET /cormun/servlet/hpexe_link HTTP/1.1" 200 951
190.171.144.234 - - [05/Dec/2019:15:31:51 -0300] "GET /cormun/servlet/hhome HTTP/1.1" 200 4033
190.171.144.234 - - [05/Dec/2019:15:31:52 -0300] "GET /cormun/servlet/hhome HTTP/1.1" 200 4029
190.171.144.234 - - [05/Dec/2019:15:31:54 -0300] "GET /cormun/servlet/trlicencias? HTTP/1.1" 200 9715
190.171.144.234 - - [05/Dec/2019:15:31:55 -0300] "GET /cormun/servlet/trlicencias? HTTP/1.1" 200 9712
190.171.144.234 - - [05/Dec/2019:15:32:09 -0300] "GET /cormun/servlet/trpermisosgoce? HTTP/1.1" 200 9484
190.171.144.234 - - [05/Dec/2019:15:32:10 -0300] "GET /cormun/servlet/trpermisosgoce? HTTP/1.1" 200 9484
190.171.144.234 - - [05/Dec/2019:15:32:13 -0300] "GET /cormun/servlet/trpermisosadjuntos?16269715,20191205161158,P, HTTP/1.1" 200 6348
190.171.144.234 - - [05/Dec/2019:15:32:14 -0300] "GET /cormun/servlet/trpermisosadjuntos?16269715,20191205161158,P, HTTP/1.1" 200 6347
190.171.144.234 - - [05/Dec/2019:15:32:22 -0300] "GET /cormun/servlet/permisosadjuntos?INS,16269715,P,20191205161158,, HTTP/1.1" 200 5674
190.171.144.234 - - [05/Dec/2019:15:32:22 -0300] "GET /cormun/static/gxcfg.js?201762717441171 HTTP/1.1" 200 953
190.171.144.234 - - [05/Dec/2019:15:32:22 -0300] "GET /cormun/static/permisosadjuntos.js?201762717441184 HTTP/1.1" 200 8724
190.171.144.234 - - [05/Dec/2019:15:32:22 -0300] "GET /cormun/static/about:blank HTTP/1.1" 404 1011
190.171.144.234 - - [05/Dec/2019:15:32:22 -0300] "GET /cormun/servlet/permisosadjuntos?INS,16269715,P,20191205161158,, HTTP/1.1" 200 5664
190.171.144.234 - - [05/Dec/2019:15:32:48 -0300] "POST /cormun/servlet/permisosadjuntos?fd4ce44e2dcf5f56e62667edb0517113,INS,16269715,P,20191205161158,, HTTP/1.1" 200 116
190.171.144.234 - - [05/Dec/2019:15:32:48 -0300] "GET /cormun/servlet/hpexe_return? HTTP/1.1" 200 1038
190.171.144.234 - - [05/Dec/2019:15:32:49 -0300] "GET /cormun/servlet/trpermisosadjuntos?16269715,20191205161158,P, HTTP/1.1" 200 6825
190.171.144.234 - - [05/Dec/2019:15:32:49 -0300] "GET /cormun/servlet/trpermisosadjuntos?16269715,20191205161158,P, HTTP/1.1" 200 6821
190.171.144.234 - - [05/Dec/2019:15:32:59 -0300] "GET /cormun/servlet/trpermisosgoce? HTTP/1.1" 200 9485
190.171.144.234 - - [05/Dec/2019:15:32:59 -0300] "GET /cormun/servlet/trpermisosgoce? HTTP/1.1" 200 9484
186.103.157.98 - - [05/Dec/2019:15:33:04 -0300] "GET /cormun/servlet/solicitudot?72521adf165b34e8bdf1363371de78885dad3c63a34dccc58c17546dbc7eb8e043ba33924ab89b54c12b0bf61de33ec2fa39c3ac7596743734038152c87d3946,gx-no-cache=1575570419290 HTTP/1.1" 200 30
186.103.157.98 - - [05/Dec/2019:15:33:05 -0300] "GET /cormun/servlet/solicitudot?72521adf165b34e8bdf1363371de78886fc5dc2810aa8e8268a943afa1e8bcdb28ed253cb8b96de5dc975088259bebd9308f216939fc0fb931460c53322ba6a36b4d30e0ff9b39ce41cff2f8491fa4b4b0c7da313a0369292774f89d8ef5d0548d99b3beb7ea31c4b20e5e39bdc52864395b8e4803a018073ea6879baf290e19b902000fda12191fdab175389b5fe1cb1a7f17d2d0a0ed6d83762671413cda97a1c895e4dda9f7cc0dc49d8775138ba696258f12da0385f0aad9dcd132417fd127a9cdb1979983ef26a0edd894180624d21af5a4b5954200745d6b61611295ac9c4ec6ee08b1d59ffde7c20b6a0ca957761220a64886a8b316850ab7a9235fc3a445e0c8d7424100e806f1a328d6378b2ed30c08c5fa9645c9821e95251481f505d65d90f131696bf8a67792074cdb32a1308ad5f91422dd55d8c6587d1a83fcc72d93d4c4c2af37ff2c244ec81a58f812d1128c384e4607b0828c2b8c671387287fc2b427f8a3e7b8d1f940064a1d111a37fbb85a0794c704ebc1e563889ab3,gx-no-cache=1575570419544 HTTP/1.1" 200 30
186.103.157.98 - - [05/Dec/2019:15:33:05 -0300] "POST /cormun/servlet/solicitudot?gx-no-cache=1575570419954 HTTP/1.1" 200 30
186.103.157.98 - - [05/Dec/2019:15:33:05 -0300] "POST /cormun/servlet/solicitudot?gx-no-cache=1575570420178 HTTP/1.1" 200 1361
190.171.144.234 - - [05/Dec/2019:15:33:05 -0300] "POST /cormun/servlet/trpermisosgoce?fd4ce44e2dcf5f56e62667edb0517113,,gx-no-cache=1575570420923 HTTP/1.1" 200 6700
186.103.157.98 - - [05/Dec/2019:15:33:05 -0300] "POST /cormun/servlet/solicitudot?gx-no-cache=1575570420471 HTTP/1.1" 200 41
190.171.144.234 - - [05/Dec/2019:15:33:06 -0300] "GET /cormun/static/Shared/jqueryui/images/ui-bg_highlight-soft_100_c6c2c8_1x100.png HTTP/1.1" 404 1117
186.103.157.98 - - [05/Dec/2019:15:33:06 -0300] "GET /cormun/servlet/solicitudot?72521adf165b34e8bdf1363371de7888ab4829b26246377ccbd5a67eb6012dac021282b87e287589c24adc9dac2d1005f299906018daa3744126822f072e12281c2ab5fedb1191355c8d73685e3045add65ab2d4bb6b65efd7ca6942eaa33e35eb6785b5c3ae894ae12751a1554e2011,gx-no-cache=1575570420605 HTTP/1.1" 200 110
190.171.144.234 - - [05/Dec/2019:15:33:06 -0300] "GET /cormun/static/Shared/jqueryui/images/ui-icons_82798d_256x240.png HTTP/1.1" 404 1089
190.171.144.234 - - [05/Dec/2019:15:33:06 -0300] "GET /cormun/static/Shared/jqueryui/images/ui-bg_flat_55_fafafa_40x100.png HTTP/1.1" 404 1097
190.171.144.234 - - [05/Dec/2019:15:33:06 -0300] "GET /cormun/static/Shared/jqueryui/images/ui-icons_8d78a5_256x240.png HTTP/1.1" 404 1089
186.103.157.98 - - [05/Dec/2019:15:33:06 -0300] "POST /cormun/servlet/solicitudot?gx-no-cache=1575570420752 HTTP/1.1" 200 97
186.103.157.98 - - [05/Dec/2019:15:33:06 -0300] "GET /cormun/servlet/solicitudot?72521adf165b34e8bdf1363371de78880a3f06b5b0e4c0fe3004b4396162bbe07f10716196222cae9380ea2370296e16,gx-no-cache=1575570420939 HTTP/1.1" 200 30
186.103.157.98 - - [05/Dec/2019:15:33:06 -0300] "POST /cormun/servlet/solicitudot?gx-no-cache=1575570421071 HTTP/1.1" 200 30
186.103.157.98 - - [05/Dec/2019:15:33:07 -0300] "POST /cormun/servlet/solicitudot?c5b19dcd34c3d73310abe32926c43f3d,INS,0,0,,gx-no-cache=1575570421235 HTTP/1.1" 200 93
186.103.157.98 - - [05/Dec/2019:15:33:07 -0300] "GET /cormun/servlet/hpexe_return? HTTP/1.1" 200 1027
186.103.157.98 - - [05/Dec/2019:15:33:07 -0300] "GET /cormun/servlet/trsolicitudot?gx-no-cache=1575569359260 HTTP/1.1" 200 9278
186.103.157.98 - - [05/Dec/2019:15:33:08 -0300] "GET /cormun/servlet/trsolicitudot?gx-no-cache=1575569359260 HTTP/1.1" 200 9292
186.103.157.98 - - [05/Dec/2019:15:33:13 -0300] "POST /cormun/servlet/trsolicitudot?c5b19dcd34c3d73310abe32926c43f3d,gx-no-cache=1575569359260,gx-no-cache=1575570427607 HTTP/1.1" 200 6272
186.103.157.98 - - [05/Dec/2019:15:33:13 -0300] "GET /cormun/static/Shared/jqueryui/images/ui-bg_highlight-soft_100_c6c2c8_1x100.png HTTP/1.1" 404 1117
186.103.157.98 - - [05/Dec/2019:15:33:13 -0300] "GET /cormun/static/Shared/jqueryui/images/ui-bg_flat_55_fafafa_40x100.png HTTP/1.1" 404 1097
186.103.157.98 - - [05/Dec/2019:15:33:13 -0300] "GET /cormun/static/Shared/jqueryui/images/ui-icons_8d78a5_256x240.png HTTP/1.1" 404 1089
186.103.157.98 - - [05/Dec/2019:15:33:13 -0300] "GET /cormun/static/Shared/jqueryui/images/ui-icons_82798d_256x240.png HTTP/1.1" 404 1089
190.171.144.234 - - [05/Dec/2019:15:33:25 -0300] "GET /cormun/servlet/hlogin HTTP/1.1" 200 1724
190.171.152.114 - - [05/Dec/2019:15:33:28 -0300] "GET /cormun/servlet/hlogin HTTP/1.1" 200 1727
190.171.144.234 - - [05/Dec/2019:15:33:37 -0300] "POST /cormun/servlet/hlogin?fd4ce44e2dcf5f56e62667edb0517113,gx-no-cache=1575570452561 HTTP/1.1" 200 90
190.171.144.234 - - [05/Dec/2019:15:33:37 -0300] "GET /cormun/servlet/hpexe_link HTTP/1.1" 200 951
190.171.144.234 - - [05/Dec/2019:15:33:37 -0300] "GET /cormun/servlet/hhome HTTP/1.1" 200 4213
190.171.144.234 - - [05/Dec/2019:15:33:37 -0300] "GET /cormun/servlet/hhome HTTP/1.1" 200 4209
190.171.144.234 - - [05/Dec/2019:15:33:38 -0300] "GET /cormun/static/SmoothNavMenu/resources/images/right.gif HTTP/1.1" 200 860
190.171.144.234 - - [05/Dec/2019:15:33:43 -0300] "GET /cormun/servlet/trautorizarpermisogoce? HTTP/1.1" 200 7887
190.171.144.234 - - [05/Dec/2019:15:33:43 -0300] "GET /cormun/static/gxcfg.js?20177612165975 HTTP/1.1" 200 953
190.171.144.234 - - [05/Dec/2019:15:33:43 -0300] "GET /cormun/static/trautorizarpermisogoce.js?2017761217384 HTTP/1.1" 200 34948
190.171.144.234 - - [05/Dec/2019:15:33:44 -0300] "GET /cormun/servlet/trautorizarpermisogoce? HTTP/1.1" 200 7885
190.171.152.114 - - [05/Dec/2019:15:33:45 -0300] "POST /cormun/servlet/hlogin?5c417ff0076cc78a0a532e481f630e1a,gx-no-cache=1575570463527 HTTP/1.1" 200 90
190.171.152.114 - - [05/Dec/2019:15:33:45 -0300] "GET /cormun/servlet/hpexe_link HTTP/1.1" 200 952
190.171.152.114 - - [05/Dec/2019:15:33:45 -0300] "GET /cormun/servlet/hhome HTTP/1.1" 200 4279
190.171.152.114 - - [05/Dec/2019:15:33:47 -0300] "GET /cormun/servlet/hhome HTTP/1.1" 200 4277
190.171.144.234 - - [05/Dec/2019:15:33:49 -0300] "POST /cormun/servlet/trautorizarpermisogoce?fd4ce44e2dcf5f56e62667edb0517113,,gx-no-cache=1575570462998 HTTP/1.1" 200 4442
190.171.144.234 - - [05/Dec/2019:15:33:49 -0300] "GET /cormun/static/Shared/jqueryui/images/ui-bg_highlight-soft_100_c6c2c8_1x100.png HTTP/1.1" 404 1117
190.171.144.234 - - [05/Dec/2019:15:33:49 -0300] "GET /cormun/static/Shared/jqueryui/images/ui-icons_82798d_256x240.png HTTP/1.1" 404 1089
190.171.144.234 - - [05/Dec/2019:15:33:49 -0300] "GET /cormun/static/Shared/jqueryui/images/ui-icons_8d78a5_256x240.png HTTP/1.1" 404 1089
190.171.144.234 - - [05/Dec/2019:15:33:49 -0300] "GET /cormun/static/Shared/jqueryui/images/ui-bg_flat_55_fafafa_40x100.png HTTP/1.1" 404 1097
190.171.142.42 - - [05/Dec/2019:15:35:00 -0300] "GET /cormun/servlet/alicenciaprn?15123057,L,20191129000000,PU HTTP/1.1" 200 1530
186.103.157.98 - - [05/Dec/2019:15:37:03 -0300] "POST /cormun/servlet/trsolicitudot?c5b19dcd34c3d73310abe32926c43f3d,gx-no-cache=1575569359260,gx-no-cache=1575570657589 HTTP/1.1" 200 6272
186.103.157.98 - - [05/Dec/2019:15:39:16 -0300] "POST /cormun/servlet/trsolicitudot?c5b19dcd34c3d73310abe32926c43f3d,gx-no-cache=1575569359260,gx-no-cache=1575570791386 HTTP/1.1" 200 6272
192.168.10.96 - - [05/Dec/2019:15:39:23 -0300] "GET /cormun/servlet/hlogin HTTP/1.1" 200 1718
192.168.10.96 - - [05/Dec/2019:15:39:26 -0300] "POST /cormun/servlet/hlogin?efb4bafb01ad3be7ba2d260cc67527be,gx-no-cache=1575574287892 HTTP/1.1" 200 90
192.168.10.96 - - [05/Dec/2019:15:39:26 -0300] "GET /cormun/servlet/hpexe_link HTTP/1.1" 200 948
192.168.10.96 - - [05/Dec/2019:15:39:26 -0300] "GET /cormun/servlet/hhome HTTP/1.1" 200 4771
192.168.10.96 - - [05/Dec/2019:15:39:26 -0300] "GET /cormun/static/hhome.js?20175251212450 HTTP/1.1" 200 777
192.168.10.96 - - [05/Dec/2019:15:39:26 -0300] "GET /cormun/static/Resources/PXToolsFooterBackground2.png HTTP/1.1" 200 1172
192.168.10.96 - - [05/Dec/2019:15:39:26 -0300] "GET /cormun/static/Resources/PXToolsHeaderBackground2.png HTTP/1.1" 200 1174
192.168.10.96 - - [05/Dec/2019:15:39:26 -0300] "GET /cormun/servlet/hhome HTTP/1.1" 200 4767
192.168.10.96 - - [05/Dec/2019:15:39:29 -0300] "GET /cormun/servlet/trsolicitudgral? HTTP/1.1" 200 9263
192.168.10.96 - - [05/Dec/2019:15:39:30 -0300] "GET /cormun/servlet/trsolicitudgral? HTTP/1.1" 200 9261
186.103.157.98 - - [05/Dec/2019:15:39:34 -0300] "POST /cormun/servlet/trsolicitudot?c5b19dcd34c3d73310abe32926c43f3d,gx-no-cache=1575569359260,gx-no-cache=1575570808914 HTTP/1.1" 200 6272
192.168.10.96 - - [05/Dec/2019:15:39:45 -0300] "POST /cormun/servlet/trsolicitudgral?efb4bafb01ad3be7ba2d260cc67527be,,gx-no-cache=1575574307212 HTTP/1.1" 200 7613
192.168.10.96 - - [05/Dec/2019:15:39:53 -0300] "GET /cormun/servlet/vesolicitudgral?2019,16234,, HTTP/1.1" 200 9328
192.168.10.96 - - [05/Dec/2019:15:39:53 -0300] "GET /cormun/pexe_scrolldiv.js HTTP/1.1" 404 1009
192.168.10.96 - - [05/Dec/2019:15:39:53 -0300] "GET /cormun/static/calendar-system.css HTTP/1.1" 200 5572
192.168.10.96 - - [05/Dec/2019:15:39:54 -0300] "GET /cormun/servlet/vesolicitudgral?2019,16234,, HTTP/1.1" 200 9328
192.168.10.96 - - [05/Dec/2019:15:39:55 -0300] "GET /cormun/servlet/vesolicitudgral?2019,16234,,SolicitudOTAdjuntos HTTP/1.1" 200 8034
192.168.10.96 - - [05/Dec/2019:15:39:55 -0300] "GET /cormun/pexe_scrolldiv.js HTTP/1.1" 404 1009
192.168.10.96 - - [05/Dec/2019:15:39:55 -0300] "GET /cormun/static/gxui/gxui-all.css HTTP/1.1" 304 -
192.168.10.96 - - [05/Dec/2019:15:39:55 -0300] "GET /cormun/servlet/vesolicitudgral?2019,16234,,SolicitudOTAdjuntos HTTP/1.1" 200 8034
192.168.10.96 - - [05/Dec/2019:15:39:56 -0300] "POST /cormun/servlet/acontrolpreferencessavestate?None,DZAMUDIO,true HTTP/1.1" 200 35
192.168.10.96 - - [05/Dec/2019:15:39:57 -0300] "POST /cormun/servlet/vesolicitudgral?efb4bafb01ad3be7ba2d260cc67527be,2019,16234,,SolicitudOTAdjuntos,gx-no-cache=1575574319525 HTTP/1.1" 200 90
192.168.10.96 - - [05/Dec/2019:15:39:57 -0300] "GET /cormun/servlet/hpexe_link HTTP/1.1" 200 977
192.168.10.96 - - [05/Dec/2019:15:39:57 -0300] "GET /cormun/servlet/trsolicitudgral? HTTP/1.1" 200 10916
192.168.10.96 - - [05/Dec/2019:15:39:58 -0300] "GET /cormun/servlet/trsolicitudgral? HTTP/1.1" 200 10915
192.168.10.96 - - [05/Dec/2019:15:40:02 -0300] "GET /cormun/servlet/vesolicitudgral?2019,16236,, HTTP/1.1" 200 9363
192.168.10.96 - - [05/Dec/2019:15:40:02 -0300] "GET /cormun/pexe_scrolldiv.js HTTP/1.1" 404 1009
192.168.10.96 - - [05/Dec/2019:15:40:02 -0300] "GET /cormun/pexe_scrolldiv.js HTTP/1.1" 404 1009
192.168.10.96 - - [05/Dec/2019:15:40:02 -0300] "GET /cormun/static/calendar-system.css HTTP/1.1" 200 5572
192.168.10.96 - - [05/Dec/2019:15:40:02 -0300] "GET /cormun/servlet/vesolicitudgral?2019,16236,, HTTP/1.1" 200 9362
192.168.10.96 - - [05/Dec/2019:15:40:08 -0300] "GET /cormun/servlet/hlogin HTTP/1.1" 200 1748
192.168.10.96 - - [05/Dec/2019:15:40:08 -0300] "GET /cormun/static/Resources/ComunLogin.png HTTP/1.1" 200 17326
192.168.10.96 - - [05/Dec/2019:15:40:29 -0300] "POST /cormun/servlet/hlogin?efb4bafb01ad3be7ba2d260cc67527be,gx-no-cache=1575574351451 HTTP/1.1" 200 460
192.168.10.96 - - [05/Dec/2019:15:40:33 -0300] "POST /cormun/servlet/hlogin?efb4bafb01ad3be7ba2d260cc67527be,gx-no-cache=1575574355472 HTTP/1.1" 200 90
192.168.10.96 - - [05/Dec/2019:15:40:33 -0300] "GET /cormun/servlet/hpexe_link HTTP/1.1" 200 948
192.168.10.96 - - [05/Dec/2019:15:40:33 -0300] "GET /cormun/servlet/hhome HTTP/1.1" 200 4362
192.168.10.96 - - [05/Dec/2019:15:40:34 -0300] "GET /cormun/servlet/hhome HTTP/1.1" 200 4357
192.168.10.96 - - [05/Dec/2019:15:40:36 -0300] "GET /cormun/servlet/trsolicitudot? HTTP/1.1" 200 9274
192.168.10.96 - - [05/Dec/2019:15:40:36 -0300] "GET /cormun/static/gxcfg.js?2017111422585916 HTTP/1.1" 200 953
192.168.10.96 - - [05/Dec/2019:15:40:36 -0300] "GET /cormun/static/scaMessage/css/jquery.pnotify.default.css?1716380 HTTP/1.1" 200 1707
192.168.10.96 - - [05/Dec/2019:15:40:36 -0300] "GET /cormun/static/Resources/PXToolsGridNew.png HTTP/1.1" 304 -
192.168.10.96 - - [05/Dec/2019:15:40:36 -0300] "GET /cormun/static/trsolicitudot.js?201711142259839 HTTP/1.1" 304 -
192.168.10.96 - - [05/Dec/2019:15:40:36 -0300] "GET /cormun/static/Resources/PXToolsDataSearch.png HTTP/1.1" 200 419
192.168.10.96 - - [05/Dec/2019:15:40:36 -0300] "GET /cormun//static/Resources/PXToolsRemoveAllAction.png HTTP/1.1" 200 3558
192.168.10.96 - - [05/Dec/2019:15:40:36 -0300] "GET /cormun//static/Resources/PXToolsActionView.png HTTP/1.1" 200 2995
192.168.10.96 - - [05/Dec/2019:15:40:36 -0300] "GET /cormun/servlet/trsolicitudot? HTTP/1.1" 200 9272
192.168.10.96 - - [05/Dec/2019:15:40:36 -0300] "GET /cormun/static/Shared/ext/resources/themes/images/default/panel/bg-headersPanel.png HTTP/1.1" 200 255
192.168.10.96 - - [05/Dec/2019:15:40:36 -0300] "GET /cormun/static/Shared/ext/resources/themes/images/default/tools/tool-sprites.gif HTTP/1.1" 200 5434
192.168.10.96 - - [05/Dec/2019:15:40:40 -0300] "GET /cormun/servlet/trautorizarsolicitud? HTTP/1.1" 200 7478
192.168.10.96 - - [05/Dec/2019:15:40:40 -0300] "GET /cormun/static/gxcfg.js?2017111423403364 HTTP/1.1" 200 953
192.168.10.96 - - [05/Dec/2019:15:40:40 -0300] "GET /cormun/static/trautorizarsolicitud.js?201711142340425 HTTP/1.1" 200 53910
192.168.10.96 - - [05/Dec/2019:15:40:40 -0300] "GET /cormun/servlet/trautorizarsolicitud? HTTP/1.1" 200 7477
192.168.10.96 - - [05/Dec/2019:15:40:43 -0300] "GET /cormun/servlet/trsolicitudot? HTTP/1.1" 200 9273
192.168.10.96 - - [05/Dec/2019:15:40:44 -0300] "GET /cormun/servlet/trsolicitudot? HTTP/1.1" 200 9272
192.168.10.96 - - [05/Dec/2019:15:40:46 -0300] "POST /cormun/servlet/trsolicitudot?efb4bafb01ad3be7ba2d260cc67527be,,gx-no-cache=1575574367933 HTTP/1.1" 200 6273
192.168.10.96 - - [05/Dec/2019:15:40:46 -0300] "GET /cormun/static/Shared/jqueryui/images/ui-bg_highlight-soft_100_c6c2c8_1x100.png HTTP/1.1" 404 1117
192.168.10.96 - - [05/Dec/2019:15:40:46 -0300] "GET /cormun/static/Shared/jqueryui/images/ui-icons_82798d_256x240.png HTTP/1.1" 404 1089
192.168.10.96 - - [05/Dec/2019:15:40:46 -0300] "GET /cormun/static/Shared/jqueryui/images/ui-icons_8d78a5_256x240.png HTTP/1.1" 404 1089
192.168.10.96 - - [05/Dec/2019:15:40:46 -0300] "GET /cormun/static/Shared/jqueryui/images/ui-bg_flat_55_fafafa_40x100.png HTTP/1.1" 404 1097
192.168.10.96 - - [05/Dec/2019:15:40:49 -0300] "POST /cormun/servlet/trsolicitudot?efb4bafb01ad3be7ba2d260cc67527be,,gx-no-cache=1575574371501 HTTP/1.1" 200 6272
192.168.10.96 - - [05/Dec/2019:15:40:57 -0300] "POST /cormun/servlet/trsolicitudot?efb4bafb01ad3be7ba2d260cc67527be,,gx-no-cache=1575574379127 HTTP/1.1" 200 106
192.168.10.96 - - [05/Dec/2019:15:40:57 -0300] "GET /cormun/servlet/solicitudot?UPD,2019,16236, HTTP/1.1" 200 15917
192.168.10.96 - - [05/Dec/2019:15:40:57 -0300] "GET /cormun/static/calendar-system.css?75620 HTTP/1.1" 200 5572
192.168.10.96 - - [05/Dec/2019:15:40:57 -0300] "GET /cormun/static/Resources/Spanish/PXTools.css?1155365 HTTP/1.1" 200 89042
192.168.10.96 - - [05/Dec/2019:15:40:57 -0300] "GET /cormun/static/gxcfg.js?20189101114418 HTTP/1.1" 200 953
192.168.10.96 - - [05/Dec/2019:15:40:57 -0300] "GET /cormun/static/Resources/prompt.gif HTTP/1.1" 200 902
192.168.10.96 - - [05/Dec/2019:15:40:57 -0300] "GET /cormun/static/solicitudot.js?20189101114718 HTTP/1.1" 200 71883
192.168.10.96 - - [05/Dec/2019:15:40:58 -0300] "GET /cormun/servlet/solicitudot?UPD,2019,16236, HTTP/1.1" 200 15926
192.168.10.96 - - [05/Dec/2019:15:40:58 -0300] "POST /cormun/servlet/solicitudot?gx-no-cache=1575574380395 HTTP/1.1" 200 3553
192.168.10.96 - - [05/Dec/2019:15:40:58 -0300] "POST /cormun/servlet/solicitudot?efb4bafb01ad3be7ba2d260cc67527be,UPD,2019,16236,,gx-no-cache=1575574380537 HTTP/1.1" 200 12102
192.168.10.96 - - [05/Dec/2019:15:40:58 -0300] "GET /cormun/servlet/solicitudot?9ee4b4c2baf97ff1bb45f2cd3d47e7bd732f2df111e599e9b14a98e718bb26d72e55a0fd3e2df8e7fb197575d0de9789,gx-no-cache=1575574380771 HTTP/1.1" 200 30
192.168.10.96 - - [05/Dec/2019:15:40:58 -0300] "GET /cormun/servlet/solicitudot?9ee4b4c2baf97ff1bb45f2cd3d47e7bd430b81ac40123063f2d0faae3dda55fa51de82facc658329e21f98c5c2c07a6858af33fb57f883ea92a9535a6fd816b9,gx-no-cache=1575574380802 HTTP/1.1" 200 30
192.168.10.96 - - [05/Dec/2019:15:40:58 -0300] "GET /cormun/servlet/solicitudot?9ee4b4c2baf97ff1bb45f2cd3d47e7bd960ddb6c02c4a8a59e9e996c1e837394,gx-no-cache=1575574380822 HTTP/1.1" 200 29
192.168.10.96 - - [05/Dec/2019:15:40:58 -0300] "POST /cormun/servlet/solicitudot?gx-no-cache=1575574380845 HTTP/1.1" 200 240
192.168.10.96 - - [05/Dec/2019:15:40:58 -0300] "GET /cormun/servlet/solicitudot?9ee4b4c2baf97ff1bb45f2cd3d47e7bdeaa37c2b6b55bc4ab9bb3a8e9ab5c226cbea0abd08016eb6cb185eff890ae4f08f7d39544d9d3f6b835936ce509da223d5df1ecf99b9a7e4a91e986b0bbaa0f09928656398b9600a67b32d495ea07f72c4949c70624060ae6d1c0687067778beae000d07ba4afd2e67499acacdc4485ee8e8e240a0f0cee3881b26412857f510641b1f762b17a671203f72fcedf3c7af66c9f6d5ea7291dc793d3ab37c5bdee6ec4791aa3e719b62e1d2d770eb964e3316603055b076dca5cef7361202b6c3b9c43bf7fea8a7cc015acec4f636167fbbdb54f7928150d765b9e430bd3c8f0c41f4198e5628dcc087e840930f7841e396f30c644f5c3fecf2afea582711e4c731dbc2c8924d0f3ec78ad5c2d3ccbfca70df07c69a182e9291f8c6537ab4fec8b3868fd8ceb53980efe090b162d4dac738998571a77ddf11621c28c79d3802b2c109b9c5120f75e0c0e6524be68182b58a72a0bb7430aa3a3ac6d3e4404715a13a6ebc3ae1d441c8db027e87c1d260b551,gx-no-cache=1575574380872 HTTP/1.1" 200 30
192.168.10.96 - - [05/Dec/2019:15:40:58 -0300] "POST /cormun/servlet/solicitudot?gx-no-cache=1575574380894 HTTP/1.1" 200 30
192.168.10.96 - - [05/Dec/2019:15:40:59 -0300] "POST /cormun/servlet/solicitudot?gx-no-cache=1575574380924 HTTP/1.1" 200 1361
192.168.10.96 - - [05/Dec/2019:15:40:59 -0300] "POST /cormun/servlet/solicitudot?gx-no-cache=1575574381003 HTTP/1.1" 200 41
186.103.157.98 - - [05/Dec/2019:15:40:59 -0300] "POST /cormun/servlet/trsolicitudot?c5b19dcd34c3d73310abe32926c43f3d,gx-no-cache=1575569359260,gx-no-cache=1575570893754 HTTP/1.1" 200 106
186.103.157.98 - - [05/Dec/2019:15:40:59 -0300] "GET /cormun/servlet/solicitudot?UPD,2019,16236, HTTP/1.1" 200 15941
186.103.157.98 - - [05/Dec/2019:15:41:00 -0300] "GET /cormun/servlet/solicitudot?UPD,2019,16236, HTTP/1.1" 200 15928
186.103.157.98 - - [05/Dec/2019:15:41:00 -0300] "POST /cormun/servlet/solicitudot?gx-no-cache=1575570895150 HTTP/1.1" 200 3553
186.103.157.98 - - [05/Dec/2019:15:41:00 -0300] "POST /cormun/servlet/solicitudot?c5b19dcd34c3d73310abe32926c43f3d,UPD,2019,16236,,gx-no-cache=1575570895402 HTTP/1.1" 200 12126
186.103.157.98 - - [05/Dec/2019:15:41:01 -0300] "GET /cormun/servlet/solicitudot?72521adf165b34e8bdf1363371de788842d8f57402edcdd91460d7c10fd3298783f6ac3438c328e19b1f1d376318a779,gx-no-cache=1575570895772 HTTP/1.1" 200 30
186.103.157.98 - - [05/Dec/2019:15:41:01 -0300] "GET /cormun/servlet/solicitudot?72521adf165b34e8bdf1363371de78885dad3c63a34dccc58c17546dbc7eb8e043ba33924ab89b54c12b0bf61de33ec2e936138ed2701fcd32adb192256ea686,gx-no-cache=1575570895832 HTTP/1.1" 200 30
186.103.157.98 - - [05/Dec/2019:15:41:01 -0300] "GET /cormun/servlet/solicitudot?72521adf165b34e8bdf1363371de788863b34e78631e4334721d12a3caaec331,gx-no-cache=1575570895871 HTTP/1.1" 200 29
186.103.157.98 - - [05/Dec/2019:15:41:01 -0300] "POST /cormun/servlet/solicitudot?gx-no-cache=1575570895914 HTTP/1.1" 200 240
186.103.157.98 - - [05/Dec/2019:15:41:01 -0300] "GET /cormun/servlet/solicitudot?72521adf165b34e8bdf1363371de78886fc5dc2810aa8e8268a943afa1e8bcdb28ed253cb8b96de5dc975088259bebd9308f216939fc0fb931460c53322ba6a36b4d30e0ff9b39ce41cff2f8491fa4b4b0c7da313a0369292774f89d8ef5d0548d99b3beb7ea31c4b20e5e39bdc52864395b8e4803a018073ea6879baf290e19b902000fda12191fdab175389b5fe1cb1a7f17d2d0a0ed6d83762671413cda97a1c895e4dda9f7cc0dc49d8775138ba696258f12da0385f0aad9dcd132417fd127a9cdb1979983ef26a0edd894180624d21af5a4b5954200745d6b61611295ac9c4ec6ee08b1d59ffde7c20b6a0ca957761220a64886a8b316850ab7a9235fc3a445e0c8d7424100e806f1a328d6378b2ed30c08c5fa9645c9821e95251481f505d65d90f131696bf8a67792074cdb32a1308ad5f91422dd55d8c6587d1a83fcc72d93d4c4c2af37ff2c244ec81a58f812d1128c384e4607b0828c2b8c671387287fc2b427f8a3e7b8d1f940064a1d111a37fbb85a0794c704ebc1e563889ab3,gx-no-cache=1575570895977 HTTP/1.1" 200 30
186.103.157.98 - - [05/Dec/2019:15:41:01 -0300] "POST /cormun/servlet/solicitudot?gx-no-cache=1575570896366 HTTP/1.1" 200 30
186.103.157.98 - - [05/Dec/2019:15:41:01 -0300] "POST /cormun/servlet/solicitudot?gx-no-cache=1575570896496 HTTP/1.1" 200 1361
186.103.157.98 - - [05/Dec/2019:15:41:01 -0300] "POST /cormun/servlet/solicitudot?gx-no-cache=1575570896580 HTTP/1.1" 200 41
192.168.10.96 - - [05/Dec/2019:15:41:03 -0300] "POST /cormun/servlet/solicitudot?efb4bafb01ad3be7ba2d260cc67527be,UPD,2019,16236,,gx-no-cache=1575574385357 HTTP/1.1" 200 93
