190.171.152.138 - - [26/Nov/2019:08:32:23 -0300] "GET /cormun/servlet/hhome HTTP/1.1" 200 3434
190.171.152.138 - - [26/Nov/2019:08:32:36 -0300] "POST /cormun/servlet/hlogin?e1148e9bca3f83a5723614bb0fbd0a68,gx-no-cache=1574771197450 HTTP/1.1" 200 90
190.171.152.138 - - [26/Nov/2019:08:32:36 -0300] "GET /cormun/servlet/hpexe_link HTTP/1.1" 200 957
190.171.152.138 - - [26/Nov/2019:08:32:36 -0300] "GET /cormun/servlet/hhome HTTP/1.1" 200 3958
190.171.152.138 - - [26/Nov/2019:08:32:36 -0300] "GET /cormun/servlet/hhome HTTP/1.1" 200 3955
192.168.10.96 - - [26/Nov/2019:08:32:38 -0300] "GET /cormun/servlet/trrenunciasgenerales? HTTP/1.1" 200 9238
192.168.10.96 - - [26/Nov/2019:08:32:39 -0300] "GET /cormun/static/gxcfg.js?20177612185983 HTTP/1.1" 304 -
192.168.10.96 - - [26/Nov/2019:08:32:39 -0300] "GET /cormun/servlet/trrenunciasgenerales? HTTP/1.1" 200 9215
190.171.152.138 - - [26/Nov/2019:08:32:40 -0300] "GET /cormun/servlet/trlicencias? HTTP/1.1" 200 12399
190.171.152.138 - - [26/Nov/2019:08:32:41 -0300] "GET /cormun/servlet/trlicencias? HTTP/1.1" 200 12396
192.168.10.96 - - [26/Nov/2019:08:32:46 -0300] "POST /cormun/servlet/trrenunciasgenerales?93fb5952456e2bde8160c882bc7128cb,,gx-no-cache=1574771099696 HTTP/1.1" 200 6130
192.168.10.96 - - [26/Nov/2019:08:32:46 -0300] "POST /cormun/servlet/trrenunciasgenerales?93fb5952456e2bde8160c882bc7128cb,,gx-no-cache=1574771100114 HTTP/1.1" 200 6130
192.168.10.96 - - [26/Nov/2019:08:32:46 -0300] "POST /cormun/servlet/trrenunciasgenerales?93fb5952456e2bde8160c882bc7128cb,,gx-no-cache=1574771100354 HTTP/1.1" 200 6129
192.168.10.96 - - [26/Nov/2019:08:32:46 -0300] "POST /cormun/servlet/trrenunciasgenerales?93fb5952456e2bde8160c882bc7128cb,,gx-no-cache=1574771100609 HTTP/1.1" 200 6130
200.54.103.162 - - [26/Nov/2019:08:32:47 -0300] "GET /cormun/servlet/trlicencias? HTTP/1.1" 200 14367
192.168.10.96 - - [26/Nov/2019:08:32:47 -0300] "POST /cormun/servlet/trrenunciasgenerales?93fb5952456e2bde8160c882bc7128cb,,gx-no-cache=1574771100906 HTTP/1.1" 200 6130
200.54.103.162 - - [26/Nov/2019:08:32:47 -0300] "GET /cormun/static/gxcfg.js?20176272054169 HTTP/1.1" 200 953
200.54.103.162 - - [26/Nov/2019:08:32:47 -0300] "GET /cormun/static/calendar-setup.js?85251 HTTP/1.1" 200 2588
200.54.103.162 - - [26/Nov/2019:08:32:47 -0300] "GET /cormun/static/calendar-es.js?85251 HTTP/1.1" 200 1901
200.54.103.162 - - [26/Nov/2019:08:32:47 -0300] "GET /cormun/static/calendar.js?85251 HTTP/1.1" 200 26246
200.54.103.162 - - [26/Nov/2019:08:32:47 -0300] "GET /cormun/static/Resources/PXTools/calendar.png HTTP/1.1" 200 1306
200.54.103.162 - - [26/Nov/2019:08:32:47 -0300] "GET /cormun/static/gxdec.js?85251 HTTP/1.1" 200 19579
200.54.103.162 - - [26/Nov/2019:08:32:47 -0300] "GET /cormun/static/trlicencias.js?20176272054837 HTTP/1.1" 200 41883
200.54.103.162 - - [26/Nov/2019:08:32:47 -0300] "GET /cormun/static/Resources/PXToolsGridPreviousDisabled.gif HTTP/1.1" 200 90
200.54.103.162 - - [26/Nov/2019:08:32:47 -0300] "GET /cormun/static/Resources/PXToolsGridFirstDisabled.gif HTTP/1.1" 200 100
200.54.103.162 - - [26/Nov/2019:08:32:47 -0300] "GET /cormun/static/Resources/PXToolsGridLastDisabled.gif HTTP/1.1" 200 98
200.54.103.162 - - [26/Nov/2019:08:32:47 -0300] "GET /cormun/static/Resources/PXToolsGridNextDisabled.gif HTTP/1.1" 200 90
200.54.103.162 - - [26/Nov/2019:08:32:47 -0300] "GET /cormun/static/Resources/PXToolsGridPage.gif HTTP/1.1" 200 725
200.54.103.162 - - [26/Nov/2019:08:32:47 -0300] "GET /cormun/static/Resources/PXToolsActionExcel.png HTTP/1.1" 200 3187
200.54.103.162 - - [26/Nov/2019:08:32:47 -0300] "GET /cormun/static/Resources/PXToolsGridNew.png HTTP/1.1" 200 2949
200.54.103.162 - - [26/Nov/2019:08:32:47 -0300] "GET /cormun//static/Resources/PXToolsActionDisabled.gif HTTP/1.1" 200 53
192.168.10.96 - - [26/Nov/2019:08:32:47 -0300] "POST /cormun/servlet/trrenunciasgenerales?93fb5952456e2bde8160c882bc7128cb,,gx-no-cache=1574771101620 HTTP/1.1" 200 6130
200.54.103.162 - - [26/Nov/2019:08:32:47 -0300] "GET /cormun//static/Resources/PXToolsGridDisplay.png HTTP/1.1" 200 362
200.54.103.162 - - [26/Nov/2019:08:32:47 -0300] "GET /cormun//static/Resources/PXTools/ActionInsert.png HTTP/1.1" 200 1482
200.54.103.162 - - [26/Nov/2019:08:32:47 -0300] "GET /cormun//static/Resources/PXToolsActionPrint.png HTTP/1.1" 200 3317
200.54.103.162 - - [26/Nov/2019:08:32:47 -0300] "GET /cormun//static/Resources/PXToolsHeaderFavorites.png HTTP/1.1" 200 2744
200.54.103.162 - - [26/Nov/2019:08:32:47 -0300] "GET /cormun//static/Resources/PXToolsHeaderHelp.png HTTP/1.1" 200 4055
200.54.103.162 - - [26/Nov/2019:08:32:48 -0300] "GET /cormun/servlet/trlicencias? HTTP/1.1" 200 14364
200.54.103.162 - - [26/Nov/2019:08:32:48 -0300] "GET /cormun/static/Shared/ext/resources/themes/images/default/panel/bg-headersPanel.png HTTP/1.1" 200 255
200.54.103.162 - - [26/Nov/2019:08:32:48 -0300] "GET /cormun/static/Shared/ext/resources/themes/images/default/tools/tool-sprites.gif HTTP/1.1" 200 5434
192.168.10.96 - - [26/Nov/2019:08:32:48 -0300] "POST /cormun/servlet/trrenunciasgenerales?93fb5952456e2bde8160c882bc7128cb,,gx-no-cache=1574771101893 HTTP/1.1" 200 6130
192.168.10.96 - - [26/Nov/2019:08:32:50 -0300] "GET /cormun/servlet/trsolicitudgral? HTTP/1.1" 200 9263
192.168.10.96 - - [26/Nov/2019:08:32:50 -0300] "GET /cormun/static/gxui/gxui-all.css?120300 HTTP/1.1" 200 2179
192.168.10.96 - - [26/Nov/2019:08:32:50 -0300] "GET /cormun/static/calendar-system.css?85620 HTTP/1.1" 200 5572
192.168.10.96 - - [26/Nov/2019:08:32:51 -0300] "GET /cormun/static/gxcfg.js?201813119461163 HTTP/1.1" 200 953
192.168.10.96 - - [26/Nov/2019:08:32:51 -0300] "GET /cormun/static/Resources/Spanish/PXTools.css?1255365 HTTP/1.1" 200 89042
192.168.10.96 - - [26/Nov/2019:08:32:51 -0300] "GET /cormun/static/Resources/PXToolsRemoveAllStandardAction.png HTTP/1.1" 200 495
192.168.10.96 - - [26/Nov/2019:08:32:51 -0300] "GET /cormun/static/Resources/PXToolsAddAllStandardAction.png HTTP/1.1" 200 628
192.168.10.96 - - [26/Nov/2019:08:32:51 -0300] "GET /cormun/servlet/trsolicitudgral? HTTP/1.1" 200 9263
190.171.152.138 - - [26/Nov/2019:08:32:52 -0300] "GET /cormun/servlet/hlogin HTTP/1.1" 200 1741
200.54.103.162 - - [26/Nov/2019:08:41:57 -0300] "POST /cormun/servlet/trlicencias?a4ac9a21df53abe16cb766b21f0dd2a9,,gx-no-cache=1574768163459 HTTP/1.1" 200 11974
88.199.196.110 - - [26/Nov/2019:08:46:43 -0300] "GET / HTTP/1.1" 200 11217
66.249.83.203 - - [26/Nov/2019:08:48:14 -0300] "GET /cormun/servlet/hlogin HTTP/1.1" 200 1725
66.249.83.207 - - [26/Nov/2019:08:48:14 -0300] "GET /cormun/servlet/hlogin?_escaped_fragment_= HTTP/1.1" 200 1719
66.249.83.207 - - [26/Nov/2019:08:48:15 -0300] "GET /favicon.ico HTTP/1.1" 200 21630
190.171.142.42 - - [26/Nov/2019:08:52:59 -0300] "GET /cormun/servlet/hlogin HTTP/1.1" 200 1724
190.171.142.42 - - [26/Nov/2019:08:52:59 -0300] "GET /favicon.ico HTTP/1.1" 200 21630
190.171.143.106 - - [26/Nov/2019:08:59:44 -0300] "GET /cormun/servlet/hlogin HTTP/1.1" 200 1721
190.171.143.106 - - [26/Nov/2019:08:59:48 -0300] "POST /cormun/servlet/hlogin?cc5cfb9632ecf3891f7246ab3b623a5d,gx-no-cache=1574769233737 HTTP/1.1" 200 90
190.171.143.106 - - [26/Nov/2019:08:59:48 -0300] "GET /cormun/servlet/hpexe_link HTTP/1.1" 200 952
190.171.143.106 - - [26/Nov/2019:08:59:48 -0300] "GET /cormun/servlet/hhome HTTP/1.1" 200 4077
190.171.143.106 - - [26/Nov/2019:08:59:48 -0300] "GET /cormun/servlet/hhome HTTP/1.1" 200 4072
190.171.143.106 - - [26/Nov/2019:08:59:51 -0300] "GET /cormun/servlet/trlicencias? HTTP/1.1" 200 9713
190.171.143.106 - - [26/Nov/2019:08:59:51 -0300] "GET /cormun/servlet/trlicencias? HTTP/1.1" 200 9710
186.103.159.187 - - [26/Nov/2019:09:09:12 -0300] "GET /cormun/servlet/hlogin HTTP/1.1" 200 1745
186.103.159.187 - - [26/Nov/2019:09:09:25 -0300] "GET /cormun/static/gxtimezone.js?85251 HTTP/1.1" 304 -
186.103.159.187 - - [26/Nov/2019:09:11:02 -0300] "GET /cormun/servlet/hhome HTTP/1.1" 200 3420
186.103.159.187 - - [26/Nov/2019:09:11:03 -0300] "GET /cormun/servlet/hlogin HTTP/1.1" 200 1734
186.103.159.187 - - [26/Nov/2019:09:11:03 -0300] "GET /cormun/servlet/hhome HTTP/1.1" 200 3430
186.103.159.187 - - [26/Nov/2019:09:11:11 -0300] "POST /cormun/servlet/hlogin?fe3d02185ec06386d3821dc58d46750b,gx-no-cache=1574770000442 HTTP/1.1" 200 90
186.103.159.187 - - [26/Nov/2019:09:11:11 -0300] "GET /cormun/servlet/hpexe_link HTTP/1.1" 200 952
186.103.159.187 - - [26/Nov/2019:09:11:12 -0300] "GET /cormun/servlet/hhome HTTP/1.1" 200 4041
186.103.159.187 - - [26/Nov/2019:09:11:13 -0300] "GET /cormun/servlet/hhome HTTP/1.1" 200 4038
186.103.159.187 - - [26/Nov/2019:09:11:19 -0300] "GET /cormun/servlet/trsolicitudot? HTTP/1.1" 200 7258
186.103.159.187 - - [26/Nov/2019:09:11:20 -0300] "GET /cormun/servlet/trsolicitudot? HTTP/1.1" 200 7258
186.103.159.187 - - [26/Nov/2019:09:11:37 -0300] "GET /cormun/servlet/solicitudot?INS,0,0, HTTP/1.1" 200 15111
186.103.159.187 - - [26/Nov/2019:09:11:38 -0300] "GET /cormun/servlet/solicitudot?INS,0,0, HTTP/1.1" 200 15116
186.103.159.187 - - [26/Nov/2019:09:12:08 -0300] "GET /cormun/servlet/prfichaempleado?,MD,,gxPopupLevel%3D0%3B HTTP/1.1" 200 9338
186.103.159.187 - - [26/Nov/2019:09:12:22 -0300] "POST /cormun/servlet/prfichaempleado?fe3d02185ec06386d3821dc58d46750b,,MD,,gxPopupLevel%3D0%3B,gx-no-cache=1574770070999 HTTP/1.1" 200 3188
186.103.159.187 - - [26/Nov/2019:09:13:00 -0300] "POST /cormun/servlet/prfichaempleado?fe3d02185ec06386d3821dc58d46750b,,MD,,gxPopupLevel%3D0%3B,gx-no-cache=1574770108691 HTTP/1.1" 200 3188
186.103.159.187 - - [26/Nov/2019:09:13:15 -0300] "POST /cormun/servlet/solicitudot?gx-no-cache=1574770123702 HTTP/1.1" 200 3501
186.103.159.187 - - [26/Nov/2019:09:13:15 -0300] "POST /cormun/servlet/solicitudot?fe3d02185ec06386d3821dc58d46750b,INS,0,0,,gx-no-cache=1574770123928 HTTP/1.1" 200 11768
186.103.159.187 - - [26/Nov/2019:09:13:22 -0300] "GET /cormun/servlet/prfichaempleado?,MD,,gxPopupLevel%3D0%3B HTTP/1.1" 200 9338
186.103.159.187 - - [26/Nov/2019:09:13:38 -0300] "POST /cormun/servlet/prfichaempleado?fe3d02185ec06386d3821dc58d46750b,,MD,,gxPopupLevel%3D0%3B,gx-no-cache=1574770147023 HTTP/1.1" 200 3188
186.103.159.187 - - [26/Nov/2019:09:13:57 -0300] "POST /cormun/servlet/prfichaempleado?fe3d02185ec06386d3821dc58d46750b,,MD,,gxPopupLevel%3D0%3B,gx-no-cache=1574770165717 HTTP/1.1" 200 3188
186.103.159.187 - - [26/Nov/2019:09:14:01 -0300] "POST /cormun/servlet/prfichaempleado?fe3d02185ec06386d3821dc58d46750b,,MD,,gxPopupLevel%3D0%3B,gx-no-cache=1574770170049 HTTP/1.1" 200 3188
200.54.103.162 - - [26/Nov/2019:09:14:16 -0300] "GET /cormun/servlet/hlogin HTTP/1.1" 200 1725
200.54.103.162 - - [26/Nov/2019:09:14:17 -0300] "GET /cormun/servlet/hlogin HTTP/1.1" 200 1736
200.54.103.162 - - [26/Nov/2019:09:14:17 -0300] "GET /favicon.ico HTTP/1.1" 200 21630
200.54.103.162 - - [26/Nov/2019:09:14:30 -0300] "POST /cormun/servlet/hlogin?079645d59697d0ec8530ef0220f84fc7,gx-no-cache=1574770121109 HTTP/1.1" 200 90
200.54.103.162 - - [26/Nov/2019:09:14:30 -0300] "GET /cormun/servlet/hpexe_link HTTP/1.1" 200 953
200.54.103.162 - - [26/Nov/2019:09:14:30 -0300] "GET /cormun/servlet/hhome HTTP/1.1" 200 4337
200.54.103.162 - - [26/Nov/2019:09:14:32 -0300] "GET /cormun/servlet/hhome HTTP/1.1" 200 4333
200.54.103.162 - - [26/Nov/2019:09:14:35 -0300] "GET /cormun/servlet/trpermisosgoce? HTTP/1.1" 200 12052
200.54.103.162 - - [26/Nov/2019:09:14:37 -0300] "GET /cormun/servlet/trpermisosgoce? HTTP/1.1" 200 12037
200.54.103.162 - - [26/Nov/2019:09:14:40 -0300] "GET /cormun/servlet/permisogoce?INS,0,,, HTTP/1.1" 200 7206
200.54.103.162 - - [26/Nov/2019:09:14:41 -0300] "GET /cormun/servlet/permisogoce?INS,0,,, HTTP/1.1" 200 7205
186.103.159.187 - - [26/Nov/2019:09:14:46 -0300] "GET /cormun/servlet/hhome HTTP/1.1" 200 3417
186.103.159.187 - - [26/Nov/2019:09:14:47 -0300] "GET /cormun/servlet/hlogin HTTP/1.1" 200 1733
186.103.159.187 - - [26/Nov/2019:09:14:47 -0300] "GET /cormun/servlet/hhome HTTP/1.1" 200 3427
186.103.159.187 - - [26/Nov/2019:09:14:56 -0300] "POST /cormun/servlet/hlogin?1f48016b8f206d0ef551222ad7d5ff87,gx-no-cache=1574770224832 HTTP/1.1" 200 90
186.103.159.187 - - [26/Nov/2019:09:14:56 -0300] "GET /cormun/servlet/hpexe_link HTTP/1.1" 200 949
186.103.159.187 - - [26/Nov/2019:09:14:56 -0300] "GET /cormun/servlet/hhome HTTP/1.1" 200 4039
186.103.159.187 - - [26/Nov/2019:09:14:57 -0300] "GET /cormun/servlet/hhome HTTP/1.1" 200 4034
186.103.159.187 - - [26/Nov/2019:09:15:01 -0300] "GET /cormun/servlet/trsolicitudot? HTTP/1.1" 200 7255
186.103.159.187 - - [26/Nov/2019:09:15:02 -0300] "GET /cormun/servlet/trsolicitudot? HTTP/1.1" 200 7254
200.54.103.162 - - [26/Nov/2019:09:15:02 -0300] "GET /cormun/servlet/permisogoce?f2022a953645baf6338dd8021fe52d6647aada4ae86cfb3ecba0f0f97a426d70fb96c4f9d3110e1ef57b0c13d9eaa91a01c8af812e4384743878328e301d9fa9,gx-no-cache=1574770153410 HTTP/1.1" 200 75
200.54.103.162 - - [26/Nov/2019:09:15:02 -0300] "GET /cormun/static/menuarrow.gif HTTP/1.1" 404 1015
186.103.159.187 - - [26/Nov/2019:09:15:05 -0300] "GET /cormun/servlet/solicitudot?INS,0,0, HTTP/1.1" 200 15109
186.103.159.187 - - [26/Nov/2019:09:15:06 -0300] "GET /cormun/servlet/solicitudot?INS,0,0, HTTP/1.1" 200 15114
200.54.103.162 - - [26/Nov/2019:09:15:11 -0300] "GET /cormun/servlet/permisogoce?f2022a953645baf6338dd8021fe52d6660f95c5107948cc026a8b9961d67dffe5a43b72c33b76b1b79aad628b4ea0b1f1f0777727d6138df4ec3c3b0e81e7903,gx-no-cache=1574770161816 HTTP/1.1" 200 48
200.54.103.162 - - [26/Nov/2019:09:15:14 -0300] "POST /cormun/servlet/permisogoce?079645d59697d0ec8530ef0220f84fc7,INS,0,,,,gx-no-cache=1574770163941 HTTP/1.1" 200 93
200.54.103.162 - - [26/Nov/2019:09:15:14 -0300] "GET /cormun/servlet/hpexe_return? HTTP/1.1" 200 1011
200.54.103.162 - - [26/Nov/2019:09:15:14 -0300] "GET /cormun/servlet/trpermisosgoce HTTP/1.1" 200 12349
200.54.103.162 - - [26/Nov/2019:09:15:15 -0300] "GET /cormun/servlet/trpermisosgoce HTTP/1.1" 200 12365
186.103.159.187 - - [26/Nov/2019:09:15:21 -0300] "GET /cormun/servlet/prfichaempleado?,MD,,gxPopupLevel%3D0%3B HTTP/1.1" 200 9332
200.54.103.162 - - [26/Nov/2019:09:15:25 -0300] "GET /cormun/servlet/permisogoce?INS,0,,, HTTP/1.1" 200 7206
200.54.103.162 - - [26/Nov/2019:09:15:26 -0300] "GET /cormun/servlet/permisogoce?INS,0,,, HTTP/1.1" 200 7205
186.103.159.187 - - [26/Nov/2019:09:15:34 -0300] "POST /cormun/servlet/prfichaempleado?1f48016b8f206d0ef551222ad7d5ff87,,MD,,gxPopupLevel%3D0%3B,gx-no-cache=1574770262711 HTTP/1.1" 200 3184
200.54.103.162 - - [26/Nov/2019:09:15:36 -0300] "GET /cormun/servlet/permisogoce?f2022a953645baf6338dd8021fe52d66b87775acc0b00971a388aab9cf94b08efb96c4f9d3110e1ef57b0c13d9eaa91a01c8af812e4384743878328e301d9fa9,gx-no-cache=1574770186909 HTTP/1.1" 200 75
200.54.103.162 - - [26/Nov/2019:09:15:36 -0300] "GET /cormun/static/menuarrow.gif HTTP/1.1" 404 1015
200.54.103.162 - - [26/Nov/2019:09:15:44 -0300] "GET /cormun/servlet/permisogoce?f2022a953645baf6338dd8021fe52d66a8d17e7e3b81fd73bd5ee023eac0245e12af69ebf8e3ef2ff8c89c6113d4f8181f0777727d6138df4ec3c3b0e81e7903,gx-no-cache=1574770195080 HTTP/1.1" 200 48
200.54.103.162 - - [26/Nov/2019:09:15:46 -0300] "POST /cormun/servlet/permisogoce?079645d59697d0ec8530ef0220f84fc7,INS,0,,,,gx-no-cache=1574770197096 HTTP/1.1" 200 93
200.54.103.162 - - [26/Nov/2019:09:15:46 -0300] "GET /cormun/servlet/hpexe_return? HTTP/1.1" 200 1011
200.54.103.162 - - [26/Nov/2019:09:15:47 -0300] "GET /cormun/servlet/trpermisosgoce HTTP/1.1" 200 12633
200.54.103.162 - - [26/Nov/2019:09:15:48 -0300] "GET /cormun/servlet/trpermisosgoce HTTP/1.1" 200 12609
200.54.103.162 - - [26/Nov/2019:09:15:52 -0300] "GET /cormun/servlet/permisogoce?INS,0,,, HTTP/1.1" 200 7206
200.54.103.162 - - [26/Nov/2019:09:15:53 -0300] "GET /cormun/servlet/permisogoce?INS,0,,, HTTP/1.1" 200 7206
186.103.159.187 - - [26/Nov/2019:09:15:56 -0300] "POST /cormun/servlet/prfichaempleado?1f48016b8f206d0ef551222ad7d5ff87,,MD,,gxPopupLevel%3D0%3B,gx-no-cache=1574770284872 HTTP/1.1" 200 3184
186.103.159.187 - - [26/Nov/2019:09:15:59 -0300] "POST /cormun/servlet/solicitudot?gx-no-cache=1574770288379 HTTP/1.1" 200 3501
186.103.159.187 - - [26/Nov/2019:09:16:00 -0300] "POST /cormun/servlet/solicitudot?1f48016b8f206d0ef551222ad7d5ff87,INS,0,0,,gx-no-cache=1574770288581 HTTP/1.1" 200 11766
200.54.103.162 - - [26/Nov/2019:09:16:00 -0300] "GET /cormun/servlet/permisogoce?f2022a953645baf6338dd8021fe52d66ec55af5cc2e4936559f47ee0f2e4ce74fb96c4f9d3110e1ef57b0c13d9eaa91a01c8af812e4384743878328e301d9fa9,gx-no-cache=1574770210924 HTTP/1.1" 200 74
200.54.103.162 - - [26/Nov/2019:09:16:00 -0300] "GET /cormun/static/menuarrow.gif HTTP/1.1" 404 1015
186.103.159.187 - - [26/Nov/2019:09:16:03 -0300] "GET /cormun/servlet/solicitudot?aed29851a7588469db38a7da9fcd5d2935dfd71b600976becd7cd44bb05e820fd72bdf26d1a256a3ac8adcd53587adff,gx-no-cache=1574770291839 HTTP/1.1" 200 30
200.54.103.162 - - [26/Nov/2019:09:16:06 -0300] "GET /cormun/servlet/permisogoce?f2022a953645baf6338dd8021fe52d66e7e44ea475d3f7d5995c80e47f5b86f4b688926f0096d3b3c088b5f88491f15b1f0777727d6138df4ec3c3b0e81e7903,gx-no-cache=1574770216736 HTTP/1.1" 200 48
200.54.103.162 - - [26/Nov/2019:09:16:08 -0300] "POST /cormun/servlet/permisogoce?079645d59697d0ec8530ef0220f84fc7,INS,0,,,,gx-no-cache=1574770218533 HTTP/1.1" 200 93
200.54.103.162 - - [26/Nov/2019:09:16:08 -0300] "GET /cormun/servlet/hpexe_return? HTTP/1.1" 200 1011
200.54.103.162 - - [26/Nov/2019:09:16:08 -0300] "GET /cormun/servlet/trpermisosgoce HTTP/1.1" 200 12850
200.54.103.162 - - [26/Nov/2019:09:16:10 -0300] "GET /cormun/servlet/trpermisosgoce HTTP/1.1" 200 12850
200.54.103.162 - - [26/Nov/2019:09:16:22 -0300] "GET /cormun/servlet/permisogoce?INS,0,,, HTTP/1.1" 200 7206
200.54.103.162 - - [26/Nov/2019:09:16:23 -0300] "GET /cormun/servlet/permisogoce?INS,0,,, HTTP/1.1" 200 7205
200.54.103.162 - - [26/Nov/2019:09:16:36 -0300] "GET /cormun/servlet/permisogoce?f2022a953645baf6338dd8021fe52d66c74da6421d42c67b639b7067a5416f5dfb96c4f9d3110e1ef57b0c13d9eaa91a01c8af812e4384743878328e301d9fa9,gx-no-cache=1574770246766 HTTP/1.1" 200 88
200.54.103.162 - - [26/Nov/2019:09:16:36 -0300] "GET /cormun/static/menuarrow.gif HTTP/1.1" 404 1015
200.54.103.162 - - [26/Nov/2019:09:16:43 -0300] "GET /cormun/servlet/permisogoce?f2022a953645baf6338dd8021fe52d66a9bdd22b176a08ae3f2d39dce7c1c5502b4cb1c4555390a363c40f8e79d73bf31f0777727d6138df4ec3c3b0e81e7903,gx-no-cache=1574770253871 HTTP/1.1" 200 48
200.54.103.162 - - [26/Nov/2019:09:16:45 -0300] "POST /cormun/servlet/permisogoce?079645d59697d0ec8530ef0220f84fc7,INS,0,,,,gx-no-cache=1574770255697 HTTP/1.1" 200 93
200.54.103.162 - - [26/Nov/2019:09:16:45 -0300] "GET /cormun/servlet/hpexe_return? HTTP/1.1" 200 1011
200.54.103.162 - - [26/Nov/2019:09:16:45 -0300] "GET /cormun/servlet/trpermisosgoce HTTP/1.1" 200 13106
200.54.103.162 - - [26/Nov/2019:09:16:47 -0300] "GET /cormun/servlet/trpermisosgoce HTTP/1.1" 200 13102
200.54.103.162 - - [26/Nov/2019:09:16:52 -0300] "GET /cormun/servlet/permisogoce?INS,0,,, HTTP/1.1" 200 7206
200.54.103.162 - - [26/Nov/2019:09:16:53 -0300] "GET /cormun/servlet/permisogoce?INS,0,,, HTTP/1.1" 200 7206
200.54.103.162 - - [26/Nov/2019:09:17:05 -0300] "GET /cormun/servlet/permisogoce?f2022a953645baf6338dd8021fe52d66613935249f0cf32323565dac5a7adf5ffb96c4f9d3110e1ef57b0c13d9eaa91a01c8af812e4384743878328e301d9fa9,gx-no-cache=1574770276382 HTTP/1.1" 200 75
200.54.103.162 - - [26/Nov/2019:09:17:05 -0300] "GET /cormun/static/menuarrow.gif HTTP/1.1" 404 1015
200.54.103.162 - - [26/Nov/2019:09:17:13 -0300] "GET /cormun/servlet/permisogoce?f2022a953645baf6338dd8021fe52d669b196f4b91d5d40d97da39890715aaf2dc594e3dfda9f8cf3bb59d9b8a8a19a21f0777727d6138df4ec3c3b0e81e7903,gx-no-cache=1574770284231 HTTP/1.1" 200 47
200.54.103.162 - - [26/Nov/2019:09:17:15 -0300] "POST /cormun/servlet/permisogoce?079645d59697d0ec8530ef0220f84fc7,INS,0,,,,gx-no-cache=1574770285976 HTTP/1.1" 200 93
200.54.103.162 - - [26/Nov/2019:09:17:15 -0300] "GET /cormun/servlet/hpexe_return? HTTP/1.1" 200 1011
200.54.103.162 - - [26/Nov/2019:09:17:16 -0300] "GET /cormun/servlet/trpermisosgoce HTTP/1.1" 200 13350
200.54.103.162 - - [26/Nov/2019:09:17:17 -0300] "GET /cormun/servlet/trpermisosgoce HTTP/1.1" 200 13339
186.103.159.187 - - [26/Nov/2019:09:17:19 -0300] "GET /cormun/servlet/prbanco?,MD,,gxPopupLevel%3D0%3B HTTP/1.1" 200 6595
186.103.159.187 - - [26/Nov/2019:09:17:19 -0300] "GET /cormun/static/gxcfg.js?20181161016094 HTTP/1.1" 200 953
186.103.159.187 - - [26/Nov/2019:09:17:19 -0300] "GET /cormun/static/prbanco.js?2018116101633 HTTP/1.1" 200 10693
200.54.103.162 - - [26/Nov/2019:09:17:20 -0300] "GET /cormun/servlet/permisogoce?INS,0,,, HTTP/1.1" 200 7206
190.171.143.106 - - [26/Nov/2019:09:17:21 -0300] "GET /cormun/servlet/trlicencias? HTTP/1.1" 200 9713
200.54.103.162 - - [26/Nov/2019:09:17:21 -0300] "GET /cormun/servlet/permisogoce?INS,0,,, HTTP/1.1" 200 7205
190.171.143.106 - - [26/Nov/2019:09:17:23 -0300] "GET /cormun/servlet/trlicencias? HTTP/1.1" 200 9710
200.54.103.162 - - [26/Nov/2019:09:17:29 -0300] "GET /cormun/servlet/permisogoce?f2022a953645baf6338dd8021fe52d66f585da47a16342b87062cc0260f873c031474dec5c034432db758511846108f2,gx-no-cache=1574770299940 HTTP/1.1" 200 81
200.54.103.162 - - [26/Nov/2019:09:17:29 -0300] "GET /cormun/static/menuarrow.gif HTTP/1.1" 404 1015
186.103.159.187 - - [26/Nov/2019:09:17:33 -0300] "GET /cormun/servlet/solicitudot?aed29851a7588469db38a7da9fcd5d29d96dd45cb3b0f2cfd0b439671015c4697d6de57a33844f1d4db53547edd1386ad5976aa7c7c103d686feec57c4ec253d,gx-no-cache=1574770381959 HTTP/1.1" 200 30
200.54.103.162 - - [26/Nov/2019:09:17:36 -0300] "GET /cormun/servlet/permisogoce?f2022a953645baf6338dd8021fe52d6660df3c6a0aa7e0eb1deee8f34a89c8655909502e69d8bf497f8dbf53b6737d706c3b2af107fbcff311ba6699ba99b169,gx-no-cache=1574770306739 HTTP/1.1" 200 48
186.103.159.187 - - [26/Nov/2019:09:17:37 -0300] "GET /cormun/servlet/solicitudot?aed29851a7588469db38a7da9fcd5d29aae04570f856ddd9cf9c8d008562f2ec,gx-no-cache=1574770385765 HTTP/1.1" 200 51
200.54.103.162 - - [26/Nov/2019:09:17:38 -0300] "POST /cormun/servlet/permisogoce?079645d59697d0ec8530ef0220f84fc7,INS,0,,,,gx-no-cache=1574770309079 HTTP/1.1" 200 93
200.54.103.162 - - [26/Nov/2019:09:17:38 -0300] "GET /cormun/servlet/hpexe_return? HTTP/1.1" 200 1011
200.54.103.162 - - [26/Nov/2019:09:17:39 -0300] "GET /cormun/servlet/trpermisosgoce HTTP/1.1" 200 13540
200.54.103.162 - - [26/Nov/2019:09:17:40 -0300] "GET /cormun/servlet/trpermisosgoce HTTP/1.1" 200 13527
200.54.103.162 - - [26/Nov/2019:09:17:44 -0300] "GET /cormun/servlet/permisogoce?INS,0,,, HTTP/1.1" 200 7205
186.103.159.187 - - [26/Nov/2019:09:17:45 -0300] "POST /cormun/servlet/solicitudot?gx-no-cache=1574770393623 HTTP/1.1" 200 255
200.54.103.162 - - [26/Nov/2019:09:17:45 -0300] "GET /cormun/servlet/permisogoce?INS,0,,, HTTP/1.1" 200 7205
186.103.159.187 - - [26/Nov/2019:09:17:47 -0300] "GET /cormun/servlet/solicitudot?aed29851a7588469db38a7da9fcd5d29a480012aad333e1ceda0571494ad843f1bddc9e2806c2ca3a117daecda847398aa27f894753d1048209a6a7ccdd72051a6749ef5675744319d9a166f12c0675b10c31d61f5c6c58ac8f9d52fbf27954c8ae92cf8677519124715555ac19c9b55015c506f7be3581ba379a83f19026198b38d39bccbd447bd63386cba9f19d37c6581c05eb202d04c4894fe1ca2892af3710a961dffdaf43111316cfb9c5769af2b49d71c075e7ebf990305671bf17ac0cb069511e4458964215e5da621b016e31675aec0075d43e118606a4b2354a3aff61013e74a8831f3632acaf61795d4caa9e8d97c06a1cad36e4ffeedced0b311837920e99c223f8d5e1d3784f9e9fa1cb2f319b51e3699ae8c601fe73e00d6324e6e9426cdb2931c13cedcc05a3d66a445440d5b7612f6735f40fb6358d553ad7234f8c72b0278ec7812feda15c3e80e5484ce2d211ac4b69b6e7f307c53ad644d5d12e30d69eda6b702ce8c6ad692b72c0f7f8d1ba25371e4cd76943850ca87,gx-no-cache=1574770396289 HTTP/1.1" 200 30
200.54.103.162 - - [26/Nov/2019:09:17:53 -0300] "GET /cormun/servlet/permisogoce?f2022a953645baf6338dd8021fe52d666afdf84640b5c3b9d0bafd0fe7b2aafd31474dec5c034432db758511846108f2,gx-no-cache=1574770323844 HTTP/1.1" 200 77
200.54.103.162 - - [26/Nov/2019:09:17:53 -0300] "GET /cormun/static/menuarrow.gif HTTP/1.1" 404 1015
200.54.103.162 - - [26/Nov/2019:09:17:59 -0300] "GET /cormun/servlet/permisogoce?f2022a953645baf6338dd8021fe52d66569cd9ff80c521f64f96a00105c43aadd868f8c6729029fc7ec8415bf5e4bb056c3b2af107fbcff311ba6699ba99b169,gx-no-cache=1574770330626 HTTP/1.1" 200 48
200.54.103.162 - - [26/Nov/2019:09:18:04 -0300] "POST /cormun/servlet/permisogoce?079645d59697d0ec8530ef0220f84fc7,INS,0,,,,gx-no-cache=1574770335249 HTTP/1.1" 200 93
200.54.103.162 - - [26/Nov/2019:09:18:04 -0300] "GET /cormun/servlet/hpexe_return? HTTP/1.1" 200 1011
200.54.103.162 - - [26/Nov/2019:09:18:05 -0300] "GET /cormun/servlet/trpermisosgoce HTTP/1.1" 200 13764
200.54.103.162 - - [26/Nov/2019:09:18:07 -0300] "GET /cormun/servlet/trpermisosgoce HTTP/1.1" 200 13772
200.54.103.162 - - [26/Nov/2019:09:18:09 -0300] "GET /cormun/servlet/permisogoce?INS,0,,, HTTP/1.1" 200 7205
200.54.103.162 - - [26/Nov/2019:09:18:11 -0300] "GET /cormun/servlet/permisogoce?INS,0,,, HTTP/1.1" 200 7204
200.54.237.82 - - [26/Nov/2019:09:18:13 -0300] "GET /cormun/servlet/trcontratounov2? HTTP/1.1" 200 6007
200.54.237.82 - - [26/Nov/2019:09:18:13 -0300] "GET /cormun/servlet/hlogin HTTP/1.1" 200 1743
200.54.237.82 - - [26/Nov/2019:09:18:13 -0300] "GET /cormun/servlet/trcontratounov2? HTTP/1.1" 200 6019
200.54.103.162 - - [26/Nov/2019:09:18:20 -0300] "GET /cormun/servlet/permisogoce?f2022a953645baf6338dd8021fe52d667d2d2001f4ed8362bae1d094e8f2c0c4fb96c4f9d3110e1ef57b0c13d9eaa91a01c8af812e4384743878328e301d9fa9,gx-no-cache=1574770351502 HTTP/1.1" 200 82
200.54.103.162 - - [26/Nov/2019:09:18:21 -0300] "GET /cormun/static/menuarrow.gif HTTP/1.1" 404 1015
186.103.159.187 - - [26/Nov/2019:09:18:25 -0300] "POST /cormun/servlet/solicitudot?gx-no-cache=1574770433704 HTTP/1.1" 200 30
200.54.103.162 - - [26/Nov/2019:09:18:26 -0300] "GET /cormun/servlet/permisogoce?f2022a953645baf6338dd8021fe52d661c149837c84c107eae09f600072f3b2d5ac756d73e7108b48cf79dcf4effd0ca1f0777727d6138df4ec3c3b0e81e7903,gx-no-cache=1574770357254 HTTP/1.1" 200 48
186.103.159.187 - - [26/Nov/2019:09:18:27 -0300] "POST /cormun/servlet/solicitudot?gx-no-cache=1574770435750 HTTP/1.1" 200 1360
186.103.159.187 - - [26/Nov/2019:09:18:27 -0300] "POST /cormun/servlet/solicitudot?gx-no-cache=1574770435862 HTTP/1.1" 200 38
200.54.103.162 - - [26/Nov/2019:09:18:28 -0300] "POST /cormun/servlet/permisogoce?079645d59697d0ec8530ef0220f84fc7,INS,0,,,,gx-no-cache=1574770358904 HTTP/1.1" 200 93
200.54.103.162 - - [26/Nov/2019:09:18:28 -0300] "GET /cormun/servlet/hpexe_return? HTTP/1.1" 200 1011
200.54.103.162 - - [26/Nov/2019:09:18:28 -0300] "GET /cormun/servlet/trpermisosgoce HTTP/1.1" 200 13945
200.54.103.162 - - [26/Nov/2019:09:18:30 -0300] "GET /cormun/servlet/trpermisosgoce HTTP/1.1" 200 13937
200.54.103.162 - - [26/Nov/2019:09:18:33 -0300] "GET /cormun/servlet/permisogoce?INS,0,,, HTTP/1.1" 200 7205
200.54.103.162 - - [26/Nov/2019:09:18:35 -0300] "GET /cormun/servlet/permisogoce?INS,0,,, HTTP/1.1" 200 7204
200.54.103.162 - - [26/Nov/2019:09:18:41 -0300] "GET /cormun/servlet/permisogoce?f2022a953645baf6338dd8021fe52d66c8c9b4abbff5de8da711ab6cbca2b41331474dec5c034432db758511846108f2,gx-no-cache=1574770372500 HTTP/1.1" 200 73
200.54.103.162 - - [26/Nov/2019:09:18:41 -0300] "GET /cormun/static/menuarrow.gif HTTP/1.1" 404 1015
200.54.103.162 - - [26/Nov/2019:09:18:48 -0300] "GET /cormun/servlet/permisogoce?f2022a953645baf6338dd8021fe52d66bb79850e71a1bc4830c46b93fc8dd493e007bf89b99f7a9c30586db56996da6c6c3b2af107fbcff311ba6699ba99b169,gx-no-cache=1574770378843 HTTP/1.1" 200 48
200.54.103.162 - - [26/Nov/2019:09:18:50 -0300] "POST /cormun/servlet/permisogoce?079645d59697d0ec8530ef0220f84fc7,INS,0,,,,gx-no-cache=1574770381288 HTTP/1.1" 200 93
200.54.103.162 - - [26/Nov/2019:09:18:50 -0300] "GET /cormun/servlet/hpexe_return? HTTP/1.1" 200 1011
200.54.103.162 - - [26/Nov/2019:09:18:51 -0300] "GET /cormun/servlet/trpermisosgoce HTTP/1.1" 200 14162
200.54.103.162 - - [26/Nov/2019:09:18:53 -0300] "GET /cormun/servlet/trpermisosgoce HTTP/1.1" 200 14142
200.54.103.162 - - [26/Nov/2019:09:18:55 -0300] "GET /cormun/servlet/permisogoce?INS,0,,, HTTP/1.1" 200 7205
200.54.103.162 - - [26/Nov/2019:09:18:57 -0300] "GET /cormun/servlet/permisogoce?INS,0,,, HTTP/1.1" 200 7204
186.103.159.187 - - [26/Nov/2019:09:18:59 -0300] "GET /cormun/servlet/solicitudot?aed29851a7588469db38a7da9fcd5d29bcf10631a0fc5b9aca9ec7a90cecc80750c775aecc13c5bb29a26c829caf0c360a2128970dc46700edd0d1a9984a3273629f92b4d7953fe6254feca767acd1f1e5a4a20a1435388062e47ee56cbda78bbffda7a82a1aa72aaf0545269b94442b,gx-no-cache=1574770468285 HTTP/1.1" 200 110
186.103.159.187 - - [26/Nov/2019:09:18:59 -0300] "POST /cormun/servlet/solicitudot?gx-no-cache=1574770468382 HTTP/1.1" 200 97
200.54.103.162 - - [26/Nov/2019:09:19:06 -0300] "GET /cormun/servlet/permisogoce?f2022a953645baf6338dd8021fe52d66cf491e27f844c8944630a280b8cdebe8fb96c4f9d3110e1ef57b0c13d9eaa91a01c8af812e4384743878328e301d9fa9,gx-no-cache=1574770397574 HTTP/1.1" 200 76
200.54.103.162 - - [26/Nov/2019:09:19:07 -0300] "GET /cormun/static/menuarrow.gif HTTP/1.1" 404 1015
186.103.159.187 - - [26/Nov/2019:09:19:07 -0300] "GET /cormun/servlet/solicitudot?aed29851a7588469db38a7da9fcd5d29f58ff1a54752f1d653ae8c884edf1eb552ce10c2bcc0bc238262797345324941caadbb565ddce3c021b4ad0068f41c21d9198c33ec27ac48e8c5a0422abd656d10a926ee2cb0fff9f8c17629098203e2e3c537c49968838dc78d7e07ccdba07f,gx-no-cache=1574770476256 HTTP/1.1" 200 29
186.103.159.187 - - [26/Nov/2019:09:19:07 -0300] "GET /cormun/static/menuarrow.gif HTTP/1.1" 404 1015
200.54.103.162 - - [26/Nov/2019:09:19:12 -0300] "GET /cormun/servlet/permisogoce?f2022a953645baf6338dd8021fe52d66953bc96e007f7b6d27669acc26e8e1e67c4b291ef24e0431aef0425c205a9ad01f0777727d6138df4ec3c3b0e81e7903,gx-no-cache=1574770403135 HTTP/1.1" 200 48
200.54.103.162 - - [26/Nov/2019:09:19:14 -0300] "POST /cormun/servlet/permisogoce?079645d59697d0ec8530ef0220f84fc7,INS,0,,,,gx-no-cache=1574770405232 HTTP/1.1" 200 93
200.54.103.162 - - [26/Nov/2019:09:19:14 -0300] "GET /cormun/servlet/hpexe_return? HTTP/1.1" 200 1011
186.103.159.187 - - [26/Nov/2019:09:19:15 -0300] "GET /cormun/servlet/solicitudot?aed29851a7588469db38a7da9fcd5d29451e2907454aa553e2053d2a111649d8c34990447bbe299bf4a135867c047542,gx-no-cache=1574770483598 HTTP/1.1" 200 30
200.54.103.162 - - [26/Nov/2019:09:19:15 -0300] "GET /cormun/servlet/trpermisosgoce HTTP/1.1" 200 14391
200.54.103.162 - - [26/Nov/2019:09:19:16 -0300] "GET /cormun/servlet/trpermisosgoce HTTP/1.1" 200 14384
200.54.103.162 - - [26/Nov/2019:09:19:20 -0300] "GET /cormun/servlet/permisogoce?INS,0,,, HTTP/1.1" 200 7205
200.54.103.162 - - [26/Nov/2019:09:19:22 -0300] "GET /cormun/servlet/permisogoce?INS,0,,, HTTP/1.1" 200 7208
200.54.103.162 - - [26/Nov/2019:09:19:29 -0300] "GET /cormun/servlet/permisogoce?f2022a953645baf6338dd8021fe52d6601fe00467413ae163421425c708d8f18fb96c4f9d3110e1ef57b0c13d9eaa91a01c8af812e4384743878328e301d9fa9,gx-no-cache=1574770420182 HTTP/1.1" 200 81
200.54.103.162 - - [26/Nov/2019:09:19:29 -0300] "GET /cormun/static/menuarrow.gif HTTP/1.1" 404 1015
186.103.159.187 - - [26/Nov/2019:09:19:32 -0300] "POST /cormun/servlet/solicitudot?gx-no-cache=1574770500965 HTTP/1.1" 200 30
200.54.103.162 - - [26/Nov/2019:09:19:36 -0300] "GET /cormun/servlet/permisogoce?f2022a953645baf6338dd8021fe52d66d25499867801005a186e7cb700fce21500172324d5911426c40ec2f2f34b1caa1f0777727d6138df4ec3c3b0e81e7903,gx-no-cache=1574770426982 HTTP/1.1" 200 48
200.54.103.162 - - [26/Nov/2019:09:19:52 -0300] "POST /cormun/servlet/permisogoce?079645d59697d0ec8530ef0220f84fc7,INS,0,,,,gx-no-cache=1574770442489 HTTP/1.1" 200 93
200.54.103.162 - - [26/Nov/2019:09:19:52 -0300] "GET /cormun/servlet/hpexe_return? HTTP/1.1" 200 1011
200.54.103.162 - - [26/Nov/2019:09:19:52 -0300] "GET /cormun/servlet/trpermisosgoce HTTP/1.1" 200 14607
200.54.103.162 - - [26/Nov/2019:09:19:54 -0300] "GET /cormun/servlet/trpermisosgoce HTTP/1.1" 200 14563
200.54.103.162 - - [26/Nov/2019:09:19:59 -0300] "GET /cormun/servlet/permisogoce?INS,0,,, HTTP/1.1" 200 7205
200.54.103.162 - - [26/Nov/2019:09:20:00 -0300] "GET /cormun/servlet/permisogoce?INS,0,,, HTTP/1.1" 200 7205
200.54.103.162 - - [26/Nov/2019:09:20:07 -0300] "GET /cormun/servlet/permisogoce?f2022a953645baf6338dd8021fe52d66fcc6967980756e0b1384e0c8df1c0ca931474dec5c034432db758511846108f2,gx-no-cache=1574770458428 HTTP/1.1" 200 81
200.54.103.162 - - [26/Nov/2019:09:20:07 -0300] "GET /cormun/static/menuarrow.gif HTTP/1.1" 404 1015
200.54.103.162 - - [26/Nov/2019:09:20:12 -0300] "GET /cormun/servlet/permisogoce?f2022a953645baf6338dd8021fe52d668330a650e2f5ffeca9fbaab7be508b9ebe84f5e93014c0c0c5b7d6f03945e95c6c3b2af107fbcff311ba6699ba99b169,gx-no-cache=1574770463123 HTTP/1.1" 200 48
200.54.103.162 - - [26/Nov/2019:09:20:14 -0300] "POST /cormun/servlet/permisogoce?079645d59697d0ec8530ef0220f84fc7,INS,0,,,,gx-no-cache=1574770464887 HTTP/1.1" 200 93
200.54.103.162 - - [26/Nov/2019:09:20:14 -0300] "GET /cormun/servlet/hpexe_return? HTTP/1.1" 200 1011
200.54.103.162 - - [26/Nov/2019:09:20:14 -0300] "GET /cormun/servlet/trpermisosgoce HTTP/1.1" 200 14755
200.54.103.162 - - [26/Nov/2019:09:20:16 -0300] "GET /cormun/servlet/trpermisosgoce HTTP/1.1" 200 14754
200.54.103.162 - - [26/Nov/2019:09:20:19 -0300] "GET /cormun/servlet/permisogoce?INS,0,,, HTTP/1.1" 200 7205
200.54.103.162 - - [26/Nov/2019:09:20:20 -0300] "GET /cormun/servlet/permisogoce?INS,0,,, HTTP/1.1" 200 7205
186.103.159.187 - - [26/Nov/2019:09:20:22 -0300] "POST /cormun/servlet/solicitudot?1f48016b8f206d0ef551222ad7d5ff87,INS,0,0,,gx-no-cache=1574770550268 HTTP/1.1" 200 93
186.103.159.187 - - [26/Nov/2019:09:20:22 -0300] "GET /cormun/servlet/hpexe_return? HTTP/1.1" 200 1004
186.103.159.187 - - [26/Nov/2019:09:20:22 -0300] "GET /cormun/servlet/trsolicitudot HTTP/1.1" 200 8588
186.103.159.187 - - [26/Nov/2019:09:20:24 -0300] "GET /cormun/servlet/trsolicitudot HTTP/1.1" 200 8584
186.103.159.187 - - [26/Nov/2019:09:20:24 -0300] "GET /cormun//static/Resources/PXToolsRemoveAllAction.png HTTP/1.1" 200 3558
186.103.159.187 - - [26/Nov/2019:09:20:24 -0300] "GET /cormun//static/Resources/PXToolsActionView.png HTTP/1.1" 200 2995
200.54.103.162 - - [26/Nov/2019:09:20:27 -0300] "GET /cormun/servlet/permisogoce?f2022a953645baf6338dd8021fe52d66dde3e42b22d4645652011fa37328124afb96c4f9d3110e1ef57b0c13d9eaa91a01c8af812e4384743878328e301d9fa9,gx-no-cache=1574770478030 HTTP/1.1" 200 226
200.54.103.162 - - [26/Nov/2019:09:20:27 -0300] "GET /cormun/static/Shared/jqueryui/images/ui-bg_highlight-soft_100_c6c2c8_1x100.png HTTP/1.1" 404 1117
200.54.103.162 - - [26/Nov/2019:09:20:27 -0300] "GET /cormun/static/Shared/jqueryui/images/ui-icons_82798d_256x240.png HTTP/1.1" 404 1089
200.54.103.162 - - [26/Nov/2019:09:20:27 -0300] "GET /cormun/static/Shared/jqueryui/images/ui-icons_ebccce_256x240.png HTTP/1.1" 404 1089
200.54.103.162 - - [26/Nov/2019:09:20:27 -0300] "GET /cormun/static/Shared/jqueryui/images/ui-bg_flat_55_994d53_40x100.png HTTP/1.1" 404 1097
186.103.159.187 - - [26/Nov/2019:09:20:32 -0300] "POST /cormun/servlet/trsolicitudot?1f48016b8f206d0ef551222ad7d5ff87,gx-no-cache=1574770560727 HTTP/1.1" 200 4507
186.103.159.187 - - [26/Nov/2019:09:20:32 -0300] "GET /cormun/static/Shared/jqueryui/images/ui-icons_82798d_256x240.png HTTP/1.1" 404 1089
186.103.159.187 - - [26/Nov/2019:09:20:32 -0300] "GET /cormun/static/Shared/jqueryui/images/ui-bg_flat_55_fafafa_40x100.png HTTP/1.1" 404 1097
186.103.159.187 - - [26/Nov/2019:09:20:32 -0300] "GET /cormun/static/Shared/jqueryui/images/ui-bg_highlight-soft_100_c6c2c8_1x100.png HTTP/1.1" 404 1117
186.103.159.187 - - [26/Nov/2019:09:20:32 -0300] "GET /cormun/static/Shared/jqueryui/images/ui-icons_8d78a5_256x240.png HTTP/1.1" 404 1089
186.103.159.187 - - [26/Nov/2019:09:20:32 -0300] "POST /cormun/servlet/trsolicitudot?1f48016b8f206d0ef551222ad7d5ff87,gx-no-cache=1574770561166 HTTP/1.1" 200 4316
186.103.159.187 - - [26/Nov/2019:09:20:42 -0300] "GET /cormun/servlet/hlogin HTTP/1.1" 200 1737
200.54.103.162 - - [26/Nov/2019:09:20:43 -0300] "GET /cormun/servlet/trcontratounov2? HTTP/1.1" 200 17982
200.54.103.162 - - [26/Nov/2019:09:20:43 -0300] "GET /cormun/static/gxcfg.js?201752512124396 HTTP/1.1" 200 953
200.54.103.162 - - [26/Nov/2019:09:20:43 -0300] "GET /cormun/static/Resources/PXToolsAddSelectedAction.png HTTP/1.1" 200 3660
200.54.103.162 - - [26/Nov/2019:09:20:43 -0300] "GET /cormun/static/trcontratounov2.js?201752512125146 HTTP/1.1" 200 38486
200.54.103.162 - - [26/Nov/2019:09:20:45 -0300] "GET /cormun/servlet/trcontratounov2? HTTP/1.1" 200 17972
186.103.159.187 - - [26/Nov/2019:09:20:50 -0300] "POST /cormun/servlet/hlogin?1f48016b8f206d0ef551222ad7d5ff87,gx-no-cache=1574770578968 HTTP/1.1" 200 446
200.54.103.162 - - [26/Nov/2019:09:20:50 -0300] "POST /cormun/servlet/trcontratounov2?079645d59697d0ec8530ef0220f84fc7,,gx-no-cache=1574770500735 HTTP/1.1" 200 17462
200.54.103.162 - - [26/Nov/2019:09:20:51 -0300] "GET /cormun/static/Resources/PXToolsGridNext.gif HTTP/1.1" 200 369
200.54.103.162 - - [26/Nov/2019:09:20:51 -0300] "GET /cormun/static/Resources/PXToolsGridLast.gif HTTP/1.1" 200 370
200.54.103.162 - - [26/Nov/2019:09:20:55 -0300] "POST /cormun/servlet/trcontratounov2?079645d59697d0ec8530ef0220f84fc7,,gx-no-cache=1574770505548 HTTP/1.1" 200 17923
186.103.159.187 - - [26/Nov/2019:09:20:55 -0300] "POST /cormun/servlet/hlogin?1f48016b8f206d0ef551222ad7d5ff87,gx-no-cache=1574770584517 HTTP/1.1" 200 90
186.103.159.187 - - [26/Nov/2019:09:20:56 -0300] "GET /cormun/servlet/hpexe_link HTTP/1.1" 200 949
186.103.159.187 - - [26/Nov/2019:09:20:56 -0300] "GET /cormun/servlet/hhome HTTP/1.1" 200 4249
200.54.103.162 - - [26/Nov/2019:09:20:56 -0300] "GET /cormun/static/Resources/PXToolsGridFirst.gif HTTP/1.1" 200 379
200.54.103.162 - - [26/Nov/2019:09:20:56 -0300] "GET /cormun/static/Resources/PXToolsGridPrevious.gif HTTP/1.1" 200 369
186.103.159.187 - - [26/Nov/2019:09:20:57 -0300] "GET /cormun/servlet/hhome HTTP/1.1" 200 4245
186.103.159.187 - - [26/Nov/2019:09:21:07 -0300] "GET /cormun/servlet/trautorizarsolicitud? HTTP/1.1" 200 8673
186.103.159.187 - - [26/Nov/2019:09:21:07 -0300] "GET /cormun/static/gxcfg.js?2017111423403364 HTTP/1.1" 200 953
186.103.159.187 - - [26/Nov/2019:09:21:07 -0300] "GET /cormun/static/trautorizarsolicitud.js?201711142340425 HTTP/1.1" 200 53910
186.103.159.187 - - [26/Nov/2019:09:21:08 -0300] "GET /cormun/servlet/trautorizarsolicitud? HTTP/1.1" 200 8671
186.103.159.187 - - [26/Nov/2019:09:21:18 -0300] "POST /cormun/servlet/trautorizarsolicitud?1f48016b8f206d0ef551222ad7d5ff87,,gx-no-cache=1574770606614 HTTP/1.1" 200 4646
186.103.159.187 - - [26/Nov/2019:09:21:18 -0300] "GET /cormun/static/Shared/jqueryui/images/ui-bg_highlight-soft_100_c6c2c8_1x100.png HTTP/1.1" 404 1117
186.103.159.187 - - [26/Nov/2019:09:21:18 -0300] "GET /cormun/static/Shared/jqueryui/images/ui-icons_82798d_256x240.png HTTP/1.1" 404 1089
186.103.159.187 - - [26/Nov/2019:09:21:18 -0300] "GET /cormun/static/Shared/jqueryui/images/ui-icons_8d78a5_256x240.png HTTP/1.1" 404 1089
186.103.159.187 - - [26/Nov/2019:09:21:18 -0300] "GET /cormun/static/Shared/jqueryui/images/ui-bg_flat_55_fafafa_40x100.png HTTP/1.1" 404 1097
186.103.159.187 - - [26/Nov/2019:09:21:18 -0300] "POST /cormun/servlet/trautorizarsolicitud?1f48016b8f206d0ef551222ad7d5ff87,,gx-no-cache=1574770606904 HTTP/1.1" 200 4454
200.54.103.162 - - [26/Nov/2019:09:21:51 -0300] "GET /cormun/servlet/trpermisosgoce? HTTP/1.1" 200 14749
200.54.103.162 - - [26/Nov/2019:09:21:53 -0300] "GET /cormun/servlet/trpermisosgoce? HTTP/1.1" 200 14749
200.54.103.162 - - [26/Nov/2019:09:21:55 -0300] "GET /cormun/servlet/permisogoce?INS,0,,, HTTP/1.1" 200 7205
200.54.103.162 - - [26/Nov/2019:09:21:57 -0300] "GET /cormun/servlet/permisogoce?INS,0,,, HTTP/1.1" 200 7204
200.54.103.162 - - [26/Nov/2019:09:22:03 -0300] "GET /cormun/servlet/permisogoce?f2022a953645baf6338dd8021fe52d6638c37b122a83f70d93398fc946ccb796fb96c4f9d3110e1ef57b0c13d9eaa91a01c8af812e4384743878328e301d9fa9,gx-no-cache=1574770574529 HTTP/1.1" 200 79
200.54.103.162 - - [26/Nov/2019:09:22:03 -0300] "GET /cormun/static/menuarrow.gif HTTP/1.1" 404 1015
200.54.103.162 - - [26/Nov/2019:09:22:15 -0300] "GET /cormun/servlet/permisogoce?f2022a953645baf6338dd8021fe52d665bb79080e218ad0825606706f85dcad36657cc3ea1a037df8bc7f5cc600205471f0777727d6138df4ec3c3b0e81e7903,gx-no-cache=1574770586192 HTTP/1.1" 200 47
200.54.103.162 - - [26/Nov/2019:09:22:18 -0300] "POST /cormun/servlet/permisogoce?079645d59697d0ec8530ef0220f84fc7,INS,0,,,,gx-no-cache=1574770588945 HTTP/1.1" 200 93
200.54.103.162 - - [26/Nov/2019:09:22:18 -0300] "GET /cormun/servlet/hpexe_return? HTTP/1.1" 200 1011
200.54.103.162 - - [26/Nov/2019:09:22:19 -0300] "GET /cormun/servlet/trpermisosgoce HTTP/1.1" 200 14971
200.54.103.162 - - [26/Nov/2019:09:22:20 -0300] "GET /cormun/servlet/trpermisosgoce HTTP/1.1" 200 14991
200.54.103.162 - - [26/Nov/2019:09:22:24 -0300] "GET /cormun/servlet/permisogoce?INS,0,,, HTTP/1.1" 200 7205
200.54.103.162 - - [26/Nov/2019:09:22:25 -0300] "GET /cormun/servlet/permisogoce?INS,0,,, HTTP/1.1" 200 7205
200.54.103.162 - - [26/Nov/2019:09:22:36 -0300] "GET /cormun/servlet/permisogoce?f2022a953645baf6338dd8021fe52d6691eb4474302ddb85a432d54f92aff42031474dec5c034432db758511846108f2,gx-no-cache=1574770607260 HTTP/1.1" 200 94
200.54.103.162 - - [26/Nov/2019:09:22:36 -0300] "GET /cormun/static/menuarrow.gif HTTP/1.1" 404 1015
190.171.141.138 - - [26/Nov/2019:09:22:38 -0300] "GET /cormun/servlet/trlicencias? HTTP/1.1" 200 6135
190.171.141.138 - - [26/Nov/2019:09:22:39 -0300] "GET /cormun/servlet/hlogin HTTP/1.1" 200 1735
190.171.141.138 - - [26/Nov/2019:09:22:39 -0300] "GET /cormun/servlet/trlicencias? HTTP/1.1" 200 6132
190.171.141.138 - - [26/Nov/2019:09:22:39 -0300] "GET /cormun/servlet/trlicencias? HTTP/1.1" 200 6132
200.54.103.162 - - [26/Nov/2019:09:22:40 -0300] "GET /cormun/servlet/permisogoce?f2022a953645baf6338dd8021fe52d663afa0fc7e55938b7f93d700f4b54c2811aa9088e05ce0c144b4594f635e5efaa6c3b2af107fbcff311ba6699ba99b169,gx-no-cache=1574770611346 HTTP/1.1" 200 48
200.54.103.162 - - [26/Nov/2019:09:22:42 -0300] "POST /cormun/servlet/permisogoce?079645d59697d0ec8530ef0220f84fc7,INS,0,,,,gx-no-cache=1574770613136 HTTP/1.1" 200 93
200.54.103.162 - - [26/Nov/2019:09:22:42 -0300] "GET /cormun/servlet/hpexe_return? HTTP/1.1" 200 1011
200.54.103.162 - - [26/Nov/2019:09:22:43 -0300] "GET /cormun/servlet/trpermisosgoce HTTP/1.1" 200 15210
200.54.103.162 - - [26/Nov/2019:09:22:44 -0300] "GET /cormun/servlet/trpermisosgoce HTTP/1.1" 200 15204
200.54.103.162 - - [26/Nov/2019:09:22:48 -0300] "GET /cormun/servlet/permisogoce?INS,0,,, HTTP/1.1" 200 7206
200.54.103.162 - - [26/Nov/2019:09:22:49 -0300] "GET /cormun/servlet/permisogoce?INS,0,,, HTTP/1.1" 200 7206
200.54.103.162 - - [26/Nov/2019:09:22:56 -0300] "GET /cormun/servlet/permisogoce?f2022a953645baf6338dd8021fe52d66dd9b0255e6c8a08f43a34730901d193331474dec5c034432db758511846108f2,gx-no-cache=1574770627373 HTTP/1.1" 200 87
200.54.103.162 - - [26/Nov/2019:09:22:56 -0300] "GET /cormun/static/menuarrow.gif HTTP/1.1" 404 1015
200.54.103.162 - - [26/Nov/2019:09:23:02 -0300] "GET /cormun/servlet/permisogoce?f2022a953645baf6338dd8021fe52d664f49d9035f91f02fbb92091f5998765ce1979b72405e5952e4785bd8a919ebe56c3b2af107fbcff311ba6699ba99b169,gx-no-cache=1574770633523 HTTP/1.1" 200 47
200.54.103.162 - - [26/Nov/2019:09:23:04 -0300] "POST /cormun/servlet/permisogoce?079645d59697d0ec8530ef0220f84fc7,INS,0,,,,gx-no-cache=1574770635383 HTTP/1.1" 200 93
200.54.103.162 - - [26/Nov/2019:09:23:05 -0300] "GET /cormun/servlet/hpexe_return? HTTP/1.1" 200 1011
200.54.103.162 - - [26/Nov/2019:09:23:05 -0300] "GET /cormun/servlet/trpermisosgoce HTTP/1.1" 200 15444
200.54.103.162 - - [26/Nov/2019:09:23:07 -0300] "GET /cormun/servlet/trpermisosgoce HTTP/1.1" 200 15398
200.54.103.162 - - [26/Nov/2019:09:23:09 -0300] "GET /cormun/servlet/permisogoce?INS,0,,, HTTP/1.1" 200 7205
200.54.103.162 - - [26/Nov/2019:09:23:11 -0300] "GET /cormun/servlet/permisogoce?INS,0,,, HTTP/1.1" 200 7205
200.54.103.162 - - [26/Nov/2019:09:23:17 -0300] "GET /cormun/servlet/permisogoce?f2022a953645baf6338dd8021fe52d66b0e6e8e3d06dd66f0d5d9ee9548991cf31474dec5c034432db758511846108f2,gx-no-cache=1574770648331 HTTP/1.1" 200 76
200.54.103.162 - - [26/Nov/2019:09:23:17 -0300] "GET /cormun/static/menuarrow.gif HTTP/1.1" 404 1015
200.54.103.162 - - [26/Nov/2019:09:23:26 -0300] "GET /cormun/servlet/permisogoce?f2022a953645baf6338dd8021fe52d66ee7c5815ea4457bb7e2c3c8ee05537522669cc1740db864700c132405628fa8c6c3b2af107fbcff311ba6699ba99b169,gx-no-cache=1574770657235 HTTP/1.1" 200 48
200.54.103.162 - - [26/Nov/2019:09:23:33 -0300] "POST /cormun/servlet/permisogoce?079645d59697d0ec8530ef0220f84fc7,INS,0,,,,gx-no-cache=1574770664177 HTTP/1.1" 200 93
200.54.103.162 - - [26/Nov/2019:09:23:33 -0300] "GET /cormun/servlet/hpexe_return? HTTP/1.1" 200 1011
200.54.103.162 - - [26/Nov/2019:09:23:34 -0300] "GET /cormun/servlet/trpermisosgoce HTTP/1.1" 200 15648
200.54.103.162 - - [26/Nov/2019:09:23:35 -0300] "GET /cormun/servlet/trpermisosgoce HTTP/1.1" 200 15648
200.54.103.162 - - [26/Nov/2019:09:23:47 -0300] "GET /cormun/servlet/trpermisosadjuntos?12516844,20191126100654,P, HTTP/1.1" 200 6649
200.54.103.162 - - [26/Nov/2019:09:23:48 -0300] "GET /cormun/servlet/trpermisosadjuntos?12516844,20191126100654,P, HTTP/1.1" 200 6648
200.54.103.162 - - [26/Nov/2019:09:23:51 -0300] "GET /cormun/servlet/permisosadjuntos?INS,12516844,P,20191126100654,, HTTP/1.1" 200 5981
200.54.103.162 - - [26/Nov/2019:09:23:52 -0300] "GET /cormun/static/about:blank HTTP/1.1" 404 1011
200.54.103.162 - - [26/Nov/2019:09:23:53 -0300] "GET /cormun/servlet/permisosadjuntos?INS,12516844,P,20191126100654,, HTTP/1.1" 200 5970
200.54.103.162 - - [26/Nov/2019:09:24:02 -0300] "POST /cormun/servlet/permisosadjuntos?079645d59697d0ec8530ef0220f84fc7,INS,12516844,P,20191126100654,, HTTP/1.1" 200 116
200.54.103.162 - - [26/Nov/2019:09:24:02 -0300] "GET /cormun/servlet/hpexe_return? HTTP/1.1" 200 1037
200.54.103.162 - - [26/Nov/2019:09:24:02 -0300] "GET /cormun/servlet/trpermisosadjuntos?12516844,20191126100654,P, HTTP/1.1" 200 7150
200.54.103.162 - - [26/Nov/2019:09:24:03 -0300] "GET /cormun/servlet/trpermisosadjuntos?12516844,20191126100654,P, HTTP/1.1" 200 7147
200.54.103.162 - - [26/Nov/2019:09:24:06 -0300] "POST /cormun/servlet/trpermisosadjuntos?079645d59697d0ec8530ef0220f84fc7,12516844,20191126100654,P,,gx-no-cache=1574770697071 HTTP/1.1" 200 90
200.54.103.162 - - [26/Nov/2019:09:24:06 -0300] "GET /cormun/servlet/hpexe_link HTTP/1.1" 200 985
200.54.103.162 - - [26/Nov/2019:09:24:06 -0300] "GET /cormun/servlet/trpermisosgoce HTTP/1.1" 200 15645
200.54.103.162 - - [26/Nov/2019:09:24:08 -0300] "GET /cormun/servlet/trpermisosgoce HTTP/1.1" 200 15626
200.54.103.162 - - [26/Nov/2019:09:24:11 -0300] "POST /cormun/servlet/trpermisosgoce?079645d59697d0ec8530ef0220f84fc7,gx-no-cache=1574770701692 HTTP/1.1" 200 12803
200.54.103.162 - - [26/Nov/2019:09:24:15 -0300] "GET /cormun/servlet/trpermisosadjuntos?17503191,20191126100738,P, HTTP/1.1" 200 6646
200.54.103.162 - - [26/Nov/2019:09:24:16 -0300] "GET /cormun/servlet/trpermisosadjuntos?17503191,20191126100738,P, HTTP/1.1" 200 6645
200.54.103.162 - - [26/Nov/2019:09:24:18 -0300] "GET /cormun/servlet/permisosadjuntos?INS,17503191,P,20191126100738,, HTTP/1.1" 200 5980
200.54.103.162 - - [26/Nov/2019:09:24:19 -0300] "GET /cormun/static/about:blank HTTP/1.1" 404 1011
200.54.103.162 - - [26/Nov/2019:09:24:20 -0300] "GET /cormun/servlet/permisosadjuntos?INS,17503191,P,20191126100738,, HTTP/1.1" 200 5969
200.54.103.162 - - [26/Nov/2019:09:24:29 -0300] "POST /cormun/servlet/permisosadjuntos?079645d59697d0ec8530ef0220f84fc7,INS,17503191,P,20191126100738,, HTTP/1.1" 200 116
200.54.103.162 - - [26/Nov/2019:09:24:29 -0300] "GET /cormun/servlet/hpexe_return? HTTP/1.1" 200 1038
200.54.103.162 - - [26/Nov/2019:09:24:29 -0300] "GET /cormun/servlet/trpermisosadjuntos?17503191,20191126100738,P, HTTP/1.1" 200 7143
200.54.103.162 - - [26/Nov/2019:09:24:30 -0300] "GET /cormun/servlet/trpermisosadjuntos?17503191,20191126100738,P, HTTP/1.1" 200 7140
200.54.103.162 - - [26/Nov/2019:09:24:34 -0300] "POST /cormun/servlet/trpermisosadjuntos?079645d59697d0ec8530ef0220f84fc7,17503191,20191126100738,P,,gx-no-cache=1574770724837 HTTP/1.1" 200 90
200.54.103.162 - - [26/Nov/2019:09:24:34 -0300] "GET /cormun/servlet/hpexe_link HTTP/1.1" 200 1006
200.54.103.162 - - [26/Nov/2019:09:24:34 -0300] "GET /cormun/servlet/trpermisosgoce?gx-no-cache=1574770701692 HTTP/1.1" 200 15651
200.54.103.162 - - [26/Nov/2019:09:24:36 -0300] "GET /cormun/servlet/trpermisosgoce?gx-no-cache=1574770701692 HTTP/1.1" 200 15690
200.54.103.162 - - [26/Nov/2019:09:24:38 -0300] "POST /cormun/servlet/trpermisosgoce?079645d59697d0ec8530ef0220f84fc7,gx-no-cache=1574770701692,gx-no-cache=1574770729332 HTTP/1.1" 200 12796
200.54.103.162 - - [26/Nov/2019:09:24:44 -0300] "GET /cormun/servlet/trpermisosadjuntos?23711264,20191126100805,P, HTTP/1.1" 200 6664
200.54.103.162 - - [26/Nov/2019:09:24:46 -0300] "GET /cormun/servlet/trpermisosadjuntos?23711264,20191126100805,P, HTTP/1.1" 200 6643
200.54.103.162 - - [26/Nov/2019:09:24:48 -0300] "GET /cormun/servlet/permisosadjuntos?INS,23711264,P,20191126100805,, HTTP/1.1" 200 5976
200.54.103.162 - - [26/Nov/2019:09:24:48 -0300] "GET /cormun/static/about:blank HTTP/1.1" 404 1011
200.54.103.162 - - [26/Nov/2019:09:24:49 -0300] "GET /cormun/servlet/permisosadjuntos?INS,23711264,P,20191126100805,, HTTP/1.1" 200 5965
200.54.103.162 - - [26/Nov/2019:09:24:59 -0300] "POST /cormun/servlet/permisosadjuntos?079645d59697d0ec8530ef0220f84fc7,INS,23711264,P,20191126100805,, HTTP/1.1" 200 116
200.54.103.162 - - [26/Nov/2019:09:24:59 -0300] "GET /cormun/servlet/hpexe_return? HTTP/1.1" 200 1037
200.54.103.162 - - [26/Nov/2019:09:24:59 -0300] "GET /cormun/servlet/trpermisosadjuntos?23711264,20191126100805,P, HTTP/1.1" 200 7139
200.54.103.162 - - [26/Nov/2019:09:25:00 -0300] "GET /cormun/servlet/trpermisosadjuntos?23711264,20191126100805,P, HTTP/1.1" 200 7135
190.171.152.242 - - [26/Nov/2019:09:25:01 -0300] "GET /cormun/servlet/hlogin HTTP/1.1" 200 1726
