190.171.143.106 - - [29/Oct/2019:12:33:21 -0300] "GET /cormun/static/calendar-setup.js?85251 HTTP/1.1" 200 2588
190.171.143.106 - - [29/Oct/2019:12:33:21 -0300] "GET /cormun/static/calendar-es.js?85251 HTTP/1.1" 200 1901
190.171.143.106 - - [29/Oct/2019:12:33:21 -0300] "GET /cormun/static/Resources/PXToolsDataSearch.png HTTP/1.1" 200 419
190.171.143.106 - - [29/Oct/2019:12:33:21 -0300] "GET /cormun/static/Resources/PXToolsGridFirstDisabled.gif HTTP/1.1" 200 100
190.171.143.106 - - [29/Oct/2019:12:33:21 -0300] "GET /cormun/static/gxdec.js?85251 HTTP/1.1" 200 19579
190.171.143.106 - - [29/Oct/2019:12:33:21 -0300] "GET /cormun/static/trcontratosolicitud.js?20177612214349 HTTP/1.1" 200 28237
190.171.143.106 - - [29/Oct/2019:12:33:21 -0300] "GET /cormun/static/Resources/PXToolsGridPreviousDisabled.gif HTTP/1.1" 200 90
190.171.143.106 - - [29/Oct/2019:12:33:21 -0300] "GET /cormun/static/Shared/ext/resources/css/ext-all.css?205870 HTTP/1.1" 200 416045
190.171.143.106 - - [29/Oct/2019:12:33:21 -0300] "GET /cormun/static/Resources/PXToolsGridNextDisabled.gif HTTP/1.1" 200 90
190.171.143.106 - - [29/Oct/2019:12:33:21 -0300] "GET /cormun/static/Resources/PXToolsGridLastDisabled.gif HTTP/1.1" 200 98
190.171.143.106 - - [29/Oct/2019:12:33:21 -0300] "GET /cormun/static/Resources/PXToolsGridPage.gif HTTP/1.1" 200 725
190.171.143.106 - - [29/Oct/2019:12:33:22 -0300] "GET /cormun/static/Resources/asc.gif HTTP/1.1" 200 67
190.171.143.106 - - [29/Oct/2019:12:33:22 -0300] "GET /cormun//static/Resources/PXToolsGridNew.png HTTP/1.1" 200 2949
190.171.143.106 - - [29/Oct/2019:12:33:22 -0300] "GET /cormun//static/Resources/PXToolsActionDisabled.gif HTTP/1.1" 200 53
190.171.143.106 - - [29/Oct/2019:12:33:22 -0300] "GET /cormun/static/Resources/desc.gif HTTP/1.1" 200 65
190.171.143.106 - - [29/Oct/2019:12:33:22 -0300] "GET /cormun/servlet/trcontratosolicitud? HTTP/1.1" 200 14415
190.171.143.106 - - [29/Oct/2019:12:33:22 -0300] "GET /cormun/static/Shared/ext/resources/themes/images/default/panel/bg-headersPanel.png HTTP/1.1" 200 255
190.171.143.106 - - [29/Oct/2019:12:33:22 -0300] "GET /cormun/static/Shared/ext/resources/themes/images/default/tools/tool-sprites.gif HTTP/1.1" 200 5434
190.171.143.106 - - [29/Oct/2019:12:33:34 -0300] "POST /cormun/servlet/trsolicitudot?f28d2c674574db412727ebc3e6bf9f4e,gx-no-cache=1572362863779 HTTP/1.1" 200 23243
190.171.143.106 - - [29/Oct/2019:12:33:35 -0300] "GET /cormun/static/Resources/PXToolsGridNext.gif HTTP/1.1" 200 369
190.171.143.106 - - [29/Oct/2019:12:33:35 -0300] "GET /cormun//static/Resources/PXToolsActionView.png HTTP/1.1" 200 2995
190.171.143.106 - - [29/Oct/2019:12:33:35 -0300] "GET /cormun/static/Resources/PXToolsGridLast.gif HTTP/1.1" 200 370
190.171.143.106 - - [29/Oct/2019:12:33:35 -0300] "GET /cormun//static/Resources/PXToolsRemoveAllAction.png HTTP/1.1" 200 3558
190.171.143.106 - - [29/Oct/2019:12:33:43 -0300] "POST /cormun/servlet/trsolicitudot?f28d2c674574db412727ebc3e6bf9f4e,gx-no-cache=1572362871663 HTTP/1.1" 200 103
190.171.143.106 - - [29/Oct/2019:12:33:43 -0300] "GET /cormun/SolicitudOT-2432.xls HTTP/1.1" 200 41984
190.171.141.122 - - [29/Oct/2019:12:34:42 -0300] "GET /cormun/servlet/licenciaspermisos?INS,0,,, HTTP/1.1" 200 6794
190.171.141.122 - - [29/Oct/2019:12:34:42 -0300] "GET /cormun/static/gxcfg.js?201762917281167 HTTP/1.1" 200 953
190.171.141.122 - - [29/Oct/2019:12:34:42 -0300] "GET /cormun/static/licenciaspermisos.js?201762917281260 HTTP/1.1" 200 37491
190.171.141.122 - - [29/Oct/2019:12:34:43 -0300] "GET /cormun/servlet/hlogin HTTP/1.1" 200 1752
190.171.141.122 - - [29/Oct/2019:12:34:43 -0300] "GET /cormun/servlet/licenciaspermisos?INS,0,,, HTTP/1.1" 200 6791
190.171.141.122 - - [29/Oct/2019:12:34:48 -0300] "POST /cormun/servlet/hlogin?c4d2594d573cc70bdcc8623828fc4822,gx-no-cache=1572362939094 HTTP/1.1" 200 90
190.171.141.122 - - [29/Oct/2019:12:34:48 -0300] "GET /cormun/servlet/hpexe_link HTTP/1.1" 200 971
190.171.141.122 - - [29/Oct/2019:12:34:49 -0300] "GET /cormun/servlet/licenciaspermisos?INS,0,,, HTTP/1.1" 200 7709
190.171.141.122 - - [29/Oct/2019:12:34:49 -0300] "GET /cormun/servlet/licenciaspermisos?INS,0,,, HTTP/1.1" 200 7716
190.171.143.106 - - [29/Oct/2019:12:34:50 -0300] "POST /cormun/servlet/trcontratosolicitud?2a7fe9407d3b7ecd6c444c09de46ea51,,gx-no-cache=1572362942462 HTTP/1.1" 200 9200
190.171.143.106 - - [29/Oct/2019:12:34:50 -0300] "GET /cormun/static/Resources/PXToolsGridFirst.gif HTTP/1.1" 200 379
190.171.143.106 - - [29/Oct/2019:12:34:50 -0300] "GET /cormun/static/Resources/PXToolsGridPrevious.gif HTTP/1.1" 200 369
190.171.141.122 - - [29/Oct/2019:12:34:54 -0300] "GET /cormun/servlet/trsolicitudot? HTTP/1.1" 200 7557
190.171.141.122 - - [29/Oct/2019:12:34:54 -0300] "GET /cormun/servlet/trsolicitudot? HTTP/1.1" 200 7549
190.171.141.122 - - [29/Oct/2019:12:34:57 -0300] "GET /cormun/servlet/solicitudot?INS,0,0, HTTP/1.1" 200 15401
190.171.141.122 - - [29/Oct/2019:12:34:57 -0300] "GET /cormun/servlet/solicitudot?INS,0,0, HTTP/1.1" 200 15406
190.171.141.122 - - [29/Oct/2019:12:35:01 -0300] "POST /cormun/servlet/solicitudot?gx-no-cache=1572362951751 HTTP/1.1" 200 3550
190.171.141.122 - - [29/Oct/2019:12:35:01 -0300] "GET /cormun/static/Shared/jqueryui/images/ui-bg_highlight-soft_100_c6c2c8_1x100.png HTTP/1.1" 404 1117
190.171.141.122 - - [29/Oct/2019:12:35:01 -0300] "GET /cormun/static/Shared/jqueryui/images/ui-bg_flat_55_994d53_40x100.png HTTP/1.1" 404 1097
190.171.141.122 - - [29/Oct/2019:12:35:01 -0300] "GET /cormun/static/Shared/jqueryui/images/ui-icons_82798d_256x240.png HTTP/1.1" 404 1089
190.171.141.122 - - [29/Oct/2019:12:35:01 -0300] "GET /cormun/static/Shared/jqueryui/images/ui-icons_ebccce_256x240.png HTTP/1.1" 404 1089
190.171.141.122 - - [29/Oct/2019:12:35:01 -0300] "GET /cormun/servlet/solicitudot?1123d37ec97d282b07c75baa7fe44d97d824e4aa9e41078d78e294d10e74006e,gx-no-cache=1572362951877 HTTP/1.1" 200 111
190.171.141.122 - - [29/Oct/2019:12:35:01 -0300] "GET /cormun/servlet/solicitudot?1123d37ec97d282b07c75baa7fe44d97e9ead5aa8d00f1c3082ccc5bc4b7584c,gx-no-cache=1572362951937 HTTP/1.1" 200 94
190.171.141.122 - - [29/Oct/2019:12:35:01 -0300] "GET /cormun/servlet/solicitudot?1123d37ec97d282b07c75baa7fe44d97377bcb7bc8ddbbc7f4105ddacf9d80c5,gx-no-cache=1572362951970 HTTP/1.1" 200 29
190.171.141.122 - - [29/Oct/2019:12:35:01 -0300] "GET /cormun/servlet/solicitudot?1123d37ec97d282b07c75baa7fe44d97160ba199aa4d9caaeca6a6073e89e0c25519fc8e9e2cde535ac73c6515c369fa3cc5b971a70e00aff42a9b3693d5d2e8f16ac5cdc7b1ae1b41145d4f3f7adeeeaca078d03f3a0b615a7273669b649fe94d13540aaff4d0e22e180cbc54f3d91f31add30e1b72a0971162e926d7a9e792e17468bd3974d1a11ce6b3901f6530a95431c0df2c245ee0573f733f7ffe61560dfc1ce4d2b6eeec0e788b316a810e56f77e3ac87670ce45b239fd5b6eac19ee2d7782066794419341fab5537d99ba718d7b3952be6f45545f7904bf1e0feb57f3c764ef56c7af0ef28dff724e7e1620bf5ca9738361f2fe7044a672cc279799b227da73fa36eae40bfa5962e009c626f34172b9a4470d2ae034c6840d62e9e291e09c32ad949f5b01d0148fea10157afcc6ef41cc25d70b67f934cc7feed6fd27ef1807b15cd5d4a62ccab8959a5bd5,gx-no-cache=1572362952008 HTTP/1.1" 200 297
190.171.141.122 - - [29/Oct/2019:12:35:01 -0300] "GET /cormun/servlet/solicitudot?1123d37ec97d282b07c75baa7fe44d974ccd3ee6570a021b783a675c99c95975e9cf8f3c6ba74e488c538e8c7e0061137a91b512454bc51e14a3bb49cb90165994eeea152b8417ea5241c3b62c804a1d025e445052d5bfd2c41ad5b47b2de3edc0ba54322b2ce5860f55d735b7c0857bacdc97bbcf2da5d12eada70397f80ab9c708fe6124eebedbe5985c6d5d5cf56c1b2dc3c9fa3b48b8ce1b4360ebb9718a38764e9e5b8491753909932c4e009d7cdbfefa6cdae164a233991bb7c18b950823d87aa52552d7f40400601c68fe27b4e48ed781cddfe5b92553a68c85dc2f90737d0afe2948bd1cdaae8fa6dae2370f0c4967989f9821dda7f3008a65ac5ad497304af5fcf50739b4dc7f51d093fc0dda468a90ae3f093f3c3a592ee065aaa0b67d3775b9413fd59b66de51b52f5b1fa20087a413c5b421098a0e7c3d118a6099657fc298d4660e94ed1b5cf83cf6e9152d676709fcc06183b06af62e5d461d4981ca91fc165da882acfcf2d16de9a5345229aec31cef5915e319eba1850845876dfc5a0fca93f6f70d5383fdd21c02,gx-no-cache=1572362952062 HTTP/1.1" 200 30
190.171.141.122 - - [29/Oct/2019:12:35:01 -0300] "POST /cormun/servlet/solicitudot?gx-no-cache=1572362952094 HTTP/1.1" 200 30
190.171.141.122 - - [29/Oct/2019:12:35:01 -0300] "POST /cormun/servlet/solicitudot?gx-no-cache=1572362952142 HTTP/1.1" 200 1355
190.171.141.122 - - [29/Oct/2019:12:35:01 -0300] "POST /cormun/servlet/solicitudot?gx-no-cache=1572362952203 HTTP/1.1" 200 38
190.171.141.122 - - [29/Oct/2019:12:35:02 -0300] "GET /cormun/servlet/solicitudot?1123d37ec97d282b07c75baa7fe44d97526a8c0ede56dd5b98bf335b809f7ab0e8beda28c5989e1eeca3e3c7b27d14f7462fd5ce0e0c050524daad339e6e649d4daaf9ca8c37d63f3b6e6074e2c7f6cbfccdf4eeeb11fa900fc5bb8ab6343cf44677660b2948aaf835559abf0934695d,gx-no-cache=1572362952241 HTTP/1.1" 200 110
190.171.141.122 - - [29/Oct/2019:12:35:31 -0300] "GET /cormun/servlet/trcontratosolicitud? HTTP/1.1" 200 14783
190.171.141.122 - - [29/Oct/2019:12:35:31 -0300] "GET /cormun/static/gxcfg.js?20177612214014 HTTP/1.1" 200 953
190.171.141.122 - - [29/Oct/2019:12:35:31 -0300] "GET /cormun/static/trcontratosolicitud.js?20177612214349 HTTP/1.1" 200 28237
190.171.141.122 - - [29/Oct/2019:12:35:31 -0300] "GET /cormun//static/Resources/PXToolsGridNew.png HTTP/1.1" 200 2949
190.171.141.122 - - [29/Oct/2019:12:35:31 -0300] "GET /cormun/servlet/trcontratosolicitud? HTTP/1.1" 200 14756
190.171.141.122 - - [29/Oct/2019:12:35:42 -0300] "GET /cormun/servlet/solicitudotcontratos?INS,2019,0,17134154,K,2,2019,3498,LEY+SEP,201909,44,*, HTTP/1.1" 200 10157
190.171.141.122 - - [29/Oct/2019:12:35:42 -0300] "GET /cormun/static/gxcfg.js?20183710585831 HTTP/1.1" 200 953
190.171.141.122 - - [29/Oct/2019:12:35:43 -0300] "GET /cormun/static/solicitudotcontratos.js?20183710585978 HTTP/1.1" 200 43203
190.171.141.122 - - [29/Oct/2019:12:35:43 -0300] "GET /cormun/servlet/solicitudotcontratos?INS,2019,0,17134154,K,2,2019,3498,LEY+SEP,201909,44,*, HTTP/1.1" 200 10193
190.171.141.122 - - [29/Oct/2019:12:35:43 -0300] "GET /cormun/servlet/solicitudotcontratos?1123d37ec97d282b07c75baa7fe44d97e42d30672217049c1024d8c7d06a650435bc5122246f90975d66e9ee57559860,gx-no-cache=1572362994086 HTTP/1.1" 200 30
190.171.141.122 - - [29/Oct/2019:12:35:43 -0300] "GET /cormun/servlet/solicitudotcontratos?1123d37ec97d282b07c75baa7fe44d97e442d1d1fb4491524a1c508592cb634dec9b65195b9421359de661552120ec52,gx-no-cache=1572362994139 HTTP/1.1" 200 30
190.171.141.122 - - [29/Oct/2019:12:35:43 -0300] "GET /cormun/servlet/solicitudotcontratos?1123d37ec97d282b07c75baa7fe44d97160ba199aa4d9caaeca6a6073e89e0c25519fc8e9e2cde535ac73c6515c369fa3cc5b971a70e00aff42a9b3693d5d2e89b7672befd1be645a51a456969d2195f80d8c78f83380905bda700034e980e5f1d37fb663d1b4c0fbc2773524e5881778933283dd83fb297617c94d87f619029,gx-no-cache=1572362994169 HTTP/1.1" 200 48
190.171.141.122 - - [29/Oct/2019:12:35:43 -0300] "GET /cormun/servlet/solicitudotcontratos?1123d37ec97d282b07c75baa7fe44d97a8d90ae562b16d48a969f59c7f0db504ffc60334a0b239cf68bf4b2ad63e1360,gx-no-cache=1572362994201 HTTP/1.1" 200 30
190.171.141.122 - - [29/Oct/2019:12:35:43 -0300] "GET /cormun/servlet/solicitudotcontratos?1123d37ec97d282b07c75baa7fe44d973cd75a8d4b0449a802d24cdbe49f338c6d0cb67ba04e496773fb6da6e8cafce0462fd5ce0e0c050524daad339e6e649d7602b3f88a4c72062475d03c3dd554ab4f14f133b3dc50ad2ff97246ccf69c3c23c606708ab5ad0d089151826dc7309d,gx-no-cache=1572362994231 HTTP/1.1" 200 30
190.171.141.122 - - [29/Oct/2019:12:35:44 -0300] "GET /cormun/servlet/solicitudotcontratos?1123d37ec97d282b07c75baa7fe44d97526a8c0ede56dd5b98bf335b809f7ab0e8beda28c5989e1eeca3e3c7b27d14f7462fd5ce0e0c050524daad339e6e649d4daaf9ca8c37d63f3b6e6074e2c7f6cbfccdf4eeeb11fa900fc5bb8ab6343cf44677660b2948aaf835559abf0934695d,gx-no-cache=1572362994266 HTTP/1.1" 200 110
190.171.141.122 - - [29/Oct/2019:12:35:44 -0300] "POST /cormun/servlet/solicitudotcontratos?gx-no-cache=1572362994295 HTTP/1.1" 200 67
190.171.141.122 - - [29/Oct/2019:12:35:44 -0300] "GET /cormun/servlet/solicitudotcontratos?1123d37ec97d282b07c75baa7fe44d97e7d9d7c8b0f41d91cb70083242ca2acc23f4446bc4447f38288504902a63068f2a3e8f3d54312f4cb285bd6787f558af462fd5ce0e0c050524daad339e6e649dc4a47f88e057afae8019f467ba07497bda594c9890219213f7b4e20a807bc08a86c749e6d690ec48f31b989d8f7afed7,gx-no-cache=1572362994330 HTTP/1.1" 200 80
190.171.141.122 - - [29/Oct/2019:12:36:00 -0300] "GET /cormun/servlet/trsolicitudot? HTTP/1.1" 200 7596
190.171.141.122 - - [29/Oct/2019:12:36:01 -0300] "GET /cormun/servlet/trsolicitudot? HTTP/1.1" 200 7549
190.171.141.122 - - [29/Oct/2019:12:36:03 -0300] "GET /cormun/servlet/solicitudot?INS,0,0, HTTP/1.1" 200 15401
190.171.141.122 - - [29/Oct/2019:12:36:04 -0300] "GET /cormun/servlet/solicitudot?INS,0,0, HTTP/1.1" 200 15406
190.171.141.122 - - [29/Oct/2019:12:36:05 -0300] "POST /cormun/servlet/solicitudot?gx-no-cache=1572363016182 HTTP/1.1" 200 3550
190.171.141.122 - - [29/Oct/2019:12:36:05 -0300] "GET /cormun/static/Shared/jqueryui/images/ui-bg_highlight-soft_100_c6c2c8_1x100.png HTTP/1.1" 404 1117
190.171.141.122 - - [29/Oct/2019:12:36:06 -0300] "GET /cormun/static/Shared/jqueryui/images/ui-bg_flat_55_994d53_40x100.png HTTP/1.1" 404 1097
190.171.141.122 - - [29/Oct/2019:12:36:06 -0300] "GET /cormun/static/Shared/jqueryui/images/ui-icons_ebccce_256x240.png HTTP/1.1" 404 1089
190.171.141.122 - - [29/Oct/2019:12:36:06 -0300] "GET /cormun/static/Shared/jqueryui/images/ui-icons_82798d_256x240.png HTTP/1.1" 404 1089
190.171.141.122 - - [29/Oct/2019:12:36:06 -0300] "GET /cormun/servlet/solicitudot?1123d37ec97d282b07c75baa7fe44d97d824e4aa9e41078d78e294d10e74006e,gx-no-cache=1572363016272 HTTP/1.1" 200 111
190.171.141.122 - - [29/Oct/2019:12:36:06 -0300] "GET /cormun/servlet/solicitudot?1123d37ec97d282b07c75baa7fe44d97e9ead5aa8d00f1c3082ccc5bc4b7584c,gx-no-cache=1572363016316 HTTP/1.1" 200 94
190.171.141.122 - - [29/Oct/2019:12:36:06 -0300] "GET /cormun/servlet/solicitudot?1123d37ec97d282b07c75baa7fe44d97377bcb7bc8ddbbc7f4105ddacf9d80c5,gx-no-cache=1572363016347 HTTP/1.1" 200 29
190.171.141.122 - - [29/Oct/2019:12:36:06 -0300] "GET /cormun/servlet/solicitudot?1123d37ec97d282b07c75baa7fe44d97160ba199aa4d9caaeca6a6073e89e0c25519fc8e9e2cde535ac73c6515c369fa3cc5b971a70e00aff42a9b3693d5d2e8f16ac5cdc7b1ae1b41145d4f3f7adeeeaca078d03f3a0b615a7273669b649fe94d13540aaff4d0e22e180cbc54f3d91f31add30e1b72a0971162e926d7a9e792e17468bd3974d1a11ce6b3901f6530a95431c0df2c245ee0573f733f7ffe61560dfc1ce4d2b6eeec0e788b316a810e56f77e3ac87670ce45b239fd5b6eac19ee2d7782066794419341fab5537d99ba718d7b3952be6f45545f7904bf1e0feb57f3c764ef56c7af0ef28dff724e7e1620bf5ca9738361f2fe7044a672cc279799b227da73fa36eae40bfa5962e009c626f34172b9a4470d2ae034c6840d62e9e291e09c32ad949f5b01d0148fea10157afcc6ef41cc25d70b67f934cc7feed6fd27ef1807b15cd5d4a62ccab8959a5bd5,gx-no-cache=1572363016383 HTTP/1.1" 200 297
190.171.141.122 - - [29/Oct/2019:12:36:06 -0300] "GET /cormun/servlet/solicitudot?1123d37ec97d282b07c75baa7fe44d974ccd3ee6570a021b783a675c99c95975e9cf8f3c6ba74e488c538e8c7e0061137a91b512454bc51e14a3bb49cb90165994eeea152b8417ea5241c3b62c804a1d025e445052d5bfd2c41ad5b47b2de3edc0ba54322b2ce5860f55d735b7c0857bacdc97bbcf2da5d12eada70397f80ab9c708fe6124eebedbe5985c6d5d5cf56c1b2dc3c9fa3b48b8ce1b4360ebb9718a38764e9e5b8491753909932c4e009d7cdbfefa6cdae164a233991bb7c18b950823d87aa52552d7f40400601c68fe27b4e48ed781cddfe5b92553a68c85dc2f90737d0afe2948bd1cdaae8fa6dae2370f0c4967989f9821dda7f3008a65ac5ad497304af5fcf50739b4dc7f51d093fc0dda468a90ae3f093f3c3a592ee065aaa0b67d3775b9413fd59b66de51b52f5b1fa20087a413c5b421098a0e7c3d118a6099657fc298d4660e94ed1b5cf83cf6e9152d676709fcc06183b06af62e5d461d4981ca91fc165da882acfcf2d16de9a5345229aec31cef5915e319eba1850845876dfc5a0fca93f6f70d5383fdd21c02,gx-no-cache=1572363016431 HTTP/1.1" 200 30
190.171.141.122 - - [29/Oct/2019:12:36:06 -0300] "POST /cormun/servlet/solicitudot?gx-no-cache=1572363016463 HTTP/1.1" 200 30
190.171.141.122 - - [29/Oct/2019:12:36:06 -0300] "POST /cormun/servlet/solicitudot?gx-no-cache=1572363016499 HTTP/1.1" 200 1355
190.171.141.122 - - [29/Oct/2019:12:36:06 -0300] "POST /cormun/servlet/solicitudot?gx-no-cache=1572363016543 HTTP/1.1" 200 38
190.171.141.122 - - [29/Oct/2019:12:36:06 -0300] "GET /cormun/servlet/solicitudot?1123d37ec97d282b07c75baa7fe44d97526a8c0ede56dd5b98bf335b809f7ab0e8beda28c5989e1eeca3e3c7b27d14f7462fd5ce0e0c050524daad339e6e649d4daaf9ca8c37d63f3b6e6074e2c7f6cbfccdf4eeeb11fa900fc5bb8ab6343cf44677660b2948aaf835559abf0934695d,gx-no-cache=1572363016575 HTTP/1.1" 200 110
190.171.143.106 - - [29/Oct/2019:12:36:29 -0300] "POST /cormun/servlet/trcontratosolicitud?2a7fe9407d3b7ecd6c444c09de46ea51,,gx-no-cache=1572363042044 HTTP/1.1" 200 9197
190.171.154.42 - - [29/Oct/2019:12:36:46 -0300] "GET /cormun/servlet/hlogin HTTP/1.1" 200 1716
190.171.154.42 - - [29/Oct/2019:12:36:46 -0300] "GET /cormun/servlet/hlogin HTTP/1.1" 200 1716
190.171.141.82 - - [29/Oct/2019:12:36:52 -0300] "POST /cormun/servlet/trlicencias?3c2e7cbae979499320739010bdb02e15,,gx-no-cache=1572363122364 HTTP/1.1" 440 972
190.171.154.42 - - [29/Oct/2019:12:36:55 -0300] "POST /cormun/servlet/hlogin?cb63f2d6e41160dda847e197c68acd94,gx-no-cache=1572363066577 HTTP/1.1" 200 90
190.171.154.42 - - [29/Oct/2019:12:36:55 -0300] "GET /cormun/servlet/hpexe_link HTTP/1.1" 200 946
190.171.154.42 - - [29/Oct/2019:12:36:56 -0300] "GET /cormun/servlet/hhome HTTP/1.1" 200 4316
190.171.141.82 - - [29/Oct/2019:12:36:57 -0300] "GET /cormun/servlet/trlicencias? HTTP/1.1" 200 6135
190.171.154.42 - - [29/Oct/2019:12:36:58 -0300] "GET /cormun/servlet/hhome HTTP/1.1" 200 4312
190.171.141.82 - - [29/Oct/2019:12:37:01 -0300] "GET /cormun/servlet/hlogin HTTP/1.1" 200 1741
190.171.141.82 - - [29/Oct/2019:12:37:01 -0300] "GET /cormun/servlet/trlicencias? HTTP/1.1" 200 6135
190.171.141.82 - - [29/Oct/2019:12:37:06 -0300] "POST /cormun/servlet/hlogin?45801ce399a0727fd1a7e10f20114e4c,gx-no-cache=1572363135860 HTTP/1.1" 200 90
190.171.141.82 - - [29/Oct/2019:12:37:06 -0300] "GET /cormun/servlet/hpexe_link HTTP/1.1" 200 959
190.171.154.42 - - [29/Oct/2019:12:37:06 -0300] "GET /cormun/servlet/trlicencias? HTTP/1.1" 200 12971
190.171.141.82 - - [29/Oct/2019:12:37:06 -0300] "GET /cormun/servlet/trlicencias HTTP/1.1" 200 11680
190.171.154.42 - - [29/Oct/2019:12:37:09 -0300] "GET /cormun/servlet/trlicencias? HTTP/1.1" 200 12968
190.171.141.82 - - [29/Oct/2019:12:37:10 -0300] "GET /cormun/servlet/trlicencias HTTP/1.1" 200 11678
190.171.143.106 - - [29/Oct/2019:12:37:10 -0300] "POST /cormun/servlet/trcontratosolicitud?2a7fe9407d3b7ecd6c444c09de46ea51,,gx-no-cache=1572363082996 HTTP/1.1" 200 12055
190.171.143.106 - - [29/Oct/2019:12:37:11 -0300] "GET /cormun/static/Resources/PXToolsGridNext.gif HTTP/1.1" 200 369
190.171.143.106 - - [29/Oct/2019:12:37:11 -0300] "GET /cormun/static/Resources/PXToolsGridLast.gif HTTP/1.1" 200 370
190.171.154.42 - - [29/Oct/2019:12:37:12 -0300] "GET /cormun/static/menuarrow.gif HTTP/1.1" 404 1015
190.171.141.82 - - [29/Oct/2019:12:37:14 -0300] "GET /cormun/servlet/trlicencias? HTTP/1.1" 200 11678
190.171.141.82 - - [29/Oct/2019:12:37:15 -0300] "GET /cormun/servlet/trlicencias? HTTP/1.1" 200 11678
190.171.154.42 - - [29/Oct/2019:12:37:21 -0300] "POST /cormun/servlet/trlicencias?cb63f2d6e41160dda847e197c68acd94,,gx-no-cache=1572363091626 HTTP/1.1" 200 19381
190.171.154.42 - - [29/Oct/2019:12:37:36 -0300] "POST /cormun/servlet/trlicencias?cb63f2d6e41160dda847e197c68acd94,,gx-no-cache=1572363107153 HTTP/1.1" 200 7239
190.171.154.42 - - [29/Oct/2019:12:37:50 -0300] "POST /cormun/servlet/trlicencias?cb63f2d6e41160dda847e197c68acd94,,gx-no-cache=1572363120833 HTTP/1.1" 200 101
190.171.154.42 - - [29/Oct/2019:12:37:50 -0300] "GET /cormun/Licencias-7665.xls HTTP/1.1" 200 6656
190.171.141.122 - - [29/Oct/2019:12:39:17 -0300] "POST /cormun/servlet/solicitudot?gx-no-cache=1572363207663 HTTP/1.1" 200 3500
190.171.141.122 - - [29/Oct/2019:12:39:17 -0300] "POST /cormun/servlet/solicitudot?c4d2594d573cc70bdcc8623828fc4822,INS,0,0,,gx-no-cache=1572363207853 HTTP/1.1" 200 11991
190.171.141.122 - - [29/Oct/2019:12:39:18 -0300] "GET /cormun/servlet/solicitudot?1123d37ec97d282b07c75baa7fe44d97fdff336befe422e1905553c1e4166f3523c606708ab5ad0d089151826dc7309d,gx-no-cache=1572363209243 HTTP/1.1" 200 30
190.171.154.42 - - [29/Oct/2019:12:39:31 -0300] "GET /cormun/servlet/hlogin HTTP/1.1" 200 1734
190.171.141.122 - - [29/Oct/2019:12:40:32 -0300] "GET /cormun/servlet/solicitudot?1123d37ec97d282b07c75baa7fe44d97e9ead5aa8d00f1c3082ccc5bc4b7584c,gx-no-cache=1572363282613 HTTP/1.1" 200 94
190.171.141.122 - - [29/Oct/2019:12:40:32 -0300] "GET /cormun/servlet/solicitudot?1123d37ec97d282b07c75baa7fe44d97377bcb7bc8ddbbc7f4105ddacf9d80c5,gx-no-cache=1572363282698 HTTP/1.1" 200 29
190.171.141.122 - - [29/Oct/2019:12:40:32 -0300] "POST /cormun/servlet/solicitudot?gx-no-cache=1572363282732 HTTP/1.1" 200 297
190.171.141.122 - - [29/Oct/2019:12:40:32 -0300] "GET /cormun/servlet/solicitudot?1123d37ec97d282b07c75baa7fe44d974ccd3ee6570a021b783a675c99c95975e9cf8f3c6ba74e488c538e8c7e0061137a91b512454bc51e14a3bb49cb90165994eeea152b8417ea5241c3b62c804a1d025e445052d5bfd2c41ad5b47b2de3edc0ba54322b2ce5860f55d735b7c0857bacdc97bbcf2da5d12eada70397f80ab9c708fe6124eebedbe5985c6d5d5cf56c1b2dc3c9fa3b48b8ce1b4360ebb9718a38764e9e5b8491753909932c4e009d7cdbfefa6cdae164a233991bb7c18b950823d87aa52552d7f40400601c68fe27b4e48ed781cddfe5b92553a68c85dc2f90737d0afe2948bd1cdaae8fa6dae2370f0c4967989f9821dda7f3008a65ac5ad497304af5fcf50739b4dc7f51d093fc0dda468a90ae3f093f3c3a592ee065aaa0b67d3775b9413fd59b66de51b52f5b1fa20087a413c5b421098a0e7c3d118a6099657fc298d4660e94ed1b5cf83cf6e9152d676709fcc06183b06af62e5d461d4981ca91fc165da882acfcf2d16de9a55ef0943d7865e9201460f369a50c3dcc876dfc5a0fca93f6f70d5383fdd21c02,gx-no-cache=1572363282783 HTTP/1.1" 200 30
190.171.141.122 - - [29/Oct/2019:12:40:34 -0300] "POST /cormun/servlet/solicitudot?gx-no-cache=1572363284363 HTTP/1.1" 200 30
190.171.141.122 - - [29/Oct/2019:12:40:43 -0300] "POST /cormun/servlet/solicitudot?gx-no-cache=1572363293219 HTTP/1.1" 200 30
190.171.141.122 - - [29/Oct/2019:12:40:46 -0300] "GET /cormun/servlet/prfichaempleado?,MD,,gxPopupLevel%3D0%3B HTTP/1.1" 200 9434
190.171.141.122 - - [29/Oct/2019:12:40:51 -0300] "POST /cormun/servlet/prfichaempleado?c4d2594d573cc70bdcc8623828fc4822,,MD,,gxPopupLevel%3D0%3B,gx-no-cache=1572363301494 HTTP/1.1" 200 3482
190.171.141.122 - - [29/Oct/2019:12:40:53 -0300] "POST /cormun/servlet/solicitudot?gx-no-cache=1572363304072 HTTP/1.1" 200 1362
190.171.141.122 - - [29/Oct/2019:12:40:56 -0300] "GET /cormun/servlet/prlicenciaspermisos?17134154,P,,MD,,gxPopupLevel%3D0%3B HTTP/1.1" 200 6574
190.171.141.122 - - [29/Oct/2019:12:41:00 -0300] "POST /cormun/servlet/solicitudot?gx-no-cache=1572363310583 HTTP/1.1" 200 41
190.171.141.122 - - [29/Oct/2019:12:42:16 -0300] "GET /cormun/servlet/solicitudot?1123d37ec97d282b07c75baa7fe44d97526a8c0ede56dd5b98bf335b809f7ab0e8beda28c5989e1eeca3e3c7b27d14f7462fd5ce0e0c050524daad339e6e649d4daaf9ca8c37d63f3b6e6074e2c7f6cbfccdf4eeeb11fa900fc5bb8ab6343cf44677660b2948aaf835559abf0934695d,gx-no-cache=1572363386359 HTTP/1.1" 200 110
190.171.141.122 - - [29/Oct/2019:12:42:16 -0300] "POST /cormun/servlet/solicitudot?gx-no-cache=1572363386440 HTTP/1.1" 200 72
190.171.141.122 - - [29/Oct/2019:12:44:08 -0300] "GET /cormun/servlet/solicitudot?1123d37ec97d282b07c75baa7fe44d973af02b2ad381c3909c86493511fb0b8b2f06ba34f84d57d05fb88576e8528c4c26727242779b98f4a8da12ea13b2614f,gx-no-cache=1572363498758 HTTP/1.1" 200 30
190.171.141.122 - - [29/Oct/2019:12:44:08 -0300] "POST /cormun/servlet/solicitudot?gx-no-cache=1572363498798 HTTP/1.1" 200 30
190.171.141.122 - - [29/Oct/2019:12:44:08 -0300] "POST /cormun/servlet/solicitudot?gx-no-cache=1572363498849 HTTP/1.1" 200 1362
190.171.141.122 - - [29/Oct/2019:12:44:08 -0300] "POST /cormun/servlet/solicitudot?gx-no-cache=1572363499073 HTTP/1.1" 200 41
190.171.141.122 - - [29/Oct/2019:12:45:10 -0300] "GET /cormun/servlet/solicitudot?1123d37ec97d282b07c75baa7fe44d97526a8c0ede56dd5b98bf335b809f7ab0e8beda28c5989e1eeca3e3c7b27d14f7462fd5ce0e0c050524daad339e6e649d4daaf9ca8c37d63f3b6e6074e2c7f6cbfccdf4eeeb11fa900fc5bb8ab6343cf44677660b2948aaf835559abf0934695d,gx-no-cache=1572363561067 HTTP/1.1" 200 110
190.171.141.122 - - [29/Oct/2019:12:45:10 -0300] "POST /cormun/servlet/solicitudot?gx-no-cache=1572363561159 HTTP/1.1" 200 67
190.171.141.122 - - [29/Oct/2019:12:45:10 -0300] "GET /cormun/servlet/solicitudot?1123d37ec97d282b07c75baa7fe44d970f9a38b83907f83faa36551f16aa0466bf5ca9738361f2fe7044a672cc2797996a3607cbaf0ff33d724ffe11af7ea59e6b92df1da4c0674bdf834f5712aad799ebae2af976156b18bbdb4ca04363d784bf306fd258fb626ca6054c0a7dd3d9ae,gx-no-cache=1572363561211 HTTP/1.1" 200 29
190.171.141.122 - - [29/Oct/2019:12:45:11 -0300] "GET /cormun/static/menuarrow.gif HTTP/1.1" 404 1015
190.171.141.122 - - [29/Oct/2019:12:45:59 -0300] "GET /cormun/servlet/solicitudot?1123d37ec97d282b07c75baa7fe44d977bda114cab85eebe45854c9c9ec017c004b5cfec8f190e7056ea06d168cf9fc3,gx-no-cache=1572363610109 HTTP/1.1" 200 30
190.171.141.122 - - [29/Oct/2019:12:46:01 -0300] "POST /cormun/servlet/solicitudot?gx-no-cache=1572363611412 HTTP/1.1" 200 34
200.54.107.2 - - [29/Oct/2019:12:46:25 -0300] "GET /cormun/servlet/licenciaspermisos?5357b714c00b8d43dd0da27d2dabfc8d0450f9157086c148a4c8810225df5fe756125b40f19ef9eaffb471e4cafcdb1f8ce4653913ff6cd6b1b4dd73531d0b02776b4152b302cd74d498d26f4240906647709097420b1b4f9b724d459979a4ea38dccf4e2325691364e912f4112b3540ff7512d9574ab134aaa259d9d28870e2cde9369b3085833c79ad839803f2ccefb65f88550065f943701fba1061de8ef2ce38b62a7fa4fe014a026ccf1fe258acb4602d2402e0ef8279fb60fa0872779c1aa5b9616ee3ed3f2b0d91a5f19746eb49c749e3355b0a954715a821a60f504b,gx-no-cache=1572363636648 HTTP/1.1" 440 972
200.54.107.2 - - [29/Oct/2019:12:46:28 -0300] "POST /cormun/servlet/licenciaspermisos?f11d39f709eeca80efe13ab4df6efa2b,INS,0,,,,gx-no-cache=1572363639633 HTTP/1.1" 440 972
200.54.107.2 - - [29/Oct/2019:12:46:28 -0300] "GET /cormun/servlet/licenciaspermisos?INS,0,,, HTTP/1.1" 200 6789
200.54.107.2 - - [29/Oct/2019:12:46:33 -0300] "GET /cormun/servlet/hlogin HTTP/1.1" 200 1750
200.54.107.2 - - [29/Oct/2019:12:46:33 -0300] "GET /cormun/servlet/licenciaspermisos?INS,0,,, HTTP/1.1" 200 6789
200.54.107.2 - - [29/Oct/2019:12:46:37 -0300] "POST /cormun/servlet/hlogin?60589e1469eb8a0ac5bc0e3e8ec31710,gx-no-cache=1572363648356 HTTP/1.1" 200 90
200.54.107.2 - - [29/Oct/2019:12:46:37 -0300] "GET /cormun/servlet/hpexe_link HTTP/1.1" 200 969
200.54.107.2 - - [29/Oct/2019:12:46:37 -0300] "GET /cormun/servlet/licenciaspermisos?INS,0,,, HTTP/1.1" 200 7690
200.54.107.2 - - [29/Oct/2019:12:46:37 -0300] "GET /cormun/servlet/licenciaspermisos?INS,0,,, HTTP/1.1" 200 7698
190.171.141.122 - - [29/Oct/2019:12:46:41 -0300] "POST /cormun/servlet/solicitudot?c4d2594d573cc70bdcc8623828fc4822,INS,0,0,,gx-no-cache=1572363651212 HTTP/1.1" 200 93
190.171.141.122 - - [29/Oct/2019:12:46:41 -0300] "GET /cormun/servlet/hpexe_return? HTTP/1.1" 200 1009
190.171.141.122 - - [29/Oct/2019:12:46:41 -0300] "GET /cormun/servlet/trsolicitudot HTTP/1.1" 200 8981
190.171.141.122 - - [29/Oct/2019:12:46:42 -0300] "GET /cormun/servlet/trsolicitudot HTTP/1.1" 200 8977
190.171.141.122 - - [29/Oct/2019:12:46:58 -0300] "POST /cormun/servlet/trsolicitudot?c4d2594d573cc70bdcc8623828fc4822,gx-no-cache=1572363668742 HTTP/1.1" 200 4786
190.171.141.122 - - [29/Oct/2019:12:46:58 -0300] "GET /cormun/static/Shared/jqueryui/images/ui-bg_highlight-soft_100_c6c2c8_1x100.png HTTP/1.1" 404 1117
190.171.141.122 - - [29/Oct/2019:12:46:58 -0300] "GET /cormun/static/Shared/jqueryui/images/ui-icons_82798d_256x240.png HTTP/1.1" 404 1089
190.171.141.122 - - [29/Oct/2019:12:46:58 -0300] "GET /cormun/static/Shared/jqueryui/images/ui-bg_flat_55_fafafa_40x100.png HTTP/1.1" 404 1097
190.171.141.122 - - [29/Oct/2019:12:46:58 -0300] "GET /cormun/static/Shared/jqueryui/images/ui-icons_8d78a5_256x240.png HTTP/1.1" 404 1089
190.171.141.122 - - [29/Oct/2019:12:46:58 -0300] "POST /cormun/servlet/trsolicitudot?c4d2594d573cc70bdcc8623828fc4822,gx-no-cache=1572363669027 HTTP/1.1" 200 4524
200.54.107.2 - - [29/Oct/2019:12:47:01 -0300] "GET /cormun/servlet/licenciaspermisos?cdec6098a81885e11cd3430120f619c11a5f9b2d0ac893bb447eabc8690d92078bc64c2109419a3abb7c2984ccdef131,gx-no-cache=1572363672864 HTTP/1.1" 200 70
200.54.107.2 - - [29/Oct/2019:12:47:01 -0300] "POST /cormun/servlet/licenciaspermisos?60589e1469eb8a0ac5bc0e3e8ec31710,INS,0,,,,gx-no-cache=1572363673012 HTTP/1.1" 200 4687
190.171.141.122 - - [29/Oct/2019:12:47:03 -0300] "GET /cormun/servlet/trautorizarsolicitud? HTTP/1.1" 200 8876
190.171.141.122 - - [29/Oct/2019:12:47:03 -0300] "GET /cormun/static/gxcfg.js?2017111423403364 HTTP/1.1" 200 953
190.171.141.122 - - [29/Oct/2019:12:47:03 -0300] "GET /cormun/static/trautorizarsolicitud.js?201711142340425 HTTP/1.1" 200 53910
190.171.141.122 - - [29/Oct/2019:12:47:03 -0300] "GET /cormun/servlet/trautorizarsolicitud? HTTP/1.1" 200 8876
190.171.141.122 - - [29/Oct/2019:12:47:08 -0300] "POST /cormun/servlet/trautorizarsolicitud?c4d2594d573cc70bdcc8623828fc4822,,gx-no-cache=1572363678494 HTTP/1.1" 200 4721
190.171.141.122 - - [29/Oct/2019:12:47:08 -0300] "GET /cormun/static/Shared/jqueryui/images/ui-icons_82798d_256x240.png HTTP/1.1" 404 1089
190.171.141.122 - - [29/Oct/2019:12:47:08 -0300] "GET /cormun/static/Shared/jqueryui/images/ui-bg_highlight-soft_100_c6c2c8_1x100.png HTTP/1.1" 404 1117
190.171.141.122 - - [29/Oct/2019:12:47:08 -0300] "GET /cormun/static/Shared/jqueryui/images/ui-bg_flat_55_fafafa_40x100.png HTTP/1.1" 404 1097
190.171.141.122 - - [29/Oct/2019:12:47:08 -0300] "GET /cormun/static/Shared/jqueryui/images/ui-icons_8d78a5_256x240.png HTTP/1.1" 404 1089
190.171.141.122 - - [29/Oct/2019:12:47:08 -0300] "POST /cormun/servlet/trautorizarsolicitud?c4d2594d573cc70bdcc8623828fc4822,,gx-no-cache=1572363678688 HTTP/1.1" 200 4463
190.171.141.122 - - [29/Oct/2019:12:47:11 -0300] "GET /cormun/servlet/trsolicitudot? HTTP/1.1" 200 7550
190.171.141.122 - - [29/Oct/2019:12:47:12 -0300] "GET /cormun/servlet/trsolicitudot? HTTP/1.1" 200 7549
200.54.107.2 - - [29/Oct/2019:12:47:19 -0300] "GET /cormun/static/menuarrow.gif HTTP/1.1" 404 1015
190.171.141.122 - - [29/Oct/2019:12:47:19 -0300] "POST /cormun/servlet/trsolicitudot?c4d2594d573cc70bdcc8623828fc4822,,gx-no-cache=1572363689655 HTTP/1.1" 200 7625
186.67.172.234 - - [29/Oct/2019:12:50:17 -0300] "GET /cormun/servlet/hlogin HTTP/1.1" 200 1721
186.67.172.234 - - [29/Oct/2019:12:50:18 -0300] "GET /cormun/servlet/hlogin HTTP/1.1" 200 1721
186.103.157.235 - - [29/Oct/2019:12:50:31 -0300] "GET /cormun/servlet/hlogin HTTP/1.1" 200 1720
186.103.157.235 - - [29/Oct/2019:12:50:32 -0300] "GET /cormun/static/gxcfg.js?20177612122725 HTTP/1.1" 304 -
186.103.159.187 - - [29/Oct/2019:12:50:32 -0300] "GET /cormun/servlet/hhome HTTP/1.1" 200 3421
186.103.159.187 - - [29/Oct/2019:12:50:32 -0300] "GET /cormun/servlet/hhome HTTP/1.1" 200 3421
186.103.157.235 - - [29/Oct/2019:12:50:33 -0300] "GET /cormun/servlet/hlogin HTTP/1.1" 200 1730
186.103.159.187 - - [29/Oct/2019:12:50:34 -0300] "GET /cormun/servlet/hlogin HTTP/1.1" 200 1735
186.103.159.187 - - [29/Oct/2019:12:50:34 -0300] "GET /cormun/servlet/hhome HTTP/1.1" 200 3431
186.67.172.234 - - [29/Oct/2019:12:50:49 -0300] "POST /cormun/servlet/hlogin?f3752831f9201f69bc8a0d418ef7b87a,gx-no-cache=1572363878575 HTTP/1.1" 200 90
186.67.172.234 - - [29/Oct/2019:12:50:49 -0300] "GET /cormun/servlet/hpexe_link HTTP/1.1" 200 951
186.67.172.234 - - [29/Oct/2019:12:50:49 -0300] "GET /cormun/servlet/hhome HTTP/1.1" 200 4353
186.67.172.234 - - [29/Oct/2019:12:50:49 -0300] "GET /cormun/servlet/hhome HTTP/1.1" 200 4349
186.103.157.235 - - [29/Oct/2019:12:50:51 -0300] "POST /cormun/servlet/hlogin?e3f514140796aa61f17a64e449017041,gx-no-cache=1572363898273 HTTP/1.1" 200 90
186.103.157.235 - - [29/Oct/2019:12:50:51 -0300] "GET /cormun/servlet/hpexe_link HTTP/1.1" 200 948
186.103.157.235 - - [29/Oct/2019:12:50:51 -0300] "GET /cormun/static/gxcfg.js?20177612121792 HTTP/1.1" 304 -
186.103.157.235 - - [29/Oct/2019:12:50:51 -0300] "GET /cormun/servlet/hhome HTTP/1.1" 200 4308
186.103.157.235 - - [29/Oct/2019:12:50:51 -0300] "GET /cormun/static/gxcfg.js?20175251212442 HTTP/1.1" 304 -
186.103.157.235 - - [29/Oct/2019:12:50:52 -0300] "GET /cormun/servlet/hhome HTTP/1.1" 200 4304
186.67.172.234 - - [29/Oct/2019:12:50:56 -0300] "GET /cormun/servlet/trpermisosgoce? HTTP/1.1" 200 12322
186.67.172.234 - - [29/Oct/2019:12:50:56 -0300] "GET /cormun/servlet/trpermisosgoce? HTTP/1.1" 200 12315
186.67.172.234 - - [29/Oct/2019:12:51:01 -0300] "GET /cormun/servlet/permisogoce?INS,0,,, HTTP/1.1" 200 7223
186.67.172.234 - - [29/Oct/2019:12:51:01 -0300] "GET /cormun/static/gxcfg.js?201776126440 HTTP/1.1" 200 953
186.67.172.234 - - [29/Oct/2019:12:51:01 -0300] "GET /cormun/static/Resources/prompt.gif HTTP/1.1" 200 902
186.67.172.234 - - [29/Oct/2019:12:51:01 -0300] "GET /cormun/static/permisogoce.js?2017761264459 HTTP/1.1" 200 27897
186.67.172.234 - - [29/Oct/2019:12:51:01 -0300] "GET /cormun/servlet/permisogoce?INS,0,,, HTTP/1.1" 200 7223
186.67.172.234 - - [29/Oct/2019:12:51:09 -0300] "GET /cormun/servlet/permisogoce?4b3204f3179205cde5223eb01c3d9baa3ac9b08c1a2547f15dd7207d6e5d24057c458d040bd4613103adc344f71ede266332a4b6b2a68d73932523be708687f0,gx-no-cache=1572363899288 HTTP/1.1" 200 78
186.67.172.234 - - [29/Oct/2019:12:51:09 -0300] "GET /cormun/static/menuarrow.gif HTTP/1.1" 404 1015
186.103.157.235 - - [29/Oct/2019:12:51:10 -0300] "GET /cormun/servlet/trlicencias? HTTP/1.1" 200 10726
186.103.157.235 - - [29/Oct/2019:12:51:10 -0300] "GET /cormun/static/gxcfg.js?20176272054169 HTTP/1.1" 304 -
186.103.157.235 - - [29/Oct/2019:12:51:10 -0300] "GET /cormun/static/Resources/PXTools/calendar.png HTTP/1.1" 304 -
186.103.157.235 - - [29/Oct/2019:12:51:11 -0300] "GET /cormun//static/Resources/PXTools/ActionInsert.png HTTP/1.1" 304 -
186.103.157.235 - - [29/Oct/2019:12:51:11 -0300] "GET /cormun/servlet/trlicencias? HTTP/1.1" 200 10724
186.103.159.187 - - [29/Oct/2019:12:51:14 -0300] "POST /cormun/servlet/hlogin?faae409855f3f8851834506fd7c53729,gx-no-cache=1572364018218 HTTP/1.1" 200 444
186.67.172.234 - - [29/Oct/2019:12:51:18 -0300] "GET /cormun/servlet/permisogoce?4b3204f3179205cde5223eb01c3d9baa901e5434b99861b04a626d1ce01dd743e3d38c2a0f99034206fbb30fb5cdffdd7efed703d4712ab699f0fd938931dc1b,gx-no-cache=1572363908045 HTTP/1.1" 200 48
186.103.159.187 - - [29/Oct/2019:12:51:18 -0300] "POST /cormun/servlet/hlogin?faae409855f3f8851834506fd7c53729,gx-no-cache=1572364022465 HTTP/1.1" 200 90
186.103.159.187 - - [29/Oct/2019:12:51:18 -0300] "GET /cormun/servlet/hpexe_link HTTP/1.1" 200 953
186.103.159.187 - - [29/Oct/2019:12:51:18 -0300] "GET /cormun/servlet/hhome HTTP/1.1" 200 4043
186.103.159.187 - - [29/Oct/2019:12:51:19 -0300] "GET /cormun/servlet/hhome HTTP/1.1" 200 4040
186.103.157.235 - - [29/Oct/2019:12:51:22 -0300] "GET /cormun/servlet/trlicencias? HTTP/1.1" 200 10722
186.67.172.234 - - [29/Oct/2019:12:51:22 -0300] "POST /cormun/servlet/permisogoce?f3752831f9201f69bc8a0d418ef7b87a,INS,0,,,,gx-no-cache=1572363911881 HTTP/1.1" 200 93
186.67.172.234 - - [29/Oct/2019:12:51:22 -0300] "GET /cormun/servlet/hpexe_return? HTTP/1.1" 200 1010
186.103.159.187 - - [29/Oct/2019:12:51:23 -0300] "GET /cormun/servlet/trlicencias? HTTP/1.1" 200 9458
186.67.172.234 - - [29/Oct/2019:12:51:23 -0300] "GET /cormun/servlet/trpermisosgoce HTTP/1.1" 200 12642
186.103.157.235 - - [29/Oct/2019:12:51:23 -0300] "GET /cormun/servlet/trlicencias? HTTP/1.1" 200 10722
186.67.172.234 - - [29/Oct/2019:12:51:23 -0300] "GET /cormun/servlet/trpermisosgoce HTTP/1.1" 200 12631
186.103.159.187 - - [29/Oct/2019:12:51:24 -0300] "GET /cormun/servlet/trlicencias? HTTP/1.1" 200 9456
186.67.172.234 - - [29/Oct/2019:12:51:26 -0300] "GET /cormun/servlet/permisogoce?INS,0,,, HTTP/1.1" 200 7222
186.67.172.234 - - [29/Oct/2019:12:51:26 -0300] "GET /cormun/servlet/permisogoce?INS,0,,, HTTP/1.1" 200 7222
186.103.159.187 - - [29/Oct/2019:12:51:26 -0300] "GET /cormun/servlet/licenciaspermisos?INS,0,,, HTTP/1.1" 200 7573
186.103.159.187 - - [29/Oct/2019:12:51:27 -0300] "GET /cormun/servlet/licenciaspermisos?INS,0,,, HTTP/1.1" 200 7581
200.54.107.2 - - [29/Oct/2019:12:51:28 -0300] "GET /cormun/servlet/licenciaspermisos?cdec6098a81885e11cd3430120f619c1e10c5fd15246a0e01dce7745b2cb0b3779ad0e388c1d18b45e938730b03c07e3d26c060b079ea9963548b74b7e1c6c39a442bfe367f7124b925001e6974e2505a7edcb4957396d5563a5045a3c4c6f58f3a30f4889de2a2b97572152fc9afc7e3a15e771b825068b3520fab9601982155cd123fc9707bc484bba7da388b8d2778bfcea55e9cce594e84d2a8adaa03c945783d7b1d453c32cbc11323dbbb8bed49d486df389bdb475f63cc77cf1e79fb01ba5ba0b0290a6fdffa781bdba66f28ba796c6f6ca4762ab0f8c4e5f8b3dcbf1,gx-no-cache=1572363939414 HTTP/1.1" 200 30
200.54.107.2 - - [29/Oct/2019:12:51:28 -0300] "POST /cormun/servlet/licenciaspermisos?60589e1469eb8a0ac5bc0e3e8ec31710,INS,0,,,,gx-no-cache=1572363939523 HTTP/1.1" 200 4787
186.67.172.234 - - [29/Oct/2019:12:51:35 -0300] "GET /cormun/servlet/permisogoce?4b3204f3179205cde5223eb01c3d9baa4b84e2e8c492a434a650315ef15b8e0d7c458d040bd4613103adc344f71ede266332a4b6b2a68d73932523be708687f0,gx-no-cache=1572363925255 HTTP/1.1" 200 83
186.67.172.234 - - [29/Oct/2019:12:51:35 -0300] "GET /cormun/static/menuarrow.gif HTTP/1.1" 404 1015
186.67.172.234 - - [29/Oct/2019:12:51:41 -0300] "GET /cormun/servlet/permisogoce?4b3204f3179205cde5223eb01c3d9baabeb97a85a4dc9ff807fa2c4f6af6ff07f66d5f54ee0f091afc98bbb59db67363661a7390ee2f00cc02b1d3076dbd7bec,gx-no-cache=1572363930909 HTTP/1.1" 200 49
186.67.172.234 - - [29/Oct/2019:12:51:45 -0300] "POST /cormun/servlet/permisogoce?f3752831f9201f69bc8a0d418ef7b87a,INS,0,,,,gx-no-cache=1572363935023 HTTP/1.1" 200 93
186.67.172.234 - - [29/Oct/2019:12:51:45 -0300] "GET /cormun/servlet/hpexe_return? HTTP/1.1" 200 1010
186.67.172.234 - - [29/Oct/2019:12:51:46 -0300] "GET /cormun/servlet/trpermisosgoce HTTP/1.1" 200 12905
186.67.172.234 - - [29/Oct/2019:12:51:46 -0300] "GET /cormun/servlet/trpermisosgoce HTTP/1.1" 200 12896
186.67.172.234 - - [29/Oct/2019:12:51:48 -0300] "GET /cormun/servlet/permisogoce?INS,0,,, HTTP/1.1" 200 7223
186.67.172.234 - - [29/Oct/2019:12:51:49 -0300] "GET /cormun/servlet/permisogoce?INS,0,,, HTTP/1.1" 200 7223
186.103.159.187 - - [29/Oct/2019:12:52:02 -0300] "GET /cormun/servlet/prfichaempleado?,MD,,gxPopupLevel%3D0%3B HTTP/1.1" 200 9337
186.67.172.234 - - [29/Oct/2019:12:52:02 -0300] "GET /cormun/servlet/permisogoce?4b3204f3179205cde5223eb01c3d9baa353a745184c9a000cdb064239c8fda99672f5a0bb129dff72b397f25ef0c7890,gx-no-cache=1572363952294 HTTP/1.1" 200 79
186.67.172.234 - - [29/Oct/2019:12:52:02 -0300] "GET /cormun/static/menuarrow.gif HTTP/1.1" 404 1015
186.67.172.234 - - [29/Oct/2019:12:52:13 -0300] "GET /cormun/servlet/permisogoce?4b3204f3179205cde5223eb01c3d9baa9d3ea5a427d2a7078abebe26c0c971bda8d630a80a31e10e4cea8ccaa5faa1c8292a7fd142e60f26a30bf580cc788f49,gx-no-cache=1572363962967 HTTP/1.1" 200 48
186.103.159.187 - - [29/Oct/2019:12:52:14 -0300] "POST /cormun/servlet/prfichaempleado?faae409855f3f8851834506fd7c53729,,MD,,gxPopupLevel%3D0%3B,gx-no-cache=1572364078295 HTTP/1.1" 200 3424
186.67.172.234 - - [29/Oct/2019:12:52:18 -0300] "POST /cormun/servlet/permisogoce?f3752831f9201f69bc8a0d418ef7b87a,INS,0,,,,gx-no-cache=1572363967367 HTTP/1.1" 200 93
186.67.172.234 - - [29/Oct/2019:12:52:18 -0300] "GET /cormun/servlet/hpexe_return? HTTP/1.1" 200 1010
186.67.172.234 - - [29/Oct/2019:12:52:18 -0300] "GET /cormun/servlet/trpermisosgoce HTTP/1.1" 200 13094
186.103.159.187 - - [29/Oct/2019:12:52:18 -0300] "GET /cormun/servlet/licenciaspermisos?68dbac1408c27626bea48cd63fc3b0cb0267df297fe4afeed63008e0d5735b1e46e154a6ffa462429f928dc81c59ce14,gx-no-cache=1572364082623 HTTP/1.1" 200 72
186.67.172.234 - - [29/Oct/2019:12:52:18 -0300] "GET /cormun/servlet/trpermisosgoce HTTP/1.1" 200 13088
186.103.159.187 - - [29/Oct/2019:12:52:18 -0300] "POST /cormun/servlet/licenciaspermisos?faae409855f3f8851834506fd7c53729,INS,0,,,,gx-no-cache=1572364082693 HTTP/1.1" 200 4740
186.67.172.234 - - [29/Oct/2019:12:52:25 -0300] "GET /cormun/servlet/trpermisosadjuntos?11887843,20191029134323,P, HTTP/1.1" 200 6659
186.67.172.234 - - [29/Oct/2019:12:52:25 -0300] "GET /cormun/servlet/trpermisosadjuntos?11887843,20191029134323,P, HTTP/1.1" 200 6660
186.67.172.234 - - [29/Oct/2019:12:52:26 -0300] "GET /cormun/servlet/permisosadjuntos?INS,11887843,P,20191029134323,, HTTP/1.1" 200 5987
186.67.172.234 - - [29/Oct/2019:12:52:27 -0300] "GET /cormun/static/gxcfg.js?201762717441171 HTTP/1.1" 200 953
186.67.172.234 - - [29/Oct/2019:12:52:27 -0300] "GET /cormun/static/permisosadjuntos.js?201762717441184 HTTP/1.1" 200 8724
186.67.172.234 - - [29/Oct/2019:12:52:27 -0300] "GET /cormun/static/about:blank HTTP/1.1" 404 1011
186.67.172.234 - - [29/Oct/2019:12:52:27 -0300] "GET /cormun/servlet/permisosadjuntos?INS,11887843,P,20191029134323,, HTTP/1.1" 200 5977
186.67.172.234 - - [29/Oct/2019:12:52:37 -0300] "POST /cormun/servlet/permisosadjuntos?f3752831f9201f69bc8a0d418ef7b87a,INS,11887843,P,20191029134323,, HTTP/1.1" 200 116
186.67.172.234 - - [29/Oct/2019:12:52:37 -0300] "GET /cormun/servlet/hpexe_return? HTTP/1.1" 200 1038
186.67.172.234 - - [29/Oct/2019:12:52:37 -0300] "GET /cormun/servlet/trpermisosadjuntos?11887843,20191029134323,P, HTTP/1.1" 200 7174
186.67.172.234 - - [29/Oct/2019:12:52:38 -0300] "GET /cormun/servlet/trpermisosadjuntos?11887843,20191029134323,P, HTTP/1.1" 200 7170
186.67.172.234 - - [29/Oct/2019:12:52:40 -0300] "POST /cormun/servlet/trpermisosadjuntos?f3752831f9201f69bc8a0d418ef7b87a,11887843,20191029134323,P,,gx-no-cache=1572363989783 HTTP/1.1" 200 90
186.67.172.234 - - [29/Oct/2019:12:52:40 -0300] "GET /cormun/servlet/hpexe_link HTTP/1.1" 200 982
186.67.172.234 - - [29/Oct/2019:12:52:40 -0300] "GET /cormun/servlet/trpermisosgoce HTTP/1.1" 200 13095
186.67.172.234 - - [29/Oct/2019:12:52:41 -0300] "GET /cormun/servlet/trpermisosgoce HTTP/1.1" 200 13102
186.67.172.234 - - [29/Oct/2019:12:52:44 -0300] "GET /cormun/servlet/trpermisosadjuntos?13503827,20191029134348,P, HTTP/1.1" 200 6665
186.67.172.234 - - [29/Oct/2019:12:52:44 -0300] "GET /cormun/servlet/trpermisosadjuntos?13503827,20191029134348,P, HTTP/1.1" 200 6665
186.67.172.234 - - [29/Oct/2019:12:52:46 -0300] "GET /cormun/servlet/permisosadjuntos?INS,13503827,P,20191029134348,, HTTP/1.1" 200 5993
186.67.172.234 - - [29/Oct/2019:12:52:46 -0300] "GET /cormun/static/about:blank HTTP/1.1" 404 1011
186.67.172.234 - - [29/Oct/2019:12:52:46 -0300] "GET /cormun/servlet/permisosadjuntos?INS,13503827,P,20191029134348,, HTTP/1.1" 200 5984
186.103.159.187 - - [29/Oct/2019:12:52:48 -0300] "GET /cormun/static/menuarrow.gif HTTP/1.1" 404 1015
186.67.172.234 - - [29/Oct/2019:12:52:51 -0300] "POST /cormun/servlet/permisosadjuntos?f3752831f9201f69bc8a0d418ef7b87a,INS,13503827,P,20191029134348,, HTTP/1.1" 200 116
186.67.172.234 - - [29/Oct/2019:12:52:51 -0300] "GET /cormun/servlet/hpexe_return? HTTP/1.1" 200 1038
186.67.172.234 - - [29/Oct/2019:12:52:51 -0300] "GET /cormun/servlet/trpermisosadjuntos?13503827,20191029134348,P, HTTP/1.1" 200 7179
186.67.172.234 - - [29/Oct/2019:12:52:52 -0300] "GET /cormun/servlet/trpermisosadjuntos?13503827,20191029134348,P, HTTP/1.1" 200 7176
186.67.172.234 - - [29/Oct/2019:12:52:54 -0300] "POST /cormun/servlet/trpermisosadjuntos?f3752831f9201f69bc8a0d418ef7b87a,13503827,20191029134348,P,,gx-no-cache=1572364003863 HTTP/1.1" 200 90
186.67.172.234 - - [29/Oct/2019:12:52:54 -0300] "GET /cormun/servlet/hpexe_link HTTP/1.1" 200 983
186.67.172.234 - - [29/Oct/2019:12:52:54 -0300] "GET /cormun/servlet/trpermisosgoce HTTP/1.1" 200 13093
186.67.172.234 - - [29/Oct/2019:12:52:55 -0300] "GET /cormun/servlet/trpermisosgoce HTTP/1.1" 200 13096
186.67.172.234 - - [29/Oct/2019:12:52:59 -0300] "GET /cormun/servlet/trpermisosadjuntos?8682933,20191029134410,P, HTTP/1.1" 200 6662
186.67.172.234 - - [29/Oct/2019:12:52:59 -0300] "GET /cormun/servlet/trpermisosadjuntos?8682933,20191029134410,P, HTTP/1.1" 200 6662
186.67.172.234 - - [29/Oct/2019:12:53:01 -0300] "GET /cormun/servlet/permisosadjuntos?INS,8682933,P,20191029134410,, HTTP/1.1" 200 5990
186.67.172.234 - - [29/Oct/2019:12:53:01 -0300] "GET /cormun/static/about:blank HTTP/1.1" 404 1011
186.67.172.234 - - [29/Oct/2019:12:53:01 -0300] "GET /cormun/servlet/permisosadjuntos?INS,8682933,P,20191029134410,, HTTP/1.1" 200 5979
186.67.172.234 - - [29/Oct/2019:12:53:06 -0300] "POST /cormun/servlet/permisosadjuntos?f3752831f9201f69bc8a0d418ef7b87a,INS,8682933,P,20191029134410,, HTTP/1.1" 200 116
186.67.172.234 - - [29/Oct/2019:12:53:06 -0300] "GET /cormun/servlet/hpexe_return? HTTP/1.1" 200 1037
186.67.172.234 - - [29/Oct/2019:12:53:07 -0300] "GET /cormun/servlet/trpermisosadjuntos?8682933,20191029134410,P, HTTP/1.1" 200 7176
186.67.172.234 - - [29/Oct/2019:12:53:07 -0300] "GET /cormun/servlet/trpermisosadjuntos?8682933,20191029134410,P, HTTP/1.1" 200 7172
186.67.172.234 - - [29/Oct/2019:12:53:09 -0300] "POST /cormun/servlet/trpermisosadjuntos?f3752831f9201f69bc8a0d418ef7b87a,8682933,20191029134410,P,,gx-no-cache=1572364019055 HTTP/1.1" 200 90
186.67.172.234 - - [29/Oct/2019:12:53:09 -0300] "GET /cormun/servlet/hpexe_link HTTP/1.1" 200 982
186.67.172.234 - - [29/Oct/2019:12:53:09 -0300] "GET /cormun/servlet/trpermisosgoce HTTP/1.1" 200 13104
186.67.172.234 - - [29/Oct/2019:12:53:10 -0300] "GET /cormun/servlet/trpermisosgoce HTTP/1.1" 200 13092
186.67.172.234 - - [29/Oct/2019:12:53:15 -0300] "POST /cormun/servlet/trpermisosgoce?f3752831f9201f69bc8a0d418ef7b87a,gx-no-cache=1572364024281 HTTP/1.1" 200 10095
186.67.172.234 - - [29/Oct/2019:12:53:15 -0300] "GET /cormun/static/Shared/jqueryui/images/ui-bg_highlight-soft_100_c6c2c8_1x100.png HTTP/1.1" 404 1117
186.67.172.234 - - [29/Oct/2019:12:53:15 -0300] "GET /cormun/static/Shared/jqueryui/images/ui-icons_82798d_256x240.png HTTP/1.1" 404 1089
186.67.172.234 - - [29/Oct/2019:12:53:15 -0300] "GET /cormun/static/Shared/jqueryui/images/ui-bg_flat_55_fafafa_40x100.png HTTP/1.1" 404 1097
186.67.172.234 - - [29/Oct/2019:12:53:15 -0300] "GET /cormun/static/Shared/jqueryui/images/ui-icons_8d78a5_256x240.png HTTP/1.1" 404 1089
186.67.172.234 - - [29/Oct/2019:12:53:17 -0300] "POST /cormun/servlet/trpermisosgoce?f3752831f9201f69bc8a0d418ef7b87a,gx-no-cache=1572364027047 HTTP/1.1" 200 10099
186.67.172.234 - - [29/Oct/2019:12:53:19 -0300] "POST /cormun/servlet/trpermisosgoce?f3752831f9201f69bc8a0d418ef7b87a,gx-no-cache=1572364028680 HTTP/1.1" 200 10061
186.67.172.234 - - [29/Oct/2019:12:53:22 -0300] "GET /cormun/servlet/trautorizarpermisogoce? HTTP/1.1" 200 8521
186.67.172.234 - - [29/Oct/2019:12:53:22 -0300] "GET /cormun/static/gxcfg.js?20177612165975 HTTP/1.1" 200 953
186.67.172.234 - - [29/Oct/2019:12:53:23 -0300] "GET /cormun/static/trautorizarpermisogoce.js?2017761217384 HTTP/1.1" 200 34948
186.67.172.234 - - [29/Oct/2019:12:53:23 -0300] "GET /cormun/servlet/trautorizarpermisogoce? HTTP/1.1" 200 8521
186.67.172.234 - - [29/Oct/2019:12:53:26 -0300] "POST /cormun/servlet/trautorizarpermisogoce?f3752831f9201f69bc8a0d418ef7b87a,,gx-no-cache=1572364035576 HTTP/1.1" 200 5452
186.67.172.234 - - [29/Oct/2019:12:53:26 -0300] "GET /cormun/static/Shared/jqueryui/images/ui-bg_highlight-soft_100_c6c2c8_1x100.png HTTP/1.1" 404 1117
186.67.172.234 - - [29/Oct/2019:12:53:26 -0300] "GET /cormun/static/Shared/jqueryui/images/ui-icons_82798d_256x240.png HTTP/1.1" 404 1089
186.67.172.234 - - [29/Oct/2019:12:53:26 -0300] "GET /cormun/static/Shared/jqueryui/images/ui-bg_flat_55_fafafa_40x100.png HTTP/1.1" 404 1097
186.67.172.234 - - [29/Oct/2019:12:53:26 -0300] "GET /cormun/static/Shared/jqueryui/images/ui-icons_8d78a5_256x240.png HTTP/1.1" 404 1089
186.67.172.234 - - [29/Oct/2019:12:53:27 -0300] "POST /cormun/servlet/trautorizarpermisogoce?f3752831f9201f69bc8a0d418ef7b87a,,gx-no-cache=1572364036839 HTTP/1.1" 200 5202
186.67.172.234 - - [29/Oct/2019:12:53:28 -0300] "POST /cormun/servlet/trautorizarpermisogoce?f3752831f9201f69bc8a0d418ef7b87a,,gx-no-cache=1572364037983 HTTP/1.1" 200 4440
186.103.159.187 - - [29/Oct/2019:12:54:31 -0300] "GET /cormun/servlet/licenciaspermisos?68dbac1408c27626bea48cd63fc3b0cb2fa32220942c9614190ea4817e6238508c1f420a498184ba28ceaa6267f77261e6844b9324fb823569943b431f251336160e567dbc99252d7e3ceac37a99c662f2cbf9eb8059148eeb781b671a2ee4f6aa67596b31c2abad9968b0c3f4134688ad2ea184d3021a7088dfd5a6919466ef6b36161eb881d588a2ceb59b22f755505d6e10469f9ad7fabf3bdae7c5c8da8199bf1814b50a569622cdb8c8f21833ac5e401534b7286b10daabf07d9c2fd1dddc08f8bc091b921a339db8e007d77fb8b479a9c612919e53f4f43a7a6f8b639a,gx-no-cache=1572364215009 HTTP/1.1" 200 30
186.103.159.187 - - [29/Oct/2019:12:54:31 -0300] "GET /cormun/servlet/licenciaspermisos?68dbac1408c27626bea48cd63fc3b0cb79d15ff8edaa2f8168f1bbd40db8bf445d9a39abf1ef3809450197db7ec78971fa624c86922926ff920d583d25342d27300e14b5afffc5167f98c8f35de2420e4d0a9415038a4fac54d6e3e253d01e8c8154fcfbea12e4b58436dac94802f970fa9f4837ace5e9ff950b3d5a900b51071591da6c510551afaae089812be6167894fdd5bfabb1e64225fe71e38d0b98510375dac1a277ed729248c53d67c8483d442a7dc83b5dbbae3adcfbd26e0934fe0a8faf378dc14733ade8d8e0cfc7e074f43d924b7f3e65e019c5d205e3fc63d8,gx-no-cache=1572364215155 HTTP/1.1" 200 29
186.103.159.187 - - [29/Oct/2019:12:54:31 -0300] "POST /cormun/servlet/licenciaspermisos?faae409855f3f8851834506fd7c53729,INS,0,,,,gx-no-cache=1572364215196 HTTP/1.1" 200 4916
186.103.159.187 - - [29/Oct/2019:12:54:31 -0300] "GET /cormun/static/Shared/jqueryui/images/ui-bg_highlight-soft_100_c6c2c8_1x100.png HTTP/1.1" 404 1117
186.103.159.187 - - [29/Oct/2019:12:54:31 -0300] "GET /cormun/static/Shared/jqueryui/images/ui-bg_flat_55_994d53_40x100.png HTTP/1.1" 404 1097
186.103.159.187 - - [29/Oct/2019:12:54:31 -0300] "GET /cormun/static/Shared/jqueryui/images/ui-icons_82798d_256x240.png HTTP/1.1" 404 1089
186.103.159.187 - - [29/Oct/2019:12:54:31 -0300] "GET /cormun/static/Shared/jqueryui/images/ui-icons_ebccce_256x240.png HTTP/1.1" 404 1089
