190.171.152.234 - - [14/Oct/2019:14:41:27 -0300] "GET /cormun/servlet/trpermisosgoce? HTTP/1.1" 200 10113
190.171.152.234 - - [14/Oct/2019:14:41:28 -0300] "GET /cormun/servlet/trpermisosgoce? HTTP/1.1" 200 10111
190.171.152.234 - - [14/Oct/2019:14:41:34 -0300] "POST /cormun/servlet/trpermisosgoce?f1c2a8ad4e3ecfcdc5b058f320ee3d83,,gx-no-cache=1571074367437 HTTP/1.1" 200 7269
190.171.152.234 - - [14/Oct/2019:14:41:34 -0300] "GET /cormun/static/Shared/jqueryui/images/ui-bg_highlight-soft_100_c6c2c8_1x100.png HTTP/1.1" 404 1117
190.171.152.234 - - [14/Oct/2019:14:41:34 -0300] "GET /cormun/static/Shared/jqueryui/images/ui-icons_82798d_256x240.png HTTP/1.1" 404 1089
190.171.152.234 - - [14/Oct/2019:14:41:34 -0300] "GET /cormun/static/Shared/jqueryui/images/ui-bg_flat_55_fafafa_40x100.png HTTP/1.1" 404 1097
190.171.152.234 - - [14/Oct/2019:14:41:34 -0300] "GET /cormun/static/Shared/jqueryui/images/ui-icons_8d78a5_256x240.png HTTP/1.1" 404 1089
190.171.152.234 - - [14/Oct/2019:14:41:40 -0300] "GET /cormun/servlet/permisogoce?INS,0,,, HTTP/1.1" 200 7215
190.171.152.234 - - [14/Oct/2019:14:41:41 -0300] "GET /cormun/servlet/permisogoce?INS,0,,, HTTP/1.1" 200 7215
190.171.152.234 - - [14/Oct/2019:14:41:57 -0300] "GET /cormun/servlet/permisogoce?1b8e467436b69582c3eef289933e45103177e5e380bc0b7d3c80d5d9bad0f6ef38c92c59a78a51df057b7dac8728cd2df32e02b6affd819aded3100988e772e0,gx-no-cache=1571074390841 HTTP/1.1" 200 82
190.171.152.234 - - [14/Oct/2019:14:42:06 -0300] "GET /cormun/static/menuarrow.gif HTTP/1.1" 404 1015
181.42.11.62 - - [14/Oct/2019:14:42:10 -0300] "GET /cormun/servlet/hlogin HTTP/1.1" 200 1718
181.42.11.62 - - [14/Oct/2019:14:42:10 -0300] "GET /cormun/static/gxtimezone.js?85251 HTTP/1.1" 200 5781
181.42.11.62 - - [14/Oct/2019:14:42:10 -0300] "GET /cormun/static/gxcfg.js?20177612122725 HTTP/1.1" 200 953
181.42.11.62 - - [14/Oct/2019:14:42:10 -0300] "GET /cormun/static/Resources/ComunLogin.png HTTP/1.1" 200 17326
181.42.11.62 - - [14/Oct/2019:14:42:10 -0300] "GET /cormun/static/messages.spa.js?85251 HTTP/1.1" 200 30736
181.42.11.62 - - [14/Oct/2019:14:42:11 -0300] "GET /cormun/static/Resources/Spanish/PXTools.css?1155365 HTTP/1.1" 200 89042
181.42.11.62 - - [14/Oct/2019:14:42:11 -0300] "GET /cormun/static/hlogin.js?20177612122738 HTTP/1.1" 200 2136
181.42.11.62 - - [14/Oct/2019:14:42:11 -0300] "GET /cormun/static/gxgral.js?85251 HTTP/1.1" 200 384558
181.42.11.62 - - [14/Oct/2019:14:42:11 -0300] "GET /cormun/static/Resources/PXToolsLoginTop.png HTTP/1.1" 200 1337
181.42.11.62 - - [14/Oct/2019:14:42:11 -0300] "GET /cormun/static/Resources/PXToolsLoginBackground.png HTTP/1.1" 200 1164
181.42.11.62 - - [14/Oct/2019:14:42:11 -0300] "GET /cormun/static/Resources/PXToolsButtonLeft21.png HTTP/1.1" 200 1287
181.42.11.62 - - [14/Oct/2019:14:42:11 -0300] "GET /cormun/static/Resources/PXToolsButtonRight21.png HTTP/1.1" 200 1283
181.42.11.62 - - [14/Oct/2019:14:42:11 -0300] "GET /cormun/static/Resources/PXToolsButtonBackground2.png HTTP/1.1" 200 1181
181.42.11.62 - - [14/Oct/2019:14:42:11 -0300] "GET /cormun/static/Resources/PXToolsLoginBottom.png HTTP/1.1" 200 1389
181.42.11.62 - - [14/Oct/2019:14:42:11 -0300] "GET /cormun/servlet/hlogin HTTP/1.1" 200 1724
181.42.11.62 - - [14/Oct/2019:14:42:11 -0300] "GET /cormun/static/Resources/indicator.gif HTTP/1.1" 200 1553
181.42.11.62 - - [14/Oct/2019:14:42:12 -0300] "GET /favicon.ico HTTP/1.1" 200 21630
190.171.152.234 - - [14/Oct/2019:14:42:12 -0300] "GET /cormun/servlet/permisogoce?1b8e467436b69582c3eef289933e45103a540da016b5b7df4fcc5623c6847090d36c0e84b48df7e8ea01a6dc7bdf00711c8d36ccf7bf2de266323bb78adcaaa0,gx-no-cache=1571074406259 HTTP/1.1" 200 48
190.171.152.234 - - [14/Oct/2019:14:42:19 -0300] "POST /cormun/servlet/permisogoce?f1c2a8ad4e3ecfcdc5b058f320ee3d83,INS,0,,,,gx-no-cache=1571074412167 HTTP/1.1" 200 93
190.171.152.234 - - [14/Oct/2019:14:42:19 -0300] "GET /cormun/servlet/hpexe_return? HTTP/1.1" 200 1014
190.171.152.234 - - [14/Oct/2019:14:42:19 -0300] "GET /cormun/servlet/trpermisosgoce? HTTP/1.1" 200 10348
190.171.152.234 - - [14/Oct/2019:14:42:19 -0300] "GET /cormun/servlet/trpermisosgoce? HTTP/1.1" 200 10395
190.171.152.234 - - [14/Oct/2019:14:42:24 -0300] "GET /cormun/servlet/trpermisosadjuntos?13945939,20191014153428,P, HTTP/1.1" 200 6662
190.171.152.234 - - [14/Oct/2019:14:42:24 -0300] "GET /cormun/servlet/trpermisosadjuntos?13945939,20191014153428,P, HTTP/1.1" 200 6663
190.171.152.234 - - [14/Oct/2019:14:42:27 -0300] "GET /cormun/servlet/permisosadjuntos?INS,13945939,P,20191014153428,, HTTP/1.1" 200 5994
190.171.152.234 - - [14/Oct/2019:14:42:27 -0300] "GET /cormun/static/about:blank HTTP/1.1" 404 1011
190.171.152.234 - - [14/Oct/2019:14:42:27 -0300] "GET /cormun/servlet/permisosadjuntos?INS,13945939,P,20191014153428,, HTTP/1.1" 200 5984
181.42.11.62 - - [14/Oct/2019:14:42:39 -0300] "POST /cormun/servlet/hlogin?f4986e0016888e0cef9aa1d670a4f170,gx-no-cache=1571074632059 HTTP/1.1" 200 444
190.171.152.234 - - [14/Oct/2019:14:42:42 -0300] "POST /cormun/servlet/permisosadjuntos?f1c2a8ad4e3ecfcdc5b058f320ee3d83,INS,13945939,P,20191014153428,, HTTP/1.1" 200 116
190.171.152.234 - - [14/Oct/2019:14:42:42 -0300] "GET /cormun/servlet/hpexe_return? HTTP/1.1" 200 1040
190.171.152.234 - - [14/Oct/2019:14:42:43 -0300] "GET /cormun/servlet/trpermisosadjuntos?13945939,20191014153428,P, HTTP/1.1" 200 7152
190.171.152.234 - - [14/Oct/2019:14:42:43 -0300] "GET /cormun/servlet/trpermisosadjuntos?13945939,20191014153428,P, HTTP/1.1" 200 7148
190.171.152.234 - - [14/Oct/2019:14:42:46 -0300] "GET /cormun/servlet/trpermisosgoce? HTTP/1.1" 200 10391
190.171.152.234 - - [14/Oct/2019:14:42:46 -0300] "GET /cormun/servlet/trpermisosgoce? HTTP/1.1" 200 10349
190.171.152.234 - - [14/Oct/2019:14:42:51 -0300] "POST /cormun/servlet/trpermisosgoce?f1c2a8ad4e3ecfcdc5b058f320ee3d83,,gx-no-cache=1571074444200 HTTP/1.1" 200 7483
190.171.152.234 - - [14/Oct/2019:14:42:51 -0300] "GET /cormun/static/Shared/jqueryui/images/ui-icons_82798d_256x240.png HTTP/1.1" 404 1089
190.171.152.234 - - [14/Oct/2019:14:42:51 -0300] "GET /cormun/static/Shared/jqueryui/images/ui-bg_highlight-soft_100_c6c2c8_1x100.png HTTP/1.1" 404 1117
190.171.152.234 - - [14/Oct/2019:14:42:51 -0300] "GET /cormun/static/Shared/jqueryui/images/ui-bg_flat_55_fafafa_40x100.png HTTP/1.1" 404 1097
190.171.152.234 - - [14/Oct/2019:14:42:51 -0300] "GET /cormun/static/Shared/jqueryui/images/ui-icons_8d78a5_256x240.png HTTP/1.1" 404 1089
190.171.152.234 - - [14/Oct/2019:14:42:54 -0300] "GET /cormun/servlet/trautorizarpermisogoce? HTTP/1.1" 200 9926
190.171.152.234 - - [14/Oct/2019:14:42:55 -0300] "GET /cormun/servlet/trautorizarpermisogoce? HTTP/1.1" 200 9926
181.42.11.62 - - [14/Oct/2019:14:43:08 -0300] "POST /cormun/servlet/hlogin?f4986e0016888e0cef9aa1d670a4f170,gx-no-cache=1571074661440 HTTP/1.1" 200 439
181.42.11.62 - - [14/Oct/2019:14:43:11 -0300] "POST /cormun/servlet/hlogin?f4986e0016888e0cef9aa1d670a4f170,gx-no-cache=1571074664182 HTTP/1.1" 200 438
190.171.152.234 - - [14/Oct/2019:14:44:56 -0300] "POST /cormun/servlet/trautorizarpermisogoce?f1c2a8ad4e3ecfcdc5b058f320ee3d83,,gx-no-cache=1571074569711 HTTP/1.1" 200 6906
190.171.152.234 - - [14/Oct/2019:14:44:56 -0300] "GET /cormun/static/Shared/jqueryui/images/ui-bg_highlight-soft_100_c6c2c8_1x100.png HTTP/1.1" 404 1117
190.171.152.234 - - [14/Oct/2019:14:44:56 -0300] "GET /cormun/static/Shared/jqueryui/images/ui-icons_82798d_256x240.png HTTP/1.1" 404 1089
190.171.152.234 - - [14/Oct/2019:14:44:56 -0300] "GET /cormun/static/Shared/jqueryui/images/ui-bg_flat_55_fafafa_40x100.png HTTP/1.1" 404 1097
190.171.152.234 - - [14/Oct/2019:14:44:56 -0300] "GET /cormun/static/Shared/jqueryui/images/ui-icons_8d78a5_256x240.png HTTP/1.1" 404 1089
190.171.152.234 - - [14/Oct/2019:14:44:57 -0300] "POST /cormun/servlet/trautorizarpermisogoce?f1c2a8ad4e3ecfcdc5b058f320ee3d83,,gx-no-cache=1571074570741 HTTP/1.1" 200 6695
190.171.152.234 - - [14/Oct/2019:14:44:58 -0300] "POST /cormun/servlet/trautorizarpermisogoce?f1c2a8ad4e3ecfcdc5b058f320ee3d83,,gx-no-cache=1571074571597 HTTP/1.1" 200 6477
190.171.152.234 - - [14/Oct/2019:14:44:59 -0300] "POST /cormun/servlet/trautorizarpermisogoce?f1c2a8ad4e3ecfcdc5b058f320ee3d83,,gx-no-cache=1571074572486 HTTP/1.1" 200 6113
190.171.152.234 - - [14/Oct/2019:14:45:00 -0300] "POST /cormun/servlet/trautorizarpermisogoce?f1c2a8ad4e3ecfcdc5b058f320ee3d83,,gx-no-cache=1571074573573 HTTP/1.1" 200 5890
190.171.152.234 - - [14/Oct/2019:14:45:01 -0300] "POST /cormun/servlet/trautorizarpermisogoce?f1c2a8ad4e3ecfcdc5b058f320ee3d83,,gx-no-cache=1571074574652 HTTP/1.1" 200 5671
190.171.152.234 - - [14/Oct/2019:14:45:02 -0300] "POST /cormun/servlet/trautorizarpermisogoce?f1c2a8ad4e3ecfcdc5b058f320ee3d83,,gx-no-cache=1571074575587 HTTP/1.1" 200 5451
190.171.152.234 - - [14/Oct/2019:14:45:03 -0300] "POST /cormun/servlet/trautorizarpermisogoce?f1c2a8ad4e3ecfcdc5b058f320ee3d83,,gx-no-cache=1571074576340 HTTP/1.1" 200 5194
190.171.152.234 - - [14/Oct/2019:14:45:04 -0300] "POST /cormun/servlet/trautorizarpermisogoce?f1c2a8ad4e3ecfcdc5b058f320ee3d83,,gx-no-cache=1571074577475 HTTP/1.1" 200 4439
181.42.11.62 - - [14/Oct/2019:14:45:27 -0300] "GET /cormun/servlet/hlogin HTTP/1.1" 200 1718
181.42.11.62 - - [14/Oct/2019:14:45:44 -0300] "POST /cormun/servlet/hlogin?f4986e0016888e0cef9aa1d670a4f170,gx-no-cache=1571074817557 HTTP/1.1" 200 428
181.42.11.62 - - [14/Oct/2019:14:45:49 -0300] "POST /cormun/servlet/hlogin?f4986e0016888e0cef9aa1d670a4f170,gx-no-cache=1571074822642 HTTP/1.1" 200 425
181.42.11.62 - - [14/Oct/2019:14:46:24 -0300] "POST /cormun/servlet/hlogin?f4986e0016888e0cef9aa1d670a4f170,gx-no-cache=1571074857648 HTTP/1.1" 200 430
181.42.11.62 - - [14/Oct/2019:14:46:45 -0300] "POST /cormun/servlet/hlogin?f4986e0016888e0cef9aa1d670a4f170,gx-no-cache=1571074878907 HTTP/1.1" 200 428
190.171.142.42 - - [14/Oct/2019:14:51:13 -0300] "GET /cormun/servlet/hlogin HTTP/1.1" 200 1723
190.171.152.234 - - [14/Oct/2019:14:51:49 -0300] "GET /cormun/servlet/trpermisosgoce? HTTP/1.1" 200 10318
190.171.152.234 - - [14/Oct/2019:14:51:50 -0300] "GET /cormun/servlet/trpermisosgoce? HTTP/1.1" 200 10314
190.171.141.138 - - [14/Oct/2019:14:51:58 -0300] "GET /cormun/servlet/hlogin HTTP/1.1" 200 1720
190.171.141.138 - - [14/Oct/2019:14:52:01 -0300] "POST /cormun/servlet/hlogin?47fe6bc9e08dab1f051aad2ba8e54cbd,gx-no-cache=1571075195201 HTTP/1.1" 200 90
190.171.141.138 - - [14/Oct/2019:14:52:01 -0300] "GET /cormun/servlet/hpexe_link HTTP/1.1" 200 952
190.171.141.138 - - [14/Oct/2019:14:52:01 -0300] "GET /cormun/servlet/hhome HTTP/1.1" 200 4463
190.171.141.138 - - [14/Oct/2019:14:52:01 -0300] "GET /cormun/static/PXToolsJavascripts/pexe_layers.js HTTP/1.1" 304 -
190.171.141.138 - - [14/Oct/2019:14:52:02 -0300] "GET /cormun/servlet/hhome HTTP/1.1" 200 4459
190.171.141.138 - - [14/Oct/2019:14:52:05 -0300] "GET /cormun/servlet/trlicencias? HTTP/1.1" 200 14539
190.171.141.138 - - [14/Oct/2019:14:52:05 -0300] "GET /cormun/static/Shared/ext/resources/themes/images/default/panel/bg-headersPanel.png HTTP/1.1" 304 -
190.171.141.138 - - [14/Oct/2019:14:52:05 -0300] "GET /cormun/servlet/trlicencias? HTTP/1.1" 200 14545
190.171.152.234 - - [14/Oct/2019:14:56:49 -0300] "GET /cormun/servlet/hlogin HTTP/1.1" 200 1729
190.171.152.234 - - [14/Oct/2019:14:56:59 -0300] "POST /cormun/servlet/hlogin?f1c2a8ad4e3ecfcdc5b058f320ee3d83,gx-no-cache=1571075292889 HTTP/1.1" 200 90
190.171.152.234 - - [14/Oct/2019:14:56:59 -0300] "GET /cormun/servlet/hpexe_link HTTP/1.1" 200 959
190.171.152.234 - - [14/Oct/2019:14:56:59 -0300] "GET /cormun/servlet/trpermisosgoce HTTP/1.1" 200 10319
190.171.152.234 - - [14/Oct/2019:14:57:00 -0300] "GET /cormun/servlet/trpermisosgoce HTTP/1.1" 200 10315
190.171.152.234 - - [14/Oct/2019:14:57:15 -0300] "GET /cormun/static/menuarrow.gif HTTP/1.1" 404 1015
190.171.152.234 - - [14/Oct/2019:14:57:29 -0300] "POST /cormun/servlet/trpermisosgoce?f1c2a8ad4e3ecfcdc5b058f320ee3d83,gx-no-cache=1571075322682 HTTP/1.1" 200 5831
190.171.152.234 - - [14/Oct/2019:14:59:31 -0300] "GET /cormun/servlet/trpermisosadjuntos?19020948,20190606083153,P, HTTP/1.1" 200 7157
190.171.152.234 - - [14/Oct/2019:14:59:31 -0300] "GET /cormun/servlet/trpermisosadjuntos?19020948,20190606083153,P, HTTP/1.1" 200 7156
190.171.152.234 - - [14/Oct/2019:14:59:33 -0300] "GET /cormun/PublicTempStorage/1._15_mayo2751049.pdf HTTP/1.1" 200 391089
190.171.152.234 - - [14/Oct/2019:14:59:44 -0300] "GET /cormun/servlet/hlogin HTTP/1.1" 200 1729
190.171.152.234 - - [14/Oct/2019:14:59:54 -0300] "POST /cormun/servlet/hlogin?f1c2a8ad4e3ecfcdc5b058f320ee3d83,gx-no-cache=1571075468233 HTTP/1.1" 200 90
190.171.152.234 - - [14/Oct/2019:14:59:54 -0300] "GET /cormun/servlet/hpexe_link HTTP/1.1" 200 986
190.171.152.234 - - [14/Oct/2019:14:59:55 -0300] "GET /cormun/servlet/trpermisosadjuntos?19020948,20190606083153,P, HTTP/1.1" 200 7158
190.171.152.234 - - [14/Oct/2019:14:59:55 -0300] "GET /cormun/servlet/trpermisosadjuntos?19020948,20190606083153,P, HTTP/1.1" 200 7157
190.171.152.234 - - [14/Oct/2019:15:00:02 -0300] "GET /cormun/servlet/hlogin HTTP/1.1" 200 1729
190.171.152.234 - - [14/Oct/2019:15:00:15 -0300] "POST /cormun/servlet/hlogin?f1c2a8ad4e3ecfcdc5b058f320ee3d83,gx-no-cache=1571075489030 HTTP/1.1" 200 90
190.171.152.234 - - [14/Oct/2019:15:00:15 -0300] "GET /cormun/servlet/hpexe_link HTTP/1.1" 200 986
190.171.152.234 - - [14/Oct/2019:15:00:15 -0300] "GET /cormun/servlet/trpermisosadjuntos?19020948,20190606083153,P, HTTP/1.1" 200 7158
190.171.152.234 - - [14/Oct/2019:15:00:16 -0300] "GET /cormun/servlet/trpermisosadjuntos?19020948,20190606083153,P, HTTP/1.1" 200 7157
190.171.152.234 - - [14/Oct/2019:15:00:29 -0300] "GET /cormun/servlet/trpermisosgoce? HTTP/1.1" 200 8726
190.171.152.234 - - [14/Oct/2019:15:00:30 -0300] "GET /cormun/servlet/trpermisosgoce? HTTP/1.1" 200 8725
190.171.152.234 - - [14/Oct/2019:15:00:42 -0300] "GET /cormun/servlet/trpermisosadjuntos?19020948,20190606083424,P, HTTP/1.1" 200 7158
190.171.152.234 - - [14/Oct/2019:15:00:43 -0300] "GET /cormun/servlet/trpermisosadjuntos?19020948,20190606083424,P, HTTP/1.1" 200 7159
190.171.152.234 - - [14/Oct/2019:15:00:45 -0300] "GET /cormun/PublicTempStorage/2._31_mayo5614390.pdf HTTP/1.1" 200 379858
190.171.152.234 - - [14/Oct/2019:15:01:12 -0300] "GET /cormun/servlet/hlogin HTTP/1.1" 200 1729
190.171.152.234 - - [14/Oct/2019:15:01:22 -0300] "POST /cormun/servlet/hlogin?f1c2a8ad4e3ecfcdc5b058f320ee3d83,gx-no-cache=1571075556105 HTTP/1.1" 200 90
190.171.152.234 - - [14/Oct/2019:15:01:22 -0300] "GET /cormun/servlet/hpexe_link HTTP/1.1" 200 986
190.171.152.234 - - [14/Oct/2019:15:01:23 -0300] "GET /cormun/servlet/trpermisosadjuntos?19020948,20190606083424,P, HTTP/1.1" 200 7160
190.171.152.234 - - [14/Oct/2019:15:01:23 -0300] "GET /cormun/servlet/trpermisosadjuntos?19020948,20190606083424,P, HTTP/1.1" 200 7159
190.171.152.234 - - [14/Oct/2019:15:01:26 -0300] "GET /cormun/servlet/trpermisosgoce? HTTP/1.1" 200 8726
190.171.152.234 - - [14/Oct/2019:15:01:26 -0300] "GET /cormun/servlet/trpermisosgoce? HTTP/1.1" 200 8725
190.171.152.234 - - [14/Oct/2019:15:01:39 -0300] "GET /cormun/servlet/trpermisosadjuntos?19020948,20190606083424,P, HTTP/1.1" 200 7159
190.171.152.234 - - [14/Oct/2019:15:01:40 -0300] "GET /cormun/servlet/trpermisosadjuntos?19020948,20190606083424,P, HTTP/1.1" 200 7159
190.171.152.234 - - [14/Oct/2019:15:01:42 -0300] "GET /cormun/PublicTempStorage/2._31_mayo1754392.pdf HTTP/1.1" 200 379858
190.171.152.234 - - [14/Oct/2019:15:01:48 -0300] "GET /cormun/servlet/trpermisosadjuntos?19020948,20190606083424,P, HTTP/1.1" 200 7159
190.171.152.234 - - [14/Oct/2019:15:01:48 -0300] "GET /cormun/servlet/trpermisosadjuntos?19020948,20190606083424,P, HTTP/1.1" 200 7159
190.171.152.234 - - [14/Oct/2019:15:01:50 -0300] "GET /cormun/servlet/trpermisosgoce? HTTP/1.1" 200 8726
190.171.152.234 - - [14/Oct/2019:15:01:51 -0300] "GET /cormun/servlet/trpermisosgoce? HTTP/1.1" 200 8725
200.54.103.162 - - [14/Oct/2019:15:01:59 -0300] "POST /cormun/servlet/trlicencias?dac0cebbd422487b66edebf48bda371d,,gx-no-cache=1571075792878 HTTP/1.1" 440 972
200.54.103.162 - - [14/Oct/2019:15:02:01 -0300] "GET /cormun/servlet/trlicencias? HTTP/1.1" 200 6128
200.54.103.162 - - [14/Oct/2019:15:02:02 -0300] "GET /cormun/servlet/hlogin HTTP/1.1" 200 1738
200.54.103.162 - - [14/Oct/2019:15:02:02 -0300] "GET /cormun/servlet/trlicencias? HTTP/1.1" 200 6128
190.171.152.234 - - [14/Oct/2019:15:02:09 -0300] "GET /cormun/servlet/trpermisosadjuntos?19020948,20190725153556,P, HTTP/1.1" 200 7156
190.171.152.234 - - [14/Oct/2019:15:02:09 -0300] "GET /cormun/servlet/trpermisosadjuntos?19020948,20190725153556,P, HTTP/1.1" 200 7157
200.54.103.162 - - [14/Oct/2019:15:02:11 -0300] "POST /cormun/servlet/hlogin?1ac40ef551189f7b6c1a0499bca3be0e,gx-no-cache=1571075805179 HTTP/1.1" 200 90
200.54.103.162 - - [14/Oct/2019:15:02:11 -0300] "GET /cormun/servlet/hpexe_link HTTP/1.1" 200 955
190.171.152.234 - - [14/Oct/2019:15:02:11 -0300] "GET /cormun/PublicTempStorage/img0055504881.pdf HTTP/1.1" 200 586442
200.54.103.162 - - [14/Oct/2019:15:02:11 -0300] "GET /cormun/servlet/trlicencias HTTP/1.1" 200 14821
200.54.103.162 - - [14/Oct/2019:15:02:12 -0300] "GET /cormun/servlet/trlicencias HTTP/1.1" 200 14819
190.161.236.100 - - [14/Oct/2019:15:02:14 -0300] "GET /cormun/servlet/hlogin HTTP/1.1" 200 1722
190.161.236.100 - - [14/Oct/2019:15:02:14 -0300] "GET /cormun/static/gxtimezone.js?85251 HTTP/1.1" 200 5781
190.161.236.100 - - [14/Oct/2019:15:02:15 -0300] "GET /cormun/static/gxcfg.js?20177612122725 HTTP/1.1" 200 953
190.161.236.100 - - [14/Oct/2019:15:02:15 -0300] "GET /cormun/static/Resources/Spanish/PXTools.css?1155365 HTTP/1.1" 200 89042
190.161.236.100 - - [14/Oct/2019:15:02:15 -0300] "GET /cormun/static/messages.spa.js?85251 HTTP/1.1" 200 30736
190.161.236.100 - - [14/Oct/2019:15:02:15 -0300] "GET /cormun/static/Resources/ComunLogin.png HTTP/1.1" 200 17326
190.161.236.100 - - [14/Oct/2019:15:02:15 -0300] "GET /cormun/static/hlogin.js?20177612122738 HTTP/1.1" 200 2136
190.161.236.100 - - [14/Oct/2019:15:02:15 -0300] "GET /cormun/static/gxgral.js?85251 HTTP/1.1" 200 384558
190.161.236.100 - - [14/Oct/2019:15:02:15 -0300] "GET /cormun/static/Resources/PXToolsLoginTop.png HTTP/1.1" 200 1337
190.161.236.100 - - [14/Oct/2019:15:02:15 -0300] "GET /cormun/static/Resources/PXToolsLoginBackground.png HTTP/1.1" 200 1164
190.161.236.100 - - [14/Oct/2019:15:02:15 -0300] "GET /cormun/static/Resources/PXToolsButtonLeft21.png HTTP/1.1" 200 1287
190.161.236.100 - - [14/Oct/2019:15:02:15 -0300] "GET /cormun/static/Resources/PXToolsButtonRight21.png HTTP/1.1" 200 1283
190.161.236.100 - - [14/Oct/2019:15:02:15 -0300] "GET /cormun/static/Resources/PXToolsLoginBottom.png HTTP/1.1" 200 1389
190.161.236.100 - - [14/Oct/2019:15:02:15 -0300] "GET /cormun/static/Resources/PXToolsButtonBackground2.png HTTP/1.1" 200 1181
190.161.236.100 - - [14/Oct/2019:15:02:15 -0300] "GET /cormun/static/Resources/indicator.gif HTTP/1.1" 200 1553
190.161.236.100 - - [14/Oct/2019:15:02:15 -0300] "GET /cormun/servlet/hlogin HTTP/1.1" 200 1730
190.161.236.100 - - [14/Oct/2019:15:02:15 -0300] "GET /favicon.ico HTTP/1.1" 200 21630
190.171.152.234 - - [14/Oct/2019:15:02:22 -0300] "GET /cormun/servlet/trpermisosadjuntos?19020948,20190725153556,P, HTTP/1.1" 200 7155
190.171.152.234 - - [14/Oct/2019:15:02:23 -0300] "GET /cormun/servlet/trpermisosadjuntos?19020948,20190725153556,P, HTTP/1.1" 200 7156
190.171.152.234 - - [14/Oct/2019:15:02:26 -0300] "GET /cormun/servlet/trpermisosgoce? HTTP/1.1" 200 8726
190.171.152.234 - - [14/Oct/2019:15:02:26 -0300] "GET /cormun/servlet/trpermisosgoce? HTTP/1.1" 200 8725
190.171.152.234 - - [14/Oct/2019:15:02:43 -0300] "GET /cormun/servlet/trpermisosadjuntos?19020948,20190725153556,P, HTTP/1.1" 200 7154
190.171.152.234 - - [14/Oct/2019:15:02:44 -0300] "GET /cormun/servlet/trpermisosadjuntos?19020948,20190725153556,P, HTTP/1.1" 200 7156
190.171.152.234 - - [14/Oct/2019:15:02:46 -0300] "GET /cormun/PublicTempStorage/img005805159.pdf HTTP/1.1" 200 586442
190.171.152.234 - - [14/Oct/2019:15:02:56 -0300] "GET /cormun/servlet/trpermisosadjuntos?19020948,20190725153556,P, HTTP/1.1" 200 7156
190.171.152.234 - - [14/Oct/2019:15:02:56 -0300] "GET /cormun/servlet/trpermisosadjuntos?19020948,20190725153556,P, HTTP/1.1" 200 7156
190.171.152.234 - - [14/Oct/2019:15:02:58 -0300] "GET /cormun/servlet/trpermisosgoce? HTTP/1.1" 200 8726
190.171.152.234 - - [14/Oct/2019:15:02:58 -0300] "GET /cormun/servlet/trpermisosgoce? HTTP/1.1" 200 8725
190.171.152.234 - - [14/Oct/2019:15:05:12 -0300] "GET /cormun/servlet/trpermisosadjuntos?19020948,20190606083424,P, HTTP/1.1" 200 7159
190.171.152.234 - - [14/Oct/2019:15:05:13 -0300] "GET /cormun/servlet/trpermisosadjuntos?19020948,20190606083424,P, HTTP/1.1" 200 7159
190.171.152.234 - - [14/Oct/2019:15:05:15 -0300] "GET /cormun/PublicTempStorage/2._31_mayo1899092.pdf HTTP/1.1" 200 379858
190.171.152.234 - - [14/Oct/2019:15:05:25 -0300] "GET /cormun/servlet/trpermisosadjuntos?19020948,20190606083424,P, HTTP/1.1" 200 7157
190.171.152.234 - - [14/Oct/2019:15:05:25 -0300] "GET /cormun/servlet/trpermisosadjuntos?19020948,20190606083424,P, HTTP/1.1" 200 7159
190.171.152.234 - - [14/Oct/2019:15:05:27 -0300] "GET /cormun/servlet/trpermisosgoce? HTTP/1.1" 200 8726
190.171.152.234 - - [14/Oct/2019:15:05:27 -0300] "GET /cormun/servlet/trpermisosgoce? HTTP/1.1" 200 8725
190.171.152.234 - - [14/Oct/2019:15:08:04 -0300] "POST /cormun/servlet/trpermisosgoce?f1c2a8ad4e3ecfcdc5b058f320ee3d83,,gx-no-cache=1571075957568 HTTP/1.1" 200 5861
190.171.152.234 - - [14/Oct/2019:15:08:48 -0300] "GET /cormun/servlet/trlicencias? HTTP/1.1" 200 10570
190.171.152.234 - - [14/Oct/2019:15:08:49 -0300] "GET /cormun/servlet/trlicencias? HTTP/1.1" 200 10569
190.171.152.234 - - [14/Oct/2019:15:16:07 -0300] "GET /cormun/servlet/trpermisosgoce? HTTP/1.1" 200 8741
190.171.152.234 - - [14/Oct/2019:15:16:09 -0300] "GET /cormun/servlet/trpermisosgoce? HTTP/1.1" 200 8741
190.171.152.234 - - [14/Oct/2019:15:16:40 -0300] "POST /cormun/servlet/trpermisosgoce?f1c2a8ad4e3ecfcdc5b058f320ee3d83,,gx-no-cache=1571076473662 HTTP/1.1" 200 5658
190.171.152.234 - - [14/Oct/2019:15:17:59 -0300] "POST /cormun/servlet/trpermisosgoce?f1c2a8ad4e3ecfcdc5b058f320ee3d83,,gx-no-cache=1571076552330 HTTP/1.1" 200 5857
190.171.141.122 - - [14/Oct/2019:15:19:16 -0300] "GET /cormun/servlet/hlogin HTTP/1.1" 200 1722
190.171.141.122 - - [14/Oct/2019:15:19:22 -0300] "POST /cormun/servlet/hlogin?dcc23e4c4ff6dce4baf2bcb88a6d9c59,gx-no-cache=1571076835625 HTTP/1.1" 200 90
190.171.141.122 - - [14/Oct/2019:15:19:22 -0300] "GET /cormun/servlet/hpexe_link HTTP/1.1" 200 950
190.171.141.122 - - [14/Oct/2019:15:19:22 -0300] "GET /cormun/servlet/hhome HTTP/1.1" 200 4336
190.171.141.122 - - [14/Oct/2019:15:19:23 -0300] "GET /cormun/servlet/hhome HTTP/1.1" 200 4331
190.171.141.122 - - [14/Oct/2019:15:19:30 -0300] "GET /cormun/servlet/trpermisosingoce? HTTP/1.1" 200 8643
190.171.141.122 - - [14/Oct/2019:15:19:30 -0300] "GET /cormun/servlet/trpermisosingoce? HTTP/1.1" 200 8641
190.171.152.234 - - [14/Oct/2019:15:19:34 -0300] "POST /cormun/servlet/trpermisosgoce?f1c2a8ad4e3ecfcdc5b058f320ee3d83,,gx-no-cache=1571076647618 HTTP/1.1" 200 5659
190.171.141.122 - - [14/Oct/2019:15:19:35 -0300] "GET /cormun/servlet/trpermisosingoceadjunto?450,17134154, HTTP/1.1" 200 6441
190.171.141.122 - - [14/Oct/2019:15:19:35 -0300] "GET /cormun/servlet/trpermisosingoceadjunto?450,17134154, HTTP/1.1" 200 6441
190.171.141.122 - - [14/Oct/2019:15:19:37 -0300] "GET /cormun/servlet/permisosingoceadjunto?INS,450,, HTTP/1.1" 200 5747
190.171.141.122 - - [14/Oct/2019:15:19:37 -0300] "GET /cormun/static/about:blank HTTP/1.1" 404 1011
190.171.141.122 - - [14/Oct/2019:15:19:38 -0300] "GET /cormun/servlet/permisosingoceadjunto?INS,450,, HTTP/1.1" 200 5733
190.171.141.122 - - [14/Oct/2019:15:19:38 -0300] "GET /cormun/servlet/permisosingoceadjunto?de5594f47aa9d3dbc7cca18e711e12e4b258dedbebd434f65b3f50e78a7df4d4,gx-no-cache=1571076852055 HTTP/1.1" 200 26
190.171.152.234 - - [14/Oct/2019:15:19:49 -0300] "POST /cormun/servlet/trpermisosgoce?f1c2a8ad4e3ecfcdc5b058f320ee3d83,,gx-no-cache=1571076662988 HTTP/1.1" 200 5492
190.171.141.122 - - [14/Oct/2019:15:19:54 -0300] "POST /cormun/servlet/permisosingoceadjunto?dcc23e4c4ff6dce4baf2bcb88a6d9c59,INS,450,, HTTP/1.1" 200 116
190.171.141.122 - - [14/Oct/2019:15:19:54 -0300] "GET /cormun/servlet/hpexe_return? HTTP/1.1" 200 1027
190.171.141.122 - - [14/Oct/2019:15:19:54 -0300] "GET /cormun/servlet/trpermisosingoceadjunto?450,17134154, HTTP/1.1" 200 6872
190.171.141.122 - - [14/Oct/2019:15:19:55 -0300] "GET /cormun/servlet/trpermisosingoceadjunto?450,17134154, HTTP/1.1" 200 6870
190.171.141.122 - - [14/Oct/2019:15:19:57 -0300] "POST /cormun/servlet/trpermisosingoceadjunto?dcc23e4c4ff6dce4baf2bcb88a6d9c59,450,17134154,,gx-no-cache=1571076870690 HTTP/1.1" 200 90
190.171.141.122 - - [14/Oct/2019:15:19:57 -0300] "GET /cormun/servlet/hpexe_link HTTP/1.1" 200 975
190.171.141.122 - - [14/Oct/2019:15:19:58 -0300] "GET /cormun/servlet/trpermisosingoce HTTP/1.1" 200 8642
190.171.141.122 - - [14/Oct/2019:15:19:58 -0300] "GET /cormun/servlet/trpermisosingoce HTTP/1.1" 200 8641
190.171.141.122 - - [14/Oct/2019:15:20:03 -0300] "POST /cormun/servlet/trpermisosingoce?dcc23e4c4ff6dce4baf2bcb88a6d9c59,gx-no-cache=1571076876249 HTTP/1.1" 200 5785
190.171.141.122 - - [14/Oct/2019:15:20:03 -0300] "GET /cormun/static/Shared/jqueryui/images/ui-bg_highlight-soft_100_c6c2c8_1x100.png HTTP/1.1" 404 1117
190.171.141.122 - - [14/Oct/2019:15:20:03 -0300] "GET /cormun/static/Shared/jqueryui/images/ui-icons_82798d_256x240.png HTTP/1.1" 404 1089
190.171.141.122 - - [14/Oct/2019:15:20:03 -0300] "GET /cormun/static/Shared/jqueryui/images/ui-bg_flat_55_fafafa_40x100.png HTTP/1.1" 404 1097
190.171.141.122 - - [14/Oct/2019:15:20:03 -0300] "GET /cormun/static/Shared/jqueryui/images/ui-icons_8d78a5_256x240.png HTTP/1.1" 404 1089
190.171.141.122 - - [14/Oct/2019:15:20:06 -0300] "GET /cormun/servlet/trpermisosingoceautorizar? HTTP/1.1" 200 7887
190.171.141.122 - - [14/Oct/2019:15:20:07 -0300] "GET /cormun/servlet/trpermisosingoceautorizar? HTTP/1.1" 200 7887
190.171.141.122 - - [14/Oct/2019:15:20:14 -0300] "POST /cormun/servlet/trpermisosingoceautorizar?dcc23e4c4ff6dce4baf2bcb88a6d9c59,,gx-no-cache=1571076887617 HTTP/1.1" 200 4375
190.171.141.122 - - [14/Oct/2019:15:20:14 -0300] "GET /cormun/static/Shared/jqueryui/images/ui-icons_82798d_256x240.png HTTP/1.1" 404 1089
190.171.141.122 - - [14/Oct/2019:15:20:14 -0300] "GET /cormun/static/Shared/jqueryui/images/ui-bg_highlight-soft_100_c6c2c8_1x100.png HTTP/1.1" 404 1117
190.171.141.122 - - [14/Oct/2019:15:20:14 -0300] "GET /cormun/static/Shared/jqueryui/images/ui-bg_flat_55_fafafa_40x100.png HTTP/1.1" 404 1097
190.171.141.122 - - [14/Oct/2019:15:20:14 -0300] "GET /cormun/static/Shared/jqueryui/images/ui-icons_8d78a5_256x240.png HTTP/1.1" 404 1089
190.171.149.74 - - [14/Oct/2019:15:20:21 -0300] "POST /cormun/servlet/trlicencias?d9ee7ad46e80f8f54933e244921c845e,,gx-no-cache=1571076894442 HTTP/1.1" 440 972
190.171.141.122 - - [14/Oct/2019:15:20:21 -0300] "GET /cormun/servlet/trpermisosingoce? HTTP/1.1" 200 8604
190.171.141.122 - - [14/Oct/2019:15:20:22 -0300] "GET /cormun/servlet/trpermisosingoce? HTTP/1.1" 200 8604
190.171.149.74 - - [14/Oct/2019:15:20:23 -0300] "GET /cormun/servlet/trlicencias? HTTP/1.1" 200 6129
190.171.149.74 - - [14/Oct/2019:15:20:26 -0300] "GET /cormun/servlet/hlogin HTTP/1.1" 200 1738
190.171.149.74 - - [14/Oct/2019:15:20:26 -0300] "GET /cormun/servlet/trlicencias? HTTP/1.1" 200 6129
190.171.149.74 - - [14/Oct/2019:15:20:33 -0300] "POST /cormun/servlet/hlogin?8bf14b6584db116a08fb841762d8119f,gx-no-cache=1571076906728 HTTP/1.1" 200 90
190.171.149.74 - - [14/Oct/2019:15:20:34 -0300] "GET /cormun/servlet/hpexe_link HTTP/1.1" 200 955
190.171.149.74 - - [14/Oct/2019:15:20:34 -0300] "GET /cormun/servlet/trlicencias HTTP/1.1" 200 11353
190.171.149.74 - - [14/Oct/2019:15:20:37 -0300] "GET /cormun/servlet/trlicencias HTTP/1.1" 200 11351
190.171.152.234 - - [14/Oct/2019:15:20:41 -0300] "POST /cormun/servlet/trpermisosgoce?f1c2a8ad4e3ecfcdc5b058f320ee3d83,,gx-no-cache=1571076714339 HTTP/1.1" 200 5492
190.171.149.74 - - [14/Oct/2019:15:20:41 -0300] "GET /cormun/servlet/trlicencias? HTTP/1.1" 200 11351
190.171.152.234 - - [14/Oct/2019:15:20:43 -0300] "POST /cormun/servlet/trpermisosgoce?f1c2a8ad4e3ecfcdc5b058f320ee3d83,,gx-no-cache=1571076716304 HTTP/1.1" 200 5491
190.171.149.74 - - [14/Oct/2019:15:20:44 -0300] "GET /cormun/servlet/trlicencias? HTTP/1.1" 200 11351
190.171.152.234 - - [14/Oct/2019:15:21:04 -0300] "POST /cormun/servlet/trpermisosgoce?f1c2a8ad4e3ecfcdc5b058f320ee3d83,,gx-no-cache=1571076737801 HTTP/1.1" 200 5254
190.171.141.122 - - [14/Oct/2019:15:22:01 -0300] "GET /cormun/servlet/trhorasextrasplan? HTTP/1.1" 200 6985
190.171.141.122 - - [14/Oct/2019:15:22:01 -0300] "GET /cormun/static/gxcfg.js?201710411305628 HTTP/1.1" 200 953
190.171.141.122 - - [14/Oct/2019:15:22:01 -0300] "GET /cormun/static/trhorasextrasplan.js?201710411305972 HTTP/1.1" 200 24934
190.171.141.122 - - [14/Oct/2019:15:22:01 -0300] "GET /cormun/servlet/trhorasextrasplan? HTTP/1.1" 200 6984
190.171.141.122 - - [14/Oct/2019:15:22:06 -0300] "POST /cormun/servlet/trhorasextrasplan?dcc23e4c4ff6dce4baf2bcb88a6d9c59,,gx-no-cache=1571076999351 HTTP/1.1" 200 4256
190.171.141.122 - - [14/Oct/2019:15:22:06 -0300] "GET /cormun/static/Shared/jqueryui/images/ui-bg_highlight-soft_100_c6c2c8_1x100.png HTTP/1.1" 404 1117
190.171.141.122 - - [14/Oct/2019:15:22:06 -0300] "GET /cormun/static/Shared/jqueryui/images/ui-icons_8d78a5_256x240.png HTTP/1.1" 404 1089
190.171.141.122 - - [14/Oct/2019:15:22:06 -0300] "GET /cormun/static/Shared/jqueryui/images/ui-bg_flat_55_fafafa_40x100.png HTTP/1.1" 404 1097
190.171.141.122 - - [14/Oct/2019:15:22:06 -0300] "GET /cormun/static/Shared/jqueryui/images/ui-icons_82798d_256x240.png HTTP/1.1" 404 1089
190.171.152.234 - - [14/Oct/2019:15:23:03 -0300] "POST /cormun/servlet/trpermisosgoce?f1c2a8ad4e3ecfcdc5b058f320ee3d83,,gx-no-cache=1571076856080 HTTP/1.1" 200 5490
190.171.152.234 - - [14/Oct/2019:15:23:59 -0300] "POST /cormun/servlet/trpermisosgoce?f1c2a8ad4e3ecfcdc5b058f320ee3d83,,gx-no-cache=1571076912467 HTTP/1.1" 200 5669
190.171.152.234 - - [14/Oct/2019:15:25:55 -0300] "POST /cormun/servlet/trpermisosgoce?f1c2a8ad4e3ecfcdc5b058f320ee3d83,,gx-no-cache=1571077028143 HTTP/1.1" 200 5255
190.171.149.74 - - [14/Oct/2019:15:25:56 -0300] "GET /cormun/servlet/trsolicitudot? HTTP/1.1" 200 7274
190.171.149.74 - - [14/Oct/2019:15:25:59 -0300] "GET /cormun/servlet/trsolicitudot? HTTP/1.1" 200 7274
190.171.149.74 - - [14/Oct/2019:15:26:14 -0300] "GET /cormun/servlet/solicitudot?INS,0,0, HTTP/1.1" 200 15121
190.171.149.74 - - [14/Oct/2019:15:26:17 -0300] "GET /cormun/servlet/solicitudot?INS,0,0, HTTP/1.1" 200 15126
190.171.149.74 - - [14/Oct/2019:15:26:25 -0300] "POST /cormun/servlet/solicitudot?gx-no-cache=1571077258409 HTTP/1.1" 200 3500
190.171.149.74 - - [14/Oct/2019:15:26:25 -0300] "POST /cormun/servlet/solicitudot?8bf14b6584db116a08fb841762d8119f,INS,0,0,,gx-no-cache=1571077258860 HTTP/1.1" 200 11759
190.171.149.74 - - [14/Oct/2019:15:26:28 -0300] "GET /cormun/servlet/solicitudot?2cf653703b354e30743e83df3cb88f7ab84f893a06b1234e54bcac6b8aae27f7be54f6ae8483b27ce81824ef9f1a3b45,gx-no-cache=1571077261343 HTTP/1.1" 200 111
190.171.149.74 - - [14/Oct/2019:15:26:28 -0300] "GET /cormun/static/Shared/jqueryui/images/ui-bg_highlight-soft_100_c6c2c8_1x100.png HTTP/1.1" 404 1117
190.171.149.74 - - [14/Oct/2019:15:26:28 -0300] "GET /cormun/static/Shared/jqueryui/images/ui-icons_82798d_256x240.png HTTP/1.1" 404 1089
190.171.149.74 - - [14/Oct/2019:15:26:28 -0300] "GET /cormun/static/Shared/jqueryui/images/ui-bg_flat_55_994d53_40x100.png HTTP/1.1" 404 1097
190.171.149.74 - - [14/Oct/2019:15:26:28 -0300] "GET /cormun/static/Shared/jqueryui/images/ui-icons_ebccce_256x240.png HTTP/1.1" 404 1089
190.171.149.74 - - [14/Oct/2019:15:26:35 -0300] "GET /cormun/servlet/solicitudot?2cf653703b354e30743e83df3cb88f7a8aecb14dcb2b816e167b9c609d5dd44daef759eb8b7c9d84a14705864caa8f61,gx-no-cache=1571077269147 HTTP/1.1" 200 30
190.171.152.234 - - [14/Oct/2019:15:27:13 -0300] "POST /cormun/servlet/trpermisosgoce?f1c2a8ad4e3ecfcdc5b058f320ee3d83,,gx-no-cache=1571077106710 HTTP/1.1" 200 5434
190.171.152.234 - - [14/Oct/2019:15:28:00 -0300] "POST /cormun/servlet/trpermisosgoce?f1c2a8ad4e3ecfcdc5b058f320ee3d83,,gx-no-cache=1571077153225 HTTP/1.1" 200 5484
190.171.152.234 - - [14/Oct/2019:15:28:11 -0300] "POST /cormun/servlet/trpermisosgoce?f1c2a8ad4e3ecfcdc5b058f320ee3d83,,gx-no-cache=1571077164809 HTTP/1.1" 200 5254
190.171.149.74 - - [14/Oct/2019:15:28:48 -0300] "GET /cormun/servlet/solicitudot?2cf653703b354e30743e83df3cb88f7ab2776f8d9d8b2897b7109c75a42b142f10e3237737739f3a9915d3759a22e9a6f86ce07f5b3d863a860618c166382b90,gx-no-cache=1571077401652 HTTP/1.1" 200 30
190.171.149.74 - - [14/Oct/2019:15:28:48 -0300] "GET /cormun/servlet/solicitudot?2cf653703b354e30743e83df3cb88f7afe328c71232286849ef7aeb3e690163f,gx-no-cache=1571077401795 HTTP/1.1" 200 29
190.171.149.74 - - [14/Oct/2019:15:28:52 -0300] "POST /cormun/servlet/solicitudot?gx-no-cache=1571077405327 HTTP/1.1" 200 240
190.171.149.74 - - [14/Oct/2019:15:28:58 -0300] "GET /cormun/servlet/solicitudot?2cf653703b354e30743e83df3cb88f7a0309c8229500c5fa016ee630edcc852f0da19ff1bc4f5404a1fb2c78e1f78c30d2b7b3f1678a848aaff639dbf70e91025b17a87b9eea247b5ba29cc7854fcc72de0b933cbfddd6ac7ab51ad1abe124b77f6771fd35bc00393ce20925b98a554c394031ff8b0ee0c8549f02392a7750148eeb40058e6fba732a7d1da7a0cbaa60463ce63e5b5c1f01b01320f9c09eface3dc3fc932f0b134548957d7e775c9ed8caa48e69c58fa25698218efccd481491d06120831bcc467086aba0870d4cc75deb3260ff2a996d64f9961123791b8425dd3f3d21e3e02436cccd91c2bb9c99ba0534976321a3da869895229b2c3503986a021ba8c1f26a25cb8e75df9868e8f76d6cd42fefeb310358106f9dbe8776f7bb60f2267366151c5ae095be5e08bef3fdd6a36eba4f14127baad29ab46b63b6a6687f0855bdb371a15e1cc2df2b18017ed93b1b6aea7e99786e27fe256feb4970aac22c75ffe68548a750d73dfc17779fa955e0db7fb57e66b42cb5c2aaaa26,gx-no-cache=1571077411691 HTTP/1.1" 200 30
190.171.152.234 - - [14/Oct/2019:15:29:11 -0300] "POST /cormun/servlet/trpermisosgoce?f1c2a8ad4e3ecfcdc5b058f320ee3d83,,gx-no-cache=1571077224502 HTTP/1.1" 200 5516
190.171.149.74 - - [14/Oct/2019:15:29:12 -0300] "POST /cormun/servlet/solicitudot?gx-no-cache=1571077425645 HTTP/1.1" 200 30
190.171.149.74 - - [14/Oct/2019:15:29:31 -0300] "POST /cormun/servlet/solicitudot?gx-no-cache=1571077444732 HTTP/1.1" 200 1361
190.171.149.74 - - [14/Oct/2019:15:29:43 -0300] "GET /cormun/static/Resources/resize.gif HTTP/1.1" 200 77
190.171.149.74 - - [14/Oct/2019:15:29:43 -0300] "GET /cormun/servlet/prlicenciaspermisos?19679348,L,,MD,,gxPopupLevel%3D0%3B HTTP/1.1" 200 5489
190.171.149.74 - - [14/Oct/2019:15:29:43 -0300] "GET /cormun/static/gxcfg.js?20176272053834 HTTP/1.1" 200 953
190.171.149.74 - - [14/Oct/2019:15:29:43 -0300] "GET /cormun/static/Resources/PXToolsMenuSearch.png HTTP/1.1" 200 2914
190.171.149.74 - - [14/Oct/2019:15:29:44 -0300] "GET /cormun/static/Resources/PXToolsMenuSearchCancel.png HTTP/1.1" 200 2972
190.171.149.74 - - [14/Oct/2019:15:29:44 -0300] "GET /cormun/static/prlicenciaspermisos.js?20176272054050 HTTP/1.1" 200 13379
190.171.149.74 - - [14/Oct/2019:15:29:44 -0300] "GET /cormun/static/menusearch.js?201610171694467 HTTP/1.1" 200 1424
190.171.149.74 - - [14/Oct/2019:15:29:45 -0300] "GET /cormun/static/hmpwkw011.js?20177612121862 HTTP/1.1" 200 1968
190.171.152.234 - - [14/Oct/2019:15:29:59 -0300] "POST /cormun/servlet/trpermisosgoce?f1c2a8ad4e3ecfcdc5b058f320ee3d83,,gx-no-cache=1571077272679 HTTP/1.1" 200 5673
190.171.149.74 - - [14/Oct/2019:15:30:03 -0300] "POST /cormun/servlet/solicitudot?gx-no-cache=1571077476592 HTTP/1.1" 200 41
190.171.149.74 - - [14/Oct/2019:15:30:18 -0300] "GET /cormun/servlet/solicitudot?2cf653703b354e30743e83df3cb88f7aaa5fcd43b7fa70e153d928cfea1a3c8affbb59a2f16cb383f1357e36a4c5066aaef2bdb891bea619c73b56a141591463865714fdf91d0e8d5620b267253e62db94f8a142701e52ebcdb324a101407433f273736161d08a6df2877495523befa5,gx-no-cache=1571077491712 HTTP/1.1" 200 110
190.171.149.74 - - [14/Oct/2019:15:30:18 -0300] "POST /cormun/servlet/solicitudot?gx-no-cache=1571077491823 HTTP/1.1" 200 110
190.171.149.74 - - [14/Oct/2019:15:30:24 -0300] "GET /cormun/servlet/solicitudot?2cf653703b354e30743e83df3cb88f7aee6446a81f7dde9fe3f04627a779be203ba4da1d13d7180be5b24296dbaa74b186c4f325ff7cd98aa78f524b2ed6af66a00b4e175437861ecf4354bb764c2ec769eb4430c9063b7a0f47320c7c9396c84cbc6bce4e0bd3693449dff492d6bdf7,gx-no-cache=1571077497330 HTTP/1.1" 200 29
190.171.149.74 - - [14/Oct/2019:15:30:24 -0300] "GET /cormun/static/menuarrow.gif HTTP/1.1" 404 1015
190.171.149.74 - - [14/Oct/2019:15:30:28 -0300] "GET /cormun/servlet/solicitudot?2cf653703b354e30743e83df3cb88f7a5ae9fb2d7203aea766234f071ad35866054e3b2dc6f4243ef8b566f76288674a,gx-no-cache=1571077501289 HTTP/1.1" 200 30
190.171.149.74 - - [14/Oct/2019:15:30:28 -0300] "POST /cormun/servlet/solicitudot?gx-no-cache=1571077501452 HTTP/1.1" 200 34
190.171.149.74 - - [14/Oct/2019:15:30:37 -0300] "POST /cormun/servlet/solicitudot?8bf14b6584db116a08fb841762d8119f,INS,0,0,,gx-no-cache=1571077508761 HTTP/1.1" 200 93
190.171.149.74 - - [14/Oct/2019:15:30:38 -0300] "GET /cormun/servlet/hpexe_return? HTTP/1.1" 200 1008
190.171.149.74 - - [14/Oct/2019:15:30:39 -0300] "GET /cormun/servlet/trsolicitudot HTTP/1.1" 200 8696
190.171.149.74 - - [14/Oct/2019:15:30:41 -0300] "GET /cormun//static/Resources/PXToolsActionView.png HTTP/1.1" 200 2995
190.171.149.74 - - [14/Oct/2019:15:30:41 -0300] "GET /cormun//static/Resources/PXToolsRemoveAllAction.png HTTP/1.1" 200 3558
190.171.149.74 - - [14/Oct/2019:15:30:41 -0300] "GET /cormun/servlet/trsolicitudot HTTP/1.1" 200 8692
190.171.149.74 - - [14/Oct/2019:15:30:45 -0300] "POST /cormun/servlet/trsolicitudot?8bf14b6584db116a08fb841762d8119f,gx-no-cache=1571077519013 HTTP/1.1" 200 5728
190.171.152.234 - - [14/Oct/2019:15:30:48 -0300] "POST /cormun/servlet/trpermisosgoce?f1c2a8ad4e3ecfcdc5b058f320ee3d83,,gx-no-cache=1571077321366 HTTP/1.1" 200 5661
190.171.149.74 - - [14/Oct/2019:15:31:20 -0300] "POST /cormun/servlet/trsolicitudot?8bf14b6584db116a08fb841762d8119f,gx-no-cache=1571077554091 HTTP/1.1" 200 106
190.171.149.74 - - [14/Oct/2019:15:31:21 -0300] "GET /cormun/servlet/solicitudot?UPD,2019,16176, HTTP/1.1" 200 15602
190.171.149.74 - - [14/Oct/2019:15:31:24 -0300] "GET /cormun/servlet/solicitudot?UPD,2019,16176, HTTP/1.1" 200 15611
190.171.149.74 - - [14/Oct/2019:15:31:24 -0300] "POST /cormun/servlet/solicitudot?gx-no-cache=1571077557847 HTTP/1.1" 200 3569
190.171.149.74 - - [14/Oct/2019:15:31:25 -0300] "POST /cormun/servlet/solicitudot?8bf14b6584db116a08fb841762d8119f,UPD,2019,16176,,gx-no-cache=1571077558316 HTTP/1.1" 200 11851
190.171.149.74 - - [14/Oct/2019:15:31:25 -0300] "GET /cormun/servlet/solicitudot?2cf653703b354e30743e83df3cb88f7a8aecb14dcb2b816e167b9c609d5dd44dbca6c8ac56b4e253831ee2170852dbdb,gx-no-cache=1571077558980 HTTP/1.1" 200 30
190.171.149.74 - - [14/Oct/2019:15:31:25 -0300] "GET /cormun/servlet/solicitudot?2cf653703b354e30743e83df3cb88f7ab2776f8d9d8b2897b7109c75a42b142f10e3237737739f3a9915d3759a22e9a68d6032a37c45f3c1016e3871cee1cb40,gx-no-cache=1571077559167 HTTP/1.1" 200 30
190.171.149.74 - - [14/Oct/2019:15:31:26 -0300] "GET /cormun/servlet/solicitudot?2cf653703b354e30743e83df3cb88f7afe328c71232286849ef7aeb3e690163f,gx-no-cache=1571077559294 HTTP/1.1" 200 29
190.171.149.74 - - [14/Oct/2019:15:31:26 -0300] "POST /cormun/servlet/solicitudot?gx-no-cache=1571077559437 HTTP/1.1" 200 238
190.171.149.74 - - [14/Oct/2019:15:31:26 -0300] "GET /cormun/servlet/solicitudot?2cf653703b354e30743e83df3cb88f7a0309c8229500c5fa016ee630edcc852f0da19ff1bc4f5404a1fb2c78e1f78c30d2b7b3f1678a848aaff639dbf70e91025b17a87b9eea247b5ba29cc7854fcc72de0b933cbfddd6ac7ab51ad1abe124b77f6771fd35bc00393ce20925b98a554c394031ff8b0ee0c8549f02392a7750148eeb40058e6fba732a7d1da7a0cbaa60463ce63e5b5c1f01b01320f9c09eface3dc3fc932f0b134548957d7e775c9ed8caa48e69c58fa25698218efccd481491d06120831bcc467086aba0870d4cc75deb3260ff2a996d64f9961123791b8425dd3f3d21e3e02436cccd91c2bb9c99ba0534976321a3da869895229b2c3503986a021ba8c1f26a25cb8e75df9868e8f76d6cd42fefeb310358106f9dbe8776f7bb60f2267366151c5ae095be5e08bef3fdd6a36eba4f14127baad29ab46b63b6a6687f0855bdb371a15e1cc2df2b18017ed93b1b6aea7e99786e27fe256feb4970aac22c75ffe68548a750d73dfc177751077e9829e8ee1c7627956e64033272,gx-no-cache=1571077559646 HTTP/1.1" 200 30
190.171.149.74 - - [14/Oct/2019:15:31:26 -0300] "POST /cormun/servlet/solicitudot?gx-no-cache=1571077559794 HTTP/1.1" 200 30
190.171.149.74 - - [14/Oct/2019:15:31:26 -0300] "POST /cormun/servlet/solicitudot?gx-no-cache=1571077560023 HTTP/1.1" 200 1361
190.171.149.74 - - [14/Oct/2019:15:31:27 -0300] "POST /cormun/servlet/solicitudot?gx-no-cache=1571077560323 HTTP/1.1" 200 41
190.171.149.74 - - [14/Oct/2019:15:31:28 -0300] "GET /cormun/servlet/solicitudot?2cf653703b354e30743e83df3cb88f7aaa5fcd43b7fa70e153d928cfea1a3c8affbb59a2f16cb383f1357e36a4c5066aaef2bdb891bea619c73b56a141591463865714fdf91d0e8d5620b267253e62db94f8a142701e52ebcdb324a101407433f273736161d08a6df2877495523befa5,gx-no-cache=1571077561840 HTTP/1.1" 200 110
190.171.149.74 - - [14/Oct/2019:15:31:32 -0300] "POST /cormun/servlet/solicitudot?gx-no-cache=1571077565558 HTTP/1.1" 200 110
190.171.149.74 - - [14/Oct/2019:15:31:40 -0300] "GET /cormun/servlet/solicitudot?2cf653703b354e30743e83df3cb88f7a820e29020873f13ce28733cb664d608151e35569d42d3a405359650754b9a9f59d0cddcde1c3bab605b068979ec296295afa986d0c44b2aeb304c682c8bcf9c36a8123661ed32ec78e34cf44306c829b2f166acacf18571fcd14df1ed479512e,gx-no-cache=1571077573434 HTTP/1.1" 200 29
190.171.149.74 - - [14/Oct/2019:15:31:40 -0300] "GET /cormun/servlet/solicitudot?2cf653703b354e30743e83df3cb88f7a5ae9fb2d7203aea766234f071ad35866054e3b2dc6f4243ef8b566f76288674a,gx-no-cache=1571077573519 HTTP/1.1" 200 30
190.171.149.74 - - [14/Oct/2019:15:31:40 -0300] "POST /cormun/servlet/solicitudot?gx-no-cache=1571077573610 HTTP/1.1" 200 34
190.171.149.74 - - [14/Oct/2019:15:31:40 -0300] "POST /cormun/servlet/solicitudot?8bf14b6584db116a08fb841762d8119f,UPD,2019,16176,,gx-no-cache=1571077573754 HTTP/1.1" 200 93
190.171.149.74 - - [14/Oct/2019:15:31:40 -0300] "GET /cormun/servlet/hpexe_return? HTTP/1.1" 200 1034
190.171.149.74 - - [14/Oct/2019:15:31:41 -0300] "GET /cormun/servlet/trsolicitudot?gx-no-cache=1571077519013 HTTP/1.1" 200 8672
190.171.149.74 - - [14/Oct/2019:15:31:43 -0300] "GET /cormun/servlet/trsolicitudot?gx-no-cache=1571077519013 HTTP/1.1" 200 8689
190.171.152.234 - - [14/Oct/2019:15:31:45 -0300] "POST /cormun/servlet/trpermisosgoce?f1c2a8ad4e3ecfcdc5b058f320ee3d83,,gx-no-cache=1571077378157 HTTP/1.1" 200 5665
190.171.154.42 - - [14/Oct/2019:15:31:47 -0300] "POST /cormun/servlet/hlogin?9d7d65e45995720a113a4fc51ebac092,gx-no-cache=1571077579992 HTTP/1.1" 440 972
190.171.154.42 - - [14/Oct/2019:15:31:49 -0300] "GET /cormun/servlet/hlogin HTTP/1.1" 200 1731
190.171.154.42 - - [14/Oct/2019:15:31:56 -0300] "POST /cormun/servlet/hlogin?83b164f5c13911456c8c47390b772b09,gx-no-cache=1571077589196 HTTP/1.1" 200 90
190.171.154.42 - - [14/Oct/2019:15:31:56 -0300] "GET /cormun/servlet/hpexe_link HTTP/1.1" 200 947
190.171.154.42 - - [14/Oct/2019:15:31:56 -0300] "GET /cormun/servlet/hhome HTTP/1.1" 200 4318
190.171.154.42 - - [14/Oct/2019:15:31:58 -0300] "GET /cormun/servlet/hhome HTTP/1.1" 200 4314
190.171.154.42 - - [14/Oct/2019:15:32:02 -0300] "GET /cormun/servlet/trlicencias? HTTP/1.1" 200 13537
190.171.154.42 - - [14/Oct/2019:15:32:04 -0300] "GET /cormun/servlet/trlicencias? HTTP/1.1" 200 13534
190.171.154.42 - - [14/Oct/2019:15:32:07 -0300] "GET /cormun/static/menuarrow.gif HTTP/1.1" 404 1015
190.171.149.74 - - [14/Oct/2019:15:32:16 -0300] "POST /cormun/servlet/trsolicitudot?8bf14b6584db116a08fb841762d8119f,gx-no-cache=1571077519013,gx-no-cache=1571077609673 HTTP/1.1" 200 107
190.171.149.74 - - [14/Oct/2019:15:32:16 -0300] "GET /cormun/servlet/trsolicitudadjuntos?2019,16176, HTTP/1.1" 200 6190
190.171.149.74 - - [14/Oct/2019:15:32:17 -0300] "GET /cormun/static/gxcfg.js?20177612135366 HTTP/1.1" 200 953
190.171.149.74 - - [14/Oct/2019:15:32:17 -0300] "GET /cormun/static/trsolicitudadjuntos.js?20177612135632 HTTP/1.1" 200 17922
190.171.149.74 - - [14/Oct/2019:15:32:19 -0300] "GET /cormun/servlet/trsolicitudadjuntos?2019,16176, HTTP/1.1" 200 6169
190.171.154.42 - - [14/Oct/2019:15:32:19 -0300] "POST /cormun/servlet/trlicencias?83b164f5c13911456c8c47390b772b09,,gx-no-cache=1571077610945 HTTP/1.1" 200 19460
190.171.149.74 - - [14/Oct/2019:15:32:21 -0300] "GET /cormun/servlet/solicitudotadjuntos?INS,2019,16176,,1, HTTP/1.1" 200 6117
190.171.149.74 - - [14/Oct/2019:15:32:21 -0300] "GET /cormun/static/gxcfg.js?2017761244068 HTTP/1.1" 200 953
190.171.149.74 - - [14/Oct/2019:15:32:22 -0300] "GET /cormun/static/solicitudotadjuntos.js?2017761244086 HTTP/1.1" 200 11771
190.171.149.74 - - [14/Oct/2019:15:32:22 -0300] "GET /cormun/static/about:blank HTTP/1.1" 404 1011
190.171.149.74 - - [14/Oct/2019:15:32:23 -0300] "GET /cormun/servlet/solicitudotadjuntos?INS,2019,16176,,1, HTTP/1.1" 200 6110
190.171.149.74 - - [14/Oct/2019:15:32:24 -0300] "GET /cormun/servlet/solicitudotadjuntos?2cf653703b354e30743e83df3cb88f7a689614b6386a2476a124d95a8c880e677adaad6cba21639a72e00957c4b3e26a,gx-no-cache=1571077617479 HTTP/1.1" 200 30
190.171.149.74 - - [14/Oct/2019:15:32:24 -0300] "POST /cormun/servlet/solicitudotadjuntos?8bf14b6584db116a08fb841762d8119f,INS,2019,16176,,1,,gx-no-cache=1571077617591 HTTP/1.1" 200 3857
190.171.154.42 - - [14/Oct/2019:15:32:25 -0300] "GET /cormun/servlet/alicenciaprn?17235020,L,20191002000000,PU HTTP/1.1" 200 1537
190.171.149.74 - - [14/Oct/2019:15:32:27 -0300] "POST /cormun/servlet/solicitudotadjuntos?gx-no-cache=1571077620679 HTTP/1.1" 200 26
190.171.149.74 - - [14/Oct/2019:15:32:45 -0300] "GET /cormun/servlet/solicitudotadjuntos?2cf653703b354e30743e83df3cb88f7aeac743ef596bf6d1b5517411b7550016,gx-no-cache=1571077639256 HTTP/1.1" 200 30
190.171.149.74 - - [14/Oct/2019:15:32:46 -0300] "GET /cormun/servlet/solicitudotadjuntos?2cf653703b354e30743e83df3cb88f7aeac743ef596bf6d1b5517411b7550016,gx-no-cache=1571077639336 HTTP/1.1" 200 30
190.171.149.74 - - [14/Oct/2019:15:32:46 -0300] "POST /cormun/servlet/solicitudotadjuntos?8bf14b6584db116a08fb841762d8119f,INS,2019,16176,,1, HTTP/1.1" 200 116
190.171.149.74 - - [14/Oct/2019:15:32:46 -0300] "GET /cormun/servlet/hpexe_return? HTTP/1.1" 200 1026
190.171.149.74 - - [14/Oct/2019:15:32:47 -0300] "GET /cormun/servlet/trsolicitudadjuntos?2019,16176, HTTP/1.1" 200 8766
190.171.149.74 - - [14/Oct/2019:15:32:49 -0300] "GET /cormun/servlet/trsolicitudadjuntos?2019,16176, HTTP/1.1" 200 8760
190.171.149.74 - - [14/Oct/2019:15:32:55 -0300] "GET /cormun/servlet/solicitudotadjuntos?INS,2019,16176,,1, HTTP/1.1" 200 6117
190.171.149.74 - - [14/Oct/2019:15:32:55 -0300] "GET /cormun/static/about:blank HTTP/1.1" 404 1011
190.171.149.74 - - [14/Oct/2019:15:32:57 -0300] "GET /cormun/servlet/solicitudotadjuntos?INS,2019,16176,,1, HTTP/1.1" 200 6110
190.171.154.42 - - [14/Oct/2019:15:32:57 -0300] "GET /cormun/servlet/alicenciaprn?15806207,L,20191007000000,PU HTTP/1.1" 200 1536
190.171.149.74 - - [14/Oct/2019:15:32:57 -0300] "GET /cormun/servlet/solicitudotadjuntos?2cf653703b354e30743e83df3cb88f7a689614b6386a2476a124d95a8c880e677adaad6cba21639a72e00957c4b3e26a,gx-no-cache=1571077651009 HTTP/1.1" 200 30
190.171.149.74 - - [14/Oct/2019:15:32:57 -0300] "POST /cormun/servlet/solicitudotadjuntos?8bf14b6584db116a08fb841762d8119f,INS,2019,16176,,1,,gx-no-cache=1571077651122 HTTP/1.1" 200 3857
190.171.149.74 - - [14/Oct/2019:15:33:02 -0300] "POST /cormun/servlet/solicitudotadjuntos?gx-no-cache=1571077656100 HTTP/1.1" 200 26
190.171.152.234 - - [14/Oct/2019:15:33:13 -0300] "POST /cormun/servlet/trpermisosgoce?f1c2a8ad4e3ecfcdc5b058f320ee3d83,,gx-no-cache=1571077466869 HTTP/1.1" 200 5671
190.171.149.74 - - [14/Oct/2019:15:33:17 -0300] "GET /cormun/servlet/solicitudotadjuntos?2cf653703b354e30743e83df3cb88f7aeac743ef596bf6d1b5517411b7550016,gx-no-cache=1571077671173 HTTP/1.1" 200 30
190.171.149.74 - - [14/Oct/2019:15:33:17 -0300] "GET /cormun/servlet/solicitudotadjuntos?2cf653703b354e30743e83df3cb88f7aeac743ef596bf6d1b5517411b7550016,gx-no-cache=1571077671244 HTTP/1.1" 200 30
190.171.149.74 - - [14/Oct/2019:15:33:18 -0300] "POST /cormun/servlet/solicitudotadjuntos?8bf14b6584db116a08fb841762d8119f,INS,2019,16176,,1, HTTP/1.1" 200 116
190.171.149.74 - - [14/Oct/2019:15:33:19 -0300] "GET /cormun/servlet/hpexe_return? HTTP/1.1" 200 1026
190.171.149.74 - - [14/Oct/2019:15:33:20 -0300] "GET /cormun/servlet/trsolicitudadjuntos?2019,16176, HTTP/1.1" 200 9002
190.171.149.74 - - [14/Oct/2019:15:33:22 -0300] "GET /cormun/servlet/trsolicitudadjuntos?2019,16176, HTTP/1.1" 200 9002
190.171.149.74 - - [14/Oct/2019:15:33:25 -0300] "GET /cormun/servlet/solicitudotadjuntos?INS,2019,16176,,1, HTTP/1.1" 200 6116
190.171.149.74 - - [14/Oct/2019:15:33:26 -0300] "GET /cormun/static/about:blank HTTP/1.1" 404 1011
190.171.149.74 - - [14/Oct/2019:15:33:27 -0300] "GET /cormun/servlet/solicitudotadjuntos?INS,2019,16176,,1, HTTP/1.1" 200 6110
190.171.149.74 - - [14/Oct/2019:15:33:28 -0300] "GET /cormun/servlet/solicitudotadjuntos?2cf653703b354e30743e83df3cb88f7a689614b6386a2476a124d95a8c880e677adaad6cba21639a72e00957c4b3e26a,gx-no-cache=1571077681491 HTTP/1.1" 200 30
190.171.149.74 - - [14/Oct/2019:15:33:28 -0300] "POST /cormun/servlet/solicitudotadjuntos?8bf14b6584db116a08fb841762d8119f,INS,2019,16176,,1,,gx-no-cache=1571077681599 HTTP/1.1" 200 3856
190.171.149.74 - - [14/Oct/2019:15:33:34 -0300] "POST /cormun/servlet/solicitudotadjuntos?gx-no-cache=1571077688078 HTTP/1.1" 200 26
190.171.149.74 - - [14/Oct/2019:15:33:44 -0300] "GET /cormun/servlet/solicitudotadjuntos?2cf653703b354e30743e83df3cb88f7aeac743ef596bf6d1b5517411b7550016,gx-no-cache=1571077697891 HTTP/1.1" 200 30
