192.168.10.96 - - [14/Oct/2019:16:10:45 -0300] "POST /digitalizacion/servlet/wblogin?428f20cb485c36e031209d68448a121b,,gx-no-cache=1571083412747 HTTP/1.1" 200 65
192.168.10.96 - - [14/Oct/2019:16:10:45 -0300] "GET /digitalizacion/servlet/hhome HTTP/1.1" 200 2820
192.168.10.96 - - [14/Oct/2019:16:10:45 -0300] "GET /digitalizacion/servlet/hhome HTTP/1.1" 200 2818
190.171.143.82 - - [14/Oct/2019:16:10:46 -0300] "GET /cormun/static/Shared/ext/resources/themes/images/default/tools/tool-sprites.gif HTTP/1.1" 200 5434
190.171.143.82 - - [14/Oct/2019:16:10:46 -0300] "GET /cormun/static/Shared/ext/resources/themes/images/default/panel/bg-headersPanel.png HTTP/1.1" 200 255
200.54.103.162 - - [14/Oct/2019:16:10:46 -0300] "GET /cormun/servlet/permisogoce?INS,0,,, HTTP/1.1" 200 7206
190.171.142.18 - - [14/Oct/2019:16:10:47 -0300] "GET /cormun/servlet/trpermisosgoce? HTTP/1.1" 200 8458
200.54.103.162 - - [14/Oct/2019:16:10:47 -0300] "GET /cormun/servlet/permisogoce?INS,0,,, HTTP/1.1" 200 7206
190.171.142.18 - - [14/Oct/2019:16:10:48 -0300] "GET /cormun/servlet/trpermisosgoce? HTTP/1.1" 200 8456
192.168.10.96 - - [14/Oct/2019:16:10:51 -0300] "GET /digitalizacion/servlet/trdocumentos? HTTP/1.1" 200 9872
192.168.10.96 - - [14/Oct/2019:16:10:52 -0300] "GET /digitalizacion/servlet/trdocumentos? HTTP/1.1" 200 9869
192.168.10.96 - - [14/Oct/2019:16:10:52 -0300] "POST /digitalizacion/servlet/trdocumentos?gx-no-cache=1571083419608 HTTP/1.1" 200 449
192.168.10.96 - - [14/Oct/2019:16:10:52 -0300] "POST /digitalizacion/servlet/trdocumentos?gx-no-cache=1571083419705 HTTP/1.1" 200 78
200.54.103.162 - - [14/Oct/2019:16:10:54 -0300] "GET /cormun/servlet/permisogoce?a24ef95daa9139ea69878f5978b111760dab24a8ff989ecedf7de81e458e921c3eba50e3ae01e89a23511bb96ba96d3a,gx-no-cache=1571079928010 HTTP/1.1" 200 79
200.54.103.162 - - [14/Oct/2019:16:10:54 -0300] "GET /cormun/static/menuarrow.gif HTTP/1.1" 404 1015
190.171.142.18 - - [14/Oct/2019:16:10:55 -0300] "GET /cormun/servlet/permisogoce?INS,0,,, HTTP/1.1" 200 7180
190.171.142.18 - - [14/Oct/2019:16:10:55 -0300] "GET /cormun/static/gxcfg.js?201776126440 HTTP/1.1" 200 953
190.171.142.18 - - [14/Oct/2019:16:10:55 -0300] "GET /cormun/static/permisogoce.js?2017761264459 HTTP/1.1" 200 27897
190.171.143.82 - - [14/Oct/2019:16:10:55 -0300] "POST /cormun/servlet/hlogin?068b04746526e0059b2f367c56fdef8f,gx-no-cache=1571079928702 HTTP/1.1" 200 90
190.171.143.82 - - [14/Oct/2019:16:10:55 -0300] "GET /cormun/servlet/hpexe_link HTTP/1.1" 200 958
190.171.143.82 - - [14/Oct/2019:16:10:55 -0300] "GET /cormun/static/gxcfg.js?20177612121792 HTTP/1.1" 200 953
190.171.143.82 - - [14/Oct/2019:16:10:55 -0300] "GET /cormun/static/hpexe_link.js?20177612121795 HTTP/1.1" 200 625
190.171.143.82 - - [14/Oct/2019:16:10:55 -0300] "GET /cormun/servlet/trautorizarpermisogoce HTTP/1.1" 200 8186
190.171.142.18 - - [14/Oct/2019:16:10:55 -0300] "GET /cormun/servlet/permisogoce?INS,0,,, HTTP/1.1" 200 7180
192.168.10.96 - - [14/Oct/2019:16:10:55 -0300] "POST /digitalizacion/servlet/trdocumentos?gx-no-cache=1571083423274 HTTP/1.1" 200 78
190.171.143.82 - - [14/Oct/2019:16:10:56 -0300] "GET /cormun/static/Resources/PXToolsDataSearch.png HTTP/1.1" 200 419
190.171.143.82 - - [14/Oct/2019:16:10:56 -0300] "GET /cormun//static/Resources/PXToolsGridDisplay.png HTTP/1.1" 200 362
190.171.143.82 - - [14/Oct/2019:16:10:57 -0300] "GET /cormun//static/Resources/PXTools/ActionInsert.png HTTP/1.1" 200 1482
190.171.143.82 - - [14/Oct/2019:16:10:57 -0300] "GET /cormun//static/Resources/PXToolsActionPrint.png HTTP/1.1" 200 3317
190.171.143.82 - - [14/Oct/2019:16:10:57 -0300] "GET /cormun//static/Resources/PXToolsHeaderHelp.png HTTP/1.1" 200 4055
190.171.143.82 - - [14/Oct/2019:16:10:57 -0300] "GET /cormun//static/Resources/PXToolsGridDelete.png HTTP/1.1" 200 357
190.171.143.82 - - [14/Oct/2019:16:10:57 -0300] "GET /cormun//static/Resources/PXToolsHeaderFavorites.png HTTP/1.1" 200 2744
190.171.143.82 - - [14/Oct/2019:16:10:57 -0300] "GET /cormun/static/Resources/asc.gif HTTP/1.1" 200 67
190.171.143.82 - - [14/Oct/2019:16:10:57 -0300] "GET /cormun/static/Resources/desc.gif HTTP/1.1" 200 65
190.171.143.82 - - [14/Oct/2019:16:10:57 -0300] "GET /cormun/static/SmoothNavMenu/resources/images/down.gif HTTP/1.1" 200 854
190.171.143.82 - - [14/Oct/2019:16:10:57 -0300] "GET /cormun/servlet/trautorizarpermisogoce HTTP/1.1" 200 8185
190.171.143.82 - - [14/Oct/2019:16:10:57 -0300] "GET /cormun/static/SmoothNavMenu/resources/images/right.gif HTTP/1.1" 200 860
190.171.143.82 - - [14/Oct/2019:16:10:57 -0300] "GET /cormun/static/Shared/ext/resources/themes/images/default/tools/tool-sprites.gif HTTP/1.1" 200 5434
190.171.143.82 - - [14/Oct/2019:16:10:57 -0300] "GET /cormun/static/Shared/ext/resources/themes/images/default/panel/bg-headersPanel.png HTTP/1.1" 200 255
190.171.142.18 - - [14/Oct/2019:16:11:00 -0300] "GET /cormun/servlet/prfichaempleado?,MD,,gxPopupLevel%3D0%3B HTTP/1.1" 200 9414
190.171.142.18 - - [14/Oct/2019:16:11:00 -0300] "GET /cormun/static/gxcfg.js?20177612134814 HTTP/1.1" 200 953
190.171.142.18 - - [14/Oct/2019:16:11:00 -0300] "GET /cormun/static/prfichaempleado.js?20177612134999 HTTP/1.1" 200 16006
200.54.103.162 - - [14/Oct/2019:16:11:01 -0300] "GET /cormun/servlet/permisogoce?a24ef95daa9139ea69878f5978b1117659b7100c7b172166f150c68dbc86e1ba11b43a3e5de660460512d1e12e2b8b0ff6a4d084cab602e6eaf7d63140bbe56c,gx-no-cache=1571079935106 HTTP/1.1" 200 47
190.171.143.82 - - [14/Oct/2019:16:11:02 -0300] "POST /cormun/servlet/trautorizarpermisogoce?068b04746526e0059b2f367c56fdef8f,gx-no-cache=1571079935761 HTTP/1.1" 200 4969
190.171.143.82 - - [14/Oct/2019:16:11:02 -0300] "GET /cormun/static/Shared/jqueryui/images/ui-bg_highlight-soft_100_c6c2c8_1x100.png HTTP/1.1" 404 1117
190.171.143.82 - - [14/Oct/2019:16:11:02 -0300] "GET /cormun/static/Shared/jqueryui/images/ui-icons_82798d_256x240.png HTTP/1.1" 404 1089
190.171.143.82 - - [14/Oct/2019:16:11:02 -0300] "GET /cormun/static/Shared/jqueryui/images/ui-bg_flat_55_fafafa_40x100.png HTTP/1.1" 404 1097
190.171.143.82 - - [14/Oct/2019:16:11:02 -0300] "GET /cormun/static/Shared/jqueryui/images/ui-icons_8d78a5_256x240.png HTTP/1.1" 404 1089
192.168.10.96 - - [14/Oct/2019:16:11:03 -0300] "POST /digitalizacion/servlet/trdocumentos?428f20cb485c36e031209d68448a121b,,gx-no-cache=1571083430460 HTTP/1.1" 200 2961
200.54.103.162 - - [14/Oct/2019:16:11:04 -0300] "POST /cormun/servlet/permisogoce?79ef7b471b60ec968963fdbd78464417,INS,0,,,,gx-no-cache=1571079937245 HTTP/1.1" 200 93
200.54.103.162 - - [14/Oct/2019:16:11:04 -0300] "GET /cormun/servlet/hpexe_return? HTTP/1.1" 200 1014
200.54.103.162 - - [14/Oct/2019:16:11:04 -0300] "GET /cormun/servlet/trpermisosgoce HTTP/1.1" 200 14758
190.171.143.82 - - [14/Oct/2019:16:11:06 -0300] "POST /cormun/servlet/trautorizarpermisogoce?068b04746526e0059b2f367c56fdef8f,gx-no-cache=1571079939821 HTTP/1.1" 200 4167
200.54.103.162 - - [14/Oct/2019:16:11:07 -0300] "GET /cormun/servlet/trpermisosgoce HTTP/1.1" 200 14742
192.168.10.96 - - [14/Oct/2019:16:11:07 -0300] "POST /digitalizacion/servlet/trdocumentos?428f20cb485c36e031209d68448a121b,,gx-no-cache=1571083434913 HTTP/1.1" 200 2960
200.54.103.162 - - [14/Oct/2019:16:11:09 -0300] "GET /cormun/servlet/permisogoce?INS,0,,, HTTP/1.1" 200 7206
200.54.103.162 - - [14/Oct/2019:16:11:10 -0300] "GET /cormun/servlet/permisogoce?INS,0,,, HTTP/1.1" 200 7206
190.171.142.18 - - [14/Oct/2019:16:11:10 -0300] "POST /cormun/servlet/prfichaempleado?ba286e344cb6ec706ac5987b02591e05,,MD,,gxPopupLevel%3D0%3B,gx-no-cache=1571080258436 HTTP/1.1" 200 3486
192.168.10.96 - - [14/Oct/2019:16:11:11 -0300] "POST /digitalizacion/servlet/trdocumentos?428f20cb485c36e031209d68448a121b,,gx-no-cache=1571083438441 HTTP/1.1" 200 2960
190.171.142.18 - - [14/Oct/2019:16:11:17 -0300] "GET /cormun/servlet/permisogoce?378303b569b76d719a12c3d6e52badecd78e63336c0a79decd7c415e8b1a33e5858959ea14b2929e2226fd121470e1606a09206a42c03308e249b764fcd9580f,gx-no-cache=1571080265700 HTTP/1.1" 200 75
190.171.142.18 - - [14/Oct/2019:16:11:17 -0300] "GET /cormun/static/menuarrow.gif HTTP/1.1" 404 1015
200.54.103.162 - - [14/Oct/2019:16:11:17 -0300] "GET /cormun/servlet/permisogoce?a24ef95daa9139ea69878f5978b11176bc563e8ce361bcb6ddab5475791e68e74c7f8c1b50527a13c22702a1ccf380c8856aa4caee0ece14c69ddb8f65660b9f,gx-no-cache=1571079951243 HTTP/1.1" 200 89
200.54.103.162 - - [14/Oct/2019:16:11:17 -0300] "GET /cormun/static/menuarrow.gif HTTP/1.1" 404 1015
200.54.103.162 - - [14/Oct/2019:16:11:24 -0300] "GET /cormun/servlet/permisogoce?a24ef95daa9139ea69878f5978b11176a791d7df0b9f82d9659c1cf244cd50a33d676902acc9cf5c3228a46bfbe202d9aa4259a2423835466f1e9d0db6ab3911,gx-no-cache=1571079957927 HTTP/1.1" 200 48
190.171.142.18 - - [14/Oct/2019:16:11:25 -0300] "GET /cormun/servlet/permisogoce?378303b569b76d719a12c3d6e52badec9af6560d8a0efc9b35214dba450f234ba13baa1893b37939a0265344524ae2702c69810ffdb90dbaea3b7f2368f2fc4f,gx-no-cache=1571080273209 HTTP/1.1" 200 47
190.171.142.18 - - [14/Oct/2019:16:11:25 -0300] "POST /cormun/servlet/permisogoce?ba286e344cb6ec706ac5987b02591e05,INS,0,,,,gx-no-cache=1571080273238 HTTP/1.1" 200 93
190.171.142.18 - - [14/Oct/2019:16:11:25 -0300] "GET /cormun/servlet/hpexe_return? HTTP/1.1" 200 1006
190.171.142.18 - - [14/Oct/2019:16:11:26 -0300] "GET /cormun/servlet/trpermisosgoce HTTP/1.1" 200 8702
190.171.142.18 - - [14/Oct/2019:16:11:26 -0300] "GET /cormun/servlet/trpermisosgoce HTTP/1.1" 200 8698
200.54.103.162 - - [14/Oct/2019:16:11:26 -0300] "POST /cormun/servlet/permisogoce?79ef7b471b60ec968963fdbd78464417,INS,0,,,,gx-no-cache=1571079960013 HTTP/1.1" 200 93
200.54.103.162 - - [14/Oct/2019:16:11:26 -0300] "GET /cormun/servlet/hpexe_return? HTTP/1.1" 200 1014
200.54.103.162 - - [14/Oct/2019:16:11:27 -0300] "GET /cormun/servlet/trpermisosgoce HTTP/1.1" 200 14956
200.54.103.162 - - [14/Oct/2019:16:11:28 -0300] "GET /cormun/servlet/trpermisosgoce HTTP/1.1" 200 14938
190.171.142.18 - - [14/Oct/2019:16:11:31 -0300] "GET /cormun/servlet/apermisogoceprn?15994505,P,20191014170342,PU HTTP/1.1" 200 1651
200.54.103.162 - - [14/Oct/2019:16:11:38 -0300] "GET /cormun/servlet/trpermisosadjuntos?17234797,20191014165907,P, HTTP/1.1" 200 6656
200.54.103.162 - - [14/Oct/2019:16:11:40 -0300] "GET /cormun/servlet/trpermisosadjuntos?17234797,20191014165907,P, HTTP/1.1" 200 6655
200.54.103.162 - - [14/Oct/2019:16:11:41 -0300] "GET /cormun/servlet/permisosadjuntos?INS,17234797,P,20191014165907,, HTTP/1.1" 200 5987
200.54.103.162 - - [14/Oct/2019:16:11:42 -0300] "GET /cormun/static/about:blank HTTP/1.1" 404 1011
200.54.103.162 - - [14/Oct/2019:16:11:42 -0300] "GET /cormun/servlet/permisosadjuntos?INS,17234797,P,20191014165907,, HTTP/1.1" 200 5976
200.54.103.162 - - [14/Oct/2019:16:11:51 -0300] "POST /cormun/servlet/permisosadjuntos?79ef7b471b60ec968963fdbd78464417,INS,17234797,P,20191014165907,, HTTP/1.1" 200 116
200.54.103.162 - - [14/Oct/2019:16:11:51 -0300] "GET /cormun/servlet/hpexe_return? HTTP/1.1" 200 1042
200.54.103.162 - - [14/Oct/2019:16:11:51 -0300] "GET /cormun/servlet/trpermisosadjuntos?17234797,20191014165907,P, HTTP/1.1" 200 7174
200.54.103.162 - - [14/Oct/2019:16:11:52 -0300] "GET /cormun/servlet/trpermisosadjuntos?17234797,20191014165907,P, HTTP/1.1" 200 7171
200.54.103.162 - - [14/Oct/2019:16:11:56 -0300] "POST /cormun/servlet/trpermisosadjuntos?79ef7b471b60ec968963fdbd78464417,17234797,20191014165907,P,,gx-no-cache=1571079990337 HTTP/1.1" 200 90
200.54.103.162 - - [14/Oct/2019:16:11:56 -0300] "GET /cormun/servlet/hpexe_link HTTP/1.1" 200 988
200.54.103.162 - - [14/Oct/2019:16:11:57 -0300] "GET /cormun/servlet/trpermisosgoce HTTP/1.1" 200 14960
200.54.103.162 - - [14/Oct/2019:16:11:58 -0300] "GET /cormun/servlet/trpermisosgoce HTTP/1.1" 200 14952
200.54.103.162 - - [14/Oct/2019:16:12:02 -0300] "POST /cormun/servlet/trpermisosgoce?79ef7b471b60ec968963fdbd78464417,gx-no-cache=1571079995764 HTTP/1.1" 200 12087
200.54.103.162 - - [14/Oct/2019:16:12:06 -0300] "GET /cormun/servlet/trpermisosadjuntos?15108514,20191014165936,P, HTTP/1.1" 200 6648
200.54.103.162 - - [14/Oct/2019:16:12:07 -0300] "GET /cormun/servlet/trpermisosadjuntos?15108514,20191014165936,P, HTTP/1.1" 200 6647
200.54.103.162 - - [14/Oct/2019:16:12:09 -0300] "GET /cormun/servlet/permisosadjuntos?INS,15108514,P,20191014165936,, HTTP/1.1" 200 5981
200.54.103.162 - - [14/Oct/2019:16:12:09 -0300] "GET /cormun/static/about:blank HTTP/1.1" 404 1011
200.54.103.162 - - [14/Oct/2019:16:12:10 -0300] "GET /cormun/servlet/permisosadjuntos?INS,15108514,P,20191014165936,, HTTP/1.1" 200 5971
200.54.103.162 - - [14/Oct/2019:16:12:18 -0300] "POST /cormun/servlet/permisosadjuntos?79ef7b471b60ec968963fdbd78464417,INS,15108514,P,20191014165936,, HTTP/1.1" 200 116
200.54.103.162 - - [14/Oct/2019:16:12:18 -0300] "GET /cormun/servlet/hpexe_return? HTTP/1.1" 200 1041
200.54.103.162 - - [14/Oct/2019:16:12:18 -0300] "GET /cormun/servlet/trpermisosadjuntos?15108514,20191014165936,P, HTTP/1.1" 200 7150
200.54.103.162 - - [14/Oct/2019:16:12:19 -0300] "GET /cormun/servlet/trpermisosadjuntos?15108514,20191014165936,P, HTTP/1.1" 200 7145
200.54.103.162 - - [14/Oct/2019:16:12:24 -0300] "POST /cormun/servlet/trpermisosadjuntos?79ef7b471b60ec968963fdbd78464417,15108514,20191014165936,P,,gx-no-cache=1571080017433 HTTP/1.1" 200 90
200.54.103.162 - - [14/Oct/2019:16:12:24 -0300] "GET /cormun/servlet/hpexe_link HTTP/1.1" 200 1008
200.54.103.162 - - [14/Oct/2019:16:12:24 -0300] "GET /cormun/servlet/trpermisosgoce?gx-no-cache=1571079995764 HTTP/1.1" 200 14936
200.54.103.162 - - [14/Oct/2019:16:12:25 -0300] "GET /cormun/servlet/trpermisosgoce?gx-no-cache=1571079995764 HTTP/1.1" 200 14978
200.54.103.162 - - [14/Oct/2019:16:12:28 -0300] "POST /cormun/servlet/trpermisosgoce?79ef7b471b60ec968963fdbd78464417,gx-no-cache=1571079995764,gx-no-cache=1571080021884 HTTP/1.1" 200 12078
200.54.103.162 - - [14/Oct/2019:16:12:32 -0300] "GET /cormun/servlet/trpermisosadjuntos?12913525,20191014170000,P, HTTP/1.1" 200 6666
200.54.103.162 - - [14/Oct/2019:16:12:33 -0300] "GET /cormun/servlet/trpermisosadjuntos?12913525,20191014170000,P, HTTP/1.1" 200 6643
200.54.103.162 - - [14/Oct/2019:16:12:35 -0300] "GET /cormun/servlet/permisosadjuntos?INS,12913525,P,20191014170000,, HTTP/1.1" 200 5981
200.54.103.162 - - [14/Oct/2019:16:12:35 -0300] "GET /cormun/static/about:blank HTTP/1.1" 404 1011
200.54.103.162 - - [14/Oct/2019:16:12:36 -0300] "GET /cormun/servlet/permisosadjuntos?INS,12913525,P,20191014170000,, HTTP/1.1" 200 5971
200.54.103.162 - - [14/Oct/2019:16:12:42 -0300] "POST /cormun/servlet/permisosadjuntos?79ef7b471b60ec968963fdbd78464417,INS,12913525,P,20191014170000,, HTTP/1.1" 200 116
200.54.103.162 - - [14/Oct/2019:16:12:42 -0300] "GET /cormun/servlet/hpexe_return? HTTP/1.1" 200 1041
200.54.103.162 - - [14/Oct/2019:16:12:43 -0300] "GET /cormun/servlet/trpermisosadjuntos?12913525,20191014170000,P, HTTP/1.1" 200 7144
200.54.103.162 - - [14/Oct/2019:16:12:44 -0300] "GET /cormun/servlet/trpermisosadjuntos?12913525,20191014170000,P, HTTP/1.1" 200 7142
200.54.103.162 - - [14/Oct/2019:16:12:46 -0300] "POST /cormun/servlet/trpermisosadjuntos?79ef7b471b60ec968963fdbd78464417,12913525,20191014170000,P,,gx-no-cache=1571080039736 HTTP/1.1" 200 90
200.54.103.162 - - [14/Oct/2019:16:12:46 -0300] "GET /cormun/servlet/hpexe_link HTTP/1.1" 200 1007
200.54.103.162 - - [14/Oct/2019:16:12:46 -0300] "GET /cormun/servlet/trpermisosgoce?gx-no-cache=1571079995764 HTTP/1.1" 200 14952
200.54.103.162 - - [14/Oct/2019:16:12:48 -0300] "GET /cormun/servlet/trpermisosgoce?gx-no-cache=1571079995764 HTTP/1.1" 200 14978
186.103.159.188 - - [14/Oct/2019:16:12:49 -0300] "GET /cormun/servlet/hlogin HTTP/1.1" 200 1715
200.54.103.162 - - [14/Oct/2019:16:12:50 -0300] "POST /cormun/servlet/trpermisosgoce?79ef7b471b60ec968963fdbd78464417,gx-no-cache=1571079995764,gx-no-cache=1571080043996 HTTP/1.1" 200 12069
200.54.103.162 - - [14/Oct/2019:16:12:57 -0300] "GET /cormun/servlet/trpermisosadjuntos?11888168,20191014170023,P, HTTP/1.1" 200 6666
186.103.159.188 - - [14/Oct/2019:16:12:57 -0300] "POST /cormun/servlet/hlogin?7130b269e5bac23782cd54881872d4a0,gx-no-cache=1571080051291 HTTP/1.1" 200 90
186.103.159.188 - - [14/Oct/2019:16:12:57 -0300] "GET /cormun/servlet/hpexe_link HTTP/1.1" 200 945
186.103.159.188 - - [14/Oct/2019:16:12:57 -0300] "GET /cormun/servlet/hhome HTTP/1.1" 200 4049
186.103.159.188 - - [14/Oct/2019:16:12:58 -0300] "GET /cormun/servlet/hhome HTTP/1.1" 200 4044
200.54.103.162 - - [14/Oct/2019:16:12:58 -0300] "GET /cormun/servlet/trpermisosadjuntos?11888168,20191014170023,P, HTTP/1.1" 200 6644
200.54.103.162 - - [14/Oct/2019:16:12:59 -0300] "GET /cormun/servlet/permisosadjuntos?INS,11888168,P,20191014170023,, HTTP/1.1" 200 5977
200.54.103.162 - - [14/Oct/2019:16:13:00 -0300] "GET /cormun/static/about:blank HTTP/1.1" 404 1011
186.103.159.188 - - [14/Oct/2019:16:13:00 -0300] "GET /cormun/servlet/trlicencias? HTTP/1.1" 200 13463
200.54.103.162 - - [14/Oct/2019:16:13:01 -0300] "GET /cormun/servlet/permisosadjuntos?INS,11888168,P,20191014170023,, HTTP/1.1" 200 5966
186.103.159.188 - - [14/Oct/2019:16:13:01 -0300] "GET /cormun/servlet/trlicencias? HTTP/1.1" 200 13460
200.54.103.162 - - [14/Oct/2019:16:13:12 -0300] "POST /cormun/servlet/permisosadjuntos?79ef7b471b60ec968963fdbd78464417,INS,11888168,P,20191014170023,, HTTP/1.1" 200 116
200.54.103.162 - - [14/Oct/2019:16:13:12 -0300] "GET /cormun/servlet/hpexe_return? HTTP/1.1" 200 1041
200.54.103.162 - - [14/Oct/2019:16:13:13 -0300] "GET /cormun/servlet/trpermisosadjuntos?11888168,20191014170023,P, HTTP/1.1" 200 7140
200.54.103.162 - - [14/Oct/2019:16:13:14 -0300] "GET /cormun/servlet/trpermisosadjuntos?11888168,20191014170023,P, HTTP/1.1" 200 7138
200.54.103.162 - - [14/Oct/2019:16:13:15 -0300] "POST /cormun/servlet/trpermisosadjuntos?79ef7b471b60ec968963fdbd78464417,11888168,20191014170023,P,,gx-no-cache=1571080068943 HTTP/1.1" 200 90
200.54.103.162 - - [14/Oct/2019:16:13:15 -0300] "GET /cormun/servlet/hpexe_link HTTP/1.1" 200 1008
200.54.103.162 - - [14/Oct/2019:16:13:15 -0300] "GET /cormun/servlet/trpermisosgoce?gx-no-cache=1571079995764 HTTP/1.1" 200 14960
200.54.103.162 - - [14/Oct/2019:16:13:17 -0300] "GET /cormun/servlet/trpermisosgoce?gx-no-cache=1571079995764 HTTP/1.1" 200 14963
200.54.103.162 - - [14/Oct/2019:16:13:25 -0300] "POST /cormun/servlet/trpermisosgoce?79ef7b471b60ec968963fdbd78464417,gx-no-cache=1571079995764,gx-no-cache=1571080078613 HTTP/1.1" 200 12092
200.54.103.162 - - [14/Oct/2019:16:13:31 -0300] "GET /cormun/servlet/trpermisosadjuntos?9067815,20191014170045,P, HTTP/1.1" 200 6675
200.54.103.162 - - [14/Oct/2019:16:13:33 -0300] "GET /cormun/servlet/trpermisosadjuntos?9067815,20191014170045,P, HTTP/1.1" 200 6653
200.54.103.162 - - [14/Oct/2019:16:13:34 -0300] "GET /cormun/servlet/permisosadjuntos?INS,9067815,P,20191014170045,, HTTP/1.1" 200 5983
200.54.103.162 - - [14/Oct/2019:16:13:34 -0300] "GET /cormun/static/about:blank HTTP/1.1" 404 1011
200.54.103.162 - - [14/Oct/2019:16:13:35 -0300] "GET /cormun/servlet/permisosadjuntos?INS,9067815,P,20191014170045,, HTTP/1.1" 200 5973
200.54.103.162 - - [14/Oct/2019:16:13:42 -0300] "POST /cormun/servlet/permisosadjuntos?79ef7b471b60ec968963fdbd78464417,INS,9067815,P,20191014170045,, HTTP/1.1" 200 116
192.168.10.96 - - [14/Oct/2019:16:13:43 -0300] "GET /cormun/servlet/trsolicitudgral? HTTP/1.1" 200 12344
200.54.103.162 - - [14/Oct/2019:16:13:43 -0300] "GET /cormun/servlet/hpexe_return? HTTP/1.1" 200 1039
200.54.103.162 - - [14/Oct/2019:16:13:43 -0300] "GET /cormun/servlet/trpermisosadjuntos?9067815,20191014170045,P, HTTP/1.1" 200 7153
192.168.10.96 - - [14/Oct/2019:16:13:43 -0300] "GET /cormun/static/Resources/PXToolsDataSearch.png HTTP/1.1" 200 419
192.168.10.96 - - [14/Oct/2019:16:13:43 -0300] "GET /cormun/static/Resources/PXToolsGridLastDisabled.gif HTTP/1.1" 200 98
192.168.10.96 - - [14/Oct/2019:16:13:43 -0300] "GET /cormun/static/Resources/PXToolsGridPage.gif HTTP/1.1" 200 725
192.168.10.96 - - [14/Oct/2019:16:13:43 -0300] "GET /cormun/static/Resources/PXToolsActionExcel.png HTTP/1.1" 200 3187
192.168.10.96 - - [14/Oct/2019:16:13:43 -0300] "GET /cormun/static/Resources/PXToolsAddAllStandardAction.png HTTP/1.1" 200 628
192.168.10.96 - - [14/Oct/2019:16:13:43 -0300] "GET /cormun/static/Resources/PXToolsRemoveAllStandardAction.png HTTP/1.1" 200 495
192.168.10.96 - - [14/Oct/2019:16:13:43 -0300] "GET /cormun/static/Resources/PXToolsGridNextDisabled.gif HTTP/1.1" 200 90
192.168.10.96 - - [14/Oct/2019:16:13:43 -0300] "GET /cormun/static/Resources/PXToolsFooterBackground2.png HTTP/1.1" 200 1172
192.168.10.96 - - [14/Oct/2019:16:13:43 -0300] "GET /cormun/static/Resources/PXToolsHeaderBackground2.png HTTP/1.1" 200 1174
192.168.10.96 - - [14/Oct/2019:16:13:43 -0300] "GET /cormun/static/Resources/PXToolsHeaderActionsBackground.png HTTP/1.1" 200 484
192.168.10.96 - - [14/Oct/2019:16:13:43 -0300] "GET /cormun/static/Resources/PXToolsDataTitle.png HTTP/1.1" 200 1173
192.168.10.96 - - [14/Oct/2019:16:13:43 -0300] "GET /cormun/static/Resources/PXToolsButtonLeft21.png HTTP/1.1" 200 1287
192.168.10.96 - - [14/Oct/2019:16:13:43 -0300] "GET /cormun/static/Resources/PXToolsButtonRight21.png HTTP/1.1" 200 1283
192.168.10.96 - - [14/Oct/2019:16:13:43 -0300] "GET /cormun/static/Resources/PXToolsButtonBackground2.png HTTP/1.1" 200 1181
192.168.10.96 - - [14/Oct/2019:16:13:43 -0300] "GET /cormun//static/Resources/PXToolsGridUpdate.png HTTP/1.1" 200 2984
192.168.10.96 - - [14/Oct/2019:16:13:43 -0300] "GET /cormun//static/Resources/PXToolsGridDelete.png HTTP/1.1" 200 357
192.168.10.96 - - [14/Oct/2019:16:13:43 -0300] "GET /cormun/servlet/trsolicitudgral? HTTP/1.1" 200 12335
200.54.103.162 - - [14/Oct/2019:16:13:44 -0300] "GET /cormun/servlet/trpermisosadjuntos?9067815,20191014170045,P, HTTP/1.1" 200 7149
200.54.103.162 - - [14/Oct/2019:16:13:47 -0300] "POST /cormun/servlet/trpermisosadjuntos?79ef7b471b60ec968963fdbd78464417,9067815,20191014170045,P,,gx-no-cache=1571080100599 HTTP/1.1" 200 90
200.54.103.162 - - [14/Oct/2019:16:13:47 -0300] "GET /cormun/servlet/hpexe_link HTTP/1.1" 200 1007
192.168.10.96 - - [14/Oct/2019:16:13:47 -0300] "GET /cormun/servlet/vesolicitudgral?2019,12797,, HTTP/1.1" 200 9398
192.168.10.96 - - [14/Oct/2019:16:13:47 -0300] "GET /cormun/pexe_scrolldiv.js HTTP/1.1" 404 1009
200.54.103.162 - - [14/Oct/2019:16:13:47 -0300] "GET /cormun/servlet/trpermisosgoce?gx-no-cache=1571079995764 HTTP/1.1" 200 14953
192.168.10.96 - - [14/Oct/2019:16:13:47 -0300] "GET /cormun/static/Resources/PXToolsTabFirstSelected.png HTTP/1.1" 200 1259
192.168.10.96 - - [14/Oct/2019:16:13:47 -0300] "GET /cormun/static/Resources/PXToolsTabLastUnselected.png HTTP/1.1" 200 1291
192.168.10.96 - - [14/Oct/2019:16:13:47 -0300] "GET /cormun/static/Resources/PXToolsTabPrevious.gif HTTP/1.1" 200 172
192.168.10.96 - - [14/Oct/2019:16:13:47 -0300] "GET /cormun/static/Resources/PXToolsTabNext.gif HTTP/1.1" 200 168
192.168.10.96 - - [14/Oct/2019:16:13:47 -0300] "GET /cormun/servlet/vesolicitudgral?2019,12797,, HTTP/1.1" 200 9398
192.168.10.96 - - [14/Oct/2019:16:13:48 -0300] "GET /cormun/servlet/vesolicitudgral?2019,12797,,SolicitudOTAdjuntos HTTP/1.1" 200 8032
192.168.10.96 - - [14/Oct/2019:16:13:49 -0300] "GET /cormun/pexe_scrolldiv.js HTTP/1.1" 404 1009
192.168.10.96 - - [14/Oct/2019:16:13:49 -0300] "GET /cormun/static/Resources/PXToolsTabLastUnselected.png HTTP/1.1" 200 1291
200.54.103.162 - - [14/Oct/2019:16:13:49 -0300] "GET /cormun/servlet/trpermisosgoce?gx-no-cache=1571079995764 HTTP/1.1" 200 14968
192.168.10.96 - - [14/Oct/2019:16:13:49 -0300] "GET /cormun/servlet/vesolicitudgral?2019,12797,,SolicitudOTAdjuntos HTTP/1.1" 200 8033
192.168.10.96 - - [14/Oct/2019:16:13:50 -0300] "POST /cormun/servlet/acontrolpreferencessavestate?None,DZAMUDIO,true HTTP/1.1" 200 35
192.168.10.96 - - [14/Oct/2019:16:13:51 -0300] "POST /cormun/servlet/vesolicitudgral?0d6e85ad2f7de8ae41c5b9bef92c0792,2019,12797,,SolicitudOTAdjuntos,gx-no-cache=1571083598579 HTTP/1.1" 200 90
192.168.10.96 - - [14/Oct/2019:16:13:51 -0300] "GET /cormun/servlet/hpexe_link HTTP/1.1" 200 974
192.168.10.96 - - [14/Oct/2019:16:13:51 -0300] "GET /cormun/servlet/trsolicitudgral HTTP/1.1" 200 12337
192.168.10.96 - - [14/Oct/2019:16:13:51 -0300] "GET /cormun/static/gxui/gxui-all.css?120300 HTTP/1.1" 200 2179
192.168.10.96 - - [14/Oct/2019:16:13:52 -0300] "GET /cormun/servlet/trsolicitudgral HTTP/1.1" 200 12336
192.168.10.96 - - [14/Oct/2019:16:13:53 -0300] "GET /cormun/servlet/vesolicitudgral?2018,10069,, HTTP/1.1" 200 9400
200.54.103.162 - - [14/Oct/2019:16:13:53 -0300] "POST /cormun/servlet/trpermisosgoce?79ef7b471b60ec968963fdbd78464417,gx-no-cache=1571079995764,gx-no-cache=1571080106956 HTTP/1.1" 200 12082
192.168.10.96 - - [14/Oct/2019:16:13:53 -0300] "GET /cormun/pexe_scrolldiv.js HTTP/1.1" 404 1009
192.168.10.96 - - [14/Oct/2019:16:13:53 -0300] "GET /cormun/static/Resources/PXToolsTabLastUnselected.png HTTP/1.1" 200 1291
192.168.10.96 - - [14/Oct/2019:16:13:54 -0300] "GET /cormun/servlet/vesolicitudgral?2018,10069,, HTTP/1.1" 200 9400
192.168.10.96 - - [14/Oct/2019:16:13:56 -0300] "GET /cormun/servlet/vesolicitudgral?2018,10069,,SolicitudOTAdjuntos HTTP/1.1" 200 8032
192.168.10.96 - - [14/Oct/2019:16:13:57 -0300] "GET /cormun/pexe_scrolldiv.js HTTP/1.1" 404 1009
192.168.10.96 - - [14/Oct/2019:16:13:57 -0300] "GET /cormun/pexe_scrolldiv.js HTTP/1.1" 404 1009
192.168.10.96 - - [14/Oct/2019:16:13:57 -0300] "GET /cormun/static/Resources/PXToolsGridLastDisabled.gif HTTP/1.1" 200 98
192.168.10.96 - - [14/Oct/2019:16:13:57 -0300] "GET /cormun/servlet/vesolicitudgral?2018,10069,,SolicitudOTAdjuntos HTTP/1.1" 200 8033
192.168.10.96 - - [14/Oct/2019:16:13:58 -0300] "POST /cormun/servlet/acontrolpreferencessavestate?None,DZAMUDIO,true HTTP/1.1" 200 35
192.168.10.96 - - [14/Oct/2019:16:13:59 -0300] "POST /cormun/servlet/vesolicitudgral?0d6e85ad2f7de8ae41c5b9bef92c0792,2018,10069,,SolicitudOTAdjuntos,gx-no-cache=1571083606805 HTTP/1.1" 200 90
192.168.10.96 - - [14/Oct/2019:16:13:59 -0300] "GET /cormun/servlet/hpexe_link HTTP/1.1" 200 974
192.168.10.96 - - [14/Oct/2019:16:13:59 -0300] "GET /cormun/servlet/trsolicitudgral HTTP/1.1" 200 12337
192.168.10.96 - - [14/Oct/2019:16:14:00 -0300] "GET /cormun/servlet/trsolicitudgral HTTP/1.1" 200 12336
200.54.103.162 - - [14/Oct/2019:16:14:03 -0300] "GET /cormun/servlet/trpermisosadjuntos?9781383,20191014170106,P, HTTP/1.1" 200 6671
200.54.103.162 - - [14/Oct/2019:16:14:04 -0300] "GET /cormun/servlet/trpermisosadjuntos?9781383,20191014170106,P, HTTP/1.1" 200 6649
200.54.103.162 - - [14/Oct/2019:16:14:05 -0300] "GET /cormun/servlet/permisosadjuntos?INS,9781383,P,20191014170106,, HTTP/1.1" 200 5980
200.54.103.162 - - [14/Oct/2019:16:14:06 -0300] "GET /cormun/static/about:blank HTTP/1.1" 404 1011
200.54.103.162 - - [14/Oct/2019:16:14:07 -0300] "GET /cormun/servlet/permisosadjuntos?INS,9781383,P,20191014170106,, HTTP/1.1" 200 5970
192.168.10.96 - - [14/Oct/2019:16:14:09 -0300] "GET /cormun/servlet/vesolicitudgral?2017,7665,, HTTP/1.1" 200 9314
192.168.10.96 - - [14/Oct/2019:16:14:10 -0300] "GET /cormun/pexe_scrolldiv.js HTTP/1.1" 404 1009
192.168.10.96 - - [14/Oct/2019:16:14:10 -0300] "GET /cormun/static/Resources/PXToolsTabLastUnselected.png HTTP/1.1" 200 1291
192.168.10.96 - - [14/Oct/2019:16:14:10 -0300] "GET /cormun/servlet/vesolicitudgral?2017,7665,, HTTP/1.1" 200 9314
192.168.10.96 - - [14/Oct/2019:16:14:11 -0300] "GET /cormun/servlet/vesolicitudgral?2017,7665,,SolicitudOTAdjuntos HTTP/1.1" 200 8028
192.168.10.96 - - [14/Oct/2019:16:14:11 -0300] "GET /cormun/pexe_scrolldiv.js HTTP/1.1" 404 1009
192.168.10.96 - - [14/Oct/2019:16:14:11 -0300] "GET /cormun/static/Resources/PXToolsTabLastUnselected.png HTTP/1.1" 200 1291
192.168.10.96 - - [14/Oct/2019:16:14:12 -0300] "GET /cormun/servlet/vesolicitudgral?2017,7665,,SolicitudOTAdjuntos HTTP/1.1" 200 8029
192.168.10.96 - - [14/Oct/2019:16:14:13 -0300] "POST /cormun/servlet/acontrolpreferencessavestate?None,DZAMUDIO,true HTTP/1.1" 200 35
192.168.10.96 - - [14/Oct/2019:16:14:13 -0300] "POST /cormun/servlet/vesolicitudgral?0d6e85ad2f7de8ae41c5b9bef92c0792,2017,7665,,SolicitudOTAdjuntos,gx-no-cache=1571083620884 HTTP/1.1" 200 90
192.168.10.96 - - [14/Oct/2019:16:14:13 -0300] "GET /cormun/servlet/hpexe_link HTTP/1.1" 200 972
192.168.10.96 - - [14/Oct/2019:16:14:14 -0300] "GET /cormun/servlet/trsolicitudgral HTTP/1.1" 200 12337
192.168.10.96 - - [14/Oct/2019:16:14:14 -0300] "GET /cormun/servlet/trsolicitudgral HTTP/1.1" 200 12336
200.54.103.162 - - [14/Oct/2019:16:14:15 -0300] "POST /cormun/servlet/permisosadjuntos?79ef7b471b60ec968963fdbd78464417,INS,9781383,P,20191014170106,, HTTP/1.1" 200 116
200.54.103.162 - - [14/Oct/2019:16:14:15 -0300] "GET /cormun/servlet/hpexe_return? HTTP/1.1" 200 1039
192.168.10.96 - - [14/Oct/2019:16:14:16 -0300] "GET /cormun/servlet/vesolicitudgral?2018,10069,, HTTP/1.1" 200 9400
200.54.103.162 - - [14/Oct/2019:16:14:16 -0300] "GET /cormun/servlet/trpermisosadjuntos?9781383,20191014170106,P, HTTP/1.1" 200 7149
192.168.10.96 - - [14/Oct/2019:16:14:16 -0300] "GET /cormun/pexe_scrolldiv.js HTTP/1.1" 404 1009
192.168.10.96 - - [14/Oct/2019:16:14:16 -0300] "GET /cormun/static/Resources/PXToolsTabLastUnselected.png HTTP/1.1" 200 1291
192.168.10.96 - - [14/Oct/2019:16:14:16 -0300] "GET /cormun/servlet/vesolicitudgral?2018,10069,, HTTP/1.1" 200 9400
200.54.103.162 - - [14/Oct/2019:16:14:17 -0300] "GET /cormun/servlet/trpermisosadjuntos?9781383,20191014170106,P, HTTP/1.1" 200 7146
192.168.10.96 - - [14/Oct/2019:16:14:19 -0300] "POST /cormun/servlet/vesolicitudgral?0d6e85ad2f7de8ae41c5b9bef92c0792,2018,10069,,,gx-no-cache=1571083626550 HTTP/1.1" 200 90
192.168.10.96 - - [14/Oct/2019:16:14:19 -0300] "GET /cormun/servlet/hpexe_link HTTP/1.1" 200 962
192.168.10.96 - - [14/Oct/2019:16:14:19 -0300] "GET /cormun/servlet/trsolicitudgral HTTP/1.1" 200 12337
192.168.10.96 - - [14/Oct/2019:16:14:20 -0300] "GET /cormun/servlet/trsolicitudgral HTTP/1.1" 200 12336
200.54.103.162 - - [14/Oct/2019:16:14:20 -0300] "POST /cormun/servlet/trpermisosadjuntos?79ef7b471b60ec968963fdbd78464417,9781383,20191014170106,P,,gx-no-cache=1571080133992 HTTP/1.1" 200 90
200.54.103.162 - - [14/Oct/2019:16:14:20 -0300] "GET /cormun/servlet/hpexe_link HTTP/1.1" 200 1008
200.54.103.162 - - [14/Oct/2019:16:14:21 -0300] "GET /cormun/servlet/trpermisosgoce?gx-no-cache=1571079995764 HTTP/1.1" 200 14957
200.54.103.162 - - [14/Oct/2019:16:14:22 -0300] "GET /cormun/servlet/trpermisosgoce?gx-no-cache=1571079995764 HTTP/1.1" 200 14972
200.54.103.162 - - [14/Oct/2019:16:14:25 -0300] "POST /cormun/servlet/trpermisosgoce?79ef7b471b60ec968963fdbd78464417,gx-no-cache=1571079995764,gx-no-cache=1571080138795 HTTP/1.1" 200 12090
192.168.10.96 - - [14/Oct/2019:16:14:26 -0300] "POST /cormun/servlet/trsolicitudgral?0d6e85ad2f7de8ae41c5b9bef92c0792,gx-no-cache=1571083633582 HTTP/1.1" 200 90
192.168.10.96 - - [14/Oct/2019:16:14:26 -0300] "GET /cormun/servlet/hpexe_link HTTP/1.1" 200 951
192.168.10.96 - - [14/Oct/2019:16:14:26 -0300] "GET /cormun/servlet/hhome HTTP/1.1" 200 4769
192.168.10.96 - - [14/Oct/2019:16:14:26 -0300] "GET /cormun/static/gxcfg.js?20175251212442 HTTP/1.1" 200 953
192.168.10.96 - - [14/Oct/2019:16:14:26 -0300] "GET /cormun/servlet/hhome HTTP/1.1" 200 4766
200.54.103.162 - - [14/Oct/2019:16:14:32 -0300] "GET /cormun/servlet/trpermisosadjuntos?10135314,20191014170131,P, HTTP/1.1" 200 6669
200.54.103.162 - - [14/Oct/2019:16:14:33 -0300] "GET /cormun/servlet/trpermisosadjuntos?10135314,20191014170131,P, HTTP/1.1" 200 6647
200.54.103.162 - - [14/Oct/2019:16:14:35 -0300] "GET /cormun/servlet/permisosadjuntos?INS,10135314,P,20191014170131,, HTTP/1.1" 200 5976
200.54.103.162 - - [14/Oct/2019:16:14:35 -0300] "GET /cormun/static/about:blank HTTP/1.1" 404 1011
200.54.103.162 - - [14/Oct/2019:16:14:36 -0300] "GET /cormun/servlet/permisosadjuntos?INS,10135314,P,20191014170131,, HTTP/1.1" 200 5966
200.54.103.162 - - [14/Oct/2019:16:14:44 -0300] "POST /cormun/servlet/permisosadjuntos?79ef7b471b60ec968963fdbd78464417,INS,10135314,P,20191014170131,, HTTP/1.1" 200 116
200.54.103.162 - - [14/Oct/2019:16:14:44 -0300] "GET /cormun/servlet/hpexe_return? HTTP/1.1" 200 1040
200.54.103.162 - - [14/Oct/2019:16:14:45 -0300] "GET /cormun/servlet/trpermisosadjuntos?10135314,20191014170131,P, HTTP/1.1" 200 7147
200.54.103.162 - - [14/Oct/2019:16:14:46 -0300] "GET /cormun/servlet/trpermisosadjuntos?10135314,20191014170131,P, HTTP/1.1" 200 7143
200.54.103.162 - - [14/Oct/2019:16:14:48 -0300] "POST /cormun/servlet/trpermisosadjuntos?79ef7b471b60ec968963fdbd78464417,10135314,20191014170131,P,,gx-no-cache=1571080161783 HTTP/1.1" 200 90
200.54.103.162 - - [14/Oct/2019:16:14:48 -0300] "GET /cormun/servlet/hpexe_link HTTP/1.1" 200 1007
200.54.103.162 - - [14/Oct/2019:16:14:48 -0300] "GET /cormun/servlet/trpermisosgoce?gx-no-cache=1571079995764 HTTP/1.1" 200 14954
200.54.103.162 - - [14/Oct/2019:16:14:50 -0300] "GET /cormun/servlet/trpermisosgoce?gx-no-cache=1571079995764 HTTP/1.1" 200 14977
200.54.103.162 - - [14/Oct/2019:16:14:54 -0300] "POST /cormun/servlet/trpermisosgoce?79ef7b471b60ec968963fdbd78464417,gx-no-cache=1571079995764,gx-no-cache=1571080167227 HTTP/1.1" 200 12096
200.54.103.162 - - [14/Oct/2019:16:15:01 -0300] "GET /cormun/servlet/trpermisosadjuntos?9781383,20191014170106,P, HTTP/1.1" 200 7165
200.54.103.162 - - [14/Oct/2019:16:15:02 -0300] "GET /cormun/servlet/trpermisosadjuntos?9781383,20191014170106,P, HTTP/1.1" 200 7145
200.54.103.162 - - [14/Oct/2019:16:15:12 -0300] "GET /cormun/servlet/permisosadjuntos?INS,9781383,P,20191014170106,, HTTP/1.1" 200 5978
200.54.103.162 - - [14/Oct/2019:16:15:13 -0300] "GET /cormun/static/about:blank HTTP/1.1" 404 1011
200.54.103.162 - - [14/Oct/2019:16:15:13 -0300] "GET /cormun/servlet/permisosadjuntos?INS,9781383,P,20191014170106,, HTTP/1.1" 200 5971
200.54.103.162 - - [14/Oct/2019:16:15:25 -0300] "POST /cormun/servlet/permisosadjuntos?79ef7b471b60ec968963fdbd78464417,INS,9781383,P,20191014170106,, HTTP/1.1" 200 116
200.54.103.162 - - [14/Oct/2019:16:15:25 -0300] "GET /cormun/servlet/hpexe_return? HTTP/1.1" 200 1039
200.54.103.162 - - [14/Oct/2019:16:15:25 -0300] "GET /cormun/servlet/trpermisosadjuntos?9781383,20191014170106,P, HTTP/1.1" 200 7255
200.54.103.162 - - [14/Oct/2019:16:15:26 -0300] "GET /cormun/servlet/trpermisosadjuntos?9781383,20191014170106,P, HTTP/1.1" 200 7254
200.54.103.162 - - [14/Oct/2019:16:15:29 -0300] "POST /cormun/servlet/trpermisosadjuntos?79ef7b471b60ec968963fdbd78464417,9781383,20191014170106,P,,gx-no-cache=1571080203350 HTTP/1.1" 200 90
200.54.103.162 - - [14/Oct/2019:16:15:30 -0300] "GET /cormun/servlet/hpexe_link HTTP/1.1" 200 1008
200.54.103.162 - - [14/Oct/2019:16:15:30 -0300] "GET /cormun/servlet/trpermisosgoce?gx-no-cache=1571079995764 HTTP/1.1" 200 14946
200.54.103.162 - - [14/Oct/2019:16:15:31 -0300] "GET /cormun/servlet/trpermisosgoce?gx-no-cache=1571079995764 HTTP/1.1" 200 14983
200.54.103.162 - - [14/Oct/2019:16:15:45 -0300] "POST /cormun/servlet/trpermisosgoce?79ef7b471b60ec968963fdbd78464417,gx-no-cache=1571079995764,gx-no-cache=1571080218973 HTTP/1.1" 200 12100
200.54.103.162 - - [14/Oct/2019:16:16:26 -0300] "GET /cormun/servlet/trpermisosadjuntos?16846614,20191014170222,P, HTTP/1.1" 200 6668
200.54.103.162 - - [14/Oct/2019:16:16:27 -0300] "GET /cormun/servlet/trpermisosadjuntos?16846614,20191014170222,P, HTTP/1.1" 200 6646
200.54.103.162 - - [14/Oct/2019:16:16:30 -0300] "GET /cormun/servlet/permisosadjuntos?INS,16846614,P,20191014170222,, HTTP/1.1" 200 5978
200.54.103.162 - - [14/Oct/2019:16:16:30 -0300] "GET /cormun/static/about:blank HTTP/1.1" 404 1011
200.54.103.162 - - [14/Oct/2019:16:16:31 -0300] "GET /cormun/servlet/permisosadjuntos?INS,16846614,P,20191014170222,, HTTP/1.1" 200 5968
186.103.159.188 - - [14/Oct/2019:16:16:44 -0300] "GET /cormun/servlet/hlogin HTTP/1.1" 200 1717
186.103.159.188 - - [14/Oct/2019:16:16:51 -0300] "POST /cormun/servlet/hlogin?62cee2979d27552352dbab7ed0df755f,gx-no-cache=1571080284908 HTTP/1.1" 200 90
186.103.159.188 - - [14/Oct/2019:16:16:51 -0300] "GET /cormun/servlet/hpexe_link HTTP/1.1" 200 947
186.103.159.188 - - [14/Oct/2019:16:16:51 -0300] "GET /cormun/servlet/hhome HTTP/1.1" 200 4049
186.103.159.188 - - [14/Oct/2019:16:16:51 -0300] "GET /cormun/servlet/hhome HTTP/1.1" 200 4045
186.103.159.188 - - [14/Oct/2019:16:16:54 -0300] "GET /cormun/servlet/trlicencias? HTTP/1.1" 200 13380
186.103.159.188 - - [14/Oct/2019:16:16:54 -0300] "GET /cormun/servlet/trlicencias? HTTP/1.1" 200 13372
200.54.103.162 - - [14/Oct/2019:16:17:14 -0300] "POST /cormun/servlet/permisosadjuntos?79ef7b471b60ec968963fdbd78464417,INS,16846614,P,20191014170222,, HTTP/1.1" 200 116
200.54.103.162 - - [14/Oct/2019:16:17:14 -0300] "GET /cormun/servlet/hpexe_return? HTTP/1.1" 200 1041
200.54.103.162 - - [14/Oct/2019:16:17:14 -0300] "GET /cormun/servlet/trpermisosadjuntos?16846614,20191014170222,P, HTTP/1.1" 200 7141
200.54.103.162 - - [14/Oct/2019:16:17:15 -0300] "GET /cormun/servlet/trpermisosadjuntos?16846614,20191014170222,P, HTTP/1.1" 200 7139
200.54.103.162 - - [14/Oct/2019:16:17:24 -0300] "POST /cormun/servlet/trpermisosadjuntos?79ef7b471b60ec968963fdbd78464417,16846614,20191014170222,P,,gx-no-cache=1571080318174 HTTP/1.1" 200 90
200.54.103.162 - - [14/Oct/2019:16:17:24 -0300] "GET /cormun/servlet/hpexe_link HTTP/1.1" 200 1008
200.54.103.162 - - [14/Oct/2019:16:17:25 -0300] "GET /cormun/servlet/trpermisosgoce?gx-no-cache=1571079995764 HTTP/1.1" 200 14944
190.171.153.50 - - [14/Oct/2019:16:17:25 -0300] "POST /cormun/servlet/solicitudot?gx-no-cache=1571080318833 HTTP/1.1" 200 1360
200.54.103.162 - - [14/Oct/2019:16:17:26 -0300] "GET /cormun/servlet/trpermisosgoce?gx-no-cache=1571079995764 HTTP/1.1" 200 14974
190.171.153.50 - - [14/Oct/2019:16:17:28 -0300] "GET /cormun/static/Resources/resize.gif HTTP/1.1" 304 -
190.171.153.50 - - [14/Oct/2019:16:17:28 -0300] "GET /cormun/servlet/prlicenciaspermisos?18834102,L,,MD,,gxPopupLevel%3D0%3B HTTP/1.1" 200 6061
190.171.153.50 - - [14/Oct/2019:16:17:28 -0300] "GET /cormun/static/Shared/ext/resources/css/ext-all.css?205870 HTTP/1.1" 304 -
190.171.153.50 - - [14/Oct/2019:16:17:28 -0300] "GET /cormun/static/gxui/gxui-all.css?110300 HTTP/1.1" 304 -
190.171.153.50 - - [14/Oct/2019:16:17:28 -0300] "GET /cormun/static/gxcfg.js?20176272053834 HTTP/1.1" 200 953
190.171.153.50 - - [14/Oct/2019:16:17:28 -0300] "GET /cormun/static/Resources/PXToolsMenuSearchCancel.png HTTP/1.1" 304 -
190.171.153.50 - - [14/Oct/2019:16:17:28 -0300] "GET /cormun/static/Resources/PXToolsMenuSearch.png HTTP/1.1" 304 -
190.171.153.50 - - [14/Oct/2019:16:17:28 -0300] "GET /cormun/static/prlicenciaspermisos.js?20176272054050 HTTP/1.1" 200 13379
190.171.153.50 - - [14/Oct/2019:16:17:29 -0300] "GET /cormun/static/menusearch.js?201610171694467 HTTP/1.1" 304 -
190.171.153.50 - - [14/Oct/2019:16:17:29 -0300] "GET /cormun/static/hmpwkw011.js?20177612121862 HTTP/1.1" 304 -
200.54.103.162 - - [14/Oct/2019:16:17:34 -0300] "POST /cormun/servlet/trpermisosgoce?79ef7b471b60ec968963fdbd78464417,gx-no-cache=1571079995764,gx-no-cache=1571080327973 HTTP/1.1" 200 12069
200.54.103.162 - - [14/Oct/2019:16:17:41 -0300] "GET /cormun/servlet/trpermisosadjuntos?16846614,20191014170222,P, HTTP/1.1" 200 7158
190.171.153.50 - - [14/Oct/2019:16:17:43 -0300] "POST /cormun/servlet/solicitudot?gx-no-cache=1571080336642 HTTP/1.1" 200 41
190.171.153.50 - - [14/Oct/2019:16:17:43 -0300] "GET /cormun/servlet/solicitudot?bb75a033059fc38d4c77412aab17628af6390a6f52356474126ca2ba8a9806ca58d8c5293930238c36906b62217adb01b44f6943bfb7f1fcca6c0ce67526830948875a1f8a5fc3c5aec39289fdc3df0fd44f3031def368ad3c17dfa91532816b404a6bd8d84b83ebcc8cdf4e9314695e,gx-no-cache=1571080336747 HTTP/1.1" 200 110
200.54.103.162 - - [14/Oct/2019:16:17:43 -0300] "GET /cormun/servlet/trpermisosadjuntos?16846614,20191014170222,P, HTTP/1.1" 200 7138
190.171.153.50 - - [14/Oct/2019:16:17:43 -0300] "POST /cormun/servlet/solicitudot?gx-no-cache=1571080336896 HTTP/1.1" 200 97
190.171.153.50 - - [14/Oct/2019:16:17:47 -0300] "GET /cormun/servlet/solicitudot?bb75a033059fc38d4c77412aab17628a861cf2ae7ba2994d7b9e0f2243ec9ff5b24bdaa3f89c8fc364840ac12f68533a2c9a24e15dee30612b579a3a0eb9a9befc11ec98e92302472c8495947dc59450d2689fa960dada25d67cf25a87065fe1d13e1318eb0389a890af345728e290573cdbb0a3e1e768f3b92b745bc360ac770186c5927dec69ca6359704bf128e5748f2987d7cb72f79962b02468cbb915a5,gx-no-cache=1571080340937 HTTP/1.1" 200 29
190.171.153.50 - - [14/Oct/2019:16:17:57 -0300] "GET /cormun/static/menuarrow.gif HTTP/1.1" 404 1015
200.54.103.162 - - [14/Oct/2019:16:17:59 -0300] "POST /cormun/servlet/trpermisosadjuntos?79ef7b471b60ec968963fdbd78464417,16846614,20191014170222,P,,gx-no-cache=1571080351726 HTTP/1.1" 200 90
200.54.103.162 - - [14/Oct/2019:16:17:59 -0300] "GET /cormun/servlet/hpexe_link HTTP/1.1" 200 1008
200.54.103.162 - - [14/Oct/2019:16:17:59 -0300] "GET /cormun/servlet/trpermisosgoce?gx-no-cache=1571079995764 HTTP/1.1" 200 14953
200.54.103.162 - - [14/Oct/2019:16:18:01 -0300] "GET /cormun/servlet/trpermisosgoce?gx-no-cache=1571079995764 HTTP/1.1" 200 14963
200.54.103.162 - - [14/Oct/2019:16:18:04 -0300] "POST /cormun/servlet/trpermisosgoce?79ef7b471b60ec968963fdbd78464417,gx-no-cache=1571079995764,gx-no-cache=1571080357395 HTTP/1.1" 200 12100
190.171.153.50 - - [14/Oct/2019:16:18:11 -0300] "GET /cormun/servlet/solicitudot?bb75a033059fc38d4c77412aab17628a0b8a6c08a83c79c01aaa1c95a61e8244990e6670b8360f8348180bf2cb883f26,gx-no-cache=1571080364725 HTTP/1.1" 200 134
190.171.153.50 - - [14/Oct/2019:16:18:11 -0300] "GET /cormun/static/Shared/jqueryui/images/ui-bg_highlight-soft_100_c6c2c8_1x100.png HTTP/1.1" 404 1117
190.171.153.50 - - [14/Oct/2019:16:18:11 -0300] "GET /cormun/static/Shared/jqueryui/images/ui-icons_82798d_256x240.png HTTP/1.1" 404 1089
190.171.153.50 - - [14/Oct/2019:16:18:11 -0300] "GET /cormun/static/Shared/jqueryui/images/ui-bg_flat_55_994d53_40x100.png HTTP/1.1" 404 1097
190.171.153.50 - - [14/Oct/2019:16:18:11 -0300] "GET /cormun/static/Shared/jqueryui/images/ui-icons_ebccce_256x240.png HTTP/1.1" 404 1089
190.171.153.50 - - [14/Oct/2019:16:18:11 -0300] "POST /cormun/servlet/solicitudot?gx-no-cache=1571080365035 HTTP/1.1" 200 120
200.54.103.162 - - [14/Oct/2019:16:18:14 -0300] "GET /cormun/servlet/trpermisosadjuntos?17138656,20191014170246,P, HTTP/1.1" 200 6672
200.54.103.162 - - [14/Oct/2019:16:18:15 -0300] "GET /cormun/servlet/trpermisosadjuntos?17138656,20191014170246,P, HTTP/1.1" 200 6650
200.54.103.162 - - [14/Oct/2019:16:18:36 -0300] "GET /cormun/servlet/permisosadjuntos?INS,17138656,P,20191014170246,, HTTP/1.1" 200 5985
200.54.103.162 - - [14/Oct/2019:16:18:36 -0300] "GET /cormun/static/about:blank HTTP/1.1" 404 1011
190.171.153.50 - - [14/Oct/2019:16:18:37 -0300] "GET /cormun/servlet/prlicenciaspermisos?18834102,L,,MD,,gxPopupLevel%3D0%3B HTTP/1.1" 200 6061
200.54.103.162 - - [14/Oct/2019:16:18:37 -0300] "GET /cormun/servlet/permisosadjuntos?INS,17138656,P,20191014170246,, HTTP/1.1" 200 5975
186.103.159.186 - - [14/Oct/2019:16:18:51 -0300] "GET /cormun/servlet/trlicencias? HTTP/1.1" 200 14310
186.103.159.186 - - [14/Oct/2019:16:18:52 -0300] "GET /cormun/servlet/trlicencias? HTTP/1.1" 200 14322
200.54.103.162 - - [14/Oct/2019:16:18:58 -0300] "POST /cormun/servlet/permisosadjuntos?79ef7b471b60ec968963fdbd78464417,INS,17138656,P,20191014170246,, HTTP/1.1" 200 116
200.54.103.162 - - [14/Oct/2019:16:18:58 -0300] "GET /cormun/servlet/hpexe_return? HTTP/1.1" 200 1042
200.54.103.162 - - [14/Oct/2019:16:18:59 -0300] "GET /cormun/servlet/trpermisosadjuntos?17138656,20191014170246,P, HTTP/1.1" 200 7150
200.54.103.162 - - [14/Oct/2019:16:19:00 -0300] "GET /cormun/servlet/trpermisosadjuntos?17138656,20191014170246,P, HTTP/1.1" 200 7146
190.171.153.50 - - [14/Oct/2019:16:19:00 -0300] "GET /cormun/servlet/solicitudot?bb75a033059fc38d4c77412aab17628af6390a6f52356474126ca2ba8a9806ca58d8c5293930238c36906b62217adb01b44f6943bfb7f1fcca6c0ce67526830948875a1f8a5fc3c5aec39289fdc3df0fd44f3031def368ad3c17dfa91532816b404a6bd8d84b83ebcc8cdf4e9314695e,gx-no-cache=1571080414303 HTTP/1.1" 200 110
190.171.153.50 - - [14/Oct/2019:16:19:04 -0300] "GET /cormun/servlet/solicitudot?bb75a033059fc38d4c77412aab17628af6390a6f52356474126ca2ba8a9806ca58d8c5293930238c36906b62217adb01b44f6943bfb7f1fcca6c0ce67526830948875a1f8a5fc3c5aec39289fdc3df0fd44f3031def368ad3c17dfa91532816b404a6bd8d84b83ebcc8cdf4e9314695e,gx-no-cache=1571080417703 HTTP/1.1" 200 110
200.54.103.162 - - [14/Oct/2019:16:19:05 -0300] "POST /cormun/servlet/trpermisosadjuntos?79ef7b471b60ec968963fdbd78464417,17138656,20191014170246,P,,gx-no-cache=1571080418637 HTTP/1.1" 200 90
200.54.103.162 - - [14/Oct/2019:16:19:05 -0300] "GET /cormun/servlet/hpexe_link HTTP/1.1" 200 1008
200.54.103.162 - - [14/Oct/2019:16:19:05 -0300] "GET /cormun/servlet/trpermisosgoce?gx-no-cache=1571079995764 HTTP/1.1" 200 14958
200.54.103.162 - - [14/Oct/2019:16:19:07 -0300] "GET /cormun/servlet/trpermisosgoce?gx-no-cache=1571079995764 HTTP/1.1" 200 14962
190.171.153.50 - - [14/Oct/2019:16:19:12 -0300] "GET /cormun/servlet/solicitudot?bb75a033059fc38d4c77412aab17628a9d84c9dfaa9e72061a8be3e62eef3baf34b76955e357fedf5f856d58b77a64bb,gx-no-cache=1571080426504 HTTP/1.1" 200 134
190.171.153.50 - - [14/Oct/2019:16:19:13 -0300] "POST /cormun/servlet/solicitudot?gx-no-cache=1571080426604 HTTP/1.1" 200 34
200.54.103.162 - - [14/Oct/2019:16:19:16 -0300] "POST /cormun/servlet/trlicencias?1ac40ef551189f7b6c1a0499bca3be0e,gx-no-cache=1571080429566 HTTP/1.1" 440 972
200.54.103.162 - - [14/Oct/2019:16:19:17 -0300] "GET /cormun/servlet/trlicencias HTTP/1.1" 200 6131
190.171.153.50 - - [14/Oct/2019:16:19:18 -0300] "POST /cormun/servlet/solicitudot?43e8b9df82f0bb6ad56331f992ec612e,INS,0,0,,gx-no-cache=1571080431542 HTTP/1.1" 200 12475
200.54.103.162 - - [14/Oct/2019:16:19:18 -0300] "GET /cormun/servlet/hlogin HTTP/1.1" 200 1736
200.54.103.162 - - [14/Oct/2019:16:19:18 -0300] "GET /cormun/servlet/trlicencias HTTP/1.1" 200 6131
200.54.103.162 - - [14/Oct/2019:16:19:26 -0300] "POST /cormun/servlet/hlogin?dd5749f06740fbde9286753ff60202a6,gx-no-cache=1571080439995 HTTP/1.1" 200 90
200.54.103.162 - - [14/Oct/2019:16:19:26 -0300] "GET /cormun/servlet/hpexe_link HTTP/1.1" 200 957
200.54.103.162 - - [14/Oct/2019:16:19:26 -0300] "GET /cormun/servlet/trlicencias HTTP/1.1" 200 14823
200.54.103.162 - - [14/Oct/2019:16:19:27 -0300] "GET /cormun/servlet/trlicencias HTTP/1.1" 200 14802
200.54.103.162 - - [14/Oct/2019:16:19:36 -0300] "POST /cormun/servlet/trlicencias?dd5749f06740fbde9286753ff60202a6,gx-no-cache=1571080450017 HTTP/1.1" 200 12407
200.54.103.162 - - [14/Oct/2019:16:19:39 -0300] "POST /cormun/servlet/trpermisosgoce?79ef7b471b60ec968963fdbd78464417,gx-no-cache=1571079995764,gx-no-cache=1571080452244 HTTP/1.1" 200 12075
200.54.103.162 - - [14/Oct/2019:16:19:43 -0300] "GET /cormun/servlet/trpermisosadjuntos?15806809,20191014170309,P, HTTP/1.1" 200 6675
200.54.103.162 - - [14/Oct/2019:16:19:44 -0300] "GET /cormun/servlet/trpermisosadjuntos?15806809,20191014170309,P, HTTP/1.1" 200 6653
200.54.103.162 - - [14/Oct/2019:16:19:47 -0300] "GET /cormun/servlet/permisosadjuntos?INS,15806809,P,20191014170309,, HTTP/1.1" 200 5983
200.54.103.162 - - [14/Oct/2019:16:19:47 -0300] "GET /cormun/static/about:blank HTTP/1.1" 404 1011
200.54.103.162 - - [14/Oct/2019:16:19:48 -0300] "GET /cormun/servlet/permisosadjuntos?INS,15806809,P,20191014170309,, HTTP/1.1" 200 5973
200.54.103.162 - - [14/Oct/2019:16:20:23 -0300] "POST /cormun/servlet/permisosadjuntos?79ef7b471b60ec968963fdbd78464417,INS,15806809,P,20191014170309,, HTTP/1.1" 200 116
200.54.103.162 - - [14/Oct/2019:16:20:23 -0300] "GET /cormun/servlet/hpexe_return? HTTP/1.1" 200 1041
200.54.103.162 - - [14/Oct/2019:16:20:24 -0300] "GET /cormun/servlet/trpermisosadjuntos?15806809,20191014170309,P, HTTP/1.1" 200 7155
200.54.103.162 - - [14/Oct/2019:16:20:25 -0300] "GET /cormun/servlet/trpermisosadjuntos?15806809,20191014170309,P, HTTP/1.1" 200 7151
200.54.103.162 - - [14/Oct/2019:16:20:33 -0300] "POST /cormun/servlet/trpermisosadjuntos?79ef7b471b60ec968963fdbd78464417,15806809,20191014170309,P,,gx-no-cache=1571080507318 HTTP/1.1" 200 90
200.54.103.162 - - [14/Oct/2019:16:20:33 -0300] "GET /cormun/servlet/hpexe_link HTTP/1.1" 200 1007
200.54.103.162 - - [14/Oct/2019:16:20:34 -0300] "GET /cormun/servlet/trpermisosgoce?gx-no-cache=1571079995764 HTTP/1.1" 200 14943
200.54.103.162 - - [14/Oct/2019:16:20:35 -0300] "GET /cormun/servlet/trpermisosgoce?gx-no-cache=1571079995764 HTTP/1.1" 200 14949
200.54.103.162 - - [14/Oct/2019:16:20:40 -0300] "POST /cormun/servlet/trpermisosgoce?79ef7b471b60ec968963fdbd78464417,gx-no-cache=1571079995764,gx-no-cache=1571080513690 HTTP/1.1" 200 12083
200.54.103.162 - - [14/Oct/2019:16:21:01 -0300] "GET /cormun/servlet/trpermisosadjuntos?8494476,20191014170334,P, HTTP/1.1" 200 6670
200.54.103.162 - - [14/Oct/2019:16:21:03 -0300] "GET /cormun/servlet/trpermisosadjuntos?8494476,20191014170334,P, HTTP/1.1" 200 6648
200.54.103.162 - - [14/Oct/2019:16:21:06 -0300] "GET /cormun/servlet/permisosadjuntos?INS,8494476,P,20191014170334,, HTTP/1.1" 200 5981
200.54.103.162 - - [14/Oct/2019:16:21:06 -0300] "GET /cormun/static/about:blank HTTP/1.1" 404 1011
200.54.103.162 - - [14/Oct/2019:16:21:07 -0300] "GET /cormun/servlet/permisosadjuntos?INS,8494476,P,20191014170334,, HTTP/1.1" 200 5971
200.54.103.162 - - [14/Oct/2019:16:21:20 -0300] "POST /cormun/servlet/permisosadjuntos?79ef7b471b60ec968963fdbd78464417,INS,8494476,P,20191014170334,, HTTP/1.1" 200 116
200.54.103.162 - - [14/Oct/2019:16:21:20 -0300] "GET /cormun/servlet/hpexe_return? HTTP/1.1" 200 1040
200.54.103.162 - - [14/Oct/2019:16:21:20 -0300] "GET /cormun/servlet/trpermisosadjuntos?8494476,20191014170334,P, HTTP/1.1" 200 7147
200.54.103.162 - - [14/Oct/2019:16:21:21 -0300] "GET /cormun/servlet/trpermisosadjuntos?8494476,20191014170334,P, HTTP/1.1" 200 7143
200.54.103.162 - - [14/Oct/2019:16:21:29 -0300] "POST /cormun/servlet/trpermisosadjuntos?79ef7b471b60ec968963fdbd78464417,8494476,20191014170334,P,,gx-no-cache=1571080562838 HTTP/1.1" 200 90
200.54.103.162 - - [14/Oct/2019:16:21:29 -0300] "GET /cormun/servlet/hpexe_link HTTP/1.1" 200 1008
