190.171.141.90 - - [07/Oct/2019:12:27:22 -0300] "GET /cormun/static/Shared/jqueryui/jquery-ui.min.css?1245370 HTTP/1.1" 200 30288
190.171.141.90 - - [07/Oct/2019:12:27:22 -0300] "GET /cormun/static/Resources/Spanish/PXTools.css?11423723 HTTP/1.1" 200 89042
190.171.141.90 - - [07/Oct/2019:12:27:22 -0300] "GET /cormun/static/SmoothNavMenu/resources/ddsmoothmenu-v.css?1012540 HTTP/1.1" 200 1188
190.171.141.90 - - [07/Oct/2019:12:27:22 -0300] "GET /cormun/static/PXToolsJavascripts/pexe_cookies.js HTTP/1.1" 200 792
190.171.141.90 - - [07/Oct/2019:12:27:22 -0300] "GET /cormun/static/SmoothNavMenu/resources/ddsmoothmenu.css?1012540 HTTP/1.1" 200 2223
190.171.141.90 - - [07/Oct/2019:12:27:22 -0300] "GET /cormun/static/PXToolsJavascripts/pexe_windows.js HTTP/1.1" 200 15207
190.171.141.90 - - [07/Oct/2019:12:27:22 -0300] "GET /cormun/static/PXToolsJavascripts/pexe_grid.js HTTP/1.1" 200 7559
190.171.141.90 - - [07/Oct/2019:12:27:22 -0300] "GET /cormun/static/PXToolsJavascripts/pexe_griddivfix.js HTTP/1.1" 200 6644
190.171.141.90 - - [07/Oct/2019:12:27:22 -0300] "GET /cormun/static/PXToolsJavascripts/pexe_link.js HTTP/1.1" 200 5671
190.171.141.90 - - [07/Oct/2019:12:27:22 -0300] "GET /cormun/static/PXToolsJavascripts/pexe_menudivfix.js HTTP/1.1" 200 333
190.171.141.90 - - [07/Oct/2019:12:27:22 -0300] "GET /cormun/static/PXToolsJavascripts/pexe_menus.js HTTP/1.1" 200 1286
190.171.141.90 - - [07/Oct/2019:12:27:22 -0300] "GET /cormun/static/PXToolsJavascripts/pexe_layers.js HTTP/1.1" 200 4114
190.171.141.90 - - [07/Oct/2019:12:27:22 -0300] "GET /cormun/static/PXToolsJavascripts/pexe_oav.js HTTP/1.1" 200 645
190.171.141.90 - - [07/Oct/2019:12:27:22 -0300] "GET /cormun/static/PXToolsJavascripts/pexe_oavdivfix.js HTTP/1.1" 200 639
190.171.141.90 - - [07/Oct/2019:12:27:22 -0300] "GET /cormun/static/PXToolsJavascripts/pexe_picture.js HTTP/1.1" 200 689
190.171.141.90 - - [07/Oct/2019:12:27:22 -0300] "GET /cormun/static/PXToolsJavascripts/pexe_popup.js HTTP/1.1" 200 13458
190.171.141.90 - - [07/Oct/2019:12:27:22 -0300] "GET /cormun/static/PXToolsJavascripts/pexe_scrolldiv.js HTTP/1.1" 200 4138
190.171.141.90 - - [07/Oct/2019:12:27:22 -0300] "GET /cormun/static/PXToolsJavascripts/pexe_tabdivfix.js HTTP/1.1" 200 876
190.171.141.90 - - [07/Oct/2019:12:27:22 -0300] "GET /cormun/static/PXToolsJavascripts/pexe_upload.js HTTP/1.1" 200 1423
190.171.141.90 - - [07/Oct/2019:12:27:22 -0300] "GET /cormun/static/PXToolsJavascripts/PXToolsJavascriptsRender.js HTTP/1.1" 200 367
190.171.141.90 - - [07/Oct/2019:12:27:22 -0300] "GET /cormun/static/PXToolsJavascripts/pexe_tabs.js HTTP/1.1" 200 3748
190.171.141.90 - - [07/Oct/2019:12:27:22 -0300] "GET /cormun/static/Resources/logo4.png HTTP/1.1" 200 6582
190.171.141.90 - - [07/Oct/2019:12:27:22 -0300] "GET /cormun/static/Resources/PXToolsHeaderActionsLeft.png HTTP/1.1" 200 1118
190.171.141.90 - - [07/Oct/2019:12:27:22 -0300] "GET /cormun/static/RunJS/RunJS.js HTTP/1.1" 200 288
190.171.141.90 - - [07/Oct/2019:12:27:22 -0300] "GET /cormun/static/Shared/ext/locale/ext-lang-en.js HTTP/1.1" 200 10940
190.171.141.90 - - [07/Oct/2019:12:27:22 -0300] "GET /cormun/static/hhome.js?20175251212450 HTTP/1.1" 200 777
190.171.141.90 - - [07/Oct/2019:12:27:22 -0300] "GET /cormun/static/hwchdr01.js?201752511465785 HTTP/1.1" 200 1183
190.171.141.90 - - [07/Oct/2019:12:27:22 -0300] "GET /cormun/static/Resources/PXToolsFooterBackground2.png HTTP/1.1" 200 1172
190.171.141.90 - - [07/Oct/2019:12:27:22 -0300] "GET /cormun/static/Resources/PXToolsHeaderBackground2.png HTTP/1.1" 200 1174
190.171.141.90 - - [07/Oct/2019:12:27:22 -0300] "GET /cormun/static/Resources/PXToolsDataTitle.png HTTP/1.1" 200 1173
190.171.141.90 - - [07/Oct/2019:12:27:22 -0300] "GET /cormun/static/hpexe_recentlink.js?20177611595044 HTTP/1.1" 200 2144
190.171.141.90 - - [07/Oct/2019:12:27:22 -0300] "GET /cormun/static/Resources/PXToolsHeaderActionsBackground.png HTTP/1.1" 200 484
190.171.141.90 - - [07/Oct/2019:12:27:22 -0300] "GET /cormun/static/Resources/PXToolsHeaderHome.png HTTP/1.1" 200 4147
190.171.141.90 - - [07/Oct/2019:12:27:22 -0300] "GET /cormun/static/gxui/gxui-all.js HTTP/1.1" 200 107772
190.171.141.90 - - [07/Oct/2019:12:27:22 -0300] "GET /cormun/static/Resources/PXToolsHeaderPreferences.png HTTP/1.1" 200 4189
190.171.141.90 - - [07/Oct/2019:12:27:22 -0300] "GET /cormun/static/Resources/PXToolsHeaderSecurity.png HTTP/1.1" 200 4166
190.171.141.90 - - [07/Oct/2019:12:27:22 -0300] "GET /cormun/static/Resources/PXToolsHeaderLogin.png HTTP/1.1" 200 4279
190.171.141.90 - - [07/Oct/2019:12:27:22 -0300] "GET /cormun/static/Resources/PXToolsHeaderActionsRight.png HTTP/1.1" 200 1201
190.171.141.90 - - [07/Oct/2019:12:27:22 -0300] "GET /cormun/static/hpexe_scripts.js?201752511465715 HTTP/1.1" 200 1544
190.171.141.90 - - [07/Oct/2019:12:27:22 -0300] "GET /cormun/static/hpexe_messagepopupcomponent.js?20161017169425 HTTP/1.1" 200 605
190.171.141.90 - - [07/Oct/2019:12:27:23 -0300] "GET /cormun/static/hpexe_messagegenexuscomponent.js?201752511465344 HTTP/1.1" 200 587
190.171.141.90 - - [07/Oct/2019:12:27:23 -0300] "GET /cormun/static/hpexe_messagecontroller.js?20177611595012 HTTP/1.1" 200 870
190.171.141.90 - - [07/Oct/2019:12:27:23 -0300] "GET /cormun/static/cmcontrolpreferences.js?201752511465670 HTTP/1.1" 200 1375
190.171.141.90 - - [07/Oct/2019:12:27:23 -0300] "GET /cormun/static/Shared/jquery/jquery-1.4.2.min.js HTTP/1.1" 200 72174
190.171.141.90 - - [07/Oct/2019:12:27:23 -0300] "GET /cormun/static/SmoothNavMenu/resources/ddsmoothmenu.js HTTP/1.1" 200 12712
190.171.141.90 - - [07/Oct/2019:12:27:23 -0300] "GET /cormun/static/SmoothNavMenu/resources/SmoothNavMenuRender.js HTTP/1.1" 200 5951
190.171.141.90 - - [07/Oct/2019:12:27:23 -0300] "GET /cormun/static/Shared/jquery/jquery-1.10.2.min.js HTTP/1.1" 200 273199
190.171.141.90 - - [07/Oct/2019:12:27:23 -0300] "GET /cormun/static/scaMessage/js/jquery.pnotify.min.js HTTP/1.1" 200 13038
190.171.141.90 - - [07/Oct/2019:12:27:23 -0300] "GET /cormun/static/scaMessage/scaMessageRender.js HTTP/1.1" 200 11977
190.171.141.90 - - [07/Oct/2019:12:27:23 -0300] "GET /cormun/static/hmpwkw03.js?20189613443875 HTTP/1.1" 200 3965
190.171.141.90 - - [07/Oct/2019:12:27:23 -0300] "GET /cormun/static/Shared/jqueryui/jquery-ui.min.js HTTP/1.1" 200 240427
190.171.141.90 - - [07/Oct/2019:12:27:23 -0300] "GET /cormun/static/Shared/ext/ext-all.js HTTP/1.1" 200 1289687
190.171.141.90 - - [07/Oct/2019:12:27:24 -0300] "GET /cormun/static/SmoothNavMenu/resources/images/down.gif HTTP/1.1" 200 854
190.171.141.90 - - [07/Oct/2019:12:27:24 -0300] "GET /cormun/servlet/hhome HTTP/1.1" 200 4027
190.171.141.90 - - [07/Oct/2019:12:27:26 -0300] "GET /cormun/servlet/trlicencias? HTTP/1.1" 200 11916
190.171.141.90 - - [07/Oct/2019:12:27:26 -0300] "GET /cormun/static/gxui/gxui-all.css?110300 HTTP/1.1" 200 2179
190.171.141.90 - - [07/Oct/2019:12:27:26 -0300] "GET /cormun/static/calendar-system.css?75620 HTTP/1.1" 200 5572
190.171.141.90 - - [07/Oct/2019:12:27:26 -0300] "GET /cormun/static/gxcfg.js?20176272054169 HTTP/1.1" 200 953
190.171.141.90 - - [07/Oct/2019:12:27:26 -0300] "GET /cormun/static/calendar.js?85251 HTTP/1.1" 200 26246
190.171.141.90 - - [07/Oct/2019:12:27:26 -0300] "GET /cormun/static/calendar-setup.js?85251 HTTP/1.1" 200 2588
190.171.141.90 - - [07/Oct/2019:12:27:26 -0300] "GET /cormun/static/calendar-es.js?85251 HTTP/1.1" 200 1901
190.171.141.90 - - [07/Oct/2019:12:27:26 -0300] "GET /cormun/static/Resources/PXTools/calendar.png HTTP/1.1" 200 1306
190.171.141.90 - - [07/Oct/2019:12:27:26 -0300] "GET /cormun/static/Resources/Spanish/PXTools.css?17315867 HTTP/1.1" 200 89042
190.171.141.90 - - [07/Oct/2019:12:27:27 -0300] "GET /cormun/static/Resources/PXToolsDataSearch.png HTTP/1.1" 200 419
190.171.141.90 - - [07/Oct/2019:12:27:27 -0300] "GET /cormun/static/Shared/ext/resources/css/ext-all.css?205870 HTTP/1.1" 200 416045
190.171.141.90 - - [07/Oct/2019:12:27:27 -0300] "GET /cormun/static/gxdec.js?85251 HTTP/1.1" 200 19579
190.171.141.90 - - [07/Oct/2019:12:27:27 -0300] "GET /cormun/static/trlicencias.js?20176272054837 HTTP/1.1" 200 41883
190.171.141.90 - - [07/Oct/2019:12:27:27 -0300] "GET /cormun/static/Resources/PXToolsGridPreviousDisabled.gif HTTP/1.1" 200 90
190.171.141.90 - - [07/Oct/2019:12:27:27 -0300] "GET /cormun/static/Resources/PXToolsGridLastDisabled.gif HTTP/1.1" 200 98
190.171.141.90 - - [07/Oct/2019:12:27:27 -0300] "GET /cormun/static/Resources/PXToolsGridFirstDisabled.gif HTTP/1.1" 200 100
190.171.141.90 - - [07/Oct/2019:12:27:27 -0300] "GET /cormun/static/Resources/PXToolsGridNextDisabled.gif HTTP/1.1" 200 90
190.171.141.90 - - [07/Oct/2019:12:27:27 -0300] "GET /cormun/static/Resources/PXToolsActionExcel.png HTTP/1.1" 200 3187
190.171.141.90 - - [07/Oct/2019:12:27:27 -0300] "GET /cormun/static/Resources/PXToolsGridPage.gif HTTP/1.1" 200 725
190.171.141.90 - - [07/Oct/2019:12:27:27 -0300] "GET /cormun/static/Resources/PXToolsGridNew.png HTTP/1.1" 200 2949
190.171.141.90 - - [07/Oct/2019:12:27:27 -0300] "GET /cormun/static/Resources/asc.gif HTTP/1.1" 200 67
190.171.141.90 - - [07/Oct/2019:12:27:27 -0300] "GET /cormun//static/Resources/PXToolsActionDisabled.gif HTTP/1.1" 200 53
190.171.141.90 - - [07/Oct/2019:12:27:27 -0300] "GET /cormun//static/Resources/PXTools/ActionInsert.png HTTP/1.1" 200 1482
190.171.141.90 - - [07/Oct/2019:12:27:27 -0300] "GET /cormun//static/Resources/PXToolsActionPrint.png HTTP/1.1" 200 3317
190.171.141.90 - - [07/Oct/2019:12:27:27 -0300] "GET /cormun//static/Resources/PXToolsHeaderFavorites.png HTTP/1.1" 200 2744
190.171.141.90 - - [07/Oct/2019:12:27:28 -0300] "GET /cormun//static/Resources/PXToolsHeaderHelp.png HTTP/1.1" 200 4055
190.171.141.90 - - [07/Oct/2019:12:27:28 -0300] "GET /cormun//static/Resources/PXToolsGridDisplay.png HTTP/1.1" 200 362
190.171.141.90 - - [07/Oct/2019:12:27:28 -0300] "GET /cormun/static/Shared/ext/resources/themes/images/default/tools/tool-sprites.gif HTTP/1.1" 200 5434
190.171.141.90 - - [07/Oct/2019:12:27:28 -0300] "GET /cormun/servlet/trlicencias? HTTP/1.1" 200 11906
190.171.141.90 - - [07/Oct/2019:12:27:28 -0300] "GET /cormun/static/Shared/ext/resources/themes/images/default/panel/bg-headersPanel.png HTTP/1.1" 200 255
190.171.141.90 - - [07/Oct/2019:12:27:28 -0300] "GET /cormun/static/Resources/desc.gif HTTP/1.1" 200 65
190.171.141.90 - - [07/Oct/2019:12:27:34 -0300] "GET /cormun/servlet/trlicencias? HTTP/1.1" 200 11913
190.171.141.90 - - [07/Oct/2019:12:27:36 -0300] "GET /cormun/servlet/trlicencias? HTTP/1.1" 200 11906
186.103.159.186 - - [07/Oct/2019:12:27:41 -0300] "POST /cormun/servlet/solicitudotadjuntos?e5a777be0f1e7a6396b5a845273e0333,INS,2019,16148,,1, HTTP/1.1" 200 116
186.103.159.186 - - [07/Oct/2019:12:27:41 -0300] "GET /cormun/servlet/hpexe_return? HTTP/1.1" 200 1024
186.103.159.186 - - [07/Oct/2019:12:27:42 -0300] "GET /cormun/servlet/trsolicitudadjuntos?2019,16148, HTTP/1.1" 200 9132
186.103.159.186 - - [07/Oct/2019:12:27:44 -0300] "GET /cormun/servlet/trsolicitudadjuntos?2019,16148, HTTP/1.1" 200 9131
186.103.159.186 - - [07/Oct/2019:12:27:45 -0300] "GET /cormun/servlet/solicitudotadjuntos?INS,2019,16148,,1, HTTP/1.1" 200 6076
186.103.159.186 - - [07/Oct/2019:12:27:45 -0300] "GET /cormun/static/about:blank HTTP/1.1" 404 1011
186.103.159.186 - - [07/Oct/2019:12:27:45 -0300] "GET /cormun/servlet/solicitudotadjuntos?INS,2019,16148,,1, HTTP/1.1" 200 6070
186.103.159.186 - - [07/Oct/2019:12:27:46 -0300] "GET /cormun/servlet/solicitudotadjuntos?75500446deb89855440a56a34497a1c6543580b5125a8eb7490c0ca6669889fe7aa0ab8f5e5b2bebc56468dd5412ecba,gx-no-cache=1570464948685 HTTP/1.1" 200 30
186.103.159.186 - - [07/Oct/2019:12:27:47 -0300] "POST /cormun/servlet/solicitudotadjuntos?e5a777be0f1e7a6396b5a845273e0333,INS,2019,16148,,1,,gx-no-cache=1570464949099 HTTP/1.1" 200 3888
186.103.159.186 - - [07/Oct/2019:12:27:49 -0300] "POST /cormun/servlet/solicitudotadjuntos?gx-no-cache=1570464952031 HTTP/1.1" 200 26
186.103.159.186 - - [07/Oct/2019:12:28:08 -0300] "GET /cormun/servlet/solicitudotadjuntos?75500446deb89855440a56a34497a1c68b9518bcaf69650a0ea1ab46d80b6c0f,gx-no-cache=1570464971159 HTTP/1.1" 200 30
186.103.159.186 - - [07/Oct/2019:12:28:08 -0300] "GET /cormun/servlet/solicitudotadjuntos?75500446deb89855440a56a34497a1c68b9518bcaf69650a0ea1ab46d80b6c0f,gx-no-cache=1570464971203 HTTP/1.1" 200 30
186.103.159.186 - - [07/Oct/2019:12:28:29 -0300] "POST /cormun/servlet/solicitudotadjuntos?e5a777be0f1e7a6396b5a845273e0333,INS,2019,16148,,1, HTTP/1.1" 200 116
186.103.159.186 - - [07/Oct/2019:12:28:29 -0300] "GET /cormun/servlet/hpexe_return? HTTP/1.1" 200 1024
186.103.159.186 - - [07/Oct/2019:12:28:30 -0300] "GET /cormun/servlet/trsolicitudadjuntos?2019,16148, HTTP/1.1" 200 9365
186.103.159.186 - - [07/Oct/2019:12:28:31 -0300] "GET /cormun/servlet/trsolicitudadjuntos?2019,16148, HTTP/1.1" 200 9360
186.103.159.186 - - [07/Oct/2019:12:28:33 -0300] "GET /cormun/servlet/solicitudotadjuntos?INS,2019,16148,,1, HTTP/1.1" 200 6075
186.103.159.186 - - [07/Oct/2019:12:28:33 -0300] "GET /cormun/static/about:blank HTTP/1.1" 404 1011
186.103.159.186 - - [07/Oct/2019:12:28:34 -0300] "GET /cormun/servlet/solicitudotadjuntos?75500446deb89855440a56a34497a1c6543580b5125a8eb7490c0ca6669889fe7aa0ab8f5e5b2bebc56468dd5412ecba,gx-no-cache=1570464996507 HTTP/1.1" 200 30
186.103.159.186 - - [07/Oct/2019:12:28:34 -0300] "GET /cormun/servlet/solicitudotadjuntos?INS,2019,16148,,1, HTTP/1.1" 200 6069
186.103.159.186 - - [07/Oct/2019:12:28:34 -0300] "POST /cormun/servlet/solicitudotadjuntos?e5a777be0f1e7a6396b5a845273e0333,INS,2019,16148,,1,,gx-no-cache=1570464996722 HTTP/1.1" 200 3888
186.103.159.186 - - [07/Oct/2019:12:28:36 -0300] "POST /cormun/servlet/solicitudotadjuntos?gx-no-cache=1570464998549 HTTP/1.1" 200 26
186.103.159.186 - - [07/Oct/2019:12:28:48 -0300] "GET /cormun/servlet/solicitudotadjuntos?75500446deb89855440a56a34497a1c68b9518bcaf69650a0ea1ab46d80b6c0f,gx-no-cache=1570465010381 HTTP/1.1" 200 30
186.103.159.186 - - [07/Oct/2019:12:28:48 -0300] "GET /cormun/servlet/solicitudotadjuntos?75500446deb89855440a56a34497a1c68b9518bcaf69650a0ea1ab46d80b6c0f,gx-no-cache=1570465010456 HTTP/1.1" 200 30
186.67.164.138 - - [07/Oct/2019:12:29:22 -0300] "GET /cormun/servlet/hlogin HTTP/1.1" 200 1720
186.67.164.138 - - [07/Oct/2019:12:29:49 -0300] "POST /cormun/servlet/hlogin?45dd872566ba6ffc98cfbd153bdfefeb,gx-no-cache=1570461864855 HTTP/1.1" 200 90
186.67.164.138 - - [07/Oct/2019:12:29:49 -0300] "GET /cormun/servlet/hpexe_link HTTP/1.1" 200 949
186.67.164.138 - - [07/Oct/2019:12:29:49 -0300] "GET /cormun/servlet/hhome HTTP/1.1" 200 4059
186.67.164.138 - - [07/Oct/2019:12:29:50 -0300] "GET /cormun/servlet/hhome HTTP/1.1" 200 4055
186.67.164.138 - - [07/Oct/2019:12:29:53 -0300] "GET /cormun/servlet/trlicencias? HTTP/1.1" 200 10270
186.67.164.138 - - [07/Oct/2019:12:29:55 -0300] "GET /cormun/servlet/trlicencias? HTTP/1.1" 200 10267
186.103.159.186 - - [07/Oct/2019:12:30:02 -0300] "POST /cormun/servlet/solicitudotadjuntos?e5a777be0f1e7a6396b5a845273e0333,INS,2019,16148,,1, HTTP/1.1" 200 116
186.103.159.186 - - [07/Oct/2019:12:30:02 -0300] "GET /cormun/servlet/hpexe_return? HTTP/1.1" 200 1024
186.103.159.186 - - [07/Oct/2019:12:30:04 -0300] "GET /cormun/servlet/trsolicitudadjuntos?2019,16148, HTTP/1.1" 200 9615
186.103.159.186 - - [07/Oct/2019:12:30:07 -0300] "GET /cormun/servlet/trsolicitudadjuntos?2019,16148, HTTP/1.1" 200 9611
190.171.141.138 - - [07/Oct/2019:12:30:14 -0300] "GET /cormun/servlet/trlicencias? HTTP/1.1" 200 6127
190.171.141.138 - - [07/Oct/2019:12:30:15 -0300] "GET /cormun/servlet/hlogin HTTP/1.1" 200 1733
190.171.141.138 - - [07/Oct/2019:12:30:15 -0300] "GET /cormun/servlet/trlicencias? HTTP/1.1" 200 6126
186.103.159.186 - - [07/Oct/2019:12:30:29 -0300] "POST /cormun/servlet/trsolicitudadjuntos?e5a777be0f1e7a6396b5a845273e0333,2019,16148,,gx-no-cache=1570465111546 HTTP/1.1" 200 90
186.103.159.186 - - [07/Oct/2019:12:30:29 -0300] "GET /cormun/servlet/hpexe_link HTTP/1.1" 200 967
186.103.159.186 - - [07/Oct/2019:12:30:29 -0300] "GET /cormun/servlet/trsolicitudot HTTP/1.1" 200 8677
186.103.159.186 - - [07/Oct/2019:12:30:30 -0300] "GET /cormun/servlet/trsolicitudot HTTP/1.1" 200 8677
186.103.159.186 - - [07/Oct/2019:12:30:53 -0300] "GET /cormun/servlet/solicitudot?INS,0,0, HTTP/1.1" 200 15089
186.103.159.186 - - [07/Oct/2019:12:30:54 -0300] "GET /cormun/servlet/solicitudot?INS,0,0, HTTP/1.1" 200 15093
186.103.159.186 - - [07/Oct/2019:12:31:09 -0300] "POST /cormun/servlet/solicitudot?gx-no-cache=1570465151313 HTTP/1.1" 200 3493
186.103.159.186 - - [07/Oct/2019:12:31:09 -0300] "POST /cormun/servlet/solicitudot?e5a777be0f1e7a6396b5a845273e0333,INS,0,0,,gx-no-cache=1570465151634 HTTP/1.1" 200 11757
186.103.159.186 - - [07/Oct/2019:12:31:13 -0300] "GET /cormun/servlet/solicitudot?75500446deb89855440a56a34497a1c63d89215aa106e907ae072a45e76cc68799d5f2299f62f3d5a4d5b4c319d3e3ad,gx-no-cache=1570465155336 HTTP/1.1" 200 30
186.103.159.186 - - [07/Oct/2019:12:32:29 -0300] "GET /cormun/servlet/solicitudot?75500446deb89855440a56a34497a1c6bc68a15b4ad4563fc46edf93aa96cee05e51099b924c20090f7d35f1266d21a5dc8b608381080f5e90d804f1839454f7,gx-no-cache=1570465231841 HTTP/1.1" 200 30
186.103.159.186 - - [07/Oct/2019:12:32:29 -0300] "GET /cormun/servlet/solicitudot?75500446deb89855440a56a34497a1c6c7ee186567f4919c4982cbe56eb2a3d0,gx-no-cache=1570465231955 HTTP/1.1" 200 29
186.103.159.186 - - [07/Oct/2019:12:32:32 -0300] "POST /cormun/servlet/solicitudot?gx-no-cache=1570465234602 HTTP/1.1" 200 240
186.103.159.186 - - [07/Oct/2019:12:32:35 -0300] "GET /cormun/servlet/solicitudot?75500446deb89855440a56a34497a1c6d5613fd98e03950d9468178aba901090c53b7de24a0c05c370ee9a58e413a7ff52361aa92d9bc00defad648dd431b9ce77eac9d26ff6baa2df8d4d855ac6e3dfebb26b07b0c9d42f96b90624b44bb57a8dafbf32369240097c671ade12c3842e65537ccfad77191523168b5c2f89f16922b73891a88d990c603935a597fb5bc3e16f870d918e7a3cd09b95a76ddfd2f6588d9ab023215fe9fd6079ebcb5beb076eebc8881790c44e64ec0966dd94aafb6306dcde0d554a5207d35dd51e23497b8b0b5d8a18db5657d84d6c1f6d370a435309fa1a761cf2dc6a3ac0d5e6dbd78dc27bc4cc9fdf2abf7fd72b3b27ed2d05c5118b5cd599475e74e57ee1a52796c019ef7c88a40a1c7916bb99458cf533ae49a1dea01f05e29b23f54bddbdd9b3a1372db4c9a8985149ee19c1235c1aad6620366919da611d882cd4fcdc17dc72f99913811cd72923772bfeafc5de9d6df16eedff049ea31982a80d0a23f2c236dafab3475c6d81c8a2b39e125b78fa7928,gx-no-cache=1570465237408 HTTP/1.1" 200 30
186.103.159.186 - - [07/Oct/2019:12:32:38 -0300] "POST /cormun/servlet/solicitudot?gx-no-cache=1570465241111 HTTP/1.1" 200 30
186.103.159.186 - - [07/Oct/2019:12:32:42 -0300] "GET /cormun/servlet/prsolicitudot?26965560,,,,,MD,,gxPopupLevel%3D0%3B HTTP/1.1" 200 5948
186.103.159.186 - - [07/Oct/2019:12:32:42 -0300] "GET /cormun/static/gxcfg.js?2017111422591492 HTTP/1.1" 200 953
186.103.159.186 - - [07/Oct/2019:12:32:42 -0300] "GET /cormun/static/prsolicitudot.js?2017111422591715 HTTP/1.1" 200 13680
186.103.159.186 - - [07/Oct/2019:12:32:45 -0300] "POST /cormun/servlet/solicitudot?gx-no-cache=1570465247231 HTTP/1.1" 200 1439
186.103.159.186 - - [07/Oct/2019:12:32:45 -0300] "GET /cormun/static/Shared/jqueryui/images/ui-bg_highlight-soft_100_c6c2c8_1x100.png HTTP/1.1" 404 1117
186.103.159.186 - - [07/Oct/2019:12:32:45 -0300] "GET /cormun/static/Shared/jqueryui/images/ui-icons_82798d_256x240.png HTTP/1.1" 404 1089
186.103.159.186 - - [07/Oct/2019:12:32:45 -0300] "GET /cormun/static/Shared/jqueryui/images/ui-bg_flat_55_994d53_40x100.png HTTP/1.1" 404 1097
186.103.159.186 - - [07/Oct/2019:12:32:45 -0300] "GET /cormun/static/Shared/jqueryui/images/ui-icons_ebccce_256x240.png HTTP/1.1" 404 1089
186.103.159.186 - - [07/Oct/2019:12:32:45 -0300] "POST /cormun/servlet/solicitudot?gx-no-cache=1570465247711 HTTP/1.1" 200 117
186.103.159.186 - - [07/Oct/2019:12:32:45 -0300] "GET /cormun/servlet/solicitudot?75500446deb89855440a56a34497a1c67ad3f6e4ab31939708d0b30c052cb939ec967c4a2d7ab9e4cb38e6f6840ac21d5d5fe73307106c922e23f2ef0616ca2915c1477e461203bfca6cca8a5a872b999b74b364e875db812ae35ff8e83298b0793c6ca41206e481a911f3916c261a2f,gx-no-cache=1570465247783 HTTP/1.1" 200 110
186.103.159.186 - - [07/Oct/2019:12:32:45 -0300] "POST /cormun/servlet/solicitudot?gx-no-cache=1570465247838 HTTP/1.1" 200 64
186.103.159.186 - - [07/Oct/2019:12:32:45 -0300] "GET /cormun/servlet/solicitudot?75500446deb89855440a56a34497a1c6bc08a22ddd32dcbaa5c9f3276f1bf41e196be2d1f84a454f861d4f8c931d2065e2e54ffef34debe2b91a8178eb8e102fb3fd2e5fa4cb5f8c18f7abad3a6cf198ccaf96afe63fed4ff07a3595ed358194121ceb766a1380dbc1b8f84476e1dec9,gx-no-cache=1570465247931 HTTP/1.1" 200 29
186.103.159.186 - - [07/Oct/2019:12:32:45 -0300] "GET /cormun/servlet/solicitudot?75500446deb89855440a56a34497a1c602b467e83f5e18f460c501215e6a4355f181121167c75d1de8c37fd2e37cbc48,gx-no-cache=1570465247984 HTTP/1.1" 200 30
186.103.159.186 - - [07/Oct/2019:12:32:50 -0300] "GET /cormun/servlet/prfichaempleado?,MD,,gxPopupLevel%3D0%3B HTTP/1.1" 200 9319
186.103.159.186 - - [07/Oct/2019:12:33:02 -0300] "POST /cormun/servlet/prfichaempleado?e5a777be0f1e7a6396b5a845273e0333,,MD,,gxPopupLevel%3D0%3B,gx-no-cache=1570465264326 HTTP/1.1" 200 3415
186.103.159.186 - - [07/Oct/2019:12:33:05 -0300] "GET /cormun/servlet/prlicenciaspermisos?15525744,L,,MD,,gxPopupLevel%3D0%3B HTTP/1.1" 200 5648
186.103.159.186 - - [07/Oct/2019:12:33:07 -0300] "POST /cormun/servlet/solicitudot?gx-no-cache=1570465270030 HTTP/1.1" 200 1361
186.103.159.186 - - [07/Oct/2019:12:33:10 -0300] "POST /cormun/servlet/solicitudot?gx-no-cache=1570465273195 HTTP/1.1" 200 41
186.103.159.186 - - [07/Oct/2019:12:33:19 -0300] "GET /cormun/servlet/solicitudot?75500446deb89855440a56a34497a1c67ad3f6e4ab31939708d0b30c052cb939ec967c4a2d7ab9e4cb38e6f6840ac21d5d5fe73307106c922e23f2ef0616ca2915c1477e461203bfca6cca8a5a872b999b74b364e875db812ae35ff8e83298b0793c6ca41206e481a911f3916c261a2f,gx-no-cache=1570465282081 HTTP/1.1" 200 110
186.103.159.186 - - [07/Oct/2019:12:33:19 -0300] "POST /cormun/servlet/solicitudot?gx-no-cache=1570465282162 HTTP/1.1" 200 97
186.103.159.186 - - [07/Oct/2019:12:33:33 -0300] "POST /cormun/servlet/solicitudot?gx-no-cache=1570465296047 HTTP/1.1" 200 257
186.103.159.186 - - [07/Oct/2019:12:33:36 -0300] "GET /cormun/servlet/solicitudot?75500446deb89855440a56a34497a1c6d5613fd98e03950d9468178aba9010905e4e08f4594921d1b24aee293a02ea1052361aa92d9bc00defad648dd431b9ce77eac9d26ff6baa2df8d4d855ac6e3dfebb26b07b0c9d42f96b90624b44bb57a8dafbf32369240097c671ade12c3842e65537ccfad77191523168b5c2f89f16922b73891a88d990c603935a597fb5bc3e16f870d918e7a3cd09b95a76ddfd2f6588d9ab023215fe9fd6079ebcb5beb076eebc8881790c44e64ec0966dd94aafb6306dcde0d554a5207d35dd51e23497b8b0b5d8a18db5657d84d6c1f6d370a435309fa1a761cf2dc6a3ac0d5e6dbd78dc27bc4cc9fdf2abf7fd72b3b27ed2d05c5118b5cd599475e74e57ee1a52796c019ef7c88a40a1c7916bb99458cf533ae49a1dea01f05e29b23f54bddbdd9b3a1372db4c9a8985149ee19c1235c1aad6620366919da611d882cd4fcdc17dc72f99913811cd72923772bfeafc5de9d6df16eedff049ea31982a80d0a23f2c236da8ed63655cd8d94b9fe681208362ea5d3,gx-no-cache=1570465298761 HTTP/1.1" 200 30
186.103.159.186 - - [07/Oct/2019:12:33:36 -0300] "POST /cormun/servlet/solicitudot?gx-no-cache=1570465299263 HTTP/1.1" 200 30
186.103.159.186 - - [07/Oct/2019:12:33:37 -0300] "POST /cormun/servlet/solicitudot?gx-no-cache=1570465299415 HTTP/1.1" 200 1363
186.103.159.186 - - [07/Oct/2019:12:33:37 -0300] "POST /cormun/servlet/solicitudot?gx-no-cache=1570465299707 HTTP/1.1" 200 41
186.103.159.186 - - [07/Oct/2019:12:33:37 -0300] "GET /cormun/servlet/solicitudot?75500446deb89855440a56a34497a1c67ad3f6e4ab31939708d0b30c052cb939ec967c4a2d7ab9e4cb38e6f6840ac21d5d5fe73307106c922e23f2ef0616ca2915c1477e461203bfca6cca8a5a872b999b74b364e875db812ae35ff8e83298b0793c6ca41206e481a911f3916c261a2f,gx-no-cache=1570465299891 HTTP/1.1" 200 110
186.103.159.186 - - [07/Oct/2019:12:33:37 -0300] "POST /cormun/servlet/solicitudot?gx-no-cache=1570465300069 HTTP/1.1" 200 72
190.171.141.90 - - [07/Oct/2019:12:33:54 -0300] "GET /cormun/servlet/trsolicitudot? HTTP/1.1" 200 7236
190.171.141.90 - - [07/Oct/2019:12:33:54 -0300] "GET /cormun/static/gxui/gxui-all.css?120300 HTTP/1.1" 200 2179
190.171.141.90 - - [07/Oct/2019:12:33:54 -0300] "GET /cormun/static/calendar-system.css?85620 HTTP/1.1" 200 5572
190.171.141.90 - - [07/Oct/2019:12:33:54 -0300] "GET /cormun/static/gxcfg.js?2017111422585916 HTTP/1.1" 200 953
190.171.141.90 - - [07/Oct/2019:12:33:54 -0300] "GET /cormun/static/trsolicitudot.js?201711142259839 HTTP/1.1" 200 54041
190.171.141.90 - - [07/Oct/2019:12:33:54 -0300] "GET /cormun/static/Resources/Spanish/PXTools.css?1255365 HTTP/1.1" 200 89042
190.171.141.90 - - [07/Oct/2019:12:33:54 -0300] "GET /cormun/static/Shared/ext/resources/css/ext-all.css?215870 HTTP/1.1" 200 416045
190.171.141.90 - - [07/Oct/2019:12:33:55 -0300] "GET /cormun/servlet/trsolicitudot? HTTP/1.1" 200 7237
186.103.159.186 - - [07/Oct/2019:12:33:58 -0300] "POST /cormun/servlet/solicitudot?gx-no-cache=1570465320396 HTTP/1.1" 200 239
186.103.159.186 - - [07/Oct/2019:12:34:01 -0300] "GET /cormun/servlet/solicitudot?75500446deb89855440a56a34497a1c6d5613fd98e03950d9468178aba901090c53b7de24a0c05c370ee9a58e413a7ff52361aa92d9bc00defad648dd431b9ce77eac9d26ff6baa2df8d4d855ac6e3dfebb26b07b0c9d42f96b90624b44bb57a8dafbf32369240097c671ade12c3842e65537ccfad77191523168b5c2f89f16922b73891a88d990c603935a597fb5bc3e16f870d918e7a3cd09b95a76ddfd2f6588d9ab023215fe9fd6079ebcb5beb076eebc8881790c44e64ec0966dd94aafb6306dcde0d554a5207d35dd51e23497b8b0b5d8a18db5657d84d6c1f6d370a435309fa1a761cf2dc6a3ac0d5e6dbd78dc27bc4cc9fdf2abf7fd72b3b27ed2d05c5118b5cd599475e74e57ee1a52796c019ef7c88a40a1c7916bb99458cf533ae49a1dea01f05e29b23f54bddbdd9b3a1372db4c9a8985149ee19c1235c1aad6620366919da611d882cd4fcdc17dc72f99913811cd72923772bfeafc5de9d6df16eedff049ea31982a80d0a23f2c236da8ed63655cd8d94b9fe681208362ea5d3,gx-no-cache=1570465323548 HTTP/1.1" 200 30
186.103.159.186 - - [07/Oct/2019:12:34:01 -0300] "POST /cormun/servlet/solicitudot?gx-no-cache=1570465323875 HTTP/1.1" 200 30
186.103.159.186 - - [07/Oct/2019:12:34:01 -0300] "POST /cormun/servlet/solicitudot?gx-no-cache=1570465323902 HTTP/1.1" 200 1363
186.103.159.186 - - [07/Oct/2019:12:34:01 -0300] "POST /cormun/servlet/solicitudot?gx-no-cache=1570465323986 HTTP/1.1" 200 41
186.103.159.186 - - [07/Oct/2019:12:34:01 -0300] "GET /cormun/servlet/solicitudot?75500446deb89855440a56a34497a1c67ad3f6e4ab31939708d0b30c052cb939ec967c4a2d7ab9e4cb38e6f6840ac21d5d5fe73307106c922e23f2ef0616ca2915c1477e461203bfca6cca8a5a872b999b74b364e875db812ae35ff8e83298b0793c6ca41206e481a911f3916c261a2f,gx-no-cache=1570465324008 HTTP/1.1" 200 110
186.103.159.186 - - [07/Oct/2019:12:34:01 -0300] "POST /cormun/servlet/solicitudot?gx-no-cache=1570465324034 HTTP/1.1" 200 67
186.103.159.186 - - [07/Oct/2019:12:34:01 -0300] "POST /cormun/servlet/solicitudot?gx-no-cache=1570465324075 HTTP/1.1" 200 32
190.171.141.90 - - [07/Oct/2019:12:34:03 -0300] "POST /cormun/servlet/trsolicitudot?63af006da5dcebe08a5e583fe41eb95b,,gx-no-cache=1570462117891 HTTP/1.1" 200 9339
190.171.141.90 - - [07/Oct/2019:12:34:03 -0300] "GET /cormun//static/Resources/PXToolsGridDelete.png HTTP/1.1" 200 357
190.171.141.90 - - [07/Oct/2019:12:34:03 -0300] "GET /cormun//static/Resources/PXToolsGridUpdate.png HTTP/1.1" 200 2984
190.171.141.90 - - [07/Oct/2019:12:34:03 -0300] "GET /cormun//static/Resources/PXToolsRemoveAllAction.png HTTP/1.1" 200 3558
190.171.141.90 - - [07/Oct/2019:12:34:03 -0300] "GET /cormun//static/Resources/PXToolsActionView.png HTTP/1.1" 200 2995
190.171.141.90 - - [07/Oct/2019:12:34:10 -0300] "POST /cormun/servlet/trsolicitudot?63af006da5dcebe08a5e583fe41eb95b,,gx-no-cache=1570462125475 HTTP/1.1" 200 6530
186.103.159.186 - - [07/Oct/2019:12:34:29 -0300] "POST /cormun/servlet/solicitudot?e5a777be0f1e7a6396b5a845273e0333,INS,0,0,,gx-no-cache=1570465351961 HTTP/1.1" 200 93
186.103.159.186 - - [07/Oct/2019:12:34:29 -0300] "GET /cormun/servlet/hpexe_return? HTTP/1.1" 200 1004
186.103.159.186 - - [07/Oct/2019:12:34:30 -0300] "GET /cormun/servlet/trsolicitudot HTTP/1.1" 200 9031
186.103.159.186 - - [07/Oct/2019:12:34:30 -0300] "GET /cormun/servlet/trsolicitudot HTTP/1.1" 200 9027
186.103.159.186 - - [07/Oct/2019:12:34:45 -0300] "POST /cormun/servlet/trsolicitudot?e5a777be0f1e7a6396b5a845273e0333,gx-no-cache=1570465368068 HTTP/1.1" 200 106
186.103.159.186 - - [07/Oct/2019:12:34:45 -0300] "GET /cormun/servlet/solicitudot?UPD,2019,16149, HTTP/1.1" 200 15603
186.103.159.186 - - [07/Oct/2019:12:34:46 -0300] "GET /cormun/servlet/solicitudot?UPD,2019,16149, HTTP/1.1" 200 15613
186.103.159.186 - - [07/Oct/2019:12:34:46 -0300] "POST /cormun/servlet/solicitudot?gx-no-cache=1570465369131 HTTP/1.1" 200 3572
186.103.159.186 - - [07/Oct/2019:12:34:47 -0300] "POST /cormun/servlet/solicitudot?e5a777be0f1e7a6396b5a845273e0333,UPD,2019,16149,,gx-no-cache=1570465369279 HTTP/1.1" 200 11898
186.103.159.186 - - [07/Oct/2019:12:34:47 -0300] "GET /cormun/servlet/solicitudot?75500446deb89855440a56a34497a1c63d89215aa106e907ae072a45e76cc687920bf0ac13d0b5c449e84b2b4b6082bf,gx-no-cache=1570465369844 HTTP/1.1" 200 30
186.103.159.186 - - [07/Oct/2019:12:34:47 -0300] "GET /cormun/servlet/solicitudot?75500446deb89855440a56a34497a1c6bc68a15b4ad4563fc46edf93aa96cee05e51099b924c20090f7d35f1266d21a5ab609a62b079c5956edc3b7127aa6966,gx-no-cache=1570465369873 HTTP/1.1" 200 30
186.103.159.186 - - [07/Oct/2019:12:34:47 -0300] "GET /cormun/servlet/solicitudot?75500446deb89855440a56a34497a1c6c7ee186567f4919c4982cbe56eb2a3d0,gx-no-cache=1570465369995 HTTP/1.1" 200 29
186.103.159.186 - - [07/Oct/2019:12:34:47 -0300] "POST /cormun/servlet/solicitudot?gx-no-cache=1570465370034 HTTP/1.1" 200 239
186.103.159.186 - - [07/Oct/2019:12:34:47 -0300] "GET /cormun/servlet/solicitudot?75500446deb89855440a56a34497a1c6d5613fd98e03950d9468178aba901090c53b7de24a0c05c370ee9a58e413a7ff52361aa92d9bc00defad648dd431b9ce77eac9d26ff6baa2df8d4d855ac6e3dfebb26b07b0c9d42f96b90624b44bb57a8dafbf32369240097c671ade12c3842e65537ccfad77191523168b5c2f89f16922b73891a88d990c603935a597fb5bc3e16f870d918e7a3cd09b95a76ddfd2f6588d9ab023215fe9fd6079ebcb5beb076eebc8881790c44e64ec0966dd94aafb6306dcde0d554a5207d35dd51e23497b8b0b5d8a18db5657d84d6c1f6d370a435309fa1a761cf2dc6a3ac0d5e6dbd78dc27bc4cc9fdf2abf7fd72b3b27ed2d05c5118b5cd599475e74e57ee1a52796c019ef7c88a40a1c7916bb99458cf533ae49a1dea01f05e29b23f54bddbdd9b3a1372db4c9a8985149ee19c1235c1aad6620366919da611d882cd4fcdc17dc72f99913811cd72923772bfeafc5de9d6df16eedff049ea31982a80d0a23f2c236da8ed63655cd8d94b9fe681208362ea5d3,gx-no-cache=1570465370128 HTTP/1.1" 200 30
186.103.159.186 - - [07/Oct/2019:12:34:47 -0300] "POST /cormun/servlet/solicitudot?gx-no-cache=1570465370205 HTTP/1.1" 200 30
186.103.159.186 - - [07/Oct/2019:12:34:47 -0300] "POST /cormun/servlet/solicitudot?gx-no-cache=1570465370280 HTTP/1.1" 200 1362
186.103.159.186 - - [07/Oct/2019:12:34:47 -0300] "POST /cormun/servlet/solicitudot?gx-no-cache=1570465370371 HTTP/1.1" 200 41
186.103.159.186 - - [07/Oct/2019:12:34:49 -0300] "GET /cormun/servlet/solicitudot?75500446deb89855440a56a34497a1c67ad3f6e4ab31939708d0b30c052cb939ec967c4a2d7ab9e4cb38e6f6840ac21d5d5fe73307106c922e23f2ef0616ca2915c1477e461203bfca6cca8a5a872b999b74b364e875db812ae35ff8e83298b0793c6ca41206e481a911f3916c261a2f,gx-no-cache=1570465371655 HTTP/1.1" 200 110
190.171.141.90 - - [07/Oct/2019:12:34:50 -0300] "POST /cormun/servlet/trsolicitudot?63af006da5dcebe08a5e583fe41eb95b,,gx-no-cache=1570462165083 HTTP/1.1" 200 6509
190.171.141.90 - - [07/Oct/2019:12:34:52 -0300] "POST /cormun/servlet/trsolicitudot?63af006da5dcebe08a5e583fe41eb95b,,gx-no-cache=1570462167279 HTTP/1.1" 200 6508
186.103.159.186 - - [07/Oct/2019:12:34:53 -0300] "POST /cormun/servlet/solicitudot?gx-no-cache=1570465375072 HTTP/1.1" 200 105
190.171.141.90 - - [07/Oct/2019:12:34:57 -0300] "POST /cormun/servlet/trsolicitudot?63af006da5dcebe08a5e583fe41eb95b,,gx-no-cache=1570462171903 HTTP/1.1" 200 6508
186.103.159.186 - - [07/Oct/2019:12:35:08 -0300] "GET /cormun/servlet/solicitudot?75500446deb89855440a56a34497a1c671b34f9f352add199f322484c138aa4d095078555a461f7197368cc2c86a305a5cc81d6bf7f6451fafb69ac0319c3691551045206f41a2b65aa4661c29e9c85e41359c16a09acc1824a1a055724d7a1e7fbd095fe115fcc5906777feb75e71c3ab6eaca4876d0d049507f2de4a552ab794b260b926a97df1cd14ba23ad82f8df13f052bfdbd091296e103e96037edaabb2c61aa82595917875a433eb083b0f03cf76b6d3d39e62b0005a32bc63c230486597b7c601fddf73df5bfbb5f1270c18,gx-no-cache=1570465390813 HTTP/1.1" 200 30
186.103.159.186 - - [07/Oct/2019:12:36:18 -0300] "POST /cormun/servlet/solicitudot?gx-no-cache=1570465460423 HTTP/1.1" 200 79
183.129.160.229 - - [07/Oct/2019:12:37:01 -0300] "GET / HTTP/1.1" 200 11217
186.103.159.186 - - [07/Oct/2019:12:37:36 -0300] "GET /cormun/servlet/solicitudot?75500446deb89855440a56a34497a1c602b467e83f5e18f460c501215e6a4355b75c718caed6ead73d225075b6368f59,gx-no-cache=1570465538967 HTTP/1.1" 200 30
186.103.159.186 - - [07/Oct/2019:12:37:36 -0300] "POST /cormun/servlet/solicitudot?gx-no-cache=1570465539006 HTTP/1.1" 200 32
186.103.159.186 - - [07/Oct/2019:12:37:36 -0300] "POST /cormun/servlet/solicitudot?e5a777be0f1e7a6396b5a845273e0333,UPD,2019,16149,,gx-no-cache=1570465539067 HTTP/1.1" 200 93
186.103.159.186 - - [07/Oct/2019:12:37:36 -0300] "GET /cormun/servlet/hpexe_return? HTTP/1.1" 200 1012
186.103.159.186 - - [07/Oct/2019:12:37:37 -0300] "GET /cormun/servlet/trsolicitudot HTTP/1.1" 200 9018
186.103.159.186 - - [07/Oct/2019:12:37:37 -0300] "GET /cormun/servlet/trsolicitudot HTTP/1.1" 200 9014
200.111.191.212 - - [07/Oct/2019:12:37:41 -0300] "GET /cormun/servlet/trpermisosgoce? HTTP/1.1" 200 19920
200.111.191.212 - - [07/Oct/2019:12:37:42 -0300] "GET /cormun/servlet/trpermisosgoce? HTTP/1.1" 200 19914
192.168.10.96 - - [07/Oct/2019:12:37:53 -0300] "GET /cormun/servlet/trsolicitudgral? HTTP/1.1" 500 10
192.168.10.96 - - [07/Oct/2019:12:37:56 -0300] "GET /cormun/servlet/trsolicitudgral? HTTP/1.1" 500 10
200.111.191.212 - - [07/Oct/2019:12:37:56 -0300] "GET /cormun/servlet/trpermisosadjuntos?18143626,20191007121817,P, HTTP/1.1" 200 6349
200.111.191.212 - - [07/Oct/2019:12:37:56 -0300] "GET /cormun/servlet/trpermisosadjuntos?18143626,20191007121817,P, HTTP/1.1" 200 6350
200.111.191.212 - - [07/Oct/2019:12:37:58 -0300] "GET /cormun/servlet/permisosadjuntos?INS,18143626,P,20191007121817,, HTTP/1.1" 200 5679
200.111.191.212 - - [07/Oct/2019:12:37:58 -0300] "GET /cormun/static/about:blank HTTP/1.1" 404 1011
200.111.191.212 - - [07/Oct/2019:12:37:58 -0300] "GET /cormun/servlet/permisosadjuntos?INS,18143626,P,20191007121817,, HTTP/1.1" 200 5670
186.103.159.186 - - [07/Oct/2019:12:38:01 -0300] "POST /cormun/servlet/trsolicitudot?e5a777be0f1e7a6396b5a845273e0333,gx-no-cache=1570465563021 HTTP/1.1" 200 5813
186.103.159.186 - - [07/Oct/2019:12:38:01 -0300] "GET /cormun/static/Shared/jqueryui/images/ui-bg_highlight-soft_100_c6c2c8_1x100.png HTTP/1.1" 404 1117
186.103.159.186 - - [07/Oct/2019:12:38:01 -0300] "GET /cormun/static/Shared/jqueryui/images/ui-icons_8d78a5_256x240.png HTTP/1.1" 404 1089
186.103.159.186 - - [07/Oct/2019:12:38:01 -0300] "GET /cormun/static/Shared/jqueryui/images/ui-icons_82798d_256x240.png HTTP/1.1" 404 1089
186.103.159.186 - - [07/Oct/2019:12:38:01 -0300] "GET /cormun/static/Shared/jqueryui/images/ui-bg_flat_55_fafafa_40x100.png HTTP/1.1" 404 1097
192.168.10.96 - - [07/Oct/2019:12:38:01 -0300] "GET /cormun/servlet/vesolicitudgral?2019,16013,,SolicitudOTAdjuntos HTTP/1.1" 200 10132
186.103.159.186 - - [07/Oct/2019:12:38:01 -0300] "POST /cormun/servlet/trsolicitudot?e5a777be0f1e7a6396b5a845273e0333,gx-no-cache=1570465563650 HTTP/1.1" 200 5757
192.168.10.96 - - [07/Oct/2019:12:38:01 -0300] "GET /cormun/servlet/hlogin HTTP/1.1" 200 1754
192.168.10.96 - - [07/Oct/2019:12:38:01 -0300] "GET /cormun/static/Resources/ComunLogin.png HTTP/1.1" 200 17326
186.103.159.186 - - [07/Oct/2019:12:38:02 -0300] "POST /cormun/servlet/trsolicitudot?e5a777be0f1e7a6396b5a845273e0333,gx-no-cache=1570465564581 HTTP/1.1" 200 5857
192.168.10.96 - - [07/Oct/2019:12:38:02 -0300] "GET /cormun/servlet/vesolicitudgral?2019,16013,,SolicitudOTAdjuntos HTTP/1.1" 200 10153
200.111.191.212 - - [07/Oct/2019:12:38:04 -0300] "POST /cormun/servlet/permisosadjuntos?9a9a86132d071d117cc36f521da90f0d,INS,18143626,P,20191007121817,, HTTP/1.1" 200 116
200.111.191.212 - - [07/Oct/2019:12:38:04 -0300] "GET /cormun/servlet/hpexe_return? HTTP/1.1" 200 1040
200.111.191.212 - - [07/Oct/2019:12:38:04 -0300] "GET /cormun/servlet/trpermisosadjuntos?18143626,20191007121817,P, HTTP/1.1" 200 6812
200.111.191.212 - - [07/Oct/2019:12:38:04 -0300] "GET /cormun/servlet/trpermisosadjuntos?18143626,20191007121817,P, HTTP/1.1" 200 6808
192.168.10.96 - - [07/Oct/2019:12:38:05 -0300] "POST /cormun/servlet/hlogin?bb4b4599fea85b8627268f455d360f02,gx-no-cache=1570465854849 HTTP/1.1" 200 90
192.168.10.96 - - [07/Oct/2019:12:38:05 -0300] "GET /cormun/servlet/hpexe_link HTTP/1.1" 200 977
192.168.10.96 - - [07/Oct/2019:12:38:05 -0300] "GET /cormun/servlet/vesolicitudgral?2019,16013,,SolicitudOTAdjuntos HTTP/1.1" 200 11490
192.168.10.96 - - [07/Oct/2019:12:38:06 -0300] "GET /cormun/pexe_scrolldiv.js HTTP/1.1" 404 1009
192.168.10.96 - - [07/Oct/2019:12:38:06 -0300] "GET /cormun/static/Resources/PXToolsGridFirstDisabled.gif HTTP/1.1" 200 100
192.168.10.96 - - [07/Oct/2019:12:38:07 -0300] "GET /cormun/servlet/vesolicitudgral?2019,16013,,SolicitudOTAdjuntos HTTP/1.1" 200 11502
186.103.159.186 - - [07/Oct/2019:12:38:07 -0300] "GET /cormun/servlet/hlogin HTTP/1.1" 200 1718
192.168.10.96 - - [07/Oct/2019:12:38:07 -0300] "POST /cormun/servlet/acontrolpreferencessavestate?None,DZAMUDIO,true HTTP/1.1" 200 35
192.168.10.96 - - [07/Oct/2019:12:38:08 -0300] "GET /cormun/servlet/trsolicitudgral? HTTP/1.1" 200 20611
192.168.10.96 - - [07/Oct/2019:12:38:09 -0300] "GET /cormun/servlet/trsolicitudgral? HTTP/1.1" 200 20601
200.111.191.212 - - [07/Oct/2019:12:38:10 -0300] "GET /cormun/servlet/trpermisosgoce? HTTP/1.1" 200 19931
200.111.191.212 - - [07/Oct/2019:12:38:10 -0300] "GET /cormun/servlet/trpermisosgoce? HTTP/1.1" 200 19920
192.168.10.96 - - [07/Oct/2019:12:38:11 -0300] "POST /cormun/servlet/trsolicitudgral?bb4b4599fea85b8627268f455d360f02,,gx-no-cache=1570465860759 HTTP/1.1" 200 17398
192.168.10.96 - - [07/Oct/2019:12:38:11 -0300] "POST /cormun/servlet/trsolicitudgral?bb4b4599fea85b8627268f455d360f02,,gx-no-cache=1570465861284 HTTP/1.1" 200 17397
192.168.10.96 - - [07/Oct/2019:12:38:12 -0300] "POST /cormun/servlet/trsolicitudgral?bb4b4599fea85b8627268f455d360f02,,gx-no-cache=1570465861890 HTTP/1.1" 200 17397
200.111.191.212 - - [07/Oct/2019:12:38:14 -0300] "POST /cormun/servlet/trpermisosgoce?9a9a86132d071d117cc36f521da90f0d,,gx-no-cache=1570462572385 HTTP/1.1" 200 17009
200.111.191.212 - - [07/Oct/2019:12:38:14 -0300] "GET /cormun/static/Shared/jqueryui/images/ui-bg_highlight-soft_100_c6c2c8_1x100.png HTTP/1.1" 404 1117
200.111.191.212 - - [07/Oct/2019:12:38:14 -0300] "GET /cormun/static/Shared/jqueryui/images/ui-icons_82798d_256x240.png HTTP/1.1" 404 1089
200.111.191.212 - - [07/Oct/2019:12:38:14 -0300] "GET /cormun/static/Shared/jqueryui/images/ui-bg_flat_55_fafafa_40x100.png HTTP/1.1" 404 1097
200.111.191.212 - - [07/Oct/2019:12:38:14 -0300] "GET /cormun/static/Shared/jqueryui/images/ui-icons_8d78a5_256x240.png HTTP/1.1" 404 1089
186.103.159.186 - - [07/Oct/2019:12:38:16 -0300] "POST /cormun/servlet/hlogin?e5a777be0f1e7a6396b5a845273e0333,gx-no-cache=1570465578687 HTTP/1.1" 200 90
186.103.159.186 - - [07/Oct/2019:12:38:16 -0300] "GET /cormun/servlet/hpexe_link HTTP/1.1" 200 949
186.103.159.186 - - [07/Oct/2019:12:38:16 -0300] "GET /cormun/servlet/hhome HTTP/1.1" 200 4214
186.103.159.186 - - [07/Oct/2019:12:38:16 -0300] "GET /cormun/servlet/hhome HTTP/1.1" 200 4210
200.111.191.212 - - [07/Oct/2019:12:38:17 -0300] "GET /cormun/servlet/trpermisosadjuntos?10637809,20191007124726,P, HTTP/1.1" 200 6346
200.111.191.212 - - [07/Oct/2019:12:38:17 -0300] "GET /cormun/servlet/trpermisosadjuntos?10637809,20191007124726,P, HTTP/1.1" 200 6346
200.111.191.212 - - [07/Oct/2019:12:38:19 -0300] "GET /cormun/servlet/permisosadjuntos?INS,10637809,P,20191007124726,, HTTP/1.1" 200 5675
200.111.191.212 - - [07/Oct/2019:12:38:19 -0300] "GET /cormun/static/about:blank HTTP/1.1" 404 1011
200.111.191.212 - - [07/Oct/2019:12:38:19 -0300] "GET /cormun/servlet/permisosadjuntos?INS,10637809,P,20191007124726,, HTTP/1.1" 200 5665
186.103.159.186 - - [07/Oct/2019:12:38:20 -0300] "GET /cormun/servlet/trautorizarsolicitud? HTTP/1.1" 200 8762
186.103.159.186 - - [07/Oct/2019:12:38:20 -0300] "GET /cormun/static/gxcfg.js?2017111423403364 HTTP/1.1" 200 953
186.103.159.186 - - [07/Oct/2019:12:38:20 -0300] "GET /cormun/static/trautorizarsolicitud.js?201711142340425 HTTP/1.1" 200 53910
186.103.159.186 - - [07/Oct/2019:12:38:20 -0300] "GET /cormun/servlet/trautorizarsolicitud? HTTP/1.1" 200 8759
200.111.191.212 - - [07/Oct/2019:12:38:24 -0300] "POST /cormun/servlet/permisosadjuntos?9a9a86132d071d117cc36f521da90f0d,INS,10637809,P,20191007124726,, HTTP/1.1" 200 116
200.111.191.212 - - [07/Oct/2019:12:38:24 -0300] "GET /cormun/servlet/hpexe_return? HTTP/1.1" 200 1041
200.111.191.212 - - [07/Oct/2019:12:38:24 -0300] "GET /cormun/servlet/trpermisosadjuntos?10637809,20191007124726,P, HTTP/1.1" 200 6807
200.111.191.212 - - [07/Oct/2019:12:38:24 -0300] "GET /cormun/servlet/trpermisosadjuntos?10637809,20191007124726,P, HTTP/1.1" 200 6803
200.111.191.212 - - [07/Oct/2019:12:38:26 -0300] "GET /cormun/servlet/trpermisosgoce? HTTP/1.1" 200 19879
200.111.191.212 - - [07/Oct/2019:12:38:27 -0300] "GET /cormun/servlet/trpermisosgoce? HTTP/1.1" 200 19865
200.111.191.212 - - [07/Oct/2019:12:38:29 -0300] "POST /cormun/servlet/trpermisosgoce?9a9a86132d071d117cc36f521da90f0d,,gx-no-cache=1570462587471 HTTP/1.1" 200 16998
200.111.191.212 - - [07/Oct/2019:12:38:31 -0300] "GET /cormun/servlet/trpermisosadjuntos?11364484,20191002085625,P, HTTP/1.1" 200 6346
200.111.191.212 - - [07/Oct/2019:12:38:31 -0300] "GET /cormun/servlet/trpermisosadjuntos?11364484,20191002085625,P, HTTP/1.1" 200 6346
192.168.10.96 - - [07/Oct/2019:12:38:32 -0300] "POST /cormun/servlet/trsolicitudgral?bb4b4599fea85b8627268f455d360f02,,gx-no-cache=1570465882169 HTTP/1.1" 200 8597
200.111.191.212 - - [07/Oct/2019:12:38:32 -0300] "GET /cormun/servlet/permisosadjuntos?INS,11364484,P,20191002085625,, HTTP/1.1" 200 5678
200.111.191.212 - - [07/Oct/2019:12:38:32 -0300] "GET /cormun/static/about:blank HTTP/1.1" 404 1011
200.111.191.212 - - [07/Oct/2019:12:38:33 -0300] "GET /cormun/servlet/permisosadjuntos?INS,11364484,P,20191002085625,, HTTP/1.1" 200 5668
192.168.10.96 - - [07/Oct/2019:12:38:33 -0300] "POST /cormun/servlet/trsolicitudgral?bb4b4599fea85b8627268f455d360f02,,gx-no-cache=1570465882629 HTTP/1.1" 200 8597
200.111.191.212 - - [07/Oct/2019:12:38:39 -0300] "POST /cormun/servlet/permisosadjuntos?9a9a86132d071d117cc36f521da90f0d,INS,11364484,P,20191002085625,, HTTP/1.1" 200 116
200.111.191.212 - - [07/Oct/2019:12:38:39 -0300] "GET /cormun/servlet/hpexe_return? HTTP/1.1" 200 1041
200.111.191.212 - - [07/Oct/2019:12:38:39 -0300] "GET /cormun/servlet/trpermisosadjuntos?11364484,20191002085625,P, HTTP/1.1" 200 6811
200.111.191.212 - - [07/Oct/2019:12:38:39 -0300] "GET /cormun/servlet/trpermisosadjuntos?11364484,20191002085625,P, HTTP/1.1" 200 6807
200.111.191.212 - - [07/Oct/2019:12:38:42 -0300] "GET /cormun/servlet/trpermisosgoce? HTTP/1.1" 200 19885
200.111.191.212 - - [07/Oct/2019:12:38:43 -0300] "GET /cormun/servlet/trpermisosgoce? HTTP/1.1" 200 19875
186.103.159.186 - - [07/Oct/2019:12:38:44 -0300] "POST /cormun/servlet/trautorizarsolicitud?e5a777be0f1e7a6396b5a845273e0333,,gx-no-cache=1570465607103 HTTP/1.1" 200 4711
186.103.159.186 - - [07/Oct/2019:12:38:44 -0300] "GET /cormun/static/Shared/jqueryui/images/ui-bg_highlight-soft_100_c6c2c8_1x100.png HTTP/1.1" 404 1117
186.103.159.186 - - [07/Oct/2019:12:38:44 -0300] "GET /cormun/static/Shared/jqueryui/images/ui-icons_82798d_256x240.png HTTP/1.1" 404 1089
186.103.159.186 - - [07/Oct/2019:12:38:44 -0300] "GET /cormun/static/Shared/jqueryui/images/ui-bg_flat_55_fafafa_40x100.png HTTP/1.1" 404 1097
186.103.159.186 - - [07/Oct/2019:12:38:44 -0300] "GET /cormun/static/Shared/jqueryui/images/ui-icons_8d78a5_256x240.png HTTP/1.1" 404 1089
186.103.159.186 - - [07/Oct/2019:12:38:45 -0300] "POST /cormun/servlet/trautorizarsolicitud?e5a777be0f1e7a6396b5a845273e0333,,gx-no-cache=1570465607349 HTTP/1.1" 200 4452
200.111.191.212 - - [07/Oct/2019:12:38:45 -0300] "POST /cormun/servlet/trpermisosgoce?9a9a86132d071d117cc36f521da90f0d,,gx-no-cache=1570462604128 HTTP/1.1" 200 17011
192.168.10.96 - - [07/Oct/2019:12:38:46 -0300] "POST /cormun/servlet/trsolicitudgral?bb4b4599fea85b8627268f455d360f02,,gx-no-cache=1570465896230 HTTP/1.1" 200 17832
192.168.10.96 - - [07/Oct/2019:12:38:47 -0300] "POST /cormun/servlet/trsolicitudgral?bb4b4599fea85b8627268f455d360f02,,gx-no-cache=1570465896784 HTTP/1.1" 200 17833
200.111.191.212 - - [07/Oct/2019:12:38:47 -0300] "GET /cormun/servlet/trpermisosadjuntos?11287416,20191002172856,P, HTTP/1.1" 200 6344
200.111.191.212 - - [07/Oct/2019:12:38:47 -0300] "GET /cormun/servlet/trpermisosadjuntos?11287416,20191002172856,P, HTTP/1.1" 200 6344
192.168.10.96 - - [07/Oct/2019:12:38:48 -0300] "POST /cormun/servlet/trsolicitudgral?bb4b4599fea85b8627268f455d360f02,,gx-no-cache=1570465898199 HTTP/1.1" 200 17832
186.103.159.186 - - [07/Oct/2019:12:38:49 -0300] "GET /cormun/servlet/hlogin HTTP/1.1" 200 1718
200.111.191.212 - - [07/Oct/2019:12:38:49 -0300] "GET /cormun/servlet/permisosadjuntos?INS,11287416,P,20191002172856,, HTTP/1.1" 200 5676
200.111.191.212 - - [07/Oct/2019:12:38:49 -0300] "GET /cormun/static/about:blank HTTP/1.1" 404 1011
200.111.191.212 - - [07/Oct/2019:12:38:49 -0300] "GET /cormun/servlet/permisosadjuntos?INS,11287416,P,20191002172856,, HTTP/1.1" 200 5666
200.111.191.212 - - [07/Oct/2019:12:38:53 -0300] "POST /cormun/servlet/permisosadjuntos?9a9a86132d071d117cc36f521da90f0d,INS,11287416,P,20191002172856,, HTTP/1.1" 200 116
200.111.191.212 - - [07/Oct/2019:12:38:53 -0300] "GET /cormun/servlet/hpexe_return? HTTP/1.1" 200 1041
200.111.191.212 - - [07/Oct/2019:12:38:53 -0300] "GET /cormun/servlet/trpermisosadjuntos?11287416,20191002172856,P, HTTP/1.1" 200 6810
200.111.191.212 - - [07/Oct/2019:12:38:54 -0300] "GET /cormun/servlet/trpermisosadjuntos?11287416,20191002172856,P, HTTP/1.1" 200 6804
200.111.191.212 - - [07/Oct/2019:12:38:55 -0300] "GET /cormun/servlet/trpermisosgoce? HTTP/1.1" 200 19874
200.111.191.212 - - [07/Oct/2019:12:38:56 -0300] "GET /cormun/servlet/trpermisosgoce? HTTP/1.1" 200 19865
192.168.10.96 - - [07/Oct/2019:12:38:56 -0300] "POST /cormun/servlet/trsolicitudgral?bb4b4599fea85b8627268f455d360f02,,gx-no-cache=1570465905855 HTTP/1.1" 200 8598
192.168.10.96 - - [07/Oct/2019:12:38:57 -0300] "POST /cormun/servlet/trsolicitudgral?bb4b4599fea85b8627268f455d360f02,,gx-no-cache=1570465906772 HTTP/1.1" 200 8598
186.103.159.186 - - [07/Oct/2019:12:38:57 -0300] "POST /cormun/servlet/hlogin?e5a777be0f1e7a6396b5a845273e0333,gx-no-cache=1570465619695 HTTP/1.1" 200 90
186.103.159.186 - - [07/Oct/2019:12:38:57 -0300] "GET /cormun/servlet/hpexe_link HTTP/1.1" 200 949
186.103.159.186 - - [07/Oct/2019:12:38:57 -0300] "GET /cormun/servlet/hhome HTTP/1.1" 200 4028
192.168.10.96 - - [07/Oct/2019:12:38:57 -0300] "POST /cormun/servlet/trsolicitudgral?bb4b4599fea85b8627268f455d360f02,,gx-no-cache=1570465907014 HTTP/1.1" 200 8597
186.103.159.186 - - [07/Oct/2019:12:38:57 -0300] "GET /cormun/servlet/hhome HTTP/1.1" 200 4027
192.168.10.96 - - [07/Oct/2019:12:38:57 -0300] "POST /cormun/servlet/trsolicitudgral?bb4b4599fea85b8627268f455d360f02,,gx-no-cache=1570465907268 HTTP/1.1" 200 8597
200.111.191.212 - - [07/Oct/2019:12:38:58 -0300] "POST /cormun/servlet/trpermisosgoce?9a9a86132d071d117cc36f521da90f0d,,gx-no-cache=1570462616092 HTTP/1.1" 200 16996
200.111.191.212 - - [07/Oct/2019:12:38:59 -0300] "GET /cormun/servlet/trpermisosadjuntos?12692226,20191002172354,P, HTTP/1.1" 200 6351
200.111.191.212 - - [07/Oct/2019:12:38:59 -0300] "GET /cormun/servlet/trpermisosadjuntos?12692226,20191002172354,P, HTTP/1.1" 200 6351
186.103.159.186 - - [07/Oct/2019:12:39:01 -0300] "GET /cormun/servlet/trsolicitudot? HTTP/1.1" 200 8679
200.111.191.212 - - [07/Oct/2019:12:39:01 -0300] "GET /cormun/servlet/permisosadjuntos?INS,12692226,P,20191002172354,, HTTP/1.1" 200 5679
200.111.191.212 - - [07/Oct/2019:12:39:01 -0300] "GET /cormun/static/about:blank HTTP/1.1" 404 1011
200.111.191.212 - - [07/Oct/2019:12:39:01 -0300] "GET /cormun/servlet/permisosadjuntos?INS,12692226,P,20191002172354,, HTTP/1.1" 200 5669
186.103.159.186 - - [07/Oct/2019:12:39:01 -0300] "GET /cormun/servlet/trsolicitudot? HTTP/1.1" 200 8677
200.111.191.212 - - [07/Oct/2019:12:39:06 -0300] "POST /cormun/servlet/permisosadjuntos?9a9a86132d071d117cc36f521da90f0d,INS,12692226,P,20191002172354,, HTTP/1.1" 200 116
200.111.191.212 - - [07/Oct/2019:12:39:06 -0300] "GET /cormun/servlet/hpexe_return? HTTP/1.1" 200 1041
200.111.191.212 - - [07/Oct/2019:12:39:06 -0300] "GET /cormun/servlet/trpermisosadjuntos?12692226,20191002172354,P, HTTP/1.1" 200 6815
186.103.159.186 - - [07/Oct/2019:12:39:06 -0300] "POST /cormun/servlet/trsolicitudot?e5a777be0f1e7a6396b5a845273e0333,,gx-no-cache=1570465628951 HTTP/1.1" 200 5855
186.103.159.186 - - [07/Oct/2019:12:39:06 -0300] "GET /cormun/static/Shared/jqueryui/images/ui-bg_highlight-soft_100_c6c2c8_1x100.png HTTP/1.1" 404 1117
186.103.159.186 - - [07/Oct/2019:12:39:06 -0300] "GET /cormun/static/Shared/jqueryui/images/ui-icons_82798d_256x240.png HTTP/1.1" 404 1089
186.103.159.186 - - [07/Oct/2019:12:39:06 -0300] "GET /cormun/static/Shared/jqueryui/images/ui-bg_flat_55_fafafa_40x100.png HTTP/1.1" 404 1097
186.103.159.186 - - [07/Oct/2019:12:39:06 -0300] "GET /cormun/static/Shared/jqueryui/images/ui-icons_8d78a5_256x240.png HTTP/1.1" 404 1089
200.111.191.212 - - [07/Oct/2019:12:39:06 -0300] "GET /cormun/servlet/trpermisosadjuntos?12692226,20191002172354,P, HTTP/1.1" 200 6813
192.168.10.96 - - [07/Oct/2019:12:39:07 -0300] "POST /cormun/servlet/trsolicitudgral?bb4b4599fea85b8627268f455d360f02,,gx-no-cache=1570465917262 HTTP/1.1" 200 8598
